INSERT INTO `balance_libro_details` VALUES (3411,7851,1323,40719,21,21,396,1,251.65,NULL,'2023-04-14 00:10:02','2023-04-14 00:10:35','2023-04-14 00:10:35'),(3412,7851,1323,40719,21,21,396,1,1198.34,NULL,'2023-04-14 00:10:02','2023-04-14 00:10:35','2023-04-14 00:10:35'),(3413,7851,1324,40719,21,21,482,2,1198.34,NULL,'2023-04-14 00:10:35','2023-04-14 00:11:55','2023-04-14 00:11:55'),(3414,7851,1324,40719,21,21,396,1,1198.34,NULL,'2023-04-14 00:10:35','2023-04-14 00:11:55','2023-04-14 00:11:55'),(3415,7851,1325,40719,21,21,482,2,251.65,NULL,'2023-04-14 00:11:45','2023-04-14 00:12:04','2023-04-14 00:12:04'),(3416,7851,1325,40719,21,21,396,1,251.65,NULL,'2023-04-14 00:11:45','2023-04-14 00:12:04','2023-04-14 00:12:04'),(3417,7851,1326,40719,21,21,482,2,1198.34,NULL,'2023-04-14 00:11:55','2023-04-14 00:11:55',NULL),(3418,7851,1326,40719,21,21,396,1,1198.34,NULL,'2023-04-14 00:11:55','2023-04-14 00:11:55',NULL),(3419,7851,1327,40719,21,21,482,2,251.65,NULL,'2023-04-14 00:12:04','2023-04-14 00:12:04',NULL),(3420,7851,1327,40719,21,21,396,1,251.65,NULL,'2023-04-14 00:12:04','2023-04-14 00:12:04',NULL),(3421,7851,1328,40719,21,21,498,1,7888.50,NULL,'2023-04-14 00:15:05','2023-04-14 00:15:05',NULL),(3422,7851,1328,40719,21,21,482,2,7888.50,NULL,'2023-04-14 00:15:05','2023-04-14 00:15:05',NULL),(3423,7851,1329,40719,21,21,498,1,7888.50,NULL,'2023-04-14 00:15:58','2023-04-14 00:15:58',NULL),(3424,7851,1329,40719,21,21,482,2,7888.50,NULL,'2023-04-14 00:15:58','2023-04-14 00:15:58',NULL),(3425,7851,1330,40719,21,21,482,2,1654.00,NULL,'2023-04-14 00:17:32','2023-04-14 00:17:32',NULL),(3426,7851,1330,40719,21,21,498,1,1654.00,NULL,'2023-04-14 00:17:32','2023-04-14 00:17:32',NULL),(3427,7851,1331,40719,21,21,482,2,1654.00,NULL,'2023-04-14 00:18:20','2023-04-14 00:18:20',NULL),(3428,7851,1331,40719,21,21,498,1,1654.00,NULL,'2023-04-14 00:18:20','2023-04-14 00:18:20',NULL),(3429,7851,1332,40719,21,19,497,1,15000.00,NULL,'2023-04-14 00:19:51','2023-04-14 00:19:51',NULL),(3430,7851,1332,40719,21,19,482,2,15000.00,NULL,'2023-04-14 00:19:51','2023-04-14 00:19:51',NULL),(3431,7851,1333,40719,21,21,396,1,585.38,NULL,'2023-04-14 00:21:24','2023-04-14 00:22:33','2023-04-14 00:22:33'),(3432,7851,1333,40719,21,21,482,2,585.38,NULL,'2023-04-14 00:21:24','2023-04-14 00:22:33','2023-04-14 00:22:33'),(3433,7851,1334,40719,21,21,482,2,3310.37,NULL,'2023-04-14 00:22:24','2023-04-14 00:22:24',NULL),(3434,7851,1334,40719,21,21,396,1,3310.37,NULL,'2023-04-14 00:22:24','2023-04-14 00:22:24',NULL),(3435,7851,1335,40719,21,21,396,1,585.38,NULL,'2023-04-14 00:22:33','2023-04-14 00:22:33',NULL),(3436,7851,1335,40719,21,21,482,2,585.38,NULL,'2023-04-14 00:22:33','2023-04-14 00:22:33',NULL),(3437,7851,1336,40719,21,19,482,2,850000.00,NULL,'2023-04-14 00:23:51','2023-04-14 00:23:51',NULL),(3438,7851,1336,40719,21,19,483,1,850000.00,NULL,'2023-04-14 00:23:51','2023-04-14 00:23:51',NULL),(3439,7851,1337,40719,21,19,482,1,850000.00,NULL,'2023-04-14 00:24:44','2023-04-14 00:24:44',NULL),(3440,7851,1337,40719,21,19,483,2,850000.00,NULL,'2023-04-14 00:24:44','2023-04-14 00:24:44',NULL),(3441,7851,1338,40719,21,19,557,1,700000.00,NULL,'2023-04-14 00:46:13','2023-04-14 00:52:36','2023-04-14 00:52:36'),(3442,7851,1338,40719,21,19,482,2,700000.00,NULL,'2023-04-14 00:46:13','2023-04-14 00:52:36','2023-04-14 00:52:36'),(3443,7851,1339,40719,21,19,557,1,150000.00,NULL,'2023-04-14 00:52:26','2023-04-14 00:52:26',NULL),(3444,7851,1339,40719,21,19,482,2,150000.00,NULL,'2023-04-14 00:52:26','2023-04-14 00:52:26',NULL),(3445,7851,1340,40719,21,19,557,1,700000.00,NULL,'2023-04-14 00:52:36','2023-04-14 00:52:36',NULL),(3446,7851,1340,40719,21,19,482,2,700000.00,NULL,'2023-04-14 00:52:36','2023-04-14 00:52:36',NULL),(3447,7851,1341,40719,21,19,557,2,5567.97,NULL,'2023-04-14 00:58:45','2023-04-14 00:58:45',NULL),(3448,7851,1341,40719,21,19,482,1,5567.97,NULL,'2023-04-14 00:58:45','2023-04-14 00:58:45',NULL),(3449,7851,1342,40719,21,19,482,1,985.62,NULL,'2023-04-14 00:59:19','2023-04-14 00:59:19',NULL);
INSERT INTO `balance_libro_details` VALUES (3450,7851,1342,40719,21,19,557,2,985.62,NULL,'2023-04-14 00:59:19','2023-04-14 00:59:19',NULL),(3451,7851,1343,40719,21,21,482,2,2165.00,NULL,'2023-04-14 01:02:44','2023-04-14 01:04:14','2023-04-14 01:04:14'),(3452,7851,1343,40719,21,21,212,1,2165.00,NULL,'2023-04-14 01:02:44','2023-04-14 01:04:14','2023-04-14 01:04:14'),(3453,7851,1344,40719,21,21,214,1,8996.98,NULL,'2023-04-14 01:03:54','2023-04-14 01:04:06','2023-04-14 01:04:06'),(3454,7851,1344,40719,21,21,482,2,8996.98,NULL,'2023-04-14 01:03:54','2023-04-14 01:04:06','2023-04-14 01:04:06'),(3455,7851,1345,40719,21,21,214,1,8996.98,NULL,'2023-04-14 01:04:06','2023-04-14 01:04:06',NULL),(3456,7851,1345,40719,21,21,482,2,8996.98,NULL,'2023-04-14 01:04:06','2023-04-14 01:04:06',NULL),(3457,7851,1346,40719,21,21,482,2,2165.00,NULL,'2023-04-14 01:04:14','2023-04-14 01:04:14',NULL),(3458,7851,1346,40719,21,21,212,1,2165.00,NULL,'2023-04-14 01:04:14','2023-04-14 01:04:14',NULL),(3459,7851,1347,40719,21,19,497,1,40000.00,NULL,'2023-04-14 01:05:10','2023-04-14 01:05:10',NULL),(3460,7851,1347,40719,21,19,482,2,40000.00,NULL,'2023-04-14 01:05:10','2023-04-14 01:05:10',NULL),(3461,7851,1348,40719,21,19,482,2,49.06,NULL,'2023-04-14 01:08:13','2023-04-14 19:43:05','2023-04-14 19:43:05'),(3462,7851,1348,40719,21,19,558,1,49.06,NULL,'2023-04-14 01:08:13','2023-04-14 19:43:05','2023-04-14 19:43:05'),(3463,7851,1349,40719,21,19,482,1,0.57,NULL,'2023-04-14 01:09:05','2023-04-14 01:09:05',NULL),(3464,7851,1349,40719,21,19,557,2,0.57,NULL,'2023-04-14 01:09:05','2023-04-14 01:09:05',NULL),(3465,7851,1350,40719,21,19,559,1,6000.00,NULL,'2023-04-14 01:14:01','2023-04-14 01:14:01',NULL),(3466,7851,1350,40719,21,19,502,1,4000.00,NULL,'2023-04-14 01:14:01','2023-04-14 01:14:01',NULL),(3467,7851,1350,40719,21,19,482,2,10000.00,NULL,'2023-04-14 01:14:01','2023-04-14 01:14:01',NULL),(3468,7851,1351,40719,21,21,560,1,7370.04,NULL,'2023-04-14 01:18:13','2023-04-14 01:18:13',NULL),(3469,7851,1351,40719,21,21,482,2,7370.04,NULL,'2023-04-14 01:18:13','2023-04-14 01:18:13',NULL),(3470,7851,1352,40719,21,19,489,1,5323.87,NULL,'2023-04-14 01:18:59','2023-04-14 01:18:59',NULL),(3471,7851,1352,40719,21,19,482,2,5323.87,NULL,'2023-04-14 01:18:59','2023-04-14 01:18:59',NULL),(3472,7851,1353,40719,21,19,484,1,30000.00,NULL,'2023-04-14 01:28:07','2023-04-14 01:28:07',NULL),(3473,7851,1353,40719,21,19,483,2,30000.00,NULL,'2023-04-14 01:28:07','2023-04-14 01:28:07',NULL),(3474,7851,1354,40719,21,19,561,1,2185.49,NULL,'2023-04-14 01:31:13','2023-04-14 01:43:13','2023-04-14 01:43:13'),(3475,7851,1354,40719,21,19,558,2,2185.49,NULL,'2023-04-14 01:31:13','2023-04-14 01:43:13','2023-04-14 01:43:13'),(3476,7851,1355,40719,21,19,444,1,2185.43,NULL,'2023-04-14 01:31:51','2023-04-14 01:42:53','2023-04-14 01:42:53'),(3477,7851,1355,40719,21,19,561,2,2185.43,NULL,'2023-04-14 01:31:51','2023-04-14 01:42:53','2023-04-14 01:42:53'),(3478,7851,1356,40719,21,19,557,2,50000.00,NULL,'2023-04-14 01:36:58','2023-04-14 01:37:39','2023-04-14 01:37:39'),(3479,7851,1356,40719,21,19,556,1,50000.00,NULL,'2023-04-14 01:36:58','2023-04-14 01:37:39','2023-04-14 01:37:39'),(3480,7851,1357,40719,21,19,557,1,50000.00,NULL,'2023-04-14 01:37:39','2023-04-14 01:40:00','2023-04-14 01:40:00'),(3481,7851,1357,40719,21,19,556,2,50000.00,NULL,'2023-04-14 01:37:39','2023-04-14 01:40:00','2023-04-14 01:40:00'),(3482,7851,1358,40719,21,19,557,2,50000.00,NULL,'2023-04-14 01:40:00','2023-04-14 19:33:02','2023-04-14 19:33:02'),(3483,7851,1358,40719,21,19,556,1,50000.00,NULL,'2023-04-14 01:40:00','2023-04-14 19:33:02','2023-04-14 19:33:02'),(3484,7851,1359,40719,21,19,444,2,2100.00,NULL,'2023-04-14 01:41:51','2023-04-14 01:41:51',NULL),(3485,7851,1359,40719,21,19,562,1,2100.00,NULL,'2023-04-14 01:41:51','2023-04-14 01:41:51',NULL),(3486,7851,1360,40719,21,19,444,1,2185.49,NULL,'2023-04-14 01:42:53','2023-04-14 01:43:51','2023-04-14 01:43:51'),(3487,7851,1360,40719,21,19,561,2,2185.49,NULL,'2023-04-14 01:42:53','2023-04-14 01:43:51','2023-04-14 01:43:51');
INSERT INTO `balance_libro_details` VALUES (3488,7851,1361,40719,21,19,561,1,2185.49,NULL,'2023-04-14 01:43:13','2023-04-14 01:43:13',NULL),(3489,7851,1361,40719,21,19,558,2,2185.49,NULL,'2023-04-14 01:43:13','2023-04-14 01:43:13',NULL),(3490,7851,1362,40719,21,19,444,1,2185.49,NULL,'2023-04-14 01:43:51','2023-04-14 01:43:51',NULL),(3491,7851,1362,40719,21,19,561,2,2185.49,NULL,'2023-04-14 01:43:51','2023-04-14 01:43:51',NULL),(3492,7851,1363,40719,21,19,136,2,43.99,NULL,'2023-04-14 12:12:16','2023-04-14 19:44:48','2023-04-14 19:44:48'),(3493,7851,1363,40719,21,19,482,1,43.99,NULL,'2023-04-14 12:12:16','2023-04-14 19:44:48','2023-04-14 19:44:48'),(3494,7851,1364,40719,21,19,492,1,22500.00,NULL,'2023-04-14 12:15:11','2023-04-14 12:15:11',NULL),(3495,7851,1364,40719,21,19,483,2,22500.00,NULL,'2023-04-14 12:15:11','2023-04-14 12:15:11',NULL),(3496,7851,1365,40719,21,21,57,1,-1698.84,NULL,'2023-04-14 12:20:19','2023-04-14 12:20:19',NULL),(3497,7851,1365,40719,21,21,552,2,-1698.84,NULL,'2023-04-14 12:20:19','2023-04-14 12:20:19',NULL),(3498,7851,1366,40719,21,3,526,1,2230.00,NULL,'2023-04-14 12:23:30','2023-04-14 12:23:30',NULL),(3499,7851,1366,40719,21,3,68,1,468.30,NULL,'2023-04-14 12:23:30','2023-04-14 12:23:30',NULL),(3500,7851,1366,40719,21,3,57,2,2698.30,NULL,'2023-04-14 12:23:30','2023-04-14 12:23:30',NULL),(3501,7851,1367,40719,21,21,57,1,2698.30,NULL,'2023-04-14 12:24:12','2023-04-14 12:24:12',NULL),(3502,7851,1367,40719,21,21,163,2,2698.30,NULL,'2023-04-14 12:24:12','2023-04-14 12:24:12',NULL),(3503,7851,1368,40719,21,19,136,1,71.37,NULL,'2023-04-14 12:29:22','2023-05-02 19:18:33','2023-05-02 19:18:33'),(3504,7851,1368,40719,21,19,163,2,71.37,NULL,'2023-04-14 12:29:22','2023-05-02 19:18:33','2023-05-02 19:18:33'),(3505,7851,1369,40719,21,21,483,2,3060.00,NULL,'2023-04-14 12:31:02','2023-04-14 12:31:02',NULL),(3506,7851,1369,40719,21,21,519,1,3060.00,NULL,'2023-04-14 12:31:02','2023-04-14 12:31:02',NULL),(3507,7851,1370,40719,21,19,483,2,30000.00,NULL,'2023-04-14 19:26:00','2023-04-14 19:26:16','2023-04-14 19:26:16'),(3508,7851,1370,40719,21,19,163,1,30000.00,NULL,'2023-04-14 19:26:00','2023-04-14 19:26:16','2023-04-14 19:26:16'),(3509,7851,1371,40719,21,19,483,2,30000.00,NULL,'2023-04-14 19:26:16','2023-04-14 19:26:16',NULL),(3510,7851,1371,40719,21,19,163,1,30000.00,NULL,'2023-04-14 19:26:16','2023-04-14 19:26:16',NULL),(3511,7851,1372,40719,21,19,163,1,50000.00,NULL,'2023-04-14 19:30:05','2023-04-14 19:30:44','2023-04-14 19:30:44'),(3512,7851,1372,40719,21,19,482,2,50000.00,NULL,'2023-04-14 19:30:05','2023-04-14 19:30:44','2023-04-14 19:30:44'),(3513,7851,1373,40719,21,19,163,2,50000.00,NULL,'2023-04-14 19:33:02','2023-04-14 19:33:02',NULL),(3514,7851,1373,40719,21,19,482,1,50000.00,NULL,'2023-04-14 19:33:02','2023-04-14 19:33:02',NULL),(3515,7851,1374,40719,21,19,482,2,49.06,NULL,'2023-04-14 19:43:05','2023-04-14 19:43:05',NULL),(3516,7851,1374,40719,21,19,557,1,49.06,NULL,'2023-04-14 19:43:05','2023-04-14 19:43:05',NULL),(3517,7851,1375,40719,21,19,136,1,5.07,NULL,'2023-04-14 19:44:48','2023-04-14 19:48:01','2023-04-14 19:48:01'),(3518,7851,1375,40719,21,19,482,2,5.07,NULL,'2023-04-14 19:44:48','2023-04-14 19:48:01','2023-04-14 19:48:01'),(3519,7851,1376,40719,21,19,136,2,5.07,NULL,'2023-04-14 19:48:01','2023-04-14 19:48:39','2023-04-14 19:48:39'),(3520,7851,1376,40719,21,19,482,1,5.07,NULL,'2023-04-14 19:48:01','2023-04-14 19:48:39','2023-04-14 19:48:39'),(3521,7851,1377,40719,21,19,136,1,5.07,NULL,'2023-04-14 19:48:39','2023-04-14 19:50:09','2023-04-14 19:50:09'),(3522,7851,1377,40719,21,19,482,2,5.07,NULL,'2023-04-14 19:48:39','2023-04-14 19:50:09','2023-04-14 19:50:09'),(3523,7851,1378,40719,21,19,136,2,25.07,NULL,'2023-04-14 19:50:09','2023-04-14 19:50:45','2023-04-14 19:50:45'),(3524,7851,1378,40719,21,19,482,1,25.07,NULL,'2023-04-14 19:50:09','2023-04-14 19:50:45','2023-04-14 19:50:45'),(3525,7851,1379,40719,21,19,136,2,44.07,NULL,'2023-04-14 19:50:45','2023-04-14 19:51:25','2023-04-14 19:51:25');
INSERT INTO `balance_libro_details` VALUES (3526,7851,1379,40719,21,19,482,1,44.07,NULL,'2023-04-14 19:50:45','2023-04-14 19:51:25','2023-04-14 19:51:25'),(3527,7851,1380,40719,21,19,136,2,44.00,NULL,'2023-04-14 19:51:25','2023-04-14 19:51:47','2023-04-14 19:51:47'),(3528,7851,1380,40719,21,19,482,1,44.00,NULL,'2023-04-14 19:51:25','2023-04-14 19:51:47','2023-04-14 19:51:47'),(3529,7851,1381,40719,21,19,136,2,43.99,NULL,'2023-04-14 19:51:47','2023-04-14 19:52:13','2023-04-14 19:52:13'),(3530,7851,1381,40719,21,19,482,1,43.99,NULL,'2023-04-14 19:51:47','2023-04-14 19:52:13','2023-04-14 19:52:13'),(3531,7851,1382,40719,21,19,136,2,43.99,NULL,'2023-04-14 19:52:13','2023-04-14 19:52:13',NULL),(3532,7851,1382,40719,21,19,482,1,43.99,NULL,'2023-04-14 19:52:13','2023-04-14 19:52:13',NULL),(3533,7851,1383,40719,21,3,120,1,1435.07,NULL,'2023-04-21 17:37:12','2023-04-21 17:37:12',NULL),(3534,7851,1383,40719,21,3,68,1,387.47,NULL,'2023-04-21 17:37:12','2023-04-21 17:37:12',NULL),(3535,7851,1383,40719,21,3,57,2,1822.54,NULL,'2023-04-21 17:37:12','2023-04-21 17:37:12',NULL),(3536,7851,1384,40719,21,3,120,1,13830.54,NULL,'2023-04-21 17:39:30','2023-04-21 17:39:30',NULL),(3537,7851,1384,40719,21,3,68,1,3734.25,NULL,'2023-04-21 17:39:30','2023-04-21 17:39:30',NULL),(3538,7851,1384,40719,21,3,120,1,689.00,NULL,'2023-04-21 17:39:30','2023-04-21 17:39:30',NULL),(3539,7851,1384,40719,21,3,68,1,144.69,NULL,'2023-04-21 17:39:30','2023-04-21 17:39:30',NULL),(3540,7851,1384,40719,21,3,221,1,702.15,NULL,'2023-04-21 17:39:30','2023-04-21 17:39:30',NULL),(3541,7851,1384,40719,21,3,237,1,435.59,NULL,'2023-04-21 17:39:30','2023-04-21 17:39:30',NULL),(3542,7851,1384,40719,21,3,57,2,19536.22,NULL,'2023-04-21 17:39:30','2023-04-21 17:39:30',NULL),(3543,7851,1385,40719,21,3,507,1,5515.21,NULL,'2023-04-21 17:41:04','2023-04-21 17:50:55','2023-04-21 17:50:55'),(3544,7851,1385,40719,21,3,68,1,1158.19,NULL,'2023-04-21 17:41:04','2023-04-21 17:50:55','2023-04-21 17:50:55'),(3545,7851,1385,40719,21,3,507,1,818.79,NULL,'2023-04-21 17:41:04','2023-04-21 17:50:55','2023-04-21 17:50:55'),(3546,7851,1385,40719,21,3,57,2,7492.19,NULL,'2023-04-21 17:41:04','2023-04-21 17:50:55','2023-04-21 17:50:55'),(3547,7851,1386,40719,21,3,520,1,15303.15,NULL,'2023-04-21 17:42:10','2023-04-21 17:42:10',NULL),(3548,7851,1386,40719,21,3,68,1,3213.66,NULL,'2023-04-21 17:42:10','2023-04-21 17:42:10',NULL),(3549,7851,1386,40719,21,3,221,1,1483.19,NULL,'2023-04-21 17:42:10','2023-04-21 17:42:10',NULL),(3550,7851,1386,40719,21,3,57,2,20000.00,NULL,'2023-04-21 17:42:10','2023-04-21 17:42:10',NULL),(3551,7851,1387,40719,21,3,520,1,14473.39,NULL,'2023-04-21 17:49:13','2023-04-21 17:49:13',NULL),(3552,7851,1387,40719,21,3,68,1,3039.41,NULL,'2023-04-21 17:49:13','2023-04-21 17:49:13',NULL),(3553,7851,1387,40719,21,3,221,1,1487.20,NULL,'2023-04-21 17:49:13','2023-04-21 17:49:13',NULL),(3554,7851,1387,40719,21,3,57,2,19000.00,NULL,'2023-04-21 17:49:13','2023-04-21 17:49:13',NULL),(3555,7851,1388,40719,21,3,520,1,18286.75,NULL,'2023-04-21 17:49:55','2023-04-21 17:49:55',NULL),(3556,7851,1388,40719,21,3,68,1,3840.22,NULL,'2023-04-21 17:49:55','2023-04-21 17:49:55',NULL),(3557,7851,1388,40719,21,3,221,1,1879.04,NULL,'2023-04-21 17:49:55','2023-04-21 17:49:55',NULL),(3558,7851,1388,40719,21,3,57,2,24006.01,NULL,'2023-04-21 17:49:55','2023-04-21 17:49:55',NULL),(3559,7851,1389,40719,21,3,520,1,9742.97,NULL,'2023-04-21 17:50:31','2023-04-21 17:50:31',NULL),(3560,7851,1389,40719,21,3,68,1,2046.02,NULL,'2023-04-21 17:50:31','2023-04-21 17:50:31',NULL),(3561,7851,1389,40719,21,3,221,1,711.00,NULL,'2023-04-21 17:50:31','2023-04-21 17:50:31',NULL),(3562,7851,1389,40719,21,3,57,2,12499.99,NULL,'2023-04-21 17:50:31','2023-04-21 17:50:31',NULL),(3563,7851,1390,40719,21,3,507,1,5515.21,NULL,'2023-04-21 17:50:55','2023-04-21 17:50:55',NULL),(3564,7851,1390,40719,21,3,68,1,1158.19,NULL,'2023-04-21 17:50:55','2023-04-21 17:50:55',NULL),(3565,7851,1390,40719,21,3,507,1,818.79,NULL,'2023-04-21 17:50:55','2023-04-21 17:50:55',NULL);
INSERT INTO `balance_libro_details` VALUES (3566,7851,1390,40719,21,3,57,2,7492.19,NULL,'2023-04-21 17:50:55','2023-04-21 17:50:55',NULL),(3567,7851,1391,40719,21,3,554,1,5318.04,NULL,'2023-04-21 17:52:12','2023-04-21 17:52:12',NULL),(3568,7851,1391,40719,21,3,68,1,1116.79,NULL,'2023-04-21 17:52:12','2023-04-21 17:52:12',NULL),(3569,7851,1391,40719,21,3,221,1,565.17,NULL,'2023-04-21 17:52:12','2023-04-21 17:52:12',NULL),(3570,7851,1391,40719,21,3,57,2,7000.00,NULL,'2023-04-21 17:52:12','2023-04-21 17:52:12',NULL),(3571,7851,1392,40719,21,3,554,1,3305.85,NULL,'2023-04-21 17:53:09','2023-04-21 17:53:09',NULL),(3572,7851,1392,40719,21,3,68,1,694.23,NULL,'2023-04-21 17:53:09','2023-04-21 17:53:09',NULL),(3573,7851,1392,40719,21,3,57,2,4000.08,NULL,'2023-04-21 17:53:09','2023-04-21 17:53:09',NULL),(3574,7851,1393,40719,21,21,57,1,4000.08,NULL,'2023-04-21 17:55:54','2023-04-21 17:55:54',NULL),(3575,7851,1393,40719,21,21,488,2,4000.08,NULL,'2023-04-21 17:55:54','2023-04-21 17:55:54',NULL),(3576,7851,1394,40719,21,21,57,1,7000.00,NULL,'2023-04-21 17:57:03','2023-04-21 17:57:03',NULL),(3577,7851,1394,40719,21,21,488,2,7000.00,NULL,'2023-04-21 17:57:03','2023-04-21 17:57:03',NULL),(3578,7851,1395,40719,21,21,57,1,12499.99,NULL,'2023-04-21 18:04:31','2023-04-21 18:04:31',NULL),(3579,7851,1395,40719,21,21,563,2,10000.00,NULL,'2023-04-21 18:04:31','2023-04-21 18:04:31',NULL),(3580,7851,1395,40719,21,21,488,2,2499.99,NULL,'2023-04-21 18:04:31','2023-04-21 18:04:31',NULL),(3581,7851,1396,40719,21,21,57,1,24006.01,NULL,'2023-04-21 18:05:58','2023-04-21 18:05:58',NULL),(3582,7851,1396,40719,21,21,484,2,24006.01,NULL,'2023-04-21 18:05:58','2023-04-21 18:05:58',NULL),(3583,7851,1397,40719,21,21,57,1,19000.00,NULL,'2023-04-21 18:07:12','2023-04-21 18:07:12',NULL),(3584,7851,1397,40719,21,21,563,2,10000.00,NULL,'2023-04-21 18:07:12','2023-04-21 18:07:12',NULL),(3585,7851,1397,40719,21,21,484,2,9000.00,NULL,'2023-04-21 18:07:12','2023-04-21 18:07:12',NULL),(3586,7851,1398,40719,21,21,57,1,20000.00,NULL,'2023-04-21 18:08:44','2023-04-21 18:08:44',NULL),(3587,7851,1398,40719,21,21,563,2,20000.00,NULL,'2023-04-21 18:08:44','2023-04-21 18:08:44',NULL),(3588,7851,1399,40719,21,21,57,1,7492.19,NULL,'2023-04-21 18:09:41','2023-04-21 18:09:41',NULL),(3589,7851,1399,40719,21,21,552,2,7492.19,NULL,'2023-04-21 18:09:41','2023-04-21 18:09:41',NULL),(3590,7851,1400,40719,21,21,57,1,19536.22,NULL,'2023-04-21 18:10:44','2023-04-21 18:10:44',NULL),(3591,7851,1400,40719,21,21,163,2,19536.22,NULL,'2023-04-21 18:10:44','2023-04-21 18:10:44',NULL),(3592,7851,1401,40719,21,21,57,1,1822.54,NULL,'2023-04-21 18:11:26','2023-04-21 18:11:26',NULL),(3593,7851,1401,40719,21,21,163,2,1822.54,NULL,'2023-04-21 18:11:26','2023-04-21 18:11:26',NULL),(3594,7851,1402,40719,21,3,217,1,2214.88,NULL,'2023-04-21 18:12:57','2023-04-21 18:12:57',NULL),(3595,7851,1402,40719,21,3,68,1,465.12,NULL,'2023-04-21 18:12:57','2023-04-21 18:12:57',NULL),(3596,7851,1402,40719,21,3,57,2,2680.00,NULL,'2023-04-21 18:12:57','2023-04-21 18:12:57',NULL),(3597,7851,1403,40719,21,21,57,1,2680.00,NULL,'2023-04-21 18:14:55','2023-05-02 19:58:39','2023-05-02 19:58:39'),(3598,7851,1403,40719,21,21,484,2,2680.00,NULL,'2023-04-21 18:14:55','2023-05-02 19:58:39','2023-05-02 19:58:39'),(3599,7851,1404,40719,21,3,554,1,1773.85,NULL,'2023-04-30 19:32:57','2023-04-30 19:32:57',NULL),(3600,7851,1404,40719,21,3,68,1,372.51,NULL,'2023-04-30 19:32:57','2023-04-30 19:32:57',NULL),(3601,7851,1404,40719,21,3,221,1,2.64,NULL,'2023-04-30 19:32:57','2023-04-30 19:32:57',NULL),(3602,7851,1404,40719,21,3,57,2,2149.00,NULL,'2023-04-30 19:32:57','2023-04-30 19:32:57',NULL),(3603,7851,1405,40719,21,3,554,1,1340.09,NULL,'2023-04-30 19:35:02','2023-04-30 19:35:02',NULL),(3604,7851,1405,40719,21,3,68,1,281.42,NULL,'2023-04-30 19:35:02','2023-04-30 19:35:02',NULL),(3605,7851,1405,40719,21,3,221,1,378.49,NULL,'2023-04-30 19:35:02','2023-04-30 19:35:02',NULL),(3606,7851,1405,40719,21,3,57,2,2000.00,NULL,'2023-04-30 19:35:02','2023-04-30 19:35:02',NULL);
INSERT INTO `balance_libro_details` VALUES (3607,7851,1406,40719,21,3,507,1,14133.80,NULL,'2023-04-30 19:38:13','2023-04-30 19:38:13',NULL),(3608,7851,1406,40719,21,3,68,1,2968.10,NULL,'2023-04-30 19:38:13','2023-04-30 19:38:13',NULL),(3609,7851,1406,40719,21,3,57,2,17101.90,NULL,'2023-04-30 19:38:13','2023-04-30 19:38:13',NULL),(3610,7851,1407,40719,21,3,507,1,11293.31,NULL,'2023-04-30 19:38:47','2023-04-30 19:38:47',NULL),(3611,7851,1407,40719,21,3,68,1,2371.60,NULL,'2023-04-30 19:38:47','2023-04-30 19:38:47',NULL),(3612,7851,1407,40719,21,3,57,2,13664.91,NULL,'2023-04-30 19:38:47','2023-04-30 19:38:47',NULL),(3613,7851,1408,40719,21,3,507,1,6246.91,NULL,'2023-04-30 19:39:44','2023-04-30 19:39:44',NULL),(3614,7851,1408,40719,21,3,68,1,1311.85,NULL,'2023-04-30 19:39:44','2023-04-30 19:39:44',NULL),(3615,7851,1408,40719,21,3,507,1,446.15,NULL,'2023-04-30 19:39:44','2023-04-30 19:39:44',NULL),(3616,7851,1408,40719,21,3,57,2,8004.91,NULL,'2023-04-30 19:39:44','2023-04-30 19:39:44',NULL),(3617,7851,1409,40719,21,2,96,2,4575.46,NULL,'2023-04-30 19:41:38','2023-04-30 20:58:30','2023-04-30 20:58:30'),(3618,7851,1409,40719,21,2,67,2,960.85,NULL,'2023-04-30 19:41:38','2023-04-30 20:58:30','2023-04-30 20:58:30'),(3619,7851,1409,40719,21,2,221,2,463.74,NULL,'2023-04-30 19:41:38','2023-04-30 20:58:30','2023-04-30 20:58:30'),(3620,7851,1409,40719,21,2,13,1,6000.05,NULL,'2023-04-30 19:41:38','2023-04-30 20:58:30','2023-04-30 20:58:30'),(3621,7851,1410,40719,21,2,96,2,17598.63,NULL,'2023-04-30 19:42:59','2023-04-30 20:58:26','2023-04-30 20:58:26'),(3622,7851,1410,40719,21,2,67,2,3695.71,NULL,'2023-04-30 19:42:59','2023-04-30 20:58:26','2023-04-30 20:58:26'),(3623,7851,1410,40719,21,2,221,2,1705.67,NULL,'2023-04-30 19:42:59','2023-04-30 20:58:26','2023-04-30 20:58:26'),(3624,7851,1410,40719,21,2,13,1,23000.01,NULL,'2023-04-30 19:42:59','2023-04-30 20:58:26','2023-04-30 20:58:26'),(3625,7851,1411,40719,21,2,96,2,11652.38,NULL,'2023-04-30 19:43:45','2023-04-30 20:57:19','2023-04-30 20:57:19'),(3626,7851,1411,40719,21,2,67,2,2447.00,NULL,'2023-04-30 19:43:45','2023-04-30 20:57:19','2023-04-30 20:57:19'),(3627,7851,1411,40719,21,2,221,2,910.27,NULL,'2023-04-30 19:43:45','2023-04-30 20:57:19','2023-04-30 20:57:19'),(3628,7851,1411,40719,21,2,13,1,15009.65,NULL,'2023-04-30 19:43:45','2023-04-30 20:57:19','2023-04-30 20:57:19'),(3629,7851,1412,40719,21,2,96,2,6715.42,NULL,'2023-04-30 19:44:25','2023-04-30 20:58:17','2023-04-30 20:58:17'),(3630,7851,1412,40719,21,2,67,2,1410.24,NULL,'2023-04-30 19:44:25','2023-04-30 20:58:17','2023-04-30 20:58:17'),(3631,7851,1412,40719,21,2,221,2,674.34,NULL,'2023-04-30 19:44:25','2023-04-30 20:58:17','2023-04-30 20:58:17'),(3632,7851,1412,40719,21,2,13,1,8800.00,NULL,'2023-04-30 19:44:25','2023-04-30 20:58:17','2023-04-30 20:58:17'),(3633,7851,1413,40719,21,2,96,2,1156.20,NULL,'2023-04-30 19:45:38','2023-04-30 20:57:05','2023-04-30 20:57:05'),(3634,7851,1413,40719,21,2,67,2,242.80,NULL,'2023-04-30 19:45:38','2023-04-30 20:57:05','2023-04-30 20:57:05'),(3635,7851,1413,40719,21,2,13,1,1399.00,NULL,'2023-04-30 19:45:38','2023-04-30 20:57:05','2023-04-30 20:57:05'),(3636,7851,1414,40719,21,2,96,2,2191.55,NULL,'2023-04-30 20:55:17','2023-04-30 20:56:55','2023-04-30 20:56:55'),(3637,7851,1414,40719,21,2,67,2,460.23,NULL,'2023-04-30 20:55:17','2023-04-30 20:56:55','2023-04-30 20:56:55'),(3638,7851,1414,40719,21,2,13,1,2651.78,NULL,'2023-04-30 20:55:17','2023-04-30 20:56:55','2023-04-30 20:56:55'),(3639,7851,1415,40719,21,2,96,2,4958.68,NULL,'2023-04-30 20:56:31','2023-04-30 20:57:41','2023-04-30 20:57:41'),(3640,7851,1415,40719,21,2,67,2,1041.32,NULL,'2023-04-30 20:56:31','2023-04-30 20:57:41','2023-04-30 20:57:41'),(3641,7851,1415,40719,21,2,13,1,6000.00,NULL,'2023-04-30 20:56:31','2023-04-30 20:57:41','2023-04-30 20:57:41'),(3642,7851,1416,40719,21,2,96,2,2191.55,NULL,'2023-04-30 20:56:55','2023-04-30 20:57:45','2023-04-30 20:57:45'),(3643,7851,1416,40719,21,2,67,2,460.23,NULL,'2023-04-30 20:56:55','2023-04-30 20:57:45','2023-04-30 20:57:45');
INSERT INTO `balance_libro_details` VALUES (3644,7851,1416,40719,21,2,13,1,2651.78,NULL,'2023-04-30 20:56:55','2023-04-30 20:57:45','2023-04-30 20:57:45'),(3645,7851,1417,40719,21,2,96,2,1156.20,NULL,'2023-04-30 20:57:05','2023-04-30 20:58:01','2023-04-30 20:58:01'),(3646,7851,1417,40719,21,2,67,2,242.80,NULL,'2023-04-30 20:57:05','2023-04-30 20:58:01','2023-04-30 20:58:01'),(3647,7851,1417,40719,21,2,13,1,1399.00,NULL,'2023-04-30 20:57:05','2023-04-30 20:58:01','2023-04-30 20:58:01'),(3648,7851,1418,40719,21,2,96,2,11652.38,NULL,'2023-04-30 20:57:19','2023-04-30 20:58:22','2023-04-30 20:58:22'),(3649,7851,1418,40719,21,2,67,2,2447.00,NULL,'2023-04-30 20:57:19','2023-04-30 20:58:22','2023-04-30 20:58:22'),(3650,7851,1418,40719,21,2,221,2,910.27,NULL,'2023-04-30 20:57:19','2023-04-30 20:58:22','2023-04-30 20:58:22'),(3651,7851,1418,40719,21,2,13,1,15009.65,NULL,'2023-04-30 20:57:19','2023-04-30 20:58:22','2023-04-30 20:58:22'),(3652,7851,1419,40719,21,3,520,1,11652.38,NULL,'2023-04-30 20:59:49','2023-04-30 20:59:49',NULL),(3653,7851,1419,40719,21,3,68,1,2447.00,NULL,'2023-04-30 20:59:49','2023-04-30 20:59:49',NULL),(3654,7851,1419,40719,21,3,221,1,910.27,NULL,'2023-04-30 20:59:49','2023-04-30 20:59:49',NULL),(3655,7851,1419,40719,21,3,57,2,15009.65,NULL,'2023-04-30 20:59:49','2023-04-30 20:59:49',NULL),(3656,7851,1420,40719,21,3,515,1,6715.41,NULL,'2023-04-30 21:00:41','2023-04-30 21:00:41',NULL),(3657,7851,1420,40719,21,3,68,1,1410.24,NULL,'2023-04-30 21:00:41','2023-04-30 21:00:41',NULL),(3658,7851,1420,40719,21,3,221,1,674.34,NULL,'2023-04-30 21:00:41','2023-04-30 21:00:41',NULL),(3659,7851,1420,40719,21,3,57,2,8799.99,NULL,'2023-04-30 21:00:41','2023-04-30 21:00:41',NULL),(3660,7851,1421,40719,21,3,507,1,1156.20,NULL,'2023-04-30 21:06:03','2023-04-30 21:06:03',NULL),(3661,7851,1421,40719,21,3,68,1,242.80,NULL,'2023-04-30 21:06:03','2023-04-30 21:06:03',NULL),(3662,7851,1421,40719,21,3,57,2,1399.00,NULL,'2023-04-30 21:06:03','2023-04-30 21:06:03',NULL),(3663,7851,1422,40719,21,3,507,1,2191.55,NULL,'2023-04-30 21:07:10','2023-04-30 21:07:10',NULL),(3664,7851,1422,40719,21,3,68,1,460.23,NULL,'2023-04-30 21:07:10','2023-04-30 21:07:10',NULL),(3665,7851,1422,40719,21,3,57,2,2651.78,NULL,'2023-04-30 21:07:10','2023-04-30 21:07:10',NULL),(3666,7851,1423,40719,21,3,507,1,4958.68,NULL,'2023-04-30 21:07:36','2023-04-30 21:07:36',NULL),(3667,7851,1423,40719,21,3,68,1,1041.32,NULL,'2023-04-30 21:07:36','2023-04-30 21:07:36',NULL),(3668,7851,1423,40719,21,3,57,2,6000.00,NULL,'2023-04-30 21:07:36','2023-04-30 21:07:36',NULL),(3669,7851,1424,40719,21,3,554,1,4575.46,NULL,'2023-04-30 21:11:26','2023-04-30 21:11:26',NULL),(3670,7851,1424,40719,21,3,68,1,960.85,NULL,'2023-04-30 21:11:26','2023-04-30 21:11:26',NULL),(3671,7851,1424,40719,21,3,221,1,463.74,NULL,'2023-04-30 21:11:26','2023-04-30 21:11:26',NULL),(3672,7851,1424,40719,21,3,57,2,6000.05,NULL,'2023-04-30 21:11:26','2023-04-30 21:11:26',NULL),(3673,7851,1425,40719,21,20,564,2,25000.00,NULL,'2023-05-01 21:15:49','2023-05-01 21:15:49',NULL),(3674,7851,1425,40719,21,20,563,1,25000.00,NULL,'2023-05-01 21:15:49','2023-05-01 21:15:49',NULL),(3675,7851,1426,40719,21,20,563,1,25000.00,NULL,'2023-05-01 21:16:35','2023-05-01 21:16:35',NULL),(3676,7851,1426,40719,21,20,564,2,25000.00,NULL,'2023-05-01 21:16:35','2023-05-01 21:16:35',NULL),(3677,7851,1427,40719,21,20,563,1,25000.00,NULL,'2023-05-01 21:17:39','2023-05-01 21:17:39',NULL),(3678,7851,1427,40719,21,20,564,2,25000.00,NULL,'2023-05-01 21:17:39','2023-05-01 21:17:39',NULL),(3679,7851,1428,40719,21,21,565,1,5000.00,NULL,'2023-05-01 21:32:54','2023-05-01 21:32:54',NULL),(3680,7851,1428,40719,21,21,563,2,5000.00,NULL,'2023-05-01 21:32:54','2023-05-01 21:32:54',NULL),(3681,7851,1429,40719,21,21,565,1,5000.00,NULL,'2023-05-01 21:33:34','2023-05-01 21:33:34',NULL),(3682,7851,1429,40719,21,21,563,2,5000.00,NULL,'2023-05-01 21:33:34','2023-05-01 21:33:34',NULL),(3683,7851,1430,40719,21,21,565,1,5000.00,NULL,'2023-05-01 21:35:26','2023-05-01 21:35:26',NULL);
INSERT INTO `balance_libro_details` VALUES (3684,7851,1430,40719,21,21,563,2,5000.00,NULL,'2023-05-01 21:35:26','2023-05-01 21:35:26',NULL),(3685,7851,1431,40719,21,21,57,1,8799.99,NULL,'2023-05-01 21:38:17','2023-05-01 21:38:17',NULL),(3686,7851,1431,40719,21,21,563,2,8799.99,NULL,'2023-05-01 21:38:17','2023-05-01 21:38:17',NULL),(3687,7851,1432,40719,21,21,57,1,13664.91,NULL,'2023-05-01 21:39:45','2023-05-01 21:39:45',NULL),(3688,7851,1432,40719,21,21,493,2,13664.91,NULL,'2023-05-01 21:39:45','2023-05-01 21:39:45',NULL),(3689,7851,1433,40719,21,21,57,1,17101.90,NULL,'2023-05-01 21:46:30','2023-05-01 21:46:30',NULL),(3690,7851,1433,40719,21,21,493,2,17101.90,NULL,'2023-05-01 21:46:30','2023-05-01 21:46:30',NULL),(3691,7851,1434,40719,21,21,57,1,2149.00,NULL,'2023-05-01 21:47:07','2023-05-01 21:47:07',NULL),(3692,7851,1434,40719,21,21,488,2,2149.00,NULL,'2023-05-01 21:47:07','2023-05-01 21:47:07',NULL),(3693,7851,1435,40719,21,21,57,1,2000.00,NULL,'2023-05-01 21:47:54','2023-05-01 21:47:54',NULL),(3694,7851,1435,40719,21,21,488,2,2000.00,NULL,'2023-05-01 21:47:54','2023-05-01 21:47:54',NULL),(3695,7851,1436,40719,21,21,57,1,6000.05,NULL,'2023-05-01 21:49:50','2023-05-01 21:50:59','2023-05-01 21:50:59'),(3696,7851,1436,40719,21,21,563,2,6000.05,NULL,'2023-05-01 21:49:50','2023-05-01 21:50:59','2023-05-01 21:50:59'),(3697,7851,1437,40719,21,21,57,1,6000.05,NULL,'2023-05-01 21:52:10','2023-05-01 21:52:10',NULL),(3698,7851,1437,40719,21,21,488,2,6000.05,NULL,'2023-05-01 21:52:10','2023-05-01 21:52:10',NULL),(3699,7851,1438,40719,21,21,57,1,8004.91,NULL,'2023-05-01 21:53:17','2023-05-01 21:53:17',NULL),(3700,7851,1438,40719,21,21,552,2,8004.91,NULL,'2023-05-01 21:53:17','2023-05-01 21:53:17',NULL),(3701,7851,1439,40719,21,3,520,1,17598.63,NULL,'2023-05-01 21:58:41','2023-05-01 21:58:41',NULL),(3702,7851,1439,40719,21,3,68,1,3695.71,NULL,'2023-05-01 21:58:41','2023-05-01 21:58:41',NULL),(3703,7851,1439,40719,21,3,221,1,1705.67,NULL,'2023-05-01 21:58:41','2023-05-01 21:58:41',NULL),(3704,7851,1439,40719,21,3,57,2,23000.01,NULL,'2023-05-01 21:58:41','2023-05-01 21:58:41',NULL),(3705,7851,1440,40719,21,21,57,1,23000.01,NULL,'2023-05-01 22:00:20','2023-05-01 22:00:20',NULL),(3706,7851,1440,40719,21,21,563,2,23000.01,NULL,'2023-05-01 22:00:20','2023-05-01 22:00:20',NULL),(3707,7851,1441,40719,21,21,57,1,15009.65,NULL,'2023-05-01 22:04:56','2023-05-01 22:04:56',NULL),(3708,7851,1441,40719,21,21,484,2,7000.00,NULL,'2023-05-01 22:04:56','2023-05-01 22:04:56',NULL),(3709,7851,1441,40719,21,21,563,2,8009.65,NULL,'2023-05-01 22:04:56','2023-05-01 22:04:56',NULL),(3710,7851,1442,40719,21,21,57,1,2651.78,NULL,'2023-05-01 22:06:16','2023-05-01 22:06:16',NULL),(3711,7851,1442,40719,21,21,493,2,2651.78,NULL,'2023-05-01 22:06:16','2023-05-01 22:06:16',NULL),(3712,7851,1443,40719,21,21,57,1,1399.00,NULL,'2023-05-01 22:07:14','2023-05-01 22:07:14',NULL),(3713,7851,1443,40719,21,21,493,2,1399.00,NULL,'2023-05-01 22:07:14','2023-05-01 22:07:14',NULL),(3714,7851,1444,40719,21,21,57,1,6000.00,NULL,'2023-05-01 22:08:27','2023-05-02 19:25:54','2023-05-02 19:25:54'),(3715,7851,1444,40719,21,21,163,2,6000.00,NULL,'2023-05-01 22:08:27','2023-05-02 19:25:54','2023-05-02 19:25:54'),(3716,7851,1445,40719,21,3,217,1,816819.81,NULL,'2023-05-02 11:21:23','2023-05-18 20:04:59','2023-05-18 20:04:59'),(3717,7851,1445,40719,21,3,68,1,3930.16,NULL,'2023-05-02 11:21:23','2023-05-18 20:04:59','2023-05-18 20:04:59'),(3718,7851,1445,40719,21,3,57,2,820749.97,NULL,'2023-05-02 11:21:23','2023-05-18 20:04:59','2023-05-18 20:04:59'),(3719,7851,1446,40719,21,3,217,1,412.31,NULL,'2023-05-02 11:21:23','2023-05-02 11:21:23',NULL),(3720,7851,1446,40719,21,3,68,1,86.59,NULL,'2023-05-02 11:21:23','2023-05-02 11:21:23',NULL),(3721,7851,1446,40719,21,3,57,2,498.90,NULL,'2023-05-02 11:21:23','2023-05-02 11:21:23',NULL),(3722,7851,1447,40719,21,3,217,1,412.31,NULL,'2023-05-02 11:22:11','2023-05-02 11:22:11',NULL),(3723,7851,1447,40719,21,3,68,1,86.59,NULL,'2023-05-02 11:22:11','2023-05-02 11:22:11',NULL);
INSERT INTO `balance_libro_details` VALUES (3724,7851,1447,40719,21,3,57,2,498.90,NULL,'2023-05-02 11:22:11','2023-05-02 11:22:11',NULL),(3725,7851,1448,40719,20,15,67,1,149829.04,NULL,'2023-05-02 11:24:46','2023-05-02 11:24:46',NULL),(3726,7851,1448,40719,20,15,68,2,65210.74,NULL,'2023-05-02 11:24:46','2023-05-02 11:24:46',NULL),(3727,7851,1448,40719,20,15,353,2,28541.55,NULL,'2023-05-02 11:24:46','2023-05-02 11:24:46',NULL),(3728,7851,1448,40719,20,15,74,2,52895.25,NULL,'2023-05-02 11:24:46','2023-05-02 11:24:46',NULL),(3729,7851,1448,40719,20,15,136,2,3181.50,NULL,'2023-05-02 11:24:46','2023-05-02 11:24:46',NULL),(3730,7851,1449,40719,22,3,482,2,101016.79,NULL,'2023-05-02 11:54:34','2023-05-02 12:49:00','2023-05-02 12:49:00'),(3731,7851,1449,40719,22,3,489,1,101016.79,NULL,'2023-05-02 11:54:34','2023-05-02 12:49:00','2023-05-02 12:49:00'),(3732,7851,1450,40719,22,19,214,2,45258.88,NULL,'2023-05-02 12:48:13','2023-05-02 12:48:13',NULL),(3733,7851,1450,40719,22,19,489,1,45258.88,NULL,'2023-05-02 12:48:13','2023-05-02 12:48:13',NULL),(3734,7851,1451,40719,22,3,482,2,101016.79,NULL,'2023-05-02 12:49:00','2023-05-02 20:38:02','2023-05-02 20:38:02'),(3735,7851,1451,40719,22,3,489,1,101016.79,NULL,'2023-05-02 12:49:00','2023-05-02 20:38:02','2023-05-02 20:38:02'),(3736,7851,1452,40719,22,19,396,2,32916.81,NULL,'2023-05-02 13:05:43','2023-05-02 13:05:43',NULL),(3737,7851,1452,40719,22,19,489,1,32916.81,NULL,'2023-05-02 13:05:43','2023-05-02 13:05:43',NULL),(3738,7851,1453,40719,22,19,157,2,0.39,NULL,'2023-05-02 13:06:38','2023-05-02 13:06:38',NULL),(3739,7851,1453,40719,22,19,489,1,0.39,NULL,'2023-05-02 13:06:38','2023-05-02 13:06:38',NULL),(3740,7851,1454,40719,22,19,212,2,8194.02,NULL,'2023-05-02 13:07:29','2023-05-02 13:07:29',NULL),(3741,7851,1454,40719,22,19,489,1,8194.02,NULL,'2023-05-02 13:07:29','2023-05-02 13:07:29',NULL),(3742,7851,1455,40719,22,19,505,2,66557.07,NULL,'2023-05-02 13:08:29','2023-05-02 13:08:29',NULL),(3743,7851,1455,40719,22,19,489,1,66557.07,NULL,'2023-05-02 13:08:29','2023-05-02 13:08:29',NULL),(3744,7851,1456,40719,22,19,509,1,9305.27,NULL,'2023-05-02 13:11:13','2023-05-02 13:11:58','2023-05-02 13:11:58'),(3745,7851,1456,40719,22,19,517,1,1272.64,NULL,'2023-05-02 13:11:13','2023-05-02 13:11:58','2023-05-02 13:11:58'),(3746,7851,1456,40719,22,19,545,1,62.16,NULL,'2023-05-02 13:11:13','2023-05-02 13:11:58','2023-05-02 13:11:58'),(3747,7851,1456,40719,22,19,489,2,10640.07,NULL,'2023-05-02 13:11:13','2023-05-02 13:11:58','2023-05-02 13:11:58'),(3748,7851,1457,40719,22,19,509,1,9305.27,NULL,'2023-05-02 13:11:58','2023-05-02 13:11:58',NULL),(3749,7851,1457,40719,22,19,517,1,1272.64,NULL,'2023-05-02 13:11:58','2023-05-02 13:11:58',NULL),(3750,7851,1457,40719,22,19,489,2,10640.07,NULL,'2023-05-02 13:11:58','2023-05-02 13:11:58',NULL),(3751,7851,1457,40719,22,19,511,1,62.16,NULL,'2023-05-02 13:11:58','2023-05-02 13:11:58',NULL),(3752,7851,1458,40719,21,19,163,2,600000.00,NULL,'2023-05-02 15:25:56','2023-05-02 15:25:56',NULL),(3753,7851,1458,40719,21,19,483,1,600000.00,NULL,'2023-05-02 15:25:56','2023-05-02 15:25:56',NULL),(3754,7851,1459,40719,21,19,566,1,150000.00,NULL,'2023-05-02 15:27:37','2023-05-02 15:27:37',NULL),(3755,7851,1459,40719,21,19,163,2,150000.00,NULL,'2023-05-02 15:27:37','2023-05-02 15:27:37',NULL),(3756,7851,1460,40719,21,19,566,1,100000.00,NULL,'2023-05-02 15:28:09','2023-05-02 15:28:09',NULL),(3757,7851,1460,40719,21,19,163,2,100000.00,NULL,'2023-05-02 15:28:09','2023-05-02 15:28:09',NULL),(3758,7851,1461,40719,21,19,484,1,50000.00,NULL,'2023-05-02 15:34:11','2023-05-02 15:34:11',NULL),(3759,7851,1461,40719,21,19,163,2,50000.00,NULL,'2023-05-02 15:34:11','2023-05-02 15:34:11',NULL),(3760,7851,1462,40719,21,19,163,1,1185992.09,NULL,'2023-05-02 18:28:24','2023-05-02 18:28:24',NULL),(3761,7851,1462,40719,21,19,547,2,1121785.31,NULL,'2023-05-02 18:28:24','2023-05-02 18:28:24',NULL),(3762,7851,1462,40719,21,19,550,2,64206.78,NULL,'2023-05-02 18:28:24','2023-05-02 18:28:24',NULL);
INSERT INTO `balance_libro_details` VALUES (3763,7851,1463,40719,21,19,548,2,51000.00,NULL,'2023-05-02 18:33:29','2023-05-02 18:33:29',NULL),(3764,7851,1463,40719,21,19,547,1,51000.00,NULL,'2023-05-02 18:33:29','2023-05-02 18:33:29',NULL),(3765,7851,1464,40719,21,19,163,1,18710.67,NULL,'2023-05-02 18:47:41','2023-05-02 18:47:41',NULL),(3766,7851,1464,40719,21,19,483,2,18710.67,NULL,'2023-05-02 18:47:41','2023-05-02 18:47:41',NULL),(3767,7851,1465,40719,21,19,163,1,27790.78,NULL,'2023-05-02 18:48:33','2023-05-02 18:48:33',NULL),(3768,7851,1465,40719,21,19,484,2,27790.78,NULL,'2023-05-02 18:48:33','2023-05-02 18:48:33',NULL),(3769,7851,1466,40719,21,19,163,1,400000.00,NULL,'2023-05-02 18:51:13','2023-05-02 18:51:13',NULL),(3770,7851,1466,40719,21,19,483,2,400000.00,NULL,'2023-05-02 18:51:13','2023-05-02 18:51:13',NULL),(3771,7851,1467,40719,21,19,163,1,50000.00,NULL,'2023-05-02 18:52:21','2023-05-02 18:52:21',NULL),(3772,7851,1467,40719,21,19,483,2,50000.00,NULL,'2023-05-02 18:52:21','2023-05-02 18:52:21',NULL),(3773,7851,1468,40719,22,21,565,1,18000.00,NULL,'2023-05-02 18:54:12','2023-05-02 18:54:12',NULL),(3774,7851,1468,40719,22,21,163,2,18000.00,NULL,'2023-05-02 18:54:12','2023-05-02 18:54:12',NULL),(3775,7851,1469,40719,21,19,489,1,40000.00,NULL,'2023-05-02 18:56:13','2023-05-02 18:56:13',NULL),(3776,7851,1469,40719,21,19,163,2,40000.00,NULL,'2023-05-02 18:56:13','2023-05-02 18:56:13',NULL),(3777,7851,1470,40719,21,19,163,2,10000.00,NULL,'2023-05-02 18:57:35','2023-05-02 18:57:35',NULL),(3778,7851,1470,40719,21,19,502,1,10000.00,NULL,'2023-05-02 18:57:35','2023-05-02 18:57:35',NULL),(3779,7851,1471,40719,21,19,163,2,20000.00,NULL,'2023-05-02 18:58:27','2023-05-02 18:58:27',NULL),(3780,7851,1471,40719,21,19,502,1,20000.00,NULL,'2023-05-02 18:58:27','2023-05-02 18:58:27',NULL),(3781,7851,1472,40719,21,10,74,1,50176.26,NULL,'2023-05-02 19:03:23','2023-05-02 19:03:23',NULL),(3782,7851,1472,40719,21,10,163,2,50176.26,NULL,'2023-05-02 19:03:23','2023-05-02 19:03:23',NULL),(3783,7851,1473,40719,21,3,110,1,50400.00,NULL,'2023-05-02 19:04:20','2023-05-02 19:04:20',NULL),(3784,7851,1473,40719,21,3,62,2,50400.00,NULL,'2023-05-02 19:04:20','2023-05-02 19:04:20',NULL),(3785,7851,1474,40719,21,21,163,2,89600.00,NULL,'2023-05-02 19:05:34','2023-05-02 19:06:08','2023-05-02 19:06:08'),(3786,7851,1474,40719,21,21,62,1,89600.00,NULL,'2023-05-02 19:05:34','2023-05-02 19:06:08','2023-05-02 19:06:08'),(3787,7851,1475,40719,21,21,163,2,50400.00,NULL,'2023-05-02 19:06:08','2023-05-02 19:06:08',NULL),(3788,7851,1475,40719,21,21,62,1,50400.00,NULL,'2023-05-02 19:06:08','2023-05-02 19:06:08',NULL),(3789,7851,1476,40719,21,3,491,2,89600.00,NULL,'2023-05-02 19:06:57','2023-05-02 19:06:57',NULL),(3790,7851,1476,40719,21,3,518,1,89600.00,NULL,'2023-05-02 19:06:57','2023-05-02 19:06:57',NULL),(3791,7851,1477,40719,21,21,163,2,89600.00,NULL,'2023-05-02 19:07:29','2023-05-02 19:07:29',NULL),(3792,7851,1477,40719,21,21,491,1,89600.00,NULL,'2023-05-02 19:07:29','2023-05-02 19:07:29',NULL),(3793,7851,1478,40719,21,21,489,1,173.49,NULL,'2023-05-02 19:12:20','2023-05-02 19:12:20',NULL),(3794,7851,1478,40719,21,21,163,2,173.49,NULL,'2023-05-02 19:12:20','2023-05-02 19:12:20',NULL),(3795,7851,1479,40719,21,21,135,1,930.00,NULL,'2023-05-02 19:13:51','2023-05-02 19:13:51',NULL),(3796,7851,1479,40719,21,21,163,2,930.00,NULL,'2023-05-02 19:13:51','2023-05-02 19:13:51',NULL),(3797,7851,1480,40719,21,21,492,1,1280.00,NULL,'2023-05-02 19:14:33','2023-05-02 19:14:33',NULL),(3798,7851,1480,40719,21,21,163,2,1280.00,NULL,'2023-05-02 19:14:33','2023-05-02 19:14:33',NULL),(3799,7851,1481,40719,21,21,57,1,6000.00,NULL,'2023-05-02 19:26:33','2023-05-02 19:26:33',NULL),(3800,7851,1481,40719,21,21,493,2,6000.00,NULL,'2023-05-02 19:26:33','2023-05-02 19:26:33',NULL),(3801,7851,1482,40719,21,19,136,1,71.39,NULL,'2023-05-02 19:33:21','2023-05-11 02:51:52','2023-05-11 02:51:52'),(3802,7851,1482,40719,21,19,163,2,71.39,NULL,'2023-05-02 19:33:21','2023-05-11 02:51:52','2023-05-11 02:51:52');
INSERT INTO `balance_libro_details` VALUES (3803,7851,1483,40719,21,21,57,1,2680.00,NULL,'2023-05-02 19:59:15','2023-05-02 19:59:15',NULL),(3804,7851,1483,40719,21,21,483,2,2680.00,NULL,'2023-05-02 19:59:15','2023-05-02 19:59:15',NULL),(3805,7851,1484,40719,22,3,482,2,101016.79,NULL,'2023-05-02 20:38:02','2023-05-02 20:38:02',NULL),(3806,7851,1484,40719,22,3,567,1,101016.79,NULL,'2023-05-02 20:38:02','2023-05-02 20:38:02',NULL),(3807,7851,1485,40719,22,19,557,1,228590.00,NULL,'2023-05-02 20:39:45','2023-05-02 20:39:45',NULL),(3808,7851,1485,40719,22,19,566,2,228590.00,NULL,'2023-05-02 20:39:45','2023-05-02 20:39:45',NULL),(3809,7851,1486,40719,22,19,568,1,515.00,NULL,'2023-05-02 20:41:12','2023-05-02 20:41:12',NULL),(3810,7851,1486,40719,22,19,558,2,515.00,NULL,'2023-05-02 20:41:12','2023-05-02 20:41:12',NULL),(3811,7851,1487,40719,22,3,568,2,515.00,NULL,'2023-05-02 20:41:50','2023-05-10 21:10:06','2023-05-10 21:10:06'),(3812,7851,1487,40719,22,3,163,1,515.00,NULL,'2023-05-02 20:41:50','2023-05-10 21:10:06','2023-05-10 21:10:06'),(3813,7851,1488,40719,21,19,163,2,1050.00,NULL,'2023-05-10 18:16:03','2023-05-11 00:47:05','2023-05-11 00:47:05'),(3814,7851,1488,40719,21,19,556,1,1050.00,NULL,'2023-05-10 18:16:03','2023-05-11 00:47:05','2023-05-11 00:47:05'),(3815,7851,1489,40719,22,19,556,1,850.00,NULL,'2023-05-10 18:20:26','2023-05-10 18:20:26',NULL),(3816,7851,1489,40719,22,19,494,2,600.00,NULL,'2023-05-10 18:20:26','2023-05-10 18:20:26',NULL),(3817,7851,1489,40719,22,19,493,2,250.00,NULL,'2023-05-10 18:20:26','2023-05-10 18:20:26',NULL),(3818,7851,1490,40719,22,19,568,2,515.00,NULL,'2023-05-10 21:10:06','2023-05-11 00:45:21','2023-05-11 00:45:21'),(3819,7851,1490,40719,22,19,163,1,515.00,NULL,'2023-05-10 21:10:06','2023-05-11 00:45:21','2023-05-11 00:45:21'),(3820,7851,1491,40719,22,19,483,2,205751.38,NULL,'2023-05-10 23:44:20','2023-05-10 23:44:20',NULL),(3821,7851,1491,40719,22,19,495,1,205751.38,NULL,'2023-05-10 23:44:20','2023-05-10 23:44:20',NULL),(3822,7851,1492,40719,22,19,484,1,50000.00,NULL,'2023-05-11 00:06:25','2023-05-11 00:06:25',NULL),(3823,7851,1492,40719,22,19,163,2,50000.00,NULL,'2023-05-11 00:06:25','2023-05-11 00:06:25',NULL),(3824,7851,1493,40719,22,2,96,2,2129555.08,NULL,'2023-05-11 00:23:52','2023-05-11 00:23:52',NULL),(3825,7851,1493,40719,22,2,67,2,223603.28,NULL,'2023-05-11 00:23:52','2023-05-11 00:23:52',NULL),(3826,7851,1493,40719,22,2,13,1,2353158.36,NULL,'2023-05-11 00:23:52','2023-05-11 00:23:52',NULL),(3827,7851,1494,40719,22,20,13,2,2353158.36,NULL,'2023-05-11 00:40:05','2023-05-11 00:40:05',NULL),(3828,7851,1494,40719,22,20,163,1,2251160.61,NULL,'2023-05-11 00:40:05','2023-05-11 00:40:05',NULL),(3829,7851,1494,40719,22,20,263,1,63886.65,NULL,'2023-05-11 00:40:05','2023-05-11 00:40:05',NULL),(3830,7851,1494,40719,22,20,23,1,38111.10,NULL,'2023-05-11 00:40:05','2023-05-11 00:40:05',NULL),(3831,7851,1495,40719,22,19,568,2,515.00,NULL,'2023-05-11 00:45:21','2023-05-11 00:45:21',NULL),(3832,7851,1495,40719,22,19,444,1,515.00,NULL,'2023-05-11 00:45:21','2023-05-11 00:45:21',NULL),(3833,7851,1496,40719,21,19,163,2,415014.00,NULL,'2023-05-11 00:47:05','2023-05-11 00:47:05',NULL),(3834,7851,1496,40719,21,19,556,1,1050.00,NULL,'2023-05-11 00:47:05','2023-05-11 00:47:05',NULL),(3835,7851,1496,40719,21,19,557,1,415014.00,NULL,'2023-05-11 00:47:05','2023-05-11 00:47:05',NULL),(3836,7851,1496,40719,21,19,558,2,1050.00,NULL,'2023-05-11 00:47:05','2023-05-11 00:47:05',NULL),(3837,7851,1497,40719,22,19,566,1,16741.48,NULL,'2023-05-11 01:10:33','2023-05-11 01:11:24','2023-05-11 01:11:24'),(3838,7851,1497,40719,22,19,163,2,16741.48,NULL,'2023-05-11 01:10:33','2023-05-11 01:11:24','2023-05-11 01:11:24'),(3839,7851,1498,40719,22,19,566,1,16741.48,NULL,'2023-05-11 01:11:24','2023-05-11 01:11:24',NULL),(3840,7851,1498,40719,22,19,163,2,16741.48,NULL,'2023-05-11 01:11:24','2023-05-11 01:11:24',NULL),(3841,7851,1499,40719,22,3,569,1,37576.55,NULL,'2023-05-11 01:14:37','2023-05-11 01:14:37',NULL);
INSERT INTO `balance_libro_details` VALUES (3842,7851,1499,40719,22,3,566,2,37576.55,NULL,'2023-05-11 01:14:37','2023-05-11 01:14:37',NULL),(3843,7851,1500,40719,22,19,566,1,400000.00,NULL,'2023-05-11 01:21:10','2023-05-11 01:21:10',NULL),(3844,7851,1500,40719,22,19,163,2,400000.00,NULL,'2023-05-11 01:21:10','2023-05-11 01:21:10',NULL),(3845,7851,1501,40719,22,21,163,2,209229.84,NULL,'2023-05-11 01:28:42','2023-05-11 02:50:41','2023-05-11 02:50:41'),(3846,7851,1501,40719,22,21,493,1,209229.84,NULL,'2023-05-11 01:28:42','2023-05-11 02:50:41','2023-05-11 02:50:41'),(3847,7851,1502,40719,22,21,163,1,296040.56,NULL,'2023-05-11 01:29:23','2023-05-11 02:42:59','2023-05-11 02:42:59'),(3848,7851,1502,40719,22,21,494,2,296040.56,NULL,'2023-05-11 01:29:23','2023-05-11 02:42:59','2023-05-11 02:42:59'),(3849,7851,1503,40719,22,21,163,1,210000.00,NULL,'2023-05-11 01:34:47','2023-05-11 01:34:47',NULL),(3850,7851,1503,40719,22,21,483,2,210000.00,NULL,'2023-05-11 01:34:47','2023-05-11 01:34:47',NULL),(3851,7851,1504,40719,22,21,163,2,35000.00,NULL,'2023-05-11 02:09:24','2023-05-11 02:09:24',NULL),(3852,7851,1504,40719,22,21,518,1,35000.00,NULL,'2023-05-11 02:09:24','2023-05-11 02:09:24',NULL),(3853,7851,1505,40719,22,3,63,2,33583.15,NULL,'2023-05-11 02:10:28','2023-05-11 02:10:28',NULL),(3854,7851,1505,40719,22,3,191,1,33583.15,NULL,'2023-05-11 02:10:28','2023-05-11 02:10:28',NULL),(3855,7851,1506,40719,22,21,163,2,33583.15,NULL,'2023-05-11 02:11:03','2023-05-11 02:11:03',NULL),(3856,7851,1506,40719,22,21,63,1,33583.15,NULL,'2023-05-11 02:11:03','2023-05-11 02:11:03',NULL),(3857,7851,1507,40719,22,19,163,2,600000.00,NULL,'2023-05-11 02:28:02','2023-05-11 02:28:02',NULL),(3858,7851,1507,40719,22,19,483,1,600000.00,NULL,'2023-05-11 02:28:02','2023-05-11 02:28:02',NULL),(3859,7851,1508,40719,22,3,567,1,500000.00,NULL,'2023-05-11 02:31:40','2023-05-11 02:31:40',NULL),(3860,7851,1508,40719,22,3,163,2,500000.00,NULL,'2023-05-11 02:31:40','2023-05-11 02:31:40',NULL),(3861,7851,1509,40719,22,3,163,2,500000.00,NULL,'2023-05-11 02:32:21','2023-05-11 02:32:21',NULL),(3862,7851,1509,40719,22,3,485,1,500000.00,NULL,'2023-05-11 02:32:21','2023-05-11 02:32:21',NULL),(3863,7851,1510,40719,22,20,545,2,4.70,NULL,'2023-05-11 02:33:21','2023-05-11 02:33:21',NULL),(3864,7851,1510,40719,22,20,163,1,4.70,NULL,'2023-05-11 02:33:21','2023-05-11 02:33:21',NULL),(3865,7851,1511,40719,22,19,163,1,7500.00,NULL,'2023-05-11 02:36:39','2023-05-11 02:36:53','2023-05-11 02:36:53'),(3866,7851,1511,40719,22,19,165,2,7500.00,NULL,'2023-05-11 02:36:39','2023-05-11 02:36:53','2023-05-11 02:36:53'),(3867,7851,1511,40719,22,19,165,1,7500.00,NULL,'2023-05-11 02:36:39','2023-05-11 02:36:53','2023-05-11 02:36:53'),(3868,7851,1511,40719,22,19,163,2,7500.00,NULL,'2023-05-11 02:36:39','2023-05-11 02:36:53','2023-05-11 02:36:53'),(3869,7851,1512,40719,22,19,163,1,7500.00,NULL,'2023-05-11 02:36:53','2023-05-11 02:37:49','2023-05-11 02:37:49'),(3870,7851,1512,40719,22,19,165,2,7500.00,NULL,'2023-05-11 02:36:53','2023-05-11 02:37:49','2023-05-11 02:37:49'),(3871,7851,1513,40719,22,19,163,2,7500.00,NULL,'2023-05-11 02:37:34','2023-05-11 02:37:34',NULL),(3872,7851,1513,40719,22,19,165,1,7500.00,NULL,'2023-05-11 02:37:34','2023-05-11 02:37:34',NULL),(3873,7851,1514,40719,22,19,163,1,7500.00,NULL,'2023-05-11 02:37:49','2023-05-11 02:37:49',NULL),(3874,7851,1514,40719,22,19,165,2,7500.00,NULL,'2023-05-11 02:37:49','2023-05-11 02:37:49',NULL),(3875,7851,1515,40719,22,21,163,2,296040.56,NULL,'2023-05-11 02:42:59','2023-05-11 02:42:59',NULL),(3876,7851,1515,40719,22,21,494,1,296040.56,NULL,'2023-05-11 02:42:59','2023-05-11 02:42:59',NULL),(3877,7851,1516,40719,22,21,163,2,219204.84,NULL,'2023-05-11 02:50:41','2023-05-11 02:50:41',NULL),(3878,7851,1516,40719,22,21,493,1,219204.84,NULL,'2023-05-11 02:50:41','2023-05-11 02:50:41',NULL),(3879,7851,1517,40719,21,19,136,1,0.02,NULL,'2023-05-11 02:51:52','2023-05-11 02:51:52',NULL),(3880,7851,1517,40719,21,19,163,2,0.02,NULL,'2023-05-11 02:51:52','2023-05-11 02:51:52',NULL);
INSERT INTO `balance_libro_details` VALUES (3881,7851,1518,40719,22,19,163,2,210000.00,NULL,'2023-05-11 12:59:20','2023-05-11 12:59:20',NULL),(3882,7851,1518,40719,22,19,5,1,210000.00,NULL,'2023-05-11 12:59:20','2023-05-11 12:59:20',NULL),(3883,7851,1519,40719,21,3,554,1,2289.43,NULL,'2023-05-18 19:26:55','2023-05-18 19:26:55',NULL),(3884,7851,1519,40719,21,3,68,1,480.78,NULL,'2023-05-18 19:26:55','2023-05-18 19:26:55',NULL),(3885,7851,1519,40719,21,3,221,1,229.90,NULL,'2023-05-18 19:26:55','2023-05-18 19:26:55',NULL),(3886,7851,1519,40719,21,3,57,2,3000.11,NULL,'2023-05-18 19:26:55','2023-05-18 19:26:55',NULL),(3887,7851,1520,40719,21,3,554,1,12259.82,NULL,'2023-05-18 19:41:39','2023-05-18 19:41:39',NULL),(3888,7851,1520,40719,21,3,68,1,2574.56,NULL,'2023-05-18 19:41:39','2023-05-18 19:41:39',NULL),(3889,7851,1520,40719,21,3,221,1,1231.09,NULL,'2023-05-18 19:41:39','2023-05-18 19:41:39',NULL),(3890,7851,1520,40719,21,3,57,2,16065.47,NULL,'2023-05-18 19:41:39','2023-05-18 19:41:39',NULL),(3891,7851,1521,40719,21,3,217,1,678305.76,NULL,'2023-05-18 20:04:59','2023-05-18 20:04:59',NULL),(3892,7851,1521,40719,21,3,68,1,142444.21,NULL,'2023-05-18 20:04:59','2023-05-18 20:04:59',NULL),(3893,7851,1521,40719,21,3,57,2,820749.97,NULL,'2023-05-18 20:04:59','2023-05-18 20:04:59',NULL),(3894,7851,1522,40719,22,3,217,1,4627.55,NULL,'2023-05-18 20:42:31','2023-05-18 20:42:31',NULL),(3895,7851,1522,40719,22,3,68,1,971.78,NULL,'2023-05-18 20:42:31','2023-05-18 20:42:31',NULL),(3896,7851,1522,40719,22,3,57,2,5599.33,NULL,'2023-05-18 20:42:31','2023-05-18 20:42:31',NULL),(3897,7851,1523,40719,22,3,217,1,17611.65,NULL,'2023-05-18 20:42:31','2023-05-18 20:42:31',NULL),(3898,7851,1523,40719,22,3,68,1,3698.45,NULL,'2023-05-18 20:42:31','2023-05-18 20:42:31',NULL),(3899,7851,1523,40719,22,3,217,1,352.23,NULL,'2023-05-18 20:42:31','2023-05-18 20:42:31',NULL),(3900,7851,1523,40719,22,3,57,2,21662.33,NULL,'2023-05-18 20:42:31','2023-05-18 20:42:31',NULL),(3901,7851,1524,40719,22,3,217,1,2230.00,NULL,'2023-05-18 20:42:31','2023-05-18 20:42:31',NULL),(3902,7851,1524,40719,22,3,68,1,468.30,NULL,'2023-05-18 20:42:31','2023-05-18 20:42:31',NULL),(3903,7851,1524,40719,22,3,57,2,2698.30,NULL,'2023-05-18 20:42:31','2023-05-18 20:42:31',NULL),(3904,7851,1525,40719,22,3,217,1,1208.26,NULL,'2023-05-18 20:42:31','2023-05-18 20:42:31',NULL),(3905,7851,1525,40719,22,3,68,1,253.73,NULL,'2023-05-18 20:42:31','2023-05-18 20:42:31',NULL),(3906,7851,1525,40719,22,3,57,2,1461.99,NULL,'2023-05-18 20:42:31','2023-05-18 20:42:31',NULL),(3907,7851,1526,40719,22,3,217,1,5957.85,NULL,'2023-05-18 20:42:31','2023-05-18 20:42:31',NULL),(3908,7851,1526,40719,22,3,68,1,1251.14,NULL,'2023-05-18 20:42:31','2023-05-18 20:42:31',NULL),(3909,7851,1526,40719,22,3,217,1,0.01,NULL,'2023-05-18 20:42:31','2023-05-18 20:42:31',NULL),(3910,7851,1526,40719,22,3,57,2,7209.00,NULL,'2023-05-18 20:42:31','2023-05-18 20:42:31',NULL),(3911,7851,1527,40719,22,3,217,2,816819.81,NULL,'2023-05-18 20:42:31','2023-05-18 20:43:22','2023-05-18 20:43:22'),(3912,7851,1527,40719,22,3,67,2,3930.16,NULL,'2023-05-18 20:42:31','2023-05-18 20:43:22','2023-05-18 20:43:22'),(3913,7851,1527,40719,22,3,57,1,820749.97,NULL,'2023-05-18 20:42:31','2023-05-18 20:43:22','2023-05-18 20:43:22'),(3914,7851,1528,40719,22,3,120,1,1551.96,NULL,'2023-05-18 20:42:31','2023-05-19 01:06:34','2023-05-19 01:06:34'),(3915,7851,1528,40719,22,3,68,1,419.03,NULL,'2023-05-18 20:42:31','2023-05-19 01:06:34','2023-05-19 01:06:34'),(3916,7851,1528,40719,22,3,57,2,1970.99,NULL,'2023-05-18 20:42:31','2023-05-19 01:06:34','2023-05-19 01:06:34'),(3917,7851,1529,40719,22,3,120,1,15009.89,NULL,'2023-05-18 20:42:31','2023-05-19 01:06:16','2023-05-19 01:06:16'),(3918,7851,1529,40719,22,3,68,1,4008.69,NULL,'2023-05-18 20:42:31','2023-05-19 01:06:16','2023-05-19 01:06:16'),(3919,7851,1529,40719,22,3,120,1,1201.71,NULL,'2023-05-18 20:42:31','2023-05-19 01:06:16','2023-05-19 01:06:16'),(3920,7851,1529,40719,22,3,57,2,20220.29,NULL,'2023-05-18 20:42:31','2023-05-19 01:06:16','2023-05-19 01:06:16');
INSERT INTO `balance_libro_details` VALUES (3921,7851,1530,40719,22,3,217,1,273150.41,NULL,'2023-05-18 20:42:31','2023-05-18 20:42:31',NULL),(3922,7851,1530,40719,22,3,68,1,57361.59,NULL,'2023-05-18 20:42:31','2023-05-18 20:42:31',NULL),(3923,7851,1530,40719,22,3,57,2,330512.00,NULL,'2023-05-18 20:42:31','2023-05-18 20:42:31',NULL),(3924,7851,1531,40719,22,3,507,1,6575.41,NULL,'2023-05-18 20:49:17','2023-05-18 20:49:17',NULL),(3925,7851,1531,40719,22,3,68,1,1380.84,NULL,'2023-05-18 20:49:17','2023-05-18 20:49:17',NULL),(3926,7851,1531,40719,22,3,221,1,445.32,NULL,'2023-05-18 20:49:17','2023-05-18 20:49:17',NULL),(3927,7851,1531,40719,22,3,57,2,8401.57,NULL,'2023-05-18 20:49:17','2023-05-18 20:49:17',NULL),(3928,7851,1532,40719,22,3,507,1,8117.08,NULL,'2023-05-18 20:52:26','2023-05-18 20:53:27','2023-05-18 20:53:27'),(3929,7851,1532,40719,22,3,68,1,1704.59,NULL,'2023-05-18 20:52:26','2023-05-18 20:53:27','2023-05-18 20:53:27'),(3930,7851,1532,40719,22,3,221,1,579.56,NULL,'2023-05-18 20:52:26','2023-05-18 20:53:27','2023-05-18 20:53:27'),(3931,7851,1532,40719,22,3,57,2,10401.23,NULL,'2023-05-18 20:52:26','2023-05-18 20:53:27','2023-05-18 20:53:27'),(3932,7851,1533,40719,22,3,507,1,8117.08,NULL,'2023-05-18 20:53:27','2023-05-18 20:53:27',NULL),(3933,7851,1533,40719,22,3,68,1,1704.59,NULL,'2023-05-18 20:53:27','2023-05-18 20:53:27',NULL),(3934,7851,1533,40719,22,3,221,1,579.56,NULL,'2023-05-18 20:53:27','2023-05-18 20:53:27',NULL),(3935,7851,1533,40719,22,3,57,2,10401.23,NULL,'2023-05-18 20:53:27','2023-05-18 20:53:27',NULL),(3936,7851,1534,40719,22,3,507,1,4136.66,NULL,'2023-05-18 20:55:22','2023-05-18 20:55:22',NULL),(3937,7851,1534,40719,22,3,68,1,868.70,NULL,'2023-05-18 20:55:22','2023-05-18 20:55:22',NULL),(3938,7851,1534,40719,22,3,221,1,295.36,NULL,'2023-05-18 20:55:22','2023-05-18 20:55:22',NULL),(3939,7851,1534,40719,22,3,57,2,5300.72,NULL,'2023-05-18 20:55:22','2023-05-18 20:55:22',NULL),(3940,7851,1535,40719,22,3,507,1,8142.58,NULL,'2023-05-18 20:58:03','2023-05-18 20:58:03',NULL),(3941,7851,1535,40719,22,3,68,1,1709.94,NULL,'2023-05-18 20:58:03','2023-05-18 20:58:03',NULL),(3942,7851,1535,40719,22,3,221,1,449.67,NULL,'2023-05-18 20:58:03','2023-05-18 20:58:03',NULL),(3943,7851,1535,40719,22,3,57,2,10302.19,NULL,'2023-05-18 20:58:03','2023-05-18 20:58:03',NULL),(3944,7851,1536,40719,22,3,520,1,15991.79,NULL,'2023-05-18 21:20:57','2023-06-05 20:30:08','2023-06-05 20:30:08'),(3945,7851,1536,40719,22,3,68,1,3358.28,NULL,'2023-05-18 21:20:57','2023-06-05 20:30:08','2023-06-05 20:30:08'),(3946,7851,1536,40719,22,3,221,1,1149.93,NULL,'2023-05-18 21:20:57','2023-06-05 20:30:08','2023-06-05 20:30:08'),(3947,7851,1536,40719,22,3,57,2,20500.00,NULL,'2023-05-18 21:20:57','2023-06-05 20:30:08','2023-06-05 20:30:08'),(3948,7851,1537,40719,22,3,520,1,14463.01,NULL,'2023-05-18 22:11:59','2023-05-18 22:11:59',NULL),(3949,7851,1537,40719,22,3,68,1,3037.23,NULL,'2023-05-18 22:11:59','2023-05-18 22:11:59',NULL),(3950,7851,1537,40719,22,3,221,1,1401.76,NULL,'2023-05-18 22:11:59','2023-05-18 22:11:59',NULL),(3951,7851,1537,40719,22,3,57,2,18902.00,NULL,'2023-05-18 22:11:59','2023-05-18 22:11:59',NULL),(3952,7851,1538,40719,22,3,554,1,4131.85,NULL,'2023-05-18 22:15:23','2023-05-18 22:15:23',NULL),(3953,7851,1538,40719,22,3,68,1,867.69,NULL,'2023-05-18 22:15:23','2023-05-18 22:15:23',NULL),(3954,7851,1538,40719,22,3,221,1,400.46,NULL,'2023-05-18 22:15:23','2023-05-18 22:15:23',NULL),(3955,7851,1538,40719,22,3,57,2,5400.00,NULL,'2023-05-18 22:15:23','2023-05-18 22:15:23',NULL),(3956,7851,1539,40719,22,3,520,1,17139.53,NULL,'2023-05-18 22:16:45','2023-05-18 22:16:45',NULL),(3957,7851,1539,40719,22,3,68,1,3599.30,NULL,'2023-05-18 22:16:45','2023-05-18 22:16:45',NULL),(3958,7851,1539,40719,22,3,221,1,1661.17,NULL,'2023-05-18 22:16:45','2023-05-18 22:16:45',NULL),(3959,7851,1539,40719,22,3,57,2,22400.00,NULL,'2023-05-18 22:16:45','2023-05-18 22:16:45',NULL),(3960,7851,1540,40719,22,21,57,1,22400.00,NULL,'2023-05-19 00:33:05','2023-05-19 00:33:05',NULL);
INSERT INTO `balance_libro_details` VALUES (3961,7851,1540,40719,22,21,563,2,22400.00,NULL,'2023-05-19 00:33:05','2023-05-19 00:33:05',NULL),(3962,7851,1541,40719,22,21,57,1,5400.00,NULL,'2023-05-19 00:33:56','2023-05-19 00:33:56',NULL),(3963,7851,1541,40719,22,21,488,2,5400.00,NULL,'2023-05-19 00:33:56','2023-05-19 00:33:56',NULL),(3964,7851,1542,40719,22,21,57,1,18902.00,NULL,'2023-05-19 00:34:40','2023-05-19 00:34:40',NULL),(3965,7851,1542,40719,22,21,484,2,18902.00,NULL,'2023-05-19 00:34:40','2023-05-19 00:34:40',NULL),(3966,7851,1543,40719,22,21,57,1,20500.00,NULL,'2023-05-19 00:35:25','2023-06-05 20:25:20','2023-06-05 20:25:20'),(3967,7851,1543,40719,22,21,484,2,20500.00,NULL,'2023-05-19 00:35:25','2023-06-05 20:25:20','2023-06-05 20:25:20'),(3968,7851,1544,40719,22,21,57,1,8401.57,NULL,'2023-05-19 00:36:06','2023-05-19 00:36:06',NULL),(3969,7851,1544,40719,22,21,552,2,8401.57,NULL,'2023-05-19 00:36:06','2023-05-19 00:36:06',NULL),(3970,7851,1545,40719,22,21,57,1,10302.19,NULL,'2023-05-19 00:36:46','2023-05-19 00:36:46',NULL),(3971,7851,1545,40719,22,21,552,2,10302.19,NULL,'2023-05-19 00:36:46','2023-05-19 00:36:46',NULL),(3972,7851,1546,40719,22,21,57,1,5300.72,NULL,'2023-05-19 00:38:32','2023-05-19 00:38:32',NULL),(3973,7851,1546,40719,22,21,552,2,5300.72,NULL,'2023-05-19 00:38:32','2023-05-19 00:38:32',NULL),(3974,7851,1547,40719,22,21,57,1,10401.23,NULL,'2023-05-19 00:39:08','2023-05-19 00:39:08',NULL),(3975,7851,1547,40719,22,21,552,2,10401.23,NULL,'2023-05-19 00:39:08','2023-05-19 00:39:08',NULL),(3976,7851,1548,40719,22,21,57,1,21662.33,NULL,'2023-05-19 00:40:25','2023-05-19 00:40:25',NULL),(3977,7851,1548,40719,22,21,552,2,21662.33,NULL,'2023-05-19 00:40:25','2023-05-19 00:40:25',NULL),(3978,7851,1549,40719,22,21,57,1,330512.00,NULL,'2023-05-19 00:43:38','2023-05-19 00:43:38',NULL),(3979,7851,1549,40719,22,21,494,2,330512.00,NULL,'2023-05-19 00:43:38','2023-05-19 00:43:38',NULL),(3980,7851,1550,40719,22,21,57,1,1461.99,NULL,'2023-05-19 00:44:18','2023-05-19 00:44:18',NULL),(3981,7851,1550,40719,22,21,552,2,1461.99,NULL,'2023-05-19 00:44:18','2023-05-19 00:44:18',NULL),(3982,7851,1551,40719,22,21,57,1,5599.33,NULL,'2023-05-19 00:45:01','2023-05-19 00:45:01',NULL),(3983,7851,1551,40719,22,21,552,2,5599.33,NULL,'2023-05-19 00:45:01','2023-05-19 00:45:01',NULL),(3984,7851,1552,40719,22,21,57,1,7209.00,NULL,'2023-05-19 00:45:47','2023-05-19 00:45:47',NULL),(3985,7851,1552,40719,22,21,552,2,7209.00,NULL,'2023-05-19 00:45:47','2023-05-19 00:45:47',NULL),(3986,7851,1553,40719,22,21,57,1,2698.30,NULL,'2023-05-19 00:46:49','2023-05-19 00:46:49',NULL),(3987,7851,1553,40719,22,21,163,2,2698.30,NULL,'2023-05-19 00:46:49','2023-05-19 00:46:49',NULL),(3988,7851,1554,40719,22,21,57,1,-6795.36,NULL,'2023-05-19 00:55:40','2023-05-19 00:55:40',NULL),(3989,7851,1554,40719,22,21,488,2,-6795.36,NULL,'2023-05-19 00:55:40','2023-05-19 00:55:40',NULL),(3990,7851,1555,40719,21,21,57,1,997.80,NULL,'2023-05-19 00:57:11','2023-05-19 00:57:11',NULL),(3991,7851,1555,40719,21,21,483,2,997.80,NULL,'2023-05-19 00:57:11','2023-05-19 00:57:11',NULL),(3992,7851,1556,40719,21,21,57,1,820749.97,NULL,'2023-05-19 01:05:32','2023-05-19 01:05:32',NULL),(3993,7851,1556,40719,21,21,494,2,280000.00,NULL,'2023-05-19 01:05:32','2023-05-19 01:05:32',NULL),(3994,7851,1556,40719,21,21,493,2,119000.00,NULL,'2023-05-19 01:05:32','2023-05-19 01:05:32',NULL),(3995,7851,1556,40719,21,21,552,2,421749.97,NULL,'2023-05-19 01:05:32','2023-05-19 01:05:32',NULL),(3996,7851,1557,40719,22,3,120,1,15009.89,NULL,'2023-05-19 01:06:16','2023-06-05 20:28:29','2023-06-05 20:28:29'),(3997,7851,1557,40719,22,3,68,1,4052.67,NULL,'2023-05-19 01:06:16','2023-06-05 20:28:29','2023-06-05 20:28:29'),(3998,7851,1557,40719,22,3,120,1,1201.71,NULL,'2023-05-19 01:06:16','2023-06-05 20:28:29','2023-06-05 20:28:29'),(3999,7851,1557,40719,22,3,57,2,20264.27,NULL,'2023-05-19 01:06:16','2023-06-05 20:28:29','2023-06-05 20:28:29'),(4000,7851,1558,40719,22,3,120,1,1551.96,NULL,'2023-05-19 01:06:34','2023-05-19 01:06:34',NULL);
INSERT INTO `balance_libro_details` VALUES (4001,7851,1558,40719,22,3,68,1,419.03,NULL,'2023-05-19 01:06:34','2023-05-19 01:06:34',NULL),(4002,7851,1558,40719,22,3,57,2,1970.99,NULL,'2023-05-19 01:06:34','2023-05-19 01:06:34',NULL),(4003,7851,1559,40719,22,21,57,1,16065.47,NULL,'2023-05-19 01:08:30','2023-05-19 01:08:30',NULL),(4004,7851,1559,40719,22,21,484,2,16065.47,NULL,'2023-05-19 01:08:30','2023-05-19 01:08:30',NULL),(4005,7851,1560,40719,21,21,57,1,3000.11,NULL,'2023-05-19 01:14:59','2023-05-19 01:14:59',NULL),(4006,7851,1560,40719,21,21,488,2,3000.11,NULL,'2023-05-19 01:14:59','2023-05-19 01:14:59',NULL),(4007,7851,1561,40719,22,20,564,2,25000.00,NULL,'2023-05-24 00:00:21','2023-05-24 00:00:21',NULL),(4008,7851,1561,40719,22,20,563,1,25000.00,NULL,'2023-05-24 00:00:21','2023-05-24 00:00:21',NULL),(4009,7851,1562,40719,22,20,563,1,15000.00,NULL,'2023-05-24 00:01:17','2023-05-24 00:01:17',NULL),(4010,7851,1562,40719,22,20,564,2,15000.00,NULL,'2023-05-24 00:01:17','2023-05-24 00:01:17',NULL),(4011,7851,1563,40719,22,19,566,1,17806.60,NULL,'2023-05-24 00:33:10','2023-05-24 00:33:10',NULL),(4012,7851,1563,40719,22,19,163,2,17806.60,NULL,'2023-05-24 00:33:10','2023-05-24 00:33:10',NULL),(4013,7851,1564,40719,22,19,492,1,10000.00,NULL,'2023-05-24 00:35:44','2023-05-24 00:35:44',NULL),(4014,7851,1564,40719,22,19,163,2,10000.00,NULL,'2023-05-24 00:35:44','2023-05-24 00:35:44',NULL),(4015,7851,1565,40719,22,19,492,1,10000.00,NULL,'2023-05-24 00:36:21','2023-05-24 00:36:21',NULL),(4016,7851,1565,40719,22,19,163,2,10000.00,NULL,'2023-05-24 00:36:21','2023-05-24 00:36:21',NULL),(4017,7851,1566,40719,22,21,527,1,6354.99,NULL,'2023-05-24 00:39:47','2023-05-24 00:39:47',NULL),(4018,7851,1566,40719,22,21,163,2,9373.27,NULL,'2023-05-24 00:39:47','2023-05-24 00:39:47',NULL),(4019,7851,1566,40719,22,21,540,1,3018.28,NULL,'2023-05-24 00:39:47','2023-05-24 00:39:47',NULL),(4020,7851,1567,40719,22,19,566,2,400538.16,NULL,'2023-05-24 00:41:42','2023-05-24 00:41:42',NULL),(4021,7851,1567,40719,22,19,163,1,400538.16,NULL,'2023-05-24 00:41:42','2023-05-24 00:41:42',NULL),(4022,7851,1568,40719,22,19,557,1,400000.00,NULL,'2023-05-24 00:43:36','2023-05-24 00:45:29','2023-05-24 00:45:29'),(4023,7851,1568,40719,22,19,163,2,400000.00,NULL,'2023-05-24 00:43:36','2023-05-24 00:45:29','2023-05-24 00:45:29'),(4024,7851,1569,40719,22,19,557,2,17806.60,NULL,'2023-05-24 00:44:48','2023-05-24 00:44:48',NULL),(4025,7851,1569,40719,22,19,163,1,17806.60,NULL,'2023-05-24 00:44:48','2023-05-24 00:44:48',NULL),(4026,7851,1570,40719,22,19,557,1,400000.00,NULL,'2023-05-24 00:45:29','2023-05-24 00:45:29',NULL),(4027,7851,1570,40719,22,19,163,2,400000.00,NULL,'2023-05-24 00:45:29','2023-05-24 00:45:29',NULL),(4028,7851,1571,40719,22,3,519,1,38350.41,NULL,'2023-05-24 00:50:46','2023-05-24 00:50:46',NULL),(4029,7851,1571,40719,22,3,68,1,8053.59,NULL,'2023-05-24 00:50:46','2023-05-24 00:50:46',NULL),(4030,7851,1571,40719,22,3,57,2,46404.00,NULL,'2023-05-24 00:50:46','2023-05-24 00:50:46',NULL),(4031,7851,1572,40719,22,21,57,1,20220.29,NULL,'2023-05-24 00:53:35','2023-05-24 01:21:36','2023-05-24 01:21:36'),(4032,7851,1572,40719,22,21,563,2,20220.29,NULL,'2023-05-24 00:53:35','2023-05-24 01:21:36','2023-05-24 01:21:36'),(4033,7851,1573,40719,22,21,57,1,1970.99,NULL,'2023-05-24 00:54:17','2023-05-24 01:21:21','2023-05-24 01:21:21'),(4034,7851,1573,40719,22,21,563,2,1970.99,NULL,'2023-05-24 00:54:17','2023-05-24 01:21:21','2023-05-24 01:21:21'),(4035,7851,1574,40719,22,21,57,1,46404.00,NULL,'2023-05-24 00:55:10','2023-05-24 00:55:10',NULL),(4036,7851,1574,40719,22,21,493,2,46404.00,NULL,'2023-05-24 00:55:10','2023-05-24 00:55:10',NULL),(4037,7851,1575,40719,22,3,507,1,5462.21,NULL,'2023-05-24 01:12:54','2023-05-24 01:12:54',NULL),(4038,7851,1575,40719,22,3,68,1,1147.06,NULL,'2023-05-24 01:12:54','2023-05-24 01:12:54',NULL),(4039,7851,1575,40719,22,3,507,1,0.01,NULL,'2023-05-24 01:12:54','2023-05-24 01:12:54',NULL),(4040,7851,1575,40719,22,3,57,2,6609.28,NULL,'2023-05-24 01:12:54','2023-05-24 01:12:54',NULL);
INSERT INTO `balance_libro_details` VALUES (4041,7851,1576,40719,22,3,507,1,26821.49,NULL,'2023-05-24 01:14:50','2023-05-24 01:14:50',NULL),(4042,7851,1576,40719,22,3,68,1,5632.51,NULL,'2023-05-24 01:14:50','2023-05-24 01:14:50',NULL),(4043,7851,1576,40719,22,3,57,2,32454.00,NULL,'2023-05-24 01:14:50','2023-05-24 01:14:50',NULL),(4044,7851,1577,40719,22,21,57,1,32454.00,NULL,'2023-05-24 01:16:34','2023-05-24 01:16:34',NULL),(4045,7851,1577,40719,22,21,493,2,32454.00,NULL,'2023-05-24 01:16:34','2023-05-24 01:16:34',NULL),(4046,7851,1578,40719,22,21,57,1,6609.28,NULL,'2023-05-24 01:17:11','2023-05-24 01:17:11',NULL),(4047,7851,1578,40719,22,21,493,2,6609.28,NULL,'2023-05-24 01:17:11','2023-05-24 01:17:11',NULL),(4048,7851,1579,40719,22,21,57,1,20220.29,NULL,'2023-05-24 01:25:26','2023-06-05 20:27:01','2023-06-05 20:27:01'),(4049,7851,1579,40719,22,21,163,2,20220.29,NULL,'2023-05-24 01:25:26','2023-06-05 20:27:01','2023-06-05 20:27:01'),(4050,7851,1580,40719,22,21,57,1,1970.99,NULL,'2023-05-24 01:26:06','2023-05-24 01:26:06',NULL),(4051,7851,1580,40719,22,21,163,2,1970.99,NULL,'2023-05-24 01:26:06','2023-05-24 01:26:06',NULL),(4052,7851,1581,40719,22,3,217,2,816819.81,NULL,'2023-06-01 17:24:17','2023-06-01 23:37:30','2023-06-01 23:37:30'),(4053,7851,1581,40719,22,3,67,2,3930.16,NULL,'2023-06-01 17:24:17','2023-06-01 23:37:30','2023-06-01 23:37:30'),(4054,7851,1581,40719,22,3,57,1,820749.97,NULL,'2023-06-01 17:24:17','2023-06-01 23:37:30','2023-06-01 23:37:30'),(4055,7851,1582,40719,22,3,217,1,412.31,NULL,'2023-06-01 17:24:17','2023-06-01 17:24:17',NULL),(4056,7851,1582,40719,22,3,68,1,86.59,NULL,'2023-06-01 17:24:17','2023-06-01 17:24:17',NULL),(4057,7851,1582,40719,22,3,57,2,498.90,NULL,'2023-06-01 17:24:17','2023-06-01 17:24:17',NULL),(4058,7851,1583,40719,22,3,217,1,41502.46,NULL,'2023-06-01 17:24:17','2023-06-01 17:24:17',NULL),(4059,7851,1583,40719,22,3,68,1,8715.52,NULL,'2023-06-01 17:24:17','2023-06-01 17:24:17',NULL),(4060,7851,1583,40719,22,3,57,2,50217.98,NULL,'2023-06-01 17:24:17','2023-06-01 17:24:17',NULL),(4061,7851,1584,40719,22,3,217,1,5462.21,NULL,'2023-06-01 17:24:17','2023-06-01 17:24:17',NULL),(4062,7851,1584,40719,22,3,68,1,1147.07,NULL,'2023-06-01 17:24:17','2023-06-01 17:24:17',NULL),(4063,7851,1584,40719,22,3,57,2,6609.28,NULL,'2023-06-01 17:24:17','2023-06-01 17:24:17',NULL),(4064,7851,1585,40719,22,3,163,1,2545.45,NULL,'2023-06-01 17:24:17','2023-06-01 17:24:17',NULL),(4065,7851,1585,40719,22,3,68,1,534.55,NULL,'2023-06-01 17:24:17','2023-06-01 17:24:17',NULL),(4066,7851,1585,40719,22,3,163,1,320.00,NULL,'2023-06-01 17:24:17','2023-06-01 17:24:17',NULL),(4067,7851,1585,40719,22,3,57,2,3400.00,NULL,'2023-06-01 17:24:17','2023-06-01 17:24:17',NULL),(4068,7851,1586,40719,22,3,217,1,143448.83,NULL,'2023-06-01 17:24:17','2023-06-01 17:24:17',NULL),(4069,7851,1586,40719,22,3,68,1,30124.25,NULL,'2023-06-01 17:24:17','2023-06-01 17:24:17',NULL),(4070,7851,1586,40719,22,3,57,2,173573.08,NULL,'2023-06-01 17:24:17','2023-06-01 17:24:17',NULL),(4071,7851,1587,40719,22,3,217,1,7799.83,NULL,'2023-06-01 17:24:17','2023-06-01 17:24:17',NULL),(4072,7851,1587,40719,22,3,68,1,1637.97,NULL,'2023-06-01 17:24:17','2023-06-01 17:24:17',NULL),(4073,7851,1587,40719,22,3,217,1,963.00,NULL,'2023-06-01 17:24:17','2023-06-01 17:24:17',NULL),(4074,7851,1587,40719,22,3,57,2,10400.80,NULL,'2023-06-01 17:24:17','2023-06-01 17:24:17',NULL),(4075,7851,1588,40719,22,3,217,1,33773.46,NULL,'2023-06-01 17:24:17','2023-06-01 17:24:17',NULL),(4076,7851,1588,40719,22,3,68,1,7092.43,NULL,'2023-06-01 17:24:17','2023-06-01 17:24:17',NULL),(4077,7851,1588,40719,22,3,217,1,844.34,NULL,'2023-06-01 17:24:17','2023-06-01 17:24:17',NULL),(4078,7851,1588,40719,22,3,57,2,41710.23,NULL,'2023-06-01 17:24:17','2023-06-01 17:24:17',NULL),(4079,7851,1589,40719,22,3,217,1,86902.84,NULL,'2023-06-01 17:24:17','2023-06-01 17:24:17',NULL),(4080,7851,1589,40719,22,3,68,1,18249.60,NULL,'2023-06-01 17:24:17','2023-06-01 17:24:17',NULL);
INSERT INTO `balance_libro_details` VALUES (4081,7851,1589,40719,22,3,217,1,2172.57,NULL,'2023-06-01 17:24:17','2023-06-01 17:24:17',NULL),(4082,7851,1589,40719,22,3,57,2,107325.01,NULL,'2023-06-01 17:24:17','2023-06-01 17:24:17',NULL),(4083,7851,1590,40719,22,3,217,1,86902.84,NULL,'2023-06-01 17:24:17','2023-06-01 17:24:17',NULL),(4084,7851,1590,40719,22,3,68,1,18249.60,NULL,'2023-06-01 17:24:17','2023-06-01 17:24:17',NULL),(4085,7851,1590,40719,22,3,217,1,2172.57,NULL,'2023-06-01 17:24:17','2023-06-01 17:24:17',NULL),(4086,7851,1590,40719,22,3,57,2,107325.01,NULL,'2023-06-01 17:24:17','2023-06-01 17:24:17',NULL),(4087,7851,1591,40719,22,3,217,1,31995.91,NULL,'2023-06-01 17:24:17','2023-06-01 17:24:17',NULL),(4088,7851,1591,40719,22,3,68,1,6719.14,NULL,'2023-06-01 17:24:17','2023-06-01 17:24:17',NULL),(4089,7851,1591,40719,22,3,217,1,799.90,NULL,'2023-06-01 17:24:17','2023-06-01 17:24:17',NULL),(4090,7851,1591,40719,22,3,57,2,39514.95,NULL,'2023-06-01 17:24:17','2023-06-01 17:24:17',NULL),(4091,7851,1592,40719,22,3,217,2,86902.84,NULL,'2023-06-01 17:24:17','2023-06-01 17:24:17',NULL),(4092,7851,1592,40719,22,3,67,2,18249.60,NULL,'2023-06-01 17:24:17','2023-06-01 17:24:17',NULL),(4093,7851,1592,40719,22,3,217,2,2172.57,NULL,'2023-06-01 17:24:17','2023-06-01 17:24:17',NULL),(4094,7851,1592,40719,22,3,57,1,107325.01,NULL,'2023-06-01 17:24:17','2023-06-01 17:24:17',NULL),(4095,7851,1593,40719,22,3,217,2,31995.91,NULL,'2023-06-01 17:24:17','2023-06-01 17:24:17',NULL),(4096,7851,1593,40719,22,3,67,2,6719.14,NULL,'2023-06-01 17:24:17','2023-06-01 17:24:17',NULL),(4097,7851,1593,40719,22,3,217,2,799.90,NULL,'2023-06-01 17:24:17','2023-06-01 17:24:17',NULL),(4098,7851,1593,40719,22,3,57,1,39514.95,NULL,'2023-06-01 17:24:17','2023-06-01 17:24:17',NULL),(4099,7851,1594,40719,22,3,217,1,3636.36,NULL,'2023-06-01 17:24:17','2023-06-01 17:24:17',NULL),(4100,7851,1594,40719,22,3,68,1,763.64,NULL,'2023-06-01 17:24:17','2023-06-01 17:24:17',NULL),(4101,7851,1594,40719,22,3,57,2,4400.00,NULL,'2023-06-01 17:24:17','2023-06-01 17:24:17',NULL),(4102,7851,1595,40719,22,3,217,1,4958.68,NULL,'2023-06-01 17:24:17','2023-06-01 17:24:17',NULL),(4103,7851,1595,40719,22,3,68,1,1041.32,NULL,'2023-06-01 17:24:17','2023-06-01 17:24:17',NULL),(4104,7851,1595,40719,22,3,57,2,6000.00,NULL,'2023-06-01 17:24:17','2023-06-01 17:24:17',NULL),(4105,7851,1596,40719,22,2,96,2,350000.00,NULL,'2023-06-01 17:27:35','2023-06-01 17:27:35',NULL),(4106,7851,1596,40719,22,2,67,2,36750.00,NULL,'2023-06-01 17:27:35','2023-06-01 17:27:35',NULL),(4107,7851,1596,40719,22,2,13,1,386750.00,NULL,'2023-06-01 17:27:35','2023-06-01 17:27:35',NULL),(4108,7851,1597,40719,22,3,507,1,3834.71,NULL,'2023-06-01 17:50:42','2023-06-01 17:50:42',NULL),(4109,7851,1597,40719,22,3,68,1,805.29,NULL,'2023-06-01 17:50:42','2023-06-01 17:50:42',NULL),(4110,7851,1597,40719,22,3,57,2,4640.00,NULL,'2023-06-01 17:50:42','2023-06-01 17:50:42',NULL),(4111,7851,1598,40719,22,3,520,1,15360.40,NULL,'2023-06-01 17:52:14','2023-06-01 17:52:14',NULL),(4112,7851,1598,40719,22,3,68,1,3225.68,NULL,'2023-06-01 17:52:14','2023-06-01 17:52:14',NULL),(4113,7851,1598,40719,22,3,221,1,1413.91,NULL,'2023-06-01 17:52:14','2023-06-01 17:52:14',NULL),(4114,7851,1598,40719,22,3,57,2,19999.99,NULL,'2023-06-01 17:52:14','2023-06-01 17:52:14',NULL),(4115,7851,1599,40719,22,3,520,1,12518.73,NULL,'2023-06-01 17:53:55','2023-06-01 17:53:55',NULL),(4116,7851,1599,40719,22,3,68,1,2628.93,NULL,'2023-06-01 17:53:55','2023-06-01 17:53:55',NULL),(4117,7851,1599,40719,22,3,221,1,1152.34,NULL,'2023-06-01 17:53:55','2023-06-01 17:53:55',NULL),(4118,7851,1599,40719,22,3,57,2,16300.00,NULL,'2023-06-01 17:53:55','2023-06-01 17:53:55',NULL),(4119,7851,1600,40719,22,3,554,1,2479.37,NULL,'2023-06-01 17:59:02','2023-06-01 17:59:02',NULL),(4120,7851,1600,40719,22,3,68,1,520.67,NULL,'2023-06-01 17:59:02','2023-06-01 17:59:02',NULL),(4121,7851,1600,40719,22,3,57,2,3000.04,NULL,'2023-06-01 17:59:02','2023-06-01 17:59:02',NULL);
INSERT INTO `balance_libro_details` VALUES (4122,7851,1601,40719,22,3,554,1,450.07,NULL,'2023-06-01 18:00:04','2023-06-01 18:00:04',NULL),(4123,7851,1601,40719,22,3,68,1,94.51,NULL,'2023-06-01 18:00:04','2023-06-01 18:00:04',NULL),(4124,7851,1601,40719,22,3,221,1,5.42,NULL,'2023-06-01 18:00:04','2023-06-01 18:00:04',NULL),(4125,7851,1601,40719,22,3,57,2,550.00,NULL,'2023-06-01 18:00:04','2023-06-01 18:00:04',NULL),(4126,7851,1602,40719,22,3,554,1,2479.29,NULL,'2023-06-01 18:01:51','2023-06-01 18:01:51',NULL),(4127,7851,1602,40719,22,3,68,1,520.65,NULL,'2023-06-01 18:01:51','2023-06-01 18:01:51',NULL),(4128,7851,1602,40719,22,3,57,2,2999.94,NULL,'2023-06-01 18:01:51','2023-06-01 18:01:51',NULL),(4129,7851,1603,40719,22,3,554,1,2923.87,NULL,'2023-06-01 18:05:41','2023-06-01 18:05:41',NULL),(4130,7851,1603,40719,22,3,68,1,614.01,NULL,'2023-06-01 18:05:41','2023-06-01 18:05:41',NULL),(4131,7851,1603,40719,22,3,221,1,462.11,NULL,'2023-06-01 18:05:41','2023-06-01 18:05:41',NULL),(4132,7851,1603,40719,22,3,57,2,3999.99,NULL,'2023-06-01 18:05:41','2023-06-01 18:05:41',NULL),(4133,7851,1604,40719,22,3,554,1,1461.91,NULL,'2023-06-01 18:08:29','2023-06-01 18:08:29',NULL),(4134,7851,1604,40719,22,3,68,1,307.00,NULL,'2023-06-01 18:08:29','2023-06-01 18:08:29',NULL),(4135,7851,1604,40719,22,3,221,1,231.05,NULL,'2023-06-01 18:08:29','2023-06-01 18:08:29',NULL),(4136,7851,1604,40719,22,3,57,2,1999.96,NULL,'2023-06-01 18:08:29','2023-06-01 18:08:29',NULL),(4137,7851,1605,40719,22,3,507,1,23434.75,NULL,'2023-06-01 18:12:10','2023-06-01 18:14:58','2023-06-01 18:14:58'),(4138,7851,1605,40719,22,3,68,1,4921.30,NULL,'2023-06-01 18:12:10','2023-06-01 18:14:58','2023-06-01 18:14:58'),(4139,7851,1605,40719,22,3,507,1,204.84,NULL,'2023-06-01 18:12:10','2023-06-01 18:14:58','2023-06-01 18:14:58'),(4140,7851,1605,40719,22,3,68,1,21.51,NULL,'2023-06-01 18:12:10','2023-06-01 18:14:58','2023-06-01 18:14:58'),(4141,7851,1605,40719,22,3,237,1,1418.37,NULL,'2023-06-01 18:12:10','2023-06-01 18:14:58','2023-06-01 18:14:58'),(4142,7851,1605,40719,22,3,57,2,30000.77,NULL,'2023-06-01 18:12:10','2023-06-01 18:14:58','2023-06-01 18:14:58'),(4143,7851,1606,40719,22,3,507,1,22919.96,NULL,'2023-06-01 18:13:03','2023-06-01 18:14:49','2023-06-01 18:14:49'),(4144,7851,1606,40719,22,3,68,1,4813.19,NULL,'2023-06-01 18:13:03','2023-06-01 18:14:49','2023-06-01 18:14:49'),(4145,7851,1606,40719,22,3,507,1,956.25,NULL,'2023-06-01 18:13:03','2023-06-01 18:14:49','2023-06-01 18:14:49'),(4146,7851,1606,40719,22,3,68,1,100.41,NULL,'2023-06-01 18:13:03','2023-06-01 18:14:49','2023-06-01 18:14:49'),(4147,7851,1606,40719,22,3,237,1,1432.57,NULL,'2023-06-01 18:13:03','2023-06-01 18:14:49','2023-06-01 18:14:49'),(4148,7851,1606,40719,22,3,57,2,30222.38,NULL,'2023-06-01 18:13:03','2023-06-01 18:14:49','2023-06-01 18:14:49'),(4149,7851,1607,40719,22,3,507,1,6266.34,NULL,'2023-06-01 18:13:57','2023-06-01 18:13:57',NULL),(4150,7851,1607,40719,22,3,68,1,1315.93,NULL,'2023-06-01 18:13:57','2023-06-01 18:13:57',NULL),(4151,7851,1607,40719,22,3,237,1,375.98,NULL,'2023-06-01 18:13:57','2023-06-01 18:13:57',NULL),(4152,7851,1607,40719,22,3,57,2,7958.25,NULL,'2023-06-01 18:13:57','2023-06-01 18:13:57',NULL),(4153,7851,1608,40719,22,3,507,1,17591.22,NULL,'2023-06-01 18:14:41','2023-06-01 18:14:41',NULL),(4154,7851,1608,40719,22,3,68,1,3694.16,NULL,'2023-06-01 18:14:41','2023-06-01 18:14:41',NULL),(4155,7851,1608,40719,22,3,237,1,1055.47,NULL,'2023-06-01 18:14:41','2023-06-01 18:14:41',NULL),(4156,7851,1608,40719,22,3,57,2,22340.85,NULL,'2023-06-01 18:14:41','2023-06-01 18:14:41',NULL),(4157,7851,1609,40719,22,3,507,1,22919.96,NULL,'2023-06-01 18:14:49','2023-06-01 18:14:49',NULL),(4158,7851,1609,40719,22,3,68,1,4813.19,NULL,'2023-06-01 18:14:49','2023-06-01 18:14:49',NULL),(4159,7851,1609,40719,22,3,507,1,956.25,NULL,'2023-06-01 18:14:49','2023-06-01 18:14:49',NULL),(4160,7851,1609,40719,22,3,68,1,100.41,NULL,'2023-06-01 18:14:49','2023-06-01 18:14:49',NULL);
INSERT INTO `balance_libro_details` VALUES (4161,7851,1609,40719,22,3,237,1,1432.57,NULL,'2023-06-01 18:14:49','2023-06-01 18:14:49',NULL),(4162,7851,1609,40719,22,3,57,2,30222.38,NULL,'2023-06-01 18:14:49','2023-06-01 18:14:49',NULL),(4163,7851,1610,40719,22,3,507,1,23434.75,NULL,'2023-06-01 18:14:58','2023-06-01 18:14:58',NULL),(4164,7851,1610,40719,22,3,68,1,4921.30,NULL,'2023-06-01 18:14:58','2023-06-01 18:14:58',NULL),(4165,7851,1610,40719,22,3,507,1,204.84,NULL,'2023-06-01 18:14:58','2023-06-01 18:14:58',NULL),(4166,7851,1610,40719,22,3,68,1,21.51,NULL,'2023-06-01 18:14:58','2023-06-01 18:14:58',NULL),(4167,7851,1610,40719,22,3,237,1,1418.37,NULL,'2023-06-01 18:14:58','2023-06-01 18:14:58',NULL),(4168,7851,1610,40719,22,3,57,2,30000.77,NULL,'2023-06-01 18:14:58','2023-06-01 18:14:58',NULL),(4169,7851,1611,40719,21,15,67,1,236025.69,NULL,'2023-06-01 18:15:39','2023-06-01 18:15:39',NULL),(4170,7851,1611,40719,21,15,68,2,183544.69,NULL,'2023-06-01 18:15:40','2023-06-01 18:15:40',NULL),(4171,7851,1611,40719,21,15,74,2,49299.50,NULL,'2023-06-01 18:15:40','2023-06-01 18:15:40',NULL),(4172,7851,1611,40719,21,15,136,2,3181.50,NULL,'2023-06-01 18:15:40','2023-06-01 18:15:40',NULL),(4173,7851,1612,40719,22,21,57,1,90522.25,NULL,'2023-06-01 23:05:16','2023-06-01 23:05:16',NULL),(4174,7851,1612,40719,22,21,552,2,90522.25,NULL,'2023-06-01 23:05:16','2023-06-01 23:05:16',NULL),(4175,7851,1613,40719,22,21,57,1,5999.95,NULL,'2023-06-01 23:07:04','2023-06-01 23:07:04',NULL),(4176,7851,1613,40719,22,21,488,2,5999.95,NULL,'2023-06-01 23:07:04','2023-06-01 23:07:04',NULL),(4177,7851,1614,40719,22,21,57,1,7000.10,NULL,'2023-06-01 23:08:13','2023-06-01 23:08:13',NULL),(4178,7851,1614,40719,22,21,488,2,7000.10,NULL,'2023-06-01 23:08:13','2023-06-01 23:08:13',NULL),(4179,7851,1615,40719,22,21,57,1,6549.98,NULL,'2023-06-01 23:09:05','2023-06-01 23:09:05',NULL),(4180,7851,1615,40719,22,21,488,2,6549.98,NULL,'2023-06-01 23:09:05','2023-06-01 23:09:05',NULL),(4181,7851,1616,40719,22,21,57,1,16300.00,NULL,'2023-06-01 23:11:43','2023-06-01 23:11:43',NULL),(4182,7851,1616,40719,22,21,484,2,16300.00,NULL,'2023-06-01 23:11:43','2023-06-01 23:11:43',NULL),(4183,7851,1617,40719,22,21,57,1,19999.99,NULL,'2023-06-01 23:12:44','2023-06-01 23:12:44',NULL),(4184,7851,1617,40719,22,21,563,2,19999.99,NULL,'2023-06-01 23:12:44','2023-06-01 23:12:44',NULL),(4185,7851,1618,40719,22,21,57,1,4640.00,NULL,'2023-06-01 23:13:52','2023-06-01 23:13:52',NULL),(4186,7851,1618,40719,22,21,552,2,4640.00,NULL,'2023-06-01 23:13:52','2023-06-01 23:13:52',NULL),(4187,7851,1619,40719,22,21,57,1,10400.80,NULL,'2023-06-01 23:14:47','2023-06-01 23:14:47',NULL),(4188,7851,1619,40719,22,21,552,2,10400.80,NULL,'2023-06-01 23:14:47','2023-06-01 23:14:47',NULL),(4189,7851,1620,40719,22,21,57,1,173573.08,NULL,'2023-06-01 23:17:05','2023-06-01 23:17:05',NULL),(4190,7851,1620,40719,22,21,483,2,173573.08,NULL,'2023-06-01 23:17:05','2023-06-01 23:17:05',NULL),(4191,7851,1621,40719,22,21,57,1,6000.00,NULL,'2023-06-01 23:18:13','2023-06-01 23:18:13',NULL),(4192,7851,1621,40719,22,21,493,2,6000.00,NULL,'2023-06-01 23:18:13','2023-06-01 23:18:13',NULL),(4193,7851,1622,40719,22,21,57,1,3400.00,NULL,'2023-06-01 23:18:56','2023-06-05 23:54:28','2023-06-05 23:54:28'),(4194,7851,1622,40719,22,21,552,2,3400.00,NULL,'2023-06-01 23:18:56','2023-06-05 23:54:28','2023-06-05 23:54:28'),(4195,7851,1623,40719,22,21,57,1,37259.00,NULL,'2023-06-01 23:21:46','2023-06-01 23:21:46',NULL),(4196,7851,1623,40719,22,21,483,2,37259.00,NULL,'2023-06-01 23:21:46','2023-06-01 23:21:46',NULL),(4197,7851,1624,40719,22,21,57,1,6609.28,NULL,'2023-06-01 23:23:23','2023-06-01 23:23:23',NULL),(4198,7851,1624,40719,22,21,493,2,6609.28,NULL,'2023-06-01 23:23:23','2023-06-01 23:23:23',NULL),(4199,7851,1625,40719,22,21,57,1,4400.00,NULL,'2023-06-01 23:24:17','2023-06-01 23:24:17',NULL),(4200,7851,1625,40719,22,21,493,2,4400.00,NULL,'2023-06-01 23:24:17','2023-06-01 23:24:17',NULL),(4201,7851,1626,40719,22,21,57,1,50217.98,NULL,'2023-06-01 23:25:32','2023-06-01 23:25:32',NULL);
INSERT INTO `balance_libro_details` VALUES (4202,7851,1626,40719,22,21,493,2,50217.98,NULL,'2023-06-01 23:25:32','2023-06-01 23:25:32',NULL),(4203,7851,1627,40719,22,21,57,1,498.90,NULL,'2023-06-01 23:26:39','2023-06-06 00:28:38','2023-06-06 00:28:38'),(4204,7851,1627,40719,22,21,484,2,498.90,NULL,'2023-06-01 23:26:39','2023-06-06 00:28:38','2023-06-06 00:28:38'),(4205,7851,1628,40719,22,21,57,1,3000.01,NULL,'2023-06-01 23:38:29','2023-06-01 23:38:29',NULL),(4206,7851,1628,40719,22,21,552,2,3000.01,NULL,'2023-06-01 23:38:29','2023-06-01 23:38:29',NULL),(4207,7851,1629,40719,22,19,564,2,30000.00,NULL,'2023-06-02 00:06:58','2023-06-02 00:08:10','2023-06-02 00:08:10'),(4208,7851,1629,40719,22,19,563,1,30000.00,NULL,'2023-06-02 00:06:58','2023-06-02 00:08:10','2023-06-02 00:08:10'),(4209,7851,1630,40719,22,19,564,2,20000.00,NULL,'2023-06-02 00:07:50','2023-06-02 00:07:50',NULL),(4210,7851,1630,40719,22,19,563,1,20000.00,NULL,'2023-06-02 00:07:50','2023-06-02 00:07:50',NULL),(4211,7851,1631,40719,22,19,564,2,30000.00,NULL,'2023-06-02 00:08:10','2023-06-02 00:08:10',NULL),(4212,7851,1631,40719,22,19,563,1,30000.00,NULL,'2023-06-02 00:08:10','2023-06-02 00:08:10',NULL),(4213,7851,1632,40719,22,3,120,1,14276.89,NULL,'2023-06-05 20:28:29','2023-06-05 20:28:29',NULL),(4214,7851,1632,40719,22,3,68,1,3854.76,NULL,'2023-06-05 20:28:29','2023-06-05 20:28:29',NULL),(4215,7851,1632,40719,22,3,120,1,733.00,NULL,'2023-06-05 20:28:29','2023-06-05 20:28:29',NULL),(4216,7851,1632,40719,22,3,68,1,153.93,NULL,'2023-06-05 20:28:29','2023-06-05 20:28:29',NULL),(4217,7851,1632,40719,22,3,221,1,751.41,NULL,'2023-06-05 20:28:29','2023-06-05 20:28:29',NULL),(4218,7851,1632,40719,22,3,237,1,450.30,NULL,'2023-06-05 20:28:29','2023-06-05 20:28:29',NULL),(4219,7851,1632,40719,22,3,57,2,20220.29,NULL,'2023-06-05 20:28:29','2023-06-05 20:28:29',NULL),(4220,7851,1633,40719,22,21,57,1,20220.29,NULL,'2023-06-05 20:29:31','2023-06-05 20:29:31',NULL),(4221,7851,1633,40719,22,21,163,2,20220.29,NULL,'2023-06-05 20:29:31','2023-06-05 20:29:31',NULL),(4222,7851,1634,40719,22,3,520,1,15991.79,NULL,'2023-06-05 20:30:08','2023-06-05 20:33:54','2023-06-05 20:33:54'),(4223,7851,1634,40719,22,3,68,1,3358.28,NULL,'2023-06-05 20:30:08','2023-06-05 20:33:54','2023-06-05 20:33:54'),(4224,7851,1634,40719,22,3,221,1,1549.93,NULL,'2023-06-05 20:30:08','2023-06-05 20:33:54','2023-06-05 20:33:54'),(4225,7851,1634,40719,22,3,57,2,20900.00,NULL,'2023-06-05 20:30:08','2023-06-05 20:33:54','2023-06-05 20:33:54'),(4226,7851,1635,40719,22,3,520,1,15991.79,NULL,'2023-06-05 20:33:54','2023-06-05 23:06:41','2023-06-05 23:06:41'),(4227,7851,1635,40719,22,3,68,1,3358.28,NULL,'2023-06-05 20:33:54','2023-06-05 23:06:41','2023-06-05 23:06:41'),(4228,7851,1635,40719,22,3,221,1,1549.93,NULL,'2023-06-05 20:33:54','2023-06-05 23:06:41','2023-06-05 23:06:41'),(4229,7851,1635,40719,22,3,57,2,20900.00,NULL,'2023-06-05 20:33:55','2023-06-05 23:06:41','2023-06-05 23:06:41'),(4230,7851,1636,40719,22,3,520,1,15991.79,NULL,'2023-06-05 23:08:18','2023-06-05 23:08:18',NULL),(4231,7851,1636,40719,22,3,68,1,3358.28,NULL,'2023-06-05 23:08:18','2023-06-05 23:08:18',NULL),(4232,7851,1636,40719,22,3,221,1,1549.93,NULL,'2023-06-05 23:08:18','2023-06-05 23:08:18',NULL),(4233,7851,1636,40719,22,3,57,2,20900.00,NULL,'2023-06-05 23:08:18','2023-06-05 23:08:18',NULL),(4234,7851,1637,40719,22,21,57,1,20900.00,NULL,'2023-06-05 23:08:54','2023-06-06 01:02:19','2023-06-06 01:02:19'),(4235,7851,1637,40719,22,21,488,2,20900.00,NULL,'2023-06-05 23:08:54','2023-06-06 01:02:19','2023-06-06 01:02:19'),(4236,7851,1638,40719,23,19,564,2,25000.00,NULL,'2023-06-05 23:15:17','2023-06-05 23:15:17',NULL),(4237,7851,1638,40719,23,19,563,1,25000.00,NULL,'2023-06-05 23:15:17','2023-06-05 23:15:17',NULL),(4238,7851,1639,40719,23,19,564,2,25000.00,NULL,'2023-06-05 23:16:21','2023-06-05 23:16:21',NULL),(4239,7851,1639,40719,23,19,563,1,25000.00,NULL,'2023-06-05 23:16:21','2023-06-05 23:16:21',NULL),(4240,7851,1640,40719,23,19,565,1,18000.00,NULL,'2023-06-05 23:22:14','2023-06-05 23:22:14',NULL);
INSERT INTO `balance_libro_details` VALUES (4241,7851,1640,40719,23,19,563,2,18000.00,NULL,'2023-06-05 23:22:14','2023-06-05 23:22:14',NULL),(4242,7851,1641,40719,23,19,565,1,10000.00,NULL,'2023-06-05 23:23:29','2023-06-05 23:23:29',NULL),(4243,7851,1641,40719,23,19,563,2,10000.00,NULL,'2023-06-05 23:23:29','2023-06-05 23:23:29',NULL),(4244,7851,1642,40719,22,20,13,2,386750.00,NULL,'2023-06-05 23:41:26','2023-06-05 23:41:26',NULL),(4245,7851,1642,40719,22,20,163,1,386750.00,NULL,'2023-06-05 23:41:26','2023-06-05 23:41:26',NULL),(4246,7851,1643,40719,22,21,57,1,3400.00,NULL,'2023-06-05 23:55:39','2023-06-06 00:11:09','2023-06-06 00:11:09'),(4247,7851,1643,40719,22,21,552,2,3400.00,NULL,'2023-06-05 23:55:39','2023-06-06 00:11:09','2023-06-06 00:11:09'),(4248,7851,1644,40719,22,19,163,1,20000.00,NULL,'2023-06-05 23:57:22','2023-06-05 23:57:22',NULL),(4249,7851,1644,40719,22,19,483,2,20000.00,NULL,'2023-06-05 23:57:22','2023-06-05 23:57:22',NULL),(4250,7851,1645,40719,22,21,57,1,7593.00,NULL,'2023-06-05 23:58:37','2023-06-05 23:58:37',NULL),(4251,7851,1645,40719,22,21,163,2,7593.00,NULL,'2023-06-05 23:58:37','2023-06-05 23:58:37',NULL),(4252,7851,1646,40719,22,19,483,1,290000.00,NULL,'2023-06-06 00:00:19','2023-06-06 00:00:19',NULL),(4253,7851,1646,40719,22,19,163,2,290000.00,NULL,'2023-06-06 00:00:19','2023-06-06 00:00:19',NULL),(4254,7851,1647,40719,22,3,491,1,50400.00,NULL,'2023-06-06 00:01:57','2023-06-06 00:01:57',NULL),(4255,7851,1647,40719,22,3,518,2,50400.00,NULL,'2023-06-06 00:01:57','2023-06-06 00:01:57',NULL),(4256,7851,1648,40719,22,21,163,2,50400.00,NULL,'2023-06-06 00:02:37','2023-06-06 00:02:37',NULL),(4257,7851,1648,40719,22,21,62,1,50400.00,NULL,'2023-06-06 00:02:37','2023-06-06 00:02:37',NULL),(4258,7851,1649,40719,22,3,491,2,89600.00,NULL,'2023-06-06 00:03:17','2023-06-06 00:03:17',NULL),(4259,7851,1649,40719,22,3,518,1,89600.00,NULL,'2023-06-06 00:03:17','2023-06-06 00:03:17',NULL),(4260,7851,1650,40719,22,21,163,2,89600.00,NULL,'2023-06-06 00:03:42','2023-06-06 00:03:42',NULL),(4261,7851,1650,40719,22,21,491,1,89600.00,NULL,'2023-06-06 00:03:42','2023-06-06 00:03:42',NULL),(4262,7851,1651,40719,23,3,63,2,75.70,NULL,'2023-06-06 00:05:16','2023-06-06 00:05:16',NULL),(4263,7851,1651,40719,23,3,191,1,75.70,NULL,'2023-06-06 00:05:16','2023-06-06 00:05:16',NULL),(4264,7851,1652,40719,23,10,163,2,75.70,NULL,'2023-06-06 00:05:56','2023-06-06 00:05:56',NULL),(4265,7851,1652,40719,23,10,63,1,75.70,NULL,'2023-06-06 00:05:56','2023-06-06 00:05:56',NULL),(4266,7851,1653,40719,22,21,57,1,3400.00,NULL,'2023-06-06 00:11:44','2023-06-06 00:11:44',NULL),(4267,7851,1653,40719,22,21,552,2,3400.00,NULL,'2023-06-06 00:11:44','2023-06-06 00:11:44',NULL),(4268,7851,1654,40719,22,19,566,1,196000.00,NULL,'2023-06-06 00:18:28','2023-06-06 00:18:28',NULL),(4269,7851,1654,40719,22,19,483,2,196000.00,NULL,'2023-06-06 00:18:28','2023-06-06 00:18:28',NULL),(4270,7851,1655,40719,22,21,57,1,498.90,NULL,'2023-06-06 00:29:36','2023-06-06 00:29:36',NULL),(4271,7851,1655,40719,22,21,494,2,498.90,NULL,'2023-06-06 00:29:36','2023-06-06 00:29:36',NULL),(4272,7851,1656,40719,22,21,57,1,997.80,NULL,'2023-06-06 00:33:49','2023-06-06 00:33:49',NULL),(4273,7851,1656,40719,22,21,494,2,997.80,NULL,'2023-06-06 00:33:49','2023-06-06 00:33:49',NULL),(4274,7851,1657,40719,22,21,57,1,20900.00,NULL,'2023-06-06 01:03:39','2023-06-06 01:03:39',NULL),(4275,7851,1657,40719,22,21,484,2,20900.00,NULL,'2023-06-06 01:03:39','2023-06-06 01:03:39',NULL);

--
-- Table structure for table `blogs`
--

CREATE TABLE `blogs` (
  `id` int(10) unsigned NOT NULL AUTO_INCREMENT,
  `user_id` int(10) unsigned DEFAULT NULL,
  `fecha` date NOT NULL,
  `file` varchar(191) COLLATE utf8mb4_unicode_ci DEFAULT NULL,
  `blogs_categoria_id` int(10) unsigned NOT NULL,
  `blogs_categoria_sub_id` int(10) unsigned NOT NULL,
  `path` varchar(191) COLLATE utf8mb4_unicode_ci NOT NULL,
  `titulo` varchar(191) COLLATE utf8mb4_unicode_ci NOT NULL,
  `contenido` longtext COLLATE utf8mb4_unicode_ci NOT NULL,
  `autor` varchar(191) COLLATE utf8mb4_unicode_ci NOT NULL,
  `publicar` tinyint(1) NOT NULL DEFAULT '0',
  `created_at` timestamp NULL DEFAULT NULL,
  `updated_at` timestamp NULL DEFAULT NULL,
  `deleted_at` timestamp NULL DEFAULT NULL,
  PRIMARY KEY (`id`),
  KEY `blogs_blogs_categoria_id_foreign` (`blogs_categoria_id`),
  KEY `blogs_blogs_categoria_sub_id_foreign` (`blogs_categoria_sub_id`),
  CONSTRAINT `blogs_blogs_categoria_id_foreign` FOREIGN KEY (`blogs_categoria_id`) REFERENCES `blogs_categorias` (`id`),
  CONSTRAINT `blogs_blogs_categoria_sub_id_foreign` FOREIGN KEY (`blogs_categoria_sub_id`) REFERENCES `blogs_categorias_sub` (`id`)
) ENGINE=InnoDB DEFAULT CHARSET=utf8mb4 COLLATE=utf8mb4_unicode_ci;

--
-- Dumping data for table `blogs`
--


--
-- Table structure for table `blogs_categorias`
--

CREATE TABLE `blogs_categorias` (
  `id` int(10) unsigned NOT NULL AUTO_INCREMENT,
  `user_id` int(10) unsigned DEFAULT NULL,
  `descripcion` varchar(191) COLLATE utf8mb4_unicode_ci DEFAULT NULL,
  `created_at` timestamp NULL DEFAULT NULL,
  `updated_at` timestamp NULL DEFAULT NULL,
  `deleted_at` timestamp NULL DEFAULT NULL,
  PRIMARY KEY (`id`)
) ENGINE=InnoDB DEFAULT CHARSET=utf8mb4 COLLATE=utf8mb4_unicode_ci;

--
-- Dumping data for table `blogs_categorias`
--


--
-- Table structure for table `blogs_categorias_sub`
--

CREATE TABLE `blogs_categorias_sub` (
  `id` int(10) unsigned NOT NULL AUTO_INCREMENT,
  `user_id` int(10) unsigned DEFAULT NULL,
  `blogs_categoria_id` int(10) unsigned NOT NULL,
  `descripcion` varchar(191) COLLATE utf8mb4_unicode_ci NOT NULL,
  `created_at` timestamp NULL DEFAULT NULL,
  `updated_at` timestamp NULL DEFAULT NULL,
  `deleted_at` timestamp NULL DEFAULT NULL,
  PRIMARY KEY (`id`),
  KEY `blogs_categorias_sub_blogs_categoria_id_foreign` (`blogs_categoria_id`),
  CONSTRAINT `blogs_categorias_sub_blogs_categoria_id_foreign` FOREIGN KEY (`blogs_categoria_id`) REFERENCES `blogs_categorias` (`id`)
) ENGINE=InnoDB DEFAULT CHARSET=utf8mb4 COLLATE=utf8mb4_unicode_ci;

--
-- Dumping data for table `blogs_categorias_sub`
--


--
-- Table structure for table `bs_per_alicuotas`
--

CREATE TABLE `bs_per_alicuotas` (
  `id` int(10) unsigned NOT NULL AUTO_INCREMENT,
  `anio` int(10) unsigned NOT NULL,
  `min_no_imponible` decimal(16,2) NOT NULL DEFAULT '0.00',
  `desde` decimal(16,2) NOT NULL DEFAULT '0.00',
  `hasta` decimal(16,2) NOT NULL DEFAULT '0.00',
  `impuesto` decimal(16,2) NOT NULL DEFAULT '0.00',
  `mas_porcentaje` decimal(16,4) NOT NULL DEFAULT '0.0000',
  `excedente` decimal(16,2) NOT NULL DEFAULT '0.00',
  `created_at` timestamp NULL DEFAULT NULL,
  `updated_at` timestamp NULL DEFAULT NULL,
  `deleted_at` timestamp NULL DEFAULT NULL,
  PRIMARY KEY (`id`)
) ENGINE=InnoDB AUTO_INCREMENT=21 DEFAULT CHARSET=utf8mb4 COLLATE=utf8mb4_unicode_ci;

--
-- Dumping data for table `bs_per_alicuotas`
--

INSERT INTO `bs_per_alicuotas` VALUES (1,2017,950000.00,0.00,999999999.99,0.00,0.0050,950000.00,'2019-11-19 21:09:50','2019-11-19 21:09:50',NULL),(2,2018,1050000.00,0.00,999999999.99,0.00,0.0025,1050000.00,'2019-11-19 21:09:50','2019-11-19 21:09:50',NULL),(3,2019,2000000.00,0.00,3000000.00,0.00,0.0050,0.00,'2019-11-19 21:09:50','2022-09-17 16:05:53',NULL),(4,2019,2000000.00,3000000.00,6500000.00,15000.00,0.0075,3000000.00,'2019-11-19 21:09:50','2022-09-17 16:05:53',NULL),(5,2019,2000000.00,6500000.00,18000000.00,41250.00,0.0100,6500000.00,'2019-11-19 21:09:50','2022-09-17 16:05:53',NULL),(6,2019,2000000.00,18000000.00,999999999.99,156250.00,0.0125,18000000.00,'2022-09-17 16:05:53','2022-09-17 16:05:53',NULL),(7,2020,2000000.00,0.00,3000000.00,0.00,0.0050,0.00,'2022-09-17 16:06:03','2022-09-17 16:06:03',NULL),(8,2020,2000000.00,3000000.00,6500000.00,15000.00,0.0075,3000000.00,'2022-09-17 16:06:03','2022-09-17 16:06:03',NULL),(9,2020,2000000.00,6500000.00,18000000.00,41250.00,0.0100,6500000.00,'2022-09-17 16:06:03','2022-09-17 16:06:03',NULL),(10,2020,2000000.00,18000000.00,999999999.99,156250.00,0.0125,18000000.00,'2022-09-17 16:06:03','2022-09-17 16:06:03',NULL),(11,2021,6000000.00,0.00,3000000.00,0.00,0.0050,0.00,'2022-09-17 16:06:15','2022-09-17 16:06:15',NULL),(12,2021,6000000.00,3000000.00,6500000.00,15000.00,0.0075,3000000.00,'2022-09-17 16:06:15','2022-09-17 16:06:15',NULL),(13,2021,6000000.00,6500000.00,18000000.00,41250.00,0.0100,6500000.00,'2022-09-17 16:06:15','2022-09-17 16:06:15',NULL),(14,2021,6000000.00,18000000.00,999999999.99,156250.00,0.0125,18000000.00,'2022-09-17 16:06:15','2022-09-17 16:06:15',NULL),(15,2022,11282141.08,0.00,5641070.54,0.00,0.0050,0.00,'2023-05-30 15:04:42','2023-05-30 15:04:42',NULL),(16,2022,11282141.08,5641070.54,12222319.51,28205.35,0.0075,5641070.54,'2023-05-30 15:04:42','2023-05-30 15:04:42',NULL),(17,2022,11282141.08,12222319.51,33846423.25,77564.72,0.0100,12222319.51,'2023-05-30 15:04:42','2023-05-30 15:04:42',NULL),(18,2022,11282141.08,33846423.25,188035684.71,293802.76,0.0125,33846423.25,'2023-05-30 15:04:42','2023-05-30 15:04:42',NULL),(19,2022,11282141.08,188035684.71,564107054.14,2221171.53,0.0150,188035684.71,'2023-05-30 15:04:42','2023-05-30 15:04:42',NULL),(20,2022,11282141.08,564107054.14,999999999999.00,7682242.07,0.0175,564107054.14,'2023-05-30 15:04:42','2023-05-30 15:04:42',NULL);

--
-- Table structure for table `bs_per_ddjjs`
--

CREATE TABLE `bs_per_ddjjs` (
  `id` int(10) unsigned NOT NULL AUTO_INCREMENT,
  `user_id` int(10) unsigned DEFAULT NULL,
  `anio` int(10) unsigned NOT NULL,
  `person_id` int(10) unsigned NOT NULL,
  `total_bienes_gravados` decimal(16,2) NOT NULL DEFAULT '0.00',
  `total_bienes_exentos` decimal(16,2) NOT NULL DEFAULT '0.00',
  `min_no_imponible` decimal(16,2) NOT NULL DEFAULT '0.00',
  `base_imponible` decimal(16,2) NOT NULL DEFAULT '0.00',
  `impuesto_determinado` decimal(16,2) NOT NULL DEFAULT '0.00',
  `saldo_a_pagar` decimal(16,2) NOT NULL DEFAULT '0.00',
  `saldo_a_favor` decimal(16,2) NOT NULL DEFAULT '0.00',
  `comentario` varchar(191) COLLATE utf8mb4_unicode_ci DEFAULT NULL,
  `created_at` timestamp NULL DEFAULT NULL,
  `updated_at` timestamp NULL DEFAULT NULL,
  `deleted_at` timestamp NULL DEFAULT NULL,
  PRIMARY KEY (`id`),
  KEY `bs_per_ddjjs_person_id_foreign` (`person_id`),
  CONSTRAINT `bs_per_ddjjs_person_id_foreign` FOREIGN KEY (`person_id`) REFERENCES `persons` (`id`)
) ENGINE=InnoDB DEFAULT CHARSET=utf8mb4 COLLATE=utf8mb4_unicode_ci;

--
-- Dumping data for table `bs_per_ddjjs`
--


--
-- Table structure for table `bs_pers_conceptos`
--

CREATE TABLE `bs_pers_conceptos` (
  `id` int(10) unsigned NOT NULL AUTO_INCREMENT,
  `nombre` varchar(191) COLLATE utf8mb4_unicode_ci NOT NULL,
  `status` tinyint(1) NOT NULL DEFAULT '1',
  `created_at` timestamp NULL DEFAULT NULL,
  `updated_at` timestamp NULL DEFAULT NULL,
  `deleted_at` timestamp NULL DEFAULT NULL,
  PRIMARY KEY (`id`)
) ENGINE=InnoDB AUTO_INCREMENT=12 DEFAULT CHARSET=utf8mb4 COLLATE=utf8mb4_unicode_ci;

--
-- Dumping data for table `bs_pers_conceptos`
--

INSERT INTO `bs_pers_conceptos` VALUES (1,'Inmuebles',1,'2019-11-19 21:09:50','2019-11-19 21:09:50',NULL),(2,'Derechos Reales',1,'2019-11-19 21:09:50','2019-11-19 21:09:50',NULL),(3,'Naves y Aeronaves',1,'2019-11-19 21:09:50','2019-11-19 21:09:50',NULL),(4,'Automotores y otros rodados',1,'2019-11-19 21:09:50','2019-11-19 21:09:50',NULL),(5,'Dinero y depósitos en dinero',1,'2019-11-19 21:09:50','2019-11-19 21:09:50',NULL),(6,'Títulos, acciones, cuotas o participaciones sociales y otros títulos valores',1,'2019-11-19 21:09:50','2019-11-19 21:09:50',NULL),(7,'Patrimonio de empresas o explotaciones unipersonales',1,'2019-11-19 21:09:50','2019-11-19 21:09:50',NULL),(8,'Créditos y debentures',1,'2019-11-19 21:09:50','2019-11-19 21:09:50',NULL),(9,'Derechos de propiedad científica, literaria o artística, marcas, patentes y sus licencias',1,'2019-11-19 21:09:50','2019-11-19 21:09:50',NULL),(10,'Otros Bienes (incluye semovientes, antigüedades, objetos de colección, objetos de arte, ...)',1,'2019-11-19 21:09:50','2019-11-19 21:09:50',NULL),(11,'Objetos Personales y del Hogar',1,'2019-11-19 21:09:50','2019-11-19 21:09:50',NULL);

--
-- Table structure for table `bs_pers_detail_anticipos`
--

CREATE TABLE `bs_pers_detail_anticipos` (
  `id` int(10) unsigned NOT NULL AUTO_INCREMENT,
  `bs_per_ddjj_id` int(10) unsigned NOT NULL,
  `person_id` int(10) unsigned NOT NULL,
  `ganan_concepto_anticipo_id` int(10) unsigned NOT NULL,
  `importe` decimal(16,2) NOT NULL DEFAULT '0.00',
  `created_at` timestamp NULL DEFAULT NULL,
  `updated_at` timestamp NULL DEFAULT NULL,
  `deleted_at` timestamp NULL DEFAULT NULL,
  PRIMARY KEY (`id`),
  KEY `bs_pers_detail_anticipos_bs_per_ddjj_id_foreign` (`bs_per_ddjj_id`),
  KEY `bs_pers_detail_anticipos_person_id_foreign` (`person_id`),
  KEY `bs_pers_detail_anticipos_ganan_concepto_anticipo_id_foreign` (`ganan_concepto_anticipo_id`),
  CONSTRAINT `bs_pers_detail_anticipos_bs_per_ddjj_id_foreign` FOREIGN KEY (`bs_per_ddjj_id`) REFERENCES `bs_per_ddjjs` (`id`),
  CONSTRAINT `bs_pers_detail_anticipos_ganan_concepto_anticipo_id_foreign` FOREIGN KEY (`ganan_concepto_anticipo_id`) REFERENCES `ganan_conceptos_anticipos` (`id`),
  CONSTRAINT `bs_pers_detail_anticipos_person_id_foreign` FOREIGN KEY (`person_id`) REFERENCES `persons` (`id`)
) ENGINE=InnoDB DEFAULT CHARSET=utf8mb4 COLLATE=utf8mb4_unicode_ci;

--
-- Dumping data for table `bs_pers_detail_anticipos`
--


--
-- Table structure for table `bs_pers_detail_bienes`
--

CREATE TABLE `bs_pers_detail_bienes` (
  `id` int(10) unsigned NOT NULL AUTO_INCREMENT,
  `bs_per_ddjj_id` int(10) unsigned NOT NULL,
  `person_id` int(10) unsigned NOT NULL,
  `bs_pers_concepto_id` int(10) unsigned NOT NULL,
  `concepto` varchar(191) COLLATE utf8mb4_unicode_ci DEFAULT NULL,
  `importe_gravado` decimal(16,2) NOT NULL DEFAULT '0.00',
  `importe_exento` decimal(16,2) NOT NULL DEFAULT '0.00',
  `comentario` varchar(191) COLLATE utf8mb4_unicode_ci DEFAULT NULL,
  `created_at` timestamp NULL DEFAULT NULL,
  `updated_at` timestamp NULL DEFAULT NULL,
  `deleted_at` timestamp NULL DEFAULT NULL,
  PRIMARY KEY (`id`),
  KEY `bs_pers_detail_bienes_bs_per_ddjj_id_foreign` (`bs_per_ddjj_id`),
  KEY `bs_pers_detail_bienes_person_id_foreign` (`person_id`),
  KEY `bs_pers_detail_bienes_bs_pers_concepto_id_foreign` (`bs_pers_concepto_id`),
  CONSTRAINT `bs_pers_detail_bienes_bs_per_ddjj_id_foreign` FOREIGN KEY (`bs_per_ddjj_id`) REFERENCES `bs_per_ddjjs` (`id`),
  CONSTRAINT `bs_pers_detail_bienes_bs_pers_concepto_id_foreign` FOREIGN KEY (`bs_pers_concepto_id`) REFERENCES `bs_pers_conceptos` (`id`),
  CONSTRAINT `bs_pers_detail_bienes_person_id_foreign` FOREIGN KEY (`person_id`) REFERENCES `persons` (`id`)
) ENGINE=InnoDB DEFAULT CHARSET=utf8mb4 COLLATE=utf8mb4_unicode_ci;

--
-- Dumping data for table `bs_pers_detail_bienes`
--


--
-- Table structure for table `calendar`
--

CREATE TABLE `calendar` (
  `id` bigint(20) unsigned NOT NULL AUTO_INCREMENT,
  `user_id` int(10) unsigned DEFAULT NULL,
  `person_id` int(10) unsigned NOT NULL,
  `person_id_relationed` int(10) unsigned DEFAULT NULL,
  `ws_telefono_id` bigint(20) unsigned DEFAULT NULL,
  `title` longtext COLLATE utf8mb4_unicode_ci,
  `descripcion` longtext COLLATE utf8mb4_unicode_ci,
  `descripcion_text` longtext COLLATE utf8mb4_unicode_ci,
  `url` text COLLATE utf8mb4_unicode_ci,
  `start` datetime DEFAULT NULL,
  `startEditable` tinyint(1) NOT NULL DEFAULT '1',
  `startStr` text COLLATE utf8mb4_unicode_ci,
  `end` datetime DEFAULT NULL,
  `endStr` text COLLATE utf8mb4_unicode_ci,
  `allDay` tinyint(1) NOT NULL DEFAULT '1',
  `allow` tinyint(1) DEFAULT NULL,
  `backgroundColor` text COLLATE utf8mb4_unicode_ci,
  `borderColor` text COLLATE utf8mb4_unicode_ci,
  `classNames` longtext COLLATE utf8mb4_unicode_ci,
  `constraint` text COLLATE utf8mb4_unicode_ci,
  `display` text COLLATE utf8mb4_unicode_ci,
  `durationEditable` tinyint(1) NOT NULL DEFAULT '1',
  `extendedProps` longtext COLLATE utf8mb4_unicode_ci,
  `groupId` text COLLATE utf8mb4_unicode_ci,
  `overlap` text COLLATE utf8mb4_unicode_ci,
  `source` longtext COLLATE utf8mb4_unicode_ci,
  `textColor` text COLLATE utf8mb4_unicode_ci,
  `is_impuesto_from_taxes` tinyint(1) NOT NULL DEFAULT '0',
  `created_at` timestamp NULL DEFAULT NULL,
  `updated_at` timestamp NULL DEFAULT NULL,
  `deleted_at` timestamp NULL DEFAULT NULL,
  PRIMARY KEY (`id`),
  KEY `calendar_person_id_foreign` (`person_id`),
  KEY `calendar_person_id_relationed_foreign` (`person_id_relationed`),
  KEY `calendar_ws_telefono_id_foreign` (`ws_telefono_id`),
  CONSTRAINT `calendar_person_id_foreign` FOREIGN KEY (`person_id`) REFERENCES `persons` (`id`),
  CONSTRAINT `calendar_person_id_relationed_foreign` FOREIGN KEY (`person_id_relationed`) REFERENCES `persons` (`id`),
  CONSTRAINT `calendar_ws_telefono_id_foreign` FOREIGN KEY (`ws_telefono_id`) REFERENCES `ws_telefonos` (`id`)
) ENGINE=InnoDB AUTO_INCREMENT=13 DEFAULT CHARSET=utf8mb4 COLLATE=utf8mb4_unicode_ci;

--
-- Dumping data for table `calendar`
--

INSERT INTO `calendar` VALUES (1,NULL,40719,NULL,NULL,'IIBB Mendoza - DDJJ Mensual',NULL,NULL,'','2022-02-17 10:00:00',1,NULL,'2022-02-17 10:30:00',NULL,0,NULL,'#FF0000',NULL,NULL,NULL,'auto',1,NULL,NULL,NULL,NULL,'#FFFFFF',1,NULL,NULL,NULL),(2,NULL,40719,NULL,NULL,'IIBB Mendoza - DDJJ Mensual',NULL,NULL,'','2022-03-16 10:00:00',1,NULL,'2022-03-16 10:30:00',NULL,0,NULL,'#FF0000',NULL,NULL,NULL,'auto',1,NULL,NULL,NULL,NULL,'#FFFFFF',1,NULL,NULL,NULL),(3,NULL,40719,NULL,NULL,'IIBB Mendoza - DDJJ Mensual',NULL,NULL,'','2022-04-18 10:00:00',1,NULL,'2022-04-18 10:30:00',NULL,0,NULL,'#FF0000',NULL,NULL,NULL,'auto',1,NULL,NULL,NULL,NULL,'#FFFFFF',1,NULL,NULL,NULL),(4,NULL,40719,NULL,NULL,'IIBB Mendoza - DDJJ Mensual',NULL,NULL,'','2022-05-17 10:00:00',1,NULL,'2022-05-17 10:30:00',NULL,0,NULL,'#FF0000',NULL,NULL,NULL,'auto',1,NULL,NULL,NULL,NULL,'#FFFFFF',1,NULL,NULL,NULL),(5,NULL,40719,NULL,NULL,'IIBB Mendoza - DDJJ Mensual',NULL,NULL,'','2022-06-21 10:00:00',1,NULL,'2022-06-21 10:30:00',NULL,0,NULL,'#FF0000',NULL,NULL,NULL,'auto',1,NULL,NULL,NULL,NULL,'#FFFFFF',1,NULL,NULL,NULL),(6,NULL,40719,NULL,NULL,'IIBB Mendoza - DDJJ Mensual',NULL,NULL,'','2022-07-18 10:00:00',1,NULL,'2022-07-18 10:30:00',NULL,0,NULL,'#FF0000',NULL,NULL,NULL,'auto',1,NULL,NULL,NULL,NULL,'#FFFFFF',1,NULL,NULL,NULL),(7,NULL,40719,NULL,NULL,'IIBB Mendoza - DDJJ Mensual',NULL,NULL,'','2022-08-16 10:00:00',1,NULL,'2022-08-16 10:30:00',NULL,0,NULL,'#FF0000',NULL,NULL,NULL,'auto',1,NULL,NULL,NULL,NULL,'#FFFFFF',1,NULL,NULL,NULL),(8,NULL,40719,NULL,NULL,'IIBB Mendoza - DDJJ Mensual',NULL,NULL,'','2022-09-19 10:00:00',1,NULL,'2022-09-19 10:30:00',NULL,0,NULL,'#FF0000',NULL,NULL,NULL,'auto',1,NULL,NULL,NULL,NULL,'#FFFFFF',1,NULL,NULL,NULL),(9,NULL,40719,NULL,NULL,'IIBB Mendoza - DDJJ Mensual',NULL,NULL,'','2022-10-17 10:00:00',1,NULL,'2022-10-17 10:30:00',NULL,0,NULL,'#FF0000',NULL,NULL,NULL,'auto',1,NULL,NULL,NULL,NULL,'#FFFFFF',1,NULL,NULL,NULL),(10,NULL,40719,NULL,NULL,'IIBB Mendoza - DDJJ Mensual',NULL,NULL,'','2022-11-16 10:00:00',1,NULL,'2022-11-16 10:30:00',NULL,0,NULL,'#FF0000',NULL,NULL,NULL,'auto',1,NULL,NULL,NULL,NULL,'#FFFFFF',1,NULL,NULL,NULL),(11,NULL,40719,NULL,NULL,'IIBB Mendoza - DDJJ Mensual',NULL,NULL,'','2022-12-19 10:00:00',1,NULL,'2022-12-19 10:30:00',NULL,0,NULL,'#FF0000',NULL,NULL,NULL,'auto',1,NULL,NULL,NULL,NULL,'#FFFFFF',1,NULL,NULL,NULL),(12,NULL,40719,NULL,NULL,'IIBB Mendoza - DDJJ Mensual',NULL,NULL,'','2023-01-17 10:00:00',1,NULL,'2023-01-17 10:30:00',NULL,0,NULL,'#FF0000',NULL,NULL,NULL,'auto',1,NULL,NULL,NULL,NULL,'#FFFFFF',1,NULL,NULL,NULL);

--
-- Table structure for table `calendar_emails_telefonos`
--

CREATE TABLE `calendar_emails_telefonos` (
  `id` bigint(20) unsigned NOT NULL AUTO_INCREMENT,
  `user_id` int(10) unsigned DEFAULT NULL,
  `calendar_id` bigint(20) unsigned NOT NULL,
  `email` text COLLATE utf8mb4_unicode_ci,
  `celular` text COLLATE utf8mb4_unicode_ci,
  `created_at` timestamp NULL DEFAULT NULL,
  `updated_at` timestamp NULL DEFAULT NULL,
  `deleted_at` timestamp NULL DEFAULT NULL,
  PRIMARY KEY (`id`),
  KEY `calendar_emails_telefonos_calendar_id_foreign` (`calendar_id`),
  CONSTRAINT `calendar_emails_telefonos_calendar_id_foreign` FOREIGN KEY (`calendar_id`) REFERENCES `calendar` (`id`)
) ENGINE=InnoDB DEFAULT CHARSET=utf8mb4 COLLATE=utf8mb4_unicode_ci;

--
-- Dumping data for table `calendar_emails_telefonos`
--


--
-- Table structure for table `calendar_files`
--

CREATE TABLE `calendar_files` (
  `id` bigint(20) unsigned NOT NULL AUTO_INCREMENT,
  `user_id` int(10) unsigned DEFAULT NULL,
  `calendar_id` bigint(20) unsigned NOT NULL,
  `path` text COLLATE utf8mb4_unicode_ci NOT NULL,
  `original_name` text COLLATE utf8mb4_unicode_ci NOT NULL,
  `created_at` timestamp NULL DEFAULT NULL,
  `updated_at` timestamp NULL DEFAULT NULL,
  `deleted_at` timestamp NULL DEFAULT NULL,
  PRIMARY KEY (`id`),
  KEY `calendar_files_calendar_id_foreign` (`calendar_id`),
  CONSTRAINT `calendar_files_calendar_id_foreign` FOREIGN KEY (`calendar_id`) REFERENCES `calendar` (`id`)
) ENGINE=InnoDB DEFAULT CHARSET=utf8mb4 COLLATE=utf8mb4_unicode_ci;

--
-- Dumping data for table `calendar_files`
--


--
-- Table structure for table `calendar_niv_1`
--

CREATE TABLE `calendar_niv_1` (
  `id` bigint(20) unsigned NOT NULL AUTO_INCREMENT,
  `user_id` int(10) unsigned DEFAULT NULL,
  `person_id` int(10) unsigned NOT NULL,
  `descripcion` longtext COLLATE utf8mb4_unicode_ci,
  `detalle` text COLLATE utf8mb4_unicode_ci,
  `habilitado` tinyint(1) NOT NULL DEFAULT '1',
  `created_at` timestamp NULL DEFAULT NULL,
  `updated_at` timestamp NULL DEFAULT NULL,
  `deleted_at` timestamp NULL DEFAULT NULL,
  PRIMARY KEY (`id`),
  KEY `calendar_niv_1_person_id_foreign` (`person_id`),
  CONSTRAINT `calendar_niv_1_person_id_foreign` FOREIGN KEY (`person_id`) REFERENCES `persons` (`id`)
) ENGINE=InnoDB DEFAULT CHARSET=utf8mb4 COLLATE=utf8mb4_unicode_ci;

--
-- Dumping data for table `calendar_niv_1`
--


--
-- Table structure for table `calendar_niv_1_2`
--

CREATE TABLE `calendar_niv_1_2` (
  `id` bigint(20) unsigned NOT NULL AUTO_INCREMENT,
  `user_id` int(10) unsigned DEFAULT NULL,
  `person_id` int(10) unsigned NOT NULL,
  `calendar_niv_1_id` bigint(20) unsigned NOT NULL,
  `calendar_niv_2_id` bigint(20) unsigned NOT NULL,
  `created_at` timestamp NULL DEFAULT NULL,
  `updated_at` timestamp NULL DEFAULT NULL,
  `deleted_at` timestamp NULL DEFAULT NULL,
  PRIMARY KEY (`id`),
  KEY `calendar_niv_1_2_person_id_foreign` (`person_id`),
  KEY `calendar_niv_1_2_calendar_niv_1_id_foreign` (`calendar_niv_1_id`),
  KEY `calendar_niv_1_2_calendar_niv_2_id_foreign` (`calendar_niv_2_id`),
  CONSTRAINT `calendar_niv_1_2_calendar_niv_1_id_foreign` FOREIGN KEY (`calendar_niv_1_id`) REFERENCES `calendar_niv_1` (`id`),
  CONSTRAINT `calendar_niv_1_2_calendar_niv_2_id_foreign` FOREIGN KEY (`calendar_niv_2_id`) REFERENCES `calendar_niv_2` (`id`),
  CONSTRAINT `calendar_niv_1_2_person_id_foreign` FOREIGN KEY (`person_id`) REFERENCES `persons` (`id`)
) ENGINE=InnoDB DEFAULT CHARSET=utf8mb4 COLLATE=utf8mb4_unicode_ci;

--
-- Dumping data for table `calendar_niv_1_2`
--


--
-- Table structure for table `calendar_niv_2`
--

CREATE TABLE `calendar_niv_2` (
  `id` bigint(20) unsigned NOT NULL AUTO_INCREMENT,
  `user_id` int(10) unsigned DEFAULT NULL,
  `person_id` int(10) unsigned NOT NULL,
  `descripcion` longtext COLLATE utf8mb4_unicode_ci,
  `detalle` text COLLATE utf8mb4_unicode_ci,
  `habilitado` tinyint(1) NOT NULL DEFAULT '1',
  `created_at` timestamp NULL DEFAULT NULL,
  `updated_at` timestamp NULL DEFAULT NULL,
  `deleted_at` timestamp NULL DEFAULT NULL,
  PRIMARY KEY (`id`),
  KEY `calendar_niv_2_person_id_foreign` (`person_id`),
  CONSTRAINT `calendar_niv_2_person_id_foreign` FOREIGN KEY (`person_id`) REFERENCES `persons` (`id`)
) ENGINE=InnoDB DEFAULT CHARSET=utf8mb4 COLLATE=utf8mb4_unicode_ci;

--
-- Dumping data for table `calendar_niv_2`
--


--
-- Table structure for table `calendar_notificaciones`
--

CREATE TABLE `calendar_notificaciones` (
  `id` bigint(20) unsigned NOT NULL AUTO_INCREMENT,
  `user_id` int(10) unsigned DEFAULT NULL,
  `calendar_id` bigint(20) unsigned NOT NULL,
  `start` datetime DEFAULT NULL,
  `tipo_de_notificacion_id` int(10) unsigned NOT NULL,
  `cantidad` int(10) unsigned NOT NULL,
  `unidad_de_tiempo_id` int(10) unsigned NOT NULL,
  `created_at` timestamp NULL DEFAULT NULL,
  `updated_at` timestamp NULL DEFAULT NULL,
  `deleted_at` timestamp NULL DEFAULT NULL,
  PRIMARY KEY (`id`),
  KEY `calendar_notificaciones_calendar_id_foreign` (`calendar_id`),
  CONSTRAINT `calendar_notificaciones_calendar_id_foreign` FOREIGN KEY (`calendar_id`) REFERENCES `calendar` (`id`)
) ENGINE=InnoDB DEFAULT CHARSET=utf8mb4 COLLATE=utf8mb4_unicode_ci;

--
-- Dumping data for table `calendar_notificaciones`
--


--
-- Table structure for table `calendar_tur_dispo`
--

CREATE TABLE `calendar_tur_dispo` (
  `id` bigint(20) unsigned NOT NULL AUTO_INCREMENT,
  `user_id` int(10) unsigned DEFAULT NULL,
  `person_id` int(10) unsigned NOT NULL,
  `calendar_niv_1_id` bigint(20) unsigned NOT NULL,
  `calendar_niv_2_id` bigint(20) unsigned NOT NULL,
  `dia_hora` datetime(5) DEFAULT NULL,
  `duracion` varchar(191) COLLATE utf8mb4_unicode_ci NOT NULL DEFAULT '00:30',
  `created_at` timestamp NULL DEFAULT NULL,
  `updated_at` timestamp NULL DEFAULT NULL,
  `deleted_at` timestamp NULL DEFAULT NULL,
  PRIMARY KEY (`id`),
  KEY `calendar_tur_dispo_person_id_foreign` (`person_id`),
  KEY `calendar_tur_dispo_calendar_niv_1_id_foreign` (`calendar_niv_1_id`),
  KEY `calendar_tur_dispo_calendar_niv_2_id_foreign` (`calendar_niv_2_id`),
  CONSTRAINT `calendar_tur_dispo_calendar_niv_1_id_foreign` FOREIGN KEY (`calendar_niv_1_id`) REFERENCES `calendar_niv_1` (`id`),
  CONSTRAINT `calendar_tur_dispo_calendar_niv_2_id_foreign` FOREIGN KEY (`calendar_niv_2_id`) REFERENCES `calendar_niv_2` (`id`),
  CONSTRAINT `calendar_tur_dispo_person_id_foreign` FOREIGN KEY (`person_id`) REFERENCES `persons` (`id`)
) ENGINE=InnoDB DEFAULT CHARSET=utf8mb4 COLLATE=utf8mb4_unicode_ci;

--
-- Dumping data for table `calendar_tur_dispo`
--


--
-- Table structure for table `calendar_tur_dispo_datos`
--

CREATE TABLE `calendar_tur_dispo_datos` (
  `id` bigint(20) unsigned NOT NULL AUTO_INCREMENT,
  `user_id` int(10) unsigned DEFAULT NULL,
  `person_id` int(10) unsigned NOT NULL,
  `calendar_tur_dispo_id` bigint(20) unsigned NOT NULL,
  `email` text COLLATE utf8mb4_unicode_ci NOT NULL,
  `nombre_ape` text COLLATE utf8mb4_unicode_ci NOT NULL,
  `celular` text COLLATE utf8mb4_unicode_ci NOT NULL,
  `created_at` timestamp NULL DEFAULT NULL,
  `updated_at` timestamp NULL DEFAULT NULL,
  `deleted_at` timestamp NULL DEFAULT NULL,
  PRIMARY KEY (`id`),
  KEY `calendar_tur_dispo_datos_person_id_foreign` (`person_id`),
  KEY `calendar_tur_dispo_datos_calendar_tur_dispo_id_foreign` (`calendar_tur_dispo_id`),
  CONSTRAINT `calendar_tur_dispo_datos_calendar_tur_dispo_id_foreign` FOREIGN KEY (`calendar_tur_dispo_id`) REFERENCES `calendar_tur_dispo` (`id`),
  CONSTRAINT `calendar_tur_dispo_datos_person_id_foreign` FOREIGN KEY (`person_id`) REFERENCES `persons` (`id`)
) ENGINE=InnoDB DEFAULT CHARSET=utf8mb4 COLLATE=utf8mb4_unicode_ci;

--
-- Dumping data for table `calendar_tur_dispo_datos`
--


--
-- Table structure for table `calle`
--

CREATE TABLE `calle` (
  `id` int(10) unsigned NOT NULL AUTO_INCREMENT,
  `user_id` int(10) unsigned DEFAULT NULL,
  `localidad_id` int(10) unsigned NOT NULL,
  `descripcion` varchar(191) COLLATE utf8mb4_unicode_ci NOT NULL,
  `desdealt` int(10) unsigned DEFAULT NULL,
  `hastaalt` int(10) unsigned DEFAULT NULL,
  `codpostal` int(10) unsigned DEFAULT NULL,
  `habilitado` tinyint(1) NOT NULL DEFAULT '1',
  `created_at` timestamp NULL DEFAULT NULL,
  `updated_at` timestamp NULL DEFAULT NULL,
  `deleted_at` timestamp NULL DEFAULT NULL,
  PRIMARY KEY (`id`),
  KEY `calle_localidad_id_foreign` (`localidad_id`),
  CONSTRAINT `calle_localidad_id_foreign` FOREIGN KEY (`localidad_id`) REFERENCES `localidad` (`id`)
) ENGINE=InnoDB AUTO_INCREMENT=2 DEFAULT CHARSET=utf8mb4 COLLATE=utf8mb4_unicode_ci;

--
-- Dumping data for table `calle`
--

INSERT INTO `calle` VALUES (1,NULL,1,'Ramon Falcon',6800,7500,1408,1,'2020-05-28 20:55:23','2020-05-28 20:55:23',NULL);

--
-- Table structure for table `categorias_iibb`
--

CREATE TABLE `categorias_iibb` (
  `id` int(10) unsigned NOT NULL AUTO_INCREMENT,
  `categoria` varchar(255) COLLATE utf8mb4_unicode_ci DEFAULT NULL,
  `impuesto` decimal(16,2) DEFAULT NULL,
  `anual` decimal(16,2) DEFAULT NULL,
  `facAnual` decimal(16,2) DEFAULT NULL,
  `superficie` int(11) DEFAULT NULL,
  `energia` int(11) DEFAULT NULL,
  `comentario` varchar(255) COLLATE utf8mb4_unicode_ci DEFAULT NULL,
  `vigente` varchar(255) COLLATE utf8mb4_unicode_ci NOT NULL DEFAULT '1',
  `created_at` timestamp NULL DEFAULT NULL,
  `updated_at` timestamp NULL DEFAULT NULL,
  `deleted_at` timestamp NULL DEFAULT NULL,
  PRIMARY KEY (`id`)
) ENGINE=InnoDB AUTO_INCREMENT=9 DEFAULT CHARSET=utf8mb4 COLLATE=utf8mb4_unicode_ci;

--
-- Dumping data for table `categorias_iibb`
--

INSERT INTO `categorias_iibb` VALUES (1,'A',1850.00,11100.00,370000.00,30,3300,NULL,'1',NULL,'2022-10-23 23:35:46',NULL),(2,'B',2750.00,16500.00,550000.00,45,5000,NULL,'1',NULL,'2022-10-23 23:35:46',NULL),(3,'C',3850.00,23100.00,770000.00,60,6700,NULL,'1',NULL,'2022-10-23 23:35:46',NULL),(4,'D',5300.00,31800.00,1060000.00,85,10000,NULL,'1',NULL,'2022-10-23 23:35:46',NULL),(5,'E',7000.00,42000.00,1400000.00,110,13000,NULL,'1',NULL,'2022-10-23 23:35:46',NULL),(6,'F',8750.00,52500.00,1750000.00,150,16500,NULL,'1',NULL,'2022-10-23 23:35:46',NULL),(7,'G',10500.00,63000.00,2100000.00,200,20000,NULL,'1',NULL,'2022-10-23 23:35:46',NULL),(8,'H',13000.00,78000.00,2600000.00,200,20000,NULL,'1',NULL,'2022-10-23 23:35:46',NULL);

--
-- Table structure for table `categorias_monotributo`
--

CREATE TABLE `categorias_monotributo` (
  `id` int(10) unsigned NOT NULL AUTO_INCREMENT,
  `categoria` varchar(255) COLLATE utf8mb4_unicode_ci DEFAULT NULL,
  `facAnual` decimal(16,2) DEFAULT NULL,
  `facMensual` decimal(16,2) DEFAULT NULL,
  `actividad` varchar(255) COLLATE utf8mb4_unicode_ci DEFAULT NULL,
  `empleados` varchar(255) COLLATE utf8mb4_unicode_ci DEFAULT NULL,
  `superficie` int(11) DEFAULT NULL,
  `energia` int(11) DEFAULT NULL,
  `alquileres` decimal(16,2) DEFAULT NULL,
  `impuesto_servicio` decimal(16,2) DEFAULT NULL,
  `impuesto_venta` decimal(16,2) DEFAULT NULL,
  `sipa` decimal(16,2) DEFAULT NULL,
  `obraSocial` decimal(16,2) DEFAULT NULL,
  `totalServicio` decimal(16,2) DEFAULT NULL,
  `totalVenta` decimal(16,2) DEFAULT NULL,
  `comentario` varchar(255) COLLATE utf8mb4_unicode_ci DEFAULT NULL,
  `desde` date DEFAULT NULL,
  `hasta` date DEFAULT NULL,
  `vigente` varchar(255) COLLATE utf8mb4_unicode_ci NOT NULL DEFAULT '0',
  `created_at` timestamp NULL DEFAULT NULL,
  `updated_at` timestamp NULL DEFAULT NULL,
  `deleted_at` timestamp NULL DEFAULT NULL,
  PRIMARY KEY (`id`)
) ENGINE=InnoDB AUTO_INCREMENT=15 DEFAULT CHARSET=utf8mb4 COLLATE=utf8mb4_unicode_ci;

--
-- Dumping data for table `categorias_monotributo`
--

INSERT INTO `categorias_monotributo` VALUES (1,'A',2108288.01,175690.67,'No Excluida','0',30,3330,485448.92,1047.86,1047.86,4623.27,6457.26,12128.39,12128.39,NULL,'2018-01-01',NULL,'1',NULL,NULL,NULL),(2,'B',3133941.63,261161.80,'No Excluida','0',45,5000,485448.92,2018.89,2018.89,5085.60,6457.26,13561.75,13561.75,NULL,'2018-01-01',NULL,'1',NULL,NULL,NULL),(3,'C',4387518.23,365626.52,'No Excluida','0',60,6700,970897.79,3452.09,3190.00,5594.16,6457.26,15503.51,15241.42,NULL,'2018-01-01',NULL,'1',NULL,NULL,NULL),(4,'D',5449094.55,454091.21,'No Excluida','0',85,10000,970897.79,5671.23,5239.75,6153.58,7673.13,19497.94,19066.46,NULL,'2018-01-01',NULL,'1',NULL,NULL,NULL),(5,'E',6416528.72,534710.73,'No Excluida','0',110,13000,1209769.40,10787.67,8368.13,6768.94,9389.36,26945.97,24526.43,NULL,'2018-01-01',NULL,'1',NULL,NULL,NULL),(6,'F',8020660.90,668388.41,'No Excluida','0',150,16500,1213622.14,14840.88,10926.38,7445.83,10850.90,33137.61,29223.11,NULL,'2018-01-01',NULL,'1',NULL,NULL,NULL),(7,'G',9624793.05,802066.09,'No Excluida','0',200,20000,1456346.67,18878.58,13623.24,8190.41,11625.96,38694.95,33439.61,NULL,'2018-01-01',NULL,'1',NULL,NULL,NULL),(8,'H',11916410.45,993034.20,'No Excluida','0',200,20000,1941795.53,43150.91,33442.08,9009.45,13951.15,66111.51,56402.68,NULL,'2018-01-01',NULL,'1',NULL,NULL,NULL),(9,'I',13337213.22,1111434.44,'Venta de Bs Muebles','0',200,20000,1941795.53,NULL,53938.71,9910.39,17272.86,NULL,81121.96,NULL,'2018-01-01',NULL,'1',NULL,NULL,NULL),(10,'J',15285088.04,1273757.34,'Venta de Bs Muebles','0',200,20000,1941795.53,NULL,63385.73,10901.43,19332.31,NULL,93619.47,NULL,'2018-01-01',NULL,'1',NULL,NULL,NULL),(11,'K',16957968.71,1413164.06,'Venta de Bs Muebles','0',200,20000,1941795.53,NULL,72817.31,11991.57,22155.77,NULL,106964.65,NULL,'2018-01-01',NULL,'1',NULL,NULL,NULL),(12,'Monotributo Social',1414762.00,117896.00,'No Excluida','0',0,0,0.00,0.00,0.00,0.00,0.00,0.00,0.00,NULL,'2018-01-01',NULL,'1','2020-02-27 02:46:40','2020-02-27 02:46:40',NULL),(13,'A Exento',1414762.00,117896.00,NULL,NULL,NULL,NULL,230178.48,0.00,0.00,2192.15,3061.75,5253.90,5253.90,'',NULL,NULL,'0',NULL,NULL,NULL),(14,'B Exento',2103025.00,175252.00,NULL,NULL,NULL,NULL,230178.48,0.00,0.00,2411.36,3061.75,5473.11,5473.11,'',NULL,NULL,'0',NULL,NULL,NULL);

--
-- Table structure for table `charlas_details`
--

CREATE TABLE `charlas_details` (
  `id` int(10) unsigned NOT NULL AUTO_INCREMENT,
  `user_id` int(10) unsigned DEFAULT NULL,
  `charla` longtext COLLATE utf8mb4_unicode_ci NOT NULL,
  `person_id` int(10) unsigned NOT NULL,
  `status` int(10) unsigned NOT NULL DEFAULT '1',
  `created_at` timestamp NULL DEFAULT NULL,
  `updated_at` timestamp NULL DEFAULT NULL,
  `deleted_at` timestamp NULL DEFAULT NULL,
  PRIMARY KEY (`id`),
  KEY `charlas_details_person_id_foreign` (`person_id`),
  CONSTRAINT `charlas_details_person_id_foreign` FOREIGN KEY (`person_id`) REFERENCES `persons` (`id`)
) ENGINE=InnoDB DEFAULT CHARSET=utf8mb4 COLLATE=utf8mb4_unicode_ci;

--
-- Dumping data for table `charlas_details`
--

DELIMITER ;;
/*!50003 CREATE*/ /*!50017 DEFINER=`forge`@`%`*/ /*!50003 TRIGGER `CharlaDetail_BD` BEFORE DELETE ON `charlas_details` FOR EACH ROW insert into back_up_charlas_details (charla,person_id,modificado)
values(old.charla,old.person_id,now()) */;;
DELIMITER ;

--
-- Table structure for table `chequeras_tipos`
--

CREATE TABLE `chequeras_tipos` (
  `id` int(10) unsigned NOT NULL AUTO_INCREMENT,
  `user_id` int(10) unsigned DEFAULT NULL,
  `descripcion` text COLLATE utf8mb4_unicode_ci NOT NULL,
  `habilitado` tinyint(1) NOT NULL DEFAULT '1',
  `created_at` timestamp NULL DEFAULT NULL,
  `updated_at` timestamp NULL DEFAULT NULL,
  `deleted_at` timestamp NULL DEFAULT NULL,
  PRIMARY KEY (`id`)
) ENGINE=InnoDB AUTO_INCREMENT=4 DEFAULT CHARSET=utf8mb4 COLLATE=utf8mb4_unicode_ci;

--
-- Dumping data for table `chequeras_tipos`
--

INSERT INTO `chequeras_tipos` VALUES (1,NULL,'Fisica',1,NULL,NULL,NULL),(2,NULL,'Electronica',1,NULL,NULL,NULL),(3,NULL,'Transferencias',1,NULL,NULL,NULL);

--
-- Table structure for table `cheques_transfer_emitidas`
--

CREATE TABLE `cheques_transfer_emitidas` (
  `id` bigint(20) unsigned NOT NULL AUTO_INCREMENT,
  `user_id` int(10) unsigned DEFAULT NULL,
  `person_id` int(10) unsigned NOT NULL,
  `cta_cte_cliente_detail_id` int(10) unsigned DEFAULT NULL,
  `cta_cte_tesoreria_detail_id` int(10) unsigned DEFAULT NULL,
  `cta_cte_tesoreria_cuenta_id` int(10) unsigned NOT NULL,
  `cta_cte_tesoreria_banco_cheq_id` int(10) unsigned NOT NULL,
  `fecha_emision` date NOT NULL,
  `fecha_cobro` date NOT NULL,
  `numero_cheque` int(11) NOT NULL,
  `importe` decimal(16,2) NOT NULL DEFAULT '0.00',
  `created_at` timestamp NULL DEFAULT NULL,
  `updated_at` timestamp NULL DEFAULT NULL,
  `deleted_at` timestamp NULL DEFAULT NULL,
  PRIMARY KEY (`id`),
  KEY `cheques_transfer_emitidas_person_id_foreign` (`person_id`),
  KEY `cheques_transfer_emitidas_cta_cte_cliente_detail_id_foreign` (`cta_cte_cliente_detail_id`),
  KEY `cheques_transfer_emitidas_cta_cte_tesoreria_detail_id_foreign` (`cta_cte_tesoreria_detail_id`),
  KEY `cheques_transfer_emitidas_cta_cte_tesoreria_cuenta_id_foreign` (`cta_cte_tesoreria_cuenta_id`),
  KEY `cte_tes_ban_che_id_foreign` (`cta_cte_tesoreria_banco_cheq_id`),
  CONSTRAINT `cheques_transfer_emitidas_cta_cte_cliente_detail_id_foreign` FOREIGN KEY (`cta_cte_cliente_detail_id`) REFERENCES `cta_cte_cliente_details` (`id`),
  CONSTRAINT `cheques_transfer_emitidas_cta_cte_tesoreria_cuenta_id_foreign` FOREIGN KEY (`cta_cte_tesoreria_cuenta_id`) REFERENCES `cta_cte_tesoreria_cuentas` (`id`),
  CONSTRAINT `cheques_transfer_emitidas_cta_cte_tesoreria_detail_id_foreign` FOREIGN KEY (`cta_cte_tesoreria_detail_id`) REFERENCES `cta_cte_tesoreria_detail` (`id`),
  CONSTRAINT `cheques_transfer_emitidas_person_id_foreign` FOREIGN KEY (`person_id`) REFERENCES `persons` (`id`),
  CONSTRAINT `cte_tes_ban_che_id_foreign` FOREIGN KEY (`cta_cte_tesoreria_banco_cheq_id`) REFERENCES `cta_cte_tesoreria_banco_cheq` (`id`)
) ENGINE=InnoDB DEFAULT CHARSET=utf8mb4 COLLATE=utf8mb4_unicode_ci;

--
-- Dumping data for table `cheques_transfer_emitidas`
--


--
-- Table structure for table `claves`
--

CREATE TABLE `claves` (
  `id` int(10) unsigned NOT NULL AUTO_INCREMENT,
  `user_id` int(10) unsigned DEFAULT NULL,
  `name` varchar(255) COLLATE utf8mb4_unicode_ci NOT NULL,
  `created_at` timestamp NULL DEFAULT NULL,
  `updated_at` timestamp NULL DEFAULT NULL,
  `deleted_at` timestamp NULL DEFAULT NULL,
  PRIMARY KEY (`id`)
) ENGINE=InnoDB AUTO_INCREMENT=44 DEFAULT CHARSET=utf8mb4 COLLATE=utf8mb4_unicode_ci;

--
-- Dumping data for table `claves`
--

INSERT INTO `claves` VALUES (1,NULL,'Clave Fiscal',NULL,NULL,NULL),(2,NULL,'Clave Ciudad',NULL,NULL,NULL),(3,NULL,'Clave ARBA',NULL,NULL,NULL),(4,NULL,'Clave ANSES',NULL,NULL,NULL),(5,NULL,'Catedral',NULL,NULL,NULL),(6,NULL,'CEMIBA',NULL,NULL,NULL),(7,NULL,'COMPRA ARG',NULL,NULL,NULL),(8,NULL,'Consejo Ciencias Economicas',NULL,NULL,NULL),(9,NULL,'Correo',NULL,NULL,NULL),(10,NULL,'CUR',NULL,NULL,NULL),(11,NULL,'Firma Digital',NULL,NULL,NULL),(12,NULL,'Interbanking',NULL,NULL,NULL),(13,7851,'Banco Citibank',NULL,'2022-11-25 19:37:49','2022-11-25 19:37:49'),(14,NULL,'Banco Ciudad',NULL,NULL,NULL),(15,NULL,'Banco Frances',NULL,NULL,NULL),(16,NULL,'Banco Galicia',NULL,NULL,NULL),(17,NULL,'Banco HSBC',NULL,NULL,NULL),(18,NULL,'Banco Itau',NULL,NULL,NULL),(19,NULL,'Banco Nacion',NULL,NULL,NULL),(20,NULL,'Banco Macro',NULL,NULL,NULL),(21,NULL,'Banco Patagonia',NULL,NULL,NULL),(22,NULL,'Banco Provincia',NULL,NULL,NULL),(23,NULL,'Banco Santander',NULL,NULL,NULL),(24,NULL,'Banco Supervielle',NULL,NULL,NULL),(25,NULL,'Seguridad e Higiene',NULL,NULL,NULL),(26,NULL,'Sindicato - ANSES',NULL,NULL,NULL),(27,NULL,'Sindicato - AOT',NULL,NULL,NULL),(28,NULL,'Sindicato - ATSA',NULL,NULL,NULL),(29,NULL,'Sindicato - Camioneros',NULL,NULL,NULL),(30,NULL,'Sindicato - Guinchero',NULL,NULL,NULL),(31,NULL,'Sindicato - IERIC',NULL,NULL,NULL),(32,NULL,'Sindicato - La Estrella',NULL,NULL,NULL),(33,NULL,'Sindicato - Nemesis',NULL,NULL,NULL),(34,NULL,'Sindicato - Pasta',NULL,NULL,NULL),(35,NULL,'Sindicato - SEC',NULL,NULL,NULL),(36,NULL,'Sindicato - SICOP',NULL,NULL,NULL),(37,NULL,'Sindicato - SOCAYA',NULL,NULL,NULL),(38,NULL,'Sindicato - UTHGRA',NULL,NULL,NULL),(39,NULL,'Sindicato - INACAP',NULL,NULL,NULL),(40,NULL,'Sindicato - Otro',NULL,NULL,NULL),(41,NULL,'Otra',NULL,NULL,NULL),(42,NULL,'Prisma - Firma Digital',NULL,NULL,NULL),(43,NULL,'Sindicato - FATSA',NULL,NULL,NULL);

--
-- Table structure for table `claves_details`
--

CREATE TABLE `claves_details` (
  `id` int(10) unsigned NOT NULL AUTO_INCREMENT,
  `user_id` int(10) unsigned DEFAULT NULL,
  `clave` varchar(255) COLLATE utf8mb4_unicode_ci DEFAULT NULL,
  `valor` varchar(255) COLLATE utf8mb4_unicode_ci NOT NULL,
  `comentario` varchar(255) COLLATE utf8mb4_unicode_ci DEFAULT NULL,
  `clave_id` int(10) unsigned NOT NULL,
  `person_id` int(10) unsigned NOT NULL,
  `status` int(10) unsigned NOT NULL DEFAULT '1',
  `created_at` timestamp NULL DEFAULT NULL,
  `updated_at` timestamp NULL DEFAULT NULL,
  `deleted_at` timestamp NULL DEFAULT NULL,
  PRIMARY KEY (`id`),
  KEY `claves_details_clave_id_foreign` (`clave_id`),
  KEY `claves_details_person_id_foreign` (`person_id`),
  CONSTRAINT `claves_details_clave_id_foreign` FOREIGN KEY (`clave_id`) REFERENCES `claves` (`id`),
  CONSTRAINT `claves_details_person_id_foreign` FOREIGN KEY (`person_id`) REFERENCES `persons` (`id`)
) ENGINE=InnoDB AUTO_INCREMENT=13 DEFAULT CHARSET=utf8mb4 COLLATE=utf8mb4_unicode_ci;

--
-- Dumping data for table `claves_details`
--

INSERT INTO `claves_details` VALUES (12,7851,NULL,'Ringocho1947',NULL,1,40719,1,'2023-04-11 12:02:53','2023-04-11 12:02:53',NULL);
DELIMITER ;;
/*!50003 CREATE*/ /*!50017 DEFINER=`forge`@`%`*/ /*!50003 TRIGGER `ClavesDetail_BD` BEFORE DELETE ON `claves_details` FOR EACH ROW insert into back_up_claves_details (clave,valor,comentario,clave_id,person_id,modificado)
values(old.clave,old.valor,old.comentario,old.clave_id,old.person_id,now()) */;;
DELIMITER ;

--
-- Table structure for table `claves_mails`
--

CREATE TABLE `claves_mails` (
  `id` int(10) unsigned NOT NULL AUTO_INCREMENT,
  `description` varchar(180) COLLATE utf8mb4_unicode_ci NOT NULL,
  `class` int(10) unsigned NOT NULL,
  `class_description` varchar(180) COLLATE utf8mb4_unicode_ci NOT NULL,
  `path` varchar(255) COLLATE utf8mb4_unicode_ci DEFAULT NULL,
  `created_at` timestamp NULL DEFAULT NULL,
  `updated_at` timestamp NULL DEFAULT NULL,
  PRIMARY KEY (`id`)
) ENGINE=InnoDB AUTO_INCREMENT=6 DEFAULT CHARSET=utf8mb4 COLLATE=utf8mb4_unicode_ci;

--
-- Dumping data for table `claves_mails`
--

INSERT INTO `claves_mails` VALUES (1,'Listado de Claves',1,'Claves','claves_mails/claves_listado',NULL,NULL),(3,'Listado de Mails',2,'Mails','claves_mails/mails_listado',NULL,NULL),(5,'Listado de Charlas',3,'Charlas','claves_mails/charlas_listado',NULL,NULL);

--
-- Table structure for table `cm_articulos_regimenes`
--

CREATE TABLE `cm_articulos_regimenes` (
  `id` int(10) unsigned NOT NULL AUTO_INCREMENT,
  `user_id` int(11) DEFAULT NULL,
  `descripcion` longtext COLLATE utf8mb4_unicode_ci,
  `codigo` int(11) DEFAULT NULL,
  `habilitado` tinyint(1) NOT NULL DEFAULT '0',
  `created_at` timestamp NULL DEFAULT NULL,
  `updated_at` timestamp NULL DEFAULT NULL,
  `deleted_at` timestamp NULL DEFAULT NULL,
  PRIMARY KEY (`id`)
) ENGINE=InnoDB AUTO_INCREMENT=11 DEFAULT CHARSET=utf8mb4 COLLATE=utf8mb4_unicode_ci;

--
-- Dumping data for table `cm_articulos_regimenes`
--

INSERT INTO `cm_articulos_regimenes` VALUES (1,NULL,'Articulo 2',2,1,'2022-09-17 16:06:04','2022-09-17 16:06:04',NULL),(2,NULL,'Articulo 6',6,0,'2022-09-17 16:06:04','2022-09-17 16:06:04',NULL),(3,NULL,'Articulo 7',7,0,'2022-09-17 16:06:04','2022-09-17 16:06:04',NULL),(4,NULL,'Articulo 8',8,0,'2022-09-17 16:06:04','2022-09-17 16:06:04',NULL),(5,NULL,'Articulo 9',9,0,'2022-09-17 16:06:04','2022-09-17 16:06:04',NULL),(6,NULL,'Articulo 10',10,0,'2022-09-17 16:06:04','2022-09-17 16:06:04',NULL),(7,NULL,'Articulo 11',11,0,'2022-09-17 16:06:04','2022-09-17 16:06:04',NULL),(8,NULL,'Articulo 12',12,0,'2022-09-17 16:06:04','2022-09-17 16:06:04',NULL),(9,NULL,'Articulo 13',13,0,'2022-09-17 16:06:04','2022-09-17 16:06:04',NULL),(10,NULL,'Articulo 14',14,1,'2022-09-17 16:06:04','2022-09-17 16:06:04',NULL);

--
-- Table structure for table `cobradores`
--

CREATE TABLE `cobradores` (
  `id` bigint(20) unsigned NOT NULL AUTO_INCREMENT,
  `person_id` int(10) unsigned NOT NULL,
  `descripcion` text COLLATE utf8mb4_unicode_ci NOT NULL,
  `telefono` text COLLATE utf8mb4_unicode_ci NOT NULL,
  `habilitado` tinyint(1) NOT NULL DEFAULT '1',
  `created_at` timestamp NULL DEFAULT NULL,
  `updated_at` timestamp NULL DEFAULT NULL,
  `deleted_at` timestamp NULL DEFAULT NULL,
  PRIMARY KEY (`id`),
  KEY `cobradores_person_id_foreign` (`person_id`),
  CONSTRAINT `cobradores_person_id_foreign` FOREIGN KEY (`person_id`) REFERENCES `persons` (`id`)
) ENGINE=InnoDB DEFAULT CHARSET=utf8mb4 COLLATE=utf8mb4_unicode_ci;

--
-- Dumping data for table `cobradores`
--


--
-- Table structure for table `cobradores_datos`
--

CREATE TABLE `cobradores_datos` (
  `id` bigint(20) unsigned NOT NULL AUTO_INCREMENT,
  `user_id` int(10) unsigned DEFAULT NULL,
  `cobrador_id` bigint(20) unsigned NOT NULL,
  `url_panel` longtext COLLATE utf8mb4_unicode_ci,
  `usuario` text COLLATE utf8mb4_unicode_ci,
  `clave` text COLLATE utf8mb4_unicode_ci,
  `numero_de_soporte` text COLLATE utf8mb4_unicode_ci,
  `inicial_create_user` text COLLATE utf8mb4_unicode_ci,
  `imp_min_p_retirar` int(11) DEFAULT NULL,
  `secret_recarga` text COLLATE utf8mb4_unicode_ci,
  `secret_on_off` text COLLATE utf8mb4_unicode_ci,
  `clave_new_user` text COLLATE utf8mb4_unicode_ci,
  `created_at` timestamp NULL DEFAULT NULL,
  `updated_at` timestamp NULL DEFAULT NULL,
  `deleted_at` timestamp NULL DEFAULT NULL,
  PRIMARY KEY (`id`),
  KEY `cobradores_datos_cobrador_id_foreign` (`cobrador_id`),
  CONSTRAINT `cobradores_datos_cobrador_id_foreign` FOREIGN KEY (`cobrador_id`) REFERENCES `cobradores` (`id`)
) ENGINE=InnoDB DEFAULT CHARSET=utf8mb4 COLLATE=utf8mb4_unicode_ci;

--
-- Dumping data for table `cobradores_datos`
--


--
-- Table structure for table `cobradores_metodos`
--

CREATE TABLE `cobradores_metodos` (
  `id` bigint(20) unsigned NOT NULL AUTO_INCREMENT,
  `user_id` int(10) unsigned DEFAULT NULL,
  `person_id` int(10) unsigned NOT NULL,
  `descripcion` varchar(255) COLLATE utf8mb4_unicode_ci NOT NULL,
  `habilitado` tinyint(1) NOT NULL DEFAULT '1',
  `created_at` timestamp NULL DEFAULT NULL,
  `updated_at` timestamp NULL DEFAULT NULL,
  `deleted_at` timestamp NULL DEFAULT NULL,
  PRIMARY KEY (`id`),
  UNIQUE KEY `cobradores_metodos_descripcion_unique` (`descripcion`),
  KEY `cobradores_metodos_person_id_foreign` (`person_id`),
  CONSTRAINT `cobradores_metodos_person_id_foreign` FOREIGN KEY (`person_id`) REFERENCES `persons` (`id`)
) ENGINE=InnoDB DEFAULT CHARSET=utf8mb4 COLLATE=utf8mb4_unicode_ci;

--
-- Dumping data for table `cobradores_metodos`
--


--
-- Table structure for table `cobradores_on_off`
--

CREATE TABLE `cobradores_on_off` (
  `id` bigint(20) unsigned NOT NULL AUTO_INCREMENT,
  `user_id` int(10) unsigned DEFAULT NULL,
  `cobrador_id` bigint(20) unsigned NOT NULL,
  `on_off` tinyint(1) NOT NULL,
  `created_at` timestamp NULL DEFAULT NULL,
  `updated_at` timestamp NULL DEFAULT NULL,
  `deleted_at` timestamp NULL DEFAULT NULL,
  PRIMARY KEY (`id`),
  KEY `cobradores_on_off_cobrador_id_foreign` (`cobrador_id`),
  CONSTRAINT `cobradores_on_off_cobrador_id_foreign` FOREIGN KEY (`cobrador_id`) REFERENCES `cobradores` (`id`)
) ENGINE=InnoDB DEFAULT CHARSET=utf8mb4 COLLATE=utf8mb4_unicode_ci;

--
-- Dumping data for table `cobradores_on_off`
--


--
-- Table structure for table `condicion_frente_al_iva`
--

CREATE TABLE `condicion_frente_al_iva` (
  `id` int(10) unsigned NOT NULL AUTO_INCREMENT,
  `user_id` int(10) unsigned DEFAULT NULL,
  `codigo_afip` int(11) DEFAULT NULL,
  `descripcion` text COLLATE utf8mb4_unicode_ci NOT NULL,
  `show_comprobantes_a` tinyint(1) NOT NULL DEFAULT '0',
  `show_comprobantes_b` tinyint(1) NOT NULL DEFAULT '0',
  `habilitado` tinyint(1) NOT NULL DEFAULT '1',
  `created_at` timestamp NULL DEFAULT NULL,
  `updated_at` timestamp NULL DEFAULT NULL,
  `deleted_at` timestamp NULL DEFAULT NULL,
  PRIMARY KEY (`id`)
) ENGINE=InnoDB AUTO_INCREMENT=17 DEFAULT CHARSET=utf8mb4 COLLATE=utf8mb4_unicode_ci;

--
-- Dumping data for table `condicion_frente_al_iva`
--

INSERT INTO `condicion_frente_al_iva` VALUES (1,NULL,1,'IVA Responsable Inscripto',1,0,1,NULL,NULL,NULL),(2,NULL,2,'IVA Responsable no Inscripto',0,0,1,NULL,NULL,NULL),(3,NULL,3,'IVA no Responsable',0,0,1,NULL,NULL,NULL),(4,NULL,4,'IVA Sujeto Exento',0,1,1,NULL,NULL,NULL),(5,NULL,5,'Consumidor Final',0,1,1,NULL,NULL,NULL),(6,NULL,6,'Responsable Monotributo',1,0,1,NULL,NULL,NULL),(7,NULL,7,'Sujeto no Categorizado',0,1,1,NULL,NULL,NULL),(8,NULL,8,'Proveedor del Exterior',0,1,1,NULL,NULL,NULL),(9,NULL,9,'Cliente del Exterior',0,1,1,NULL,NULL,NULL),(10,NULL,10,'IVA Liberado – Ley Nº 19.640',0,1,1,NULL,NULL,NULL),(11,NULL,11,'IVA Responsable Inscripto – Agente de Percepción',0,0,1,NULL,NULL,NULL),(12,NULL,12,'Pequeño Contribuyente Eventual',0,0,1,NULL,NULL,NULL),(13,NULL,13,'Monotributista Social',1,0,1,NULL,NULL,NULL),(14,NULL,14,'Pequeño Contribuyente Eventual Social',0,0,1,NULL,NULL,NULL),(15,NULL,NULL,'Monotributista Trabajador Independiente Promovido',1,0,1,NULL,NULL,NULL),(16,NULL,NULL,'IVA No Alcanzado',0,1,1,NULL,NULL,NULL);

--
-- Table structure for table `condiciones_venta`
--

CREATE TABLE `condiciones_venta` (
  `id` int(10) unsigned NOT NULL AUTO_INCREMENT,
  `descripcion` varchar(100) COLLATE utf8mb4_unicode_ci NOT NULL,
  `created_at` timestamp NULL DEFAULT NULL,
  `updated_at` timestamp NULL DEFAULT NULL,
  PRIMARY KEY (`id`)
) ENGINE=InnoDB AUTO_INCREMENT=9 DEFAULT CHARSET=utf8mb4 COLLATE=utf8mb4_unicode_ci;

--
-- Dumping data for table `condiciones_venta`
--

INSERT INTO `condiciones_venta` VALUES (1,'Contado',NULL,NULL),(2,'Tarjeta de Debito',NULL,NULL),(3,'Tarjeta de Credito',NULL,NULL),(4,'Cuenta Corriente',NULL,NULL),(5,'Cheque',NULL,NULL),(6,'Ticket',NULL,NULL),(7,'Transferencia',NULL,NULL),(8,'Otra',NULL,NULL);

--
-- Table structure for table `consultas`
--

CREATE TABLE `consultas` (
  `id` int(10) unsigned NOT NULL AUTO_INCREMENT,
  `user_id` int(11) DEFAULT NULL,
  `descripcion` varchar(191) COLLATE utf8mb4_unicode_ci DEFAULT NULL,
  `habilitado` tinyint(1) NOT NULL DEFAULT '1',
  `created_at` timestamp NULL DEFAULT NULL,
  `updated_at` timestamp NULL DEFAULT NULL,
  `deleted_at` timestamp NULL DEFAULT NULL,
  PRIMARY KEY (`id`)
) ENGINE=InnoDB AUTO_INCREMENT=4 DEFAULT CHARSET=utf8mb4 COLLATE=utf8mb4_unicode_ci;

--
-- Dumping data for table `consultas`
--

INSERT INTO `consultas` VALUES (1,NULL,'Estado Liquidaciones',1,NULL,NULL,NULL),(2,NULL,'Consumo',1,NULL,NULL,NULL),(3,NULL,'Resultado Liquidacion Hijas',1,'2023-03-12 23:43:57','2023-03-12 23:43:57',NULL);

--
-- Table structure for table `consultas_aux`
--

CREATE TABLE `consultas_aux` (
  `id` int(10) unsigned NOT NULL AUTO_INCREMENT,
  `user_id` int(11) DEFAULT NULL,
  `consulta_id` int(10) unsigned NOT NULL,
  `person_id` int(10) unsigned DEFAULT NULL,
  `descripcion` longtext COLLATE utf8mb4_unicode_ci,
  `estado` tinyint(1) NOT NULL DEFAULT '0',
  `created_at` timestamp NULL DEFAULT NULL,
  `updated_at` timestamp NULL DEFAULT NULL,
  `deleted_at` timestamp NULL DEFAULT NULL,
  PRIMARY KEY (`id`),
  KEY `consultas_aux_consulta_id_foreign` (`consulta_id`),
  KEY `consultas_aux_person_id_foreign` (`person_id`),
  CONSTRAINT `consultas_aux_consulta_id_foreign` FOREIGN KEY (`consulta_id`) REFERENCES `consultas` (`id`),
  CONSTRAINT `consultas_aux_person_id_foreign` FOREIGN KEY (`person_id`) REFERENCES `persons` (`id`)
) ENGINE=InnoDB DEFAULT CHARSET=utf8mb4 COLLATE=utf8mb4_unicode_ci;

--
-- Dumping data for table `consultas_aux`
--


--
-- Table structure for table `conta_asientos`
--

CREATE TABLE `conta_asientos` (
  `id` int(10) unsigned NOT NULL AUTO_INCREMENT,
  `user_id` int(10) unsigned DEFAULT NULL,
  `person_id` int(10) unsigned DEFAULT NULL,
  `period_id` int(10) unsigned DEFAULT NULL,
  `tipo_asiento_id` int(10) unsigned NOT NULL,
  `debe_cta_cte_tesoreria_cuenta_id` int(10) unsigned DEFAULT NULL,
  `haber_cta_cte_tesoreria_cuenta_id` int(10) unsigned DEFAULT NULL,
  `ctactecheque_id` int(10) unsigned DEFAULT NULL,
  `num_asiento` int(11) DEFAULT NULL,
  `fecha_registracion` date DEFAULT NULL,
  `fecha_vencimiento` date DEFAULT NULL,
  `total` decimal(16,2) NOT NULL,
  `adjunto` text COLLATE utf8mb4_unicode_ci,
  `comentario` varchar(255) COLLATE utf8mb4_unicode_ci DEFAULT NULL,
  `radioChecked` int(11) DEFAULT NULL,
  `status` int(11) NOT NULL DEFAULT '1',
  `CuentaTipo_id` int(10) unsigned DEFAULT NULL,
  `CentroCosto_id` int(10) unsigned DEFAULT NULL,
  `pagado` int(10) unsigned DEFAULT NULL,
  `created_at` timestamp NULL DEFAULT NULL,
  `updated_at` timestamp NULL DEFAULT NULL,
  `deleted_at` timestamp NULL DEFAULT NULL,
  PRIMARY KEY (`id`),
  KEY `conta_asientos_person_id_foreign` (`person_id`),
  KEY `conta_asientos_period_id_foreign` (`period_id`),
  KEY `conta_asientos_tipo_asiento_id_foreign` (`tipo_asiento_id`),
  KEY `conta_asientos_cuentatipo_id_foreign` (`CuentaTipo_id`),
  KEY `conta_asientos_centrocosto_id_foreign` (`CentroCosto_id`),
  KEY `conta_asientos_ctactecheque_id_foreign` (`ctactecheque_id`),
  KEY `conta_asientos_haber_cta_cte_tesoreria_cuenta_id_foreign` (`haber_cta_cte_tesoreria_cuenta_id`),
  KEY `conta_asientos_debe_cta_cte_tesoreria_cuenta_id_foreign` (`debe_cta_cte_tesoreria_cuenta_id`),
  CONSTRAINT `conta_asientos_centrocosto_id_foreign` FOREIGN KEY (`CentroCosto_id`) REFERENCES `ctactegastos_centrocosto` (`id`),
  CONSTRAINT `conta_asientos_ctactecheque_id_foreign` FOREIGN KEY (`ctactecheque_id`) REFERENCES `ctacte_cheques` (`id`),
  CONSTRAINT `conta_asientos_cuentatipo_id_foreign` FOREIGN KEY (`CuentaTipo_id`) REFERENCES `ctactegastos_cuenta_tipo` (`idCuentaTipo`),
  CONSTRAINT `conta_asientos_debe_cta_cte_tesoreria_cuenta_id_foreign` FOREIGN KEY (`debe_cta_cte_tesoreria_cuenta_id`) REFERENCES `cta_cte_tesoreria_cuentas` (`id`),
  CONSTRAINT `conta_asientos_haber_cta_cte_tesoreria_cuenta_id_foreign` FOREIGN KEY (`haber_cta_cte_tesoreria_cuenta_id`) REFERENCES `cta_cte_tesoreria_cuentas` (`id`),
  CONSTRAINT `conta_asientos_period_id_foreign` FOREIGN KEY (`period_id`) REFERENCES `periods` (`id`),
  CONSTRAINT `conta_asientos_person_id_foreign` FOREIGN KEY (`person_id`) REFERENCES `persons` (`id`),
  CONSTRAINT `conta_asientos_tipo_asiento_id_foreign` FOREIGN KEY (`tipo_asiento_id`) REFERENCES `conta_tipo_asientos` (`id`)
) ENGINE=InnoDB DEFAULT CHARSET=utf8mb4 COLLATE=utf8mb4_unicode_ci;

--
-- Dumping data for table `conta_asientos`
--


--
-- Table structure for table `conta_asientos_details`
--

CREATE TABLE `conta_asientos_details` (
  `id` int(10) unsigned NOT NULL AUTO_INCREMENT,
  `user_id` int(10) unsigned DEFAULT NULL,
  `conta_asiento_id` int(10) unsigned NOT NULL,
  `person_id` int(10) unsigned DEFAULT NULL,
  `period_id` int(10) unsigned DEFAULT NULL,
  `tipo_asiento_id` int(10) unsigned NOT NULL,
  `cta_cte_tesoreria_cuenta_id` int(10) unsigned DEFAULT NULL,
  `saldo_id` int(10) unsigned NOT NULL,
  `monto` decimal(16,2) NOT NULL,
  `created_at` timestamp NULL DEFAULT NULL,
  `updated_at` timestamp NULL DEFAULT NULL,
  `deleted_at` timestamp NULL DEFAULT NULL,
  PRIMARY KEY (`id`),
  KEY `conta_asientos_details_conta_asiento_id_foreign` (`conta_asiento_id`),
  KEY `conta_asientos_details_person_id_foreign` (`person_id`),
  KEY `conta_asientos_details_period_id_foreign` (`period_id`),
  KEY `conta_asientos_details_tipo_asiento_id_foreign` (`tipo_asiento_id`),
  KEY `conta_asientos_details_saldo_id_foreign` (`saldo_id`),
  KEY `conta_asientos_details_cta_cte_tesoreria_cuenta_id_foreign` (`cta_cte_tesoreria_cuenta_id`),
  CONSTRAINT `conta_asientos_details_conta_asiento_id_foreign` FOREIGN KEY (`conta_asiento_id`) REFERENCES `conta_asientos` (`id`),
  CONSTRAINT `conta_asientos_details_cta_cte_tesoreria_cuenta_id_foreign` FOREIGN KEY (`cta_cte_tesoreria_cuenta_id`) REFERENCES `cta_cte_tesoreria_cuentas` (`id`),
  CONSTRAINT `conta_asientos_details_period_id_foreign` FOREIGN KEY (`period_id`) REFERENCES `periods` (`id`),
  CONSTRAINT `conta_asientos_details_person_id_foreign` FOREIGN KEY (`person_id`) REFERENCES `persons` (`id`),
  CONSTRAINT `conta_asientos_details_saldo_id_foreign` FOREIGN KEY (`saldo_id`) REFERENCES `conta_tipo_saldos` (`id`),
  CONSTRAINT `conta_asientos_details_tipo_asiento_id_foreign` FOREIGN KEY (`tipo_asiento_id`) REFERENCES `conta_tipo_asientos` (`id`)
) ENGINE=InnoDB DEFAULT CHARSET=utf8mb4 COLLATE=utf8mb4_unicode_ci;

--
-- Dumping data for table `conta_asientos_details`
--


--
-- Table structure for table `conta_centro_costo_plan_cuenta`
--

CREATE TABLE `conta_centro_costo_plan_cuenta` (
  `id` bigint(20) unsigned NOT NULL AUTO_INCREMENT,
  `user_id` int(10) unsigned DEFAULT NULL,
  `conta_centro_costo_id` bigint(20) unsigned DEFAULT NULL,
  `conta_plan_cuenta_id` int(10) unsigned NOT NULL,
  `created_at` timestamp NULL DEFAULT NULL,
  `updated_at` timestamp NULL DEFAULT NULL,
  `deleted_at` timestamp NULL DEFAULT NULL,
  PRIMARY KEY (`id`),
  KEY `conta_centro_costo_plan_cuenta_conta_centro_costo_id_foreign` (`conta_centro_costo_id`),
  KEY `conta_centro_costo_plan_cuenta_conta_plan_cuenta_id_foreign` (`conta_plan_cuenta_id`),
  CONSTRAINT `conta_centro_costo_plan_cuenta_conta_centro_costo_id_foreign` FOREIGN KEY (`conta_centro_costo_id`) REFERENCES `conta_centro_costos` (`id`),
  CONSTRAINT `conta_centro_costo_plan_cuenta_conta_plan_cuenta_id_foreign` FOREIGN KEY (`conta_plan_cuenta_id`) REFERENCES `conta_plan_cuenta` (`id`)
) ENGINE=InnoDB AUTO_INCREMENT=28 DEFAULT CHARSET=utf8mb4 COLLATE=utf8mb4_unicode_ci;

--
-- Dumping data for table `conta_centro_costo_plan_cuenta`
--

INSERT INTO `conta_centro_costo_plan_cuenta` VALUES (1,7851,1,359,NULL,NULL,NULL),(2,7851,2,163,NULL,NULL,NULL),(3,7851,2,5,NULL,NULL,NULL),(4,7851,2,483,NULL,NULL,NULL),(5,7851,2,484,NULL,NULL,NULL),(6,7851,2,482,NULL,NULL,NULL),(7,7851,3,163,NULL,NULL,NULL),(8,7851,3,5,NULL,NULL,NULL),(9,7851,3,483,NULL,NULL,NULL),(10,7851,3,482,NULL,NULL,NULL),(11,7851,3,484,NULL,NULL,NULL),(12,7851,4,483,NULL,NULL,NULL),(13,7851,4,484,NULL,NULL,NULL),(14,7851,4,482,NULL,NULL,NULL),(15,7851,4,5,NULL,NULL,NULL),(16,7851,4,163,NULL,NULL,NULL),(17,7851,5,519,NULL,NULL,NULL),(18,7851,6,512,NULL,NULL,NULL),(19,7851,7,135,NULL,NULL,NULL),(20,7851,7,485,NULL,NULL,NULL),(21,7851,7,495,NULL,NULL,NULL),(22,7851,7,489,NULL,NULL,NULL),(23,7851,7,497,NULL,NULL,NULL),(24,7851,7,492,NULL,NULL,NULL),(25,7851,7,498,NULL,NULL,NULL),(26,7851,7,501,NULL,NULL,NULL),(27,7851,7,502,NULL,NULL,NULL);

--
-- Table structure for table `conta_centro_costos`
--

CREATE TABLE `conta_centro_costos` (
  `id` bigint(20) unsigned NOT NULL AUTO_INCREMENT,
  `user_id` int(10) unsigned DEFAULT NULL,
  `person_id` int(10) unsigned NOT NULL,
  `descripcion` text COLLATE utf8mb4_unicode_ci NOT NULL,
  `habilitado` tinyint(1) NOT NULL DEFAULT '1',
  `created_at` timestamp NULL DEFAULT NULL,
  `updated_at` timestamp NULL DEFAULT NULL,
  `deleted_at` timestamp NULL DEFAULT NULL,
  PRIMARY KEY (`id`),
  KEY `conta_centro_costos_person_id_foreign` (`person_id`),
  CONSTRAINT `conta_centro_costos_person_id_foreign` FOREIGN KEY (`person_id`) REFERENCES `persons` (`id`)
) ENGINE=InnoDB AUTO_INCREMENT=8 DEFAULT CHARSET=utf8mb4 COLLATE=utf8mb4_unicode_ci;

--
-- Dumping data for table `conta_centro_costos`
--

INSERT INTO `conta_centro_costos` VALUES (1,7851,40719,'Gastos',0,NULL,NULL,NULL),(2,7851,40719,'Administración',0,NULL,NULL,NULL),(3,7851,40719,'Operaciones',0,NULL,NULL,NULL),(4,7851,40719,'Finanzas',0,NULL,NULL,NULL),(5,7851,40719,'Administración',1,NULL,NULL,NULL),(6,7851,40719,'Operaciones',1,NULL,NULL,NULL),(7,7851,40719,'Personales',1,NULL,NULL,NULL);

--
-- Table structure for table `conta_plan_cuenta`
--

CREATE TABLE `conta_plan_cuenta` (
  `id` int(10) unsigned NOT NULL AUTO_INCREMENT,
  `user_id` int(10) unsigned DEFAULT NULL,
  `codigo` int(11) NOT NULL,
  `tipo_cuenta_id` int(10) unsigned NOT NULL,
  `saldo_id` int(10) unsigned NOT NULL,
  `padre` int(11) NOT NULL,
  `nombre` varchar(255) COLLATE utf8mb4_unicode_ci NOT NULL,
  `rubro` varchar(255) COLLATE utf8mb4_unicode_ci DEFAULT NULL,
  `comentario` varchar(255) COLLATE utf8mb4_unicode_ci DEFAULT NULL,
  `status` int(10) unsigned NOT NULL DEFAULT '1',
  `no_editable` int(11) NOT NULL DEFAULT '1',
  `tes_cta_cte` tinyint(1) NOT NULL DEFAULT '0',
  `tes_cuenta_origen` tinyint(1) NOT NULL DEFAULT '0',
  `tes_cuenta_destino` tinyint(1) NOT NULL DEFAULT '0',
  `conta_asientos` tinyint(1) NOT NULL DEFAULT '0',
  `deleted_at` timestamp NULL DEFAULT NULL,
  PRIMARY KEY (`id`),
  KEY `conta_plan_cuenta_tipo_cuenta_id_foreign` (`tipo_cuenta_id`),
  KEY `conta_plan_cuenta_saldo_id_foreign` (`saldo_id`),
  CONSTRAINT `conta_plan_cuenta_saldo_id_foreign` FOREIGN KEY (`saldo_id`) REFERENCES `conta_tipo_saldos` (`id`),
  CONSTRAINT `conta_plan_cuenta_tipo_cuenta_id_foreign` FOREIGN KEY (`tipo_cuenta_id`) REFERENCES `conta_tipo_cuentas` (`id`)
) ENGINE=InnoDB AUTO_INCREMENT=1027 DEFAULT CHARSET=utf8mb4 COLLATE=utf8mb4_unicode_ci;

--
-- Dumping data for table `conta_plan_cuenta`
--

INSERT INTO `conta_plan_cuenta` VALUES (1,NULL,1000000,1,1,0,'ACTIVO','Activo',NULL,1,1,0,0,0,0,NULL),(2,NULL,1100000,2,1,1000000,'ACTIVO CORRIENTE','Activo',NULL,1,1,0,0,0,0,NULL),(3,NULL,1110000,3,1,1100000,'CAJA Y BANCOS','Activo',NULL,1,1,0,0,0,0,NULL),(4,NULL,1110100,4,1,1110000,'CAJAS','Activo',NULL,1,1,0,0,0,0,NULL),(5,7851,1110139,5,1,1110100,'Caja Efectivo ARS Pesos NIMBUS','Activo',NULL,1,1,0,0,0,0,NULL),(6,NULL,1110102,5,1,1110100,'Caja Casa','Activo',NULL,0,1,0,0,0,0,NULL),(7,NULL,1110103,5,1,1110100,'Caja Dolares Casa','Activo',NULL,0,1,0,0,0,0,NULL),(8,NULL,1110104,5,1,1110100,'Banco Santander 015-372795/5','Activo',NULL,0,1,0,0,0,0,'2020-12-31 13:34:22'),(9,NULL,1110200,4,1,1110000,'BANCOS','Activo',NULL,1,1,0,0,0,0,NULL),(10,NULL,1110201,5,1,1110200,'Banco Santander Rio Cta Corriente','Activo',NULL,1,2,1,1,1,0,'2020-12-31 13:34:22'),(11,NULL,1110202,5,1,1110200,'Banco Santander Rio Cta Corriente DOLARES','Activo',NULL,1,2,1,1,1,0,'2020-12-31 13:34:22'),(12,NULL,1130000,3,1,1100000,'CREDITOS POR VENTAS','Activo',NULL,1,1,0,0,0,0,NULL),(13,NULL,1130101,5,1,1130100,'Clientes - Deudores','Activo',NULL,1,2,0,0,0,1,NULL),(14,NULL,1130102,5,1,1130100,'Deudores por ventas comunes','Activo',NULL,1,1,0,0,0,1,NULL),(15,NULL,1130103,5,1,1130100,'Deudores por ventas morosos','Activo',NULL,1,1,0,0,0,1,NULL),(16,NULL,1130104,5,1,1130100,'Deudores en gestión judicial','Activo',NULL,1,1,0,0,0,1,NULL),(17,NULL,1130105,5,1,1130100,'Previsión deudores incobrables','Activo',NULL,1,1,0,0,0,1,NULL),(18,NULL,1140000,3,1,1100000,'OTROS CREDITOS','Activo',NULL,1,1,0,0,0,0,NULL),(19,NULL,1140100,4,1,1140000,'Retenciones Sufridas','Activo',NULL,1,1,0,0,0,0,NULL),(20,NULL,1140301,5,1,1140300,'Anticipos Impuesto a las Ganancias','Activo',NULL,1,2,0,0,1,1,NULL),(21,NULL,1140102,5,1,1140100,'Retenciones Ingr. Brutos','Activo',NULL,0,1,0,0,0,0,NULL),(22,NULL,1140329,5,1,1140300,'Anticipo Impto.Ganancia Mínima Presunta','Activo',NULL,1,1,0,0,0,1,NULL),(23,NULL,1140105,5,1,1140100,'Retenciones Impuesto a las Ganancias','Activo',NULL,1,2,1,0,0,1,NULL),(24,NULL,1140106,5,1,1140100,'Impuesto a las Ganancias (Saldo a favor)','Activo',NULL,1,1,0,0,0,1,NULL),(25,NULL,1140107,5,1,1140100,'Retenciones de IVA','Activo',NULL,1,2,1,0,0,1,NULL),(26,NULL,1140200,4,1,1140000,'CREDITOS DIVERSOS','Activo',NULL,1,1,0,0,0,0,NULL),(27,NULL,1140201,5,1,1140200,'Anticipos de proveedores','Activo',NULL,1,1,0,0,0,1,NULL),(28,NULL,1140205,5,1,1140200,'Depósito en garantía alquileres','Activo',NULL,1,1,0,0,0,1,NULL),(29,NULL,1140206,5,1,1140200,'Derechos adquiridos a devengar','Activo',NULL,1,1,0,0,0,1,NULL),(30,NULL,1140207,5,1,1140200,'Intereses a devengar','Activo',NULL,1,1,0,0,0,1,NULL),(31,NULL,1140208,5,1,1140200,'Cuentas a rendir - Directores','Activo',NULL,1,1,0,0,0,1,NULL),(32,NULL,1140210,5,1,1140200,'Alquileres no devengados','Activo',NULL,1,1,0,0,0,1,NULL),(33,NULL,1150000,3,1,1100000,'BIENES DE CAMBIO','Activo',NULL,1,1,0,0,0,0,NULL),(34,NULL,1150400,4,1,1150000,'MERCADERIA DE REVENTA','Activo',NULL,1,1,0,0,0,0,NULL),(35,NULL,1200000,2,1,1000000,'ACTIVO NO CORRIENTE','Activo',NULL,1,1,0,0,0,0,NULL),(36,NULL,1220000,3,1,1200000,'BIENES DE USO','Activo',NULL,1,1,0,0,0,0,NULL),(37,NULL,1220100,4,1,1220000,'EQUIPOS DE COMPUTACION','Activo',NULL,1,1,0,0,0,0,NULL),(38,NULL,1220101,5,1,1220100,'Equipos de computación valores históricos','Activo',NULL,1,1,0,0,0,1,NULL),(39,NULL,1220102,5,1,1220100,'Equipos de computación ajuste','Activo',NULL,1,1,0,0,0,1,NULL),(40,NULL,1220108,5,1,1220100,'Amortización Acumulada Equipos de comput.','Activo',NULL,1,1,0,0,0,1,'2020-12-31 13:34:22'),(41,NULL,1220200,4,1,1220000,'INSTALACIONES','Activo',NULL,1,1,0,0,0,0,NULL),(42,NULL,1220201,5,1,1220200,'Instalaciones valores históricos','Activo',NULL,1,1,0,0,0,1,NULL),(43,NULL,1220202,5,1,1220200,'Instalaciones ajuste','Activo',NULL,1,1,0,0,0,1,NULL),(44,NULL,1220206,5,1,1220200,'Amortización Acumulada Instalaciones','Activo',NULL,1,1,0,0,0,1,NULL);
INSERT INTO `conta_plan_cuenta` VALUES (45,NULL,1220300,4,1,1220000,'MUEBLES Y UTILES','Activo',NULL,1,1,0,0,0,0,NULL),(46,NULL,1220301,5,1,1220300,'Muebles y utiles valores históricos','Activo',NULL,1,1,0,0,0,1,NULL),(47,NULL,1220302,5,1,1220300,'Muebles y utiles ajuste','Activo',NULL,1,1,0,0,0,1,NULL),(48,NULL,1220306,5,1,1220300,'Amortización Acumulada Muebles y Útiles','Activo',NULL,1,1,0,0,0,1,NULL),(49,NULL,1230000,3,1,1200000,'ACTIVOS INTANGIBLES','Activo',NULL,1,1,0,0,0,0,NULL),(50,NULL,1230101,5,1,1230100,'Gastos de organización valores historicos','Activo',NULL,1,1,0,0,0,1,NULL),(51,NULL,1230102,5,1,1230100,'Gastos de organización ajuste','Activo',NULL,1,1,0,0,0,1,NULL),(52,NULL,1230103,5,1,1230100,'Amortización acumulada gs. de organización','Activo',NULL,1,1,0,0,0,1,NULL),(53,NULL,2000000,1,2,0,'PASIVO','Pasivo',NULL,1,1,0,0,0,0,NULL),(54,NULL,2100000,2,2,2000000,'PASIVO CORRIENTE','Pasivo',NULL,1,1,0,0,0,0,NULL),(55,NULL,2110000,3,2,2100000,'Deudas','Pasivo',NULL,1,1,0,0,0,0,NULL),(56,NULL,2110100,4,2,2110000,'Comerciales','Pasivo',NULL,1,1,0,0,0,0,NULL),(57,NULL,2110101,5,2,2110100,'Proveedores en Cta. Cte. locales','Pasivo',NULL,1,2,0,0,0,1,NULL),(58,NULL,2110102,5,2,2110100,'Proveedores en cta. cte. exterior','Pasivo',NULL,1,1,0,0,0,1,NULL),(59,NULL,2110103,5,2,2110100,'Derechos de exhibición a devengar','Pasivo',NULL,1,1,0,0,0,1,NULL),(60,NULL,2110104,5,2,2110100,'Cheques emitidos ','Pasivo',NULL,1,2,1,1,1,1,NULL),(61,NULL,2110200,4,2,2110000,'REMUNERACIONES Y CARGAS SOCIALES','Pasivo',NULL,1,1,0,0,0,0,NULL),(62,NULL,2110201,5,2,2110200,'Sueldos y Jornales a pagar','Pasivo',NULL,1,2,0,0,1,1,NULL),(63,NULL,2110202,5,2,2110200,'Cargas sociales a pagar','Pasivo',NULL,1,1,0,0,0,1,NULL),(64,NULL,2110203,5,2,2110200,'Sindicatos a Pagar','Pasivo',NULL,1,1,0,0,0,1,NULL),(65,NULL,2110300,4,2,2110000,'CARGAS FISCALES','Pasivo',NULL,1,1,0,0,0,0,NULL),(67,NULL,2110301,5,2,2110300,'IVA Debito Fiscal','Pasivo',NULL,1,2,0,0,0,1,NULL),(68,NULL,1140222,5,1,1140200,'IVA Credito Fiscal','Activo',NULL,1,2,0,0,0,1,NULL),(69,NULL,2110303,5,2,2110300,'Impuestos Internos','Pasivo',NULL,1,1,0,0,0,1,NULL),(70,NULL,2110304,5,2,2110300,'Impuestos al Combustible','Pasivo',NULL,1,1,0,0,0,1,NULL),(71,NULL,2110601,5,2,2110600,'IVA Retenciones de terceros','Pasivo',NULL,1,1,0,0,0,1,NULL),(72,NULL,2110306,5,2,2110300,'IVA Percepciones realiz.por terceros','Pasivo',NULL,1,2,0,0,0,1,NULL),(73,NULL,2110307,5,2,2110300,'IVA Saldo a favor','Pasivo',NULL,1,1,0,0,0,1,NULL),(74,NULL,2110308,5,2,2110300,'IVA a pagar','Pasivo',NULL,1,2,0,0,0,1,NULL),(75,NULL,2110309,5,2,2110300,'Percepciones Ingresos Brutos','Pasivo',NULL,1,1,0,0,0,1,NULL),(76,7851,2110351,5,2,2110300,'AFIP Otros Pagos','Pasivo',NULL,1,1,0,0,0,1,NULL),(78,NULL,2110350,5,2,2110300,'Impuesto a los Ingresos Brutos Pasivo','Pasivo',NULL,1,1,0,0,0,1,NULL),(79,NULL,2110313,5,2,2110300,'Impuesto a las Ganancias','Pasivo',NULL,1,1,0,0,0,1,NULL),(80,NULL,2110314,5,2,2110300,'Impuesto a la Ganancia Mínima Presunta','Pasivo',NULL,1,1,0,0,0,1,NULL),(81,NULL,2110602,5,2,2110600,'AFIP - Retenciones Impuesto a las Ganancias','Pasivo',NULL,1,1,0,0,0,1,NULL),(82,NULL,2110316,5,2,2110300,'AFIP - Plan de Facilidades Decreto 338/02','Pasivo',NULL,1,1,0,0,0,1,NULL),(83,NULL,2200000,2,2,2000000,'PASIVO NO CORRIENTE','Pasivo',NULL,1,1,0,0,0,0,NULL),(84,NULL,3000000,1,2,0,'PATRIMONIO NETO','Patrimonio Neto',NULL,1,1,0,0,0,0,NULL),(85,NULL,3100000,2,2,3000000,'APORTE DE LOS PROPIETARIOS','Patrimonio Neto',NULL,1,1,0,0,0,0,NULL),(86,NULL,3110100,4,2,3110000,'CAPITAL SOCIAL','Patrimonio Neto',NULL,1,1,0,0,0,0,NULL),(87,NULL,3110101,5,2,3110100,'Acciones en circulación','Patrimonio Neto',NULL,1,1,0,0,0,1,NULL),(88,NULL,3110102,5,2,3110100,'Ajuste del Capital','Patrimonio Neto',NULL,1,2,0,0,0,1,NULL),(89,NULL,3110103,5,2,3110100,'Aportes Irrevocables Futuras Suscripciones','Patrimonio Neto',NULL,1,1,0,0,0,1,NULL),(90,NULL,3400000,2,2,3000000,'RESULTADOS','Patrimonio Neto',NULL,1,1,0,0,0,0,NULL);
INSERT INTO `conta_plan_cuenta` VALUES (91,NULL,3410101,5,2,3410100,'Resultado del ejercicio','Patrimonio Neto',NULL,1,1,0,0,0,1,NULL),(92,NULL,3410102,5,2,3410100,'Resultado ejercicios anteriores','Patrimonio Neto',NULL,1,1,0,0,0,1,NULL),(93,NULL,3410103,5,2,3410100,'A.R.E.A.','Patrimonio Neto',NULL,1,1,0,0,0,1,NULL),(94,NULL,4000000,1,2,0,'INGRESOS','Result. Positivo',NULL,1,1,0,0,0,0,NULL),(95,NULL,4100000,2,2,4000000,'INGRESOS ORDINARIOS','Result. Positivo',NULL,1,1,0,0,0,0,NULL),(96,NULL,4110101,5,2,4110100,'VENTAS','Result. Positivo',NULL,1,2,0,0,0,1,NULL),(97,NULL,4110102,5,2,4110100,'Honorarios','Result. Positivo',NULL,1,1,0,0,0,1,NULL),(98,NULL,4110103,5,2,4110100,'Sueldo Vane','Result. Positivo',NULL,0,1,0,0,0,0,'2020-12-31 13:34:22'),(99,NULL,4110104,5,2,4110100,'Descuentos obtenidos','Result. Positivo',NULL,1,1,0,0,0,1,NULL),(100,NULL,4110105,5,2,4110100,'Reintegros por exportaciones','Result. Positivo',NULL,1,1,0,0,0,1,NULL),(101,NULL,4120000,3,2,4100000,'OTROS INGRESOS','Result. Positivo',NULL,1,1,0,0,0,0,NULL),(102,NULL,4120101,5,2,4120100,'Intereses Cobrados','Result. Positivo',NULL,1,1,0,0,0,1,NULL),(103,NULL,4120102,5,2,4120100,'Diferencias de cambio','Result. Positivo',NULL,1,1,0,0,0,1,NULL),(104,NULL,4120103,5,2,4120100,'Descuentos obtenidos','Result. Positivo',NULL,1,1,0,0,0,1,NULL),(107,NULL,5000000,1,1,0,'GASTOS','Result. Negativo',NULL,1,1,0,0,0,0,NULL),(108,NULL,5100000,2,1,5000000,'GASTOS ORDINARIOS','Result. Negativo',NULL,1,1,0,0,0,0,NULL),(109,NULL,5110100,4,1,5110000,'ASIENTO DE SUELDO','Result. Negativo',NULL,1,1,0,0,0,0,NULL),(110,7851,5110106,5,2,5110100,'1595 Sueldos','Result. Negativo',NULL,1,1,1,1,1,1,NULL),(111,NULL,5110102,5,1,5110100,'Contribuciones','Result. Negativo',NULL,1,1,0,0,0,1,NULL),(112,NULL,5110103,5,1,5110100,'Sindicato','Result. Negativo',NULL,1,1,0,0,0,1,NULL),(113,NULL,5120100,4,1,5120000,'GASTOS DE OPERACION','Result. Negativo',NULL,1,1,0,0,0,0,NULL),(114,NULL,5120101,5,1,5120100,'ACA','Result. Negativo',NULL,1,1,0,0,0,1,'2020-12-31 13:34:22'),(115,NULL,5120102,5,1,5120100,'Aereos','Result. Negativo',NULL,1,1,0,0,0,1,NULL),(116,NULL,5120103,5,1,5120100,'Alquiler','Result. Negativo',NULL,1,1,0,0,0,1,NULL),(117,NULL,5120104,5,1,5120100,'AGUA AYSA','Result. Negativo',NULL,1,1,0,0,0,1,'2020-12-31 13:34:22'),(118,NULL,5120105,5,1,5120100,'TV Cablevision','Result. Negativo',NULL,1,1,0,0,0,1,'2020-12-31 13:34:22'),(119,NULL,5120106,5,1,5120100,'Caja Jubilacion Consejo','Result. Negativo',NULL,1,1,0,0,0,1,NULL),(120,7851,5120108,5,2,5120100,'NIMBUS Actividad Celulares','Result. Negativo',NULL,1,1,0,0,0,1,NULL),(121,NULL,5120108,5,1,5120100,'Cheques','Result. Negativo',NULL,1,1,0,0,0,1,NULL),(122,NULL,5120109,5,1,5120100,'Club la Nacion','Result. Negativo',NULL,0,1,0,0,0,0,'2020-12-31 13:34:22'),(123,NULL,5120110,5,1,5120100,'Comida','Result. Negativo',NULL,1,1,0,0,0,1,'2020-12-31 13:34:22'),(124,NULL,5120111,5,1,5120100,'Diario Clarin','Result. Negativo',NULL,0,1,0,0,0,0,'2020-12-31 13:34:22'),(125,NULL,5120112,5,1,5120100,'Digital Ocean','Result. Negativo',NULL,0,1,0,0,0,0,'2020-12-31 13:34:22'),(126,NULL,5120113,5,1,5120100,'Fletes y acarreos','Result. Negativo',NULL,1,1,0,0,0,1,NULL),(127,NULL,5120114,5,1,5120100,'Luz Edesur','Result. Negativo',NULL,1,1,0,0,0,1,'2020-12-31 13:34:22'),(128,NULL,5120115,5,1,5120100,'Movilidad y Viáticos','Result. Negativo',NULL,1,1,0,0,0,1,NULL),(129,NULL,5120116,5,1,5120100,'Mantenimiento','Result. Negativo',NULL,1,1,0,0,0,1,'2020-12-31 13:34:22'),(130,NULL,5120117,5,1,5120100,'IVA No Computable','Result. Negativo',NULL,1,1,0,0,0,1,'2020-12-31 13:34:22'),(131,NULL,5120118,5,1,5120100,'Entretenimiento','Result. Negativo',NULL,1,1,0,0,0,1,'2020-12-31 13:34:22'),(132,NULL,5120119,5,1,5120100,'Amortización Bienes de Uso','Result. Negativo',NULL,1,1,0,0,0,1,NULL),(133,NULL,5120120,5,1,5120100,'Errepar','Result. Negativo',NULL,0,1,0,0,0,0,'2020-12-31 13:34:22'),(134,NULL,5120121,5,1,5120100,'Hosting Página Web To Webs','Result. Negativo',NULL,0,1,0,0,0,0,'2020-12-31 13:34:22');
INSERT INTO `conta_plan_cuenta` VALUES (135,7851,5120108,5,2,5120100,'NIMBUS Actividad Gastos Varios','Result. Negativo',NULL,1,1,0,0,0,1,NULL),(136,NULL,5120123,5,1,5120100,'Ajuste por redondeo','Result. Negativo',NULL,1,2,0,0,0,1,NULL),(137,NULL,5120124,5,1,5120100,'Deudores Incobrables','Result. Negativo',NULL,1,1,0,0,0,1,NULL),(138,NULL,5120125,5,1,5120100,'Faby Goncalves','Result. Negativo',NULL,0,1,0,0,0,0,'2020-12-31 13:34:22'),(139,NULL,5130100,4,1,5130000,'GASTOS FINANCIEROS','Result. Negativo',NULL,1,1,0,0,0,0,NULL),(140,NULL,5130101,5,1,5130100,'Intereses y Gastos bancarios','Result. Negativo',NULL,1,2,0,0,1,1,NULL),(141,NULL,5130102,5,1,5130100,'Intereses Proveedores','Result. Negativo',NULL,1,1,0,0,0,1,NULL),(142,NULL,5130103,5,1,5130100,'Damian Financiera','Result. Negativo',NULL,0,1,0,0,0,0,'2020-12-31 13:34:22'),(143,NULL,5130104,5,1,5130100,'Diferencias de cambio','Result. Negativo',NULL,1,1,0,0,0,1,NULL),(144,NULL,5130105,5,1,5130100,'Diferencia de Cambio Bces. en M.Extranjera','Result. Negativo',NULL,1,1,0,0,0,1,'2020-12-31 13:34:22'),(145,NULL,5130106,5,1,5130100,'Diferencia tipo cambio Vendedor/Comprador','Result. Negativo',NULL,1,1,0,0,0,1,NULL),(146,NULL,5130107,5,1,5130100,'Diferencia por conversion en Bce. en Mon. Extranj.','Result. Negativo',NULL,1,1,0,0,0,1,'2020-12-31 13:34:22'),(147,NULL,5130108,5,1,5130100,'Diferencia de cambio CMV','Result. Negativo',NULL,1,1,0,0,0,1,'2020-12-31 13:34:22'),(148,NULL,5130109,5,1,5130100,'Diferencia de cambio PT','Result. Negativo',NULL,1,1,0,0,0,1,'2020-12-31 13:34:22'),(149,NULL,5130110,5,1,5130100,'Resultado por Exposición a la Inflación','Result. Negativo',NULL,1,1,0,0,0,1,'2020-12-31 13:34:22'),(150,NULL,5130111,5,1,5130100,'Diferencia de cambio PE','Result. Negativo',NULL,1,1,0,0,0,1,'2020-12-31 13:34:22'),(151,NULL,5130112,5,1,5130100,'Diferencia de cambio Ds.Vtas.','Result. Negativo',NULL,1,1,0,0,0,1,'2020-12-31 13:34:22'),(152,NULL,5130113,5,1,5130100,'Diferencia de cambio ME','Result. Negativo',NULL,1,1,0,0,0,1,NULL),(153,NULL,5130114,5,1,5130100,'Descuentos otorgados','Result. Negativo',NULL,1,1,0,0,0,1,NULL),(154,NULL,5140100,4,1,5140000,'IMPUESTOS','Result. Negativo',NULL,1,1,0,0,0,0,NULL),(155,NULL,5140101,5,1,5140100,'Impuesto a las Ganancias','Result. Negativo',NULL,1,1,0,0,0,1,NULL),(156,NULL,5140164,5,1,5140100,'Impuesto a los Ingresos Brutos','Result. Negativo',NULL,1,2,0,0,0,1,NULL),(157,7851,5140101,5,2,5140100,'Pers Banco Supervielle Impuesto al Debitos y Creditos','Result. Negativo',NULL,1,1,0,0,0,1,NULL),(158,NULL,5200000,2,1,5000000,'GASTOS EXTRAORDINARIOS','Result. Negativo',NULL,1,1,0,0,0,0,NULL),(159,NULL,5210101,5,1,5210100,'Pérdida por venta bienes de uso','Result. Negativo',NULL,1,1,0,0,0,1,NULL),(160,7851,5210101,5,2,5210100,'Pers Banco Supervielle Inversiones','Result. Negativo',NULL,1,1,1,1,1,1,NULL),(161,NULL,5210103,5,1,5210100,'Amortizaciones extraordinarias','Result. Negativo',NULL,1,1,0,0,0,1,NULL),(162,NULL,1140103,5,1,1140100,'Retenciones SUSS','Activo',NULL,1,2,1,0,0,1,NULL),(163,7851,1110215,5,1,1110200,'Banco Santander CA ARS','Activo',NULL,1,1,1,1,1,1,NULL),(164,NULL,1110106,5,1,1110100,'Banco HSBC','Activo',NULL,0,1,0,0,0,0,'2020-12-31 13:34:22'),(165,7851,1110129,5,1,1110100,'Banco Santander CC ARS','Activo',NULL,1,1,0,0,0,0,NULL),(166,NULL,1110124,5,1,1110100,'Banco Nacion Cta. Cte.','Activo',NULL,0,1,0,0,0,0,NULL),(167,NULL,1110109,5,1,1110100,'Banco Galicia Vane','Activo',NULL,0,1,0,0,0,0,'2020-12-31 13:34:22'),(168,NULL,1110110,5,1,1110100,'Banco Frances Vane','Activo',NULL,0,1,0,0,0,0,'2020-12-31 13:34:22'),(169,NULL,1110111,5,1,1110100,'Banco Patagonia In Time SRL','Activo',NULL,0,1,0,0,0,0,'2020-12-31 13:34:22'),(170,NULL,1110112,5,1,1110100,'Banco Ciudad In Time SRL','Activo',NULL,0,1,0,0,0,0,'2020-12-31 13:34:22'),(171,NULL,1110113,5,1,1110100,'Banco Provincia In Time SRL','Activo',NULL,0,1,0,0,0,0,'2020-12-31 13:34:22'),(172,NULL,1110114,5,1,1110100,'Banco Macro PedimeOnline','Activo',NULL,0,1,0,0,0,0,'2020-12-31 13:34:22');
INSERT INTO `conta_plan_cuenta` VALUES (173,NULL,1110115,5,1,1110100,'Banco Patagonia Problema Resuelto','Activo',NULL,0,1,0,0,0,0,'2020-12-31 13:34:22'),(174,NULL,1110116,5,1,1110100,'Banco Patagonia Graciela','Activo',NULL,0,1,0,0,0,0,'2020-12-31 13:34:22'),(175,NULL,1110117,5,1,1110100,'Banco Patagonia Omar','Activo',NULL,0,1,0,0,0,0,'2020-12-31 13:34:22'),(176,NULL,1110118,5,1,1110100,'Cheques','Activo',NULL,1,2,1,1,1,0,NULL),(177,NULL,5120126,5,1,5120100,'Gisela Larzabal','Result. Negativo',NULL,0,1,0,0,0,0,'2020-12-31 13:34:22'),(178,NULL,5120127,5,1,5120100,'Google','Result. Negativo',NULL,1,1,0,0,0,1,'2020-12-31 13:34:22'),(179,NULL,5120128,5,1,5120100,'Seguro Moto','Result. Negativo',NULL,0,1,0,0,0,0,'2020-12-31 13:34:22'),(180,7851,5120108,5,2,5120100,'1595 SAC','Result. Negativo',NULL,1,1,1,1,1,1,NULL),(181,NULL,5120130,5,1,5120100,'Sueldo Betty','Result. Negativo',NULL,0,1,0,0,0,0,'2020-12-31 13:34:22'),(182,NULL,5120131,5,1,5120100,'Sueldo Elizabet','Result. Negativo',NULL,0,1,0,0,0,0,'2020-12-31 13:34:22'),(183,NULL,5120132,5,1,5120100,'Sueldo Florencia','Result. Negativo',NULL,0,1,0,0,0,0,'2020-12-31 13:34:22'),(184,NULL,5120133,5,1,5120100,'Sueldo Graciela','Result. Negativo',NULL,0,1,0,0,0,0,'2020-12-31 13:34:22'),(185,NULL,5120134,5,1,5120100,'Sueldo Franco Sanchez','Result. Negativo',NULL,0,1,0,0,0,0,'2020-12-31 13:34:22'),(186,NULL,5120135,5,1,5120100,'Sueldo Santiago Sanchez','Result. Negativo',NULL,0,1,0,0,0,0,'2020-12-31 13:34:22'),(187,NULL,5120136,5,1,5120100,'Sueldo Jose Luis','Result. Negativo',NULL,0,1,0,0,0,0,'2020-12-31 13:34:22'),(188,NULL,5120137,5,1,5120100,'Publicidad','Result. Negativo',NULL,1,1,0,0,0,1,NULL),(189,NULL,5120138,5,1,5120100,'Las Nieves','Result. Negativo',NULL,0,1,0,0,0,0,'2020-12-31 13:34:22'),(190,NULL,5120139,5,1,5120100,'Sueldo Lidia','Result. Negativo',NULL,0,1,0,0,0,0,'2020-12-31 13:34:22'),(191,7851,5120108,5,2,5120100,'1595 Cargas sociales','Result. Negativo',NULL,1,1,1,1,1,1,NULL),(192,NULL,5120141,5,1,5120100,'Honorarios','Result. Negativo',NULL,1,1,0,0,0,1,NULL),(193,NULL,5120142,5,1,5120100,'Telefono Fijo','Result. Negativo',NULL,1,1,0,0,0,1,NULL),(194,NULL,5120143,5,1,5120100,'ONE DRIVE','Result. Negativo',NULL,0,1,0,0,0,0,'2020-12-31 13:34:22'),(195,NULL,5120144,5,1,5120100,'OSDE','Result. Negativo',NULL,0,1,0,0,0,0,'2020-12-31 13:34:22'),(196,NULL,5120145,5,1,5120100,'SAS Constitucion','Result. Negativo',NULL,0,1,0,0,0,0,'2020-12-31 13:34:22'),(197,NULL,5120146,5,1,5120100,'Seguro de Vida Zurich','Result. Negativo',NULL,0,1,0,0,0,0,'2020-12-31 13:34:22'),(198,NULL,5120147,5,1,5120100,'Seguros','Result. Negativo',NULL,1,1,0,0,0,1,NULL),(199,NULL,5120148,5,1,5120100,'Internet','Result. Negativo',NULL,1,1,0,0,0,1,NULL),(200,NULL,5120149,5,1,5120100,'Seguro de Retiro Zurich','Result. Negativo',NULL,0,1,0,0,0,0,'2020-12-31 13:34:22'),(201,NULL,5140165,5,1,5140100,'Monotributo','Result. Negativo',NULL,1,2,0,0,1,1,NULL),(202,NULL,5140104,5,1,5140100,'IVA In Time SRL','Result. Negativo',NULL,0,1,0,0,0,0,'2020-12-31 13:34:22'),(203,NULL,5140105,5,1,5140100,'Autonomos','Result. Negativo',NULL,1,2,0,0,1,1,NULL),(204,NULL,5140106,5,1,5140100,'Multas Impositivas','Result. Negativo',NULL,1,1,0,0,0,1,NULL),(207,NULL,5120150,5,1,5120100,'Vanesa Gastos','Result. Negativo',NULL,0,1,0,0,0,0,'2020-12-31 13:34:22'),(208,NULL,5140166,5,1,5140100,'Impuesto a los Ingresos Brutos - BS AS','Result. Negativo',NULL,1,1,0,0,0,1,NULL),(209,NULL,5140107,5,1,5140100,'SIRCREB','Result. Negativo',NULL,1,1,0,0,0,1,NULL),(210,NULL,5140108,5,1,5140100,'Consejo Ciencias Economicas','Result. Negativo',NULL,0,1,0,0,0,0,'2020-12-31 13:34:22'),(211,NULL,5120152,5,1,5120100,'Albano Andres','Result. Negativo',NULL,0,1,0,0,0,0,'2020-12-31 13:34:22'),(212,7851,5120108,5,2,5120100,'Pers Banco Supervielle Tarjeta Visa','Result. Negativo',NULL,1,1,0,0,0,1,NULL),(213,NULL,5120154,5,1,5120100,'Tarjeta American Express','Result. Negativo',NULL,1,1,0,0,0,1,NULL);
INSERT INTO `conta_plan_cuenta` VALUES (214,7851,5120108,5,2,5120100,'Pers Banco Supervielle Tarjeta Mastercard','Result. Negativo',NULL,1,1,0,0,0,1,NULL),(215,NULL,5120156,5,1,5120100,'Imp. Municipales','Result. Negativo',NULL,1,2,0,0,0,1,'2020-12-31 13:34:22'),(216,NULL,5120157,5,1,5120100,'Perc/Ret. Imp. Ganancias','Result. Negativo',NULL,1,2,0,0,0,1,NULL),(217,NULL,5120158,5,1,5120100,'Compras','Result. Negativo',NULL,1,2,0,0,0,1,NULL),(218,NULL,4110106,5,2,4110100,'Ventas No Gravadas','Result. Positivo',NULL,1,2,0,0,0,1,NULL),(219,NULL,6110103,5,1,6110100,'Pagos AFIP','Movimiento',NULL,1,2,0,0,1,1,NULL),(220,NULL,5140167,5,1,5140100,'Perc IVA -RG3337','Result. Negativo',NULL,1,2,0,0,0,1,NULL),(221,NULL,5140109,5,1,5140100,'Imps. Internos','Result. Negativo',NULL,1,2,0,0,0,1,NULL),(222,NULL,5140110,5,1,5140100,'Imp. Gasoil','Result. Negativo',NULL,1,2,0,0,0,1,NULL),(223,NULL,5140111,5,1,5140100,'Imp. Hídricos','Result. Negativo',NULL,1,2,0,0,0,1,NULL),(224,NULL,5140112,5,1,5140100,'ITC','Result. Negativo',NULL,1,2,0,0,0,1,NULL),(225,NULL,5140113,5,1,5140100,'Perc IIBB  Buenos Aires','Result. Negativo',NULL,1,2,0,0,0,1,NULL),(226,NULL,5140114,5,1,5140100,'Perc IIBB  Capital Federal','Result. Negativo',NULL,1,2,0,0,0,1,NULL),(227,NULL,5140115,5,1,5140100,'Perc IIBB  Catamarca','Result. Negativo',NULL,1,2,0,0,0,1,NULL),(228,NULL,5140116,5,1,5140100,'Perc IIBB  Chaco','Result. Negativo',NULL,1,2,0,0,0,1,NULL),(229,NULL,5140117,5,1,5140100,'Perc IIBB  Chubut','Result. Negativo',NULL,1,2,0,0,0,1,NULL),(230,NULL,5140118,5,1,5140100,'Perc IIBB  Córdoba','Result. Negativo',NULL,1,2,0,0,0,1,NULL),(231,NULL,5140119,5,1,5140100,'Perc IIBB  Corrientes','Result. Negativo',NULL,1,2,0,0,0,1,NULL),(232,NULL,5140120,5,1,5140100,'Perc IIBB  Entre Ríos','Result. Negativo',NULL,1,2,0,0,0,1,NULL),(233,NULL,5140121,5,1,5140100,'Perc IIBB  Formosa','Result. Negativo',NULL,1,2,0,0,0,1,NULL),(234,NULL,5140122,5,1,5140100,'Perc IIBB  Jujuy','Result. Negativo',NULL,1,2,0,0,0,1,NULL),(235,NULL,5140123,5,1,5140100,'Perc IIBB  La Pampa','Result. Negativo',NULL,1,2,0,0,0,1,NULL),(236,NULL,5140124,5,1,5140100,'Perc IIBB  La Rioja','Result. Negativo',NULL,1,2,0,0,0,1,NULL),(237,NULL,5140125,5,1,5140100,'Perc IIBB  Mendoza','Result. Negativo',NULL,1,2,0,0,0,1,NULL),(238,NULL,5140126,5,1,5140100,'Perc IIBB  Misiones','Result. Negativo',NULL,1,2,0,0,0,1,NULL),(239,NULL,5140127,5,1,5140100,'Perc IIBB  Neuquén','Result. Negativo',NULL,1,2,0,0,0,1,NULL),(240,NULL,5140128,5,1,5140100,'Perc IIBB  Pascua Lama','Result. Negativo',NULL,1,2,0,0,0,1,NULL),(241,NULL,5140129,5,1,5140100,'Perc IIBB  Río Negro','Result. Negativo',NULL,1,2,0,0,0,1,NULL),(242,NULL,5140130,5,1,5140100,'Perc IIBB  Salta','Result. Negativo',NULL,1,2,0,0,0,1,NULL),(243,NULL,5140131,5,1,5140100,'Perc IIBB  San Juan','Result. Negativo',NULL,1,2,0,0,0,1,NULL),(244,NULL,5140132,5,1,5140100,'Perc IIBB  San Luis','Result. Negativo',NULL,1,2,0,0,0,1,NULL),(245,NULL,5140133,5,1,5140100,'Perc IIBB  Santa Cruz','Result. Negativo',NULL,1,2,0,0,0,1,NULL),(246,NULL,5140134,5,1,5140100,'Perc IIBB  Santa Fe','Result. Negativo',NULL,1,2,0,0,0,1,NULL),(247,NULL,5140135,5,1,5140100,'Perc IIBB  Santiago del Estero','Result. Negativo',NULL,1,2,0,0,0,1,NULL),(248,NULL,5140136,5,1,5140100,'Perc IIBB  Tierra del Fuego','Result. Negativo',NULL,1,2,0,0,0,1,NULL),(249,NULL,5140137,5,1,5140100,'Perc IIBB  Tucuman','Result. Negativo',NULL,1,2,0,0,0,1,NULL),(250,NULL,5140138,5,1,5140100,'Compras No Gravadas','Result. Negativo',NULL,1,2,0,0,0,1,NULL),(251,NULL,1140108,5,1,1140100,'Retenciones de IIBB Buenos Aires','Activo',NULL,1,2,1,0,0,1,NULL),(252,NULL,1140109,5,1,1140100,'Retenciones de IIBB Capital Federal','Activo',NULL,1,2,1,0,0,1,NULL),(253,NULL,1140110,5,1,1140100,'Retenciones de IIBB Catamarca','Activo',NULL,1,2,1,0,0,1,NULL),(254,NULL,1140111,5,1,1140100,'Retenciones de IIBB Chaco','Activo',NULL,1,2,1,0,0,1,NULL),(255,NULL,1140112,5,1,1140100,'Retenciones de IIBB Chubut','Activo',NULL,1,2,1,0,0,1,NULL);
INSERT INTO `conta_plan_cuenta` VALUES (256,NULL,1140113,5,1,1140100,'Retenciones de IIBB Córdoba','Activo',NULL,1,2,1,0,0,1,NULL),(257,NULL,1140114,5,1,1140100,'Retenciones de IIBB Corrientes','Activo',NULL,1,2,1,0,0,1,NULL),(258,NULL,1140115,5,1,1140100,'Retenciones de IIBB Entre Ríos','Activo',NULL,1,2,1,0,0,1,NULL),(259,NULL,1140116,5,1,1140100,'Retenciones de IIBB Formosa','Activo',NULL,1,2,1,0,0,1,NULL),(260,NULL,1140117,5,1,1140100,'Retenciones de IIBB Jujuy','Activo',NULL,1,2,1,0,0,1,NULL),(261,NULL,1140118,5,1,1140100,'Retenciones de IIBB La Pampa','Activo',NULL,1,2,1,0,0,1,NULL),(262,NULL,1140119,5,1,1140100,'Retenciones de IIBB La Rioja','Activo',NULL,1,2,1,0,0,1,NULL),(263,NULL,1140120,5,1,1140100,'Retenciones de IIBB Mendoza','Activo',NULL,1,2,1,0,0,1,NULL),(264,NULL,1140121,5,1,1140100,'Retenciones de IIBB Misiones','Activo',NULL,1,2,1,0,0,1,NULL),(265,NULL,1140122,5,1,1140100,'Retenciones de IIBB Neuquén','Activo',NULL,1,2,1,0,0,1,NULL),(266,NULL,1140123,5,1,1140100,'Retenciones de IIBB Pascua Lama','Activo',NULL,1,2,1,0,0,1,NULL),(267,NULL,1140124,5,1,1140100,'Retenciones de IIBB Río Negro','Activo',NULL,1,2,1,0,0,1,NULL),(268,NULL,1140125,5,1,1140100,'Retenciones de IIBB Salta','Activo',NULL,1,2,1,0,0,1,NULL),(269,NULL,1140126,5,1,1140100,'Retenciones de IIBB San Juan','Activo',NULL,1,2,1,0,0,1,NULL),(270,NULL,1140127,5,1,1140100,'Retenciones de IIBB San Luis','Activo',NULL,1,2,1,0,0,1,NULL),(271,NULL,1140128,5,1,1140100,'Retenciones de IIBB Santa Cruz','Activo',NULL,1,2,1,0,0,1,NULL),(272,NULL,1140129,5,1,1140100,'Retenciones de IIBB Santa Fe','Activo',NULL,1,2,1,0,0,1,NULL),(273,NULL,1140130,5,1,1140100,'Retenciones de IIBB Santiago del Estero','Activo',NULL,1,2,1,0,0,1,NULL),(274,NULL,1140131,5,1,1140100,'Retenciones de IIBB Tierra del Fuego','Activo',NULL,1,2,1,0,0,1,NULL),(275,NULL,1140132,5,1,1140100,'Retenciones de IIBB Tucuman','Activo',NULL,1,2,1,0,0,1,NULL),(276,NULL,5140168,5,1,5140100,'SIRCREB Buenos Aires','Result. Negativo',NULL,1,2,0,0,0,1,NULL),(277,NULL,5140139,5,1,5140100,'SIRCREB Capital Federal','Result. Negativo',NULL,1,2,0,0,0,1,NULL),(278,NULL,5140140,5,1,5140100,'SIRCREB Catamarca','Result. Negativo',NULL,1,2,0,0,0,1,NULL),(279,NULL,5140141,5,1,5140100,'SIRCREB Chaco','Result. Negativo',NULL,1,2,0,0,0,1,NULL),(280,NULL,5140142,5,1,5140100,'SIRCREB Chubut','Result. Negativo',NULL,1,2,0,0,0,1,NULL),(281,NULL,5140143,5,1,5140100,'SIRCREB Córdoba','Result. Negativo',NULL,1,2,0,0,0,1,NULL),(282,NULL,5140144,5,1,5140100,'SIRCREB Corrientes','Result. Negativo',NULL,1,2,0,0,0,1,NULL),(283,NULL,5140145,5,1,5140100,'SIRCREB Entre Ríos','Result. Negativo',NULL,1,2,0,0,0,1,NULL),(284,NULL,5140146,5,1,5140100,'SIRCREB Formosa','Result. Negativo',NULL,1,2,0,0,0,1,NULL),(285,NULL,5140147,5,1,5140100,'SIRCREB Jujuy','Result. Negativo',NULL,1,2,0,0,0,1,NULL),(286,NULL,5140148,5,1,5140100,'SIRCREB La Pampa','Result. Negativo',NULL,1,2,0,0,0,1,NULL),(287,NULL,5140149,5,1,5140100,'SIRCREB La Rioja','Result. Negativo',NULL,1,2,0,0,0,1,NULL),(288,NULL,5140150,5,1,5140100,'SIRCREB Mendoza','Result. Negativo',NULL,1,2,0,0,0,1,NULL),(289,NULL,5140151,5,1,5140100,'SIRCREB Misiones','Result. Negativo',NULL,1,2,0,0,0,1,NULL),(290,NULL,5140152,5,1,5140100,'SIRCREB Neuquén','Result. Negativo',NULL,1,2,0,0,0,1,NULL),(291,NULL,5140153,5,1,5140100,'SIRCREB Pascua Lama','Result. Negativo',NULL,1,2,0,0,0,1,NULL),(292,NULL,5140154,5,1,5140100,'SIRCREB Río Negro','Result. Negativo',NULL,1,2,0,0,0,1,NULL),(293,NULL,5140155,5,1,5140100,'SIRCREB Salta','Result. Negativo',NULL,1,2,0,0,0,1,NULL),(294,NULL,5140156,5,1,5140100,'SIRCREB San Juan','Result. Negativo',NULL,1,2,0,0,0,1,NULL),(295,NULL,5140157,5,1,5140100,'SIRCREB San Luis','Result. Negativo',NULL,1,2,0,0,0,1,NULL),(296,NULL,5140158,5,1,5140100,'SIRCREB Santa Cruz','Result. Negativo',NULL,1,2,0,0,0,1,NULL),(297,NULL,5140159,5,1,5140100,'SIRCREB Santa Fe','Result. Negativo',NULL,1,2,0,0,0,1,NULL),(298,NULL,5140160,5,1,5140100,'SIRCREB Santiago del Estero','Result. Negativo',NULL,1,2,0,0,0,1,NULL);
INSERT INTO `conta_plan_cuenta` VALUES (299,NULL,5140161,5,1,5140100,'SIRCREB Tierra del Fuego','Result. Negativo',NULL,1,2,0,0,0,1,NULL),(300,NULL,5140162,5,1,5140100,'SIRCREB Tucuman','Result. Negativo',NULL,1,2,0,0,0,1,NULL),(301,NULL,1140326,5,1,1140300,'IIBB a Favor Buenos Aires','Activo',NULL,1,2,0,0,0,1,NULL),(302,NULL,1140302,5,1,1140300,'IIBB a Favor Capital Federal','Activo',NULL,1,2,0,0,0,1,NULL),(303,NULL,1140303,5,1,1140300,'IIBB a Favor Catamarca','Activo',NULL,1,2,0,0,0,1,NULL),(304,NULL,1140304,5,1,1140300,'IIBB a Favor Chaco','Activo',NULL,1,2,0,0,0,1,NULL),(305,NULL,1140305,5,1,1140300,'IIBB a Favor Chubut','Activo',NULL,1,2,0,0,0,1,NULL),(306,NULL,1140306,5,1,1140300,'IIBB a Favor Córdoba','Activo',NULL,1,2,0,0,0,1,NULL),(307,NULL,1140307,5,1,1140300,'IIBB a Favor Corrientes','Activo',NULL,1,2,0,0,0,1,NULL),(308,NULL,1140308,5,1,1140300,'IIBB a Favor Entre Ríos','Activo',NULL,1,2,0,0,0,1,NULL),(309,NULL,1140309,5,1,1140300,'IIBB a Favor Formosa','Activo',NULL,1,2,0,0,0,1,NULL),(310,NULL,1140310,5,1,1140300,'IIBB a Favor Jujuy','Activo',NULL,1,2,0,0,0,1,NULL),(311,NULL,1140311,5,1,1140300,'IIBB a Favor La Pampa','Activo',NULL,1,2,0,0,0,1,NULL),(312,NULL,1140312,5,1,1140300,'IIBB a Favor La Rioja','Activo',NULL,1,2,0,0,0,1,NULL),(313,NULL,1140313,5,1,1140300,'IIBB a Favor Mendoza','Activo',NULL,1,2,0,0,0,1,NULL),(314,NULL,1140314,5,1,1140300,'IIBB a Favor Misiones','Activo',NULL,1,2,0,0,0,1,NULL),(315,NULL,1140315,5,1,1140300,'IIBB a Favor Neuquén','Activo',NULL,1,2,0,0,0,1,NULL),(316,NULL,1140316,5,1,1140300,'IIBB a Favor Pascua Lama','Activo',NULL,1,2,0,0,0,1,NULL),(317,NULL,1140317,5,1,1140300,'IIBB a Favor Río Negro','Activo',NULL,1,2,0,0,0,1,NULL),(318,NULL,1140318,5,1,1140300,'IIBB a Favor Salta','Activo',NULL,1,2,0,0,0,1,NULL),(319,NULL,1140319,5,1,1140300,'IIBB a Favor San Juan','Activo',NULL,1,2,0,0,0,1,NULL),(320,NULL,1140320,5,1,1140300,'IIBB a Favor San Luis','Activo',NULL,1,2,0,0,0,1,NULL),(321,NULL,1140321,5,1,1140300,'IIBB a Favor Santa Cruz','Activo',NULL,1,2,0,0,0,1,NULL),(322,NULL,1140322,5,1,1140300,'IIBB a Favor Santa Fe','Activo',NULL,1,2,0,0,0,1,NULL),(323,NULL,1140323,5,1,1140300,'IIBB a Favor Santiago del Estero','Activo',NULL,1,2,0,0,0,1,NULL),(324,NULL,1140324,5,1,1140300,'IIBB a Favor Tierra del Fuego','Activo',NULL,1,2,0,0,0,1,NULL),(325,NULL,1140325,5,1,1140300,'IIBB a Favor Tucuman','Activo',NULL,1,2,0,0,0,1,NULL),(326,NULL,2110317,5,2,2110300,'IIBB a Pagar Buenos Aires','Pasivo',NULL,1,2,0,0,0,1,NULL),(327,NULL,2110318,5,2,2110300,'IIBB a Pagar Capital Federal','Pasivo',NULL,1,2,0,0,0,1,NULL),(328,NULL,2110319,5,2,2110300,'IIBB a Pagar Catamarca','Pasivo',NULL,1,2,0,0,0,1,NULL),(329,NULL,2110320,5,2,2110300,'IIBB a Pagar Chaco','Pasivo',NULL,1,2,0,0,0,1,NULL),(330,NULL,2110321,5,2,2110300,'IIBB a Pagar Chubut','Pasivo',NULL,1,2,0,0,0,1,NULL),(331,NULL,2110322,5,2,2110300,'IIBB a Pagar Córdoba','Pasivo',NULL,1,2,0,0,0,1,NULL),(332,NULL,2110323,5,2,2110300,'IIBB a Pagar Corrientes','Pasivo',NULL,1,2,0,0,0,1,NULL),(333,NULL,2110324,5,2,2110300,'IIBB a Pagar Entre Ríos','Pasivo',NULL,1,2,0,0,0,1,NULL),(334,NULL,2110325,5,2,2110300,'IIBB a Pagar Formosa','Pasivo',NULL,1,2,0,0,0,1,NULL),(335,NULL,2110326,5,2,2110300,'IIBB a Pagar Jujuy','Pasivo',NULL,1,2,0,0,0,1,NULL),(336,NULL,2110327,5,2,2110300,'IIBB a Pagar La Pampa','Pasivo',NULL,1,2,0,0,0,1,NULL),(337,NULL,2110328,5,2,2110300,'IIBB a Pagar La Rioja','Pasivo',NULL,1,2,0,0,0,1,NULL),(338,NULL,2110329,5,2,2110300,'IIBB a Pagar Mendoza','Pasivo',NULL,1,2,0,0,0,1,NULL),(339,NULL,2110330,5,2,2110300,'IIBB a Pagar Misiones','Pasivo',NULL,1,2,0,0,0,1,NULL),(340,NULL,2110331,5,2,2110300,'IIBB a Pagar Neuquén','Pasivo',NULL,1,2,0,0,0,1,NULL),(341,NULL,2110332,5,2,2110300,'IIBB a Pagar Pascua Lama','Pasivo',NULL,1,2,0,0,0,1,NULL),(342,NULL,2110333,5,2,2110300,'IIBB a Pagar Río Negro','Pasivo',NULL,1,2,0,0,0,1,NULL),(343,NULL,2110334,5,2,2110300,'IIBB a Pagar Salta','Pasivo',NULL,1,2,0,0,0,1,NULL);
INSERT INTO `conta_plan_cuenta` VALUES (344,NULL,2110335,5,2,2110300,'IIBB a Pagar San Juan','Pasivo',NULL,1,2,0,0,0,1,NULL),(345,NULL,2110336,5,2,2110300,'IIBB a Pagar San Luis','Pasivo',NULL,1,2,0,0,0,1,NULL),(346,NULL,2110337,5,2,2110300,'IIBB a Pagar Santa Cruz','Pasivo',NULL,1,2,0,0,0,1,NULL),(347,NULL,2110338,5,2,2110300,'IIBB a Pagar Santa Fe','Pasivo',NULL,1,2,0,0,0,1,NULL),(348,NULL,2110339,5,2,2110300,'IIBB a Pagar Santiago del Estero','Pasivo',NULL,1,2,0,0,0,1,NULL),(349,NULL,2110340,5,2,2110300,'IIBB a Pagar Tierra del Fuego','Pasivo',NULL,1,2,0,0,0,1,NULL),(350,NULL,2110341,5,2,2110300,'IIBB a Pagar Tucuman','Pasivo',NULL,1,2,0,0,0,1,NULL),(351,NULL,6110101,5,1,6110100,'BANCO SIRCREB','Movimiento',NULL,1,2,0,0,1,1,NULL),(352,NULL,6110102,5,1,6110100,'Compensacion','Movimiento',NULL,1,2,0,0,0,1,'2020-12-31 13:34:22'),(353,NULL,1140327,5,1,1140300,'IVA Saldo Tecnico','Activo',NULL,1,2,0,0,0,1,NULL),(354,NULL,1140328,5,1,1140300,'IVA Saldo Libre Disponibilidad','Activo',NULL,1,2,0,0,0,1,NULL),(355,NULL,6000000,1,1,0,'Movimiento','Movimiento',NULL,1,1,0,0,0,0,NULL),(356,NULL,6100000,2,1,6000000,'Movimiento','Movimiento',NULL,1,1,0,0,0,0,NULL),(357,NULL,6110000,3,1,6100000,'Movimiento','Movimiento',NULL,1,1,0,0,0,0,NULL),(358,NULL,4110000,3,2,4100000,'Ingresos Operativos','Result. Positivo',NULL,1,1,0,0,0,0,NULL),(359,NULL,1110120,5,1,1110100,'Caja en Pesos','Activo',NULL,1,2,1,1,1,0,NULL),(360,NULL,1140211,5,1,1140200,'Retenciones Bancarias de Ganancias a Favor','Activo',NULL,1,2,0,0,1,1,NULL),(361,NULL,1220104,5,1,1220100,'Equipos de Computación','Activo',NULL,1,1,0,0,0,1,NULL),(362,NULL,1220105,5,1,1220100,'Computadoras','Activo',NULL,1,1,0,0,0,1,NULL),(363,NULL,1220304,5,1,1220300,'Muebles y Utiles','Activo',NULL,1,1,0,0,0,1,NULL),(364,NULL,2110105,5,2,2110100,'Anticipo de Clientes','Pasivo',NULL,1,2,0,0,1,1,NULL),(365,NULL,2110401,5,2,2110400,'Provision Honorarios','Pasivo',NULL,1,1,0,0,0,1,NULL),(366,NULL,2110106,5,2,2110100,'Cta. Cte Directores','Pasivo',NULL,1,1,0,0,0,1,NULL),(367,NULL,2110107,5,2,2110100,'Provisión Honorarios Directores','Pasivo',NULL,1,1,0,0,0,1,NULL),(368,NULL,2110110,5,2,2110100,'Cuenta Particular Socio 1','Pasivo',NULL,1,1,0,0,0,1,NULL),(369,NULL,3110104,5,2,3110100,'Capital','Patrimonio Neto',NULL,1,1,0,0,0,1,NULL),(370,NULL,1120000,3,1,1100000,'INVERSIONES','Activo',NULL,1,1,0,0,0,0,NULL),(371,NULL,1160000,3,1,1100000,'OTROS ACTIVOS','Activo',NULL,1,1,0,0,0,0,NULL),(372,NULL,1160100,4,1,1160000,'OTROS','Activo',NULL,1,1,0,0,0,0,NULL),(373,NULL,2110400,4,2,2110000,'Provision de Honorarios','Pasivo',NULL,1,1,0,0,0,0,NULL),(374,NULL,3410100,4,1,3410000,'RESULTADOS ACUMULADOS','Patrimonio Neto',NULL,1,1,0,0,0,0,NULL),(375,NULL,3420000,3,1,3400000,'GANACIAS RESERVADAS','Patrimonio Neto',NULL,1,1,0,0,0,0,NULL),(376,NULL,3420100,4,1,3420000,'Rerva Legal','Patrimonio Neto',NULL,1,1,0,0,0,0,NULL),(377,NULL,1220400,4,1,1220000,'INMUEBLES','Activo',NULL,1,1,0,0,0,0,NULL),(378,NULL,1220500,4,1,1220000,'RODADOS','Activo',NULL,1,1,0,0,0,0,NULL),(379,NULL,1220600,4,1,1220000,'MAQUINARIAS','Activo',NULL,1,1,0,0,0,0,NULL),(380,NULL,1220204,5,1,1220200,'Instalaciones','Activo',NULL,1,1,0,0,0,1,NULL),(381,NULL,3420101,5,2,3420100,'Reserva Legal','Patrimonio Neto',NULL,1,1,0,0,0,1,NULL),(382,NULL,3420102,5,2,3420100,'Reserva Legal','Patrimonio Neto',NULL,1,1,0,0,0,1,'2020-12-31 13:34:22'),(383,NULL,3410105,5,2,3410100,'Resultado no asignado','Patrimonio Neto',NULL,1,1,0,0,0,1,NULL),(384,NULL,1110121,5,1,1110100,'Caja en Dolares','Activo',NULL,1,2,1,1,1,0,NULL),(385,NULL,1120100,4,1,1120000,'TEMPORARIAS','Activo',NULL,1,1,0,0,0,0,NULL),(386,NULL,1120101,5,1,1120100,'PLAZO FIJO','Activo',NULL,1,1,0,0,0,1,NULL),(387,NULL,1120200,4,1,1120000,'PERMANENTES','Activo',NULL,1,1,0,0,0,0,NULL),(388,NULL,1120201,5,1,1120200,'ACCIONES','Activo',NULL,1,1,0,0,0,1,NULL),(389,NULL,1220401,5,1,1220400,'Inmuebles','Activo',NULL,1,1,0,0,0,1,NULL),(390,NULL,1220501,5,1,1220500,'Vehiculos','Activo',NULL,1,1,0,0,0,1,NULL);
INSERT INTO `conta_plan_cuenta` VALUES (391,NULL,1220601,5,1,1220600,'Maquinarias','Activo',NULL,1,1,0,0,0,1,NULL),(392,NULL,1150401,5,1,1150400,'MERCADERIAS','Activo',NULL,1,1,0,0,0,1,NULL),(393,NULL,1160101,5,1,1160100,'OTROS','Activo',NULL,1,1,0,0,0,1,NULL),(394,NULL,1230100,4,1,1230000,'INTANGIBLES','Activo',NULL,1,1,0,0,0,0,NULL),(395,NULL,2110119,5,2,2110100,'Cuenta Particular Socio 2','Pasivo',NULL,1,1,0,0,0,1,NULL),(396,7851,5120108,5,2,5120100,'Pers Banco Supervielle Comisiones y Gastos Bancarios','Result. Negativo',NULL,1,1,0,0,0,1,NULL),(397,NULL,4110100,4,2,4110000,'Ingresos Operativos','Result. Positivo',NULL,1,1,0,0,0,0,NULL),(398,NULL,4120100,4,2,4120000,'OTROS INGRESOS','Result. Positivo',NULL,1,1,0,0,0,0,NULL),(399,NULL,5110000,3,1,5100000,'GASTOS ORDINARIOS','Result. Negativo',NULL,1,1,0,0,0,0,NULL),(400,NULL,5120000,3,1,5100000,'GASTOS DE OPERACION','Result. Negativo',NULL,1,1,0,0,0,0,NULL),(401,NULL,5130000,3,1,5100000,'GASTOS DE OPERACION','Result. Negativo',NULL,1,1,0,0,0,0,NULL),(402,NULL,5140000,3,1,5100000,'GASTOS DE OPERACION','Result. Negativo',NULL,1,1,0,0,0,0,NULL),(403,NULL,5210000,3,1,5200000,'GASTOS EXTRAORDINARIOS','Result. Negativo',NULL,1,1,0,0,0,0,NULL),(404,NULL,5210100,4,1,5210000,'GASTOS EXTRAORDINARIOS','Result. Negativo',NULL,1,1,0,0,0,0,NULL),(405,NULL,6110100,4,1,6110000,'Movimiento','Movimiento',NULL,1,1,0,0,0,0,NULL),(406,NULL,1130100,4,1,1130000,'Operaciones Ordinarias','Activo',NULL,1,1,0,0,0,0,NULL),(407,NULL,3110000,3,2,3100000,'CAPITAL SOCIAL','Patrimonio Neto',NULL,1,1,0,0,0,0,NULL),(408,NULL,3410000,3,2,3400000,'RESULTADOS ANTERIORES','Patrimonio Neto',NULL,1,1,0,0,0,0,NULL),(409,NULL,5110101,5,2,5110000,'IVA Crédito Fiscal No computable','Result. Negativo',NULL,1,2,0,0,1,1,NULL),(410,NULL,1110203,5,1,1110200,'Banco ICBC Cta. Cte.','Activo',NULL,1,2,1,1,1,0,NULL),(411,NULL,2110342,5,2,2110300,'Provisión Impuesto a las Ganancias','Pasivo',NULL,1,1,0,0,0,1,NULL),(412,NULL,5120107,5,2,5120000,'Amortización Muebles y Útiles','Result. Negativo',NULL,1,1,0,0,0,1,NULL),(413,NULL,5120102,5,2,5120000,'Amortización Equipos','Result. Negativo',NULL,1,1,0,0,0,1,NULL),(414,NULL,1220109,5,1,1220100,'Amortizacion Acumulada Equipos','Activo',NULL,1,1,0,0,0,1,NULL),(415,NULL,1220602,5,1,1220600,'Amortización Acumulada Maquinarias','Activo',NULL,1,1,0,0,0,1,NULL),(416,NULL,1160102,5,1,1160100,'Materias Primas','Activo',NULL,1,1,0,0,0,1,NULL),(417,NULL,1110204,5,1,1110200,'Banco Itaú Cta. Cte.','Activo',NULL,1,2,1,1,1,0,NULL),(418,NULL,2110113,5,2,2110100,'Deudas Bancarias','Pasivo',NULL,1,2,0,1,1,1,NULL),(419,NULL,1220502,5,1,1220500,'Rodados','Activo',NULL,1,1,0,0,0,1,NULL),(420,NULL,1220503,5,1,1220500,'Amortización Acumulada Rodados','Activo',NULL,1,1,0,0,0,1,NULL),(421,NULL,5120105,5,2,5120000,'Amortización Rodados','Result. Negativo',NULL,1,1,0,0,0,1,'2020-12-31 13:34:22'),(422,NULL,5120109,5,2,5120000,'Amortización Maquinarias','Result. Negativo',NULL,1,1,0,0,0,1,'2020-12-31 13:34:22'),(423,NULL,1220504,5,1,1220500,'Accesorios','Activo',NULL,1,1,0,0,0,1,NULL),(424,NULL,1220505,5,1,1220500,'Amortización Acumulada Accesorios','Activo',NULL,1,1,0,0,0,1,NULL),(425,NULL,1110205,5,1,1110200,'Banco Galicia Cta. Cte.','Activo',NULL,1,2,1,1,1,0,NULL),(426,NULL,3420101,5,2,3420000,'Reserva Facultativa','Patrimonio Neto',NULL,1,1,0,0,0,1,NULL),(427,NULL,1140212,5,1,1140200,'Créditos por Impuestos Diferidos','Activo',NULL,1,1,0,0,0,1,NULL),(428,NULL,1160103,5,1,1160100,'Fondo de Comercio','Activo',NULL,1,1,0,0,0,1,NULL),(429,NULL,1160104,5,1,1160100,'Amortizacion Acumulada Fondo de Comercio','Activo',NULL,1,1,0,0,0,1,NULL),(430,NULL,1140213,5,1,1140200,'Intereses a devengar AGIP','Activo',NULL,1,1,0,0,0,1,NULL),(431,NULL,2110343,5,2,2110300,'PFP IIBB','Pasivo',NULL,1,1,0,0,0,1,'2020-12-31 13:34:22'),(432,NULL,1140330,5,1,1140300,'Pago a Cuenta ITC','Activo',NULL,1,2,0,0,0,1,NULL),(433,NULL,2110114,5,2,2110100,'Préstamo','Pasivo',NULL,1,2,0,1,1,1,NULL),(434,NULL,1160106,5,1,1160100,'Productos','Activo',NULL,1,1,0,0,0,1,NULL);
INSERT INTO `conta_plan_cuenta` VALUES (435,NULL,2110345,5,2,2110300,'Intereses a devengar PFP','Pasivo',NULL,1,1,0,0,0,1,NULL),(436,NULL,1110206,5,1,1110200,'Banco Provincia Cta. Cte.','Activo',NULL,1,2,1,1,1,0,NULL),(437,NULL,1140215,5,1,1140200,'Imp. Ley 25413 Cred 0.6%','Activo',NULL,1,1,0,0,0,1,NULL),(438,NULL,2110402,5,2,2110400,'Honorarios Directorio a Pagar','Pasivo',NULL,1,1,0,0,0,1,NULL),(439,NULL,3110101,5,2,3110100,'Reserva para Futuras Inversiones','Patrimonio Neto',NULL,1,1,0,0,0,1,NULL),(440,NULL,1130106,5,1,1130100,'TEAC - Trabajos Ejecutados a Certificar','Activo',NULL,1,1,0,0,0,1,NULL),(441,NULL,2110115,5,2,2110100,'Leasing','Pasivo',NULL,1,2,0,1,1,1,NULL),(442,NULL,1110207,5,1,1110200,'Banco Comafi Cta. Cte','Activo',NULL,1,2,1,1,1,0,NULL),(443,NULL,2110500,4,2,2110000,'Deudas Financieras','Pasivo',NULL,1,1,0,0,0,0,NULL),(444,7851,1110214,5,1,1110200,'Banco Santander  CA USD','Activo',NULL,1,1,0,0,0,1,NULL),(446,NULL,2210000,3,2,2200000,'Deudas','Pasivo',NULL,1,1,0,0,0,0,NULL),(447,NULL,2210100,4,2,2210000,'Otras Deudas','Pasivo',NULL,1,1,0,0,0,0,NULL),(448,NULL,2210101,5,2,2210100,'Planes de Pagos AFIP','Pasivo',NULL,1,2,0,1,1,1,NULL),(449,NULL,2110502,5,2,2110500,'Leasing','Pasivo',NULL,1,1,0,0,0,1,NULL),(450,NULL,6110101,5,1,6110000,'Cheques Rechazados','Movimiento',NULL,1,2,0,0,1,1,NULL),(451,NULL,1110208,5,1,1110200,'Banco Patagonia Taxes Software','Activo',NULL,1,2,1,1,1,0,NULL),(452,NULL,1110209,5,1,1110200,'Banco Macro Cta. Cte.','Activo',NULL,1,2,1,1,1,0,NULL),(453,NULL,1120202,5,1,1120200,'Inversión Central Caribe','Activo',NULL,1,1,0,0,0,1,'2020-12-31 13:34:22'),(454,NULL,1120102,5,1,1120100,'Otras Inversiones','Activo',NULL,1,1,0,0,0,1,NULL),(455,NULL,1140216,5,1,1140200,'Otros Créditos','Activo',NULL,1,1,0,0,0,1,NULL),(456,NULL,2110403,5,2,2110400,'Provisión Honorarios Socio Gerente','Pasivo',NULL,1,1,0,0,0,1,NULL),(457,NULL,1110210,5,1,1110200,'Cheque Diferido Banco Santander Rio','Activo',NULL,1,2,1,1,1,0,'2020-12-31 13:34:22'),(458,NULL,1110211,5,1,1110200,'Cheque Diferido Banco Macro','Activo',NULL,1,2,1,1,1,0,'2020-12-31 13:34:22'),(459,NULL,2110204,5,2,2110200,'Moratoria SUSS a pagar','Pasivo',NULL,1,1,0,0,0,1,NULL),(460,NULL,2110344,5,2,2110300,'Impuestos Municipales a Pagar','Pasivo',NULL,1,1,0,0,0,1,NULL),(461,NULL,5110103,5,2,5110000,'Amortización Instalaciones','Result. Negativo',NULL,1,1,0,0,0,1,NULL),(462,NULL,5120110,5,2,5120000,'Amortización Equipos de comput.','Result. Negativo',NULL,1,1,0,0,0,1,'2020-12-31 13:34:22'),(463,NULL,2110118,5,2,2110100,'Cuenta Particular Socio 3','Pasivo',NULL,1,1,0,0,0,1,NULL),(464,NULL,2110120,5,2,2110100,'Cuenta Particular Socio 4','Pasivo',NULL,1,1,0,0,0,1,NULL),(465,NULL,3110102,5,2,3110100,'Otras Reservas','Patrimonio Neto',NULL,1,1,0,0,0,1,NULL),(466,NULL,1140331,5,1,1140300,'IGMP (Saldo a Favor)','Activo',NULL,1,1,0,0,0,1,NULL),(467,NULL,5110104,5,2,5110000,'Interés','Result. Negativo',NULL,1,2,0,0,1,1,NULL),(468,NULL,1150402,5,1,1150400,'Productos en Proceso','Activo',NULL,1,1,0,0,0,1,NULL),(469,NULL,2110205,5,2,2110200,'Depósitos en Garantía Socio Gerente','Pasivo',NULL,1,1,0,0,0,1,NULL),(470,NULL,2110346,5,2,2110300,'Fondos Embargados','Pasivo',NULL,1,1,0,0,0,1,NULL),(471,NULL,2110347,5,2,2110300,'Cuota Solid.','Pasivo',NULL,1,1,0,0,0,1,'2020-12-31 13:34:22'),(472,NULL,1140332,5,1,1140300,'Anticipo Honorarios Directores','Activo',NULL,1,1,0,0,0,1,NULL),(473,NULL,2110348,5,2,2110300,'SICORE a Pagar','Pasivo',NULL,1,1,0,0,0,1,NULL),(474,NULL,1110212,5,1,1110200,'Banco Credicoop Cta. Cte.','Activo',NULL,1,2,1,1,1,0,NULL),(475,NULL,1110213,5,1,1110200,'Banco Superville Cta. Cte.','Activo',NULL,1,2,1,1,1,0,NULL),(476,NULL,5110105,5,2,5110000,'RECPAM','Result. Negativo',NULL,1,2,0,0,0,1,NULL),(477,NULL,1110125,5,1,1110100,'Caja Reales','Activo',NULL,1,2,1,1,1,0,NULL),(478,NULL,5140169,5,1,5140100,'CO2 - Imp. Al Carbono','Result. Negativo',NULL,1,2,0,0,0,1,NULL),(479,NULL,1140300,4,1,1140000,'Anticipo de Impuestos','Activo',NULL,1,1,0,0,0,0,NULL);
INSERT INTO `conta_plan_cuenta` VALUES (480,NULL,2110600,4,2,2110000,'Retenciones Efectuadas','Pasivo',NULL,1,1,0,0,0,0,NULL),(481,NULL,4200000,2,2,4000000,'INGRESOS EXTRAORDINARIOS','Result. Positivo',NULL,1,1,0,0,0,0,NULL),(482,7851,1110219,5,1,1110200,'Pers Banco Supervielle CA ARS','Activo',NULL,1,1,1,1,1,1,NULL),(483,7851,1110217,5,1,1110200,'Mercado Pago JCH CA ARS','Activo',NULL,1,1,1,1,1,1,NULL),(484,7851,1110218,5,1,1110200,'Mercado Pago WR CA ARS','Activo',NULL,1,1,1,1,1,1,NULL),(485,7851,5120108,5,2,5120100,'Personales Familia HP BBVA','Result. Negativo',NULL,1,1,1,1,1,1,NULL),(486,7851,1120117,5,1,1120100,'Banco Santander Plazo fijo','Activo',NULL,1,1,0,0,0,1,NULL),(487,7851,1120108,5,1,1120100,'Banco Supervielle FCI 1595','Activo',NULL,1,1,0,0,0,1,NULL),(488,7851,1110133,5,1,1110100,'Caja Externa WR','Activo',NULL,1,1,1,1,1,1,NULL),(489,7851,5120108,5,2,5120100,'Personales JCH','Result. Negativo',NULL,1,1,0,0,0,1,NULL),(490,7851,4120101,5,1,4120100,'Banco Santander Plazo Fijo Intereses','Result. Positivo',NULL,1,1,1,1,1,1,NULL),(491,7851,2110125,5,2,2110100,'1595 Servicios WR','Pasivo',NULL,1,1,1,1,1,1,NULL),(492,7851,5120108,5,2,5120100,'Personales EAHP','Result. Negativo',NULL,1,1,1,1,1,1,NULL),(493,7851,5120108,5,2,5120100,'Banco Santander Tarjeta Visa','Result. Negativo',NULL,1,1,1,1,1,1,NULL),(494,7851,5120108,5,2,5120100,'Banco Santander Tarjeta AMEX','Result. Negativo',NULL,1,1,1,1,1,1,NULL),(495,7851,5120108,5,2,5120100,'Personales Familia HP','Result. Negativo',NULL,1,1,1,1,1,1,NULL),(496,7851,1120122,5,1,1120100,'Pers Banco Supervielle FCI','Activo',NULL,1,1,1,1,1,1,NULL),(497,7851,5120108,5,2,5120100,'Personales Familia HP Efectivo','Result. Negativo',NULL,1,1,1,1,1,1,NULL),(498,7851,5120108,5,2,5120100,'Personales Casa Las Heras 175','Result. Negativo',NULL,1,1,1,1,1,1,NULL),(499,7851,2110505,5,2,2110500,'LIBRE','Pasivo',NULL,1,1,1,1,1,1,NULL),(500,7851,4120101,5,1,4120100,'Personales Jubilación JCH','Result. Positivo',NULL,1,1,1,1,1,1,NULL),(501,7851,5120108,5,2,5120100,'Personales MAP','Result. Negativo',NULL,1,1,1,1,1,1,NULL),(502,7851,5120108,5,2,5120100,'Personales MPHP','Result. Negativo',NULL,1,1,1,1,1,1,NULL),(503,7851,5210101,5,2,5210100,'NIMBUS Actividad RUP','Result. Negativo',NULL,1,1,1,1,1,1,NULL),(504,7851,4120101,5,1,4120100,'Personales R M Poblet - Banco Nación','Result. Positivo',NULL,1,1,1,1,1,1,NULL),(505,7851,2110518,5,2,2110500,'Pers Banco Supervielle Prestamo','Pasivo',NULL,1,1,1,1,1,1,NULL),(506,7851,2110515,5,2,2110500,'BORRAR Banco Supervielle Tarjeta Crédito VISA','Pasivo',NULL,1,1,1,1,1,1,NULL),(507,7851,5120108,5,2,5120100,'0 Gastos reservados Familia HP','Result. Negativo',NULL,1,1,1,1,1,1,NULL),(508,7851,5120108,5,2,5120100,'Personales Estudio HP','Result. Negativo',NULL,1,1,1,1,1,1,NULL),(509,7851,4120101,5,1,4120100,'Banco Supervielle FCI 1595 Intereses','Result. Positivo',NULL,1,1,1,1,1,1,NULL),(510,7851,1120106,5,1,1120100,'Binance Staking USDT','Activo',NULL,1,1,1,1,1,1,NULL),(511,7851,4120101,5,1,4120100,'Banco Supervielle CA ARS Intereses','Result. Positivo',NULL,1,1,1,1,1,1,NULL),(512,7851,5120108,5,2,5120100,'1595 Gastos Varios','Result. Negativo',NULL,1,1,1,1,1,1,NULL),(513,7851,4110101,5,1,4110100,'1595 Ingresos','Result. Positivo',NULL,1,1,1,1,1,1,NULL),(514,7851,2110516,5,2,2110500,'BORRAR Banco Santander Tarjeta Crédito VISA','Pasivo',NULL,1,1,1,1,1,1,NULL),(515,7851,5120108,5,2,5120100,'NIMBUS Administracion Combustible','Result. Negativo',NULL,1,1,1,1,1,1,NULL),(516,7851,1120115,5,1,1120100,'Banco Supervielle FCI 0358','Activo',NULL,1,1,1,1,1,1,NULL),(517,7851,4120101,5,1,4120100,'Banco Supervielle FCI 0358 Intereses','Result. Positivo',NULL,1,1,0,0,0,0,NULL),(518,7851,5120108,5,2,5120100,'1595 Servicios WR','Result. Negativo',NULL,1,1,1,1,1,1,NULL),(519,7851,5120108,5,2,5120100,'NIMBUS Administracion Gastos','Result. Negativo',NULL,1,1,1,1,1,1,NULL),(520,7851,5120108,5,2,5120100,'1595 Combustible','Result. Negativo',NULL,1,1,1,1,1,1,NULL);
INSERT INTO `conta_plan_cuenta` VALUES (521,7851,5120108,5,2,5120100,'1595 Neumaticos','Result. Negativo',NULL,1,1,1,1,1,1,NULL),(522,7851,5120108,5,2,5120100,'1595 Lubricantes','Result. Negativo',NULL,1,1,1,1,1,1,NULL),(523,7851,5120108,5,2,5120100,'1595 Reparaciones','Result. Negativo',NULL,1,1,1,1,1,1,NULL),(524,7851,5120108,5,2,5120100,'1595 Repuestos','Result. Negativo',NULL,1,1,1,1,1,1,NULL),(525,7851,5120108,5,2,5120100,'1595 Lavado','Result. Negativo',NULL,1,1,1,1,1,1,NULL),(526,7851,5120108,5,2,5120100,'1595 GPS','Result. Negativo',NULL,1,1,1,1,1,1,NULL),(527,7851,5120108,5,2,5120100,'1595 Seguros','Result. Negativo',NULL,1,1,1,1,1,1,NULL),(528,7851,5120108,5,2,5120100,'1595 Desinfección','Result. Negativo',NULL,1,1,1,1,1,1,NULL),(529,7851,5120108,5,2,5120100,'NIMBUS Actividad Flota','Result. Negativo',NULL,1,1,1,1,1,1,NULL),(530,7851,5120108,5,2,5120100,'1595 RTO','Result. Negativo',NULL,1,1,1,1,1,1,NULL),(531,7851,5120108,5,2,5120100,'1595 Sellado','Result. Negativo',NULL,1,1,1,1,1,1,NULL),(532,7851,1120124,5,1,1120100,'NIMBUS Actividad Recambio Unidad','Activo',NULL,1,1,1,1,1,1,NULL),(533,7851,5120108,5,2,5120100,'ART','Result. Negativo',NULL,1,1,1,1,1,1,NULL),(534,7851,1120110,5,1,1120100,'Banco Santander FCI 1595','Activo',NULL,1,1,1,1,1,1,NULL),(535,7851,1120114,5,1,1120100,'Banco Santander FCI 0358','Activo',NULL,1,1,1,1,1,1,NULL),(536,7851,4120101,5,1,4120100,'Banco Santander FCI 1595 Intereses','Result. Positivo',NULL,1,1,1,1,1,1,NULL),(537,7851,4120101,5,1,4120100,'Banco Santander FCI 0358 Intereses','Result. Positivo',NULL,1,1,1,1,1,1,NULL),(538,7851,2110512,5,2,2110500,'Crédito ANSES C','Pasivo',NULL,1,1,0,0,0,0,NULL),(539,7851,2210103,5,2,2210100,'Crédito ANSES NC','Pasivo',NULL,1,1,0,0,0,0,NULL),(540,7851,5120108,5,2,5120100,'NIMBUS Administracion Seguro BFN849','Result. Negativo',NULL,1,1,1,1,1,1,NULL),(541,7851,1120121,5,1,1120100,'Pers Banco Supervielle Fondo Salud','Activo',NULL,1,1,0,0,0,0,NULL),(542,7851,1120116,5,1,1120100,'Banco Santander FCI IVA202212','Activo',NULL,1,1,0,0,0,0,NULL),(543,7851,4120101,5,1,4120100,'Mercado Pago JCH CA ARS Intereses','Result. Positivo',NULL,1,1,0,0,0,0,NULL),(544,7851,4120101,5,1,4120100,'Mercado Pago WR CA ARS Intereses','Result. Positivo',NULL,1,1,0,0,0,0,NULL),(545,7851,4120101,5,1,4120100,'Banco Santander CA ARS Intereses','Result. Positivo',NULL,1,1,0,0,0,0,NULL),(546,7851,4120101,5,1,4120100,'Banco Santander FCI IVA202212 Intereses','Result. Positivo',NULL,1,1,0,0,0,0,NULL),(547,7851,1120123,5,1,1120100,'Banco Santander FCI Ahorro NIMBUS','Activo',NULL,1,1,0,0,0,0,NULL),(548,7851,1120119,5,1,1120100,'Banco Santander FCI IVA2023-01','Activo',NULL,1,1,0,0,0,0,NULL),(549,7851,4120101,5,1,4120100,'Banco Santander FCI IVA2023-01 Intereses','Result. Positivo',NULL,1,1,0,0,0,0,NULL),(550,7851,4110101,5,1,4110100,'Banco Santander FCI Ahorro NIMBUS Intereses','Result. Positivo',NULL,1,1,0,0,0,0,NULL),(551,7851,1120120,5,1,1120100,'Banco Supervielle FCI Finca La Llave','Activo',NULL,1,1,0,0,0,0,NULL),(552,7851,1110134,5,1,1110100,'Caja Externa HP','Activo',NULL,1,1,1,1,1,1,NULL),(553,7851,5120108,5,2,5120100,'Banco Santander Comisiones y Gastos Bancarios','Result. Negativo',NULL,1,1,0,0,0,0,NULL),(554,7851,5120108,5,2,5120100,'0 Gastos reservados WR','Result. Negativo',NULL,1,1,0,0,0,0,NULL),(555,7851,5140101,5,2,5140100,'Banco Santander Impuesto al Debitos y Creditos','Result. Negativo',NULL,1,1,0,0,0,0,NULL),(556,7851,1160108,5,1,1160100,'Prestamo a Familia HP','Activo',NULL,1,1,0,0,0,0,NULL),(557,7851,6110102,5,1,6110100,'CAJA ARBOLITO DE PESOS ARGENTINOS ARS','Movimiento',NULL,1,1,0,0,0,0,NULL),(558,7851,6110102,5,1,6110100,'CAJA ARBOLITO DE DOLARES USD','Movimiento',NULL,1,1,0,0,0,0,NULL),(559,7851,5210101,5,2,5210100,'Personales Viaje EEUU 2023-08','Result. Negativo',NULL,1,1,0,0,0,0,NULL),(560,7851,5120108,5,2,5120100,'Personales Finca La Llave','Result. Negativo',NULL,1,1,0,0,0,0,NULL),(561,7851,1110220,5,1,1110200,'Pers Banco Supervielle CA USD','Activo',NULL,1,1,0,0,0,0,NULL);
INSERT INTO `conta_plan_cuenta` VALUES (562,7851,1110137,5,1,1110100,'Caja Efectivo USD Dolares NIMBUS','Activo',NULL,1,1,0,0,0,0,NULL),(563,7851,1110140,5,1,1110100,'Caja Efectivo ARS Pesos WR','Activo',NULL,1,1,0,0,0,0,NULL),(564,7851,4110101,5,1,4110100,'Ventas NO Fiscal','Result. Positivo',NULL,1,1,0,0,0,0,NULL),(565,7851,5120108,5,2,5120100,'Servicios WR VARIOS','Result. Negativo',NULL,1,1,0,0,0,0,NULL),(566,7851,1120204,5,1,1120200,'Cocos Capital ARS','Activo',NULL,1,1,0,0,0,0,NULL),(567,7851,5120108,5,2,5120100,'Personales Familia HP Supervielle','Result. Negativo',NULL,1,1,0,0,0,0,NULL),(568,7851,1120203,5,1,1120200,'Cocos Capital USD','Activo',NULL,1,1,0,0,0,0,NULL),(569,7851,1120205,5,1,1120200,'Cocos Capital Acciones','Activo',NULL,1,1,0,0,0,0,NULL),(1001,NULL,5140170,5,1,5140100,'SIRTAC Córdoba','Result. Negativo',NULL,1,2,0,0,0,1,NULL),(1002,NULL,5140171,5,1,5140100,'SIRTAC Corrientes','Result. Negativo',NULL,1,2,0,0,0,1,NULL),(1003,NULL,5140172,5,1,5140100,'SIRTAC Chaco','Result. Negativo',NULL,1,2,0,0,0,1,NULL),(1004,NULL,5140173,5,1,5140100,'SIRTAC Chubut','Result. Negativo',NULL,1,2,0,0,0,1,NULL),(1005,NULL,5140174,5,1,5140100,'SIRTAC Entre Ríos','Result. Negativo',NULL,1,2,0,0,0,1,NULL),(1006,NULL,5140175,5,1,5140100,'SIRTAC Formosa','Result. Negativo',NULL,1,2,0,0,0,1,NULL),(1007,NULL,5140176,5,1,5140100,'SIRTAC Jujuy','Result. Negativo',NULL,1,2,0,0,0,1,NULL),(1008,NULL,5140177,5,1,5140100,'SIRTAC La Pampa','Result. Negativo',NULL,1,2,0,0,0,1,NULL),(1009,NULL,5140178,5,1,5140100,'SIRTAC La Rioja','Result. Negativo',NULL,1,2,0,0,0,1,NULL),(1010,NULL,5140179,5,1,5140100,'SIRTAC Mendoza','Result. Negativo',NULL,1,2,0,0,0,1,NULL),(1011,NULL,5140180,5,1,5140100,'SIRTAC Misiones','Result. Negativo',NULL,1,2,0,0,0,1,NULL),(1012,NULL,5140181,5,1,5140100,'SIRTAC Neuquén','Result. Negativo',NULL,1,2,0,0,0,1,NULL),(1013,NULL,5140182,5,1,5140100,'SIRTAC Río Negro','Result. Negativo',NULL,1,2,0,0,0,1,NULL),(1014,NULL,5140183,5,1,5140100,'SIRTAC Salta','Result. Negativo',NULL,1,2,0,0,0,1,NULL),(1015,NULL,5140184,5,1,5140100,'SIRTAC San Juan','Result. Negativo',NULL,1,2,0,0,0,1,NULL),(1016,NULL,5140185,5,1,5140100,'SIRTAC San Luis','Result. Negativo',NULL,1,2,0,0,0,1,NULL),(1017,NULL,5140186,5,1,5140100,'SIRTAC Santa Cruz','Result. Negativo',NULL,1,2,0,0,0,1,NULL),(1018,NULL,5140187,5,1,5140100,'SIRTAC Santa Fe','Result. Negativo',NULL,1,2,0,0,0,1,NULL),(1019,NULL,5140188,5,1,5140100,'SIRTAC Santiago del Estero','Result. Negativo',NULL,1,2,0,0,0,1,NULL),(1020,NULL,5140189,5,1,5140100,'SIRTAC Tierra del Fuego','Result. Negativo',NULL,1,2,0,0,0,1,NULL),(1021,NULL,5140190,5,1,5140100,'SIRTAC Tucuman','Result. Negativo',NULL,1,2,0,0,0,1,NULL),(1022,NULL,5140191,5,1,5140100,'SIRTAC Capital Federal','Result. Negativo',NULL,1,2,0,0,0,1,NULL),(1023,NULL,5140192,5,1,5140100,'SIRTAC Buenos Aires','Result. Negativo',NULL,1,2,0,0,0,1,NULL),(1024,NULL,5140193,5,1,5140100,'SIRTAC Catamarca','Result. Negativo',NULL,1,2,0,0,0,1,NULL),(1025,NULL,5140194,5,1,5140100,'SIRTAC Pascua Lama','Result. Negativo',NULL,1,2,0,0,0,1,NULL),(1026,NULL,6110104,5,1,6110100,'BANCO SIRTAC','Movimiento',NULL,1,2,0,0,1,1,NULL);

--
-- Table structure for table `conta_tipo_asientos`
--

CREATE TABLE `conta_tipo_asientos` (
  `id` int(10) unsigned NOT NULL AUTO_INCREMENT,
  `nombre` varchar(255) COLLATE utf8mb4_unicode_ci DEFAULT NULL,
  `created_at` timestamp NULL DEFAULT NULL,
  `updated_at` timestamp NULL DEFAULT NULL,
  `deleted_at` timestamp NULL DEFAULT NULL,
  `orden` int(11) DEFAULT NULL,
  PRIMARY KEY (`id`)
) ENGINE=InnoDB AUTO_INCREMENT=25 DEFAULT CHARSET=utf8mb4 COLLATE=utf8mb4_unicode_ci;

--
-- Dumping data for table `conta_tipo_asientos`
--

INSERT INTO `conta_tipo_asientos` VALUES (1,'Sueldos',NULL,NULL,NULL,11),(2,'Ingresos',NULL,NULL,NULL,9),(3,'Egresos',NULL,NULL,NULL,10),(4,'Amortizaciones',NULL,NULL,NULL,4),(5,'Banco',NULL,NULL,NULL,15),(6,'Ganancias',NULL,NULL,NULL,12),(7,'Retenciones',NULL,NULL,NULL,13),(8,'SIRCREB',NULL,NULL,NULL,14),(9,'Compensaciones',NULL,NULL,NULL,16),(10,'Pagos AFIP',NULL,NULL,NULL,17),(11,'Ajustes',NULL,NULL,NULL,3),(12,'Saldos Iniciales',NULL,NULL,NULL,1),(13,'Cancelacion de Iniciales',NULL,NULL,NULL,2),(14,'Patrimonio Neto',NULL,NULL,NULL,8),(15,'Liquidaciones IVA',NULL,NULL,NULL,18),(16,'Liquidacion IIBB',NULL,NULL,NULL,19),(17,'Asientos de Cierre',NULL,NULL,NULL,5),(18,'Reclasificacion',NULL,NULL,NULL,6),(19,'Otros',NULL,NULL,NULL,7),(20,'Cobranzas','2019-10-02 03:20:37','2019-10-02 03:20:37',NULL,NULL),(21,'Pagos','2019-10-02 03:20:37','2019-10-02 03:20:37',NULL,NULL),(22,'Tesoreria','2019-10-19 02:10:24','2019-10-19 02:10:24',NULL,NULL),(23,'Ajuste por Inflacion','2020-03-01 06:39:20','2020-03-01 06:39:20',NULL,NULL),(24,'SIRTAC','2023-10-16 21:15:21','2023-10-16 21:15:21',NULL,20);

--
-- Table structure for table `conta_tipo_cuentas`
--

CREATE TABLE `conta_tipo_cuentas` (
  `id` int(10) unsigned NOT NULL AUTO_INCREMENT,
  `tipo_cuenta` varchar(255) COLLATE utf8mb4_unicode_ci DEFAULT NULL,
  `created_at` timestamp NULL DEFAULT NULL,
  `updated_at` timestamp NULL DEFAULT NULL,
  `deleted_at` timestamp NULL DEFAULT NULL,
  PRIMARY KEY (`id`)
) ENGINE=InnoDB AUTO_INCREMENT=6 DEFAULT CHARSET=utf8mb4 COLLATE=utf8mb4_unicode_ci;

--
-- Dumping data for table `conta_tipo_cuentas`
--

INSERT INTO `conta_tipo_cuentas` VALUES (1,'Rubro',NULL,NULL,NULL),(2,'SubRubro',NULL,NULL,NULL),(3,'Grupo',NULL,NULL,NULL),(4,'SubGrupo',NULL,NULL,NULL),(5,'Cuenta',NULL,NULL,NULL);

--
-- Table structure for table `conta_tipo_saldos`
--

CREATE TABLE `conta_tipo_saldos` (
  `id` int(10) unsigned NOT NULL AUTO_INCREMENT,
  `saldo` varchar(255) COLLATE utf8mb4_unicode_ci DEFAULT NULL,
  `created_at` timestamp NULL DEFAULT NULL,
  `updated_at` timestamp NULL DEFAULT NULL,
  `deleted_at` timestamp NULL DEFAULT NULL,
  PRIMARY KEY (`id`)
) ENGINE=InnoDB AUTO_INCREMENT=3 DEFAULT CHARSET=utf8mb4 COLLATE=utf8mb4_unicode_ci;

--
-- Dumping data for table `conta_tipo_saldos`
--

INSERT INTO `conta_tipo_saldos` VALUES (1,'Deudor',NULL,NULL,NULL),(2,'Acreedor',NULL,NULL,NULL);

--
-- Table structure for table `control_cuits_afip`
--

CREATE TABLE `control_cuits_afip` (
  `id` int(10) unsigned NOT NULL AUTO_INCREMENT,
  `user_id` int(10) unsigned DEFAULT NULL,
  `person_id` int(10) unsigned NOT NULL,
  `field_name1` varchar(191) COLLATE utf8mb4_unicode_ci DEFAULT NULL,
  `cuit` varchar(191) COLLATE utf8mb4_unicode_ci DEFAULT NULL,
  `error` varchar(191) COLLATE utf8mb4_unicode_ci DEFAULT NULL,
  `created_at` timestamp NULL DEFAULT NULL,
  `updated_at` timestamp NULL DEFAULT NULL,
  `deleted_at` timestamp NULL DEFAULT NULL,
  PRIMARY KEY (`id`),
  KEY `control_cuits_afip_person_id_foreign` (`person_id`),
  CONSTRAINT `control_cuits_afip_person_id_foreign` FOREIGN KEY (`person_id`) REFERENCES `persons` (`id`)
) ENGINE=InnoDB DEFAULT CHARSET=utf8mb4 COLLATE=utf8mb4_unicode_ci;

--
-- Dumping data for table `control_cuits_afip`
--


--
-- Table structure for table `control_general`
--

CREATE TABLE `control_general` (
  `id` int(10) unsigned NOT NULL AUTO_INCREMENT,
  `description` varchar(180) COLLATE utf8mb4_unicode_ci NOT NULL,
  `class` int(10) unsigned NOT NULL,
  `class_description` varchar(180) COLLATE utf8mb4_unicode_ci NOT NULL,
  `path` varchar(255) COLLATE utf8mb4_unicode_ci DEFAULT NULL,
  `created_at` timestamp NULL DEFAULT NULL,
  `updated_at` timestamp NULL DEFAULT NULL,
  PRIMARY KEY (`id`),
  UNIQUE KEY `control_general_description_unique` (`description`)
) ENGINE=InnoDB AUTO_INCREMENT=6 DEFAULT CHARSET=utf8mb4 COLLATE=utf8mb4_unicode_ci;

--
-- Dumping data for table `control_general`
--

INSERT INTO `control_general` VALUES (1,'Ingresos - Egresos - Resultado',1,'Proyeccion Ganancias','control_general/proyecGanancias',NULL,NULL),(2,'IVA',2,'IVA','control_general/iva',NULL,NULL),(3,'IIBB',3,'IIBB','control_general/iibb',NULL,NULL),(4,'Por Mes',4,'Vto. Impuestos','control_general/vto',NULL,NULL),(5,'Por Impuesto',4,'Vto. Impuestos','control_general/vtoPorImpuestos',NULL,NULL);

--
-- Table structure for table `cta_cte_cliente`
--

CREATE TABLE `cta_cte_cliente` (
  `id` int(10) unsigned NOT NULL AUTO_INCREMENT,
  `user_id` int(10) unsigned DEFAULT NULL,
  `tipo_asiento_id` int(10) unsigned NOT NULL,
  `person_id` int(10) unsigned NOT NULL,
  `person_id_relationed` int(10) unsigned NOT NULL,
  `cta_cte_tesoreria_cuenta_id` int(10) unsigned DEFAULT NULL,
  `period_id` int(10) unsigned NOT NULL,
  `saldo_id` int(10) unsigned NOT NULL,
  `compensado` tinyint(1) NOT NULL DEFAULT '0',
  `fecha` date DEFAULT NULL,
  `fecha_vencimiento` date DEFAULT NULL,
  `total` decimal(16,2) NOT NULL,
  `moneda_id` int(10) unsigned NOT NULL DEFAULT '1',
  `cotizacion` decimal(9,2) NOT NULL DEFAULT '1.00',
  `comentario` varchar(191) COLLATE utf8mb4_unicode_ci DEFAULT NULL,
  `file` varchar(191) COLLATE utf8mb4_unicode_ci DEFAULT NULL,
  `created_at` timestamp NULL DEFAULT NULL,
  `updated_at` timestamp NULL DEFAULT NULL,
  `deleted_at` timestamp NULL DEFAULT NULL,
  PRIMARY KEY (`id`),
  KEY `cta_cte_cliente_person_id_foreign` (`person_id`),
  KEY `cta_cte_cliente_person_id_relationed_foreign` (`person_id_relationed`),
  KEY `cta_cte_cliente_period_id_foreign` (`period_id`),
  KEY `cta_cte_cliente_saldo_id_foreign` (`saldo_id`),
  KEY `cta_cte_cliente_tipo_asiento_id_foreign` (`tipo_asiento_id`),
  KEY `cta_cte_cliente_cta_cte_tesoreria_cuenta_id_foreign` (`cta_cte_tesoreria_cuenta_id`),
  KEY `cta_cte_cliente_moneda_id_foreign` (`moneda_id`),
  CONSTRAINT `cta_cte_cliente_cta_cte_tesoreria_cuenta_id_foreign` FOREIGN KEY (`cta_cte_tesoreria_cuenta_id`) REFERENCES `cta_cte_tesoreria_cuentas` (`id`),
  CONSTRAINT `cta_cte_cliente_moneda_id_foreign` FOREIGN KEY (`moneda_id`) REFERENCES `monedas` (`id`),
  CONSTRAINT `cta_cte_cliente_period_id_foreign` FOREIGN KEY (`period_id`) REFERENCES `periods` (`id`),
  CONSTRAINT `cta_cte_cliente_person_id_foreign` FOREIGN KEY (`person_id`) REFERENCES `persons` (`id`),
  CONSTRAINT `cta_cte_cliente_person_id_relationed_foreign` FOREIGN KEY (`person_id_relationed`) REFERENCES `persons` (`id`),
  CONSTRAINT `cta_cte_cliente_saldo_id_foreign` FOREIGN KEY (`saldo_id`) REFERENCES `conta_tipo_saldos` (`id`),
  CONSTRAINT `cta_cte_cliente_tipo_asiento_id_foreign` FOREIGN KEY (`tipo_asiento_id`) REFERENCES `conta_tipo_asientos` (`id`)
) ENGINE=InnoDB AUTO_INCREMENT=823 DEFAULT CHARSET=utf8mb4 COLLATE=utf8mb4_unicode_ci;

--
-- Dumping data for table `cta_cte_cliente`
--

INSERT INTO `cta_cte_cliente` VALUES (1,7851,3,40719,40722,57,11,2,1,'2022-09-29','2022-09-29',2970.01,1,1.00,'Factura A N°: 9012-00008011',NULL,'2022-09-29 15:36:49','2023-04-01 18:54:26',NULL),(2,7851,3,40719,40723,57,11,2,0,'2022-09-20','2022-09-20',13622.18,1,1.00,'Factura A N°: 0006-00061873',NULL,'2022-09-29 15:41:04','2022-09-29 16:02:05','2022-09-29 16:02:05'),(3,7851,3,40719,40722,57,11,2,0,'2022-09-29','2022-09-29',5099.30,1,1.00,'Factura A N°: 9012-00007829',NULL,'2022-09-29 15:43:29','2022-09-29 15:43:29',NULL),(4,7851,3,40719,40724,57,11,2,0,'2022-09-25','2022-09-25',5500.31,1,1.00,'Factura A N°: 0036-00048325',NULL,'2022-09-29 15:45:44','2022-09-29 15:45:44',NULL),(5,7851,3,40719,40725,57,11,2,0,'2022-09-29','2022-09-29',3549.99,1,1.00,'Factura A N°: 0005-00002148',NULL,'2022-09-29 15:47:06','2022-09-29 15:47:06',NULL),(6,7851,3,40719,40726,57,11,2,0,'2022-09-14','2022-09-14',17379.07,1,1.00,'Factura A N°: 2467-00719891',NULL,'2022-09-29 15:51:13','2022-09-29 15:51:13',NULL),(7,7851,3,40719,40727,57,11,2,0,'2022-09-19','2022-09-19',47446.58,1,1.00,'Factura A N°: 0004-00003361',NULL,'2022-09-29 15:53:05','2022-09-29 15:53:05',NULL),(8,7851,3,40719,40725,57,11,2,0,'2022-09-19','2022-09-19',1850.01,1,1.00,'Factura A N°: 0005-00002056',NULL,'2022-09-29 15:53:54','2022-09-29 15:53:54',NULL),(9,7851,3,40719,40722,57,11,2,1,'2022-09-19','2022-09-19',7450.31,1,1.00,'Factura A N°: 9012-00007666',NULL,'2022-09-29 15:55:14','2023-04-01 18:54:26',NULL),(10,7851,3,40719,40728,57,11,2,0,'2022-09-19','2022-09-19',20000.00,1,1.00,'Factura A N°: 0010-00173581',NULL,'2022-09-29 15:56:56','2022-09-29 15:57:34','2022-09-29 15:57:34'),(11,7851,3,40719,40728,57,11,2,0,'2022-09-14','2022-09-14',20000.00,1,1.00,'Factura A N°: 0010-00173581',NULL,'2022-09-29 15:57:34','2022-09-29 15:57:34',NULL),(12,7851,3,40719,40728,57,11,2,0,'2022-09-06','2022-09-06',16300.00,1,1.00,'Factura A N°: 0010-00173172',NULL,'2022-09-29 15:59:57','2022-09-29 15:59:57',NULL),(13,7851,3,40719,40728,57,11,2,0,'2022-08-31','2022-08-31',18000.00,1,1.00,'Factura A N°: 0010-00172856',NULL,'2022-09-29 16:01:03','2022-12-02 13:53:55','2022-12-02 13:53:55'),(14,7851,3,40719,40723,57,11,2,0,'2022-09-20','2022-09-20',13903.63,1,1.00,'Factura A N°: 0006-00061873',NULL,'2022-09-29 16:02:05','2022-09-29 16:02:05',NULL),(15,7851,3,40719,40729,57,11,2,0,'2022-09-29','2022-09-29',1604.46,1,1.00,'Factura A N°: 0002-00018419',NULL,'2022-09-29 16:03:40','2022-09-29 16:05:19','2022-09-29 16:05:19'),(16,7851,3,40719,40730,57,11,2,1,'2022-09-01','2022-09-01',2999.96,1,1.00,'Factura A N°: 0017-00019532',NULL,'2022-09-29 16:05:02','2023-04-01 19:43:03',NULL),(17,7851,3,40719,40729,57,11,2,0,'2022-09-02','2022-09-02',1604.46,1,1.00,'Factura A N°: 0002-00018419',NULL,'2022-09-29 16:05:19','2022-09-29 16:05:19',NULL),(18,7851,2,40719,40731,13,11,1,0,'2022-09-01','2022-09-01',722995.00,1,1.00,'Factura A N°: 0003-00000039',NULL,'2022-09-29 16:08:30','2022-09-29 16:12:01','2022-09-29 16:12:01'),(19,7851,2,40719,40731,13,11,1,0,'2022-09-01','2022-09-01',722995.00,1,1.00,'Factura B N°: 0003-00000039',NULL,'2022-09-29 16:12:01','2022-09-29 16:19:13','2022-09-29 16:19:13'),(20,7851,2,40719,40731,13,11,1,0,'2022-09-01','2022-09-01',722955.00,1,1.00,'Factura B N°: 0003-00000039',NULL,'2022-09-29 16:19:13','2022-09-29 16:26:35','2022-09-29 16:26:35'),(21,7851,2,40719,40731,13,11,1,0,'2022-09-01','2022-09-01',722955.00,1,1.00,'Factura B N°: 0003-00000039',NULL,'2022-09-29 16:26:35','2022-11-07 18:22:53','2022-11-07 18:22:53'),(22,7851,3,40719,40732,57,11,2,0,'2022-09-28','2022-09-28',17001.19,1,1.00,'Factura A N°: 0004-00006284',NULL,'2022-09-29 19:36:22','2022-09-29 19:36:22',NULL),(23,7851,3,40719,40730,57,11,2,1,'2022-09-21','2022-09-21',12100.72,1,1.00,'Factura A N°: 0017-00020135',NULL,'2022-09-29 19:38:18','2023-04-01 19:43:03',NULL),(24,7851,3,40719,40730,57,11,2,1,'2022-09-24','2022-09-24',1499.96,1,1.00,'Factura A N°: 0019-00004575',NULL,'2022-09-29 19:47:57','2023-04-01 19:43:03',NULL);
INSERT INTO `cta_cte_cliente` VALUES (25,7851,3,40719,40730,57,11,2,1,'2022-09-17','2022-09-17',1999.95,1,1.00,'Factura A N°: 0017-00019976',NULL,'2022-09-29 19:49:12','2023-04-01 19:43:03',NULL),(26,7851,3,40719,40730,57,11,2,1,'2022-09-17','2022-09-17',1500.00,1,1.00,'Factura A N°: 0019-00004275',NULL,'2022-09-29 19:49:53','2023-04-01 19:43:03',NULL),(27,7851,3,40719,40725,57,11,2,0,'2022-09-30','2022-09-30',5500.00,1,1.00,'Factura A N°: 0005-00002165',NULL,'2022-09-30 17:03:05','2022-09-30 17:03:18','2022-09-30 17:03:18'),(28,7851,3,40719,40725,57,11,2,0,'2022-09-30','2022-09-30',5500.00,1,1.00,'Factura A N°: 0005-00002165',NULL,'2022-09-30 17:03:18','2022-09-30 17:03:18',NULL),(29,7851,3,40719,40733,57,11,2,1,'2022-09-29','2022-09-29',3000.01,1,1.00,'Factura A N°: 0017-00014647',NULL,'2022-10-01 23:36:04','2023-06-01 23:08:13',NULL),(30,7851,3,40719,40722,57,11,2,1,'2022-09-29','2022-09-29',1499.99,1,1.00,'Factura A N°: 9010-00009161',NULL,'2022-10-01 23:38:12','2023-04-01 18:54:26',NULL),(31,7851,3,40719,40734,57,11,2,0,'2022-09-29','2022-09-29',6440.00,1,1.00,'Factura A N°: 0013-00846752',NULL,'2022-10-01 23:42:08','2022-10-01 23:43:43','2022-10-01 23:43:43'),(32,7851,3,40719,40734,57,11,2,0,'2022-07-27','2022-07-27',1080.00,1,1.00,'Factura A N°: 0013-00351805',NULL,'2022-10-01 23:43:20','2022-10-01 23:43:20',NULL),(33,7851,3,40719,40734,57,11,2,0,'2022-07-27','2022-07-27',6440.00,1,1.00,'Factura A N°: 0013-00846752',NULL,'2022-10-01 23:43:43','2022-10-01 23:43:43',NULL),(34,7851,3,40719,40734,57,11,2,0,'2022-09-26','2022-09-26',19436.00,1,1.00,'Factura A N°: 0013-00828192',NULL,'2022-10-01 23:45:34','2023-01-05 20:53:18','2023-01-05 20:53:18'),(35,7851,3,40719,40734,57,11,2,0,'2022-09-26','2022-09-26',268.00,1,1.00,'Factura A N°: 0013-00039501',NULL,'2022-10-01 23:46:11','2023-01-05 20:49:26','2023-01-05 20:49:26'),(36,7851,3,40719,40734,57,11,2,0,'2022-05-26','2022-05-26',15680.00,1,1.00,'Factura A N°: 0013-82819201',NULL,'2022-10-01 23:50:32','2022-10-01 23:50:32',NULL),(37,7851,3,40719,40734,57,11,2,0,'2022-05-26','2022-05-26',216.00,1,1.00,'Factura A N°: 0013-03950101',NULL,'2022-10-01 23:52:39','2022-10-01 23:52:39',NULL),(38,7851,3,40719,40734,57,11,2,0,'2022-01-04','2022-01-04',13024.00,1,1.00,'Factura A N°: 0013-82819200',NULL,'2022-10-01 23:54:03','2022-10-01 23:54:03',NULL),(39,7851,3,40719,40734,57,11,2,0,'2022-01-04','2022-01-04',212.00,1,1.00,'Factura A N°: 0013-03950100',NULL,'2022-10-01 23:54:37','2023-01-05 20:47:01','2023-01-05 20:47:01'),(40,7851,2,40719,40731,13,11,1,0,'2022-09-01','2022-09-01',722995.00,1,1.00,'Factura B N°: 0003-00000039',NULL,'2022-11-07 18:22:53','2022-11-07 18:22:53',NULL),(41,7851,3,40719,40722,57,12,2,0,'2022-10-30','2022-10-30',8001.00,1,1.00,'Factura A N°: 9014-00009565',NULL,'2022-11-07 18:28:22','2023-01-05 15:28:15','2023-01-05 15:28:15'),(42,7851,3,40719,40736,57,12,2,0,'2022-10-29','2022-10-29',1369.96,1,1.00,'Factura A N°: 6432-00012520',NULL,'2022-11-07 18:31:01','2023-01-05 15:23:42','2023-01-05 15:23:42'),(43,7851,3,40719,40737,57,12,2,0,'2022-10-28','2022-10-28',6300.01,1,1.00,'Factura A N°: 0051-00020265',NULL,'2022-11-07 18:33:24','2023-01-05 15:16:35','2023-01-05 15:16:35'),(44,7851,3,40719,40722,57,12,2,0,'2022-10-27','2022-10-27',1800.01,1,1.00,'Factura A N°: 8974-00008951',NULL,'2022-11-07 18:37:04','2023-01-05 15:03:26','2023-01-05 15:03:26'),(45,7851,3,40719,40728,57,12,2,0,'2022-10-26','2022-10-26',15500.00,1,1.00,'Factura A N°: 0010-00175839',NULL,'2022-11-07 18:38:04','2023-01-05 14:53:10','2023-01-05 14:53:10'),(46,7851,3,40719,40726,57,12,2,0,'2022-10-14','2022-10-14',10308.08,1,1.00,'Factura A N°: 2467-00740347',NULL,'2022-11-07 18:40:24','2022-11-07 18:41:33','2022-11-07 18:41:33'),(47,7851,3,40719,40726,57,12,2,0,'2022-10-14','2022-10-14',10308.08,1,1.00,'Factura A N°: 2467-00740347',NULL,'2022-11-07 18:41:33','2023-01-05 14:57:13','2023-01-05 14:57:13');
INSERT INTO `cta_cte_cliente` VALUES (48,7851,3,40719,40733,57,12,2,0,'2022-10-22','2022-10-22',22.86,1,1.00,'Factura A N°: 0017-00016495',NULL,'2022-11-07 18:43:08','2022-11-07 18:43:36','2022-11-07 18:43:36'),(49,7851,3,40719,40733,57,12,2,1,'2022-10-22','2022-10-22',2500.07,1,1.00,'Factura A N°: 0017-00016495',NULL,'2022-11-07 18:43:36','2023-06-01 23:08:13',NULL),(50,7851,3,40719,40730,57,12,2,1,'2022-10-22','2022-10-22',1299.93,1,1.00,'Factura A N°: 0019-00005412',NULL,'2022-11-07 18:45:08','2023-04-01 19:43:03',NULL),(51,7851,3,40719,40733,57,12,2,0,'2022-10-21','2022-10-21',1500.00,1,1.00,'Factura A N°: 0017-00016362',NULL,'2022-11-07 18:46:01','2022-11-07 18:46:01',NULL),(52,7851,3,40719,40722,57,12,2,1,'2022-10-20','2022-10-20',3000.01,1,1.00,'Factura A N°: 9014-00009275',NULL,'2022-11-07 18:47:45','2023-06-01 23:38:29',NULL),(53,7851,3,40719,40726,57,12,2,0,'2022-10-18','2022-10-18',39998.99,1,1.00,'Factura A N°: 3065-00016456',NULL,'2022-11-07 18:48:35','2022-11-07 18:48:35',NULL),(54,7851,3,40719,40728,57,12,2,0,'2022-10-18','2022-10-18',19999.99,1,1.00,'Factura A N°: 0010-00175422',NULL,'2022-11-07 18:49:34','2022-11-07 18:49:34',NULL),(55,7851,3,40719,40730,57,12,2,1,'2022-10-17','2022-10-17',1499.96,1,1.00,'Factura A N°: 0017-00021026',NULL,'2022-11-07 18:50:22','2023-04-01 19:43:03',NULL),(56,7851,3,40719,40722,57,12,2,1,'2022-10-15','2022-10-15',6602.41,1,1.00,'Factura A N°: 9012-00008447',NULL,'2022-11-07 18:52:14','2023-04-01 18:54:26',NULL),(57,7851,3,40719,40722,57,12,2,1,'2022-10-15','2022-10-15',6751.10,1,1.00,'Factura A N°: 9012-00008382',NULL,'2022-11-07 18:57:52','2023-04-01 18:54:26',NULL),(58,7851,3,40719,40728,57,12,2,1,'2022-10-12','2022-10-12',1500.01,1,1.00,'Factura A N°: 0010-00175093',NULL,'2022-11-07 19:00:05','2023-03-28 11:34:45',NULL),(59,7851,3,40719,40738,57,12,2,0,'2022-10-12','2022-10-12',238000.01,1,1.00,'Factura A N°: 0004-00000746',NULL,'2022-11-07 19:05:10','2022-11-07 19:05:10',NULL),(60,7851,3,40719,40728,57,12,2,0,'2022-10-11','2022-10-11',18503.01,1,1.00,'Factura A N°: 0010-00175053',NULL,'2022-11-07 19:06:11','2022-11-07 19:06:11',NULL),(61,7851,3,40719,40728,57,12,2,1,'2022-10-11','2022-10-11',8000.00,1,1.00,'Factura A N°: 0010-00174728',NULL,'2022-11-07 19:07:00','2023-03-28 11:34:45',NULL),(62,7851,3,40719,40738,57,12,2,0,'2022-10-05','2022-10-05',1604.46,1,1.00,'Factura A N°: 0002-00018980',NULL,'2022-11-07 19:07:53','2022-11-07 19:25:07','2022-11-07 19:25:07'),(63,7851,3,40719,40738,57,12,2,0,'2022-10-05','2022-10-05',224850.02,1,1.00,'Factura A N°: 0004-00000743',NULL,'2022-11-07 19:25:07','2022-11-07 19:25:07',NULL),(64,7851,3,40719,40729,57,12,2,0,'2022-10-05','2022-10-05',1604.46,1,1.00,'Factura A N°: 0002-00018980',NULL,'2022-11-07 19:27:06','2022-11-07 19:27:06',NULL),(65,7851,2,40719,40731,13,12,1,0,'2022-10-02','2022-10-02',1799382.00,1,1.00,'Factura A N°: 0003-00000040',NULL,'2022-11-07 19:39:59','2022-11-25 18:27:20','2022-11-25 18:27:20'),(66,7851,3,40719,40730,57,3053,2,0,'2020-08-30','2020-08-30',1000.01,1,1.00,'Factura A N°: 0012-00052877',NULL,'2022-11-10 17:23:39','2023-01-07 17:51:18','2023-01-07 17:51:18'),(67,7851,3,40719,40729,57,3053,2,1,'2020-12-02','2020-12-02',1698.84,1,1.00,'Factura A N°: 0002-00009070',NULL,'2022-11-10 18:04:38','2023-04-14 12:20:19',NULL),(68,7851,3,40719,40729,57,3053,1,1,'2020-12-03','2020-12-03',849.42,1,1.00,'Nota de crédito A N°: 0002-00000713',NULL,'2022-11-10 18:04:38','2023-04-14 12:20:19',NULL),(69,7851,3,40719,40729,57,3053,1,1,'2020-12-03','2020-12-03',2548.26,1,1.00,'Nota de crédito A N°: 0002-00000712',NULL,'2022-11-10 18:04:38','2023-04-14 12:20:19',NULL),(70,7851,3,40719,40739,57,3053,2,0,'2020-12-04','2020-12-04',1450.06,1,1.00,'Factura A N°: 0003-00003119',NULL,'2022-11-10 18:04:38','2022-11-10 18:04:38',NULL),(71,7851,3,40719,40740,57,3053,2,0,'2020-12-09','2020-12-09',440.00,1,1.00,'Factura C N°: 0002-00006404',NULL,'2022-11-10 18:04:38','2022-11-25 18:13:16','2022-11-25 18:13:16');
INSERT INTO `cta_cte_cliente` VALUES (72,7851,3,40719,40726,57,3053,2,0,'2020-12-14','2020-12-14',5756.45,1,1.00,'Factura A N°: 2467-00311397',NULL,'2022-11-10 18:04:38','2022-11-10 18:06:57','2022-11-10 18:06:57'),(73,7851,3,40719,40740,57,3053,2,0,'2020-12-19','2020-12-19',900.00,1,1.00,'Factura C N°: 0002-00006486',NULL,'2022-11-10 18:04:38','2022-11-25 18:13:11','2022-11-25 18:13:11'),(74,7851,3,40719,40726,57,3053,2,0,'2020-12-14','2020-12-14',5883.53,1,1.00,'Factura A N°: 2467-00311397',NULL,'2022-11-10 18:06:57','2023-02-23 11:07:56','2023-02-23 11:07:56'),(75,7851,2,40719,40731,13,13,1,0,'2022-11-02','2022-11-02',306918.00,1,1.00,'Factura B N°: 0003-00000041',NULL,'2022-11-12 15:24:25','2022-11-25 18:24:40','2022-11-25 18:24:40'),(76,7851,2,40719,40731,13,13,1,0,'2022-11-07','2022-11-07',306918.00,1,1.00,'Factura B N°: 0003-00000042',NULL,'2022-11-12 15:24:25','2022-11-25 18:24:28','2022-11-25 18:24:28'),(77,7851,2,40719,40731,13,13,1,0,'2022-11-10','2022-11-10',1175516.00,1,1.00,'Factura B N°: 0003-00000043',NULL,'2022-11-12 15:24:25','2022-11-25 17:47:38','2022-11-25 17:47:38'),(78,7851,3,40719,40740,57,13,2,0,'2022-10-01','2022-10-01',2890.00,1,1.00,'Factura B N°: 0003-00006889',NULL,'2022-11-12 15:24:43','2022-11-12 15:57:20','2022-11-12 15:57:20'),(79,7851,3,40719,40741,57,13,2,0,'2022-10-03','2022-10-03',22800.01,1,1.00,'Factura A N°: 0008-00006102',NULL,'2022-11-12 15:24:43','2022-11-12 15:40:43','2022-11-12 15:40:43'),(80,7851,3,40719,40742,57,13,2,0,'2022-10-14','2022-10-14',1481.06,1,1.00,'Factura A N°: 1083-00008494',NULL,'2022-11-12 15:24:43','2022-11-12 15:52:32','2022-11-12 15:52:32'),(81,7851,3,40719,40740,57,13,2,0,'2022-10-15','2022-10-15',1660.00,1,1.00,'Factura B N°: 0003-00007085',NULL,'2022-11-12 15:24:43','2022-11-12 15:51:54','2022-11-12 15:51:54'),(82,7851,3,40719,40743,57,13,2,0,'2022-10-18','2022-10-18',5944.63,1,1.00,'Factura A N°: 0003-00005248',NULL,'2022-11-12 15:24:43','2022-11-12 15:52:18','2022-11-12 15:52:18'),(83,7851,3,40719,40740,57,13,2,0,'2022-10-22','2022-10-22',2130.00,1,1.00,'Factura B N°: 0003-00007178',NULL,'2022-11-12 15:24:43','2022-11-12 15:51:49','2022-11-12 15:51:49'),(84,7851,3,40719,40740,57,13,2,0,'2022-10-29','2022-10-29',1080.00,1,1.00,'Factura B N°: 0003-00007283',NULL,'2022-11-12 15:24:43','2022-11-12 15:51:44','2022-11-12 15:51:44'),(85,7851,3,40719,40741,57,13,2,0,'2022-10-03','2022-10-03',22800.01,1,1.00,'Factura A N°: 0008-00006102',NULL,'2022-11-12 15:40:43','2022-11-12 15:52:43','2022-11-12 15:52:43'),(86,7851,3,40719,40743,57,13,2,0,'2022-10-18','2022-10-18',5944.63,1,1.00,'Factura A N°: 0003-00005248',NULL,'2022-11-12 15:52:18','2022-11-12 15:58:03','2022-11-12 15:58:03'),(87,7851,3,40719,40742,57,13,2,0,'2022-10-14','2022-10-14',1481.06,1,1.00,'Factura A N°: 1083-00008494',NULL,'2022-11-12 15:52:32','2022-11-12 15:57:50','2022-11-12 15:57:50'),(88,7851,3,40719,40741,57,13,2,0,'2022-10-03','2022-10-03',22800.01,1,1.00,'Factura A N°: 0008-00006102',NULL,'2022-11-12 15:52:43','2022-11-12 15:57:30','2022-11-12 15:57:30'),(89,7851,3,40719,40740,57,12,2,0,'2022-10-01','2022-10-01',2890.00,1,1.00,'Factura B N°: 0003-00006889',NULL,'2022-11-12 15:57:20','2022-11-25 18:10:52','2022-11-25 18:10:52'),(90,7851,3,40719,40741,57,13,2,0,'2022-10-03','2022-10-03',22800.01,1,1.00,'Factura A N°: 0008-00006102',NULL,'2022-11-12 15:57:30','2022-11-12 15:57:40','2022-11-12 15:57:40'),(91,7851,3,40719,40741,57,12,2,1,'2022-10-03','2022-10-03',22800.01,1,1.00,'Factura A N°: 0008-00006102',NULL,'2022-11-12 15:57:40','2023-04-01 19:44:17',NULL),(92,7851,3,40719,40742,57,12,2,0,'2022-10-14','2022-10-14',1481.06,1,1.00,'Factura A N°: 1083-00008494',NULL,'2022-11-12 15:57:50','2022-11-12 15:57:50',NULL),(93,7851,3,40719,40743,57,12,2,0,'2022-10-18','2022-10-18',5944.63,1,1.00,'Factura A N°: 0003-00005248',NULL,'2022-11-12 15:58:03','2022-11-12 15:58:03',NULL);
INSERT INTO `cta_cte_cliente` VALUES (94,7851,3,40719,40740,57,12,2,0,'2022-10-15','2022-10-15',1660.00,1,1.00,'Factura B N°: 0003-00007085',NULL,'2022-11-12 16:04:49','2022-11-25 18:13:05','2022-11-25 18:13:05'),(95,7851,3,40719,40740,57,12,2,0,'2022-10-22','2022-10-22',2130.00,1,1.00,'Factura B N°: 0003-00007178',NULL,'2022-11-12 16:04:49','2022-11-25 18:12:59','2022-11-25 18:12:59'),(96,7851,3,40719,40740,57,12,2,0,'2022-10-29','2022-10-29',1080.00,1,1.00,'Factura B N°: 0003-00007283',NULL,'2022-11-12 16:04:49','2022-11-25 18:12:52','2022-11-25 18:12:52'),(97,7851,2,40719,40731,13,13,1,0,'2022-11-10','2022-11-10',1298945.18,1,1.00,'Factura B N°: 0003-00000043',NULL,'2022-11-25 17:47:38','2022-11-25 18:24:55','2022-11-25 18:24:55'),(98,7851,2,40719,40731,13,13,2,0,'2022-11-16','2022-11-16',306918.00,1,1.00,'Nota de crédito B N°: 0003-00000011',NULL,'2022-11-25 17:50:19','2022-11-25 18:22:55','2022-11-25 18:22:55'),(99,7851,3,40719,40729,57,13,2,0,'2022-11-01','2022-11-01',2085.80,1,1.00,'Factura A N°: 0002-00019548',NULL,'2022-11-25 17:50:46','2022-11-25 17:50:46',NULL),(100,7851,3,40719,40744,57,13,2,0,'2022-11-04','2022-11-04',5750.00,1,1.00,'Factura A N°: 0004-00001453',NULL,'2022-11-25 17:50:46','2022-11-25 17:50:46',NULL),(101,7851,3,40719,40740,57,13,2,0,'2022-11-05','2022-11-05',2230.00,1,1.00,'Factura B N°: 0003-00007377',NULL,'2022-11-25 17:50:46','2022-11-25 18:12:41','2022-11-25 18:12:41'),(102,7851,3,40719,40745,57,13,2,0,'2022-11-10','2022-11-10',4000.00,1,1.00,'Factura A N°: 0050-00027399',NULL,'2022-11-25 17:50:46','2022-11-25 17:50:46',NULL),(103,7851,3,40719,40742,57,13,2,0,'2022-11-14','2022-11-14',1556.66,1,1.00,'Factura A N°: 1083-00009232',NULL,'2022-11-25 17:50:46','2022-11-25 17:50:46',NULL),(104,7851,3,40719,40726,57,13,2,0,'2022-11-14','2022-11-14',13142.34,1,1.00,'Factura A N°: 2467-00762706',NULL,'2022-11-25 17:50:46','2022-12-03 19:58:40','2022-12-03 19:58:40'),(105,7851,3,40719,40722,57,13,2,0,'2022-11-15','2022-11-15',4000.01,1,1.00,'Factura A N°: 8974-00009305',NULL,'2022-11-25 17:50:46','2022-11-25 17:50:46',NULL),(106,7851,3,40719,40725,57,13,2,0,'2022-11-15','2022-11-15',6640.00,1,1.00,'Factura A N°: 0005-00002468',NULL,'2022-11-25 17:50:46','2022-11-25 17:50:46',NULL),(107,7851,3,40719,40746,57,13,2,0,'2022-11-18','2022-11-18',60649.99,1,1.00,'Factura A N°: 0005-00001960',NULL,'2022-11-25 17:50:46','2022-11-25 17:50:46',NULL),(108,7851,3,40719,40747,57,13,2,0,'2022-11-20','2022-11-20',17050.00,1,1.00,'Factura B N°: 0003-00004460',NULL,'2022-11-25 17:50:46','2022-12-19 17:57:01','2022-12-19 17:57:01'),(109,7851,3,40719,40748,57,13,2,0,'2022-11-22','2022-11-22',39788.33,1,1.00,'Factura A N°: 0003-00002965',NULL,'2022-11-25 17:50:46','2022-11-25 17:50:46',NULL),(110,7851,3,40719,40749,57,13,2,0,'2022-11-22','2022-11-22',13999.99,1,1.00,'Factura A N°: 0003-00001013',NULL,'2022-11-25 17:50:46','2022-11-25 17:50:46',NULL),(111,7851,3,40719,40722,57,13,2,0,'2022-11-23','2022-11-23',10002.50,1,1.00,'Factura A N°: 9012-00009612',NULL,'2022-11-25 17:50:46','2022-11-25 17:50:46',NULL),(112,7851,3,40719,40750,57,13,2,0,'2022-11-23','2022-11-23',67500.00,1,1.00,'Factura A N°: 0006-00001364',NULL,'2022-11-25 17:50:46','2022-11-25 17:50:46',NULL),(113,7851,3,40719,40750,57,13,2,0,'2022-11-23','2022-11-23',1700.00,1,1.00,'Factura A N°: 0006-00001363',NULL,'2022-11-25 17:50:46','2022-11-25 17:50:46',NULL),(114,7851,3,40719,40749,57,13,2,0,'2022-11-24','2022-11-24',2499.99,1,1.00,'Factura A N°: 0003-00001014',NULL,'2022-11-25 17:50:46','2022-11-25 17:50:46',NULL),(115,7851,3,40719,40751,57,13,2,0,'2022-11-25','2022-11-25',107045.28,1,1.00,'Factura A N°: 0006-00007345',NULL,'2022-11-25 17:50:46','2022-11-25 17:50:46',NULL),(116,7851,3,40719,40730,57,13,2,0,'2022-11-02','2022-11-02',17370.88,1,1.00,'Factura A N°: 0017-00021553',NULL,'2022-11-25 17:58:59','2023-01-05 14:27:06','2023-01-05 14:27:06');
INSERT INTO `cta_cte_cliente` VALUES (117,7851,3,40719,40730,57,13,2,0,'2022-11-03','2022-11-03',10400.26,1,1.00,'Factura A N°: 0019-00005787',NULL,'2022-11-25 17:59:54','2023-01-05 14:32:36','2023-01-05 14:32:36'),(118,7851,3,40719,40730,57,13,2,0,'2022-11-05','2022-11-05',1999.99,1,1.00,'Factura A N°: 0017-00021689',NULL,'2022-11-25 18:00:32','2023-01-05 15:43:43','2023-01-05 15:43:43'),(119,7851,3,40719,40730,57,13,2,0,'2022-11-05','2022-11-05',12701.10,1,1.00,'Factura A N°: 0017-00021674',NULL,'2022-11-25 18:01:08','2023-01-05 17:51:10','2023-01-05 17:51:10'),(120,7851,3,40719,40730,57,13,2,0,'2022-11-05','2022-11-05',1500.00,1,1.00,'Factura A N°: 0019-00005856',NULL,'2022-11-25 18:02:18','2023-01-05 17:52:38','2023-01-05 17:52:38'),(121,7851,3,40719,40728,57,13,2,0,'2022-11-15','2022-11-15',13901.30,1,1.00,'Factura A N°: 0010-00176955',NULL,'2022-11-25 18:03:19','2023-01-05 17:55:29','2023-01-05 17:55:29'),(122,7851,3,40719,40728,57,13,2,0,'2022-11-14','2022-11-14',4999.99,1,1.00,'Factura A N°: 0010-00176895',NULL,'2022-11-25 18:04:06','2023-01-05 17:58:02','2023-01-05 17:58:02'),(123,7851,3,40719,40728,57,13,2,0,'2022-11-10','2022-11-10',19000.01,1,1.00,'Factura A N°: 0010-00176664',NULL,'2022-11-25 18:04:41','2023-01-05 17:59:57','2023-01-05 17:59:57'),(124,7851,3,40719,40752,57,13,2,0,'2022-11-02','2022-11-02',6201.06,1,1.00,'Factura A N°: 0025-00095913',NULL,'2022-11-25 18:06:30','2023-01-05 18:04:22','2023-01-05 18:04:22'),(125,7851,3,40719,40753,57,13,2,0,'2022-11-14','2022-11-14',24600.00,1,1.00,'Factura A N°: 0003-00007009',NULL,'2022-11-25 18:08:40','2023-01-05 18:08:08','2023-01-05 18:08:08'),(126,7851,3,40719,40753,57,13,2,0,'2022-11-14','2022-11-14',11639.99,1,1.00,'Factura A N°: 0003-00007010',NULL,'2022-11-25 18:09:12','2022-11-25 18:10:56','2022-11-25 18:10:56'),(127,7851,3,40719,40753,57,13,2,0,'2022-11-14','2022-11-14',11639.99,1,1.00,'Factura A N°: 0003-00007010',NULL,'2022-11-25 18:12:29','2023-01-05 18:08:33','2023-01-05 18:08:33'),(128,7851,2,40719,40731,13,13,2,0,'2022-11-16','2022-11-16',306918.00,1,1.00,'Nota de crédito B N°: 0003-00000011',NULL,'2022-11-25 18:22:55','2022-11-25 18:27:52','2022-11-25 18:27:52'),(129,7851,2,40719,40731,13,13,1,0,'2022-11-07','2022-11-07',306918.00,1,1.00,'Factura B N°: 0003-00000042',NULL,'2022-11-25 18:24:28','2022-11-25 18:43:46','2022-11-25 18:43:46'),(130,7851,2,40719,40731,13,13,1,0,'2022-11-02','2022-11-02',306918.00,1,1.00,'Factura B N°: 0003-00000041',NULL,'2022-11-25 18:24:40','2022-11-29 21:48:34','2022-11-29 21:48:34'),(131,7851,2,40719,40731,13,13,1,0,'2022-11-10','2022-11-10',1175515.99,1,1.00,'Factura B N°: 0003-00000043',NULL,'2022-11-25 18:24:55','2022-11-25 18:24:55',NULL),(132,7851,2,40719,40731,13,12,1,0,'2022-10-02','2022-10-02',1799382.00,1,1.00,'Factura B N°: 0003-00000040',NULL,'2022-11-25 18:27:20','2022-11-25 18:27:20',NULL),(133,7851,2,40719,40731,13,13,2,0,'2022-11-16','2022-11-16',306918.00,1,1.00,'Nota de crédito B N°: 0003-00000011',NULL,'2022-11-25 18:27:52','2022-11-29 21:48:15','2022-11-29 21:48:15'),(134,7851,2,40719,40731,13,13,1,0,'2022-11-07','2022-11-07',306918.00,1,1.00,'Factura B N°: 0003-00000042',NULL,'2022-11-25 18:43:46','2022-11-25 18:43:46',NULL),(135,7851,20,40719,40731,13,13,2,0,'2022-11-16','2022-11-16',1175515.99,1,1.00,NULL,NULL,'2022-11-28 15:06:49','2022-11-28 15:22:07','2022-11-28 15:22:07'),(136,7851,20,40719,40731,13,13,2,0,'2022-11-28','2022-11-28',306918.00,1,1.00,NULL,NULL,'2022-11-28 15:13:58','2022-11-28 15:22:11','2022-11-28 15:22:11'),(137,7851,20,40719,40731,13,12,2,0,'2022-10-06','2022-10-06',1799382.00,1,1.00,NULL,NULL,'2022-11-28 15:21:29','2022-11-28 15:21:29',NULL),(138,7851,21,40719,40751,57,13,1,0,'2022-11-25','2022-11-25',107045.28,1,1.00,NULL,NULL,'2022-11-28 15:24:57','2022-11-28 15:24:57',NULL),(139,7851,21,40719,40753,57,13,1,0,'2022-11-14','2022-11-14',36239.99,1,1.00,NULL,NULL,'2022-11-28 15:37:50','2023-01-05 18:07:35','2023-01-05 18:07:35');
INSERT INTO `cta_cte_cliente` VALUES (140,7851,3,40719,40730,57,13,2,0,'2022-11-21','2022-11-21',7302.76,1,1.00,'Factura A N°: 0019-00006363',NULL,'2022-11-28 15:41:43','2023-01-05 18:11:40','2023-01-05 18:11:40'),(141,7851,21,40719,40723,57,11,1,0,'2022-09-28','2022-09-28',13903.63,1,1.00,NULL,NULL,'2022-11-28 15:46:05','2022-11-28 15:46:05',NULL),(142,7851,21,40719,40722,57,13,1,0,'2022-11-23','2022-11-23',10002.50,1,1.00,NULL,NULL,'2022-11-28 15:49:11','2022-11-28 15:49:11',NULL),(143,7851,21,40719,40728,57,13,1,0,'2022-11-10','2022-11-10',19000.01,1,1.00,NULL,NULL,'2022-11-28 15:51:17','2023-01-05 17:59:36','2023-01-05 17:59:36'),(144,7851,21,40719,40728,57,13,1,0,'2022-11-15','2022-11-15',13901.30,1,1.00,NULL,NULL,'2022-11-28 15:52:09','2023-01-05 17:55:12','2023-01-05 17:55:12'),(145,7851,21,40719,40728,57,13,1,0,'2022-11-14','2022-11-14',4999.99,1,1.00,NULL,NULL,'2022-11-28 15:52:51','2022-11-28 19:04:41','2022-11-28 19:04:41'),(146,7851,21,40719,40752,57,13,1,0,'2022-11-02','2022-11-02',6201.06,1,1.00,NULL,NULL,'2022-11-28 15:57:35','2022-11-29 20:07:54','2022-11-29 20:07:54'),(147,7851,20,40719,40730,13,13,2,0,'2022-11-21','2022-11-21',33904.11,1,1.00,NULL,NULL,'2022-11-28 16:00:27','2022-11-28 16:49:25','2022-11-28 16:49:25'),(148,7851,21,40719,40730,57,13,1,0,'2022-11-02','2022-11-02',17370.88,1,1.00,NULL,NULL,'2022-11-28 16:01:43','2022-11-28 18:56:36','2022-11-28 18:56:36'),(149,7851,21,40719,40749,57,13,1,0,'2022-11-22','2022-11-22',13999.99,1,1.00,NULL,NULL,'2022-11-28 16:03:59','2022-11-28 16:03:59',NULL),(150,7851,21,40719,40749,57,13,1,0,'2022-11-24','2022-11-24',2499.99,1,1.00,NULL,NULL,'2022-11-28 16:04:47','2022-11-28 16:04:47',NULL),(151,7851,21,40719,40746,57,13,1,0,'2022-11-18','2022-11-18',60649.99,1,1.00,NULL,NULL,'2022-11-28 16:08:08','2022-11-28 16:08:08',NULL),(152,7851,21,40719,40750,57,13,1,0,'2022-11-23','2022-11-23',69200.00,1,1.00,NULL,NULL,'2022-11-28 16:09:22','2022-11-28 16:09:22',NULL),(153,7851,21,40719,40729,57,13,1,0,'2022-11-07','2022-11-07',2085.80,1,1.00,NULL,NULL,'2022-11-28 16:10:20','2022-11-28 16:10:20',NULL),(154,7851,21,40719,40722,57,13,1,0,'2022-11-15','2022-11-15',4000.01,1,1.00,NULL,NULL,'2022-11-28 16:11:24','2022-11-28 16:11:24',NULL),(155,7851,21,40719,40725,57,13,1,0,'2022-11-15','2022-11-15',6640.00,1,1.00,NULL,NULL,'2022-11-28 16:12:10','2022-11-28 16:12:10',NULL),(156,7851,21,40719,40744,57,13,1,0,'2022-11-04','2022-11-04',5750.00,1,1.00,NULL,NULL,'2022-11-28 16:13:01','2022-11-28 16:13:01',NULL),(157,7851,2,40719,40754,13,13,1,0,'2022-11-28','2022-11-28',1900.00,1,1.00,'Factura A N°: 0011-00023286',NULL,'2022-11-28 16:17:58','2022-11-28 16:18:47','2022-11-28 16:18:47'),(158,7851,3,40719,40754,57,13,2,0,'2022-11-28','2022-11-28',1900.00,1,1.00,'Factura A N°: 0011-00023286',NULL,'2022-11-28 16:19:38','2023-01-05 18:44:52','2023-01-05 18:44:52'),(159,7851,3,40719,40755,57,13,2,0,'2022-11-28','2022-11-28',1500.00,1,1.00,'Factura A N°: 0010-00000472',NULL,'2022-11-28 16:20:24','2023-01-05 18:50:30','2023-01-05 18:50:30'),(160,7851,3,40719,40728,57,13,2,0,'2022-11-23','2022-11-23',18800.00,1,1.00,'Factura A N°: 0010-00177402',NULL,'2022-11-28 16:21:13','2023-01-05 18:52:41','2023-01-05 18:52:41'),(161,7851,3,40719,40733,57,13,2,0,'2022-11-25','2022-11-25',1500.02,1,1.00,'Factura A N°: 0017-00019194',NULL,'2022-11-28 16:22:07','2023-01-05 18:53:52','2023-01-05 18:53:52'),(162,7851,3,40719,40730,57,13,2,0,'2022-11-18','2022-11-18',4000.00,1,1.00,'Factura A N°: 0019-00006281',NULL,'2022-11-28 16:22:50','2023-01-05 18:55:59','2023-01-05 18:55:59'),(163,7851,3,40719,40730,57,13,2,0,'2022-11-26','2022-11-26',1800.05,1,1.00,'Factura A N°: 0017-00022502',NULL,'2022-11-28 16:24:05','2023-01-05 15:42:20','2023-01-05 15:42:20'),(164,7851,20,40719,40730,13,13,2,0,'2022-11-28','2022-11-28',39704.16,1,1.00,NULL,NULL,'2022-11-28 16:51:16','2022-11-28 16:51:24','2022-11-28 16:51:24'),(165,7851,21,40719,40730,57,13,1,0,'2022-11-28','2022-11-28',39704.16,1,1.00,NULL,NULL,'2022-11-28 16:53:16','2022-11-28 18:56:42','2022-11-28 18:56:42');
INSERT INTO `cta_cte_cliente` VALUES (166,7851,21,40719,40754,57,13,1,0,'2022-11-28','2022-11-28',1900.00,1,1.00,NULL,NULL,'2022-11-28 16:54:59','2022-12-03 16:11:33','2022-12-03 16:11:33'),(167,7851,21,40719,40755,57,13,1,0,'2022-11-23','2022-11-23',1500.00,1,1.00,NULL,NULL,'2022-11-28 16:55:41','2023-01-05 18:50:06','2023-01-05 18:50:06'),(168,7851,21,40719,40748,57,13,1,0,'2022-11-22','2022-11-22',39788.33,1,1.00,NULL,NULL,'2022-11-28 16:58:54','2022-11-28 16:58:54',NULL),(169,7851,21,40719,40728,57,13,1,0,'2022-11-23','2022-11-23',18800.00,1,1.00,NULL,NULL,'2022-11-28 18:54:26','2023-01-05 18:52:27','2023-01-05 18:52:27'),(170,7851,21,40719,40730,57,13,1,0,'2022-11-02','2022-11-02',17370.88,1,1.00,NULL,NULL,'2022-11-28 19:00:50','2023-01-05 14:23:09','2023-01-05 14:23:09'),(171,7851,21,40719,40730,57,13,1,0,'2022-11-02','2022-11-02',12701.10,1,1.00,NULL,NULL,'2022-11-28 19:01:45','2023-01-05 17:50:49','2023-01-05 17:50:49'),(172,7851,21,40719,40728,57,13,1,0,'2022-10-26','2022-10-26',15500.00,1,1.00,NULL,NULL,'2022-11-28 19:02:58','2023-01-05 14:52:17','2023-01-05 14:52:17'),(173,7851,21,40719,40728,57,13,1,0,'2022-11-14','2022-11-14',4999.99,1,1.00,NULL,NULL,'2022-11-28 19:06:19','2023-01-05 17:57:24','2023-01-05 17:57:24'),(174,7851,3,40719,40756,57,12,2,0,'2022-10-03','2022-10-03',1050.00,1,1.00,'Factura A N°: 0001-00001234',NULL,'2022-11-29 11:14:55','2022-12-21 14:55:11','2022-12-21 14:55:11'),(175,7851,21,40719,40752,57,13,1,0,'2022-11-02','2022-11-02',6201.06,1,1.00,NULL,NULL,'2022-11-29 20:08:53','2023-01-05 18:03:12','2023-01-05 18:03:12'),(176,7851,21,40719,40726,57,13,1,0,'2022-11-17','2022-11-17',13142.34,1,1.00,NULL,NULL,'2022-11-29 20:10:26','2022-12-03 19:57:07','2022-12-03 19:57:07'),(177,7851,21,40719,40730,57,13,1,0,'2022-11-22','2022-11-22',7302.76,1,1.00,NULL,NULL,'2022-11-29 20:12:34','2023-01-05 18:10:59','2023-01-05 18:10:59'),(178,7851,21,40719,40730,57,13,1,0,'2022-11-03','2022-11-03',10400.26,1,1.00,NULL,NULL,'2022-11-29 20:13:14','2023-01-05 14:30:22','2023-01-05 14:30:22'),(179,7851,2,40719,40731,13,13,2,0,'2022-11-16','2022-11-16',306918.00,1,1.00,'Nota de crédito B N°: 0003-00000011',NULL,'2022-11-29 21:48:15','2022-11-29 21:53:08','2022-11-29 21:53:08'),(180,7851,2,40719,40731,13,13,1,0,'2022-11-02','2022-11-02',306918.00,1,1.00,'Factura B N°: 0003-00000041',NULL,'2022-11-29 21:48:34','2022-11-29 21:53:20','2022-11-29 21:53:20'),(181,7851,2,40719,40731,13,13,2,0,'2022-11-16','2022-11-16',306918.00,1,1.00,'Nota de crédito B N°: 0003-00000011',NULL,'2022-11-29 21:53:08','2022-11-29 21:53:08',NULL),(182,7851,2,40719,40731,13,13,1,0,'2022-11-02','2022-11-02',306918.00,1,1.00,'Factura B N°: 0003-00000041',NULL,'2022-11-29 21:53:20','2022-11-29 21:53:20',NULL),(183,7851,20,40719,40731,13,11,2,0,'2022-09-12','2022-09-12',722995.00,1,1.00,NULL,NULL,'2022-11-30 09:49:55','2022-11-30 09:49:55',NULL),(184,7851,21,40719,40738,57,12,1,0,'2022-10-06','2022-10-06',238000.01,1,1.00,'KUU191',NULL,'2022-11-30 10:01:59','2022-11-30 10:01:59',NULL),(185,7851,21,40719,40726,57,12,1,0,'2022-10-26','2022-10-26',10308.08,1,1.00,NULL,NULL,'2022-11-30 15:29:07','2023-01-05 14:56:51','2023-01-05 14:56:51'),(186,7851,21,40719,40728,57,12,1,0,'2022-10-06','2022-10-06',19999.99,1,1.00,NULL,NULL,'2022-11-30 16:52:43','2022-11-30 16:54:15','2022-11-30 16:54:15'),(187,7851,21,40719,40728,57,12,1,0,'2022-10-18','2022-10-18',19999.99,1,1.00,NULL,NULL,'2022-11-30 16:55:10','2022-11-30 16:55:10',NULL),(188,7851,21,40719,40728,57,12,1,0,'2022-10-06','2022-10-06',18503.01,1,1.00,NULL,NULL,'2022-11-30 16:56:54','2022-11-30 16:56:54',NULL),(189,7851,21,40719,40729,57,12,1,0,'2022-10-11','2022-10-11',1604.46,1,1.00,NULL,NULL,'2022-11-30 17:03:08','2022-11-30 17:03:08',NULL),(190,7851,3,40719,40728,57,13,2,0,'2022-11-30','2022-11-30',1210.00,1,1.00,'Factura A N°: 0001-00001234',NULL,'2022-11-30 18:34:37','2022-11-30 18:35:44','2022-11-30 18:35:44');
INSERT INTO `cta_cte_cliente` VALUES (191,7851,3,40719,40728,57,13,2,0,'2022-11-30','2022-11-30',1210.00,1,1.00,'Factura A N°: 0001-00001234',NULL,'2022-11-30 18:35:44','2022-11-30 18:36:13','2022-11-30 18:36:13'),(192,7851,3,40719,40736,57,14,2,0,'2022-12-01','2022-12-01',7780.00,1,1.00,'Factura A N°: 6432-00012762',NULL,'2022-12-01 11:17:51','2022-12-06 16:14:00','2022-12-06 16:14:00'),(193,7851,3,40719,40759,57,14,2,0,'2022-12-01','2022-12-01',7450.00,1,1.00,'Factura A N°: 0014-00015134',NULL,'2022-12-02 10:31:52','2022-12-06 16:13:46','2022-12-06 16:13:46'),(194,7851,3,40719,40760,57,14,2,0,'2022-11-30','2022-11-30',88950.94,1,1.00,'Factura A N°: 0006-00006504',NULL,'2022-12-02 10:33:29','2022-12-02 10:33:41','2022-12-02 10:33:41'),(195,7851,3,40719,40760,57,13,2,0,'2022-11-30','2022-11-30',88950.94,1,1.00,'Factura A N°: 0006-00006504',NULL,'2022-12-02 10:33:41','2022-12-02 10:33:41',NULL),(196,7851,20,40719,40760,13,13,2,0,'2022-11-30','2022-11-30',88950.94,1,1.00,NULL,NULL,'2022-12-02 10:34:42','2022-12-02 10:34:50','2022-12-02 10:34:50'),(197,7851,21,40719,40760,57,13,1,0,'2022-11-30','2022-11-30',88950.94,1,1.00,NULL,NULL,'2022-12-02 10:35:16','2022-12-02 10:35:16',NULL),(198,7851,21,40719,40759,57,14,1,0,'2022-12-01','2022-12-01',7450.00,1,1.00,NULL,NULL,'2022-12-02 10:35:45','2022-12-06 16:09:09','2022-12-06 16:09:09'),(199,7851,21,40719,40736,57,14,1,0,'2022-12-01','2022-12-01',7780.00,1,1.00,NULL,NULL,'2022-12-02 10:37:27','2022-12-06 16:09:26','2022-12-06 16:09:26'),(200,7851,21,40719,40729,57,11,1,0,'2022-09-09','2022-09-09',1604.46,1,1.00,NULL,NULL,'2022-12-02 13:38:15','2022-12-02 13:38:15',NULL),(201,7851,21,40719,40727,57,11,1,0,'2022-09-20','2022-09-20',47446.58,1,1.00,NULL,NULL,'2022-12-02 13:40:04','2022-12-02 13:40:04',NULL),(202,7851,21,40719,40726,57,11,1,0,'2022-09-26','2022-09-26',17379.07,1,1.00,NULL,NULL,'2022-12-02 13:40:52','2022-12-02 13:40:52',NULL),(203,7851,21,40719,40725,57,11,1,0,'2022-09-29','2022-09-29',3549.99,1,1.00,NULL,NULL,'2022-12-02 13:41:46','2022-12-02 13:41:46',NULL),(204,7851,21,40719,40722,57,11,1,0,'2022-09-23','2022-09-23',5099.30,1,1.00,NULL,NULL,'2022-12-02 13:42:59','2022-12-02 13:42:59',NULL),(205,7851,21,40719,40728,57,11,1,0,'2022-09-14','2022-09-14',20000.00,1,1.00,NULL,NULL,'2022-12-02 13:47:35','2022-12-02 13:47:35',NULL),(206,7851,21,40719,40728,57,11,1,0,'2022-09-07','2022-09-07',18000.00,1,1.00,NULL,NULL,'2022-12-02 13:48:33','2022-12-02 13:50:06','2022-12-02 13:50:06'),(207,7851,21,40719,40728,57,11,1,0,'2022-09-27','2022-09-27',16300.00,1,1.00,NULL,NULL,'2022-12-02 13:49:31','2022-12-02 13:50:12','2022-12-02 13:50:12'),(208,7851,21,40719,40732,57,11,1,0,'2022-09-28','2022-09-28',17001.19,1,1.00,NULL,NULL,'2022-12-02 13:50:56','2022-12-02 13:50:56',NULL),(209,7851,21,40719,40728,57,11,1,0,'2022-09-06','2022-09-06',16300.00,1,1.00,NULL,NULL,'2022-12-02 13:53:07','2022-12-02 13:53:07',NULL),(210,7851,21,40719,40724,57,11,1,0,'2022-09-26','2022-09-26',5500.31,1,1.00,NULL,NULL,'2022-12-02 14:23:17','2022-12-02 14:23:17',NULL),(211,7851,21,40719,40754,57,14,1,0,'2022-12-01','2022-12-01',1900.00,1,1.00,NULL,NULL,'2022-12-03 16:11:59','2022-12-06 16:09:47','2022-12-06 16:09:47'),(212,7851,3,40719,40726,57,13,2,0,'2022-11-14','2022-11-14',13142.34,1,1.00,'Factura A N°: 2467-00762706',NULL,'2022-12-03 19:58:40','2022-12-03 19:58:40',NULL),(213,7851,20,40719,40731,13,13,2,0,'2022-11-09','2022-11-09',306918.00,1,1.00,NULL,NULL,'2022-12-06 11:18:08','2022-12-06 11:18:08',NULL),(214,7851,20,40719,40731,13,13,2,0,'2022-11-16','2022-11-16',1175515.99,1,1.00,NULL,NULL,'2022-12-06 11:34:29','2022-12-06 11:34:29',NULL),(215,7851,21,40719,40754,57,13,1,0,'2022-11-28','2022-11-28',1900.00,1,1.00,NULL,NULL,'2022-12-06 16:10:48','2023-01-05 18:44:29','2023-01-05 18:44:29'),(216,7851,3,40719,40759,57,14,2,0,'2022-12-01','2022-12-01',7450.00,1,1.00,'Factura A N°: 0014-00015134',NULL,'2022-12-06 16:13:46','2022-12-06 16:13:46',NULL);
INSERT INTO `cta_cte_cliente` VALUES (217,7851,3,40719,40736,57,14,2,0,'2022-12-01','2022-12-01',7780.00,1,1.00,'Factura A N°: 6432-00012762',NULL,'2022-12-06 16:14:00','2022-12-06 16:14:00',NULL),(218,7851,21,40719,40736,57,14,1,0,'2022-12-01','2022-12-01',7780.00,1,1.00,NULL,NULL,'2022-12-06 16:14:58','2023-01-30 23:17:18','2023-01-30 23:17:18'),(219,7851,21,40719,40759,57,14,1,0,'2022-12-01','2022-12-01',7450.00,1,1.00,NULL,NULL,'2022-12-06 16:15:31','2022-12-06 16:15:31',NULL),(220,7851,21,40719,40726,57,13,1,0,'2022-11-18','2022-11-18',13142.34,1,1.00,NULL,NULL,'2022-12-06 21:32:59','2022-12-06 21:32:59',NULL),(221,7851,3,40719,40740,57,14,2,0,'2022-12-03','2022-12-03',1200.00,1,1.00,'Factura B N°: 0003-00007751',NULL,'2022-12-15 12:03:43','2022-12-15 12:05:10','2022-12-15 12:05:10'),(222,7851,3,40719,40729,57,14,2,0,'2022-12-05','2022-12-05',2085.80,1,1.00,'Factura A N°: 0002-00020126',NULL,'2022-12-15 12:03:43','2022-12-15 12:03:43',NULL),(223,7851,3,40719,40761,57,14,2,0,'2022-12-05','2022-12-05',719.70,1,1.00,'Factura A N°: 0022-00783702',NULL,'2022-12-15 12:03:43','2022-12-15 12:03:43',NULL),(224,7851,3,40719,40740,57,14,2,0,'2022-12-10','2022-12-10',1175.00,1,1.00,'Factura B N°: 0003-00007842',NULL,'2022-12-15 12:03:43','2022-12-15 12:05:02','2022-12-15 12:05:02'),(225,7851,3,40719,40722,57,14,2,0,'2022-12-11','2022-12-11',8851.49,1,1.00,'Factura A N°: 9012-00010152',NULL,'2022-12-15 12:03:43','2022-12-15 12:04:47','2022-12-15 12:04:47'),(226,7851,3,40719,40762,57,14,2,0,'2022-12-14','2022-12-14',6680.66,1,1.00,'Factura A N°: 0018-00001803',NULL,'2022-12-15 12:03:43','2022-12-15 12:04:26','2022-12-15 12:04:26'),(227,7851,3,40719,40762,57,14,2,0,'2022-12-14','2022-12-14',6680.66,1,1.00,'Factura A N°: 0018-00001803',NULL,'2022-12-15 12:04:26','2022-12-15 12:04:26',NULL),(228,7851,3,40719,40722,57,14,2,0,'2022-12-11','2022-12-11',8851.49,1,1.00,'Factura A N°: 9012-00010152',NULL,'2022-12-15 12:04:47','2022-12-15 12:04:47',NULL),(229,7851,3,40719,40728,57,11,2,0,'2022-08-31','2022-08-31',16300.00,1,1.00,'Factura A N°: 0010-00172856',NULL,'2022-12-21 12:41:15','2023-01-05 11:13:26','2023-01-05 11:13:26'),(230,7851,2,40719,40731,13,14,1,0,'2022-12-01','2022-12-01',2064174.00,1,1.00,'Factura B N°: 0003-00000044',NULL,'2022-12-21 18:59:06','2022-12-24 01:04:03','2022-12-24 01:04:03'),(231,7851,2,40719,40731,13,14,1,0,'2022-12-01','2022-12-01',2064174.00,1,1.00,'Factura B N°: 0003-00000045',NULL,'2022-12-21 18:59:06','2022-12-24 01:03:46','2022-12-24 01:03:46'),(232,7851,2,40719,40731,13,14,2,0,'2022-12-06','2022-12-06',2064174.00,1,1.00,'Nota de crédito B N°: 0003-00000012',NULL,'2022-12-21 18:59:06','2022-12-24 01:03:04','2022-12-24 01:03:04'),(233,7851,2,40719,40731,13,14,1,0,'2022-12-17','2022-12-17',982940.00,1,1.00,'Factura B N°: 0003-00000046',NULL,'2022-12-21 18:59:06','2022-12-24 01:02:31','2022-12-24 01:02:31'),(234,7851,3,40719,40740,57,14,2,0,'2022-12-03','2022-12-03',1200.00,1,1.00,'Factura B N°: 0003-00007751',NULL,'2022-12-21 20:31:26','2022-12-21 20:31:54','2022-12-21 20:31:54'),(235,7851,3,40719,40740,57,14,2,0,'2022-12-10','2022-12-10',1175.00,1,1.00,'Factura B N°: 0003-00007842',NULL,'2022-12-21 20:31:26','2022-12-21 20:32:11','2022-12-21 20:32:11'),(236,7851,3,40719,40742,57,14,2,0,'2022-12-14','2022-12-14',1631.58,1,1.00,'Factura A N°: 1083-00010003',NULL,'2022-12-21 20:31:26','2022-12-21 20:31:26',NULL),(237,7851,3,40719,40726,57,14,2,0,'2022-12-14','2022-12-14',12873.41,1,1.00,'Factura A N°: 2467-00783923',NULL,'2022-12-21 20:31:26','2023-01-05 10:05:33','2023-01-05 10:05:33'),(238,7851,3,40719,40740,57,14,2,0,'2022-12-17','2022-12-17',1610.00,1,1.00,'Factura B N°: 0003-00007927',NULL,'2022-12-21 20:31:26','2022-12-21 20:32:04','2022-12-21 20:32:04'),(239,7851,21,40719,40729,57,14,1,0,'2022-12-21','2022-12-21',2085.80,1,1.00,NULL,NULL,'2022-12-21 20:36:20','2022-12-21 20:36:20',NULL),(240,7851,3,40719,40738,57,14,2,0,'2022-12-22','2022-12-22',324500.22,1,1.00,'Factura A N°: 0004-00000831',NULL,'2022-12-22 13:02:05','2022-12-22 13:02:05',NULL);
INSERT INTO `cta_cte_cliente` VALUES (241,7851,21,40719,40738,57,14,1,0,'2022-12-22','2022-12-22',324500.22,1,1.00,NULL,NULL,'2022-12-22 15:38:21','2023-01-04 23:08:19','2023-01-04 23:08:19'),(242,7851,21,40719,40722,57,14,1,0,'2022-12-11','2022-12-11',8851.49,1,1.00,NULL,NULL,'2022-12-22 18:03:21','2022-12-22 18:03:21',NULL),(243,7851,21,40719,40762,57,14,1,0,'2022-12-14','2022-12-14',6680.66,1,1.00,NULL,NULL,'2022-12-22 18:04:39','2023-04-01 18:50:32','2023-04-01 18:50:32'),(244,7851,3,40719,40759,57,14,2,0,'2022-12-19','2022-12-19',7400.01,1,1.00,'Factura A N°: 0017-00013928',NULL,'2022-12-22 18:09:21','2022-12-22 18:09:21',NULL),(245,7851,21,40719,40759,57,14,1,0,'2022-12-19','2022-12-19',7400.01,1,1.00,NULL,NULL,'2022-12-22 18:10:47','2022-12-22 18:10:47',NULL),(246,7851,3,40719,40763,57,14,2,0,'2022-12-23','2022-12-23',51360.00,1,1.00,'Factura A N°: 0002-00004445',NULL,'2022-12-24 00:49:01','2022-12-24 00:49:01',NULL),(247,7851,3,40719,40728,57,14,2,0,'2022-12-21','2022-12-21',3000.00,1,1.00,'Factura A N°: 0010-00178944',NULL,'2022-12-24 00:50:33','2022-12-24 00:54:39','2022-12-24 00:54:39'),(248,7851,3,40719,40728,57,14,2,0,'2022-12-14','2022-12-14',10000.01,1,1.00,'Factura A N°: 0010-00178500',NULL,'2022-12-24 00:51:31','2022-12-24 00:51:31',NULL),(249,7851,3,40719,40728,57,14,2,0,'2022-12-14','2022-12-14',19958.00,1,1.00,'Factura A N°: 0010-00177899',NULL,'2022-12-24 00:52:12','2022-12-24 00:52:12',NULL),(250,7851,3,40719,40730,57,14,2,0,'2022-12-15','2022-12-15',8080.00,1,1.00,'Factura A N°: 0019-00007172',NULL,'2022-12-24 00:53:39','2022-12-24 00:53:39',NULL),(251,7851,3,40719,40730,57,14,2,0,'2022-11-30','2022-11-30',11500.00,1,1.00,'Factura A N°: 0019-00006654',NULL,'2022-12-24 00:54:25','2022-12-24 00:54:25',NULL),(252,7851,3,40719,40728,57,14,2,0,'2022-12-21','2022-12-21',3000.00,1,1.00,'Factura A N°: 0010-00178944',NULL,'2022-12-24 00:54:39','2022-12-24 00:54:39',NULL),(253,7851,2,40719,40731,13,14,1,0,'2022-12-17','2022-12-17',982940.00,1,1.00,'Factura B N°: 0003-00000046',NULL,'2022-12-24 01:02:31','2022-12-24 01:04:35','2022-12-24 01:04:35'),(254,7851,2,40719,40731,13,14,2,0,'2022-12-06','2022-12-06',2064174.00,1,1.00,'Nota de crédito B N°: 0003-00000012',NULL,'2022-12-24 01:03:04','2022-12-24 01:04:28','2022-12-24 01:04:28'),(255,7851,2,40719,40731,13,14,1,0,'2022-12-01','2022-12-01',2280912.27,1,1.00,'Factura B N°: 0003-00000045',NULL,'2022-12-24 01:03:46','2022-12-24 01:04:20','2022-12-24 01:04:20'),(256,7851,2,40719,40731,13,14,1,0,'2022-12-01','2022-12-01',2064174.00,1,1.00,'Factura B N°: 0003-00000044',NULL,'2022-12-24 01:04:03','2022-12-24 01:04:03',NULL),(257,7851,2,40719,40731,13,14,1,0,'2022-12-01','2022-12-01',2064174.00,1,1.00,'Factura B N°: 0003-00000045',NULL,'2022-12-24 01:04:20','2022-12-24 01:04:20',NULL),(258,7851,2,40719,40731,13,14,2,0,'2022-12-06','2022-12-06',2064174.00,1,1.00,'Nota de crédito B N°: 0003-00000012',NULL,'2022-12-24 01:04:28','2022-12-24 01:04:28',NULL),(259,7851,2,40719,40731,13,14,1,0,'2022-12-17','2022-12-17',982940.00,1,1.00,'Factura B N°: 0003-00000046',NULL,'2022-12-24 01:04:35','2022-12-30 19:06:11','2022-12-30 19:06:11'),(260,7851,20,40719,40728,13,14,2,0,'2022-12-14','2022-12-14',10000.01,1,1.00,NULL,NULL,'2022-12-24 19:57:16','2022-12-24 19:57:23','2022-12-24 19:57:23'),(261,7851,21,40719,40728,57,14,1,0,'2022-12-14','2022-12-14',10000.01,1,1.00,NULL,NULL,'2022-12-24 19:57:53','2022-12-24 19:57:53',NULL),(262,7851,21,40719,40728,57,14,1,0,'2022-12-02','2022-12-02',19958.00,1,1.00,NULL,NULL,'2022-12-24 19:58:34','2022-12-24 19:58:34',NULL),(263,7851,21,40719,40730,57,14,1,0,'2022-11-30','2022-11-30',11500.00,1,1.00,NULL,NULL,'2022-12-24 20:19:09','2022-12-24 20:19:09',NULL),(264,7851,21,40719,40730,57,14,1,0,'2022-12-15','2022-12-15',8080.00,1,1.00,NULL,NULL,'2022-12-24 20:20:34','2022-12-24 20:20:34',NULL),(265,7851,21,40719,40730,57,14,1,0,'2022-12-19','2022-12-19',7400.01,1,1.00,NULL,NULL,'2022-12-24 20:22:41','2022-12-24 20:23:48','2022-12-24 20:23:48');
INSERT INTO `cta_cte_cliente` VALUES (266,7851,21,40719,40759,57,14,1,0,'2022-12-19','2022-12-19',7400.01,1,1.00,NULL,NULL,'2022-12-24 20:26:30','2022-12-24 20:26:46','2022-12-24 20:26:46'),(267,7851,21,40719,40722,57,14,1,0,'2022-12-21','2022-12-21',3000.00,1,1.00,NULL,NULL,'2022-12-24 20:29:32','2022-12-24 20:29:32',NULL),(268,7851,21,40719,40763,57,14,1,0,'2022-12-23','2022-12-23',51360.00,1,1.00,NULL,NULL,'2022-12-24 20:33:27','2023-01-04 23:06:35','2023-01-04 23:06:35'),(269,7851,21,40719,40738,57,14,1,0,'2022-10-05','2022-10-05',224850.02,1,1.00,NULL,NULL,'2022-12-24 20:37:01','2022-12-24 20:37:18','2022-12-24 20:37:18'),(270,7851,21,40719,40738,57,12,1,0,'2022-10-05','2022-10-05',224850.02,1,1.00,NULL,NULL,'2022-12-24 20:37:48','2023-01-04 23:00:50','2023-01-04 23:00:50'),(271,7851,21,40719,40761,57,14,1,0,'2022-12-09','2022-12-09',719.70,1,1.00,NULL,NULL,'2022-12-24 20:38:43','2022-12-24 20:38:43',NULL),(272,7851,21,40719,40725,57,11,1,0,'2022-09-30','2022-09-30',7350.01,1,1.00,NULL,NULL,'2022-12-24 20:43:13','2022-12-24 20:43:13',NULL),(273,7851,3,40719,40722,57,14,2,0,'2022-12-26','2022-12-26',5544.19,1,1.00,'Factura A N°: 9012-00010641',NULL,'2022-12-26 22:52:54','2022-12-26 22:52:54',NULL),(274,7851,21,40719,40722,57,14,1,0,'2022-12-27','2022-12-27',5544.19,1,1.00,NULL,NULL,'2022-12-26 22:53:32','2022-12-26 22:53:32',NULL),(275,7851,21,40719,40726,57,14,1,0,'2022-12-27','2022-12-27',12873.41,1,1.00,NULL,NULL,'2022-12-27 20:59:15','2023-01-05 10:04:17','2023-01-05 10:04:17'),(276,7851,21,40719,40742,57,14,1,0,'2022-12-27','2022-12-27',3188.24,1,1.00,NULL,NULL,'2022-12-27 21:00:17','2022-12-27 21:00:17',NULL),(277,7851,3,40719,40734,57,14,2,0,'2022-12-15','2022-12-15',8004.00,1,1.00,'Factura A N°: 13001-00846752',NULL,'2022-12-27 21:32:52','2022-12-27 21:32:52',NULL),(278,7851,3,40719,40734,57,14,2,0,'2022-12-15','2022-12-15',1080.00,1,1.00,'Factura A N°: 13001-00351805',NULL,'2022-12-27 21:33:30','2022-12-27 21:33:30',NULL),(279,7851,3,40719,40734,57,14,2,0,'2022-12-15','2022-12-15',13024.00,1,1.00,'Factura A N°: 13001-00828192',NULL,'2022-12-27 21:35:51','2022-12-27 21:36:44','2022-12-27 21:36:44'),(280,7851,3,40719,40734,57,14,2,0,'2022-12-04','2022-12-04',212.00,1,1.00,'Factura A N°: 13001-00039501',NULL,'2022-12-27 21:36:34','2022-12-27 21:36:34',NULL),(281,7851,3,40719,40734,57,14,2,0,'2022-12-04','2022-12-04',13024.00,1,1.00,'Factura A N°: 13001-00828192',NULL,'2022-12-27 21:36:44','2023-01-13 21:09:13','2023-01-13 21:09:13'),(282,7851,3,40719,40764,57,14,2,0,'2022-12-29','2022-12-29',11496.00,1,1.00,'Factura A N°: 0002-00001693',NULL,'2022-12-29 16:34:02','2022-12-29 16:34:02',NULL),(283,7851,3,40719,40762,57,14,2,0,'2022-12-28','2022-12-28',7014.40,1,1.00,'Factura A N°: 0018-00001861',NULL,'2022-12-29 16:34:51','2022-12-29 16:34:51',NULL),(284,7851,3,40719,40762,57,14,2,0,'2022-12-28','2022-12-28',20111.03,1,1.00,'Factura A N°: 0018-00001860',NULL,'2022-12-29 16:35:23','2022-12-29 16:35:23',NULL),(285,7851,21,40719,40762,57,14,1,0,'2022-12-28','2022-12-28',33806.09,1,1.00,NULL,NULL,'2022-12-29 16:36:23','2022-12-29 16:36:23',NULL),(286,7851,21,40719,40764,57,14,1,0,'2022-12-29','2022-12-29',11496.00,1,1.00,NULL,NULL,'2022-12-29 16:37:37','2023-01-04 23:04:57','2023-01-04 23:04:57'),(287,7851,3,40719,40733,57,14,2,0,'2022-12-26','2022-12-26',2500.00,1,1.00,'Factura A N°: 0017-00021503',NULL,'2022-12-30 15:55:21','2022-12-30 15:55:21',NULL),(288,7851,3,40719,40730,57,14,2,0,'2022-12-24','2022-12-24',1999.96,1,1.00,'Factura A N°: 0019-00007494',NULL,'2022-12-30 15:56:35','2022-12-30 15:56:35',NULL),(289,7851,3,40719,40760,57,14,2,0,'2022-12-30','2022-12-30',153450.00,1,1.00,'Factura A N°: 0006-00006674',NULL,'2022-12-30 15:57:45','2022-12-30 15:57:45',NULL),(290,7851,21,40719,40733,57,14,1,0,'2022-12-26','2022-12-26',2500.00,1,1.00,NULL,NULL,'2022-12-30 16:00:14','2022-12-30 16:00:14',NULL),(291,7851,21,40719,40730,57,14,1,0,'2022-12-24','2022-12-24',1999.96,1,1.00,NULL,NULL,'2022-12-30 16:00:47','2022-12-30 16:00:47',NULL);
INSERT INTO `cta_cte_cliente` VALUES (292,7851,21,40719,40760,57,14,1,0,'2022-12-30','2022-12-30',153450.00,1,1.00,NULL,NULL,'2022-12-30 16:01:13','2022-12-30 16:01:13',NULL),(293,7851,2,40719,40731,13,14,1,0,'2022-12-17','2022-12-17',982940.00,1,1.00,'Factura B N°: 0003-00000046',NULL,'2022-12-30 19:06:11','2022-12-30 19:06:48','2022-12-30 19:06:48'),(294,7851,3,40719,40765,57,14,2,0,'2022-12-30','2022-12-30',80000.00,1,1.00,'Factura A N°: 0003-00007881',NULL,'2022-12-31 13:06:39','2022-12-31 13:06:39',NULL),(295,7851,21,40719,40765,57,14,1,0,'2022-12-30','2022-12-30',80000.00,1,1.00,NULL,NULL,'2022-12-31 13:07:25','2022-12-31 13:07:25',NULL),(296,7851,3,40719,40728,57,18,2,0,'2023-01-01','2023-01-01',2500.00,1,1.00,'Factura A N°: 0010-00179475',NULL,'2023-01-02 10:14:07','2023-01-02 10:14:07',NULL),(297,7851,3,40719,40717,57,14,2,0,'2022-12-30','2022-12-30',4500.00,1,1.00,'Factura A N°: 0002-00000302',NULL,'2023-01-02 10:15:58','2023-01-02 10:15:58',NULL),(298,7851,21,40719,40717,57,14,1,0,'2022-12-30','2022-12-30',4500.00,1,1.00,NULL,NULL,'2023-01-02 10:16:41','2023-01-05 01:20:29','2023-01-05 01:20:29'),(299,7851,21,40719,40728,57,18,1,0,'2023-01-01','2023-01-01',2500.00,1,1.00,NULL,NULL,'2023-01-02 10:17:10','2023-01-02 10:17:10',NULL),(300,7851,3,40719,40756,57,14,2,0,'2022-12-31','2022-12-31',1050.00,1,1.00,'Factura A N°: 0001-00001234',NULL,'2023-01-04 20:02:47','2023-01-04 20:04:51','2023-01-04 20:04:51'),(301,7851,3,40719,40756,57,18,2,0,'2023-01-01','2023-01-01',1449.99,1,1.00,'Factura A N°: 0001-00012345',NULL,'2023-01-04 20:04:04','2023-01-04 20:04:04',NULL),(302,7851,3,40719,40756,57,14,2,0,'2022-12-01','2022-12-01',1050.00,1,1.00,'Factura A N°: 0001-00001234',NULL,'2023-01-04 20:04:51','2023-01-04 20:04:51',NULL),(303,7851,21,40719,40756,57,14,1,0,'2022-12-01','2022-12-01',1050.00,1,1.00,NULL,NULL,'2023-01-04 20:06:06','2023-01-04 20:06:06',NULL),(304,7851,21,40719,40756,57,18,1,0,'2023-01-02','2023-01-02',1449.99,1,1.00,NULL,NULL,'2023-01-04 20:06:47','2023-01-30 13:22:53','2023-01-30 13:22:53'),(305,7851,3,40719,40740,57,14,2,0,'2022-12-03','2022-12-03',1200.00,1,1.00,'Factura B N°: 0003-00007751',NULL,'2023-01-04 21:02:04','2023-01-04 21:02:41','2023-01-04 21:02:41'),(306,7851,3,40719,40740,57,14,2,0,'2022-12-10','2022-12-10',1175.00,1,1.00,'Factura B N°: 0003-00007842',NULL,'2023-01-04 21:02:04','2023-01-04 21:02:49','2023-01-04 21:02:49'),(307,7851,3,40719,40740,57,14,2,0,'2022-12-17','2022-12-17',1610.00,1,1.00,'Factura B N°: 0003-00007927',NULL,'2023-01-04 21:02:04','2023-01-04 21:02:44','2023-01-04 21:02:44'),(308,7851,21,40719,40738,57,14,1,0,'2022-10-06','2022-10-06',224850.02,1,1.00,NULL,NULL,'2023-01-04 23:01:53','2023-01-04 23:03:28','2023-01-04 23:03:28'),(309,7851,21,40719,40738,57,12,1,0,'2022-10-06','2022-10-06',224850.02,1,1.00,NULL,NULL,'2023-01-04 23:04:13','2023-01-04 23:04:13',NULL),(310,7851,21,40719,40764,57,14,1,0,'2022-12-30','2022-12-30',11496.00,1,1.00,NULL,NULL,'2023-01-04 23:05:40','2023-01-04 23:05:40',NULL),(311,7851,21,40719,40738,57,14,1,0,'2022-12-23','2022-12-23',324500.22,1,1.00,NULL,NULL,'2023-01-04 23:10:53','2023-01-04 23:10:53',NULL),(312,7851,21,40719,40763,57,14,1,0,'2022-12-24','2022-12-24',51360.00,1,1.00,NULL,NULL,'2023-01-04 23:12:07','2023-01-04 23:12:07',NULL),(313,7851,21,40719,40743,57,12,1,0,'2022-10-03','2022-10-03',5944.63,1,1.00,NULL,NULL,'2023-01-05 00:28:13','2023-01-05 00:28:13',NULL),(314,7851,21,40719,40717,57,14,1,0,'2022-12-30','2022-12-30',4500.00,1,1.00,NULL,NULL,'2023-01-05 01:21:01','2023-01-05 01:21:01',NULL),(315,7851,21,40719,40726,57,12,1,0,'2022-10-22','2022-10-22',39998.99,1,1.00,NULL,NULL,'2023-01-05 01:41:53','2023-01-05 01:41:53',NULL),(316,7851,3,40719,40742,57,14,2,0,'2022-09-27','2022-09-27',889.66,1,1.00,'Factura A N°: 1083-00007846',NULL,'2023-01-05 01:49:08','2023-01-05 01:49:08',NULL),(317,7851,21,40719,40742,57,12,1,0,'2022-12-13','2022-12-13',2370.72,1,1.00,NULL,NULL,'2023-01-05 01:54:19','2023-01-05 01:54:19',NULL);
INSERT INTO `cta_cte_cliente` VALUES (318,7851,3,40719,40770,57,14,2,0,'2022-11-29','2022-11-29',8552.00,1,1.00,'Factura A N°: 0016-00073240',NULL,'2023-01-05 01:58:11','2023-01-05 01:58:11',NULL),(319,7851,3,40719,40770,57,14,2,0,'2022-11-29','2022-11-29',7296.01,1,1.00,'Factura A N°: 0016-00073189',NULL,'2023-01-05 01:59:27','2023-01-05 01:59:27',NULL),(320,7851,21,40719,40770,57,14,1,0,'2022-12-13','2022-12-13',15848.01,1,1.00,NULL,NULL,'2023-01-05 02:00:17','2023-01-05 02:00:17',NULL),(321,7851,21,40719,40734,57,12,1,0,'2022-10-15','2022-10-15',19436.00,1,1.00,NULL,NULL,'2023-01-05 02:22:32','2023-01-05 20:53:00','2023-01-05 20:53:00'),(322,7851,3,40719,40726,57,14,2,0,'2022-12-14','2022-12-14',12873.41,1,1.00,'Factura A N°: 2467-00783923',NULL,'2023-01-05 10:05:33','2023-01-30 15:02:54','2023-01-30 15:02:54'),(323,7851,3,40719,40728,57,11,2,1,'2022-08-31','2022-08-31',18000.00,1,1.00,'Factura A N°: 0010-00172856',NULL,'2023-01-05 11:13:26','2023-03-28 11:34:45',NULL),(324,7851,3,40719,40730,57,13,2,0,'2022-11-02','2022-11-02',17370.88,1,1.00,'Factura A N°: 0017-00021553',NULL,'2023-01-05 14:27:06','2023-01-05 14:27:06',NULL),(325,7851,21,40719,40730,57,13,1,0,'2022-11-02','2022-11-02',17370.88,1,1.00,NULL,NULL,'2023-01-05 14:28:24','2023-01-05 14:28:24',NULL),(326,7851,21,40719,40730,57,13,1,0,'2022-11-03','2022-11-03',10400.26,1,1.00,NULL,NULL,'2023-01-05 14:31:51','2023-01-05 14:32:10','2023-01-05 14:32:10'),(327,7851,3,40719,40730,57,13,2,0,'2022-11-03','2022-11-03',10400.26,1,1.00,'Factura A N°: 0019-00005787',NULL,'2023-01-05 14:32:36','2023-01-05 14:44:48','2023-01-05 14:44:48'),(328,7851,3,40719,40730,57,13,2,0,'2022-11-03','2022-11-03',10400.26,1,1.00,'Factura A N°: 0019-00005787',NULL,'2023-01-05 14:44:48','2023-01-05 14:44:48',NULL),(329,7851,21,40719,40730,57,13,1,0,'2022-11-03','2022-11-03',10400.26,1,1.00,NULL,NULL,'2023-01-05 14:46:12','2023-01-05 14:46:12',NULL),(330,7851,3,40719,40728,57,12,2,0,'2022-10-26','2022-10-26',15500.00,1,1.00,'Factura A N°: 0010-00175839',NULL,'2023-01-05 14:53:10','2023-01-05 14:53:10',NULL),(331,7851,21,40719,40728,57,12,1,0,'2022-10-26','2022-10-26',15500.00,1,1.00,NULL,NULL,'2023-01-05 14:53:58','2023-01-05 14:53:58',NULL),(332,7851,3,40719,40726,57,12,2,0,'2022-10-14','2022-10-14',10308.08,1,1.00,'Factura A N°: 2467-00740347',NULL,'2023-01-05 14:57:13','2023-01-05 14:57:13',NULL),(333,7851,21,40719,40726,57,12,1,0,'2022-10-24','2022-10-24',10308.08,1,1.00,NULL,NULL,'2023-01-05 14:57:59','2023-01-05 14:57:59',NULL),(334,7851,3,40719,40722,57,12,2,0,'2022-10-27','2022-10-27',1800.01,1,1.00,'Factura A N°: 8974-00008951',NULL,'2023-01-05 15:03:26','2023-01-05 15:03:26',NULL),(335,7851,21,40719,40722,57,12,1,0,'2022-10-27','2022-10-27',1800.01,1,1.00,NULL,NULL,'2023-01-05 15:05:15','2023-01-05 15:05:15',NULL),(336,7851,21,40719,40737,57,12,1,0,'2022-10-28','2022-10-28',6300.01,1,1.00,NULL,NULL,'2023-01-05 15:07:41','2023-01-05 15:07:54','2023-01-05 15:07:54'),(337,7851,3,40719,40737,57,12,2,0,'2022-10-28','2022-10-28',6300.01,1,1.00,'Factura A N°: 0051-00020265',NULL,'2023-01-05 15:16:35','2023-01-05 15:16:35',NULL),(338,7851,21,40719,40737,57,12,1,0,'2022-10-28','2022-10-28',6300.01,1,1.00,NULL,NULL,'2023-01-05 15:21:03','2023-01-05 15:21:03',NULL),(339,7851,3,40719,40736,57,12,2,0,'2022-10-29','2022-10-29',1369.96,1,1.00,'Factura A N°: 6432-00012520',NULL,'2023-01-05 15:23:42','2023-01-05 15:23:42',NULL),(340,7851,21,40719,40736,57,12,1,0,'2022-10-29','2022-10-29',1369.96,1,1.00,NULL,NULL,'2023-01-05 15:25:09','2023-01-05 15:25:09',NULL),(341,7851,3,40719,40722,57,12,2,0,'2022-10-30','2022-10-30',8001.00,1,1.00,'Factura A N°: 9014-00009565',NULL,'2023-01-05 15:28:15','2023-01-05 15:28:15',NULL),(342,7851,21,40719,40722,57,12,1,0,'2022-10-30','2022-10-30',8001.00,1,1.00,NULL,NULL,'2023-01-05 15:30:03','2023-01-05 15:30:03',NULL),(343,7851,3,40719,40730,57,13,2,1,'2022-11-26','2022-11-26',1800.05,1,1.00,'Factura A N°: 0017-00022502',NULL,'2023-01-05 15:42:20','2023-04-01 19:43:03',NULL);
INSERT INTO `cta_cte_cliente` VALUES (344,7851,3,40719,40730,57,13,2,1,'2022-11-05','2022-11-05',1999.99,1,1.00,'Factura A N°: 0017-00021689',NULL,'2023-01-05 15:43:43','2023-04-01 19:43:03',NULL),(345,7851,3,40719,40730,57,13,2,0,'2022-11-05','2022-11-05',12701.10,1,1.00,'Factura A N°: 0017-00021674',NULL,'2023-01-05 17:51:10','2023-01-05 17:51:10',NULL),(346,7851,21,40719,40730,57,13,1,0,'2022-11-05','2022-11-05',12701.10,1,1.00,NULL,NULL,'2023-01-05 17:51:41','2023-01-05 17:51:41',NULL),(347,7851,3,40719,40730,57,13,2,0,'2022-11-05','2022-11-05',1500.00,1,1.00,'Factura A N°: 0019-00005856',NULL,'2023-01-05 17:52:38','2023-01-05 17:52:38',NULL),(348,7851,21,40719,40730,57,13,1,0,'2022-11-05','2022-11-05',1500.00,1,1.00,NULL,NULL,'2023-01-05 17:53:28','2023-01-05 17:53:28',NULL),(349,7851,3,40719,40728,57,13,2,0,'2022-11-15','2022-11-15',13901.30,1,1.00,'Factura A N°: 0010-00176955',NULL,'2023-01-05 17:55:29','2023-01-05 17:55:29',NULL),(350,7851,21,40719,40728,57,13,1,0,'2022-11-15','2022-11-15',13901.30,1,1.00,NULL,NULL,'2023-01-05 17:56:01','2023-01-05 17:56:01',NULL),(351,7851,3,40719,40728,57,13,2,0,'2022-11-14','2022-11-14',4999.99,1,1.00,'Factura A N°: 0010-00176895',NULL,'2023-01-05 17:58:02','2023-01-05 17:58:02',NULL),(352,7851,21,40719,40728,57,13,1,0,'2022-11-14','2022-11-14',4999.99,1,1.00,NULL,NULL,'2023-01-05 17:58:30','2023-01-05 17:58:30',NULL),(353,7851,3,40719,40728,57,13,2,0,'2022-11-10','2022-11-10',19000.01,1,1.00,'Factura A N°: 0010-00176664',NULL,'2023-01-05 17:59:57','2023-01-05 17:59:57',NULL),(354,7851,21,40719,40728,57,13,1,0,'2022-11-10','2022-11-10',19000.01,1,1.00,NULL,NULL,'2023-01-05 18:00:35','2023-01-05 18:00:35',NULL),(355,7851,3,40719,40752,57,13,2,0,'2022-11-02','2022-11-02',6201.06,1,1.00,'Factura A N°: 0025-00095913',NULL,'2023-01-05 18:04:22','2023-01-05 18:04:22',NULL),(356,7851,3,40719,40753,57,13,2,0,'2022-11-14','2022-11-14',24600.00,1,1.00,'Factura A N°: 0003-00007009',NULL,'2023-01-05 18:08:08','2023-01-05 18:08:08',NULL),(357,7851,3,40719,40753,57,13,2,0,'2022-11-14','2022-11-14',11639.99,1,1.00,'Factura A N°: 0003-00007010',NULL,'2023-01-05 18:08:33','2023-01-05 18:08:33',NULL),(358,7851,21,40719,40753,57,13,1,0,'2022-11-14','2022-11-14',36239.99,1,1.00,NULL,NULL,'2023-01-05 18:09:41','2023-01-05 18:09:41',NULL),(359,7851,3,40719,40730,57,13,2,0,'2022-11-21','2022-11-21',7302.76,1,1.00,'Factura A N°: 0019-00006363',NULL,'2023-01-05 18:11:40','2023-01-05 18:11:40',NULL),(360,7851,21,40719,40730,57,13,1,0,'2022-11-22','2022-11-22',7302.76,1,1.00,NULL,NULL,'2023-01-05 18:12:07','2023-01-05 18:12:07',NULL),(361,7851,3,40719,40754,57,13,2,0,'2022-11-28','2022-11-28',1900.00,1,1.00,'Factura A N°: 0011-00023286',NULL,'2023-01-05 18:44:52','2023-01-05 18:44:52',NULL),(362,7851,21,40719,40754,57,13,1,0,'2022-11-28','2022-11-28',1900.00,1,1.00,NULL,NULL,'2023-01-05 18:45:27','2023-01-05 18:45:27',NULL),(363,7851,3,40719,40755,57,13,2,0,'2022-11-28','2022-11-28',1500.00,1,1.00,'Factura A N°: 0010-00000472',NULL,'2023-01-05 18:50:30','2023-01-05 18:50:30',NULL),(364,7851,21,40719,40755,57,13,1,0,'2022-11-28','2022-11-28',1500.00,1,1.00,NULL,NULL,'2023-01-05 18:51:07','2023-01-05 18:51:07',NULL),(365,7851,3,40719,40728,57,13,2,0,'2022-11-23','2022-11-23',18800.00,1,1.00,'Factura A N°: 0010-00177402',NULL,'2023-01-05 18:52:41','2023-01-05 18:52:41',NULL),(366,7851,21,40719,40728,57,13,1,0,'2022-11-23','2022-11-23',18800.00,1,1.00,NULL,NULL,'2023-01-05 18:53:12','2023-01-05 18:53:12',NULL),(367,7851,3,40719,40733,57,13,2,1,'2022-11-25','2022-11-25',1500.02,1,1.00,'Factura A N°: 0017-00019194',NULL,'2023-01-05 18:53:52','2023-06-01 23:08:13',NULL),(368,7851,21,40719,40733,57,13,1,0,'2022-11-25','2022-11-25',1500.00,1,1.00,NULL,NULL,'2023-01-05 18:55:25','2023-01-05 18:55:25',NULL),(369,7851,3,40719,40730,57,13,2,0,'2022-11-18','2022-11-18',4000.00,1,1.00,'Factura A N°: 0019-00006281',NULL,'2023-01-05 18:55:59','2023-01-05 18:55:59',NULL);
INSERT INTO `cta_cte_cliente` VALUES (370,7851,21,40719,40730,57,13,1,0,'2022-11-18','2022-11-18',4000.00,1,1.00,NULL,NULL,'2023-01-05 18:56:41','2023-01-05 18:56:41',NULL),(371,7851,3,40719,40734,57,11,2,0,'2022-01-04','2022-01-04',212.00,1,1.00,'Factura A N°: 0013-00139501',NULL,'2023-01-05 20:47:01','2023-01-05 20:47:01',NULL),(372,7851,3,40719,40734,57,11,2,0,'2022-09-26','2022-09-26',268.00,1,1.00,'Factura A N°: 0013-00039501',NULL,'2023-01-05 20:49:26','2023-01-05 20:49:46','2023-01-05 20:49:46'),(373,7851,3,40719,40734,57,11,2,0,'2022-09-26','2022-09-26',268.00,1,1.00,'Factura A N°: 0013-00039501',NULL,'2023-01-05 20:49:46','2023-01-05 20:49:46',NULL),(374,7851,3,40719,40734,57,11,2,0,'2022-09-26','2022-09-26',19436.00,1,1.00,'Factura A N°: 0013-00828192',NULL,'2023-01-05 20:53:18','2023-01-05 20:58:28','2023-01-05 20:58:28'),(375,7851,3,40719,40734,57,11,2,0,'2022-09-26','2022-09-26',19436.00,1,1.00,'Factura A N°: 0013-00828192',NULL,'2023-01-05 20:58:28','2023-01-05 20:58:28',NULL),(376,7851,21,40719,40728,57,14,1,0,'2022-12-14','2022-12-14',10000.01,1,1.00,NULL,NULL,'2023-01-07 17:31:15','2023-01-07 17:31:15',NULL),(377,7851,3,40719,40730,57,3053,2,1,'2020-08-30','2020-08-30',1000.01,1,1.00,'Factura A N°: 0012-00052877',NULL,'2023-01-07 17:51:18','2023-04-01 19:43:03',NULL),(378,7851,20,40719,40731,13,14,2,0,'2022-12-06','2022-12-06',2064174.00,1,1.00,NULL,NULL,'2023-01-09 16:35:22','2023-01-09 16:35:22',NULL),(379,7851,2,40719,40731,13,18,1,0,'2023-01-04','2023-01-04',982940.00,1,1.00,'Factura A N°: 0003-00000046',NULL,'2023-01-09 16:38:21','2023-01-09 16:38:21',NULL),(380,7851,21,40719,40731,57,3,1,0,'2023-01-04','2023-01-04',982940.00,1,1.00,NULL,NULL,'2023-01-09 17:20:27','2023-01-09 17:22:11','2023-01-09 17:22:11'),(381,7851,20,40719,40731,13,18,2,0,'2023-01-09','2023-01-09',982940.00,1,1.00,NULL,NULL,'2023-01-09 17:24:34','2023-01-09 17:24:34',NULL),(382,7851,3,40719,40734,57,18,2,0,'2022-12-05','2022-12-05',25419.99,1,1.00,'Factura A N°: 13001-00828192',NULL,'2023-01-13 21:09:13','2023-01-31 18:40:09','2023-01-31 18:40:09'),(383,7851,2,40719,40756,13,14,1,0,'2022-12-29','2022-12-29',115.63,1,1.00,'Factura A N°: 0001-00000678',NULL,'2023-01-14 20:12:35','2023-01-14 20:13:52','2023-01-14 20:13:52'),(384,7851,3,40719,40756,57,14,2,1,'2022-12-30','2022-12-30',115.63,1,1.00,'Factura A N°: 0001-00000678',NULL,'2023-01-14 20:14:32','2023-04-01 19:43:44',NULL),(385,7851,3,40719,40729,57,18,2,0,'2023-01-03','2023-01-03',2085.80,1,1.00,'Factura A N°: 0002-00021048',NULL,'2023-01-14 21:50:01','2023-01-14 21:50:01',NULL),(386,7851,3,40719,40722,57,18,2,0,'2023-01-08','2023-01-08',8800.70,1,1.00,'Factura A N°: 8966-00004772',NULL,'2023-01-14 21:50:01','2023-01-14 21:51:09','2023-01-14 21:51:09'),(387,7851,3,40719,40760,57,18,2,0,'2023-01-11','2023-01-11',4250.00,1,1.00,'Factura A N°: 0006-00006730',NULL,'2023-01-14 21:50:01','2023-01-14 21:50:01',NULL),(388,7851,3,40719,40722,57,18,2,0,'2023-01-08','2023-01-08',8800.69,1,1.00,'Factura A N°: 8966-00004772',NULL,'2023-01-14 21:51:09','2023-01-14 21:51:09',NULL),(389,7851,21,40719,40760,57,18,1,0,'2023-01-12','2023-01-12',4250.00,1,1.00,NULL,NULL,'2023-01-14 22:06:41','2023-01-14 22:06:41',NULL),(390,7851,21,40719,40729,57,18,1,0,'2023-01-14','2023-01-14',2085.80,1,1.00,NULL,NULL,'2023-01-14 22:09:14','2023-01-14 22:09:14',NULL),(391,7851,21,40719,40722,57,18,1,0,'2023-01-10','2023-01-10',8800.69,1,1.00,NULL,NULL,'2023-01-14 22:10:21','2023-01-14 22:10:21',NULL),(392,7851,3,40719,40742,57,18,2,0,'2023-01-14','2023-01-14',1629.77,1,1.00,'Factura A N°: 1083-00010817',NULL,'2023-01-27 18:21:09','2023-01-30 13:32:21','2023-01-30 13:32:21'),(393,7851,3,40719,40726,57,18,2,0,'2023-01-14','2023-01-14',16752.22,1,1.00,'Factura A N°: 2467-00805154',NULL,'2023-01-27 18:21:09','2023-01-28 13:20:55','2023-01-28 13:20:55'),(394,7851,3,40719,40761,57,18,2,1,'2023-01-19','2023-01-19',498.90,1,1.00,'Factura A N°: 0037-02304997',NULL,'2023-01-27 18:21:10','2023-06-06 00:33:49',NULL);
INSERT INTO `cta_cte_cliente` VALUES (395,7851,3,40719,40771,57,18,2,0,'2023-01-23','2023-01-23',21864.99,1,1.00,'Factura A N°: 0004-00000054',NULL,'2023-01-27 18:21:10','2023-01-27 18:21:10',NULL),(396,7851,3,40719,40772,57,18,2,0,'2023-01-27','2023-01-27',4289.99,1,1.00,'Factura A N°: 0001-00000989',NULL,'2023-01-27 18:21:10','2023-01-27 18:21:10',NULL),(397,7851,3,40719,40773,57,18,2,0,'2023-01-27','2023-01-27',27899.00,1,1.00,'Factura B N°: 0031-01285437',NULL,'2023-01-27 18:21:10','2023-01-31 18:00:49','2023-01-31 18:00:49'),(398,7851,3,40719,40774,57,18,2,1,'2023-01-27','2023-01-27',4232.92,1,1.00,'Factura A N°: 0002-00004431',NULL,'2023-01-27 18:21:10','2023-04-01 18:57:25',NULL),(399,7851,3,40719,40730,57,18,2,0,'2023-01-13','2023-01-13',7401.06,1,1.00,'Factura A N°: 0017-00023966',NULL,'2023-01-27 18:31:35','2023-01-27 18:33:34','2023-01-27 18:33:34'),(400,7851,3,40719,40730,57,18,2,0,'2023-01-13','2023-01-13',7401.06,1,1.00,'Factura A N°: 0017-00023966',NULL,'2023-01-27 18:33:34','2023-01-27 18:33:34',NULL),(401,7851,3,40719,40730,57,18,2,0,'2022-12-31','2022-12-31',2500.01,1,1.00,'Factura A N°: 0019-00007758',NULL,'2023-01-27 18:37:49','2023-01-27 18:41:51','2023-01-27 18:41:51'),(402,7851,3,40719,40730,57,18,2,0,'2023-01-17','2023-01-17',3000.09,1,1.00,'Factura A N°: 0019-00024058',NULL,'2023-01-27 18:39:03','2023-01-27 18:41:31','2023-01-27 18:41:31'),(403,7851,3,40719,40730,57,18,2,0,'2023-01-09','2023-01-09',3499.99,1,1.00,'Factura A N°: 0017-00023796',NULL,'2023-01-27 18:40:09','2023-01-27 18:41:20','2023-01-27 18:41:20'),(404,7851,3,40719,40730,57,18,2,1,'2023-01-05','2023-01-05',10000.00,1,1.00,'Factura A N°: 0017-00023662',NULL,'2023-01-27 18:41:05','2023-04-01 19:43:03',NULL),(405,7851,3,40719,40730,57,18,2,1,'2023-01-09','2023-01-09',3499.99,1,1.00,'Factura A N°: 0017-00023796',NULL,'2023-01-27 18:41:20','2023-04-01 19:43:03',NULL),(406,7851,3,40719,40730,57,18,2,1,'2023-01-17','2023-01-17',3000.09,1,1.00,'Factura A N°: 0019-00024058',NULL,'2023-01-27 18:41:31','2023-04-01 19:43:03',NULL),(407,7851,3,40719,40730,57,18,2,1,'2022-12-31','2022-12-31',2500.01,1,1.00,'Factura A N°: 0019-00007758',NULL,'2023-01-27 18:41:51','2023-04-01 19:43:03',NULL),(408,7851,3,40719,40730,57,18,2,1,'2023-01-04','2023-01-04',2500.00,1,1.00,'Factura A N°: 0019-00007900',NULL,'2023-01-27 18:43:20','2023-04-01 19:43:03',NULL),(409,7851,3,40719,40733,57,18,2,0,'2023-01-04','2023-01-04',2000.00,1,1.00,'Factura A N°: 0013-00019360',NULL,'2023-01-27 18:45:44','2023-01-27 18:45:44',NULL),(410,7851,3,40719,40734,57,18,2,0,'2023-01-05','2023-01-05',25419.99,1,1.00,'Factura A N°: 0013-00869482',NULL,'2023-01-27 18:46:48','2023-01-27 18:48:17','2023-01-27 18:48:17'),(411,7851,3,40719,40734,57,18,2,0,'2023-01-05','2023-01-05',264.00,1,1.00,'Factura A N°: 0013-00045078',NULL,'2023-01-27 18:48:07','2023-01-27 18:48:07',NULL),(412,7851,3,40719,40734,57,18,2,0,'2023-01-05','2023-01-05',25419.99,1,1.00,'Factura A N°: 0013-00869482',NULL,'2023-01-27 18:48:17','2023-01-27 18:48:17',NULL),(413,7851,3,40719,40726,57,18,2,0,'2023-01-14','2023-01-14',16752.22,1,1.00,'Factura A N°: 2467-00805154',NULL,'2023-01-28 13:20:55','2023-01-30 13:32:04','2023-01-30 13:32:04'),(414,7851,3,40719,40756,57,18,2,0,'2023-01-28','2023-01-28',5613.14,1,1.00,'Factura A N°: 0001-00000987',NULL,'2023-01-28 16:36:44','2023-01-28 16:38:07','2023-01-28 16:38:07'),(415,7851,3,40719,40756,57,18,2,1,'2023-01-28','2023-01-28',4798.44,1,1.00,'Factura A N°: 0002-00202301',NULL,'2023-01-28 16:37:56','2023-04-01 19:43:44',NULL),(416,7851,3,40719,40756,57,18,2,1,'2023-01-28','2023-01-28',5613.14,1,1.00,'Factura A N°: 0001-00202301',NULL,'2023-01-28 16:38:07','2023-04-01 19:43:44',NULL),(417,7851,3,40719,40722,57,18,2,0,'2023-01-27','2023-01-27',9801.61,1,1.00,'Factura A N°: 9014-00011217',NULL,'2023-01-28 16:52:26','2023-01-28 16:53:11','2023-01-28 16:53:11'),(418,7851,3,40719,40775,57,18,2,0,'2023-01-28','2023-01-28',8799.99,1,1.00,'Factura A N°: 0013-00002523',NULL,'2023-01-28 16:52:26','2023-01-28 16:52:26',NULL);
INSERT INTO `cta_cte_cliente` VALUES (419,7851,3,40719,40722,57,18,2,0,'2023-01-27','2023-01-27',9801.61,1,1.00,'Factura A N°: 9014-00011217',NULL,'2023-01-28 16:53:11','2023-01-28 16:53:11',NULL),(420,7851,3,40719,40756,57,18,2,1,'2023-01-28','2023-01-28',125.61,1,1.00,'Factura A N°: 0001-00202101',NULL,'2023-01-28 17:13:22','2023-04-01 19:43:44',NULL),(421,7851,21,40719,40722,57,18,1,0,'2023-01-27','2023-01-27',9801.61,1,1.00,NULL,NULL,'2023-01-28 18:11:19','2023-01-28 18:11:19',NULL),(422,7851,21,40719,40756,57,18,1,0,'2023-01-01','2023-01-01',1449.99,1,1.00,NULL,NULL,'2023-01-30 13:23:37','2023-01-30 13:23:37',NULL),(423,7851,3,40719,40726,57,18,2,0,'2023-01-14','2023-01-14',16752.22,1,1.00,'Factura A N°: 2467-00805154',NULL,'2023-01-30 13:32:04','2023-01-30 13:32:04',NULL),(424,7851,3,40719,40742,57,18,2,0,'2023-01-14','2023-01-14',1629.77,1,1.00,'Factura A N°: 1083-00010817',NULL,'2023-01-30 13:32:21','2023-01-30 13:32:21',NULL),(425,7851,21,40719,40726,57,18,1,0,'2023-01-24','2023-01-24',16752.22,1,1.00,NULL,NULL,'2023-01-30 13:33:58','2023-01-30 13:33:58',NULL),(426,7851,21,40719,40742,57,18,1,0,'2023-01-24','2023-01-24',1629.77,1,1.00,NULL,NULL,'2023-01-30 13:34:36','2023-01-30 13:34:36',NULL),(427,7851,21,40719,40726,57,14,1,0,'2022-12-27','2022-12-27',12873.41,1,1.00,NULL,NULL,'2023-01-30 14:33:56','2023-01-30 14:36:58','2023-01-30 14:36:58'),(428,7851,3,40719,40726,57,14,2,0,'2022-12-14','2022-12-14',12873.41,1,1.00,'Factura A N°: 2467-00783923',NULL,'2023-01-30 15:02:54','2023-01-30 15:02:54',NULL),(429,7851,21,40719,40726,57,14,1,0,'2022-12-27','2022-12-27',12873.41,1,1.00,NULL,NULL,'2023-01-30 15:11:59','2023-01-30 15:11:59',NULL),(430,7851,20,40719,40736,13,14,2,0,'2022-12-02','2022-12-02',7780.00,1,1.00,NULL,NULL,'2023-01-30 23:18:05','2023-02-01 01:05:15','2023-02-01 01:05:15'),(431,7851,21,40719,40752,57,13,1,0,'2022-11-02','2022-11-02',6201.06,1,1.00,NULL,NULL,'2023-01-31 02:55:46','2023-01-31 02:55:46',NULL),(432,7851,3,40719,40773,57,18,1,0,'2023-01-30','2023-01-30',27899.00,1,1.00,'Nota de crédito B N°: 0031-00074540',NULL,'2023-01-31 17:58:40','2023-01-31 18:00:13','2023-01-31 18:00:13'),(433,7851,3,40719,40773,57,18,2,0,'2023-01-30','2023-01-30',27899.00,1,1.00,'Factura A N°: 0031-00184640',NULL,'2023-01-31 17:58:40','2023-01-31 18:00:24','2023-01-31 18:00:24'),(434,7851,3,40719,40726,57,18,2,0,'2023-01-31','2023-01-31',51999.00,1,1.00,'Factura A N°: 3065-00019977',NULL,'2023-01-31 17:58:40','2023-01-31 18:01:21','2023-01-31 18:01:21'),(435,7851,3,40719,40717,57,18,2,0,'2023-01-31','2023-01-31',4500.00,1,1.00,'Factura A N°: 0002-00000415',NULL,'2023-01-31 17:58:40','2023-01-31 18:01:09','2023-01-31 18:01:09'),(436,7851,3,40719,40776,57,18,2,0,'2023-01-31','2023-01-31',6573.00,1,1.00,'Factura A N°: 0008-00000713',NULL,'2023-01-31 17:58:40','2023-01-31 18:01:33','2023-01-31 18:01:33'),(437,7851,3,40719,40773,57,18,1,0,'2023-01-30','2023-01-30',27899.00,1,1.00,'Nota de crédito B N°: 0031-00074540',NULL,'2023-01-31 18:00:13','2023-01-31 18:28:11','2023-01-31 18:28:11'),(438,7851,3,40719,40773,57,18,2,0,'2023-01-30','2023-01-30',27899.00,1,1.00,'Factura A N°: 0031-00184640',NULL,'2023-01-31 18:00:24','2023-01-31 18:27:57','2023-01-31 18:27:57'),(439,7851,3,40719,40773,57,18,2,0,'2023-01-27','2023-01-27',27899.00,1,1.00,'Factura B N°: 0031-01285437',NULL,'2023-01-31 18:00:49','2023-01-31 18:31:40','2023-01-31 18:31:40'),(440,7851,3,40719,40717,57,18,2,0,'2023-01-31','2023-01-31',4500.00,1,1.00,'Factura A N°: 0002-00000415',NULL,'2023-01-31 18:01:09','2023-01-31 18:01:09',NULL),(441,7851,3,40719,40726,57,18,2,0,'2023-01-31','2023-01-31',51999.00,1,1.00,'Factura A N°: 3065-00019977',NULL,'2023-01-31 18:01:21','2023-01-31 18:26:38','2023-01-31 18:26:38'),(442,7851,3,40719,40776,57,18,2,0,'2023-01-31','2023-01-31',6573.00,1,1.00,'Factura A N°: 0008-00000713',NULL,'2023-01-31 18:01:33','2023-01-31 18:01:33',NULL);
INSERT INTO `cta_cte_cliente` VALUES (443,7851,3,40719,40726,57,18,2,0,'2023-01-31','2023-01-31',51999.00,1,1.00,'Factura A N°: 3065-00019977',NULL,'2023-01-31 18:26:38','2023-01-31 18:26:38',NULL),(444,7851,3,40719,40773,57,18,2,0,'2023-01-30','2023-01-30',27899.00,1,1.00,'Factura A N°: 0031-00184640',NULL,'2023-01-31 18:27:57','2023-01-31 18:27:57',NULL),(445,7851,3,40719,40773,57,18,1,0,'2023-01-30','2023-01-30',27899.00,1,1.00,'Nota de crédito B N°: 0031-00074540',NULL,'2023-01-31 18:28:11','2023-01-31 18:28:11',NULL),(446,7851,3,40719,40773,57,18,2,0,'2023-01-27','2023-01-27',27899.00,1,1.00,'Factura B N°: 0031-01285437',NULL,'2023-01-31 18:31:40','2023-01-31 18:31:40',NULL),(447,7851,21,40719,40736,57,14,1,0,'2022-12-02','2022-12-02',7780.00,1,1.00,NULL,NULL,'2023-02-01 01:06:37','2023-02-01 01:06:37',NULL),(448,7851,3,40719,40728,57,18,2,0,'2023-01-20','2023-01-20',1500.00,1,1.00,'Factura A N°: 0010-00180630',NULL,'2023-02-07 20:06:19','2023-02-07 20:06:19',NULL),(449,7851,3,40719,40728,57,18,2,0,'2023-01-19','2023-01-19',3900.00,1,1.00,'Factura A N°: 0010-00180559',NULL,'2023-02-07 20:06:49','2023-02-07 20:06:49',NULL),(450,7851,3,40719,40733,57,19,2,0,'2023-02-06','2023-02-06',3000.00,1,1.00,'Factura A N°: 0017-00024691',NULL,'2023-02-07 20:07:34','2023-02-07 20:12:17','2023-02-07 20:12:17'),(451,7851,3,40719,40733,57,18,2,0,'2023-01-28','2023-01-28',2499.99,1,1.00,'Factura A N°: 0017-00024024',NULL,'2023-02-07 20:08:10','2023-02-07 20:08:10',NULL),(452,7851,3,40719,40733,57,18,2,0,'2023-01-23','2023-01-23',1999.93,1,1.00,'Factura A N°: 0017-00023639',NULL,'2023-02-07 20:09:08','2023-02-07 20:09:08',NULL),(453,7851,3,40719,40730,57,18,2,0,'2023-01-28','2023-01-28',2000.00,1,1.00,'Factura A N°: 0017-00024442',NULL,'2023-02-07 20:10:15','2023-02-07 20:10:15',NULL),(454,7851,3,40719,40730,57,18,2,0,'2023-01-04','2023-01-04',3000.09,1,1.00,'Factura A N°: 0017-00024692',NULL,'2023-02-07 20:11:40','2023-02-07 20:11:40',NULL),(455,7851,3,40719,40733,57,18,2,0,'2023-01-06','2023-01-06',3000.00,1,1.00,'Factura A N°: 0017-00024691',NULL,'2023-02-07 20:12:17','2023-02-07 20:12:17',NULL),(456,7851,3,40719,40777,57,18,2,0,'2023-01-14','2023-01-14',2501.97,1,1.00,'Factura A N°: 0017-00029817',NULL,'2023-02-07 20:14:40','2023-02-07 20:14:40',NULL),(457,7851,2,40719,40778,13,18,1,1,'2023-01-19','2023-01-19',8000.00,1,1.00,'Factura A N°: 0003-00000047',NULL,'2023-02-10 18:45:24','2023-04-01 18:47:08',NULL),(458,7851,2,40719,40778,13,18,1,1,'2023-01-19','2023-01-19',8000.00,1,1.00,'Factura A N°: 0003-00000048',NULL,'2023-02-10 18:46:03','2023-04-01 18:47:08',NULL),(459,7851,21,40719,40777,57,18,1,0,'2023-01-31','2023-01-31',2501.97,1,1.00,NULL,NULL,'2023-02-10 20:31:40','2023-02-12 23:22:58','2023-02-12 23:22:58'),(460,7851,20,40719,40730,13,18,2,0,'2023-01-31','2023-01-31',5000.09,1,1.00,NULL,NULL,'2023-02-10 20:34:08','2023-02-10 20:49:14','2023-02-10 20:49:14'),(461,7851,21,40719,40733,57,18,1,0,'2023-01-31','2023-01-31',7499.92,1,1.00,NULL,NULL,'2023-02-10 20:35:18','2023-02-10 20:35:18',NULL),(462,7851,21,40719,40728,57,18,1,0,'2023-01-31','2023-01-31',5400.00,1,1.00,NULL,NULL,'2023-02-10 20:36:11','2023-02-10 20:36:11',NULL),(463,7851,21,40719,40776,57,18,1,0,'2023-01-27','2023-01-27',6573.00,1,1.00,NULL,NULL,'2023-02-10 20:42:35','2023-02-10 20:42:35',NULL),(464,7851,21,40719,40717,57,18,1,0,'2023-01-31','2023-01-31',4500.00,1,1.00,NULL,NULL,'2023-02-10 20:43:17','2023-02-10 20:43:17',NULL),(465,7851,21,40719,40726,57,18,1,0,'2023-01-31','2023-01-31',51999.00,1,1.00,NULL,NULL,'2023-02-10 20:46:34','2023-02-10 20:46:34',NULL),(466,7851,21,40719,40773,57,18,1,0,'2023-01-27','2023-01-27',55798.00,1,1.00,NULL,NULL,'2023-02-10 20:49:02','2023-02-10 20:49:02',NULL),(467,7851,21,40719,40730,57,18,1,0,'2023-01-31','2023-01-31',5000.09,1,1.00,NULL,NULL,'2023-02-10 20:49:53','2023-02-10 20:49:53',NULL),(468,7851,20,40719,40773,13,18,2,0,'2023-01-27','2023-01-27',27899.00,1,1.00,NULL,NULL,'2023-02-10 20:50:53','2023-02-10 20:50:53',NULL);
INSERT INTO `cta_cte_cliente` VALUES (469,7851,21,40719,40775,57,18,1,0,'2023-01-31','2023-01-31',8799.99,1,1.00,NULL,NULL,'2023-02-10 20:53:51','2023-02-10 20:53:51',NULL),(470,7851,21,40719,40722,57,18,1,0,'2023-01-04','2023-01-04',25419.99,1,1.00,NULL,NULL,'2023-02-10 20:58:02','2023-02-10 20:58:13','2023-02-10 20:58:13'),(471,7851,21,40719,40733,57,18,1,0,'2023-01-05','2023-01-05',2000.00,1,1.00,NULL,NULL,'2023-02-10 21:01:08','2023-02-10 21:01:08',NULL),(472,7851,21,40719,40730,57,18,1,0,'2023-02-01','2023-02-01',28901.15,1,1.00,NULL,NULL,'2023-02-10 21:05:04','2023-03-03 11:43:07','2023-03-03 11:43:07'),(473,7851,21,40719,40772,57,18,1,0,'2023-01-28','2023-01-28',4289.99,1,1.00,NULL,NULL,'2023-02-10 21:05:43','2023-02-10 21:05:43',NULL),(474,7851,21,40719,40771,57,18,1,0,'2023-01-24','2023-01-24',21864.99,1,1.00,NULL,NULL,'2023-02-10 21:07:37','2023-02-10 21:07:37',NULL),(475,7851,21,40719,40777,57,18,1,0,'2023-02-01','2023-02-01',2501.97,1,1.00,NULL,NULL,'2023-02-12 23:23:23','2023-02-12 23:23:23',NULL),(476,7851,3,40719,40729,57,19,2,0,'2023-02-02','2023-02-02',2085.80,1,1.00,'Factura A N°: 0002-00021636',NULL,'2023-02-17 18:39:55','2023-02-17 18:39:55',NULL),(477,7851,3,40719,40779,57,19,2,0,'2023-02-02','2023-02-02',999.99,1,1.00,'Factura A N°: 0004-00008971',NULL,'2023-02-17 18:39:55','2023-02-17 18:39:55',NULL),(478,7851,3,40719,40749,57,19,2,0,'2023-02-07','2023-02-07',7500.00,1,1.00,'Factura A N°: 0003-00001157',NULL,'2023-02-17 18:39:55','2023-02-17 18:39:55',NULL),(479,7851,3,40719,40780,57,19,2,0,'2023-02-10','2023-02-10',11375.00,1,1.00,'Factura A N°: 0003-00017953',NULL,'2023-02-17 18:39:55','2023-02-17 18:39:55',NULL),(480,7851,3,40719,40722,57,19,2,0,'2023-02-12','2023-02-12',9228.19,1,1.00,'Factura A N°: 9014-00011696',NULL,'2023-02-17 18:39:55','2023-03-03 12:54:25','2023-03-03 12:54:25'),(481,7851,3,40719,40742,57,19,2,0,'2023-02-14','2023-02-14',1785.57,1,1.00,'Factura A N°: 1083-00011631',NULL,'2023-02-17 18:39:55','2023-02-17 18:39:55',NULL),(482,7851,3,40719,40726,57,19,2,0,'2023-02-14','2023-02-14',15077.78,1,1.00,'Factura A N°: 2467-00825971',NULL,'2023-02-17 18:39:55','2023-03-12 18:35:42','2023-03-12 18:35:42'),(483,7851,3,40719,40722,57,19,2,0,'2023-02-17','2023-02-17',2003.91,1,1.00,'Factura A N°: 9010-00013159',NULL,'2023-02-17 18:39:55','2023-03-03 12:53:46','2023-03-03 12:53:46'),(484,7851,21,40719,40779,57,18,1,0,'2023-01-27','2023-01-27',999.99,1,1.00,NULL,NULL,'2023-02-17 18:47:16','2023-02-17 18:47:16',NULL),(485,7851,21,40719,40729,57,19,1,0,'2023-02-14','2023-02-14',2085.80,1,1.00,NULL,NULL,'2023-02-17 18:48:57','2023-02-17 18:48:57',NULL),(486,7851,21,40719,40749,57,19,1,0,'2023-02-07','2023-02-07',7500.00,1,1.00,NULL,NULL,'2023-02-17 19:05:40','2023-03-18 20:49:21','2023-03-18 20:49:21'),(487,7851,21,40719,40780,57,19,1,0,'2023-02-11','2023-02-11',11375.00,1,1.00,NULL,NULL,'2023-02-17 22:07:11','2023-02-17 22:07:11',NULL),(488,7851,3,40719,40730,57,19,2,0,'2023-02-10','2023-02-10',21999.95,1,1.00,'Factura A N°: 0017-00024952',NULL,'2023-02-17 23:07:37','2023-02-17 23:07:37',NULL),(489,7851,3,40719,40730,57,19,2,0,'2023-02-15','2023-02-15',6300.53,1,1.00,'Factura A N°: 0017-00025137',NULL,'2023-02-17 23:12:51','2023-02-17 23:12:51',NULL),(490,7851,21,40719,40730,57,19,1,0,'2023-02-11','2023-02-11',21999.95,1,1.00,NULL,NULL,'2023-02-17 23:13:40','2023-02-17 23:13:40',NULL),(491,7851,20,40719,40730,13,19,2,0,'2023-02-16','2023-02-16',6300.53,1,1.00,NULL,NULL,'2023-02-17 23:15:33','2023-02-17 23:26:46','2023-02-17 23:26:46'),(492,7851,21,40719,40730,57,19,1,0,'2023-02-16','2023-02-16',6300.53,1,1.00,NULL,NULL,'2023-02-17 23:27:29','2023-02-17 23:27:29',NULL),(493,7851,3,40719,40761,57,19,2,1,'2023-02-18','2023-02-18',498.90,1,1.00,'Factura A N°: 0037-02723060',NULL,'2023-02-21 18:44:32','2023-06-06 00:33:49',NULL),(494,7851,21,40719,40761,57,19,1,0,'2023-02-18','2023-02-18',498.90,1,1.00,NULL,NULL,'2023-02-21 18:46:45','2023-06-06 00:30:30','2023-06-06 00:30:30');
INSERT INTO `cta_cte_cliente` VALUES (495,7851,21,40719,40761,57,18,1,0,'2023-01-19','2023-01-19',498.90,1,1.00,NULL,NULL,'2023-02-21 18:54:19','2023-06-06 00:30:42','2023-06-06 00:30:42'),(496,7851,21,40719,40742,57,19,1,0,'2023-02-23','2023-02-23',1785.57,1,1.00,NULL,NULL,'2023-02-23 11:06:31','2023-03-12 18:33:11','2023-03-12 18:33:11'),(497,7851,21,40719,40726,57,19,1,0,'2023-02-23','2023-02-23',15077.78,1,1.00,NULL,NULL,'2023-02-23 11:07:16','2023-03-12 18:33:03','2023-03-12 18:33:03'),(498,7851,21,40719,40730,57,18,1,0,'2023-01-13','2023-01-13',7401.06,1,1.00,NULL,NULL,'2023-03-03 11:43:49','2023-03-03 11:43:49',NULL),(499,7851,3,40719,40754,57,19,2,0,'2023-02-24','2023-02-24',3400.00,1,1.00,'Factura A N°: 0011-00024368',NULL,'2023-03-03 12:52:03','2023-03-07 22:55:25','2023-03-07 22:55:25'),(500,7851,3,40719,40783,57,19,2,0,'2023-02-28','2023-02-28',20000.01,1,1.00,'Factura A N°: 0001-00000031',NULL,'2023-03-03 12:52:03','2023-03-03 12:52:03',NULL),(501,7851,3,40719,40717,57,19,2,0,'2023-02-28','2023-02-28',4500.00,1,1.00,'Factura A N°: 0002-00000536',NULL,'2023-03-03 12:52:03','2023-03-03 12:52:03',NULL),(502,7851,3,40719,40722,57,19,2,0,'2023-02-17','2023-02-17',2003.90,1,1.00,'Factura A N°: 9010-00013159',NULL,'2023-03-03 12:53:46','2023-03-03 12:53:46',NULL),(503,7851,3,40719,40722,57,19,2,0,'2023-02-12','2023-02-12',9228.20,1,1.00,'Factura A N°: 9014-00011696',NULL,'2023-03-03 12:54:25','2023-03-03 12:54:25',NULL),(504,7851,3,40719,40733,57,19,2,0,'2023-02-13','2023-02-13',3000.00,1,1.00,'Factura A N°: 0017-00025226',NULL,'2023-03-03 18:22:39','2023-03-03 18:22:39',NULL),(505,7851,3,40719,40728,57,19,2,0,'2023-02-13','2023-02-13',2000.00,1,1.00,'Factura A N°: 0010-00182118',NULL,'2023-03-03 18:24:33','2023-03-03 18:24:33',NULL),(506,7851,3,40719,40728,57,19,2,0,'2023-02-13','2023-02-13',14000.00,1,1.00,'Factura A N°: 0010-00182514',NULL,'2023-03-03 18:31:07','2023-03-03 18:31:07',NULL),(507,7851,21,40719,40728,57,19,1,0,'2023-02-17','2023-02-17',14000.00,1,1.00,NULL,NULL,'2023-03-03 18:39:31','2023-03-03 18:39:31',NULL),(508,7851,21,40719,40728,57,19,1,0,'2023-02-13','2023-02-13',2000.00,1,1.00,NULL,NULL,'2023-03-03 18:40:59','2023-03-03 18:40:59',NULL),(509,7851,21,40719,40733,57,19,1,0,'2023-02-13','2023-02-13',3000.00,1,1.00,NULL,NULL,'2023-03-03 18:46:28','2023-03-03 18:46:28',NULL),(510,7851,21,40719,40722,57,19,1,0,'2023-02-12','2023-02-12',9228.20,1,1.00,NULL,NULL,'2023-03-03 18:51:03','2023-03-03 18:51:03',NULL),(511,7851,21,40719,40754,57,19,1,0,'2023-02-24','2023-02-24',3400.00,1,1.00,NULL,NULL,'2023-03-03 18:55:13','2023-03-07 22:54:43','2023-03-07 22:54:43'),(512,7851,21,40719,40783,57,19,1,0,'2023-02-28','2023-02-28',20000.01,1,1.00,NULL,NULL,'2023-03-03 18:58:39','2023-03-03 18:58:39',NULL),(513,7851,21,40719,40722,57,19,1,0,'2023-02-17','2023-02-17',2003.90,1,1.00,NULL,NULL,'2023-03-03 19:00:53','2023-03-03 19:00:53',NULL),(514,7851,2,40719,40731,13,20,1,1,'2023-03-01','2023-03-01',1568772.24,1,1.00,'Factura B N°: 0003-00000049',NULL,'2023-03-07 21:04:26','2023-04-10 16:27:56',NULL),(515,7851,2,40719,40778,13,20,1,1,'2023-03-02','2023-03-02',8000.00,1,1.00,'Factura B N°: 0003-00000050',NULL,'2023-03-07 21:04:26','2023-04-01 18:47:08',NULL),(516,7851,20,40719,40731,13,20,2,0,'2023-03-08','2023-03-08',1568772.24,1,1.00,NULL,NULL,'2023-03-07 21:08:54','2023-04-10 16:22:21','2023-04-10 16:22:21'),(517,7851,3,40719,40754,57,19,2,0,'2023-02-24','2023-02-24',3399.99,1,1.00,'Factura A N°: 0011-00024368',NULL,'2023-03-07 22:55:25','2023-03-07 22:55:25',NULL),(518,7851,21,40719,40754,57,19,1,0,'2023-03-01','2023-03-01',3399.99,1,1.00,NULL,NULL,'2023-03-07 22:56:03','2023-03-07 22:56:03',NULL),(519,7851,3,40719,40780,57,20,2,0,'2023-03-02','2023-03-02',34400.00,1,1.00,'Factura A N°: 0003-00018111',NULL,'2023-03-07 23:00:17','2023-04-01 19:22:45','2023-04-01 19:22:45'),(520,7851,3,40719,40729,57,20,2,0,'2023-03-02','2023-03-02',2085.80,1,1.00,'Factura A N°: 0002-00021909',NULL,'2023-03-07 23:00:17','2023-04-01 19:23:08','2023-04-01 19:23:08');
INSERT INTO `cta_cte_cliente` VALUES (521,7851,3,40719,40722,57,20,2,0,'2023-03-05','2023-03-05',10504.61,1,1.00,'Factura A N°: 9012-00012172',NULL,'2023-03-07 23:00:17','2023-03-07 23:00:50','2023-03-07 23:00:50'),(522,7851,3,40719,40722,57,20,2,0,'2023-03-07','2023-03-07',10700.40,1,1.00,'Factura A N°: 8966-00006219',NULL,'2023-03-07 23:00:17','2023-03-07 23:00:39','2023-03-07 23:00:39'),(523,7851,3,40719,40722,57,20,2,0,'2023-03-07','2023-03-07',10700.40,1,1.00,'Factura A N°: 8966-00006219',NULL,'2023-03-07 23:00:39','2023-04-01 19:24:20','2023-04-01 19:24:20'),(524,7851,3,40719,40722,57,20,2,0,'2023-03-05','2023-03-05',10504.60,1,1.00,'Factura A N°: 9012-00012172',NULL,'2023-03-07 23:00:50','2023-04-01 19:23:37','2023-04-01 19:23:37'),(525,7851,21,40719,40780,57,20,1,0,'2023-03-03','2023-03-03',34400.00,1,1.00,NULL,NULL,'2023-03-07 23:01:35','2023-04-01 19:11:39','2023-04-01 19:11:39'),(526,7851,3,40719,40728,57,19,2,0,'2023-02-27','2023-02-27',26001.00,1,1.00,'Factura A N°: 0010-00183091',NULL,'2023-03-10 10:38:19','2023-03-10 10:38:19',NULL),(527,7851,3,40719,40733,57,19,2,0,'2023-02-25','2023-02-25',2500.08,1,1.00,'Factura A N°: 0017-00026181',NULL,'2023-03-10 10:39:26','2023-03-10 10:39:26',NULL),(528,7851,3,40719,40733,57,19,2,0,'2023-02-27','2023-02-27',3000.01,1,1.00,'Factura A N°: 0017-00026341',NULL,'2023-03-10 10:39:53','2023-03-10 10:39:53',NULL),(529,7851,3,40719,40730,57,19,2,0,'2023-02-24','2023-02-24',1999.94,1,1.00,'Factura A N°: 0019-00009766',NULL,'2023-03-10 10:40:23','2023-03-10 11:59:59','2023-03-10 11:59:59'),(530,7851,3,40719,40730,57,19,2,0,'2023-02-18','2023-02-18',1000.08,1,1.00,'Factura A N°: 0019-00009527',NULL,'2023-03-10 10:40:56','2023-03-10 10:40:56',NULL),(531,7851,3,40719,40749,57,20,2,0,'2023-03-08','2023-03-08',10000.00,1,1.00,'Factura A N°: 0003-00001203',NULL,'2023-03-10 10:46:31','2023-04-01 19:24:49','2023-04-01 19:24:49'),(532,7851,3,40719,40725,57,20,2,0,'2023-03-08','2023-03-08',15100.00,1,1.00,'Factura A N°: 0005-00003357',NULL,'2023-03-10 10:46:31','2023-04-01 19:25:08','2023-04-01 19:25:08'),(533,7851,3,40719,40784,57,20,2,0,'2023-03-07','2023-03-07',10200.29,1,1.00,'Factura A N°: 0017-00049183',NULL,'2023-03-10 10:52:55','2023-03-10 10:52:55',NULL),(534,7851,3,40719,40730,57,20,2,0,'2023-03-08','2023-03-08',5000.59,1,1.00,'Factura A N°: 0017-00025858',NULL,'2023-03-10 10:54:17','2023-03-10 12:48:21','2023-03-10 12:48:21'),(535,7851,3,40719,40733,57,20,2,0,'2023-03-08','2023-03-08',8500.97,1,1.00,'Factura A N°: 0017-00027005',NULL,'2023-03-10 10:56:29','2023-03-10 10:56:29',NULL),(536,7851,3,40719,40733,57,20,2,0,'2023-03-06','2023-03-06',2000.06,1,1.00,'Factura A N°: 0017-00026952',NULL,'2023-03-10 10:57:07','2023-03-10 10:57:07',NULL),(537,7851,3,40719,40733,57,20,2,0,'2023-03-04','2023-03-04',3000.01,1,1.00,'Factura A N°: 0017-00026787',NULL,'2023-03-10 10:58:31','2023-03-10 10:58:31',NULL),(538,7851,3,40719,40728,57,20,2,0,'2023-03-04','2023-03-04',16309.99,1,1.00,'Factura A N°: 0010-00183376',NULL,'2023-03-10 10:59:26','2023-03-10 10:59:26',NULL),(539,7851,21,40719,40728,57,19,1,0,'2023-02-27','2023-02-27',26001.00,1,1.00,NULL,NULL,'2023-03-10 11:03:53','2023-03-10 11:03:53',NULL),(540,7851,21,40719,40729,57,20,1,0,'2023-03-01','2023-03-01',2085.80,1,1.00,NULL,NULL,'2023-03-10 11:05:20','2023-04-01 19:22:02','2023-04-01 19:22:02'),(541,7851,21,40719,40728,57,20,1,0,'2023-03-03','2023-03-03',16309.99,1,1.00,NULL,NULL,'2023-03-10 11:20:19','2023-03-10 11:20:19',NULL),(542,7851,21,40719,40733,57,19,1,0,'2023-02-25','2023-02-25',5500.09,1,1.00,NULL,NULL,'2023-03-10 11:54:29','2023-03-10 11:54:29',NULL),(543,7851,3,40719,40730,57,19,2,0,'2023-02-24','2023-02-24',1999.94,1,1.00,'Factura A N°: 0019-00009766',NULL,'2023-03-10 11:59:59','2023-03-10 11:59:59',NULL),(544,7851,21,40719,40730,57,19,1,0,'2023-02-24','2023-02-24',3000.02,1,1.00,NULL,NULL,'2023-03-10 12:02:32','2023-03-10 12:02:32',NULL);
INSERT INTO `cta_cte_cliente` VALUES (545,7851,21,40719,40717,57,19,1,0,'2023-02-28','2023-02-28',4500.00,1,1.00,NULL,NULL,'2023-03-10 12:05:08','2023-03-10 13:13:35','2023-03-10 13:13:35'),(546,7851,21,40719,40749,57,19,1,0,'2023-02-07','2023-02-07',7500.00,1,1.00,NULL,NULL,'2023-03-10 12:08:52','2023-03-10 12:08:52',NULL),(547,7851,3,40719,40730,57,20,2,0,'2023-03-08','2023-03-08',5000.59,1,1.00,'Factura A N°: 0017-00025858',NULL,'2023-03-10 12:48:21','2023-03-10 12:48:21',NULL),(548,7851,21,40719,40725,57,20,1,0,'2023-03-08','2023-03-08',15100.00,1,1.00,NULL,NULL,'2023-03-10 12:51:45','2023-04-01 19:21:11','2023-04-01 19:21:11'),(549,7851,21,40719,40733,57,20,1,0,'2023-03-07','2023-03-07',13501.04,1,1.00,NULL,NULL,'2023-03-10 12:54:40','2023-03-10 12:54:40',NULL),(550,7851,21,40719,40730,57,20,1,0,'2023-03-08','2023-03-08',5000.59,1,1.00,NULL,NULL,'2023-03-10 13:02:41','2023-03-10 13:02:41',NULL),(551,7851,21,40719,40722,57,20,1,0,'2023-03-05','2023-03-05',10504.60,1,1.00,NULL,NULL,'2023-03-10 13:05:06','2023-04-01 19:21:37','2023-04-01 19:21:37'),(552,7851,21,40719,40722,57,20,1,0,'2023-03-07','2023-03-07',10700.40,1,1.00,NULL,NULL,'2023-03-10 13:07:54','2023-04-01 19:21:49','2023-04-01 19:21:49'),(553,7851,21,40719,40784,57,20,1,0,'2023-03-07','2023-03-07',10200.29,1,1.00,NULL,NULL,'2023-03-10 13:08:51','2023-03-10 13:08:51',NULL),(554,7851,21,40719,40717,57,19,1,0,'2023-02-28','2023-02-28',4500.00,1,1.00,NULL,NULL,'2023-03-10 13:14:03','2023-03-10 13:14:03',NULL),(555,7851,3,40719,40726,57,19,2,0,'2023-02-14','2023-02-14',15077.78,1,1.00,'Factura A N°: 2467-00825971',NULL,'2023-03-12 18:35:42','2023-03-12 18:35:42',NULL),(556,7851,21,40719,40726,57,19,1,0,'2023-02-23','2023-02-23',15077.78,1,1.00,NULL,NULL,'2023-03-12 18:36:44','2023-03-12 18:36:44',NULL),(557,7851,21,40719,40742,57,19,1,0,'2023-02-23','2023-02-23',1785.57,1,1.00,NULL,NULL,'2023-03-12 18:37:14','2023-03-12 18:37:14',NULL),(558,7851,3,40719,40787,57,20,2,0,'2023-03-11','2023-03-11',7600.00,1,1.00,'Factura A N°: 0008-00009409',NULL,'2023-03-12 18:50:30','2023-04-01 19:22:25','2023-04-01 19:22:25'),(559,7851,3,40719,40788,57,20,2,0,'2023-03-11','2023-03-11',34998.04,1,1.00,'Factura A N°: 0003-00000082',NULL,'2023-03-12 18:50:30','2023-04-01 19:20:21','2023-04-01 19:20:21'),(560,7851,3,40719,40789,57,20,2,0,'2023-03-11','2023-03-11',6401.31,1,1.00,'Factura A N°: 0049-00026208',NULL,'2023-03-12 18:57:34','2023-03-12 18:57:34',NULL),(561,7851,3,40719,40790,57,20,2,0,'2023-03-11','2023-03-11',3900.98,1,1.00,'Factura A N°: 0022-00026075',NULL,'2023-03-12 19:00:43','2023-03-12 19:00:43',NULL),(562,7851,3,40719,40791,57,20,2,0,'2023-03-11','2023-03-11',3625.00,1,1.00,'Factura A N°: 0081-00000697',NULL,'2023-03-12 19:06:42','2023-03-12 19:06:42',NULL),(563,7851,21,40719,40790,57,20,1,0,'2023-03-11','2023-03-11',3900.98,1,1.00,NULL,NULL,'2023-03-14 11:34:31','2023-03-14 11:34:31',NULL),(564,7851,21,40719,40787,57,20,1,0,'2023-03-11','2023-03-11',7600.00,1,1.00,NULL,NULL,'2023-03-14 11:35:04','2023-04-01 19:21:01','2023-04-01 19:21:01'),(565,7851,21,40719,40789,57,20,1,0,'2023-03-11','2023-03-11',6401.31,1,1.00,NULL,NULL,'2023-03-14 11:35:34','2023-03-14 11:35:34',NULL),(566,7851,3,40719,40733,57,20,2,1,'2023-03-20','2023-03-20',2999.94,1,1.00,'Factura A N°: 0017-00028003',NULL,'2023-03-23 17:44:42','2023-03-23 17:53:22',NULL),(567,7851,3,40719,40728,57,20,2,1,'2023-03-20','2023-03-20',25200.01,1,1.00,'Factura A N°: 0010-00184397',NULL,'2023-03-23 17:46:30','2023-03-23 17:52:07',NULL),(568,7851,3,40719,40728,57,20,2,1,'2023-03-10','2023-03-10',18000.00,1,1.00,'Factura A N°: 0010-00123778',NULL,'2023-03-23 17:48:24','2023-03-23 17:51:13',NULL),(569,7851,21,40719,40728,57,20,1,1,'2023-03-10','2023-03-10',18000.00,1,1.00,NULL,NULL,'2023-03-23 17:51:12','2023-03-23 17:51:13',NULL),(570,7851,21,40719,40728,57,20,1,1,'2023-03-20','2023-03-20',25200.01,1,1.00,NULL,NULL,'2023-03-23 17:52:07','2023-03-23 17:52:07',NULL);
INSERT INTO `cta_cte_cliente` VALUES (571,7851,21,40719,40733,57,20,1,1,'2023-03-20','2023-03-20',2999.94,1,1.00,NULL,NULL,'2023-03-23 17:53:22','2023-03-23 17:53:22',NULL),(572,7851,20,40719,40728,13,20,2,0,'2023-03-23','2023-03-23',27500.01,1,1.00,NULL,NULL,'2023-03-23 17:56:22','2023-03-28 11:33:44','2023-03-28 11:33:44'),(573,7851,3,40719,40722,57,20,2,1,'2023-03-23','2023-03-23',6100.22,1,1.00,'Factura A N°: 9014-00012953',NULL,'2023-03-23 23:51:16','2023-03-24 00:02:38',NULL),(574,7851,3,40719,40722,57,20,2,1,'2023-03-15','2023-03-15',6600.29,1,1.00,'Factura A N°: 7206-00031346',NULL,'2023-03-23 23:52:34','2023-03-28 11:32:41',NULL),(575,7851,3,40719,40725,57,20,2,1,'2023-03-23','2023-03-23',29200.00,1,1.00,'Factura A N°: 0005-00003480',NULL,'2023-03-23 23:53:43','2023-03-24 00:03:36',NULL),(576,7851,3,40719,40792,57,20,2,1,'2023-03-20','2023-03-20',8301.68,1,1.00,'Factura A N°: 0002-00018046',NULL,'2023-03-23 23:55:41','2023-03-24 00:17:10',NULL),(577,7851,3,40719,40793,57,20,2,1,'2023-03-20','2023-03-20',7499.95,1,1.00,'Factura A N°: 0021-00040129',NULL,'2023-03-23 23:57:33','2023-03-24 00:16:22',NULL),(578,7851,3,40719,40790,57,20,2,1,'2023-03-14','2023-03-14',5500.16,1,1.00,'Factura A N°: 0022-00026246',NULL,'2023-03-23 23:59:13','2023-03-24 00:15:36',NULL),(579,7851,3,40719,40794,57,20,2,1,'2023-03-16','2023-03-16',6401.38,1,1.00,'Factura A N°: 0017-00021751',NULL,'2023-03-24 00:00:50','2023-03-24 00:14:42',NULL),(580,7851,21,40719,40722,57,20,1,0,'2023-03-23','2023-03-23',6100.22,1,1.00,NULL,NULL,'2023-03-24 00:01:56','2023-03-24 00:02:07','2023-03-24 00:02:07'),(581,7851,21,40719,40722,57,20,1,1,'2023-03-23','2023-03-23',6100.22,1,1.00,NULL,NULL,'2023-03-24 00:02:38','2023-03-24 00:02:38',NULL),(582,7851,21,40719,40725,57,20,1,1,'2023-03-23','2023-03-23',29200.00,1,1.00,NULL,NULL,'2023-03-24 00:03:36','2023-03-24 00:03:36',NULL),(583,7851,21,40719,40794,57,20,1,1,'2023-03-16','2023-03-16',6401.38,1,1.00,NULL,NULL,'2023-03-24 00:14:42','2023-03-24 00:14:42',NULL),(584,7851,21,40719,40790,57,20,1,1,'2023-03-14','2023-03-14',5500.16,1,1.00,NULL,NULL,'2023-03-24 00:15:36','2023-03-24 00:15:36',NULL),(585,7851,21,40719,40793,57,20,1,1,'2023-03-16','2023-03-16',7499.95,1,1.00,NULL,NULL,'2023-03-24 00:16:22','2023-03-24 00:16:22',NULL),(586,7851,21,40719,40792,57,20,1,1,'2023-03-20','2023-03-20',8301.68,1,1.00,NULL,NULL,'2023-03-24 00:17:10','2023-03-24 00:17:10',NULL),(587,7851,20,40719,40722,13,20,2,0,'2023-03-15','2023-03-15',6600.29,1,1.00,NULL,NULL,'2023-03-24 00:18:16','2023-03-28 11:31:55','2023-03-28 11:31:55'),(588,7851,3,40719,40725,57,20,2,1,'2023-03-25','2023-03-25',22100.00,1,1.00,'Factura A N°: 0005-00003489',NULL,'2023-03-25 15:17:24','2023-03-25 15:18:20',NULL),(589,7851,21,40719,40725,57,20,1,1,'2023-03-25','2023-03-25',22100.00,1,1.00,NULL,NULL,'2023-03-25 15:18:20','2023-03-25 15:18:20',NULL),(590,7851,3,40719,40722,57,20,2,1,'2023-03-26','2023-03-26',9600.20,1,1.00,'Factura A N°: 9012-00012720',NULL,'2023-03-28 00:11:15','2023-03-28 00:17:11',NULL),(591,7851,21,40719,40722,57,20,1,1,'2023-03-26','2023-03-26',9600.20,1,1.00,NULL,NULL,'2023-03-28 00:17:11','2023-03-28 00:17:11',NULL),(592,7851,3,40719,40795,57,20,2,1,'2023-03-27','2023-03-27',7329.99,1,1.00,'Factura A N°: 0021-00002821',NULL,'2023-03-28 11:31:07','2023-03-28 11:33:25',NULL),(593,7851,21,40719,40722,57,20,1,1,'2023-03-28','2023-03-28',6600.29,1,1.00,NULL,NULL,'2023-03-28 11:32:41','2023-03-28 11:32:41',NULL),(594,7851,21,40719,40795,57,20,1,1,'2023-03-27','2023-03-27',7329.99,1,1.00,NULL,NULL,'2023-03-28 11:33:25','2023-03-28 11:33:25',NULL),(595,7851,21,40719,40728,57,10,1,1,'2022-08-31','2022-08-31',27500.01,1,1.00,NULL,NULL,'2023-03-28 11:34:45','2023-03-28 11:34:45',NULL),(596,7851,3,40719,40730,57,20,2,1,'2023-03-25','2023-03-25',2500.01,1,1.00,'Factura A N°: 0017-00026556',NULL,'2023-03-30 12:33:18','2023-03-31 16:59:27',NULL);
INSERT INTO `cta_cte_cliente` VALUES (597,7851,3,40719,40728,57,20,2,1,'2023-03-28','2023-03-28',20800.00,1,1.00,'Factura A N°: 0010-00184882',NULL,'2023-03-30 12:34:33','2023-04-01 00:43:59',NULL),(598,7851,21,40719,40728,57,20,1,0,'2023-03-28','2023-03-28',20800.00,1,1.00,NULL,NULL,'2023-03-31 16:58:46','2023-04-01 00:43:25','2023-04-01 00:43:25'),(599,7851,21,40719,40730,57,20,1,1,'2023-03-25','2023-03-25',2500.01,1,1.00,NULL,NULL,'2023-03-31 16:59:27','2023-03-31 16:59:27',NULL),(600,7851,3,40719,40722,57,20,2,1,'2023-03-31','2023-03-31',6305.32,1,1.00,'Factura A N°: 9014-00013172',NULL,'2023-03-31 17:00:59','2023-03-31 17:03:06',NULL),(601,7851,3,40719,40717,57,20,2,1,'2023-03-31','2023-03-31',6000.00,1,1.00,'Factura A N°: 0002-00000667',NULL,'2023-03-31 17:02:16','2023-03-31 17:10:12',NULL),(602,7851,21,40719,40722,57,20,1,1,'2023-03-31','2023-03-31',6305.32,1,1.00,NULL,NULL,'2023-03-31 17:03:06','2023-03-31 17:03:06',NULL),(603,7851,21,40719,40749,57,20,1,0,'2023-03-08','2023-03-08',10000.00,1,1.00,'En realidad se pagaron $5000 con MP JCH CA ARS pero la factura la hicieron por $10.0000',NULL,'2023-03-31 17:09:45','2023-04-01 19:21:21','2023-04-01 19:21:21'),(604,7851,21,40719,40717,57,20,1,1,'2023-03-31','2023-03-31',6000.00,1,1.00,NULL,NULL,'2023-03-31 17:10:12','2023-03-31 17:10:12',NULL),(605,7851,21,40719,40728,57,20,1,1,'2023-03-28','2023-03-28',20800.00,1,1.00,NULL,NULL,'2023-04-01 00:43:59','2023-04-01 00:43:59',NULL),(606,7851,20,40719,40778,13,10,2,1,'2022-08-01','2022-08-01',24000.00,1,1.00,NULL,NULL,'2023-04-01 18:47:08','2023-04-01 18:47:08',NULL),(607,7851,21,40719,40722,57,10,1,0,'2022-08-01','2022-08-01',28273.83,1,1.00,NULL,NULL,'2023-04-01 18:51:27','2023-04-01 18:52:14','2023-04-01 18:52:14'),(608,7851,21,40719,40722,57,10,1,1,'2022-08-01','2022-08-01',25273.82,1,1.00,NULL,NULL,'2023-04-01 18:54:26','2023-04-01 18:54:26',NULL),(609,7851,21,40719,40774,57,10,1,1,'2022-08-01','2022-08-01',4232.92,1,1.00,NULL,NULL,'2023-04-01 18:57:25','2023-04-01 18:57:25',NULL),(610,7851,21,40719,40788,57,20,1,0,'2023-03-11','2023-03-11',34998.04,1,1.00,NULL,NULL,'2023-04-01 19:19:50','2023-04-01 19:19:58','2023-04-01 19:19:58'),(611,7851,3,40719,40788,57,20,2,0,'2023-03-11','2023-03-11',34998.04,1,1.00,'Factura A N°: 0003-00000082',NULL,'2023-04-01 19:20:21','2023-04-01 19:25:54','2023-04-01 19:25:54'),(612,7851,3,40719,40787,57,20,2,0,'2023-03-11','2023-03-11',7600.00,1,1.00,'Factura A N°: 0008-00009409',NULL,'2023-04-01 19:22:25','2023-04-01 19:25:39','2023-04-01 19:25:39'),(613,7851,3,40719,40780,57,20,2,1,'2023-03-02','2023-03-02',34400.00,1,1.00,'Factura A N°: 0003-00018111',NULL,'2023-04-01 19:22:45','2023-04-01 19:36:13',NULL),(614,7851,3,40719,40729,57,20,2,1,'2023-03-02','2023-03-02',2085.80,1,1.00,'Factura A N°: 0002-00021909',NULL,'2023-04-01 19:23:08','2023-04-01 19:35:21',NULL),(615,7851,3,40719,40722,57,20,2,1,'2023-03-05','2023-03-05',10504.60,1,1.00,'Factura A N°: 9012-00012172',NULL,'2023-04-01 19:23:37','2023-04-01 19:33:48',NULL),(616,7851,3,40719,40722,57,20,2,1,'2023-03-07','2023-03-07',10700.40,1,1.00,'Factura A N°: 8966-00006219',NULL,'2023-04-01 19:24:20','2023-04-01 19:34:39',NULL),(617,7851,3,40719,40749,57,20,2,1,'2023-03-08','2023-03-08',10000.00,1,1.00,'Factura A N°: 0003-00001203',NULL,'2023-04-01 19:24:49','2023-04-01 19:32:38',NULL),(618,7851,3,40719,40725,57,20,2,1,'2023-03-08','2023-03-08',15100.00,1,1.00,'Factura A N°: 0005-00003357',NULL,'2023-04-01 19:25:08','2023-04-01 19:31:25',NULL),(619,7851,3,40719,40787,57,20,2,1,'2023-03-11','2023-03-11',7600.00,1,1.00,'Factura A N°: 0008-00009409',NULL,'2023-04-01 19:25:39','2023-04-01 19:30:52',NULL),(620,7851,3,40719,40788,57,20,2,1,'2023-03-11','2023-03-11',34998.04,1,1.00,'Factura A N°: 0003-00000082',NULL,'2023-04-01 19:25:54','2023-04-01 19:27:58',NULL),(621,7851,21,40719,40788,57,20,1,1,'2023-03-11','2023-03-11',34998.04,1,1.00,NULL,NULL,'2023-04-01 19:27:57','2023-04-01 19:27:58',NULL);
INSERT INTO `cta_cte_cliente` VALUES (622,7851,21,40719,40787,57,20,1,1,'2023-03-11','2023-03-11',7600.00,1,1.00,NULL,NULL,'2023-04-01 19:30:52','2023-04-01 19:30:52',NULL),(623,7851,21,40719,40725,57,20,1,1,'2023-03-08','2023-03-08',15100.00,1,1.00,NULL,NULL,'2023-04-01 19:31:25','2023-04-01 19:31:25',NULL),(624,7851,21,40719,40749,57,20,1,1,'2023-03-08','2023-03-08',10000.00,1,1.00,NULL,NULL,'2023-04-01 19:32:38','2023-04-01 19:32:38',NULL),(625,7851,21,40719,40722,57,20,1,1,'2023-03-05','2023-03-05',10504.60,1,1.00,NULL,NULL,'2023-04-01 19:33:48','2023-04-01 19:33:48',NULL),(626,7851,21,40719,40722,57,20,1,1,'2023-03-07','2023-03-07',10700.40,1,1.00,NULL,NULL,'2023-04-01 19:34:39','2023-04-01 19:34:39',NULL),(627,7851,21,40719,40729,57,20,1,1,'2023-03-02','2023-03-02',2085.80,1,1.00,NULL,NULL,'2023-04-01 19:35:21','2023-04-01 19:35:21',NULL),(628,7851,21,40719,40780,57,20,1,1,'2023-03-03','2023-03-03',34400.00,1,1.00,NULL,NULL,'2023-04-01 19:36:13','2023-04-01 19:36:13',NULL),(629,7851,21,40719,40730,57,10,1,0,'2022-08-01','2022-08-01',49200.62,1,1.00,NULL,NULL,'2023-04-01 19:43:03','2023-04-01 19:43:03',NULL),(630,7851,21,40719,40756,57,10,1,1,'2022-08-01','2022-08-01',10652.82,1,1.00,NULL,NULL,'2023-04-01 19:43:44','2023-04-01 19:43:44',NULL),(631,7851,21,40719,40741,57,10,1,1,'2022-08-01','2022-08-01',22800.01,1,1.00,NULL,NULL,'2023-04-01 19:44:17','2023-04-01 19:44:17',NULL),(632,7851,3,40719,40726,57,20,2,1,'2023-03-28','2023-03-28',17677.43,1,1.00,'Factura A N°: 2467-00846697',NULL,'2023-04-05 12:09:58','2023-04-05 12:11:19','2023-04-05 12:11:19'),(633,7851,21,40719,40726,57,20,1,0,'2023-03-28','2023-03-28',17677.43,1,1.00,NULL,NULL,'2023-04-05 12:11:18','2023-04-13 19:01:28','2023-04-13 19:01:28'),(634,7851,3,40719,40726,57,20,2,1,'2023-03-28','2023-03-28',17677.43,1,1.00,'Factura A N°: 2467-00846697',NULL,'2023-04-05 12:11:19','2023-04-13 19:02:01',NULL),(637,7851,3,40719,40742,57,20,2,1,'2023-03-28','2023-03-28',1785.57,1,1.00,'Factura A N°: 1083-00012517',NULL,'2023-04-05 12:13:41','2023-04-05 12:14:13','2023-04-05 12:14:13'),(638,7851,21,40719,40742,57,20,1,0,'2023-03-28','2023-03-28',1785.57,1,1.00,NULL,NULL,'2023-04-05 12:14:13','2023-04-13 19:01:32','2023-04-13 19:01:32'),(639,7851,3,40719,40742,57,20,2,1,'2023-03-28','2023-03-28',1785.57,1,1.00,'Factura A N°: 1083-00012517',NULL,'2023-04-05 12:14:13','2023-04-13 19:02:29',NULL),(640,7851,20,40719,40731,13,20,2,1,'2023-03-07','2023-03-07',1568772.24,1,1.00,NULL,NULL,'2023-04-10 16:27:56','2023-04-10 16:27:56',NULL),(641,7851,2,40719,40731,13,21,1,1,'2023-04-01','2023-04-01',2483889.38,1,1.00,'Factura B N°: 0003-00000051',NULL,'2023-04-10 16:29:56','2023-04-10 16:33:50',NULL),(642,7851,20,40719,40731,13,21,2,1,'2023-04-10','2023-04-10',2483889.38,1,1.00,NULL,NULL,'2023-04-10 16:33:50','2023-04-10 16:33:50',NULL),(643,7851,21,40719,40726,57,21,1,1,'2023-04-05','2023-04-05',17677.43,1,1.00,NULL,NULL,'2023-04-13 19:02:01','2023-04-13 19:02:01',NULL),(644,7851,21,40719,40742,57,21,1,1,'2023-04-05','2023-04-05',1785.57,1,1.00,NULL,NULL,'2023-04-13 19:02:29','2023-04-13 19:02:29',NULL),(645,7851,21,40719,40729,57,21,1,0,'2023-04-14','2023-04-14',-1698.84,1,1.00,NULL,NULL,'2023-04-14 12:20:19','2023-04-14 12:20:19',NULL),(646,7851,3,40719,40729,57,21,2,1,'2023-04-14','2023-04-14',2698.30,1,1.00,'Factura A N°: 0002-00022546',NULL,'2023-04-14 12:23:30','2023-04-14 12:24:12',NULL),(647,7851,21,40719,40729,57,21,1,1,'2023-04-14','2023-04-14',2698.30,1,1.00,NULL,NULL,'2023-04-14 12:24:12','2023-04-14 12:24:12',NULL),(648,7851,3,40719,40742,57,21,2,1,'2023-04-14','2023-04-14',1822.54,1,1.00,'Factura A N°: 1083-00013423',NULL,'2023-04-21 17:37:12','2023-04-21 18:11:26',NULL),(649,7851,3,40719,40726,57,21,2,1,'2023-04-14','2023-04-14',19536.22,1,1.00,'Factura A N°: 2467-00867189',NULL,'2023-04-21 17:39:30','2023-04-21 18:10:44',NULL),(650,7851,3,40719,40722,57,21,2,0,'2023-04-14','2023-04-14',7492.19,1,1.00,'Factura A N°: 8974-00012364',NULL,'2023-04-21 17:41:04','2023-04-21 17:50:55','2023-04-21 17:50:55');
INSERT INTO `cta_cte_cliente` VALUES (651,7851,3,40719,40728,57,21,2,1,'2023-04-19','2023-04-19',20000.00,1,1.00,'Factura A N°: 0010-00186187',NULL,'2023-04-21 17:42:10','2023-04-21 18:08:44',NULL),(652,7851,3,40719,40728,57,21,2,1,'2023-04-19','2023-04-19',19000.00,1,1.00,'Factura A N°: 0010-00185892',NULL,'2023-04-21 17:49:13','2023-04-21 18:07:12',NULL),(653,7851,3,40719,40728,57,21,2,1,'2023-04-05','2023-04-05',24006.01,1,1.00,'Factura A N°: 0010-00185372',NULL,'2023-04-21 17:49:55','2023-04-21 18:05:58',NULL),(654,7851,3,40719,40728,57,21,2,1,'2023-04-14','2023-04-14',12499.99,1,1.00,'Factura A N°: 0010-00185856',NULL,'2023-04-21 17:50:31','2023-04-21 18:04:31',NULL),(655,7851,3,40719,40722,57,21,2,1,'2023-04-15','2023-04-15',7492.19,1,1.00,'Factura A N°: 8974-00012364',NULL,'2023-04-21 17:50:55','2023-04-21 18:09:41',NULL),(656,7851,3,40719,40733,57,21,2,1,'2023-04-01','2023-04-01',7000.00,1,1.00,'Factura A N°: 0017-00028929',NULL,'2023-04-21 17:52:12','2023-04-21 17:57:03',NULL),(657,7851,3,40719,40730,57,21,2,1,'2023-04-01','2023-04-01',4000.08,1,1.00,'Factura A N°: 0017-00027365',NULL,'2023-04-21 17:53:09','2023-04-21 17:55:54',NULL),(658,7851,21,40719,40730,57,21,1,1,'2023-04-15','2023-04-15',4000.08,1,1.00,NULL,NULL,'2023-04-21 17:55:54','2023-04-21 17:55:54',NULL),(659,7851,21,40719,40733,57,21,1,1,'2023-04-01','2023-04-01',7000.00,1,1.00,NULL,NULL,'2023-04-21 17:57:03','2023-04-21 17:57:03',NULL),(660,7851,21,40719,40728,57,21,1,1,'2023-04-14','2023-04-14',12499.99,1,1.00,NULL,NULL,'2023-04-21 18:04:31','2023-04-21 18:04:31',NULL),(661,7851,21,40719,40728,57,21,1,1,'2023-04-05','2023-04-05',24006.01,1,1.00,NULL,NULL,'2023-04-21 18:05:58','2023-04-21 18:05:58',NULL),(662,7851,21,40719,40728,57,21,1,1,'2023-04-14','2023-04-14',19000.00,1,1.00,NULL,NULL,'2023-04-21 18:07:12','2023-04-21 18:07:12',NULL),(663,7851,21,40719,40728,57,21,1,1,'2023-04-19','2023-04-19',20000.00,1,1.00,NULL,NULL,'2023-04-21 18:08:44','2023-04-21 18:08:44',NULL),(664,7851,21,40719,40722,57,21,1,1,'2023-04-15','2023-04-15',7492.19,1,1.00,NULL,NULL,'2023-04-21 18:09:41','2023-04-21 18:09:41',NULL),(665,7851,21,40719,40726,57,21,1,1,'2023-04-14','2023-04-14',19536.22,1,1.00,NULL,NULL,'2023-04-21 18:10:44','2023-04-21 18:10:44',NULL),(666,7851,21,40719,40742,57,21,1,1,'2023-04-14','2023-04-14',1822.54,1,1.00,NULL,NULL,'2023-04-21 18:11:26','2023-04-21 18:11:26',NULL),(667,7851,3,40719,40798,57,21,2,1,'2023-04-14','2023-04-14',2680.00,1,1.00,'Factura A N°: 0004-00003000',NULL,'2023-04-21 18:12:57','2023-05-02 19:59:15',NULL),(668,7851,21,40719,40798,57,21,1,0,'2023-04-14','2023-04-14',2680.00,1,1.00,NULL,NULL,'2023-04-21 18:14:55','2023-05-02 19:58:39','2023-05-02 19:58:39'),(669,7851,3,40719,40722,57,21,2,1,'2023-04-29','2023-04-29',2149.00,1,1.00,'Factura A N°: 9010-00015219',NULL,'2023-04-30 19:32:57','2023-05-01 21:47:07',NULL),(670,7851,3,40719,40722,57,21,2,1,'2023-04-29','2023-04-29',2000.00,1,1.00,'Factura A N°: 9010-00015220',NULL,'2023-04-30 19:35:02','2023-05-01 21:47:54',NULL),(671,7851,3,40719,40799,57,21,2,1,'2023-04-20','2023-04-20',17101.90,1,1.00,'Factura A N°: 0001-00028124',NULL,'2023-04-30 19:38:13','2023-05-01 21:46:30',NULL),(672,7851,3,40719,40799,57,21,2,1,'2023-04-20','2023-04-20',13664.91,1,1.00,'Factura A N°: 0001-00028123',NULL,'2023-04-30 19:38:47','2023-05-01 21:39:45',NULL),(673,7851,3,40719,40722,57,21,2,1,'2023-04-27','2023-04-27',8004.91,1,1.00,'Factura A N°: 8974-00012582',NULL,'2023-04-30 19:39:44','2023-05-01 21:53:17',NULL),(674,7851,2,40719,40730,13,21,1,0,'2023-04-28','2023-04-28',6000.05,1,1.00,'Factura A N°: 0017-00027882',NULL,'2023-04-30 19:41:38','2023-04-30 20:58:30','2023-04-30 20:58:30'),(675,7851,2,40719,40728,13,21,1,0,'2023-04-28','2023-04-28',23000.01,1,1.00,'Factura A N°: 0010-00186478',NULL,'2023-04-30 19:42:59','2023-04-30 20:58:26','2023-04-30 20:58:26'),(676,7851,2,40719,40730,13,21,1,0,'2023-04-29','2023-04-29',15009.65,1,1.00,'Factura A N°: 0017-00027907',NULL,'2023-04-30 19:43:45','2023-04-30 20:57:19','2023-04-30 20:57:19');
INSERT INTO `cta_cte_cliente` VALUES (677,7851,2,40719,40733,13,21,1,0,'2023-04-29','2023-04-29',8800.00,1,1.00,'Factura A N°: 0017-00031055',NULL,'2023-04-30 19:44:25','2023-04-30 20:58:17','2023-04-30 20:58:17'),(678,7851,2,40719,40800,13,21,1,0,'2023-04-29','2023-04-29',1399.00,1,1.00,'Factura A N°: 0003-00000620',NULL,'2023-04-30 19:45:38','2023-04-30 20:57:05','2023-04-30 20:57:05'),(679,7851,2,40719,40801,13,21,1,0,'2023-04-29','2023-04-29',2651.78,1,1.00,'Factura A N°: 0004-00015732',NULL,'2023-04-30 20:55:17','2023-04-30 20:56:55','2023-04-30 20:56:55'),(680,7851,2,40719,40717,13,21,1,0,'2023-04-28','2023-04-28',6000.00,1,1.00,'Factura A N°: 0002-00000794',NULL,'2023-04-30 20:56:31','2023-04-30 20:57:41','2023-04-30 20:57:41'),(681,7851,2,40719,40801,13,21,1,0,'2023-04-17','2023-04-17',2651.78,1,1.00,'Factura A N°: 0004-00015732',NULL,'2023-04-30 20:56:55','2023-04-30 20:57:45','2023-04-30 20:57:45'),(682,7851,2,40719,40800,13,21,1,0,'2023-04-27','2023-04-27',1399.00,1,1.00,'Factura A N°: 0003-00000620',NULL,'2023-04-30 20:57:05','2023-04-30 20:58:01','2023-04-30 20:58:01'),(683,7851,2,40719,40730,13,21,1,0,'2023-04-28','2023-04-28',15009.65,1,1.00,'Factura A N°: 0017-00027907',NULL,'2023-04-30 20:57:19','2023-04-30 20:58:22','2023-04-30 20:58:22'),(684,7851,3,40719,40730,57,21,2,1,'2023-04-30','2023-04-30',15009.65,1,1.00,'Factura A N°: 0017-00027907',NULL,'2023-04-30 20:59:49','2023-05-01 22:04:56',NULL),(685,7851,3,40719,40733,57,21,2,1,'2023-04-28','2023-04-28',8799.99,1,1.00,'Factura A N°: 0017-00031055',NULL,'2023-04-30 21:00:41','2023-05-01 21:38:17',NULL),(686,7851,3,40719,40800,57,21,2,1,'2023-04-27','2023-04-27',1399.00,1,1.00,'Factura A N°: 0003-00000620',NULL,'2023-04-30 21:06:03','2023-05-01 22:07:14',NULL),(687,7851,3,40719,40801,57,21,2,1,'2023-04-17','2023-04-17',2651.78,1,1.00,'Factura A N°: 0004-00015732',NULL,'2023-04-30 21:07:10','2023-05-01 22:06:16',NULL),(688,7851,3,40719,40717,57,21,2,1,'2023-04-28','2023-04-28',6000.00,1,1.00,'Factura A N°: 0002-00000794',NULL,'2023-04-30 21:07:36','2023-05-02 19:26:33',NULL),(689,7851,3,40719,40730,57,21,2,1,'2023-04-28','2023-04-28',6000.05,1,1.00,'Factura A N°: 0017-00027882',NULL,'2023-04-30 21:11:26','2023-05-01 21:52:11',NULL),(690,7851,21,40719,40733,57,21,1,1,'2023-04-28','2023-04-28',8799.99,1,221.00,NULL,NULL,'2023-05-01 21:38:17','2023-05-01 21:38:17',NULL),(691,7851,21,40719,40799,57,21,1,1,'2023-04-20','2023-04-20',13664.91,1,221.00,NULL,NULL,'2023-05-01 21:39:45','2023-05-01 21:39:45',NULL),(692,7851,21,40719,40799,57,21,1,1,'2023-04-20','2023-04-20',17101.90,1,221.00,NULL,NULL,'2023-05-01 21:46:30','2023-05-01 21:46:30',NULL),(693,7851,21,40719,40722,57,21,1,1,'2023-04-29','2023-04-29',2149.00,1,221.00,NULL,NULL,'2023-05-01 21:47:07','2023-05-01 21:47:07',NULL),(694,7851,21,40719,40722,57,21,1,1,'2023-04-29','2023-04-29',2000.00,1,221.00,NULL,NULL,'2023-05-01 21:47:54','2023-05-01 21:47:54',NULL),(695,7851,21,40719,40730,57,21,1,0,'2023-04-28','2023-04-28',6000.05,1,221.00,NULL,NULL,'2023-05-01 21:49:50','2023-05-01 21:50:59','2023-05-01 21:50:59'),(696,7851,21,40719,40730,57,21,1,1,'2023-04-28','2023-04-28',6000.05,1,221.00,NULL,NULL,'2023-05-01 21:52:10','2023-05-01 21:52:11',NULL),(697,7851,21,40719,40733,57,21,1,1,'2023-04-27','2023-04-27',8004.91,1,221.00,NULL,NULL,'2023-05-01 21:53:17','2023-05-01 21:53:17',NULL),(698,7851,3,40719,40728,57,21,2,1,'2023-04-24','2023-04-24',23000.01,1,1.00,'Factura A N°: 0010-00186478',NULL,'2023-05-01 21:58:41','2023-05-01 22:00:20',NULL),(699,7851,21,40719,40728,57,21,1,1,'2023-04-24','2023-04-24',23000.01,1,221.00,NULL,NULL,'2023-05-01 22:00:20','2023-05-01 22:00:20',NULL),(700,7851,21,40719,40730,57,21,1,1,'2023-04-29','2023-04-29',15009.65,1,221.00,NULL,NULL,'2023-05-01 22:04:56','2023-05-01 22:04:56',NULL),(701,7851,21,40719,40801,57,21,1,1,'2023-04-17','2023-04-17',2651.78,1,221.00,NULL,NULL,'2023-05-01 22:06:16','2023-05-01 22:06:16',NULL);
INSERT INTO `cta_cte_cliente` VALUES (702,7851,21,40719,40800,57,21,1,1,'2023-04-27','2023-04-27',1399.00,1,221.00,NULL,NULL,'2023-05-01 22:07:14','2023-05-01 22:07:14',NULL),(703,7851,21,40719,40717,57,21,1,0,'2023-04-28','2023-04-28',6000.00,1,221.00,NULL,NULL,'2023-05-01 22:08:26','2023-05-02 19:25:54','2023-05-02 19:25:54'),(704,7851,3,40719,40803,57,21,2,0,'2023-04-13','2023-04-13',820749.97,1,1.00,'Factura B N°: 0265-00004302',NULL,'2023-05-02 11:21:23','2023-05-18 20:04:59','2023-05-18 20:04:59'),(705,7851,3,40719,40761,57,21,2,1,'2023-04-19','2023-04-19',498.90,1,1.00,'Factura A N°: 0037-03661034',NULL,'2023-05-02 11:21:23','2023-05-19 00:57:11',NULL),(706,7851,3,40719,40761,57,21,2,1,'2023-03-20','2023-03-20',498.90,1,1.00,'Factura A N°: 0037-03188254',NULL,'2023-05-02 11:22:11','2023-05-19 00:57:11',NULL),(707,7851,21,40719,40717,57,21,1,1,'2023-04-28','2023-04-28',6000.00,1,221.00,NULL,NULL,'2023-05-02 19:26:33','2023-05-02 19:26:33',NULL),(708,7851,21,40719,40798,57,21,1,1,'2023-04-14','2023-04-14',2680.00,1,221.00,NULL,NULL,'2023-05-02 19:59:15','2023-05-02 19:59:15',NULL),(709,7851,2,40719,40731,13,22,1,1,'2023-05-01','2023-05-01',2353158.36,1,1.00,'Factura B N°: 0003-00000052',NULL,'2023-05-11 00:23:52','2023-05-11 00:40:05',NULL),(710,7851,20,40719,40731,13,22,2,1,'2023-05-11','2023-05-11',2353158.36,1,231.00,NULL,NULL,'2023-05-11 00:40:05','2023-05-11 00:40:05',NULL),(711,7851,3,40719,40733,57,21,2,1,'2023-04-30','2023-04-30',3000.11,1,1.00,'Factura A N°: 0017-00031265',NULL,'2023-05-18 19:26:55','2023-05-19 01:14:59',NULL),(712,7851,3,40719,40733,57,21,2,1,'2023-04-30','2023-04-30',16065.47,1,1.00,'Factura A N°: 0013-00023105',NULL,'2023-05-18 19:41:39','2023-05-19 01:08:30',NULL),(713,7851,3,40719,40803,57,21,2,1,'2023-04-13','2023-04-13',820749.97,1,1.00,'Factura A N°: 0265-00000915',NULL,'2023-05-18 20:04:59','2023-05-19 01:05:32',NULL),(714,7851,3,40719,40805,57,22,2,1,'2023-05-03','2023-05-03',5599.33,1,1.00,'Factura A N°: 0010-00041198',NULL,'2023-05-18 20:42:31','2023-05-19 00:45:01',NULL),(715,7851,3,40719,40762,57,22,2,1,'2023-05-03','2023-05-03',21662.33,1,1.00,'Factura A N°: 0018-00002226',NULL,'2023-05-18 20:42:31','2023-05-19 00:40:25',NULL),(716,7851,3,40719,40729,57,22,2,1,'2023-05-04','2023-05-04',2698.30,1,1.00,'Factura A N°: 0002-00023703',NULL,'2023-05-18 20:42:31','2023-05-19 00:46:49',NULL),(717,7851,3,40719,40806,57,22,2,1,'2023-05-04','2023-05-04',1461.99,1,1.00,'Factura A N°: 0002-00000599',NULL,'2023-05-18 20:42:31','2023-05-19 00:44:18',NULL),(718,7851,3,40719,40807,57,22,2,1,'2023-05-05','2023-05-05',7209.00,1,1.00,'Factura A N°: 0008-00008115',NULL,'2023-05-18 20:42:31','2023-05-19 00:45:47',NULL),(719,7851,3,40719,40803,57,22,1,0,'2023-05-11','2023-05-11',820749.97,1,1.00,'Nota de crédito B N°: 0265-00000522',NULL,'2023-05-18 20:42:31','2023-05-18 20:43:22','2023-05-18 20:43:22'),(720,7851,3,40719,40742,57,22,2,0,'2023-05-14','2023-05-14',1970.99,1,1.00,'Factura A N°: 1083-00014356',NULL,'2023-05-18 20:42:31','2023-05-19 01:06:34','2023-05-19 01:06:34'),(721,7851,3,40719,40726,57,22,2,0,'2023-05-14','2023-05-14',20220.29,1,1.00,'Factura A N°: 2467-00887474',NULL,'2023-05-18 20:42:31','2023-05-19 01:06:16','2023-05-19 01:06:16'),(722,7851,3,40719,40808,57,22,2,1,'2023-05-15','2023-05-15',330512.00,1,1.00,'Factura A N°: 0002-00002803',NULL,'2023-05-18 20:42:31','2023-05-19 00:43:38',NULL),(723,7851,3,40719,40809,57,22,2,1,'2023-05-18','2023-05-18',8401.57,1,1.00,'Factura A N°: 0015-00012707',NULL,'2023-05-18 20:49:17','2023-05-19 00:36:06',NULL),(724,7851,3,40719,40733,57,22,2,0,'2023-05-07','2023-05-07',10401.23,1,1.00,'Factura A N°: 0013-00023330',NULL,'2023-05-18 20:52:26','2023-05-18 20:53:27','2023-05-18 20:53:27'),(725,7851,3,40719,40733,57,22,2,1,'2023-05-09','2023-05-09',10401.23,1,1.00,'Factura A N°: 0017-00031983',NULL,'2023-05-18 20:53:27','2023-05-19 00:39:08',NULL);
INSERT INTO `cta_cte_cliente` VALUES (726,7851,3,40719,40733,57,22,2,1,'2023-05-07','2023-05-07',5300.72,1,1.00,'Factura A N°: 0013-00023330',NULL,'2023-05-18 20:55:22','2023-05-19 00:38:32',NULL),(727,7851,3,40719,40810,57,22,2,1,'2023-05-18','2023-05-18',10302.19,1,1.00,'Factura A N°: 0011-00027449',NULL,'2023-05-18 20:58:03','2023-05-19 00:36:46',NULL),(728,7851,3,40719,40728,57,22,2,0,'2023-05-05','2023-05-05',20500.00,1,1.00,'Factura A N°: 0010-00187187',NULL,'2023-05-18 21:20:57','2023-06-05 20:30:08','2023-06-05 20:30:08'),(729,7851,3,40719,40728,57,22,2,1,'2023-05-12','2023-05-12',18902.00,1,1.00,'Factura A N°: 0010-00187601',NULL,'2023-05-18 22:11:59','2023-05-19 00:34:41',NULL),(730,7851,3,40719,40728,57,22,2,1,'2023-05-04','2023-05-04',5400.00,1,1.00,'Factura A N°: 0010-00187123',NULL,'2023-05-18 22:15:23','2023-05-19 00:33:56',NULL),(731,7851,3,40719,40728,57,22,2,1,'2023-05-16','2023-05-16',22400.00,1,1.00,'Factura A N°: 0001-00187798',NULL,'2023-05-18 22:16:45','2023-05-19 00:33:05',NULL),(732,7851,21,40719,40728,57,22,1,1,'2023-05-16','2023-05-16',22400.00,1,233.00,NULL,NULL,'2023-05-19 00:33:05','2023-05-19 00:33:05',NULL),(733,7851,21,40719,40728,57,22,1,1,'2023-05-04','2023-05-04',5400.00,1,233.00,NULL,NULL,'2023-05-19 00:33:56','2023-05-19 00:33:56',NULL),(734,7851,21,40719,40728,57,22,1,1,'2023-05-12','2023-05-12',18902.00,1,233.00,NULL,NULL,'2023-05-19 00:34:40','2023-05-19 00:34:41',NULL),(735,7851,21,40719,40728,57,22,1,0,'2023-05-05','2023-05-05',20500.00,1,233.00,NULL,NULL,'2023-05-19 00:35:25','2023-06-05 20:25:20','2023-06-05 20:25:20'),(736,7851,21,40719,40809,57,22,1,1,'2023-05-18','2023-05-18',8401.57,1,233.00,NULL,NULL,'2023-05-19 00:36:06','2023-05-19 00:36:06',NULL),(737,7851,21,40719,40810,57,22,1,1,'2023-05-09','2023-05-09',10302.19,1,233.00,NULL,NULL,'2023-05-19 00:36:46','2023-05-19 00:36:46',NULL),(738,7851,21,40719,40733,57,22,1,1,'2023-05-07','2023-05-07',5300.72,1,233.00,NULL,NULL,'2023-05-19 00:38:32','2023-05-19 00:38:32',NULL),(739,7851,21,40719,40733,57,22,1,1,'2023-05-09','2023-05-09',10401.23,1,233.00,NULL,NULL,'2023-05-19 00:39:08','2023-05-19 00:39:08',NULL),(740,7851,21,40719,40762,57,22,1,1,'2023-05-03','2023-05-03',21662.33,1,233.00,NULL,NULL,'2023-05-19 00:40:25','2023-05-19 00:40:25',NULL),(741,7851,21,40719,40808,57,22,1,1,'2023-05-15','2023-05-15',330512.00,1,233.00,NULL,NULL,'2023-05-19 00:43:38','2023-05-19 00:43:38',NULL),(742,7851,21,40719,40806,57,22,1,1,'2023-05-04','2023-05-04',1461.99,1,233.00,NULL,NULL,'2023-05-19 00:44:18','2023-05-19 00:44:18',NULL),(743,7851,21,40719,40735,57,22,1,1,'2023-05-03','2023-05-03',5599.33,1,233.00,NULL,NULL,'2023-05-19 00:45:01','2023-05-19 00:45:01',NULL),(744,7851,21,40719,40807,57,22,1,1,'2023-05-05','2023-05-05',7209.00,1,233.00,NULL,NULL,'2023-05-19 00:45:47','2023-05-19 00:45:47',NULL),(745,7851,21,40719,40729,57,22,1,1,'2023-05-04','2023-05-04',2698.30,1,233.00,NULL,NULL,'2023-05-19 00:46:49','2023-05-19 00:46:49',NULL),(746,7851,21,40719,40729,57,22,1,0,'2023-05-19','2023-05-19',-6795.36,1,233.00,NULL,NULL,'2023-05-19 00:55:40','2023-05-19 00:55:40',NULL),(747,7851,21,40719,40761,57,21,1,1,'2023-04-19','2023-04-19',997.80,1,233.00,NULL,NULL,'2023-05-19 00:57:11','2023-05-19 00:57:11',NULL),(748,7851,21,40719,40803,57,21,1,1,'2023-04-13','2023-04-13',820749.97,1,233.00,NULL,NULL,'2023-05-19 01:05:32','2023-05-19 01:05:32',NULL),(749,7851,3,40719,40726,57,22,2,0,'2023-05-14','2023-05-14',20264.27,1,1.00,'Factura A N°: 2467-00887474',NULL,'2023-05-19 01:06:16','2023-06-05 20:28:29','2023-06-05 20:28:29'),(750,7851,3,40719,40742,57,22,2,1,'2023-05-14','2023-05-14',1970.99,1,1.00,'Factura A N°: 1083-00014356',NULL,'2023-05-19 01:06:34','2023-05-24 01:26:06',NULL),(751,7851,21,40719,40733,57,22,1,1,'2023-05-18','2023-05-18',16065.47,1,233.00,NULL,NULL,'2023-05-19 01:08:30','2023-05-19 01:08:30',NULL),(752,7851,21,40719,40733,57,21,1,1,'2023-04-30','2023-04-30',3000.11,1,233.00,NULL,NULL,'2023-05-19 01:14:59','2023-05-19 01:14:59',NULL);
INSERT INTO `cta_cte_cliente` VALUES (753,7851,3,40719,40764,57,22,2,1,'2023-05-22','2023-05-22',46404.00,1,1.00,'Factura A N°: 0002-00002237',NULL,'2023-05-24 00:50:46','2023-05-24 00:55:10',NULL),(754,7851,21,40719,40726,57,22,1,0,'2023-05-23','2023-05-23',20220.29,1,236.00,NULL,NULL,'2023-05-24 00:53:35','2023-05-24 01:21:36','2023-05-24 01:21:36'),(755,7851,21,40719,40742,57,22,1,0,'2023-05-23','2023-05-23',1970.99,1,236.00,NULL,NULL,'2023-05-24 00:54:17','2023-05-24 01:21:21','2023-05-24 01:21:21'),(756,7851,21,40719,40764,57,22,1,1,'2023-05-23','2023-05-23',46404.00,1,236.00,NULL,NULL,'2023-05-24 00:55:10','2023-05-24 00:55:10',NULL),(757,7851,3,40719,40811,57,22,2,1,'2023-05-23','2023-05-23',6609.28,1,1.00,'Factura A N°: 0008-00001313',NULL,'2023-05-24 01:12:54','2023-05-24 01:17:11',NULL),(758,7851,3,40719,40812,57,22,2,1,'2023-05-23','2023-05-23',32454.00,1,1.00,'Factura A N°: 0006-00007646',NULL,'2023-05-24 01:14:50','2023-05-24 01:16:34',NULL),(759,7851,21,40719,40812,57,22,1,1,'2023-05-23','2023-05-23',32454.00,1,236.00,NULL,NULL,'2023-05-24 01:16:34','2023-05-24 01:16:34',NULL),(760,7851,21,40719,40811,57,22,1,1,'2023-05-23','2023-05-23',6609.28,1,236.00,NULL,NULL,'2023-05-24 01:17:11','2023-05-24 01:17:11',NULL),(761,7851,21,40719,40726,57,22,1,0,'2023-05-23','2023-05-23',20220.29,1,236.00,NULL,NULL,'2023-05-24 01:25:26','2023-06-05 20:27:01','2023-06-05 20:27:01'),(762,7851,21,40719,40742,57,22,1,1,'2023-05-23','2023-05-23',1970.99,1,236.00,NULL,NULL,'2023-05-24 01:26:05','2023-05-24 01:26:06',NULL),(763,7851,3,40719,40803,57,22,1,0,'2023-05-11','2023-05-11',820749.97,1,1.00,'Nota de crédito B N°: 0265-00000522',NULL,'2023-06-01 17:24:17','2023-06-01 23:37:30','2023-06-01 23:37:30'),(764,7851,3,40719,40761,57,22,2,1,'2023-05-19','2023-05-19',498.90,1,1.00,'Factura A N°: 0037-04170452',NULL,'2023-06-01 17:24:17','2023-06-06 00:29:36',NULL),(765,7851,3,40719,40764,57,22,2,1,'2023-05-22','2023-05-22',50217.98,1,1.00,'Factura A N°: 0002-00002235',NULL,'2023-06-01 17:24:17','2023-06-01 23:25:32',NULL),(766,7851,3,40719,40811,57,22,2,1,'2023-05-23','2023-05-23',6609.28,1,1.00,'Factura A N°: 0005-00001313',NULL,'2023-06-01 17:24:17','2023-06-01 23:23:23',NULL),(767,7851,3,40719,40754,57,22,2,1,'2023-05-24','2023-05-24',3400.00,1,1.00,'Factura A N°: 0011-00025463',NULL,'2023-06-01 17:24:17','2023-06-06 00:11:44',NULL),(768,7851,3,40719,40727,57,22,2,1,'2023-05-24','2023-05-24',173573.08,1,1.00,'Factura A N°: 0004-00004386',NULL,'2023-06-01 17:24:17','2023-06-01 23:17:05',NULL),(769,7851,3,40719,40722,57,22,2,1,'2023-05-28','2023-05-28',10400.80,1,1.00,'Factura A N°: 9014-00014881',NULL,'2023-06-01 17:24:17','2023-06-01 23:14:47',NULL),(770,7851,3,40719,40814,57,22,2,0,'2023-05-29','2023-05-29',41710.23,1,1.00,'Factura A N°: 0016-00033526',NULL,'2023-06-01 17:24:17','2023-06-01 17:24:17',NULL),(771,7851,3,40719,40814,57,22,2,0,'2023-05-29','2023-05-29',107325.01,1,1.00,'Factura A N°: 0016-00033532',NULL,'2023-06-01 17:24:17','2023-06-01 17:24:17',NULL),(772,7851,3,40719,40814,57,22,2,0,'2023-05-29','2023-05-29',107325.01,1,1.00,'Factura A N°: 0016-00033527',NULL,'2023-06-01 17:24:17','2023-06-01 17:24:17',NULL),(773,7851,3,40719,40814,57,22,2,0,'2023-05-29','2023-05-29',39514.95,1,1.00,'Factura A N°: 0016-00033531',NULL,'2023-06-01 17:24:17','2023-06-01 17:24:17',NULL),(774,7851,3,40719,40814,57,22,1,0,'2023-05-29','2023-05-29',107325.01,1,1.00,'Nota de crédito A N°: 0016-00001492',NULL,'2023-06-01 17:24:17','2023-06-01 17:24:17',NULL),(775,7851,3,40719,40814,57,22,1,0,'2023-05-29','2023-05-29',39514.95,1,1.00,'Nota de crédito A N°: 0016-00001493',NULL,'2023-06-01 17:24:17','2023-06-01 17:24:17',NULL),(776,7851,3,40719,40815,57,22,2,1,'2023-05-29','2023-05-29',4400.00,1,1.00,'Factura A N°: 0001-00001199',NULL,'2023-06-01 17:24:17','2023-06-01 23:24:17',NULL),(777,7851,3,40719,40717,57,22,2,1,'2023-05-31','2023-05-31',6000.00,1,1.00,'Factura A N°: 0002-00000931',NULL,'2023-06-01 17:24:17','2023-06-01 23:18:13',NULL);
INSERT INTO `cta_cte_cliente` VALUES (778,7851,2,40719,40816,13,22,1,1,'2023-05-25','2023-05-25',386750.00,1,1.00,'Factura A N°: 0003-00000003',NULL,'2023-06-01 17:27:35','2023-06-05 23:41:26',NULL),(779,7851,3,40719,40753,57,22,2,1,'2023-05-30','2023-05-30',4640.00,1,1.00,'Factura A N°: 0003-00007266',NULL,'2023-06-01 17:50:42','2023-06-01 23:13:52',NULL),(780,7851,3,40719,40728,57,22,2,1,'2023-05-25','2023-05-25',19999.99,1,1.00,'Factura A N°: 0010-00188330',NULL,'2023-06-01 17:52:14','2023-06-01 23:12:44',NULL),(781,7851,3,40719,40728,57,22,2,1,'2023-05-25','2023-05-25',16300.00,1,1.00,'Factura A N°: 0010-00188130',NULL,'2023-06-01 17:53:55','2023-06-01 23:11:43',NULL),(782,7851,3,40719,40730,57,22,2,1,'2023-05-16','2023-05-16',3000.04,1,1.00,'Factura A N°: 0017-00028486',NULL,'2023-06-01 17:59:02','2023-06-01 23:09:05',NULL),(783,7851,3,40719,40730,57,22,2,1,'2023-05-16','2023-05-16',550.00,1,1.00,'Factura A N°: 0017-00028487',NULL,'2023-06-01 18:00:04','2023-06-01 23:09:05',NULL),(784,7851,3,40719,40730,57,22,2,1,'2023-05-31','2023-05-31',2999.94,1,1.00,'Factura A N°: 0019-00013174',NULL,'2023-06-01 18:01:51','2023-06-01 23:09:05',NULL),(785,7851,3,40719,40733,57,22,2,1,'2023-05-26','2023-05-26',3999.99,1,1.00,'Factura A N°: 0017-00033294',NULL,'2023-06-01 18:05:41','2023-06-01 23:07:04',NULL),(786,7851,3,40719,40733,57,22,2,1,'2023-05-26','2023-05-26',1999.96,1,1.00,'Factura A N°: 0017-00033364',NULL,'2023-06-01 18:08:29','2023-06-01 23:07:04',NULL),(787,7851,3,40719,40817,57,22,2,0,'2023-05-26','2023-05-26',30000.77,1,1.00,'Factura A N°: 0017-00010107',NULL,'2023-06-01 18:12:10','2023-06-01 18:14:58','2023-06-01 18:14:58'),(788,7851,3,40719,40817,57,22,2,0,'2023-05-26','2023-05-26',30222.38,1,1.00,'Factura A N°: 0026-00010106',NULL,'2023-06-01 18:13:03','2023-06-01 18:14:49','2023-06-01 18:14:49'),(789,7851,3,40719,40817,57,22,2,1,'2023-05-31','2023-05-31',7958.25,1,1.00,'Factura A N°: 0026-00010108',NULL,'2023-06-01 18:13:57','2023-06-01 23:05:16',NULL),(790,7851,3,40719,40817,57,22,2,1,'2023-05-31','2023-05-31',22340.85,1,1.00,'Factura A N°: 0026-00010109',NULL,'2023-06-01 18:14:41','2023-06-01 23:05:16',NULL),(791,7851,3,40719,40817,57,22,2,1,'2023-05-31','2023-05-31',30222.38,1,1.00,'Factura A N°: 0026-00010106',NULL,'2023-06-01 18:14:49','2023-06-01 23:05:16',NULL),(792,7851,3,40719,40817,57,22,2,1,'2023-05-31','2023-05-31',30000.77,1,1.00,'Factura A N°: 0017-00010107',NULL,'2023-06-01 18:14:58','2023-06-01 23:05:16',NULL),(793,7851,21,40719,40817,57,22,1,1,'2023-05-31','2023-05-31',90522.25,1,240.00,NULL,NULL,'2023-06-01 23:05:16','2023-06-01 23:05:16',NULL),(794,7851,21,40719,40733,57,22,1,1,'2023-05-27','2023-05-27',5999.95,1,240.00,NULL,NULL,'2023-06-01 23:07:04','2023-06-01 23:07:04',NULL),(795,7851,21,40719,40733,57,22,1,1,'2023-05-31','2023-05-31',7000.10,1,240.00,NULL,NULL,'2023-06-01 23:08:13','2023-06-01 23:08:13',NULL),(796,7851,21,40719,40730,57,22,1,1,'2023-05-16','2023-05-16',6549.98,1,240.00,NULL,NULL,'2023-06-01 23:09:05','2023-06-01 23:09:05',NULL),(797,7851,21,40719,40728,57,22,1,1,'2023-05-22','2023-05-22',16300.00,1,240.00,NULL,NULL,'2023-06-01 23:11:43','2023-06-01 23:11:43',NULL),(798,7851,21,40719,40728,57,22,1,1,'2023-05-25','2023-05-25',19999.99,1,240.00,NULL,NULL,'2023-06-01 23:12:44','2023-06-01 23:12:44',NULL),(799,7851,21,40719,40753,57,22,1,1,'2023-05-30','2023-05-30',4640.00,1,240.00,NULL,NULL,'2023-06-01 23:13:52','2023-06-01 23:13:52',NULL),(800,7851,21,40719,40722,57,22,1,1,'2023-05-28','2023-05-28',10400.80,1,240.00,NULL,NULL,'2023-06-01 23:14:47','2023-06-01 23:14:47',NULL),(801,7851,21,40719,40727,57,22,1,1,'2023-05-24','2023-05-24',173573.08,1,240.00,NULL,NULL,'2023-06-01 23:17:05','2023-06-01 23:17:05',NULL),(802,7851,21,40719,40717,57,22,1,1,'2023-05-31','2023-05-31',6000.00,1,240.00,NULL,NULL,'2023-06-01 23:18:13','2023-06-01 23:18:13',NULL),(803,7851,21,40719,40754,57,22,1,0,'2023-05-24','2023-05-24',3400.00,1,240.00,NULL,NULL,'2023-06-01 23:18:56','2023-06-05 23:54:28','2023-06-05 23:54:28');
INSERT INTO `cta_cte_cliente` VALUES (804,7851,21,40719,40814,57,22,1,0,'2023-06-01','2023-06-01',37259.00,1,240.00,NULL,NULL,'2023-06-01 23:21:46','2023-06-01 23:21:46',NULL),(805,7851,21,40719,40811,57,22,1,1,'2023-05-23','2023-05-23',6609.28,1,240.00,NULL,NULL,'2023-06-01 23:23:23','2023-06-01 23:23:23',NULL),(806,7851,21,40719,40815,57,22,1,1,'2023-05-23','2023-05-23',4400.00,1,240.00,NULL,NULL,'2023-06-01 23:24:17','2023-06-01 23:24:17',NULL),(807,7851,21,40719,40764,57,22,1,1,'2023-05-22','2023-05-22',50217.98,1,240.00,NULL,NULL,'2023-06-01 23:25:32','2023-06-01 23:25:32',NULL),(808,7851,21,40719,40761,57,22,1,0,'2023-05-19','2023-05-19',498.90,1,240.00,NULL,NULL,'2023-06-01 23:26:39','2023-06-06 00:28:38','2023-06-06 00:28:38'),(809,7851,21,40719,40722,57,22,1,1,'2023-05-31','2023-05-31',3000.01,1,240.00,NULL,NULL,'2023-06-01 23:38:29','2023-06-01 23:38:29',NULL),(810,7851,3,40719,40726,57,22,2,1,'2023-05-14','2023-05-14',20220.29,1,1.00,'Factura A N°: 2467-00887474',NULL,'2023-06-05 20:28:29','2023-06-05 20:29:31',NULL),(811,7851,21,40719,40726,57,22,1,1,'2023-05-27','2023-05-27',20220.29,1,242.00,NULL,NULL,'2023-06-05 20:29:31','2023-06-05 20:29:31',NULL),(812,7851,3,40719,40728,57,22,2,0,'2023-05-05','2023-05-05',20900.00,1,1.00,'Factura A N°: 0010-00187187',NULL,'2023-06-05 20:30:08','2023-06-05 20:33:55','2023-06-05 20:33:55'),(813,7851,3,40719,40728,57,22,2,0,'2023-05-05','2023-05-05',20900.00,1,1.00,'Factura A N°: 0010-00187187',NULL,'2023-06-05 20:33:55','2023-06-05 23:06:41','2023-06-05 23:06:41'),(814,7851,3,40719,40728,57,22,2,1,'2023-05-05','2023-05-05',20900.00,1,1.00,'Factura A N°: 0010-00187187',NULL,'2023-06-05 23:08:18','2023-06-06 01:03:39',NULL),(815,7851,21,40719,40728,57,22,1,0,'2023-05-05','2023-05-05',20900.00,1,242.00,NULL,NULL,'2023-06-05 23:08:54','2023-06-06 01:02:19','2023-06-06 01:02:19'),(816,7851,20,40719,40816,13,22,2,1,'2023-05-25','2023-05-25',386750.00,1,242.00,NULL,NULL,'2023-06-05 23:41:26','2023-06-05 23:41:26',NULL),(817,7851,21,40719,40754,57,22,1,0,'2023-05-24','2023-05-24',3400.00,1,242.00,NULL,NULL,'2023-06-05 23:55:39','2023-06-06 00:11:10','2023-06-06 00:11:10'),(818,7851,21,40719,40734,57,22,1,0,'2023-05-29','2023-05-29',7593.00,1,242.00,NULL,NULL,'2023-06-05 23:58:37','2023-06-05 23:58:37',NULL),(819,7851,21,40719,40754,57,22,1,1,'2023-05-24','2023-05-24',3400.00,1,244.00,NULL,NULL,'2023-06-06 00:11:44','2023-06-06 00:11:44',NULL),(820,7851,21,40719,40761,57,22,1,1,'2023-05-19','2023-05-19',498.90,1,244.00,NULL,NULL,'2023-06-06 00:29:36','2023-06-06 00:29:36',NULL),(821,7851,21,40719,40761,57,22,1,1,'2023-05-31','2023-05-31',997.80,1,244.00,NULL,NULL,'2023-06-06 00:33:49','2023-06-06 00:33:49',NULL),(822,7851,21,40719,40728,57,22,1,1,'2023-05-05','2023-05-05',20900.00,1,244.00,NULL,NULL,'2023-06-06 01:03:39','2023-06-06 01:03:39',NULL);

--
