INSERT INTO `log_debug` VALUES (15054,NULL,'assingPeriodsToBusiness','While de empresa, year->2028, initial_month->1, endMonth->12, contador->9','2022-11-10 20:22:20',NULL),(15055,NULL,'assingPeriodsToBusiness','While de empresa, year->2029, initial_month->1, endMonth->12, contador->10','2022-11-10 20:22:20',NULL),(15056,NULL,'assingPeriodsToBusiness','While de empresa, year->2030, initial_month->1, endMonth->12, contador->11','2022-11-10 20:22:20',NULL),(15057,NULL,'assingPeriodsToBusiness','While de empresa, year->2031, initial_month->1, endMonth->12, contador->12','2022-11-10 20:22:20',NULL),(15058,NULL,'assingPeriodsToBusiness','While de empresa, year->2032, initial_month->1, endMonth->12, contador->13','2022-11-10 20:22:20',NULL),(15059,NULL,'assingPeriodsToBusiness','While de empresa, year->2033, initial_month->1, endMonth->12, contador->14','2022-11-10 20:22:20',NULL),(15060,NULL,'assingPeriodsToBusiness','While de empresa, year->2034, initial_month->1, endMonth->12, contador->15','2022-11-10 20:22:20',NULL),(15061,NULL,'assingPeriodsToBusiness','While de empresa, year->2035, initial_month->1, endMonth->12, contador->16','2022-11-10 20:22:20',NULL),(15062,NULL,'assingPeriodsToBusiness','While de empresa, year->2036, initial_month->1, endMonth->12, contador->17','2022-11-10 20:22:20',NULL),(15063,NULL,'assingPeriodsToBusiness','While de empresa, year->2037, initial_month->1, endMonth->12, contador->18','2022-11-10 20:22:20',NULL),(15064,NULL,'assingPeriodsToBusiness','While de empresa, year->2038, initial_month->1, endMonth->12, contador->19','2022-11-10 20:22:20',NULL),(15065,NULL,'assingPeriodsToBusiness','While de empresa, year->2039, initial_month->1, endMonth->12, contador->20','2022-11-10 20:22:20',NULL),(15066,NULL,'assingPeriodsToBusiness','While de empresa, year->2040, initial_month->1, endMonth->12, contador->21','2022-11-10 20:22:20',NULL),(15067,NULL,'assingPeriodsToBusiness','While de empresa, year->2041, initial_month->1, endMonth->12, contador->22','2022-11-10 20:22:20',NULL),(15068,NULL,'assingPeriodsToBusiness','While de empresa, year->2042, initial_month->1, endMonth->12, contador->23','2022-11-10 20:22:20',NULL),(15069,NULL,'assingPeriodsToBusiness','While de empresa, year->2043, initial_month->1, endMonth->12, contador->24','2022-11-10 20:22:20',NULL),(15070,NULL,'assingPeriodsToBusiness','While de empresa, year->2044, initial_month->1, endMonth->12, contador->25','2022-11-10 20:22:20',NULL),(15071,NULL,'assingPeriodsToBusiness','While de empresa, year->2045, initial_month->1, endMonth->12, contador->26','2022-11-10 20:22:20',NULL),(15072,NULL,'assingPeriodsToBusiness','While de empresa, year->2046, initial_month->1, endMonth->12, contador->27','2022-11-10 20:22:20',NULL),(15073,NULL,'assingPeriodsToBusiness','While de empresa, year->2047, initial_month->1, endMonth->12, contador->28','2022-11-10 20:22:20',NULL),(15074,NULL,'assingPeriodsToBusiness','While de empresa, year->2048, initial_month->1, endMonth->12, contador->29','2022-11-10 20:22:20',NULL),(15075,NULL,'assingPeriodsToBusiness','While de empresa, year->2049, initial_month->1, endMonth->12, contador->30','2022-11-10 20:22:20',NULL),(15076,NULL,'assingPeriodsToBusiness','While de empresa, year->2050, initial_month->1, endMonth->12, contador->31','2022-11-10 20:22:20',NULL),(15077,NULL,'assingPeriodsToBusiness','While de empresa, year->2051, initial_month->1, endMonth->12, contador->32','2022-11-10 20:22:20',NULL),(15078,NULL,'assingPeriodsToBusiness','While de empresa, year->2052, initial_month->1, endMonth->12, contador->33','2022-11-10 20:22:20',NULL),(15079,NULL,'assingPeriodsToBusiness','While de empresa, year->2053, initial_month->1, endMonth->12, contador->34','2022-11-10 20:22:20',NULL),(15080,NULL,'assingPeriodsToBusiness','While de empresa, year->2054, initial_month->1, endMonth->12, contador->35','2022-11-10 20:22:20',NULL),(15081,NULL,'assingPeriodsToBusiness','While de empresa, year->2055, initial_month->1, endMonth->12, contador->36','2022-11-10 20:22:20',NULL);
INSERT INTO `log_debug` VALUES (15082,NULL,'assingPeriodsToBusiness','While de empresa, year->2056, initial_month->1, endMonth->12, contador->37','2022-11-10 20:22:20',NULL),(15083,NULL,'assingPeriodsToBusiness','While de empresa, year->2057, initial_month->1, endMonth->12, contador->38','2022-11-10 20:22:20',NULL),(15084,NULL,'assingPeriodsToBusiness','While de empresa, year->2058, initial_month->1, endMonth->12, contador->39','2022-11-10 20:22:20',NULL),(15085,NULL,'assingPeriodsToBusiness','While de empresa, year->2059, initial_month->1, endMonth->12, contador->40','2022-11-10 20:22:20',NULL),(15086,NULL,'assingPeriodsToBusiness','While de empresa, year->2060, initial_month->1, endMonth->12, contador->41','2022-11-10 20:22:20',NULL),(15087,NULL,'assingPeriodsToBusiness','While de empresa, year->2061, initial_month->1, endMonth->12, contador->42','2022-11-10 20:22:20',NULL),(15088,NULL,'assingPeriodsToBusiness','While de empresa, year->2062, initial_month->1, endMonth->12, contador->43','2022-11-10 20:22:20',NULL),(15089,NULL,'assingPeriodsToBusiness','While de empresa, year->2063, initial_month->1, endMonth->12, contador->44','2022-11-10 20:22:20',NULL),(15090,NULL,'assingPeriodsToBusiness','While de empresa, year->2064, initial_month->1, endMonth->12, contador->45','2022-11-10 20:22:20',NULL),(15091,NULL,'assingPeriodsToBusiness','While de empresa, year->2065, initial_month->1, endMonth->12, contador->46','2022-11-10 20:22:20',NULL),(15092,NULL,'assingPeriodsToBusiness','While de empresa, year->2066, initial_month->1, endMonth->12, contador->47','2022-11-10 20:22:20',NULL),(15093,NULL,'assingPeriodsToBusiness','While de empresa, year->2067, initial_month->1, endMonth->12, contador->48','2022-11-10 20:22:20',NULL),(15094,NULL,'assingPeriodsToBusiness','While de empresa, year->2068, initial_month->1, endMonth->12, contador->49','2022-11-10 20:22:20',NULL),(15095,NULL,'assingPeriodsToBusiness','While de empresa, year->2069, initial_month->1, endMonth->12, contador->50','2022-11-10 20:22:20',NULL),(15096,NULL,'assingPeriodsToBusiness','While de empresa, year->2070, initial_month->1, endMonth->12, contador->51','2022-11-10 20:22:20',NULL),(15097,NULL,'assingPeriodsToBusiness','While de empresa, year->2071, initial_month->1, endMonth->12, contador->52','2022-11-10 20:22:20',NULL),(15098,NULL,'assingPeriodsToBusiness','While de empresa, year->2072, initial_month->1, endMonth->12, contador->53','2022-11-10 20:22:20',NULL),(15099,NULL,'assingPeriodsToBusiness','While de empresa, year->2073, initial_month->1, endMonth->12, contador->54','2022-11-10 20:22:20',NULL),(15100,NULL,'assingPeriodsToBusiness','While de empresa, year->2074, initial_month->1, endMonth->12, contador->55','2022-11-10 20:22:20',NULL),(15101,NULL,'assingPeriodsToBusiness','While de empresa, year->2075, initial_month->1, endMonth->12, contador->56','2022-11-10 20:22:20',NULL),(15102,NULL,'assingPeriodsToBusiness','While de empresa, year->2076, initial_month->1, endMonth->12, contador->57','2022-11-10 20:22:20',NULL),(15103,NULL,'assingPeriodsToBusiness','While de empresa, year->2077, initial_month->1, endMonth->12, contador->58','2022-11-10 20:22:20',NULL),(15104,NULL,'assingPeriodsToBusiness','While de empresa, year->2078, initial_month->1, endMonth->12, contador->59','2022-11-10 20:22:20',NULL),(15105,NULL,'assingPeriodsToBusiness','While de empresa, year->2079, initial_month->1, endMonth->12, contador->60','2022-11-10 20:22:20',NULL),(15106,NULL,'assingPeriodsToBusiness','While de empresa, year->2080, initial_month->1, endMonth->12, contador->61','2022-11-10 20:22:20',NULL),(15107,NULL,'assingPeriodsToBusiness','While de empresa, year->2081, initial_month->1, endMonth->12, contador->62','2022-11-10 20:22:20',NULL),(15108,NULL,'assingPeriodsToBusiness','While de empresa, year->2082, initial_month->1, endMonth->12, contador->63','2022-11-10 20:22:20',NULL),(15109,NULL,'assingPeriodsToBusiness','While de empresa, year->2083, initial_month->1, endMonth->12, contador->64','2022-11-10 20:22:20',NULL);
INSERT INTO `log_debug` VALUES (15110,NULL,'assingPeriodsToBusiness','While de empresa, year->2084, initial_month->1, endMonth->12, contador->65','2022-11-10 20:22:20',NULL),(15111,NULL,'assingPeriodsToBusiness','While de empresa, year->2085, initial_month->1, endMonth->12, contador->66','2022-11-10 20:22:20',NULL),(15112,NULL,'assingPeriodsToBusiness','While de empresa, year->2086, initial_month->1, endMonth->12, contador->67','2022-11-10 20:22:20',NULL),(15113,NULL,'assingPeriodsToBusiness','While de empresa, year->2087, initial_month->1, endMonth->12, contador->68','2022-11-10 20:22:20',NULL),(15114,NULL,'assingPeriodsToBusiness','While de empresa, year->2088, initial_month->1, endMonth->12, contador->69','2022-11-10 20:22:20',NULL),(15115,NULL,'assingPeriodsToBusiness','While de empresa, year->2089, initial_month->1, endMonth->12, contador->70','2022-11-10 20:22:20',NULL),(15116,NULL,'assingPeriodsToBusiness','While de empresa, year->2090, initial_month->1, endMonth->12, contador->71','2022-11-10 20:22:20',NULL),(15117,NULL,'assingPeriodsToBusiness','While de empresa, year->2091, initial_month->1, endMonth->12, contador->72','2022-11-10 20:22:20',NULL),(15118,NULL,'assingPeriodsToBusiness','While de empresa, year->2092, initial_month->1, endMonth->12, contador->73','2022-11-10 20:22:20',NULL),(15119,NULL,'assingPeriodsToBusiness','While de empresa, year->2093, initial_month->1, endMonth->12, contador->74','2022-11-10 20:22:20',NULL),(15120,NULL,'assingPeriodsToBusiness','While de empresa, year->2094, initial_month->1, endMonth->12, contador->75','2022-11-10 20:22:20',NULL),(15121,NULL,'assingPeriodsToBusiness','While de empresa, year->2095, initial_month->1, endMonth->12, contador->76','2022-11-10 20:22:20',NULL),(15122,NULL,'assingPeriodsToBusiness','While de empresa, year->2096, initial_month->1, endMonth->12, contador->77','2022-11-10 20:22:20',NULL),(15123,NULL,'assingPeriodsToBusiness','While de empresa, year->2097, initial_month->1, endMonth->12, contador->78','2022-11-10 20:22:20',NULL),(15124,NULL,'assingPeriodsToBusiness','While de empresa, year->2098, initial_month->1, endMonth->12, contador->79','2022-11-10 20:22:20',NULL),(15125,NULL,'assingPeriodsToBusiness','While de empresa, year->2099, initial_month->1, endMonth->12, contador->80','2022-11-10 20:22:20',NULL),(15126,NULL,'assingPeriodsToBusiness','While de empresa, year->2100, initial_month->1, endMonth->12, contador->81','2022-11-10 20:22:20',NULL),(15127,NULL,'assingPeriodsToBusiness','While de empresa, year->2101, initial_month->1, endMonth->12, contador->82','2022-11-10 20:22:20',NULL),(15128,NULL,'assingPeriodsToBusiness','While de empresa, year->2102, initial_month->1, endMonth->12, contador->83','2022-11-10 20:22:20',NULL),(15129,NULL,'assingPeriodsToBusiness','While de empresa, year->2103, initial_month->1, endMonth->12, contador->84','2022-11-10 20:22:20',NULL),(15130,NULL,'assingPeriodsToBusiness','While de empresa, year->2104, initial_month->1, endMonth->12, contador->85','2022-11-10 20:22:20',NULL),(15131,NULL,'assingPeriodsToBusiness','While de empresa, year->2105, initial_month->1, endMonth->12, contador->86','2022-11-10 20:22:20',NULL),(15132,NULL,'assingPeriodsToBusiness','While de empresa, year->2106, initial_month->1, endMonth->12, contador->87','2022-11-10 20:22:20',NULL),(15133,NULL,'assingPeriodsToBusiness','While de empresa, year->2107, initial_month->1, endMonth->12, contador->88','2022-11-10 20:22:20',NULL),(15134,NULL,'assingPeriodsToBusiness','While de empresa, year->2108, initial_month->1, endMonth->0, contador->89','2022-11-10 20:22:20',NULL);

--
-- Table structure for table `lpg_granos`
--

CREATE TABLE `lpg_granos` (
  `id` int(10) unsigned NOT NULL AUTO_INCREMENT,
  `user_id` int(10) unsigned NOT NULL,
  `descripcion` varchar(191) COLLATE utf8mb4_unicode_ci DEFAULT NULL,
  `codigo_afip` int(10) unsigned NOT NULL,
  `habilitado` tinyint(1) NOT NULL DEFAULT '1',
  `created_at` timestamp NULL DEFAULT NULL,
  `updated_at` timestamp NULL DEFAULT NULL,
  `deleted_at` timestamp NULL DEFAULT NULL,
  PRIMARY KEY (`id`)
) ENGINE=InnoDB AUTO_INCREMENT=40 DEFAULT CHARSET=utf8mb4 COLLATE=utf8mb4_unicode_ci;

--
-- Dumping data for table `lpg_granos`
--

INSERT INTO `lpg_granos` VALUES (1,0,'Lino',1,1,NULL,NULL,NULL),(2,0,'Girasol',2,1,NULL,NULL,NULL),(3,0,'Maní en caja',3,1,NULL,NULL,NULL),(4,0,'Girasol Descascarado',4,1,NULL,NULL,NULL),(5,0,'Maní para industria de selección',5,1,NULL,NULL,NULL),(6,0,'Maní para industria aceitera',6,1,NULL,NULL,NULL),(7,0,'Maní tipo confitería',7,1,NULL,NULL,NULL),(8,0,'Colza',8,1,NULL,NULL,NULL),(9,0,'Colza “00”/Canola',9,1,NULL,NULL,NULL),(10,0,'Trigo forrajero',10,1,NULL,NULL,NULL),(11,0,'Cebada forrajera',11,1,NULL,NULL,NULL),(12,0,'Cebada apta para maltería',12,1,NULL,NULL,NULL),(13,0,'Trigo candeal',14,1,NULL,NULL,NULL),(14,0,'Trigo pan',15,1,NULL,NULL,NULL),(15,0,'Avena',16,1,NULL,NULL,NULL),(16,0,'Cebada cervecera',17,1,NULL,NULL,NULL),(17,0,'Centeno',18,1,NULL,NULL,NULL),(18,0,'Maíz',19,1,NULL,NULL,NULL),(19,0,'Mijo',20,1,NULL,NULL,NULL),(20,0,'Arroz cáscara',21,1,NULL,NULL,NULL),(21,0,'Sorgo granífero',22,1,NULL,NULL,NULL),(22,0,'Soja',23,1,NULL,NULL,NULL),(23,0,'Trigo blando',24,1,NULL,NULL,NULL),(24,0,'Trigo plata',25,1,NULL,NULL,NULL),(25,0,'Maíz flynt o plata',26,1,NULL,NULL,NULL),(26,0,'Maíz pisingallo',27,1,NULL,NULL,NULL),(27,0,'Triticale',28,1,NULL,NULL,NULL),(28,0,'Alpiste',30,1,NULL,NULL,NULL),(29,0,'Algodón',31,1,NULL,NULL,NULL),(30,0,'Cártamo',32,1,NULL,NULL,NULL),(31,0,'Poroto blanco natural oval y alubia',33,1,NULL,NULL,NULL),(32,0,'Poroto distinto del blanco oval y alubia',34,1,NULL,NULL,NULL),(33,0,'Arroz',35,1,NULL,NULL,NULL),(34,0,'Lenteja',46,1,NULL,NULL,NULL),(35,0,'Arveja',47,1,NULL,NULL,NULL),(36,0,'Poroto blanco seleccionado oval y alubia',48,1,NULL,NULL,NULL),(37,0,'Otras legumbres',49,1,NULL,NULL,NULL),(38,0,'Otros granos',50,1,NULL,NULL,NULL),(39,0,'Garbanzo',59,1,NULL,NULL,NULL);

--
-- Table structure for table `lpg_receipt_detail`
--

CREATE TABLE `lpg_receipt_detail` (
  `id` int(10) unsigned NOT NULL AUTO_INCREMENT,
  `user_id` int(10) unsigned NOT NULL,
  `lpg_receipt_id` int(10) unsigned NOT NULL,
  `saldo_id` int(10) unsigned NOT NULL,
  `concepto` varchar(191) COLLATE utf8mb4_unicode_ci DEFAULT NULL,
  `lpg_grano_id` int(10) unsigned NOT NULL,
  `cantidad` decimal(16,2) NOT NULL DEFAULT '0.00',
  `fac_elec_unidad_medida_id` int(10) unsigned NOT NULL,
  `precio` decimal(16,2) NOT NULL DEFAULT '0.00',
  `subtotal` decimal(16,2) NOT NULL DEFAULT '0.00',
  `created_at` timestamp NULL DEFAULT NULL,
  `updated_at` timestamp NULL DEFAULT NULL,
  `deleted_at` timestamp NULL DEFAULT NULL,
  PRIMARY KEY (`id`),
  KEY `lpg_receipt_detail_lpg_receipt_id_foreign` (`lpg_receipt_id`),
  KEY `lpg_receipt_detail_saldo_id_foreign` (`saldo_id`),
  KEY `lpg_receipt_detail_lpg_grano_id_foreign` (`lpg_grano_id`),
  KEY `lpg_receipt_detail_fac_elec_unidad_medida_id_foreign` (`fac_elec_unidad_medida_id`),
  CONSTRAINT `lpg_receipt_detail_fac_elec_unidad_medida_id_foreign` FOREIGN KEY (`fac_elec_unidad_medida_id`) REFERENCES `fac_elec_unidad_medidas` (`id`),
  CONSTRAINT `lpg_receipt_detail_lpg_grano_id_foreign` FOREIGN KEY (`lpg_grano_id`) REFERENCES `lpg_granos` (`id`),
  CONSTRAINT `lpg_receipt_detail_lpg_receipt_id_foreign` FOREIGN KEY (`lpg_receipt_id`) REFERENCES `lpg_receipts` (`id`),
  CONSTRAINT `lpg_receipt_detail_saldo_id_foreign` FOREIGN KEY (`saldo_id`) REFERENCES `conta_tipo_saldos` (`id`)
) ENGINE=InnoDB DEFAULT CHARSET=utf8mb4 COLLATE=utf8mb4_unicode_ci;

--
-- Dumping data for table `lpg_receipt_detail`
--


--
-- Table structure for table `lpg_receipts`
--

CREATE TABLE `lpg_receipts` (
  `id` int(10) unsigned NOT NULL AUTO_INCREMENT,
  `user_id` int(10) unsigned NOT NULL,
  `person_id` int(10) unsigned NOT NULL,
  `receipt_id` int(10) unsigned DEFAULT NULL,
  `fecha` date DEFAULT NULL,
  `num_comprobante` varchar(191) COLLATE utf8mb4_unicode_ci DEFAULT NULL,
  `created_at` timestamp NULL DEFAULT NULL,
  `updated_at` timestamp NULL DEFAULT NULL,
  `deleted_at` timestamp NULL DEFAULT NULL,
  PRIMARY KEY (`id`),
  KEY `lpg_receipts_person_id_foreign` (`person_id`),
  KEY `lpg_receipts_receipt_id_foreign` (`receipt_id`),
  CONSTRAINT `lpg_receipts_person_id_foreign` FOREIGN KEY (`person_id`) REFERENCES `persons` (`id`),
  CONSTRAINT `lpg_receipts_receipt_id_foreign` FOREIGN KEY (`receipt_id`) REFERENCES `receipts` (`id`)
) ENGINE=InnoDB DEFAULT CHARSET=utf8mb4 COLLATE=utf8mb4_unicode_ci;

--
-- Dumping data for table `lpg_receipts`
--


--
-- Table structure for table `mails`
--

CREATE TABLE `mails` (
  `id` int(10) unsigned NOT NULL AUTO_INCREMENT,
  `user_id` int(10) unsigned DEFAULT NULL,
  `name` varchar(255) COLLATE utf8mb4_unicode_ci NOT NULL,
  `created_at` timestamp NULL DEFAULT NULL,
  `updated_at` timestamp NULL DEFAULT NULL,
  `deleted_at` timestamp NULL DEFAULT NULL,
  PRIMARY KEY (`id`)
) ENGINE=InnoDB AUTO_INCREMENT=12 DEFAULT CHARSET=utf8mb4 COLLATE=utf8mb4_unicode_ci;

--
-- Dumping data for table `mails`
--

INSERT INTO `mails` VALUES (1,NULL,'Principal',NULL,NULL,NULL),(2,NULL,'Segundo',NULL,NULL,NULL),(3,NULL,'Tercero',NULL,NULL,NULL),(4,NULL,'Cuarto',NULL,NULL,NULL),(5,NULL,'Quinto',NULL,NULL,NULL),(6,NULL,'Sexto',NULL,NULL,NULL),(7,NULL,'Septimo',NULL,NULL,NULL),(8,NULL,'Octavo',NULL,NULL,NULL),(9,NULL,'Noveno',NULL,NULL,NULL),(10,NULL,'Decimo',NULL,NULL,NULL),(11,NULL,'Otro',NULL,NULL,NULL);

--
-- Table structure for table `mails_details`
--

CREATE TABLE `mails_details` (
  `id` int(10) unsigned NOT NULL AUTO_INCREMENT,
  `user_id` int(10) unsigned DEFAULT NULL,
  `mail` varchar(255) COLLATE utf8mb4_unicode_ci DEFAULT NULL,
  `telefono` varchar(255) COLLATE utf8mb4_unicode_ci DEFAULT NULL,
  `comentario` varchar(255) COLLATE utf8mb4_unicode_ci DEFAULT NULL,
  `mail_id` int(10) unsigned NOT NULL,
  `person_id` int(10) unsigned NOT NULL,
  `status` int(10) unsigned NOT NULL DEFAULT '1',
  `created_at` timestamp NULL DEFAULT NULL,
  `updated_at` timestamp NULL DEFAULT NULL,
  `deleted_at` timestamp NULL DEFAULT NULL,
  PRIMARY KEY (`id`),
  KEY `mails_details_mail_id_foreign` (`mail_id`),
  KEY `mails_details_person_id_foreign` (`person_id`),
  CONSTRAINT `mails_details_mail_id_foreign` FOREIGN KEY (`mail_id`) REFERENCES `mails` (`id`),
  CONSTRAINT `mails_details_person_id_foreign` FOREIGN KEY (`person_id`) REFERENCES `persons` (`id`)
) ENGINE=InnoDB AUTO_INCREMENT=21 DEFAULT CHARSET=utf8mb4 COLLATE=utf8mb4_unicode_ci;

--
-- Dumping data for table `mails_details`
--

INSERT INTO `mails_details` VALUES (10,7851,'mapoblet@yahoo.com.ar','+5492604677410',NULL,1,40758,1,'2022-11-30 13:06:54','2022-11-30 13:06:54',NULL),(15,7851,'ripatitomonti@hotmail.com','+5491141758974',NULL,1,40781,1,'2023-02-21 19:16:12','2023-02-21 19:16:12',NULL),(20,7851,'grupo.nimbus.argentina@gmail.com','2604677419','',1,40719,1,'2023-04-11 12:02:53','2023-04-11 12:02:53',NULL);
DELIMITER ;;
/*!50003 CREATE*/ /*!50017 DEFINER=`forge`@`%`*/ /*!50003 TRIGGER `MailsDetail_BD` BEFORE DELETE ON `mails_details` FOR EACH ROW insert into back_up_mails_details (mail,telefono,comentario,mail_id,person_id,modificado)
values(old.mail,old.telefono,old.comentario,old.mail_id,old.person_id,now()) */;;
DELIMITER ;

--
-- Table structure for table `migrations`
--

CREATE TABLE `migrations` (
  `id` int(10) unsigned NOT NULL AUTO_INCREMENT,
  `migration` varchar(255) COLLATE utf8mb4_unicode_ci NOT NULL,
  `batch` int(11) NOT NULL,
  PRIMARY KEY (`id`)
) ENGINE=InnoDB AUTO_INCREMENT=1124 DEFAULT CHARSET=utf8mb4 COLLATE=utf8mb4_unicode_ci;

--
-- Dumping data for table `migrations`
--

INSERT INTO `migrations` VALUES (1,'2014_10_12_000000_create_users_table',1),(2,'2014_10_12_100000_create_password_resets_table',1),(3,'2017_09_15_000000_CreateCountrysTable',1),(4,'2017_09_15_100000_CreateStatesTable',1),(5,'2017_09_15_221521_create_modules_table',1),(6,'2017_09_15_224048_create_usermodules_table',1),(7,'2017_12_04_172644_CreateTableActivitites',1),(8,'2017_12_04_181801_CreateTableReceiptTypes',1),(9,'2017_12_04_182416_CreateTableRetentionType',1),(10,'2017_12_04_190828_CreateTableTypes',1),(11,'2017_12_04_191413_CreateTableRetentions',1),(12,'2017_12_04_191537_CreateTableIIBBRetentions',1),(13,'2017_12_04_192126_CreateTableSystemTaxes',1),(14,'2017_12_04_202132_CreateTableZones',1),(15,'2017_12_04_210000_CreateTableOtherTaxes',1),(16,'2017_12_07_200000_CreateTableTaxAccounts',1),(17,'2017_12_07_202200_CreateTableStatus',1),(18,'2017_12_07_204438_CreateTablePersons',1),(19,'2017_12_07_204500_CreateTablePersonZones',1),(20,'2017_12_07_205029_CreateTablePeriods',1),(21,'2017_12_07_205700_CreateTableReceipts',1),(22,'2017_12_07_205819_CreateTableReceiptTaxes',1),(23,'2017_12_16_025744_CreateTableUserPersons',1),(24,'2018_02_01_205100_CreateTablePeriodLiquidation',1),(25,'2018_02_02_150420_ModPeriodLiq_CreateDetail',1),(26,'2018_02_06_162435_CreateTablePersonConfigurations',1),(27,'2018_03_07_162435_CreateTablesLiqIVA',1),(28,'2018_03_18_000010_IVAGroups',1),(29,'2018_03_20_000010_InsertsRT',1),(30,'2018_03_21_000010_UpdateRT',1),(31,'2018_03_26_232558_InsertsModules',1),(32,'2018_03_28_151014_CreateTablesBusinessModule',1),(33,'2018_04_11_124200_ModBusinessModule',1),(34,'2018_04_17_153900_ModBusinessModule2',1),(35,'2018_04_20_115000_TableBaseMonthsForPeriods',1),(36,'2018_04_24_155000_ModAddUsersBusiness',1),(37,'2018_04_27_162700_BusinessFieldsEmpresaMadre',1),(38,'2018_05_04_144100_BusinessViewValidateSave',1),(39,'2018_05_18_110400_FileUplodsBase_XLS',2),(40,'2018_05_30_183700_alter__system_taxes_to_system_taxese',3),(41,'2018_05_30_220512_alter__system_taxes__add__status',3),(42,'2018_05_31_221821_update_data_types',4),(43,'2018_06_03_1341_ProcedureAssingPeriodsTo',5),(44,'2018_06_04_001420_create_reportes_table',5),(45,'2018_06_04_2159_ProcedureReportesComprobantes',5),(46,'2018_06_05_104818_update_receipt_types__column__code',5),(47,'2018_06_05_171044_update__system__taxes__gravado0',5),(48,'2018_06_06_010459_create_procedure_creacion_empresa_usuario',5),(49,'2018_06_06_110700_UpdateReportesRutas',6),(50,'2018_06_07_011985_create_procedure_eliminasion_masiva_comprobantes',7),(51,'2018_06_09_141500_UpdateReportesRutasTableroAndModules',8),(52,'2018_06_10_203200_CreateViewReceiptsReports',9),(53,'2018_06_11_114580_UpdateTypesEliminacionMasiva',9),(54,'2018_06_19_110400_TableControlGeneral',10),(57,'2018_06_19_158985_InsertsModules_Control_General',11),(58,'2018_06_22_203200_CreateViewLiquidacionesIVA',12),(61,'2018_06_27_204440_alter_Table_Person_Configuration',13),(70,'2018_07_01_110401_InsertsModules_ClavesYMails',17),(71,'2018_07_01_110400_TableClavesYMails',18),(72,'2018_06_27_204436_CreateTableMails',19),(73,'2018_06_27_204437_CreateTableMailsDetails',19),(74,'2018_06_27_204438_CreateTableClaves',19),(75,'2018_06_27_204439_CreateTableClavesDetails',19),(76,'2018_07_07_011985_alter_procedure_eliminasion_masiva_comprobantes',20),(77,'2018_07_08_110400_UpdateTableClavesYMails',21),(78,'2018_07_11_011985_alter_procedure_eliminasion_masiva_comprobantes',22),(79,'2018_07_11_010459_alter_procedure_creacion_empresa_usuario',23),(80,'2018_07_15_110401_InsertsModules_Informacion',24),(81,'2018_07_17_110400_AddRegistroClavesYMails',25),(82,'2018_07_17_204439_CreateTableCharlasDetails',25),(83,'2018_07_11_011985_alter_procedure_eliminasion_masiva_comprobantes2',26),(90,'2018_07_18_110410_AddRegistroControlGeneral',26),(92,'2018_07_19_110404_SP_LiquidacionesHijas',26),(95,'2018_07_18_110400_TableVtoImpuestos',27),(96,'2018_07_18_110401_TableVtoFinCuit',27),(97,'2018_07_18_110402_TableImpuestoFinCuit',27);
INSERT INTO `migrations` VALUES (98,'2018_07_18_110403_TableVtoVencimiento',27),(99,'2018_07_18_110405_TableCategoriaImpuesto',27),(100,'2018_07_18_110409_TablePerson_Impuesto',27),(102,'2018_07_18_110412_CreateView_VencimientosAnuales',27),(103,'2018_07_18_110412_CreateView_liquidaciones_iibb',28),(104,'2018_07_18_110413_AddRegistroControlGeneral2',28),(105,'2018_07_18_110414_AddColumnTablePerson_Impuesto',28),(107,'2018_07_27_110400_InsertsModules_Impuestos',30),(115,'2018_07_29_110405_AddTypesAsientoSueldos',32),(116,'2018_07_29_110398_TableContaTipoCuentas',33),(117,'2018_07_29_110399_TableContaTipoSaldos',33),(118,'2018_07_29_110400_TableContaPlanCuenta',33),(119,'2018_07_29_110401_TableContaTipoDeAsientos',33),(126,'2018_08_06_110400_CreateTableEjerciciosAnteriores',36),(127,'2018_08_06_110400_AddTypesExportar',37),(128,'2018_08_12_110404_SP_LiquidacionesHijasActualizadas',38),(129,'2018_08_16_110400_AddReporteIVA',39),(130,'2018_08_16_110401_EditReporteLiquidacionesIIBB',39),(135,'2018_08_26_110400_InsertsModules_MonotributoIIBB',41),(136,'2018_08_66_110401_CreateTableCategoriasMonotributo',41),(139,'2018_08_22_093000_SP_LiquidacionesHijasFiltrosCorregidos',42),(140,'2018_08_30_110400_SP_DeleteLiquidationStatus1',43),(141,'2018_09_02_110400_SP_AsientoSueldo',44),(142,'2018_09_02_110401_SP_IIBBGasto',44),(143,'2018_09_02_110402_SP_ProyecGanancias',44),(144,'2018_09_02_110403_SP_RetencionesGanancias',44),(145,'2018_09_02_110404_SP_AnticiposGanancias',44),(146,'2018_09_03_110400_CreateViewLiquidacionesIVACorregida',45),(147,'2018_09_03_110401_CreateView_liquidaciones_iibbCorregida',45),(148,'2018_06_29_114600_CreateView_Proyeccion_Ganancias',46),(149,'2018_08_01_110401_CreateView_IIBB_Gasto',46),(150,'2018_08_05_110401_CreateView_AntGanan_SIRCREB_Compen',46),(151,'2018_08_01_110400_CreateView_Asientos',47),(152,'2018_08_05_110400_CreateView_RetencionesGanancias',47),(153,'2018_08_27_110400_CreateView_ProyecGananciasAll',48),(154,'2018_08_31_161300_TablesFacturaElectronica',49),(155,'2018_09_06_110400_InsertsModules_CtasCtes',50),(160,'2018_09_15_110400_AddColumnTablePersonConfiguration',50),(161,'2018_09_18_110400_InsertsModules_Bancos',50),(162,'2018_09_19_110400_SP_assingFromPeriodsPerson',51),(169,'2018_07_29_110402_TableContaAsientos',53),(170,'2018_07_29_110404_TableContaAsientosDetails',53),(171,'2018_09_10_110402_CreateView_CtaCteAsientos',53),(172,'2018_09_13_110400_AddColumnTableContaAsientos',53),(173,'2018_09_10_110400_CreateView_CtaCteSaldosCajas',54),(174,'2018_09_21_110400_AddColumnTableContaAsientosDebeHaber',54),(175,'2018_09_23_110400_InsertsModules_Gastos',54),(176,'2018_09_23_110401_TableCtaCteTiposDeGastos',54),(177,'2018_09_23_110402_TableCtaCteCuentaTipo',54),(178,'2018_09_23_110403_TableCtaCteCentrosCostos',54),(179,'2018_09_24_110400_TableCtaCteGastosMensuales',54),(180,'2018_09_27_110400_AddColumnTableContaAsientosPagado',54),(181,'2018_10_05_110400_InsertsModules_TableroControl',54),(183,'2018_10_09_110400_AddColumnTablePersonConfigurationBanco',56),(184,'2018_09_10_110401_CreateView_CtaCteClientes',57),(185,'2018_10_15_110400_TableCtaCteBancos',58),(186,'2018_10_15_110401_TableCtaCteCheques',58),(187,'2018_10_16_110400_CreateView_CtaCteCheques',58),(188,'2018_10_18_110400_CreateView_ConsultaComprobantes',59),(189,'2018_07_18_110411_CreateView_VencimientoImpuestos',60),(190,'2018_10_22_110400_TableCtaCteBancosDatos',61),(191,'2018_11_02_110400_AddColumnTableReceiptComprobanteAFIP',62),(192,'2018_11_04_110400_CreateTableClavesDetailsBackUp',62),(193,'2018_11_04_110401_CreateTableMailsDetailsBackUp',62),(194,'2018_11_04_110402_CreateTableCharlasDetailsBackUp',62),(195,'2018_11_04_110403_TriggerClaves',62),(196,'2018_11_04_110404_TriggerMails',62),(197,'2018_11_04_110405_TriggerCharla',62),(198,'2018_11_08_010400_modify_procedure_creacion_empresa_usuario',62),(199,'2018_11_10_110400_AddColumnTableChequesFoto',62),(200,'2018_11_19_110400_ModifyView_VencimientoImpuestos',62);
INSERT INTO `migrations` VALUES (201,'2018_11_23_110400_DeleteForeignKeyCtaCteCheques',62),(202,'2018_11_26_110400_AddColumnTableVto_categoria_imp',62),(203,'2018_11_26_110401_CreateSPMonotributistas',62),(204,'2018_11_28_110400_CreateTableCategoriasIIBB',62),(205,'2018_11_28_110401_UpdateTableVto_categoria_imp',62),(206,'2018_11_28_110402_CreateView_IIBBRegSimpl',62),(207,'2018_12_05_110400_CreateView_PDF_ConsultaComprobantes',62),(208,'2018_12_06_110400_Add_data_types_libros',62),(209,'2018_12_07_110400_ViewLiquidacionesIVALiquidador',62),(210,'2018_12_07_110401_View_liquidaciones_iibbLiquidador',62),(211,'2018_12_09_110400_AddColumnFileReceipts',62),(212,'2018_12_11_110400_InsertsModules_Contabilidad',62),(213,'2018_12_12_110400_TableBalanceLibro',62),(214,'2018_12_12_110401_TableBalanceLibroDetails',62),(215,'2018_12_12_110402_AddContaTipoDeAsientos',62),(216,'2018_12_13_110400_UpdateTableContaPlanCuenta',62),(217,'2018_12_26_110400_CreateSPAsientosContables',62),(218,'2019_01_01_110400_AddColumnContaPlanCuenta',62),(219,'2019_01_02_110400_InsertsModules_ContabilidadPlanCuenta',62),(220,'2019_01_02_110401_AddCuentasTableContaPlanCuenta',62),(221,'2019_01_02_110402_ModifyRubroContaPlanCuenta',62),(222,'2019_01_03_11040_ModifyVentasPlanCuenta',62),(223,'2019_01_03_11041_ModifyPlanCuentasNiveles',62),(224,'2019_01_04_110400_AddColumnContaPlanCuentaNoEditable',62),(225,'2019_01_04_110401_ModifyColumnBalanceLibro',62),(226,'2019_01_04_110402_ModifySPAsientosContables',62),(227,'2019_01_04_110403_ModifyPlanCuentasNiveles5',62),(228,'2019_01_04_110404_InsertsModules_ContabilidadReportes',62),(229,'2019_01_06_110400_ModifyTableCategoriasMonotributo',62),(230,'2019_01_06_110401_ModiyfyContaPlanCuentaNivel5',62),(231,'2019_01_06_110402_SPSumasYSaldos',62),(232,'2019_01_07_110400_ModifyView_CtaCteClientes',62),(233,'2019_01_08_110400_ModiyfyOtraVezContaPlanCuentaNivel5',62),(234,'2019_01_08_110401_ModifySPAsientosContablesV1',62),(235,'2019_01_08_110402_UpdateTableVtoVencimiento2019',62),(236,'2019_01_08_110403_UpdateTableCategoriasMonotributo',62),(237,'2019_01_08_1104043_UpdateTableCategoriasIIBB',62),(238,'2019_01_09_110400_AddColumnconta_tipo_asientosOrderBy',62),(239,'2019_01_09_110401_ModifySPAsientosContablesOrderBy',62),(240,'2019_01_09_110402_UpdateValores2019vto_categoria_imp',62),(241,'2019_01_09_135600_SPAsignacionPeriodosEntreFechas',62),(242,'2019_01_16_110400_ModifySPAsientosContablesV2',62),(243,'2019_01_17_110400_InsertsModules_ContabilidadLibros',62),(244,'2019_01_17_110401_Delete_data_types_libros',62),(245,'2019_01_18_110400_ModifySPAsientosContablesV3',62),(246,'2019_01_19_110400_ModifySPAsientosContablesMensuales',62),(247,'2019_01_20_110400_InsertsModules_Administracion',62),(248,'2019_01_21_110400_CreateTableDbAbuelas',62),(249,'2019_01_21_110400_SP_AsientoSueldoV1',62),(250,'2019_01_24_110400_ModifySPAsientosContablesMensualesV1',62),(251,'2019_01_24_110401_ModiyfyContaPlanCuentaNivelV1',62),(252,'2019_01_24_110402_Modify_CtaCteSaldosCajasV1',62),(253,'2019_02_08_110400_InsertsModules_Mails',62),(254,'2019_02_10_183012_create_jobs_table',62),(255,'2019_02_11_110400_AddColumnTdbAbuelasLocalidad',62),(256,'2019_02_11_110401_ModifyPlanCuentasNiveles6',62),(257,'2019_02_11_110401_SP_VtoImpuestosMail',62),(258,'2019_02_12_110400_UpdateValores2019vto_categoria_impV1',62),(259,'2019_02_12_110401_SP_VtoImpuestosMailV1',63),(260,'2019_02_12_110402_AddColumnTablePersonConfigurationEnviarMail',63),(261,'2019_02_15_011342_create_failed_jobs_table',63),(262,'2019_02_15_110400_AddHonorarioToTableVtoVencimiento',63),(263,'2019_02_17_110400_AddTypeUserOperador',63),(264,'2019_02_22_110400_CreateTableVto_person_impuestos_creados',63),(265,'2019_03_06_110400_UpdateTableCategoriasMonotributoV1',64),(266,'2018_09_17_115300_UpdateConDatosTablesFacturaElectronica',65),(267,'2018_09_21_110401_CreateView_CtaCteClientes',65),(268,'2018_09_27_154000_ModifyTablesFacturaElectronica',65),(269,'2019_01_12_090909_ModifyTablesFacturaElectronicaPuntoVenta',65);
INSERT INTO `migrations` VALUES (270,'2019_03_13_110400_CreateView_CtaCteClientesV2',66),(271,'2019_03_13_110401_AddColumnContaAsiento',67),(272,'2019_03_20_110400_UpdateValores2019vto_categoria_impAutonomosMarzo',68),(273,'2019_03_20_110400_UpdateValores2019vto_categoria_impAutonomosMarzoV1',69),(274,'2019_03_20_110401_CreateTablePruebaGratis',70),(275,'2019_03_27_110400_AddColumnTableBalanceLibro',71),(276,'2019_03_29_110400_SP_VtoImpuestosMailV2',72),(277,'2019_04_04_110400_ModifyPlanCuentasNiveles7',73),(278,'2019_04_09_110400_AddColumnPersonPlanCuentaId',74),(279,'2019_04_09_110401_AddColumnReceiptPlanCuentaId',74),(280,'2019_04_05_110400_AddColumnTableReceiptTypes',75),(281,'2019_04_14_110400_Insert_data_typesMisComprobantes',75),(282,'2019_04_28_110400_DeleteRegisterReportes',76),(283,'2019_04_30_110400_CorreccionTableVtoVencimiento2019',77),(284,'2019_04_22_110400_AddColumnAndUpdateCuenta_idInTablesImpuestos',78),(285,'2019_04_23_110400_AddRegisterTableSystemTaxes',78),(286,'2019_04_25_110400_AddColumnTableOtherTaxes',78),(287,'2019_05_02_110400_SPExportarComprobantes',78),(288,'2019_05_14_110400_AddRegisterReceiptTypes',79),(289,'2019_05_24_110400_UpdatePersons',80),(292,'2019_06_07_110400_AddColumnUser',81),(294,'2019_06_21_110400_TableActas',82),(295,'2019_06_27_110400_SPExportarComprobantes',83),(296,'2019_06_28_110400_AddRegisterTActas',84),(297,'2019_03_04_110400_UpdateSystemTaxesAfipAlicuota',85),(298,'2019_04_01_100000_ModificacionesFADetallesCondicionesVenta',85),(299,'2019_04_19_100000_TablasFacturaElectronicaMasiva',85),(300,'2019_06_27_110400_SPUpdateHonorario',86),(301,'2019_07_09_110400_AddColumnFacEleRecDetail',86),(302,'2019_07_10_110400_AddColumnPersonConfig',87),(303,'2019_07_11_110400_ModifySPproyecGanancias',87),(304,'2019_07_11_110401_ModifySPAsientoSueldo',87),(305,'2019_07_11_110402_ModifySPiibb_gasto',87),(306,'2019_07_11_110403_ModifySPRetenciones',87),(307,'2019_07_11_110404_ModifySPAnticipoGanancias',87),(308,'2019_07_11_110405_ModifySPIIBB_Gasto',88),(309,'2019_07_11_110406_SPLiquidacionesIVA',88),(310,'2019_07_11_110407_SPLiquidacionesIIBB',88),(311,'2019_07_11_110408_ModifySPMonotributistas',89),(312,'2019_07_11_110409_ModifySPIIBB_GastoV1',90),(313,'2019_07_11_110410_SPReceipts',91),(314,'2019_07_11_110411_SPReceiptsForExporTXT',92),(315,'2019_07_14_110400_TableFEUnidadMedida',93),(316,'2019_07_14_110401_TableCondicionFrenteIVA',93),(317,'2019_07_14_110402_AddColumnCondFrenteIVAFE',93),(318,'2019_07_15_110401_ModifySPMonotributistasV1',93),(319,'2019_07_215_110400_DeleteRegisterSystemTaxes',93),(320,'2019_07_18_110400_ModifySPIIBB_GastoV2',94),(321,'2019_07_18_110401_ModifySPLiquidacionesIIBB',94),(322,'2019_07_18_110403_ModifySPLiquidacionesIVA',94),(323,'2019_07_23_110400_AddColumnFEMasivaDetalle',95),(324,'2019_07_29_110400_AddColumnReceiptType_FE',96),(325,'2019_08_05_110400_DeleteForeingKeyTableReceiptFactElec',97),(327,'2019_08_07_110400_UpdateValores2019vto_categoria_impAutonomosJunio',98),(328,'2019_08_07_110401_InsertsModules_Configuracion',99),(329,'2019_08_11_110401_InsertsModules_CerrarPeriodosContabilidad',100),(330,'2019_08_20_110400_AddColumnFEPuntoVenta',101),(331,'2019_08_20_110401_AddModuleFEConfiguracion',101),(332,'2019_08_23_110400_DeleteCuentaPlanCuenta',102),(333,'2019_08_28_110400_ModifyActasModelos',103),(334,'2019_09_26_110400_ModifyView_IIBBRegSimpl',104),(335,'2019_10_01_110400_UpdateTableCategoriasIIBBV2',105),(336,'2019_10_01_110401_UpdateValores2019vto_categoria_impAutonomosSeptiembre',106),(337,'2019_09_17_110400_TableCtaCteClientes',107),(338,'2019_09_17_110401_AddModuleCtaCteCliente',107),(339,'2019_09_19_110400_SPCtaCteCliente',107),(340,'2019_09_22_110400_AddColumnBalanceLibroCtaCteCliente',107),(341,'2019_09_23_110400_ModifySPAsientosContablesV2',107),(342,'2019_09_24_110400_TableCtaCtePivotReceipt',107),(343,'2019_09_25_110400_ModifyCuentasContablesRetenciones',107),(344,'2019_09_2_110401_AddRegisterContaTipoAsientos',107);
INSERT INTO `migrations` VALUES (345,'2019_10_04_110398_AddColumnPlanCuenta',108),(346,'2019_10_04_110399_DeleteColumnBalanceLibro',108),(347,'2019_10_04_110400_TableCtaCteTesoreriaCuentas',108),(348,'2019_10_04_110401_TableCtaCteTesoreriaCtaCte',108),(349,'2019_10_04_110402_AddColumnBalanceLibroCtaCteTesoreria',108),(350,'2019_10_04_110404_ModifyTableCtaCteCheques',108),(351,'2019_10_05_110404_ModifyTableCtaCteCcliente',108),(352,'2019_10_06_110400_AddModuleTesoreria',108),(353,'2019_10_09_110400_SPCtaCteClienteUpdate',108),(354,'2019_10_16_11040_AddRegisterContaTipoAsientos22',108),(355,'2019_10_24_110400_AddModuleNoFiscal',109),(356,'2019_10_24_110401_TablesNoFiscal',109),(357,'2019_10_30_110400_ModifySPAsientosContablesV3',109),(358,'2019_29_10_110400_ModifyTablesNFRelashionship',109),(359,'2019_11_03_110400_AddFacturaElectronicaPyme',110),(360,'2019_11_08_110400_TablesGanancias',111),(361,'2019_11_08_110401_AddModuleGanancias',111),(362,'2019_11_18_110400_AddModuleBienesPersonales',112),(363,'2019_11_18_110400_TablesBienesPersonales',112),(364,'2019_11_20_110400_UpdateDataTypeLibroIvaDigital',113),(365,'2019_11_21_110400_AddColumnPersonConfFELeyenda',114),(366,'2019_11_24_110400_TablesAsientosModelos',115),(367,'2019_11_27_110400_TablesObligacionesAnuales',116),(368,'2019_11_27_110401_AddModuleObligacionesAnuales',116),(369,'2019_12_06_110400_UpdateDataTypeAFIP',117),(370,'2019_12_06_110401_AddModuleControlAfip',118),(371,'2019_12_06_110402_TableControlCuitsAfip',118),(372,'2019_12_08_110400_AddColumnJobs',118),(373,'2019_12_09_110401_TablesRecibos',119),(374,'2019_12_09_11040_AddModuleRecibo_Presupuesto',119),(375,'2019_12_14_110400_DeleteTableFE',120),(376,'2019_12_16_110400_TablesDeudasImpositivas',121),(377,'2019_12_16_110401_AddModuleDeudasImpositivas',121),(378,'2019_12_18_110400_AddUserFirma',121),(379,'2019_12_23_110400_TablesPresupuestos',122),(380,'2019_12_24_110400_UpdateTableBalanceAddUser',123),(381,'2020_01_07_110400_ModifyForeingConstrainBalanceLibro',124),(382,'2020_01_08_110400_AddIIBBCordoba',125),(383,'2020_01_09_110399_AddIIBBCordobaRegSimp',126),(384,'2020_01_09_110400_UpdateTableVtoVencimiento2020',126),(385,'2020_01_09_110401_UpdateTableCategoriasMonotributo2020',126),(386,'2020_01_09_110402_UpdateTableCategoriasIIBB2020',126),(387,'2020_01_09_110403_UpdateValores2020vto_categoria_imp',126),(388,'2020_01_09_110404_UpdateVencimientosPerson2020',126),(389,'2020_01_12_110400_ModifySPMonotributistasV2',127),(390,'2020_01_13_110400_AddSoftDeletePeriodLiquidations',128),(391,'2020_01_14_110400_SPExportarComprobantesV2',129),(392,'2020_01_14_110401_ModifySPRetencionesV1',129),(393,'2020_01_14_110402_ModifySPAnticipoGananciasV1',129),(394,'2020_01_16_110400_ModifySPMonotributistasV3',130),(395,'2020_01_16_110401_UpdateValores2020vto_categoria_impV1',131),(396,'2020_01_16_110402_UpdateVencimientosPerson2020V1',131),(397,'2020_01_15_110400_TableTUser_Persons',132),(398,'2020_01_15_110401_TablesNotificaciones',132),(399,'2020_01_27_110400_AddReceiptTypeCierreZ',133),(400,'2020_01_28_110400_TablesGananciasV1',134),(401,'2020_01_28_110401_TablesGanancias2020',135),(402,'2020_01_30_110400_DeleteRegisterNoFicalContabilidad',136),(403,'2020_01_30_110400_ModifySPAsientosContablesMensualesV2',137),(404,'2020_01_30_110401_ModifySPAsientosContablesV4',138),(405,'2020_01_30_110402_DeleteSPAsientosContablesMensuales',139),(406,'2020_01_31_110400_AddUserIdVariasTables',140),(407,'2020_01_29_110400_AddColumnCtasTesoreriaContaAsientos',141),(408,'2020_02_06_110400_View_CtaCteClientesV3',141),(409,'2020_02_06_110401_AddCuentasMiasTesoreria',141),(410,'2020_02_07_110400_AddColumnPersonConfigLiqEsp',142),(411,'2020_02_08_110400_AddColumnPersonConfigLiqEspV1',143),(412,'2020_02_08_110401_AddColumnCtaCteCuentasTesoreriaCtaCteGastos',144),(413,'2020_02_09_110400_DeleteColumnPlanCuenta',145),(414,'2020_02_10_110400_ModifySPAsientoSueldo2020',146),(415,'2020_02_11_110400_ModifyView_CtaCteChequesV1',147),(416,'2020_02_13_110400_SPSumasYSaldosV1',148);
INSERT INTO `migrations` VALUES (417,'2020_02_13_110401_AddSoftDeleteCtaCteCheques',149),(418,'2020_02_19_110400_AddReceiptTypeCompraBsUsados',150),(419,'2020_02_19_110401_AddColumnTusersTypesUsers',151),(420,'2020_02_19_110402_DeleteSPNoUsoMas',152),(421,'2020_02_20_110400_AddColumnReceiptToFacEleReceitp',153),(422,'2020_02_25_110400_DeleteSPNoUsoMasV2',154),(423,'2020_02_26_110400_AddMonotributoSocial',155),(424,'2020_02_26_110401_UpdateReceiptTypeLetra',155),(425,'2020_02_27_110400_UpdateGananciasArt90',156),(426,'2020_02_28_110400_TableAjPorInflacionIndices',157),(427,'2020_03_02_110400_AddColumnPersonConfigCtaCteTesCuenta',158),(428,'2020_03_08_110400_AddModuleVentanillaElect',159),(429,'2020_03_08_110400_TablesVentanillaElec',160),(430,'2020_03_20_110400_UpdateReceiptTiquetZ',161),(431,'2020_04_16_110400_UpdateSystemTaxes',162),(432,'2020_05_18_110400_View_PdfConsultaComprobantes',163),(433,'2020_05_24_110400_TablesRemitos',164),(434,'2020_05_27_110400_AddImpuestoSegHigiene',165),(435,'2019_08_12_110400_AddColumnsTModules',166),(436,'2019_08_13_110399_InsertsModulesSueldo',167),(437,'2019_08_13_110400_TableSueldosSyJTipoEmpleador',167),(438,'2019_08_13_110401_TableSueldosSyJAlicuotaAporteContribucion',167),(439,'2019_08_13_110402_TableSueldosSyJActividad',167),(440,'2019_08_13_110403_TableSueldosSyJObraSocial',167),(441,'2019_08_13_110404_TableSueldosSyJZonaGeografica',167),(442,'2019_08_13_110405_TableSueldosSyJTituloLey20744',167),(443,'2019_08_13_110406_TablePais',167),(444,'2019_08_13_110407_TableLocalidad',167),(445,'2019_08_13_110408_TableCalle',167),(446,'2019_08_13_110408_TableSueldosSyJEmpAfecta',167),(447,'2019_08_13_110409_TableSueldosSyJTipoLiquidacion',167),(448,'2019_08_13_110412_TableSueldosSyJEmpAlcance',167),(449,'2019_08_13_110413_TableSexo',167),(450,'2019_08_13_110414_TableNacionalidad',167),(451,'2019_08_13_110415_TableEstadoCivil',167),(452,'2019_08_13_110416_TableTipoDocumento',167),(453,'2019_08_13_110417_TableSyJEmpEstado',167),(454,'2019_08_13_110418_TableSyJObraSocPlanes',167),(455,'2019_08_13_110419_TableSyJFormaPago',167),(456,'2019_08_13_110421_TableSyJEmpSituacionRevista',167),(457,'2019_08_13_110422_TableSyJEmpCondicion',167),(458,'2019_08_13_110423_TableSyJEmpModalidadContratacion',167),(459,'2019_08_13_110424_TableSyJEmpCodSiniestro',167),(460,'2019_08_13_110425_TableSyJRegimen',167),(461,'2019_08_13_110426_TableSyJEmpParentesco',167),(462,'2019_08_13_110427_TableSyJConfig',167),(463,'2019_08_13_110428_TableSyJDomiclioExplotacion',167),(464,'2020_03_17_110399_TableSeccionesCargoCCosto',167),(465,'2020_03_17_110400_TableConvenios',167),(466,'2020_03_17_110401_TableReferencias',167),(467,'2020_03_17_110402_SYJFunciones',167),(468,'2020_03_17_110402_TableAntesConceptos',167),(469,'2020_03_17_110402_TableConceptos',167),(470,'2020_03_17_110402_TablePivotConceptoCategoria',167),(471,'2020_03_17_110402_TablePivotConceptoTipoLiquidaciones',167),(472,'2020_03_17_110410_TableEmpleados',167),(473,'2020_03_17_110411_TablePivotEmpleadoConcepto',167),(474,'2020_03_19_110400_SYJPeriods',167),(475,'2020_03_19_110401_SYJLiquidaciones',167),(476,'2020_03_29_110400_SYJLiquidacionEmpleado',167),(477,'2020_04_03_110400_TablePivotConceptoCantidadValor',167),(478,'2020_04_07_110400_TablePivotConceptoEscala',167),(479,'2020_04_19_110400_AddColumnConceptosFiltrosAsoc',167),(480,'2020_04_19_110401_TableSyJEmpleadoFamiliar',167),(481,'2020_04_19_110402_TableSyJEmpleadoVacaciones',167),(482,'2020_04_26_110400_TableSyJReportes',167),(483,'2020_04_26_110401_TableSyJTablasdelSistema',167),(484,'2020_04_27_110400_AddColumnEmpleados',167),(485,'2020_04_27_110401_AddColumnCodigosAfip',167),(486,'2020_04_28_110399_TableSICOSSFormatValor',167),(487,'2020_04_28_110400_TableSICOSS',167),(488,'2020_04_28_110401_TablePivotConvenioFormatoSicoss',167),(489,'2020_04_28_110402_AddColumnPivotFormatoSicossConv',167),(490,'2020_04_29_110400_AddColumnFormatoSicossDetalleV1',167),(491,'2020_04_29_110401_AddColumnFormatoSicossDetalle',167);
INSERT INTO `migrations` VALUES (492,'2020_04_30_110400_AddColumnDomicilios',167),(493,'2020_05_02_110400_AddColumnControlaTopes',167),(494,'2020_05_05_110400_TableSindicatos',167),(495,'2020_05_07_110400_SYJPeriodsAddColumn',167),(496,'2020_05_07_110401_AddColumnBalanceLibroSueldos',167),(497,'2020_05_10_110400_AddColumnTablasFunciones',167),(498,'2020_05_11_110400_AddColumnTablaMasterEmpDomestica',167),(499,'2020_05_19_110400_TablePivotEmpleadoExcluirConcepto',167),(500,'2020_05_22_110400_InsertsModulesBlog',167),(501,'2020_05_22_110400_SYJPeriodsEmpDomestica',167),(502,'2020_05_25_110399_AddImpuestoSegHigiene',167),(503,'2020_05_25_110400_AddColumnVtoImpuestos',167),(504,'2020_05_26_110400_AddColumnSyJLiquidaciones',167),(505,'2020_05_26_110402_AddColumnSyJFormatoSicossDetalle',167),(506,'2020_12_31_110400_CopyDatoFromDBTaxes',167),(507,'2020_05_31_110400_InsertsModulesConfigUser',168),(508,'2020_06_03_110400_UpdateVtoImpuestos',169),(509,'2020_01_04_110401_UpdateTableCategoriasIIBB2021',170),(510,'2020_06_07_110400_InsertsModulesConfigAltaAbuela',170),(511,'2020_06_09_110400_AlterTableSyJConfig',170),(512,'2020_06_09_110400_InsertTablaReferencia',170),(513,'2020_06_11_000000_create_blogs_table',170),(514,'2020_06_14_110400_TableContactos',170),(515,'2020_06_14_110400_TablePlanesSuscripcion',170),(516,'2020_06_14_110401_TablePlanesSuscripcionV1',170),(517,'2020_06_19_110400_TableAjPorInflacionIndicesV1',170),(518,'2020_06_22_110400_AddColumnUsers',170),(519,'2020_06_22_110401_TableUserCtaCte',170),(520,'2020_06_25_110400_TableSyJG4OtrosEmpleos',170),(521,'2020_06_25_110401_TableSyJG4Deducciones',170),(522,'2020_06_25_110402_TableSyJG4DeducPersonales',170),(523,'2020_06_25_110403_TableSyJG4Art90',170),(524,'2020_07_01_110400_AddColumnDeletedAtConceptoPivot',170),(525,'2020_07_02_110400_InsertsGravImpGcias',170),(526,'2020_07_02_110401_TableSyJG4Detail',170),(527,'2020_07_04_110402_AddColumnSyJG4TipoDeducPers',170),(528,'2020_07_05_110401_TableSyJG4F1357',170),(529,'2020_07_06_110400_AddReceiptTypeCuentaVenta',170),(530,'2020_07_07_110400_AddImpuestoIIBBCorrientes',170),(531,'2020_07_07_110400_InsertConceptoReferencia',170),(532,'2020_07_09_110400_AddColumnDeducGenerales',170),(533,'2020_07_10_110400_AddColumnDBAbuela',170),(534,'2020_07_12_110400_UpdateTableTesoreriaCtas',170),(535,'2020_07_13_110400_AddImpuestoIIBBSantaFe',170),(536,'2020_07_13_110401_AddImpuestoDREISantaFe',170),(537,'2020_07_14_110400_TablesLPG',170),(538,'2020_07_17_110400_AddColumnReceiptTypeLPG',170),(539,'2020_07_17_110401_AddColumnReceiptLPG',170),(540,'2020_07_19_110400_AddRegisterUserPersonDbAbuela',170),(541,'2020_07_20_110400_UpdateBsPersonales',170),(542,'2020_07_25_110400_AddReceiptTypeTiquet',170),(543,'2020_07_25_1104041_AddReceiptTypeColumnShowFromTotal',170),(544,'2020_07_31_110400_TablesAfipServicios',170),(545,'2020_08_06_1104001_UpdateImpuestosSegunTablas',170),(546,'2020_08_06_110400_UpdateAutonomos',170),(547,'2020_08_08_110400_UpdateConveniosEmpAfecta',170),(548,'2020_08_12_110400_TablesDebitosAutomaticos',170),(549,'2020_08_18_110400_AddReceiptTypeSectorPecuario',170),(550,'2020_08_19_110400_UpdateSectorPecuario',170),(551,'2020_08_23_110400_AddColumnReceiptIVAApertura',170),(552,'2020_08_24_110400_AddColumnLiqIvaDetail',170),(553,'2020_08_24_110401_TablesIVAAgrupacion',170),(554,'2020_08_24_110401_UpdateReceiptsCredit',170),(555,'2020_08_25_110400_AddColumnIVACreditosTipos',170),(556,'2020_08_26_110400_AddOperaciones',170),(557,'2020_08_27_110400_TableFaq',170),(558,'2020_08_27_110400_UpdateFuncionesCantidad',170),(559,'2020_08_29_110400_TableSyJRecibosModelo',170),(560,'2020_08_30_110400_UpdateReciboModelo',170),(561,'2020_08_30_110401_UpdatePeriodLiquidationDetail',170),(562,'2020_08_31_110400_UpdateOperacionesImporte',170),(563,'2020_09_01_110400_AddActivities',170),(564,'2020_09_01_110401_TableZoneActivities',170),(565,'2020_09_01_110402_AddColumnPeriodLiqDetail',170),(566,'2020_09_01_110403_TablePeriodLiquidationIIBB',170);
INSERT INTO `migrations` VALUES (567,'2020_09_05_110400_AddRecibosModelo',170),(568,'2020_09_06_110400_AddColumnPersonActivities',170),(569,'2020_09_06_110401_AddColumnFAMasivaActivity',170),(570,'2020_09_09_110400_UpdateRetenciones',170),(571,'2020_09_18_110402_AddSyJReciboModelo',170),(572,'2020_09_23_110400_AddColumnUserCtaCte',170),(573,'2020_09_24_110400_AddImpuestoIIBBEntreRios',170),(574,'2020_09_25_110400_AddColumnUserCtaCteIngEgr',170),(575,'2020_09_25_110400_AddImpuestoProfesionalesLiberalesEntreRios',170),(576,'2020_09_26_110400_AlterColumnFactElecReceipt',170),(577,'2020_09_27_110400_AddColumnMonth',170),(578,'2020_09_28_110400_AddColumnSyJConfig',170),(579,'2020_10_04_110400_CorrecionPersons',170),(580,'2020_10_05_110403_TableCursos',170),(581,'2020_10_05_110403_TableCursosDetail',170),(582,'2020_10_14_110400_AddReceiptTypeSectorPecuario2',170),(583,'2020_10_15_110400_AddFuncionesDeValor',170),(584,'2020_10_15_110401_UpdateReceiptsCredit2',170),(585,'2020_10_19_110400_TableSyJConceptosAfip',170),(586,'2020_10_19_110401_AddColumnSyJConceptos',170),(587,'2020_10_20_110400_TableSyJLsdImpConc',170),(588,'2020_10_20_110401_AddFuncionesFormatoSicoss',170),(589,'2020_10_20_110401_TableSyjLsdReg',170),(590,'2020_10_20_110402_AddFormatoSicoss',170),(591,'2020_10_23_110400_InsertsModulesContConfig',170),(592,'2020_10_27_110400_AddColumnConceptos',170),(593,'2020_10_27_110401_AddFuncionesDeCantidad1',170),(594,'2020_10_27_110401_AddFuncionesDeImporte1',170),(595,'2020_10_27_110401_AddFuncionesDeValor1',170),(596,'2020_11_02_110400_InsertTablaReferencia1',170),(597,'2020_11_03_110400_TableUsersPersonsBlock',170),(598,'2020_11_04_110400_ViewLiquidacionesIVA',170),(599,'2020_11_05_110400_AddReceiptType1',170),(600,'2020_11_11_110400_AddImpuestoIIBBRioNegro',170),(601,'2020_11_13_110400_AddColumnPersonConfigProIVA',170),(602,'2020_11_13_110400_AddImpuestoIIBBNeuquen',170),(603,'2020_11_19_110400_UpdateReceiptsType',170),(604,'2020_11_20_110400_AddIndicesAxI',170),(605,'2020_11_24_110400_AddColumnSyJFromatoSICOSS',170),(606,'2020_11_26_110400_ModifyConceptosAFIP',170),(607,'2020_11_28_110400_AddColumnCtaCteCliente',170),(608,'2020_12_02_110400_TableUsersLogged',170),(609,'2020_12_03_110399_UpdateTarjetaTaxes',170),(610,'2020_12_03_110400_TableTarjetaTXT',170),(611,'2020_12_04_110400_AddImpuestoIIBBCorrientes2',170),(612,'2020_12_04_110400_AddImpuestoManifestacionDeGanado',170),(613,'2020_12_07_110400_AddColumnSyjLiqEmpleado',170),(614,'2020_12_22_110400_UpdateArt90',170),(615,'2021_01_03_110400_UpdateTableVtoVencimiento2021',170),(616,'2021_01_04_110400_UpdateAutonomos2021',170),(617,'2021_01_04_110402_UpdateVencimientosPerson2021',170),(618,'2021_01_06_110400_ModifyIvaCredFiscal',170),(619,'2021_01_08_110400_CheckPeriods2021',170),(620,'2021_01_11_110404_UpdateTableVtoVencimiento2022V1',170),(621,'2021_01_14_110400_TableSyJG4Art902021',170),(622,'2021_01_14_110401_TableSyJG4Deducciones2021',170),(623,'2021_01_14_110402_TableSyJG4DeducPersonales2021',170),(624,'2021_01_14_110403_TablesGanancias2021',170),(625,'2021_01_28_110400_AddImpuestoUTEDYC',170),(626,'2021_02_01_110400_ModifyNameTableReferencia',170),(627,'2021_02_02_110400_AddColumnMaterialCurso',170),(628,'2021_02_03_110400_ChangeCampoAsientoModelo',170),(629,'2021_02_04_110400_UpdateTopesJubilatorios',170),(630,'2021_02_04_110401_AddTablaReferencia',170),(631,'2021_02_10_110400_AddColumnDelSistema',170),(632,'2021_02_11_110400_AddColumnLiqIVA',170),(633,'2021_02_11_110401_AddColumnLiqITCPersonConfig',170),(634,'2021_02_16_110400_AddColumnIsZonaPatagonica',170),(635,'2021_02_16_110401_AddColumnFactElecTotal',170),(636,'2021_02_17_110400_SPSumasYSaldosV2',170),(637,'2021_02_17_110401_AddContaPlanCuentaITC',170),(638,'2021_02_21_110400_ModuloConvenioMultilateral',170),(639,'2021_02_21_110401_AddColumnZoneCodCM',170),(640,'2021_02_23_110400_TableSolicitantesCertificado',170),(641,'2021_02_23_110401_AddColumnsCursos',170),(642,'2021_02_25_110400_UpdateTableVtoVencimiento2021V1',170);
INSERT INTO `migrations` VALUES (643,'2021_02_8_110400_AddImpuestoSIRADIG',170),(644,'2021_02_9_110400_AddImpuestoIIBBSantaFeRegSimplificado',170),(645,'2021_03_02_110400_TablePathOfFile',170),(646,'2021_03_03_110400_AddReceiptType2',170),(647,'2021_03_04_110400_AddColumnPeriodLiquidationIIBB',170),(648,'2021_03_05_110400_AddPathOfFileName',170),(649,'2021_03_15_110400_AddColumnPeriodLiquidationIVA',170),(650,'2021_03_15_110401_AddColumnFEReceiptCompAsoc',170),(651,'2021_03_17_110400_ChangeFEReceiptCAENull',170),(652,'2021_03_19_110400_TableTdbAbuelasEstados',170),(653,'2021_03_19_110401_AddColumnTdbAbuelasEstado',170),(654,'2021_03_19_110402_TableTdbAbuelasCharlas',170),(655,'2021_03_23_110400_ModifyReceiptTypeOtrosCompr',170),(656,'2021_03_24_110400_TDAbuelaHost',170),(657,'2021_03_26_110400_UpdateAutonomos2021Abril',170),(658,'2021_03_30_110400_UpdateTopesJubilatoriosMar2021',170),(659,'2021_04_06_110400_AddContaPlanCuenta',170),(660,'2021_04_09_110400_UpdateEstadosAbuelas',170),(661,'2021_04_14_110400_AddColumnEstadoId',170),(662,'2021_04_14_110400_AddColumnFEReceiptOp',170),(663,'2021_04_15_110400_UpdateEstadosAbuelasRollBack',170),(664,'2021_04_16_110400_UpdateEstadosAbuelasV1',170),(665,'2021_04_16_110401_UpdateEstadosAbuelasRollBackV1',170),(666,'2021_04_16_110402_UpdateEstadosAbuelasV2',170),(667,'2021_04_21_110400_TableQueueProcesos',170),(668,'2021_04_23_110400_TableReporteSUSS',170),(669,'2021_04_23_110400_UpdateEstadosAbuelasV3',170),(670,'2021_04_27_110400_AddFieldEscracharTdbabuela',170),(671,'2021_04_27_110400_UpdateArba2021',170),(672,'2021_04_30_110400_ModifyIvaCredFiscalV1',170),(673,'2021_05_14_110400_AddSyJReciboModeloV2',170),(674,'2021_05_17_110400_TableUsersEmpleados',170),(675,'2021_05_25_110400_TablesPortalEmpleados',170),(676,'2021_05_25_110401_TablesTaxesServicios',170),(677,'2021_05_25_110402_TablesEmpleadosFiles',170),(678,'2021_05_27_110400_AddColumnImagenUser',170),(679,'2021_05_27_110400_UpdateEstadosAbuelasV4',170),(680,'2021_05_29_110400_AddColumnTablesPortalEmpleados',170),(681,'2021_06_02_110400_AddColumnLiqEmpFirmado',170),(682,'2021_06_02_110401_AddColumnLiqEmpFirmadoFecha',170),(683,'2021_06_03_110400_UpdateEstadosAbuelasV5',170),(684,'2021_06_04_110401_UpdateMonotributos2021',170),(685,'2021_06_06_110401_TablesEmpleadosFilesMasivos',170),(686,'2021_06_06_11040_AddColumnEmpFile',170),(687,'2021_06_10_110401_UpdateConceptosAFIP',170),(688,'2021_06_14_110400_TablePLSubdomain',170),(689,'2021_06_15_110400_TablesBienesPersonalesV2021',170),(690,'2021_06_16_11040_AddRegistroPathOfFileName',170),(691,'2021_06_28_110400_UpdateTopesJubilatoriosJun2021',170),(692,'2021_06_30_110400_UpdatePerAlicuotas',170),(693,'2021_07_06_11040_AddColumnMetodoPago',170),(694,'2021_07_08_110400_UpdateAutonomos2021Julio',170),(695,'2021_07_09_110400_AddColumnPathFileName',170),(696,'2021_07_11_110400_TablesAuxiliar',170),(697,'2021_07_17_110400_ModuloPermisos',170),(698,'2021_07_18_110400_AddColumnPeriodLiquidation',170),(699,'2021_07_22_110400_AddColumnPeriodLiquidationAuxiliarId',170),(700,'2021_07_22_110401_AddColumnActividadCodigoCM',170),(701,'2021_07_22_110402_TablesCMArticulosRegimenes',170),(702,'2021_07_22_110403_AddColumnPersonActivitiesCMID',170),(703,'2021_07_26_110400_AddImpuestoIIBBLaRioja',170),(704,'2021_07_27_110400_AddColumnLiquidacionIIBB',170),(705,'2021_07_29_110400_AddColumnCMArticuloRegimen',170),(706,'2021_07_29_110401_UpdateMonotributos2021V2',170),(707,'2021_07_7_11040_AddRegistroPathOfFileNameV1',170),(708,'2021_08_08_11040_AddColumnReceiptHasta',170),(709,'2021_08_10_110400_FechasEnContabilidad',170),(710,'2021_08_14_11040_AddColumnFormatoSicoss',170),(711,'2021_08_18_110400_AddRegistroSyjActividad',170),(712,'2021_08_23_11040_AddColumnPersonsIVACreditoTipo',170),(713,'2021_09_02_110400_UpdateTableVtoVencimientoIIBBRioNegro',170),(714,'2021_09_08_11040_UpdateSituacionRevista',170),(715,'2021_09_09_11040_UpdateEmpleadoCondicion',170),(716,'2021_09_09_11040_UpdateModalidadContratacion',170);
INSERT INTO `migrations` VALUES (717,'2021_09_14_11040_UpdateEstadoCompsM',170),(718,'2021_09_16_110400_TablesTaxesAdminNotif',170),(719,'2021_09_16_110400_UpdateTopesJubilatoriosSept2021',170),(720,'2021_09_21_110400_UpdateModContratacion',170),(721,'2021_09_24_110400_AddColumnEmpleadoCBU',170),(722,'2021_09_24_110400_TableTaxesAdmTours',170),(723,'2021_09_24_110401_AddColumnEmpleadoDiasPropTope',170),(724,'2021_09_24_110402_AddRegistroFuncionesSicoss20210924',170),(725,'2021_09_26_110400_TablesConsultasAux',170),(726,'2021_10_18_110400_TablesEmpleadosEventuales',170),(727,'2021_10_18_110401_AddRegistrosLSDReg5',170),(728,'2021_10_18_110402_AddRegistroFuncionesSicoss',170),(729,'2021_10_18_110403_AddConvenioEventual',170),(730,'2021_10_18_110404_ModifyConvenioEventual',170),(731,'2021_10_31_110400_TablesPeriodLiquidationFiles',170),(732,'2021_12_03_110400_UpdateModContratacionV1',170),(733,'2021_12_09_110400_UpdateTopesJubilatoriosDic2021',170),(734,'2021_12_13_110400_UpdateAutonomosSept2021',170),(735,'2021_12_14_110400_AddColumnSyJReportes',170),(736,'2021_12_21_110400_AddFuncionesDeValorV2',170),(737,'2021_12_21_110400_AddTablaReferenciaV1',170),(738,'2021_12_29_110401_UpdateMonotributos2022',170),(739,'2022_01_05_110400_UpdateAutonomosDic2021',170),(740,'2022_01_05_110400_UpdateTableVtoVencimientoMonyAut2022',170),(741,'2022_01_11_110400_TableSyJG4Art902022',170),(742,'2022_01_11_110401_TableSyJG4DeduccionesGrales2022',170),(743,'2022_01_11_110402_TableSyJG4DeducPersonales2022',170),(744,'2022_01_11_110403_TablesGanancias2022',170),(745,'2022_01_17_110400_TablesInventarios',170),(746,'2022_01_24_110400_TableInvProductReceipt',170),(747,'2022_01_26_110400_AddTaxesServicios',170),(748,'2022_01_26_110401_TablesGestionDeEmpresa',170),(749,'2022_02_01_110400_TablesQuerys',170),(750,'2022_02_01_110400_UpdateVencimientosPerson2022',170),(751,'2022_02_06_110400_UpdateGananciasArt902022V1',170),(752,'2022_02_09_110400_TablesSicore',170),(753,'2022_02_09_110401_AddModuleSicore',170),(754,'2022_02_10_110400_AddColumnZoneCodigoAfip',170),(755,'2022_02_10_110400_UpdateTableVtoVencimiento2022V2',170),(756,'2022_02_11_110400_AddImpuestoIIBBSantaCruz',170),(757,'2022_02_12_110400_AddSyJOperacionesImporte',170),(758,'2022_02_15_110400_AddFieldEstadoOrden',170),(759,'2022_02_15_110400_AddReceiptTypeT',170),(760,'2022_02_15_110401_AddColumnQueryPersonID',170),(761,'2022_02_15_110402_TablesFEMasivaStock',170),(762,'2022_03_04_110400_AddFieldProximoContactoAbuela',170),(763,'2022_03_06_110400_AddFieldProductoCombo',170),(764,'2022_03_15_110400_AddRegisterQueePortalIVA',170),(765,'2022_03_17_110400_TablesCondicionFrenteIVA',170),(766,'2022_03_17_110401_AddRegisterIVAAgrupacionMonos',170),(767,'2022_03_21_110400_AddModuleMercadoLibre',170),(768,'2022_03_21_110401_TableMercadoLibre',170),(769,'2022_03_30_110400_AddFuncionesDeValorV3',170),(770,'2022_03_31_110400_UpdateTopesJubilatoriosMarzo2022',170),(771,'2022_04_02_110400_AddModuleOrdenDeTrabajo',170),(772,'2022_04_02_110401_TablesOrdenesDeTrabajo',170),(773,'2022_04_07_110400_AddImpuestoIIBBMendoza',170),(774,'2022_04_07_110401_UpdateImpuestoIIBBCorrientes',170),(775,'2022_04_12_110400_AddFieldPruebaGratisCursoId',170),(776,'2022_04_13_110400_AddFieldInvProductReceipt',170),(777,'2022_04_18_110400_TablesOrdenesDeTrabajoFacturadas',170),(778,'2022_04_22_110400_AddFAMasivaDetalleGravaIIBB',170),(779,'2022_04_22_110400_TablesContaCentroDeCostos',170),(780,'2022_04_22_110401_AddFieldReceiptCentroCosto',170),(781,'2022_04_24_110400_AddFieldSKU',170),(782,'2022_04_25_110400_UpdateTableAjPorInflacionIndices',170),(783,'2022_04_26_110400_AddFieldBalanceLibroInvOrdenId',170),(784,'2022_04_26_110400_TablesOrdenesTrabajoCC',170),(785,'2022_04_29_110400_AddFieldPuntoVentaFEHabilitado',170),(786,'2022_05_02_110400_AddModuleTicket',170),(787,'2022_05_02_110400_TablesTickets',170),(788,'2022_05_06_110400_AddFieldTicketsCaeVencimiento',170),(789,'2022_05_06_110401_AddFieldGestionDeEmpresa',170);
INSERT INTO `migrations` VALUES (790,'2022_05_07_110400_TablesTaxesServiciosDetails',170),(791,'2022_05_07_110400_UpdateAutonomosMarzo2022',170),(792,'2022_05_08_110400_RemoveTablesGestionEmpresa',170),(793,'2022_05_09_110400_AddFieldInvOrdenTrabajoConfigCc',170),(794,'2022_05_09_110401_AddFieldOrdenDeTrabajoStatus',170),(795,'2022_05_09_110402_MLSetFacturacion',170),(796,'2022_05_11_110400_TableMLOrdersFacturada',170),(797,'2022_05_11_110401_CorreccionCondicionFrenteAlIva',170),(798,'2022_05_12_110400_AddFieldInvRegistradoraUsaProductos',170),(799,'2022_05_13_110400_AddFieldTicketDetailPolimorfica',170),(800,'2022_05_15_110400_AddFieldInvProductReceiptPolimorfica',170),(801,'2022_05_16_110400_TableInvIndicadores',170),(802,'2022_05_17_110400_TablesBienesPersonalesV2022',170),(803,'2022_05_18_110400_AddIdFacturaEnviada',170),(804,'2022_05_19_110400_AddFieldInvIndicadoresOrder',170),(805,'2022_05_22_110400_TablesTaxesSubDomain',170),(806,'2022_05_24_110400_UpdateTopesJubilatoriosJunio2022',170),(807,'2022_05_28_110400_TableMLItemProducto',170),(808,'2022_05_30_110400_AddFieldSyJEmpleadosLiqEnCero',170),(809,'2022_06_06_110400_TableSyJUsarloComo',170),(810,'2022_06_06_110400_UpdateGananciasArt902022V2',170),(811,'2022_06_08_110400_AddTablaReferenciaV2',170),(812,'2022_06_08_110401_AddFieldTaxesServiciosDiasDePrueba',170),(813,'2022_06_08_110402_AddFieldContactanos',170),(814,'2022_06_12_110400_TableMonedas',170),(815,'2022_06_12_110401_TablesTaxesCotizaciones',170),(816,'2022_06_15_110400_AddModuleDocumentosComerciales',170),(817,'2022_06_15_110401_TablesDocumentosComerciales',170),(818,'2022_06_16_110401_UpdateTablesGanancias2021',170),(819,'2022_06_21_110400_AddFieldReceiptsDcOrdenId',170),(820,'2022_06_24_110400_UpdateOS3900',170),(821,'2022_06_24_110401_TablesNoFiscalInvoice',170),(822,'2022_07_01_110400_AddFieldCtaCteClientePivotReceiptImporte',170),(823,'2022_07_06_110401_UpdateFacturacionMonotributos072022',170),(824,'2022_07_07_110400_AddEmpresasToTaxesServiciosDetails',170),(825,'2022_07_07_110400_UpdateAutonomosJunio2022',170),(826,'2022_07_07_110401_AddModuleTaxesEmpresas',170),(827,'2022_07_07_110402_AddFieldTaxesServiciosDetails',170),(828,'2022_07_07_110403_AddFieldTUserCtasCtesPersonId',170),(829,'2022_07_08_110400_AddReceiptTypeVacunos',170),(830,'2022_07_10_110400_AddRegisterQueeArchivosPem',170),(831,'2022_07_11_110400_AddColumnBlog',170),(832,'2022_07_17_110400_AddReceiptTypeTiqueC',170),(833,'2022_07_19_110400_AddIsTaxesEmpresas',170),(834,'2022_08_10_110400_AddColumnClaveTipos',170),(835,'2022_08_16_110400_AddInvHsTipos',170),(836,'2022_08_16_110400_AddModuleAltas',170),(837,'2022_08_16_110401_AddModuleServicios',170),(838,'2022_08_17_110400_UpdateReceiptTypesCuentaDeVenta',170),(839,'2022_08_21_110400_AddModulosTMS',170),(840,'2022_08_30_110400_AddMoneda',170),(841,'2022_09_08_110400_AddRegisterOtherTaxes',170),(842,'2022_09_08_110401_TablesRetPercFE',170),(843,'2022_09_09_110400_AddOrdenTipo',170),(844,'2022_09_13_110400_TUsersTarjetas',170),(845,'2022_09_13_110400_UpdateImpuestoIIBBCorrientesV2',170),(846,'2022_09_16_110400_AddRegisterPathFileNameSicoss',170),(847,'2022_08_25_110400_TdbabuelaFacturacion',171),(848,'2022_09_27_110400_AddReceiptTypeTiqueNotadeDebitoA',171),(849,'2022_10_03_110400_UpdateAutonomosSept2022',171),(850,'2022_09_19_110000_TablesEncuestas',172),(851,'2022_10_13_110400_UpdateRegSimpAGIP2022',172),(852,'2022_10_13_110401_UpdateTopesJubilatoriosSept2022',172),(853,'2022_10_17_110400_UpdateCategoriasIIBB2022',172),(854,'2022_10_23_110400_AddModuleConfigTesoreria',172),(855,'2022_10_23_110401_TablePersonRelationeds',172),(856,'2022_10_19_110400_TablesEmpleadosPdfAuto',173),(857,'2022_10_25_110400_AddModuleCtaCteUnificadoTesoreria',173),(858,'2022_10_26_110400_TablesEmpleadosPdfAuto2',173),(859,'2022_11_14_110400_UpdateFacturacionMonoSocial',174),(860,'2022_11_17_11000_AddRegistroPathOfFileNameV2',175),(861,'2022_11_23_110400_TableTdbAbuelaEstadoLog',175),(862,'2022_12_03_110400_ModulosMobile',175);
INSERT INTO `migrations` VALUES (863,'2022_12_05_110400_TablesDcOrdenesFacturadas',175),(864,'2022_12_11_110400_ModulosMobileTableroDeControl',176),(865,'2022_12_13_110400_RemoveColumnTarjetaTdbabuela',176),(866,'2022_12_22_110400_TablesPersonsDatos',176),(867,'2022_12_22_110401_AddModuleConfigEmpresa',176),(868,'2022_12_22_110402_AddModuleEmpresaCertificados',176),(869,'2022_12_26_110400_UpdateModalidadContratacion22',177),(870,'2022_12_26_110401_TablesGanancias2023',177),(871,'2022_12_26_110402_TableSyJG4Art902023',177),(872,'2022_12_28_110401_TableSyJG4DeduccionesGrales2023',177),(873,'2022_12_28_110402_TableSyJG4DeducPersonales2023',177),(874,'2022_12_28_110403_UpdateTopesJubilatoriosDic2022',177),(875,'2022_01_03_110402_UpdateTableVtoVencimientoMonyAut2023',178),(876,'2023_01_03_110400_UpdateMonotributos2023',178),(877,'2023_01_03_110401_AddMonotributoCategorias',178),(878,'2023_01_04_110400_UpdateAutonomosDic2022',179),(879,'2023_01_04_110401_UpdateTableVtoVencimiento2023',179),(880,'2023_01_04_110402_AddVencimientosImpuestos',179),(881,'2023_01_04_110403_UpdateTableVtoVencimientoIIBB2023',179),(882,'2023_01_03_110402_AddModuleNovedades',180),(883,'2023_01_03_110403_TablesSyJNovedades',180),(884,'2023_01_18_110400_AddFieldTablesCurso',181),(885,'2023_01_18_110401_AddFieldTaxesServiciosDetailsFechaComentario',181),(886,'2023_01_20_110400_AddReceiptTypeTiqueNotaDeCreditoC',181),(887,'2023_01_23_110400_AddFieldFacturaElecReferencia',182),(888,'2023_01_25_110400_UpdateFacturacionMonoSocial2023',183),(889,'2023_01_27_110400_UpdateTableVtoVencimientoIIBBVarios',184),(890,'2023_02_03_110400_UpdateTableAjPorInflacionIndices',185),(891,'2023_02_03_110400_UpdateTableAjPorInflacionIndicesV20230208',186),(892,'2023_02_17_110400_AddFieldEmpleadoSueldoNetoPactado',187),(893,'2023_02_17_110401_AddModuleSueldoNetoPactado',187),(894,'2023_01_19_110400_RemoveEstadoColumnTdbabuelas',188),(895,'2023_01_24_110401_AddColumnTdbabuelasEstadosType',188),(896,'2023_01_24_110402_UpdateTdabuelasEstadosTable',188),(897,'2023_02_25_110402_AddModuleTAReportes',188),(898,'2023_03_06_110400_UpdateTableVtoVencimientoIIBBCorrientes',188),(899,'2023_03_08_110400_AddRegisterConsultas',189),(900,'2023_03_11_110400_AddFieldsCheques',189),(901,'2023_03_15_110400_MonedasHabilitadoId4',190),(902,'2023_03_13_110400_AddModulosTMS2',191),(903,'2023_03_14_110400_TableInvDescargas',191),(904,'2023_03_14_110401_TableInvDescargas2',191),(905,'2023_03_16_110400_AlterColumnPivotReceipt',192),(906,'2023_03_20_110400_ModifyRegisterTesoreriaCuentasV1',193),(907,'2023_03_22_110400_ModifyRegisterTesoreriaCuentasV2',194),(908,'2023_03_22_110401_TableChequesTransferEmitidas',194),(909,'2023_03_27_110400_AddModuleConciliaciones',195),(910,'2023_03_27_110401_AddColumnIsConciliadoCtaCteTesDetail',195),(911,'2023_03_28_110400_AddModuleCobranzas',195),(912,'2023_03_28_110401_AddModulePagos',195),(913,'2023_03_20_110400_TableCobradores',196),(914,'2023_03_20_110401_TablePersonCobrador',196),(915,'2023_03_20_110402_AddModuloCobrador',196),(916,'2023_03_20_110403_AddColumnHabilitadoCobradores',196),(917,'2023_04_10_110400_UpdateAutonomosMarzo2023',197),(918,'2023_04_10_110401_UpdateTopesJubilatoriosMarzo2023',197),(919,'2023_04_12_110400_CreatePersonsSicoreTable',198),(920,'2023_04_12_110401_UpdateTableSicoreDetails',198),(921,'2023_04_12_110402_RenameTableSicoreDetailsNetoGrav',198),(922,'2023_04_10_110400_AddDocumentoComercialRequerimiento',199),(923,'2023_04_11_110400_AddDCOrdenCompraRequerimiento',199),(924,'2023_04_14_110400_AddModulosTMS3',200),(925,'2023_04_15_11400_AddRegistroPathOfFileNameV3',200),(926,'2023_04_18_11400_ModifyColumnsMonedaCotizacion',201),(927,'2023_04_18_11401_ModifyColumnsMonedaCotizacionV2',201),(928,'2023_04_25_11400_AddColumnPersonConfigMultimoneda',201),(929,'2023_05_04_11400_AddColumnReceiptPendiente',202),(930,'2023_05_14_11400_AddColumnPeriodLiquidationIVAReducMonos',203),(931,'2023_05_15_110400_AddFieldTaxesSubDomainEcommerce',204);
INSERT INTO `migrations` VALUES (932,'2023_05_16_11400_AddColumnInvProductoDepositos',204),(933,'2023_05_17_110400_AddFieldTaxesSubDomainLayout',205),(934,'2023_05_21_11400_AddColumnPersonConfigAgPerRet',205),(935,'2023_05_22_11400_AddColumnInvProductoShowInCatalogo',205),(936,'2023_05_23_110400_TableInvProductoFotos',206),(937,'2023_05_30_110400_TablesBienesPersonalesV2023',207),(938,'2023_05_24_11400_AddColumnRetentions',208),(939,'2023_05_29_110400_AddModuleTesoreriaReportes',208),(940,'2023_05_30_110401_AddModulosTMSCobranzas',209),(941,'2023_06_01_11400_ModifyRegistersTesoreriaCuentas',209),(942,'2023_06_03_110400_AddDocumentoComercialRemito',210),(943,'2023_06_04_110400_ModifyColumnSubdomainIsCatalogo',210),(944,'2023_06_05_110400_AddModulosTaxesSubdomain',211),(945,'2023_06_08_110400_UpdateSicoreRegimenes',211),(946,'2023_06_08_110401_UpdateVencimientosPerson2023',211),(947,'2023_06_08_110400_AddModuleSubdominio',212),(948,'2023_06_08_110401_AddRegisterTaxesServicioLanding',212),(949,'2023_06_10_110400_TableDcOrdenOrigenDestino',212),(950,'2023_06_12_110400_AddDocumentoComercialRemitoEgreso',212),(951,'2023_06_12_110401_AddColumnInvOtProductoDcOrdenId',212),(952,'2023_06_15_110400_TableDcOrdenesFiles',213),(953,'2023_06_17_110400_AddColumnTdbAbuelaContactado',214),(954,'2023_06_21_110400_UpdateMonotributosJulio2023',214),(955,'2023_06_21_110401_AddDocumentoComercialRemitoInterno',215),(956,'2023_06_21_114002_AddColumnDcOrdenesDetailsInvProductoDestino',215),(957,'2023_06_21_11400_AddColumnInvProductoPrioridad',215),(958,'2023_06_25_110400_AddModulosTMSRemitos',216),(959,'2023_06_27_110402_UpdateGananciasArt90Tope',216),(960,'2023_06_27_114000_AddColumnInvOrdenTrabajosResponsable',216),(961,'2023_06_27_114001_AddColumnInvOrdenTrabajosFechaCierre',216),(962,'2023_06_21_110401_UpdatePlanesJulio2023',217),(963,'2023_06_29_114000_AddColumnTicketsClienteId',217),(964,'2023_06_30_110400_AddColumnDcOrdenIsCompletado',218),(965,'2023_07_01_110400_AddDCOrdenIngresoCompra',218),(966,'2023_07_02_110400_AddDocumentoComercialRemitoIngresoFromOc',218),(967,'2023_07_03_110400_ModifyRegisterDCOrdenesOrigenTipo',219),(968,'2023_07_03_114001_AddColumnDcOrdenesTitulo',219),(969,'2023_07_04_110400_AddImpuestoRegSimpNequen',220),(970,'2023_07_04_110401_AddImpuestoRegSimpRioNegro',220),(971,'2023_07_04_110402_AddReceiptTypeOtroCompA',220),(972,'2023_07_07_114000_AddColumnPersonFantasyName',221),(973,'2023_04_10_110401_UpdateTopesJubilatoriosJunio2023',222),(974,'2023_07_07_110400_UpdateAutonomosJunio2023',222),(975,'2023_07_09_110400_TableTaxesSubdomainTipos',222),(976,'2023_07_10_110402_AddReceiptTypeTiqueNotaDeCreditoA',222),(977,'2023_07_11_110400_UpdateImportePlanesJulio2023',222),(978,'2023_07_12_110400_AddColumnDcOrdenMoneda',223),(979,'2023_07_12_110401_AddMonedaEuro',223),(980,'2023_08_01_110400_TableDcOrdenesFirmas',224),(981,'2023_08_01_110401_AddModulosTMSFirmarRemitos',224),(982,'2023_08_05_110400_TableDcFirmasReglas',224),(983,'2023_08_05_110401_AddFieldsDcFirmas',224),(984,'2023_08_07_110400_AddModulosTMSFirmarOc',225),(985,'2023_08_08_110400_AddDcEstadoEliminado',225),(986,'2023_08_11_110400_AddModulosTMSProduccionReq',225),(987,'2023_08_13_110400_AddColumnStockMovimientoDetalle',225),(988,'2023_08_13_110401_TableInvOrdenTrabajoServicios',226),(989,'2023_08_13_110402_AddDCRemitoServicioOT',226),(990,'2023_08_13_110403_TableDCOrdenServicioCompra',226),(991,'2023_08_15_110400_CorreccionesTableInvHoras',227),(992,'2023_08_16_110400_AddColumnOTProductoImporte',228),(993,'2023_08_22_110400_AddColumnHorasDisponibles',228),(994,'2023_08_22_110401_AddModulosTMSFirmarHoras',228),(995,'2023_08_22_110402_AddColumnHorasDispoType',228),(996,'2023_08_24_110400_ModifyColumnDcOrdenNumeroATexto',229),(997,'2023_08_25_110400_AddColumnOtClasificacion',229),(998,'2023_08_27_110400_ModifyColumnDcOrdenNumeroANumero',229),(999,'2023_08_29_110400_AddColumnDcOrdenMultiplesOt',230),(1000,'2023_08_31_110400_AddColumnNFCtaCteCompensado',230);
INSERT INTO `migrations` VALUES (1001,'2023_09_01_110400_ModifyIOrigenDestinoHorasTipos',231),(1002,'2023_09_04_110400_AddModulosTMSFirmarProductos',231),(1003,'2023_09_11_110400_AddColumnHorasTiposImporte',231),(1004,'2023_09_12_110400_AddColumnOtClasificacion',231),(1005,'2023_09_12_110400_AddFirmarRemitosDeIngreso',231),(1006,'2023_09_12_110401_AddColumnInvOrdenTrabajoPatente',231),(1007,'2023_09_12_110400_AddColumnOtClasificacionV1',232),(1008,'2023_09_14_110400_TableInvOrdenTrabajoTareas',232),(1009,'2023_09_14_110401_AddModulosTMSTareas',232),(1010,'2023_09_14_110402_CentroCostosCorreciones',232),(1011,'2023_09_21_110401_TableReceiptDcOrden',233),(1012,'2023_09_24_110400_AddTableReceiptsDcFirmaId',233),(1013,'2023_09_24_110401_AddModulosTMSFirmarFacturasCompra',233),(1014,'2023_09_25_110400_ModifySistemTaxesOnlyTMS',233),(1015,'2023_09_25_110400_UpdateGananciasArt902023',233),(1016,'2023_09_26_110400_TableOrdenDePago',234),(1017,'2023_09_27_110400_TableOrdenDePagoReceipts',235),(1018,'2023_09_27_110401_UpdateReceitpsFirmaId',235),(1019,'2023_09_29_110400_AddModulosTMSCuentas',236),(1020,'2023_10_02_110400_AddModulosTMSCuentasV1',236),(1021,'2023_10_02_110401_UpdateTableReceitpsFirmaIdDefault',236),(1022,'2023_10_05_110400_AddColumnReceiptOrdenesImporte',237),(1023,'2023_10_10_110400_AddColumnReceiptOrdenesOC',238),(1024,'2023_10_11_110400_AddColumnDCFirmasEmitido',238),(1025,'2023_10_12_110400_AddRegisterReceiptRedondeo',238),(1026,'2023_10_15_110400_ModifyColumnReceiptComentario',239),(1027,'2023_10_16_110400_AddRegisterTypesSIRTAC',240),(1028,'2023_10_17_110400_AddCuentasContableSirtac',241),(1029,'2023_10_18_110400_AddModulosWhatsApp',242),(1030,'2023_10_18_110401_TablesWhatsApp',242),(1031,'2023_10_20_110400_TableWsTelefonos',242),(1032,'2023_10_21_110400_TablePaisesPrefijos',242),(1033,'2023_10_23_110400_AddModulosContactos',242),(1034,'2023_10_23_110401_AddColumnWsContactoPersonId',242),(1035,'2023_10_23_110402_ImportarContactosUserMaster',242),(1036,'2023_10_24_110400_AddColumnHorasTiposShow',242),(1037,'2023_10_25_110400_TableOrdenesTrabajoFiles',243),(1038,'2023_10_30_110400_UpdateTopesJubilatoriosOctubre2023',243),(1039,'2023_11_06_110400_TableDcOrdenesRevocadas',244),(1040,'2023_11_07_110400_AddModulosTMSRevocacion',244),(1041,'2023_11_13_110400_SPMonotributistasOnlyActive',244),(1042,'2023_11_13_110401_DcOrdenDePagoReceiptNull',245),(1043,'2023_11_20_110400_TableCalendario',245),(1044,'2023_11_26_110400_TableTaxesJobs',245),(1045,'2023_11_26_110401_CopyImpuestosAlCalendario',245),(1046,'2023_11_27_110400_AddModuloInicio',245),(1047,'2023_11_27_110401_AddModuloAgenda',245),(1048,'2023_12_05_110400_TableLinkOtsFacturas',246),(1049,'2023_12_06_110400_UpdateTableAjPorInflacionIndicesV20231206',246),(1050,'2023_12_11_110400_AddColumnDcOrdenFilesOriginalName',247),(1051,'2023_12_12_110400_AddColumnCalendarDescripcionText',247),(1052,'2023_12_12_110401_TableCalendarReservas',247),(1053,'2023_12_14_110400_AddModuloTurnos',248),(1054,'2023_12_14_110401_UpdateTopesJubilatoriosDiciembre2023',248),(1055,'2023_12_17_110400_TableCalendarTurnosDispoDatos',249),(1056,'2023_12_21_110400_TableSyJG4Art902024',250),(1057,'2023_12_24_110400_AddRegisterTaxesSubdomainTipoTurno',251),(1058,'2023_12_26_110400_AddColumnCalendarNivel12Detalle',251),(1059,'2023_12_27_110400_AddColumnCalendarTurDispoDuracion',252),(1060,'2023_12_27_110401_AddColumnWsEnviarMensajesStart',253),(1061,'2023_12_29_110400_AddTaxesSubDomainTuRecibo',253),(1062,'2024_01_02_110400_UpdateTableVtoVencimiento2024',253),(1063,'2024_01_02_110401_UpdateTableVtoVencimientoMonyAut2024',253),(1064,'2024_01_02_110402_UpdateTableVtoVencimientoIIBB2024',253),(1065,'2024_01_02_110403_UpdateTableVtoVencimientoIIBBVarios2024',253),(1066,'2024_01_02_110404_UpdateAutonomosMonotributoEne2024',253),(1067,'2024_01_04_110400_TableTicketsCuentasTesoreria',254),(1068,'2024_01_07_110400_AddColumnCobradores',254),(1069,'2024_01_07_110401_AddModulosAdministracion',254);
INSERT INTO `migrations` VALUES (1070,'2024_01_08_110400_AddModulosAdministracionV1',255),(1071,'2024_01_09_110400_AddCamposOrdenesCompra',255),(1072,'2024_01_10_110400_TableFormaDeEntrega',255),(1073,'2024_01_24_110400_AddRegisterDbTaxesPuntoVenta',256),(1074,'2024_01_28_110400_AddModuloPanel',256),(1075,'2024_01_29_110400_TablePanelUsers',256),(1076,'2024_02_03_110400_TablePanelUserMovimientos',256),(1077,'2024_02_06_110400_TablePanelUserTransferencias',256),(1078,'2024_02_08_110400_AddColumnCobradoresTelefono',256),(1079,'2024_02_11_110400_AddColumnCuentasTesoreriaToken',257),(1080,'2024_02_12_110400_AddModuloPanelCajeros',258),(1081,'2024_02_13_110400_AddColumnBancosClaves',258),(1082,'2024_02_16_110400_AddColumnPanelUserTransfer',259),(1083,'2024_02_17_110400_AddPathOfFileReporteMovimientos',260),(1084,'2024_02_17_110401_TableDcOrdenEmpleado',260),(1085,'2024_02_19_110400_AddRegisterTaxesSubdomainTipoContable',261),(1086,'2024_02_22_110400_AddColumnPanelUserCajeroUserClave',261),(1087,'2024_02_23_110400_TableCobradoresDatos',261),(1088,'2024_02_23_110401_AddColumnPanelUserCobradorId',261),(1089,'2024_02_23_110402_ModifyColumnPanelUserMovimientoDocument',262),(1090,'2024_02_25_110400_AddColumnCuentasTesoreriaCUIT',263),(1091,'2024_02_25_110400_TableCobradoresEstado',264),(1092,'2024_02_26_110400_AddColumnProductoFechaVto',265),(1093,'2024_02_28_110400_ModifyReceiptColumnPendiente',266),(1094,'2024_02_29_110400_Periods20240229',267),(1095,'2024_03_07_110400_AddTaxesSubdomainPanel',268),(1096,'2024_03_14_110400_AddReceiptTypeVarios',268),(1097,'2024_03_14_110401_AddColumnCobradoresDatosUrl',269),(1098,'2024_03_19_110400_AddColumnShowUserTaxesEmpresas',269),(1099,'2024_03_19_110401_AddColumnDcOrdenesSyJEmpleadoId',269),(1100,'2024_03_19_110402_DeleteTableDcOrdenEmpleado',270),(1101,'2024_03_21_110400_AddDcOrdenAnulacion',271),(1102,'2024_04_01_110400_TableRodados',271),(1103,'2024_04_01_110401_AddModuloRodados',271),(1104,'2024_04_02_110400_AddColumnPanelMovimietoPath',271),(1105,'2024_04_02_110401_UpdateTopesJubilatoriosMarzo2024',271),(1106,'2024_04_03_110400_AddOtRodadoId',272),(1107,'2024_04_03_110401_ModifyColumnDcOrdenesOrigenDestinoHabilitado',272),(1108,'2024_04_10_110400_AddColumnDcOrdenesFechaAsignacion',273),(1109,'2024_04_11_110400_TablePersonPagos',273),(1110,'2024_04_15_110400_TableRodadosFiles',274),(1111,'2024_04_16_110400_TruncateUploadFile',274),(1112,'2024_04_18_110400_MigrationPrueba',275),(1113,'2024_04_21_110400_AddColumnDcOrdenesFechaCumplido',275),(1114,'2024_04_24_110400_AddColumnPersonsPersonPagosLugares',276),(1115,'2024_04_25_110400_AddColumnRodados',277),(1116,'2024_04_26_110400_TableCobradoresMetodos',277),(1117,'2024_04_27_110400_AddColumnApiTokenTusers',278),(1118,'2024_04_29_110400_AddColumnSyJEmpleadosIsComprador',278),(1119,'2024_05_01_110400_TableApiRecibidas',279),(1120,'2024_05_02_110400_AddColumnCtaCteClienteFechaVencimiento',279),(1121,'2024_05_06_110400_AddColumnDcOrdenesODIsDeposito',280),(1122,'2024_05_06_110401_AddDcOrdenRemitoGasto',280),(1123,'2024_05_06_110402_AddModuloRemitoDeGastos',280);

--
-- Table structure for table `ml`
--

CREATE TABLE `ml` (
  `id` int(10) unsigned NOT NULL AUTO_INCREMENT,
  `user_id` int(10) unsigned DEFAULT NULL,
  `taxes_servicio_id` int(10) unsigned NOT NULL DEFAULT '5',
  `person_id` int(10) unsigned NOT NULL,
  `person_id_relationed` int(10) unsigned NOT NULL,
  `ml_user_id` varchar(191) COLLATE utf8mb4_unicode_ci DEFAULT NULL,
  `nick_name` varchar(191) COLLATE utf8mb4_unicode_ci DEFAULT NULL,
  `access_token` varchar(191) COLLATE utf8mb4_unicode_ci DEFAULT NULL,
  `code` varchar(191) COLLATE utf8mb4_unicode_ci DEFAULT NULL,
  `refresh_token` varchar(191) COLLATE utf8mb4_unicode_ci DEFAULT NULL,
  `comentario` varchar(191) COLLATE utf8mb4_unicode_ci DEFAULT NULL,
  `habilitado` tinyint(1) NOT NULL DEFAULT '1',
  `created_at` timestamp NULL DEFAULT NULL,
  `updated_at` timestamp NULL DEFAULT NULL,
  `deleted_at` timestamp NULL DEFAULT NULL,
  PRIMARY KEY (`id`),
  KEY `ml_person_id_foreign` (`person_id`),
  KEY `ml_person_id_relationed_foreign` (`person_id_relationed`),
  CONSTRAINT `ml_person_id_foreign` FOREIGN KEY (`person_id`) REFERENCES `persons` (`id`),
  CONSTRAINT `ml_person_id_relationed_foreign` FOREIGN KEY (`person_id_relationed`) REFERENCES `persons` (`id`)
) ENGINE=InnoDB DEFAULT CHARSET=utf8mb4 COLLATE=utf8mb4_unicode_ci;

--
-- Dumping data for table `ml`
--


--
-- Table structure for table `ml_item_producto`
--

CREATE TABLE `ml_item_producto` (
  `id` bigint(20) unsigned NOT NULL AUTO_INCREMENT,
  `person_id` int(10) unsigned NOT NULL,
  `ml_item_id` varchar(191) COLLATE utf8mb4_unicode_ci NOT NULL,
  `inv_producto_id` bigint(20) unsigned DEFAULT NULL,
  `created_at` timestamp NULL DEFAULT NULL,
  `updated_at` timestamp NULL DEFAULT NULL,
  `deleted_at` timestamp NULL DEFAULT NULL,
  PRIMARY KEY (`id`),
  KEY `ml_item_producto_person_id_foreign` (`person_id`),
  KEY `ml_item_producto_inv_producto_id_foreign` (`inv_producto_id`),
  CONSTRAINT `ml_item_producto_inv_producto_id_foreign` FOREIGN KEY (`inv_producto_id`) REFERENCES `inv_productos` (`id`),
  CONSTRAINT `ml_item_producto_person_id_foreign` FOREIGN KEY (`person_id`) REFERENCES `persons` (`id`)
) ENGINE=InnoDB DEFAULT CHARSET=utf8mb4 COLLATE=utf8mb4_unicode_ci;

--
-- Dumping data for table `ml_item_producto`
--


--
-- Table structure for table `ml_orders_facturadas`
--

CREATE TABLE `ml_orders_facturadas` (
  `id` bigint(20) unsigned NOT NULL AUTO_INCREMENT,
  `user_id` int(10) unsigned DEFAULT NULL,
  `person_id` int(10) unsigned NOT NULL,
  `order_id` varchar(191) COLLATE utf8mb4_unicode_ci NOT NULL,
  `fact_elec_receipt_id` int(10) unsigned DEFAULT NULL,
  `id_factura_ml` varchar(191) COLLATE utf8mb4_unicode_ci DEFAULT NULL,
  `created_at` timestamp NULL DEFAULT NULL,
  `updated_at` timestamp NULL DEFAULT NULL,
  `deleted_at` timestamp NULL DEFAULT NULL,
  PRIMARY KEY (`id`),
  KEY `ml_orders_facturadas_person_id_foreign` (`person_id`),
  KEY `ml_orders_facturadas_fact_elec_receipt_id_foreign` (`fact_elec_receipt_id`),
  CONSTRAINT `ml_orders_facturadas_fact_elec_receipt_id_foreign` FOREIGN KEY (`fact_elec_receipt_id`) REFERENCES `fact_elec_receipts` (`id`),
  CONSTRAINT `ml_orders_facturadas_person_id_foreign` FOREIGN KEY (`person_id`) REFERENCES `persons` (`id`)
) ENGINE=InnoDB DEFAULT CHARSET=utf8mb4 COLLATE=utf8mb4_unicode_ci;

--
-- Dumping data for table `ml_orders_facturadas`
--


--
-- Table structure for table `ml_set_facturacion`
--

CREATE TABLE `ml_set_facturacion` (
  `id` bigint(20) unsigned NOT NULL AUTO_INCREMENT,
  `user_id` int(10) unsigned DEFAULT NULL,
  `person_id` int(10) unsigned NOT NULL,
  `cliente_id` int(10) unsigned DEFAULT NULL,
  `taxable_iibb` int(11) NOT NULL DEFAULT '2',
  `type_receipt_id` int(10) unsigned DEFAULT NULL,
  `cond_frente_iva` int(10) unsigned DEFAULT NULL,
  `cond_venta` int(10) unsigned DEFAULT NULL,
  `zone_id` int(10) unsigned DEFAULT NULL,
  `activity_id` int(10) unsigned DEFAULT NULL,
  `punto_venta_id` int(10) unsigned DEFAULT NULL,
  `concepto_id` int(10) unsigned DEFAULT NULL,
  `system_tax_id` int(10) unsigned DEFAULT NULL,
  `habilitado` tinyint(1) NOT NULL DEFAULT '1',
  `created_at` timestamp NULL DEFAULT NULL,
  `updated_at` timestamp NULL DEFAULT NULL,
  `deleted_at` timestamp NULL DEFAULT NULL,
  PRIMARY KEY (`id`),
  KEY `ml_set_facturacion_person_id_foreign` (`person_id`),
  KEY `ml_set_facturacion_cliente_id_foreign` (`cliente_id`),
  KEY `ml_set_facturacion_type_receipt_id_foreign` (`type_receipt_id`),
  KEY `ml_set_facturacion_cond_frente_iva_foreign` (`cond_frente_iva`),
  KEY `ml_set_facturacion_cond_venta_foreign` (`cond_venta`),
  KEY `ml_set_facturacion_zone_id_foreign` (`zone_id`),
  KEY `ml_set_facturacion_activity_id_foreign` (`activity_id`),
  KEY `ml_set_facturacion_punto_venta_id_foreign` (`punto_venta_id`),
  KEY `ml_set_facturacion_concepto_id_foreign` (`concepto_id`),
  KEY `ml_set_facturacion_system_tax_id_foreign` (`system_tax_id`),
  CONSTRAINT `ml_set_facturacion_activity_id_foreign` FOREIGN KEY (`activity_id`) REFERENCES `activities` (`id`),
  CONSTRAINT `ml_set_facturacion_cliente_id_foreign` FOREIGN KEY (`cliente_id`) REFERENCES `persons` (`id`),
  CONSTRAINT `ml_set_facturacion_concepto_id_foreign` FOREIGN KEY (`concepto_id`) REFERENCES `fact_elec_conceptos_afip` (`id`),
  CONSTRAINT `ml_set_facturacion_cond_frente_iva_foreign` FOREIGN KEY (`cond_frente_iva`) REFERENCES `condicion_frente_al_iva` (`id`),
  CONSTRAINT `ml_set_facturacion_cond_venta_foreign` FOREIGN KEY (`cond_venta`) REFERENCES `condiciones_venta` (`id`),
  CONSTRAINT `ml_set_facturacion_person_id_foreign` FOREIGN KEY (`person_id`) REFERENCES `persons` (`id`),
  CONSTRAINT `ml_set_facturacion_punto_venta_id_foreign` FOREIGN KEY (`punto_venta_id`) REFERENCES `fact_elec_puntos_venta` (`id`),
  CONSTRAINT `ml_set_facturacion_system_tax_id_foreign` FOREIGN KEY (`system_tax_id`) REFERENCES `system_taxes` (`id`),
  CONSTRAINT `ml_set_facturacion_type_receipt_id_foreign` FOREIGN KEY (`type_receipt_id`) REFERENCES `receipt_types` (`id`),
  CONSTRAINT `ml_set_facturacion_zone_id_foreign` FOREIGN KEY (`zone_id`) REFERENCES `zones` (`id`)
) ENGINE=InnoDB DEFAULT CHARSET=utf8mb4 COLLATE=utf8mb4_unicode_ci;

--
-- Dumping data for table `ml_set_facturacion`
--


--
-- Table structure for table `monedas`
--

CREATE TABLE `monedas` (
  `id` int(10) unsigned NOT NULL AUTO_INCREMENT,
  `user_id` int(10) unsigned DEFAULT NULL,
  `moneda` text COLLATE utf8mb4_unicode_ci NOT NULL,
  `descripcion_afip` varchar(191) COLLATE utf8mb4_unicode_ci DEFAULT NULL,
  `codigo_afip` varchar(191) COLLATE utf8mb4_unicode_ci DEFAULT NULL,
  `is_default` tinyint(1) NOT NULL DEFAULT '0',
  `descripcion` varchar(191) COLLATE utf8mb4_unicode_ci NOT NULL,
  `simbolo` varchar(191) COLLATE utf8mb4_unicode_ci NOT NULL,
  `habilitado` tinyint(1) NOT NULL DEFAULT '1',
  `created_at` timestamp NULL DEFAULT NULL,
  `updated_at` timestamp NULL DEFAULT NULL,
  `deleted_at` timestamp NULL DEFAULT NULL,
  PRIMARY KEY (`id`)
) ENGINE=InnoDB AUTO_INCREMENT=6 DEFAULT CHARSET=utf8mb4 COLLATE=utf8mb4_unicode_ci;

--
-- Dumping data for table `monedas`
--

INSERT INTO `monedas` VALUES (1,NULL,'PESOS',NULL,'PES',1,'$ Pesos','$',1,'2022-09-17 16:06:16','2023-07-13 00:00:17',NULL),(2,NULL,'DOLARES','Dólar EstadoUnidense','DOL',0,'U$S Oficial Venta','USD',1,'2022-09-17 16:06:16','2023-07-13 00:00:17',NULL),(3,NULL,'DOLARES',NULL,NULL,0,'U$S Blue Venta','U$S',1,'2022-09-17 16:06:16','2023-07-13 00:00:17',NULL),(4,NULL,'DOLARES',NULL,NULL,0,'U$S Mayorista Venta','U$S',0,'2022-09-17 16:06:17','2023-07-13 00:00:17',NULL),(5,NULL,'EUROS','EURO','060',0,'Euro Oficial Venta','€',1,'2023-07-13 00:00:17','2023-07-13 00:00:17',NULL);

--
-- Table structure for table `months`
--

CREATE TABLE `months` (
  `id` int(11) NOT NULL AUTO_INCREMENT,
  `month` int(11) DEFAULT NULL,
  `date_to` varchar(6) DEFAULT NULL,
  `descripcion` varchar(191) NOT NULL,
  PRIMARY KEY (`id`)
) ENGINE=InnoDB AUTO_INCREMENT=13 DEFAULT CHARSET=latin1;

--
-- Dumping data for table `months`
--

INSERT INTO `months` VALUES (1,1,'-01-31','enero'),(2,2,'-02-28','febrero'),(3,3,'-03-31','marzo'),(4,4,'-04-30','abril'),(5,5,'-05-31','mayo'),(6,6,'-06-30','junio'),(7,7,'-07-31','julio'),(8,8,'-08-31','agosto'),(9,9,'-09-30','septiembre'),(10,10,'-10-31','octubre'),(11,11,'-11-30','noviembre'),(12,12,'-12-31','diciembre');

--
-- Table structure for table `nacionalidad`
--

CREATE TABLE `nacionalidad` (
  `id` int(10) unsigned NOT NULL AUTO_INCREMENT,
  `user_id` int(10) unsigned DEFAULT NULL,
  `descripcion` varchar(191) COLLATE utf8mb4_unicode_ci NOT NULL,
  `habilitado` tinyint(1) NOT NULL DEFAULT '1',
  `created_at` timestamp NULL DEFAULT NULL,
  `updated_at` timestamp NULL DEFAULT NULL,
  `deleted_at` timestamp NULL DEFAULT NULL,
  PRIMARY KEY (`id`),
  UNIQUE KEY `nacionalidad_descripcion_unique` (`descripcion`)
) ENGINE=InnoDB AUTO_INCREMENT=3 DEFAULT CHARSET=utf8mb4 COLLATE=utf8mb4_unicode_ci;

--
-- Dumping data for table `nacionalidad`
--

INSERT INTO `nacionalidad` VALUES (1,NULL,'Argentina',1,'2020-05-28 20:55:23','2020-05-28 20:55:23',NULL),(2,NULL,'Extranjero',1,'2020-05-28 20:55:23','2020-05-28 20:55:23',NULL);

--
-- Table structure for table `nf_cta_cte`
--

CREATE TABLE `nf_cta_cte` (
  `id` int(10) unsigned NOT NULL AUTO_INCREMENT,
  `user_id` int(10) unsigned DEFAULT NULL,
  `nf_receipt_id` int(10) unsigned DEFAULT NULL,
  `tipo_asiento_id` int(10) unsigned NOT NULL,
  `person_id` int(10) unsigned NOT NULL,
  `person_id_relationed` int(10) unsigned NOT NULL,
  `period_id` int(10) unsigned NOT NULL,
  `cta_cte_tesoreria_cuenta_id` int(10) unsigned NOT NULL,
  `saldo_id` int(10) unsigned NOT NULL,
  `compensado` tinyint(1) NOT NULL DEFAULT '0',
  `fecha` date DEFAULT NULL,
  `total` decimal(16,2) NOT NULL,
  `moneda_id` int(10) unsigned NOT NULL DEFAULT '1',
  `comentario` varchar(191) COLLATE utf8mb4_unicode_ci DEFAULT NULL,
  `file` varchar(191) COLLATE utf8mb4_unicode_ci DEFAULT NULL,
  `created_at` timestamp NULL DEFAULT NULL,
  `updated_at` timestamp NULL DEFAULT NULL,
  `deleted_at` timestamp NULL DEFAULT NULL,
  PRIMARY KEY (`id`),
  KEY `nf_cta_cte_nf_receipt_id_foreign` (`nf_receipt_id`),
  KEY `nf_cta_cte_person_id_foreign` (`person_id`),
  KEY `nf_cta_cte_person_id_relationed_foreign` (`person_id_relationed`),
  KEY `nf_cta_cte_period_id_foreign` (`period_id`),
  KEY `nf_cta_cte_cta_cte_tesoreria_cuenta_id_foreign` (`cta_cte_tesoreria_cuenta_id`),
  KEY `nf_cta_cte_saldo_id_foreign` (`saldo_id`),
  KEY `nf_cta_cte_tipo_asiento_id_foreign` (`tipo_asiento_id`),
  KEY `nf_cta_cte_moneda_id_foreign` (`moneda_id`),
  CONSTRAINT `nf_cta_cte_cta_cte_tesoreria_cuenta_id_foreign` FOREIGN KEY (`cta_cte_tesoreria_cuenta_id`) REFERENCES `cta_cte_tesoreria_cuentas` (`id`),
  CONSTRAINT `nf_cta_cte_moneda_id_foreign` FOREIGN KEY (`moneda_id`) REFERENCES `monedas` (`id`),
  CONSTRAINT `nf_cta_cte_nf_receipt_id_foreign` FOREIGN KEY (`nf_receipt_id`) REFERENCES `nf_receipts` (`id`),
  CONSTRAINT `nf_cta_cte_period_id_foreign` FOREIGN KEY (`period_id`) REFERENCES `periods` (`id`),
  CONSTRAINT `nf_cta_cte_person_id_foreign` FOREIGN KEY (`person_id`) REFERENCES `persons` (`id`),
  CONSTRAINT `nf_cta_cte_person_id_relationed_foreign` FOREIGN KEY (`person_id_relationed`) REFERENCES `persons` (`id`),
  CONSTRAINT `nf_cta_cte_saldo_id_foreign` FOREIGN KEY (`saldo_id`) REFERENCES `conta_tipo_saldos` (`id`),
  CONSTRAINT `nf_cta_cte_tipo_asiento_id_foreign` FOREIGN KEY (`tipo_asiento_id`) REFERENCES `conta_tipo_asientos` (`id`)
) ENGINE=InnoDB AUTO_INCREMENT=43 DEFAULT CHARSET=utf8mb4 COLLATE=utf8mb4_unicode_ci;

--
-- Dumping data for table `nf_cta_cte`
--

INSERT INTO `nf_cta_cte` VALUES (1,7851,1,2,40719,40735,11,13,1,0,'2022-09-21',27000.00,1,'',NULL,'2022-10-02 18:56:56','2022-10-02 18:57:03','2022-10-02 18:57:03'),(2,7851,2,3,40719,40735,11,57,2,0,'2022-09-21',27000.00,1,'',NULL,'2022-10-02 18:57:03','2022-11-28 17:14:55','2022-11-28 17:14:55'),(3,7851,3,3,40719,40735,11,57,2,0,'2022-09-21',27000.00,1,'',NULL,'2022-11-28 17:14:55','2023-01-05 00:20:31','2023-01-05 00:20:31'),(4,7851,4,3,40719,40738,12,57,2,0,'2022-10-06',14850.00,1,'Pastillas de freno Sin factura',NULL,'2023-01-05 00:16:29','2023-01-05 00:19:58','2023-01-05 00:19:58'),(5,7851,5,3,40719,40738,12,57,2,0,'2022-10-06',14850.00,1,'Pastillas de freno Sin factura',NULL,'2023-01-05 00:19:58','2023-01-05 00:20:07','2023-01-05 00:20:07'),(6,7851,6,3,40719,40738,12,57,2,0,'2022-10-06',14850.00,1,'Pastillas de freno Sin factura',NULL,'2023-01-05 00:20:07','2023-01-05 00:20:07',NULL),(7,7851,7,3,40719,40735,11,57,2,0,'2022-09-21',27000.00,1,'',NULL,'2023-01-05 00:20:31','2023-01-05 00:20:31',NULL),(8,7851,8,3,40719,40766,12,57,2,0,'2022-10-22',18810.00,1,'',NULL,'2023-01-05 00:34:08','2023-01-05 00:34:08',NULL),(9,7851,9,3,40719,40767,12,57,2,0,'2022-10-03',20990.00,1,'',NULL,'2023-01-05 00:39:46','2023-01-05 00:39:46',NULL),(10,7851,NULL,21,40719,40766,12,57,1,0,'2022-10-22',18810.00,1,NULL,NULL,'2023-01-05 00:42:36','2023-01-05 00:42:36',NULL),(11,7851,NULL,21,40719,40738,12,57,1,0,'2022-10-05',14850.00,1,NULL,NULL,'2023-01-05 00:44:17','2023-01-05 00:44:17',NULL),(12,7851,NULL,21,40719,40767,12,57,1,0,'2022-10-03',20990.00,1,NULL,NULL,'2023-01-05 00:48:48','2023-01-05 00:48:48',NULL),(13,7851,10,3,40719,40768,13,57,2,0,'2022-11-22',62892.00,1,'',NULL,'2023-01-05 01:18:19','2023-01-05 01:18:19',NULL),(14,7851,11,3,40719,40743,12,57,2,0,'2022-10-18',450.54,1,'',NULL,'2023-01-05 01:24:37','2023-01-05 01:24:37',NULL),(15,7851,12,3,40719,40769,12,57,2,0,'2022-10-22',18.83,1,'SELLOS ALTAS/RENOVACIONES ',NULL,'2023-01-05 01:28:42','2023-01-05 01:28:42',NULL),(16,7851,NULL,21,40719,40743,12,57,1,0,'2022-10-22',18.83,1,NULL,NULL,'2023-01-05 01:29:30','2023-01-05 01:31:25','2023-01-05 01:31:25'),(17,7851,NULL,21,40719,40743,12,57,1,0,'2022-10-18',450.54,1,NULL,NULL,'2023-01-05 01:32:02','2023-01-05 01:32:02',NULL),(18,7851,NULL,21,40719,40769,12,57,1,0,'2022-10-22',18.83,1,'SELLOS ALTAS/RENOVACIONES ',NULL,'2023-01-05 01:32:51','2023-01-05 01:32:51',NULL),(19,7851,NULL,21,40719,40768,13,57,1,0,'2022-11-22',62892.00,1,NULL,NULL,'2023-01-05 01:33:51','2023-01-05 01:33:51',NULL),(20,7851,13,2,40719,40782,21,13,1,0,'2023-04-15',25000.00,1,'',NULL,'2023-05-01 20:52:29','2023-05-01 20:57:00','2023-05-01 20:57:00'),(21,7851,14,2,40719,40782,21,13,1,0,'2023-04-21',25000.00,1,'',NULL,'2023-05-01 20:53:34','2023-05-01 20:56:28','2023-05-01 20:56:28'),(22,7851,15,2,40719,40802,21,13,1,0,'2023-04-23',25000.00,1,'',NULL,'2023-05-01 20:56:12','2023-05-01 20:56:43','2023-05-01 20:56:43'),(23,7851,16,2,40719,40782,21,13,1,0,'2023-04-23',25000.00,1,'',NULL,'2023-05-01 20:56:28','2023-05-01 20:56:28',NULL),(24,7851,17,2,40719,40802,21,13,1,0,'2023-04-24',25000.00,1,'',NULL,'2023-05-01 20:56:43','2023-05-01 20:56:52','2023-05-01 20:56:52'),(25,7851,18,2,40719,40802,21,13,1,0,'2023-04-23',25000.00,1,'',NULL,'2023-05-01 20:56:52','2023-05-01 20:56:52',NULL),(26,7851,19,2,40719,40782,21,13,1,0,'2023-04-16',25000.00,1,'',NULL,'2023-05-01 20:57:00','2023-05-01 20:57:00',NULL),(27,7851,NULL,20,40719,40782,21,13,2,0,'2023-04-15',50000.00,1,NULL,NULL,'2023-05-01 21:01:49','2023-05-01 21:01:49',NULL),(28,7851,NULL,20,40719,40802,21,13,2,0,'2023-04-23',25000.00,1,NULL,NULL,'2023-05-01 21:04:47','2023-05-01 21:04:47',NULL),(29,7851,20,3,40719,40804,22,57,2,0,'2023-05-11',3060.00,1,'',NULL,'2023-05-10 23:57:19','2023-05-10 23:57:19',NULL),(30,7851,NULL,21,40719,40804,22,57,1,0,'2023-05-10',3060.00,1,NULL,NULL,'2023-05-10 23:59:05','2023-05-10 23:59:05',NULL),(31,7851,21,2,40719,40802,22,13,1,0,'2023-05-13',15000.00,1,'',NULL,'2023-05-22 16:22:23','2023-05-22 16:22:23',NULL);
INSERT INTO `nf_cta_cte` VALUES (32,7851,NULL,20,40719,40802,22,13,2,0,'2023-05-13',15000.00,1,NULL,NULL,'2023-05-22 16:23:42','2023-05-22 16:23:42',NULL),(33,7851,22,3,40719,40802,22,57,2,0,'2023-05-23',25000.00,1,'',NULL,'2023-05-23 11:43:35','2023-05-23 11:44:03','2023-05-23 11:44:03'),(34,7851,23,2,40719,40802,22,13,1,0,'2023-05-23',25000.00,1,'',NULL,'2023-05-23 11:44:03','2023-05-23 11:44:03',NULL),(35,7851,NULL,20,40719,40802,22,13,2,0,'2023-05-23',25000.00,1,NULL,NULL,'2023-05-23 11:44:42','2023-05-23 11:44:42',NULL),(36,7851,24,2,40719,40802,22,13,1,0,'2023-05-26',30000.00,1,'Monte Comán - Cuadro Benegas',NULL,'2023-06-02 00:00:01','2023-06-02 00:00:01',NULL),(37,7851,25,2,40719,40813,22,13,1,0,'2023-05-27',20000.00,1,'Colonia Elena - Cuadro Benegas',NULL,'2023-06-02 00:00:44','2023-06-02 00:00:44',NULL),(38,7851,NULL,20,40719,40802,22,13,2,0,'2023-05-25',30000.00,1,NULL,NULL,'2023-06-02 00:03:25','2023-06-02 00:03:25',NULL),(39,7851,NULL,20,40719,40813,22,13,2,0,'2023-05-27',20000.00,1,NULL,NULL,'2023-06-02 00:05:09','2023-06-02 00:05:09',NULL),(40,7851,26,2,40719,40813,23,13,1,0,'2023-06-05',25000.00,1,'Viaje a Villa Atuel',NULL,'2023-06-05 23:10:37','2023-06-05 23:10:37',NULL),(41,7851,27,2,40719,40802,23,13,1,0,'2023-06-05',25000.00,1,'Viaje a Club Huracán',NULL,'2023-06-05 23:11:23','2023-06-05 23:11:23',NULL),(42,7851,NULL,21,40719,40813,23,57,1,0,'2023-06-04',25000.00,1,NULL,NULL,'2023-06-05 23:12:19','2023-06-05 23:12:19',NULL);

--
-- Table structure for table `nf_cta_cte_details`
--

CREATE TABLE `nf_cta_cte_details` (
  `id` int(10) unsigned NOT NULL AUTO_INCREMENT,
  `user_id` int(10) unsigned DEFAULT NULL,
  `nf_cta_cte_id` int(10) unsigned NOT NULL,
  `person_id` int(10) unsigned DEFAULT NULL,
  `person_id_relationed` int(10) unsigned DEFAULT NULL,
  `period_id` int(10) unsigned DEFAULT NULL,
  `tipo_asiento_id` int(10) unsigned NOT NULL,
  `cta_cte_tesoreria_cuenta_id` int(10) unsigned NOT NULL,
  `saldo_id` int(10) unsigned NOT NULL,
  `monto` decimal(16,2) NOT NULL,
  `created_at` timestamp NULL DEFAULT NULL,
  `updated_at` timestamp NULL DEFAULT NULL,
  `deleted_at` timestamp NULL DEFAULT NULL,
  PRIMARY KEY (`id`),
  KEY `nf_cta_cte_details_nf_cta_cte_id_foreign` (`nf_cta_cte_id`),
  KEY `nf_cta_cte_details_person_id_foreign` (`person_id`),
  KEY `nf_cta_cte_details_person_id_relationed_foreign` (`person_id_relationed`),
  KEY `nf_cta_cte_details_period_id_foreign` (`period_id`),
  KEY `nf_cta_cte_details_tipo_asiento_id_foreign` (`tipo_asiento_id`),
  KEY `nf_cta_cte_details_cta_cte_tesoreria_cuenta_id_foreign` (`cta_cte_tesoreria_cuenta_id`),
  KEY `nf_cta_cte_details_saldo_id_foreign` (`saldo_id`),
  CONSTRAINT `nf_cta_cte_details_cta_cte_tesoreria_cuenta_id_foreign` FOREIGN KEY (`cta_cte_tesoreria_cuenta_id`) REFERENCES `cta_cte_tesoreria_cuentas` (`id`),
  CONSTRAINT `nf_cta_cte_details_nf_cta_cte_id_foreign` FOREIGN KEY (`nf_cta_cte_id`) REFERENCES `nf_cta_cte` (`id`),
  CONSTRAINT `nf_cta_cte_details_period_id_foreign` FOREIGN KEY (`period_id`) REFERENCES `periods` (`id`),
  CONSTRAINT `nf_cta_cte_details_person_id_foreign` FOREIGN KEY (`person_id`) REFERENCES `persons` (`id`),
  CONSTRAINT `nf_cta_cte_details_person_id_relationed_foreign` FOREIGN KEY (`person_id_relationed`) REFERENCES `persons` (`id`),
  CONSTRAINT `nf_cta_cte_details_saldo_id_foreign` FOREIGN KEY (`saldo_id`) REFERENCES `conta_tipo_saldos` (`id`),
  CONSTRAINT `nf_cta_cte_details_tipo_asiento_id_foreign` FOREIGN KEY (`tipo_asiento_id`) REFERENCES `conta_tipo_asientos` (`id`)
) ENGINE=InnoDB AUTO_INCREMENT=31 DEFAULT CHARSET=utf8mb4 COLLATE=utf8mb4_unicode_ci;

--
-- Dumping data for table `nf_cta_cte_details`
--

INSERT INTO `nf_cta_cte_details` VALUES (1,7851,10,40719,40766,12,21,57,1,18810.00,'2023-01-05 00:42:36','2023-01-05 00:42:36',NULL),(2,7851,10,40719,40766,12,21,764,2,18810.00,'2023-01-05 00:42:36','2023-01-05 00:42:36',NULL),(3,7851,11,40719,40738,12,21,57,1,14850.00,'2023-01-05 00:44:17','2023-01-05 00:44:17',NULL),(4,7851,11,40719,40738,12,21,764,2,14850.00,'2023-01-05 00:44:17','2023-01-05 00:44:17',NULL),(5,7851,12,40719,40767,12,21,57,1,20990.00,'2023-01-05 00:48:48','2023-01-05 00:48:48',NULL),(6,7851,12,40719,40767,12,21,764,2,20990.00,'2023-01-05 00:48:48','2023-01-05 00:48:48',NULL),(9,7851,17,40719,40743,12,21,57,1,450.54,'2023-01-05 01:32:02','2023-01-05 01:32:02',NULL),(10,7851,17,40719,40743,12,21,764,2,450.54,'2023-01-05 01:32:02','2023-01-05 01:32:02',NULL),(11,7851,18,40719,40769,12,21,57,1,18.83,'2023-01-05 01:32:51','2023-01-05 01:32:51',NULL),(12,7851,18,40719,40769,12,21,764,2,18.83,'2023-01-05 01:32:51','2023-01-05 01:32:51',NULL),(13,7851,19,40719,40768,13,21,57,1,62892.00,'2023-01-05 01:33:51','2023-01-05 01:33:51',NULL),(14,7851,19,40719,40768,13,21,764,2,62892.00,'2023-01-05 01:33:51','2023-01-05 01:33:51',NULL),(15,7851,27,40719,40782,21,20,13,2,50000.00,'2023-05-01 21:01:49','2023-05-01 21:01:49',NULL),(16,7851,27,40719,40782,21,20,774,1,50000.00,'2023-05-01 21:01:49','2023-05-01 21:01:49',NULL),(17,7851,28,40719,40802,21,20,13,2,25000.00,'2023-05-01 21:04:47','2023-05-01 21:04:47',NULL),(18,7851,28,40719,40802,21,20,774,1,25000.00,'2023-05-01 21:04:47','2023-05-01 21:04:47',NULL),(19,7851,30,40719,40804,22,21,57,1,3060.00,'2023-05-10 23:59:05','2023-05-10 23:59:05',NULL),(20,7851,30,40719,40804,22,21,768,2,3060.00,'2023-05-10 23:59:05','2023-05-10 23:59:05',NULL),(21,7851,32,40719,40802,22,20,13,2,15000.00,'2023-05-22 16:23:42','2023-05-22 16:23:42',NULL),(22,7851,32,40719,40802,22,20,774,1,15000.00,'2023-05-22 16:23:42','2023-05-22 16:23:42',NULL),(23,7851,35,40719,40802,22,20,13,2,25000.00,'2023-05-23 11:44:42','2023-05-23 11:44:42',NULL),(24,7851,35,40719,40802,22,20,774,1,25000.00,'2023-05-23 11:44:42','2023-05-23 11:44:42',NULL),(25,7851,38,40719,40802,22,20,13,2,30000.00,'2023-06-02 00:03:25','2023-06-02 00:03:25',NULL),(26,7851,38,40719,40802,22,20,774,1,30000.00,'2023-06-02 00:03:25','2023-06-02 00:03:25',NULL),(27,7851,39,40719,40813,22,20,13,2,20000.00,'2023-06-02 00:05:09','2023-06-02 00:05:09',NULL),(28,7851,39,40719,40813,22,20,774,1,20000.00,'2023-06-02 00:05:09','2023-06-02 00:05:09',NULL),(29,7851,42,40719,40813,23,21,57,1,25000.00,'2023-06-05 23:12:19','2023-06-05 23:12:19',NULL),(30,7851,42,40719,40813,23,21,774,2,25000.00,'2023-06-05 23:12:19','2023-06-05 23:12:19',NULL);

--
-- Table structure for table `nf_invoices`
--

CREATE TABLE `nf_invoices` (
  `id` bigint(20) unsigned NOT NULL AUTO_INCREMENT,
  `user_id` int(10) unsigned DEFAULT NULL,
  `person_id` int(10) unsigned NOT NULL,
  `person_id_relationed` int(10) unsigned NOT NULL,
  `punto_vta_id` int(10) unsigned NOT NULL,
  `period_id` int(10) unsigned NOT NULL,
  `numero` int(11) NOT NULL,
  `fecha` date NOT NULL,
  `total` decimal(16,2) NOT NULL,
  `comentario` longtext COLLATE utf8mb4_unicode_ci NOT NULL,
  `created_at` timestamp NULL DEFAULT NULL,
  `updated_at` timestamp NULL DEFAULT NULL,
  `deleted_at` timestamp NULL DEFAULT NULL,
  PRIMARY KEY (`id`),
  KEY `nf_invoices_person_id_foreign` (`person_id`),
  KEY `nf_invoices_person_id_relationed_foreign` (`person_id_relationed`),
  KEY `nf_invoices_punto_vta_id_foreign` (`punto_vta_id`),
  KEY `nf_invoices_period_id_foreign` (`period_id`),
  CONSTRAINT `nf_invoices_period_id_foreign` FOREIGN KEY (`period_id`) REFERENCES `periods` (`id`),
  CONSTRAINT `nf_invoices_person_id_foreign` FOREIGN KEY (`person_id`) REFERENCES `persons` (`id`),
  CONSTRAINT `nf_invoices_person_id_relationed_foreign` FOREIGN KEY (`person_id_relationed`) REFERENCES `persons` (`id`),
  CONSTRAINT `nf_invoices_punto_vta_id_foreign` FOREIGN KEY (`punto_vta_id`) REFERENCES `fact_elec_puntos_venta` (`id`)
) ENGINE=InnoDB DEFAULT CHARSET=utf8mb4 COLLATE=utf8mb4_unicode_ci;

--
-- Dumping data for table `nf_invoices`
--


--
-- Table structure for table `nf_invoices_details`
--

CREATE TABLE `nf_invoices_details` (
  `id` bigint(20) unsigned NOT NULL AUTO_INCREMENT,
  `user_id` int(10) unsigned DEFAULT NULL,
  `nf_invoice_id` bigint(20) unsigned NOT NULL,
  `cantidades` decimal(16,2) NOT NULL,
  `inv_producto_id` bigint(20) unsigned DEFAULT NULL,
  `descripcion` varchar(191) COLLATE utf8mb4_unicode_ci DEFAULT NULL,
  `neto` decimal(16,2) NOT NULL,
  `desc_porc` decimal(16,2) DEFAULT NULL,
  `descuento` decimal(16,2) DEFAULT NULL,
  `subtotal` decimal(16,2) NOT NULL,
  `created_at` timestamp NULL DEFAULT NULL,
  `updated_at` timestamp NULL DEFAULT NULL,
  `deleted_at` timestamp NULL DEFAULT NULL,
  PRIMARY KEY (`id`),
  KEY `nf_invoices_details_nf_invoice_id_foreign` (`nf_invoice_id`),
  KEY `nf_invoices_details_inv_producto_id_foreign` (`inv_producto_id`),
  CONSTRAINT `nf_invoices_details_inv_producto_id_foreign` FOREIGN KEY (`inv_producto_id`) REFERENCES `inv_productos` (`id`),
  CONSTRAINT `nf_invoices_details_nf_invoice_id_foreign` FOREIGN KEY (`nf_invoice_id`) REFERENCES `nf_invoices` (`id`)
) ENGINE=InnoDB DEFAULT CHARSET=utf8mb4 COLLATE=utf8mb4_unicode_ci;

--
-- Dumping data for table `nf_invoices_details`
--


--
-- Table structure for table `nf_receipts`
--

CREATE TABLE `nf_receipts` (
  `id` int(10) unsigned NOT NULL AUTO_INCREMENT,
  `user_id` int(10) unsigned NOT NULL,
  `person_id` int(10) unsigned NOT NULL,
  `person_id_relationed` int(10) unsigned NOT NULL,
  `period_id` int(10) unsigned NOT NULL,
  `type_id` int(10) unsigned NOT NULL,
  `receipt_type_id` int(10) unsigned NOT NULL,
  `fecha` date DEFAULT NULL,
  `total` decimal(16,2) NOT NULL,
  `descripcion` varchar(191) COLLATE utf8mb4_unicode_ci DEFAULT NULL,
  `comentario` varchar(191) COLLATE utf8mb4_unicode_ci DEFAULT NULL,
  `file` varchar(191) COLLATE utf8mb4_unicode_ci DEFAULT NULL,
  `created_at` timestamp NULL DEFAULT NULL,
  `updated_at` timestamp NULL DEFAULT NULL,
  `deleted_at` timestamp NULL DEFAULT NULL,
  PRIMARY KEY (`id`),
  KEY `nf_receipts_person_id_foreign` (`person_id`),
  KEY `nf_receipts_person_id_relationed_foreign` (`person_id_relationed`),
  KEY `nf_receipts_period_id_foreign` (`period_id`),
  KEY `nf_receipts_type_id_foreign` (`type_id`),
  KEY `nf_receipts_receipt_type_id_foreign` (`receipt_type_id`),
  CONSTRAINT `nf_receipts_period_id_foreign` FOREIGN KEY (`period_id`) REFERENCES `periods` (`id`),
  CONSTRAINT `nf_receipts_person_id_foreign` FOREIGN KEY (`person_id`) REFERENCES `persons` (`id`),
  CONSTRAINT `nf_receipts_person_id_relationed_foreign` FOREIGN KEY (`person_id_relationed`) REFERENCES `persons` (`id`),
  CONSTRAINT `nf_receipts_receipt_type_id_foreign` FOREIGN KEY (`receipt_type_id`) REFERENCES `receipt_types` (`id`),
  CONSTRAINT `nf_receipts_type_id_foreign` FOREIGN KEY (`type_id`) REFERENCES `types` (`id`)
) ENGINE=InnoDB AUTO_INCREMENT=28 DEFAULT CHARSET=utf8mb4 COLLATE=utf8mb4_unicode_ci;

--
-- Dumping data for table `nf_receipts`
--

INSERT INTO `nf_receipts` VALUES (1,7851,40719,40735,11,1,1,'2022-09-21',27000.00,'0001','',NULL,'2022-10-02 18:56:56','2022-10-02 18:57:03','2022-10-02 18:57:03'),(2,7851,40719,40735,11,2,1,'2022-09-21',27000.00,'0001','',NULL,'2022-10-02 18:57:03','2022-11-28 17:14:55','2022-11-28 17:14:55'),(3,7851,40719,40735,11,2,1,'2022-09-21',27000.00,'0001','',NULL,'2022-11-28 17:14:55','2023-01-05 00:20:31','2023-01-05 00:20:31'),(4,7851,40719,40738,12,2,1,'2022-10-06',14850.00,'1234','Pastillas de freno Sin factura',NULL,'2023-01-05 00:16:29','2023-01-05 00:19:58','2023-01-05 00:19:58'),(5,7851,40719,40738,12,2,1,'2022-10-06',14850.00,'678','Pastillas de freno Sin factura',NULL,'2023-01-05 00:19:58','2023-01-05 00:20:07','2023-01-05 00:20:07'),(6,7851,40719,40738,12,2,1,'2022-10-06',14850.00,'678','Pastillas de freno Sin factura',NULL,'2023-01-05 00:20:07','2023-01-05 00:20:07',NULL),(7,7851,40719,40735,11,2,1,'2022-09-21',27000.00,'678','',NULL,'2023-01-05 00:20:31','2023-01-05 00:20:31',NULL),(8,7851,40719,40766,12,2,1,'2022-10-22',18810.00,'678','',NULL,'2023-01-05 00:34:08','2023-01-05 00:34:08',NULL),(9,7851,40719,40767,12,2,1,'2022-10-03',20990.00,'678','',NULL,'2023-01-05 00:39:46','2023-01-05 00:39:46',NULL),(10,7851,40719,40768,13,2,1,'2022-11-22',62892.00,'678','',NULL,'2023-01-05 01:18:19','2023-01-05 01:18:19',NULL),(11,7851,40719,40743,12,2,1,'2022-10-18',450.54,'678','',NULL,'2023-01-05 01:24:37','2023-01-05 01:24:37',NULL),(12,7851,40719,40769,12,2,1,'2022-10-22',18.83,'678','SELLOS ALTAS/RENOVACIONES ',NULL,'2023-01-05 01:28:42','2023-01-05 01:28:42',NULL),(13,7851,40719,40782,21,1,1,'2023-04-15',25000.00,'1','',NULL,'2023-05-01 20:52:29','2023-05-01 20:57:00','2023-05-01 20:57:00'),(14,7851,40719,40782,21,1,1,'2023-04-21',25000.00,'2','',NULL,'2023-05-01 20:53:34','2023-05-01 20:56:28','2023-05-01 20:56:28'),(15,7851,40719,40802,21,1,1,'2023-04-23',25000.00,'3','',NULL,'2023-05-01 20:56:12','2023-05-01 20:56:43','2023-05-01 20:56:43'),(16,7851,40719,40782,21,1,1,'2023-04-23',25000.00,'2','',NULL,'2023-05-01 20:56:28','2023-05-01 20:56:28',NULL),(17,7851,40719,40802,21,1,1,'2023-04-24',25000.00,'3','',NULL,'2023-05-01 20:56:43','2023-05-01 20:56:52','2023-05-01 20:56:52'),(18,7851,40719,40802,21,1,1,'2023-04-23',25000.00,'3','',NULL,'2023-05-01 20:56:52','2023-05-01 20:56:52',NULL),(19,7851,40719,40782,21,1,1,'2023-04-16',25000.00,'1','',NULL,'2023-05-01 20:57:00','2023-05-01 20:57:00',NULL),(20,7851,40719,40804,22,2,1,'2023-05-11',3060.00,'123456789','',NULL,'2023-05-10 23:57:19','2023-05-10 23:57:19',NULL),(21,7851,40719,40802,22,1,1,'2023-05-13',15000.00,'10','',NULL,'2023-05-22 16:22:23','2023-05-22 16:22:23',NULL),(22,7851,40719,40802,22,2,1,'2023-05-23',25000.00,'12','',NULL,'2023-05-23 11:43:35','2023-05-23 11:44:03','2023-05-23 11:44:03'),(23,7851,40719,40802,22,1,1,'2023-05-23',25000.00,'12','',NULL,'2023-05-23 11:44:03','2023-05-23 11:44:03',NULL),(24,7851,40719,40802,22,1,1,'2023-05-26',30000.00,'12','Monte Comán - Cuadro Benegas',NULL,'2023-06-02 00:00:01','2023-06-02 00:00:01',NULL),(25,7851,40719,40813,22,1,1,'2023-05-27',20000.00,'13','Colonia Elena - Cuadro Benegas',NULL,'2023-06-02 00:00:44','2023-06-02 00:00:44',NULL),(26,7851,40719,40813,23,1,1,'2023-06-05',25000.00,'14','Viaje a Villa Atuel',NULL,'2023-06-05 23:10:37','2023-06-05 23:10:37',NULL),(27,7851,40719,40802,23,1,1,'2023-06-05',25000.00,'15','Viaje a Club Huracán',NULL,'2023-06-05 23:11:23','2023-06-05 23:11:23',NULL);

--
-- Table structure for table `notif`
--

CREATE TABLE `notif` (
  `id` int(10) unsigned NOT NULL AUTO_INCREMENT,
  `user_id` int(10) unsigned DEFAULT NULL,
  `send_notif_user_person_id` int(10) unsigned NOT NULL,
  `recept_notif_user_person_id` int(10) unsigned NOT NULL,
  `fecha` datetime NOT NULL DEFAULT '2020-01-23 18:56:25',
  `fecha_vto` datetime DEFAULT NULL,
  `leido` tinyint(1) NOT NULL DEFAULT '0',
  `pendiente` tinyint(1) NOT NULL DEFAULT '0',
  `asunto` varchar(191) COLLATE utf8mb4_unicode_ci DEFAULT NULL,
  `created_at` timestamp NULL DEFAULT NULL,
  `updated_at` timestamp NULL DEFAULT NULL,
  `deleted_at` timestamp NULL DEFAULT NULL,
  PRIMARY KEY (`id`),
  KEY `notif_send_notif_user_person_id_foreign` (`send_notif_user_person_id`),
  KEY `notif_recept_notif_user_person_id_foreign` (`recept_notif_user_person_id`),
  CONSTRAINT `notif_recept_notif_user_person_id_foreign` FOREIGN KEY (`recept_notif_user_person_id`) REFERENCES `notif_users_persons` (`id`),
  CONSTRAINT `notif_send_notif_user_person_id_foreign` FOREIGN KEY (`send_notif_user_person_id`) REFERENCES `notif_users_persons` (`id`)
) ENGINE=InnoDB DEFAULT CHARSET=utf8mb4 COLLATE=utf8mb4_unicode_ci;

--
-- Dumping data for table `notif`
--


--
-- Table structure for table `notif_detail`
--

CREATE TABLE `notif_detail` (
  `id` int(10) unsigned NOT NULL AUTO_INCREMENT,
  `user_id` int(10) unsigned DEFAULT NULL,
  `notificacion_id` int(10) unsigned NOT NULL,
  `notif_respuesta_id` int(10) unsigned DEFAULT NULL,
  `send_notif_user_person_id` int(10) unsigned NOT NULL,
  `recept_notif_user_person_id` int(10) unsigned NOT NULL,
  `fecha` datetime NOT NULL DEFAULT '2020-01-23 18:56:25',
  `body` text COLLATE utf8mb4_unicode_ci,
  `adjunto` text COLLATE utf8mb4_unicode_ci,
  `send_email` tinyint(1) NOT NULL DEFAULT '0',
  `is_respuesta` tinyint(1) NOT NULL DEFAULT '0',
  `created_at` timestamp NULL DEFAULT NULL,
  `updated_at` timestamp NULL DEFAULT NULL,
  `deleted_at` timestamp NULL DEFAULT NULL,
  PRIMARY KEY (`id`),
  KEY `notif_detail_send_notif_user_person_id_foreign` (`send_notif_user_person_id`),
  KEY `notif_detail_recept_notif_user_person_id_foreign` (`recept_notif_user_person_id`),
  KEY `notif_detail_notificacion_id_foreign` (`notificacion_id`),
  KEY `notif_detail_notif_respuesta_id_foreign` (`notif_respuesta_id`),
  CONSTRAINT `notif_detail_notif_respuesta_id_foreign` FOREIGN KEY (`notif_respuesta_id`) REFERENCES `notif_respuestas` (`id`),
  CONSTRAINT `notif_detail_notificacion_id_foreign` FOREIGN KEY (`notificacion_id`) REFERENCES `notif` (`id`),
  CONSTRAINT `notif_detail_recept_notif_user_person_id_foreign` FOREIGN KEY (`recept_notif_user_person_id`) REFERENCES `notif_users_persons` (`id`),
  CONSTRAINT `notif_detail_send_notif_user_person_id_foreign` FOREIGN KEY (`send_notif_user_person_id`) REFERENCES `notif_users_persons` (`id`)
) ENGINE=InnoDB DEFAULT CHARSET=utf8mb4 COLLATE=utf8mb4_unicode_ci;

--
-- Dumping data for table `notif_detail`
--


--
-- Table structure for table `notif_respuestas`
--

CREATE TABLE `notif_respuestas` (
  `id` int(10) unsigned NOT NULL AUTO_INCREMENT,
  `user_id` int(10) unsigned DEFAULT NULL,
  `send_notif_user_person_id` int(10) unsigned NOT NULL,
  `recept_notif_user_person_id` int(10) unsigned NOT NULL,
  `notif_id` int(10) unsigned DEFAULT NULL,
  `fecha` datetime NOT NULL DEFAULT '2020-01-23 18:56:25',
  `fecha_vto` datetime DEFAULT NULL,
  `leido` tinyint(1) NOT NULL DEFAULT '0',
  `asunto` varchar(191) COLLATE utf8mb4_unicode_ci DEFAULT NULL,
  `created_at` timestamp NULL DEFAULT NULL,
  `updated_at` timestamp NULL DEFAULT NULL,
  `deleted_at` timestamp NULL DEFAULT NULL,
  PRIMARY KEY (`id`),
  KEY `notif_respuestas_send_notif_user_person_id_foreign` (`send_notif_user_person_id`),
  KEY `notif_respuestas_recept_notif_user_person_id_foreign` (`recept_notif_user_person_id`),
  KEY `notif_respuestas_notif_id_foreign` (`notif_id`),
  CONSTRAINT `notif_respuestas_notif_id_foreign` FOREIGN KEY (`notif_id`) REFERENCES `notif` (`id`),
  CONSTRAINT `notif_respuestas_recept_notif_user_person_id_foreign` FOREIGN KEY (`recept_notif_user_person_id`) REFERENCES `notif_users_persons` (`id`),
  CONSTRAINT `notif_respuestas_send_notif_user_person_id_foreign` FOREIGN KEY (`send_notif_user_person_id`) REFERENCES `notif_users_persons` (`id`)
) ENGINE=InnoDB DEFAULT CHARSET=utf8mb4 COLLATE=utf8mb4_unicode_ci;

--
-- Dumping data for table `notif_respuestas`
--


--
-- Table structure for table `notif_users_persons`
--

CREATE TABLE `notif_users_persons` (
  `id` int(10) unsigned NOT NULL AUTO_INCREMENT,
  `user_id` int(10) unsigned NOT NULL,
  `person_id` int(10) unsigned NOT NULL,
  `parent_person_id` int(10) unsigned NOT NULL,
  `created_at` timestamp NULL DEFAULT NULL,
  `updated_at` timestamp NULL DEFAULT NULL,
  `deleted_at` timestamp NULL DEFAULT NULL,
  PRIMARY KEY (`id`),
  KEY `notif_users_persons_user_id_foreign` (`user_id`),
  KEY `notif_users_persons_person_id_foreign` (`person_id`),
  KEY `notif_users_persons_parent_person_id_foreign` (`parent_person_id`),
  CONSTRAINT `notif_users_persons_parent_person_id_foreign` FOREIGN KEY (`parent_person_id`) REFERENCES `persons` (`id`),
  CONSTRAINT `notif_users_persons_person_id_foreign` FOREIGN KEY (`person_id`) REFERENCES `persons` (`id`),
  CONSTRAINT `notif_users_persons_user_id_foreign` FOREIGN KEY (`user_id`) REFERENCES `tusers` (`idUser`)
) ENGINE=InnoDB DEFAULT CHARSET=utf8mb4 COLLATE=utf8mb4_unicode_ci;

--
-- Dumping data for table `notif_users_persons`
--


--
-- Table structure for table `obl_anual_conceptos`
--

CREATE TABLE `obl_anual_conceptos` (
  `id` int(10) unsigned NOT NULL AUTO_INCREMENT,
  `user_id` int(10) unsigned DEFAULT NULL,
  `nombre` varchar(191) COLLATE utf8mb4_unicode_ci NOT NULL,
  `created_at` timestamp NULL DEFAULT NULL,
  `updated_at` timestamp NULL DEFAULT NULL,
  `deleted_at` timestamp NULL DEFAULT NULL,
  PRIMARY KEY (`id`)
) ENGINE=InnoDB AUTO_INCREMENT=10 DEFAULT CHARSET=utf8mb4 COLLATE=utf8mb4_unicode_ci;

--
-- Dumping data for table `obl_anual_conceptos`
--

INSERT INTO `obl_anual_conceptos` VALUES (1,NULL,'Balance','2019-11-29 18:37:49','2019-11-29 18:37:49',NULL),(2,NULL,'Ganancias','2019-11-29 18:37:49','2019-11-29 18:37:49',NULL),(3,NULL,'Acc y Part Soc','2019-11-29 18:37:49','2019-11-29 18:37:49',NULL),(4,NULL,'Part Soc Informativa','2019-11-29 18:37:49','2019-11-29 18:37:49',NULL),(5,NULL,'IGJ Balance','2019-11-29 18:37:49','2019-11-29 18:37:49',NULL),(6,NULL,'TASAS IGJ','2019-11-29 18:37:49','2019-11-29 18:37:49',NULL),(7,NULL,'Auditoria','2019-11-29 18:37:49','2019-11-29 18:37:49',NULL),(8,NULL,'Libros Societarios','2019-11-29 18:37:49','2019-11-29 18:37:49',NULL),(9,NULL,'CM 05','2019-11-29 18:37:49','2019-11-29 18:37:49',NULL);

--
-- Table structure for table `obl_anual_registros`
--

CREATE TABLE `obl_anual_registros` (
  `id` int(10) unsigned NOT NULL AUTO_INCREMENT,
  `user_id` int(10) unsigned DEFAULT NULL,
  `anio` int(10) unsigned NOT NULL,
  `person_id` int(10) unsigned NOT NULL,
  `obl_anual_concepto_id` int(10) unsigned NOT NULL,
  `cumplido` tinyint(1) NOT NULL DEFAULT '0',
  `created_at` timestamp NULL DEFAULT NULL,
  `updated_at` timestamp NULL DEFAULT NULL,
  `deleted_at` timestamp NULL DEFAULT NULL,
  PRIMARY KEY (`id`),
  KEY `obl_anual_registros_person_id_foreign` (`person_id`),
  KEY `obl_anual_registros_obl_anual_concepto_id_foreign` (`obl_anual_concepto_id`),
  CONSTRAINT `obl_anual_registros_obl_anual_concepto_id_foreign` FOREIGN KEY (`obl_anual_concepto_id`) REFERENCES `obl_anual_conceptos` (`id`) ON DELETE CASCADE,
  CONSTRAINT `obl_anual_registros_person_id_foreign` FOREIGN KEY (`person_id`) REFERENCES `persons` (`id`)
) ENGINE=InnoDB DEFAULT CHARSET=utf8mb4 COLLATE=utf8mb4_unicode_ci;

--
-- Dumping data for table `obl_anual_registros`
--


--
-- Table structure for table `other_taxes`
--

CREATE TABLE `other_taxes` (
  `id` int(10) unsigned NOT NULL AUTO_INCREMENT,
  `created_at` timestamp NULL DEFAULT NULL,
  `updated_at` timestamp NULL DEFAULT NULL,
  `name` varchar(255) COLLATE utf8mb4_unicode_ci NOT NULL,
  `section` varchar(255) COLLATE utf8mb4_unicode_ci NOT NULL,
  `percent_tax` decimal(16,2) NOT NULL DEFAULT '0.00',
  `zone_id` int(10) unsigned DEFAULT NULL,
  `aliases` varchar(255) COLLATE utf8mb4_unicode_ci DEFAULT NULL,
  `section_name` varchar(255) COLLATE utf8mb4_unicode_ci DEFAULT NULL,
  `plan_cuenta_id` int(10) unsigned NOT NULL DEFAULT '1',
  PRIMARY KEY (`id`),
  KEY `other_taxes_plan_cuenta_id_foreign` (`plan_cuenta_id`),
  CONSTRAINT `other_taxes_plan_cuenta_id_foreign` FOREIGN KEY (`plan_cuenta_id`) REFERENCES `conta_plan_cuenta` (`id`)
) ENGINE=InnoDB AUTO_INCREMENT=1034 DEFAULT CHARSET=utf8mb4 COLLATE=utf8mb4_unicode_ci;

--
-- Dumping data for table `other_taxes`
--

INSERT INTO `other_taxes` VALUES (1000,NULL,NULL,'Perc IVA -RG3337','iva',0.00,NULL,NULL,'IVA',220),(1001,NULL,NULL,'Imps. Internos','gas',0.00,NULL,NULL,'Imp. Combustibles',221),(1002,NULL,NULL,'Imp. Gasoil','gas',0.00,NULL,NULL,'Imp. Combustibles',222),(1003,NULL,NULL,'Imp. Hídricos','gas',0.00,NULL,NULL,'Imp. Combustibles',223),(1004,NULL,NULL,'ITC','gas',0.00,NULL,NULL,'Imp. Combustibles',224),(1005,NULL,NULL,'Perc IIBB  Buenos Aires','iibb',0.00,23,NULL,'IIBB',225),(1006,NULL,NULL,'Perc IIBB  Capital Federal','iibb',0.00,22,NULL,'IIBB',226),(1007,NULL,NULL,'Perc IIBB  Catamarca','iibb',0.00,24,NULL,'IIBB',227),(1008,NULL,NULL,'Perc IIBB  Chaco','iibb',0.00,3,NULL,'IIBB',228),(1009,NULL,NULL,'Perc IIBB  Chubut','iibb',0.00,4,NULL,'IIBB',229),(1010,NULL,NULL,'Perc IIBB  Córdoba','iibb',0.00,1,NULL,'IIBB',230),(1011,NULL,NULL,'Perc IIBB  Corrientes','iibb',0.00,2,NULL,'IIBB',231),(1012,NULL,NULL,'Perc IIBB  Entre Ríos','iibb',0.00,5,NULL,'IIBB',232),(1013,NULL,NULL,'Perc IIBB  Formosa','iibb',0.00,6,NULL,'IIBB',233),(1014,NULL,NULL,'Perc IIBB  Jujuy','iibb',0.00,7,NULL,'IIBB',234),(1015,NULL,NULL,'Perc IIBB  La Pampa','iibb',0.00,8,NULL,'IIBB',235),(1016,NULL,NULL,'Perc IIBB  La Rioja','iibb',0.00,9,NULL,'IIBB',236),(1017,NULL,NULL,'Perc IIBB  Mendoza','iibb',0.00,10,NULL,'IIBB',237),(1018,NULL,NULL,'Perc IIBB  Misiones','iibb',0.00,11,NULL,'IIBB',238),(1019,NULL,NULL,'Perc IIBB  Neuquén','iibb',0.00,12,NULL,'IIBB',239),(1020,NULL,NULL,'Perc IIBB  Pascua Lama','iibb',0.00,25,NULL,'IIBB',240),(1021,NULL,NULL,'Perc IIBB  Río Negro','iibb',0.00,13,NULL,'IIBB',241),(1022,NULL,NULL,'Perc IIBB  Salta','iibb',0.00,14,NULL,'IIBB',242),(1023,NULL,NULL,'Perc IIBB  San Juan','iibb',0.00,15,NULL,'IIBB',243),(1024,NULL,NULL,'Perc IIBB  San Luis','iibb',0.00,16,NULL,'IIBB',244),(1025,NULL,NULL,'Perc IIBB  Santa Cruz','iibb',0.00,17,NULL,'IIBB',245),(1026,NULL,NULL,'Perc IIBB  Santa Fe','iibb',0.00,18,NULL,'IIBB',246),(1027,NULL,NULL,'Perc IIBB  Santiago del Estero','iibb',0.00,19,NULL,'IIBB',247),(1028,NULL,NULL,'Perc IIBB  Tierra del Fuego','iibb',0.00,20,NULL,'IIBB',248),(1029,NULL,NULL,'Perc IIBB  Tucuman','iibb',0.00,21,NULL,'IIBB',249),(1030,'2019-05-03 03:33:05','2019-05-03 03:33:05','CO2 - Imp. Al Carbono','gas',0.00,NULL,NULL,'Imp. Combustibles',478),(1031,'2022-09-17 16:06:17','2022-09-17 16:06:17','Imp. Municipales','gas',0.00,NULL,NULL,'Imp. Combustibles',215),(1032,'2022-09-17 16:06:17','2022-09-17 16:06:17','Perc/Ret. Imp. Ganancias','gas',0.00,NULL,NULL,'Imp. Combustibles',216),(1033,'2023-10-12 08:07:28','2023-10-12 08:07:28','Redondeo','redondeo',0.00,NULL,NULL,'Redondeo',136);

--
-- Table structure for table `pais`
--

CREATE TABLE `pais` (
  `id` int(10) unsigned NOT NULL AUTO_INCREMENT,
  `user_id` int(10) unsigned DEFAULT NULL,
  `codigo` int(10) unsigned DEFAULT NULL,
  `descripcion` varchar(191) COLLATE utf8mb4_unicode_ci NOT NULL,
  `habilitado` tinyint(1) NOT NULL DEFAULT '1',
  `created_at` timestamp NULL DEFAULT NULL,
  `updated_at` timestamp NULL DEFAULT NULL,
  `deleted_at` timestamp NULL DEFAULT NULL,
  PRIMARY KEY (`id`),
  UNIQUE KEY `pais_descripcion_unique` (`descripcion`),
  UNIQUE KEY `pais_codigo_unique` (`codigo`)
) ENGINE=InnoDB AUTO_INCREMENT=249 DEFAULT CHARSET=utf8mb4 COLLATE=utf8mb4_unicode_ci;

--
-- Dumping data for table `pais`
--

INSERT INTO `pais` VALUES (1,NULL,NULL,'Argentina',1,'2020-05-28 20:55:22','2020-05-28 20:55:22',NULL),(2,NULL,NULL,'Afghanistan',1,'2020-05-28 20:55:22','2020-05-28 20:55:22',NULL),(3,NULL,NULL,'Albania',1,'2020-05-28 20:55:22','2020-05-28 20:55:22',NULL),(4,NULL,NULL,'Alemania',1,'2020-05-28 20:55:22','2020-05-28 20:55:22',NULL),(5,NULL,NULL,'Algeria',1,'2020-05-28 20:55:22','2020-05-28 20:55:22',NULL),(6,NULL,NULL,'Andorra',1,'2020-05-28 20:55:22','2020-05-28 20:55:22',NULL),(7,NULL,NULL,'Angola',1,'2020-05-28 20:55:22','2020-05-28 20:55:22',NULL),(8,NULL,NULL,'Anguila',1,'2020-05-28 20:55:22','2020-05-28 20:55:22',NULL),(9,NULL,NULL,'Antártida',1,'2020-05-28 20:55:22','2020-05-28 20:55:22',NULL),(10,NULL,NULL,'Antigua y Barbuda',1,'2020-05-28 20:55:22','2020-05-28 20:55:22',NULL),(11,NULL,NULL,'Arabia Saudita',1,'2020-05-28 20:55:22','2020-05-28 20:55:22',NULL),(12,NULL,NULL,'Armenia',1,'2020-05-28 20:55:22','2020-05-28 20:55:22',NULL),(13,NULL,NULL,'Aruba',1,'2020-05-28 20:55:22','2020-05-28 20:55:22',NULL),(14,NULL,NULL,'Australia',1,'2020-05-28 20:55:22','2020-05-28 20:55:22',NULL),(15,NULL,NULL,'Austria',1,'2020-05-28 20:55:22','2020-05-28 20:55:22',NULL),(16,NULL,NULL,'Azerbaiyán',1,'2020-05-28 20:55:22','2020-05-28 20:55:22',NULL),(17,NULL,NULL,'Bélgica',1,'2020-05-28 20:55:22','2020-05-28 20:55:22',NULL),(18,NULL,NULL,'Bahamas',1,'2020-05-28 20:55:22','2020-05-28 20:55:22',NULL),(19,NULL,NULL,'Bahrein',1,'2020-05-28 20:55:22','2020-05-28 20:55:22',NULL),(20,NULL,NULL,'Bangladesh',1,'2020-05-28 20:55:22','2020-05-28 20:55:22',NULL),(21,NULL,NULL,'Barbados',1,'2020-05-28 20:55:22','2020-05-28 20:55:22',NULL),(22,NULL,NULL,'Belice',1,'2020-05-28 20:55:22','2020-05-28 20:55:22',NULL),(23,NULL,NULL,'Benín',1,'2020-05-28 20:55:22','2020-05-28 20:55:22',NULL),(24,NULL,NULL,'Bhután',1,'2020-05-28 20:55:22','2020-05-28 20:55:22',NULL),(25,NULL,NULL,'Bielorrusia',1,'2020-05-28 20:55:22','2020-05-28 20:55:22',NULL),(26,NULL,NULL,'Birmania',1,'2020-05-28 20:55:22','2020-05-28 20:55:22',NULL),(27,NULL,NULL,'Bolivia',1,'2020-05-28 20:55:22','2020-05-28 20:55:22',NULL),(28,NULL,NULL,'Bosnia y Herzegovina',1,'2020-05-28 20:55:22','2020-05-28 20:55:22',NULL),(29,NULL,NULL,'Botsuana',1,'2020-05-28 20:55:22','2020-05-28 20:55:22',NULL),(30,NULL,NULL,'Brasil',1,'2020-05-28 20:55:22','2020-05-28 20:55:22',NULL),(31,NULL,NULL,'Brunéi',1,'2020-05-28 20:55:22','2020-05-28 20:55:22',NULL),(32,NULL,NULL,'Bulgaria',1,'2020-05-28 20:55:22','2020-05-28 20:55:22',NULL),(33,NULL,NULL,'Burkina Faso',1,'2020-05-28 20:55:22','2020-05-28 20:55:22',NULL),(34,NULL,NULL,'Burundi',1,'2020-05-28 20:55:22','2020-05-28 20:55:22',NULL),(35,NULL,NULL,'Cabo Verde',1,'2020-05-28 20:55:22','2020-05-28 20:55:22',NULL),(36,NULL,NULL,'Camboya',1,'2020-05-28 20:55:22','2020-05-28 20:55:22',NULL),(37,NULL,NULL,'Camerún',1,'2020-05-28 20:55:22','2020-05-28 20:55:22',NULL),(38,NULL,NULL,'Canadá',1,'2020-05-28 20:55:22','2020-05-28 20:55:22',NULL),(39,NULL,NULL,'Chad',1,'2020-05-28 20:55:22','2020-05-28 20:55:22',NULL),(40,NULL,NULL,'Chile',1,'2020-05-28 20:55:22','2020-05-28 20:55:22',NULL),(41,NULL,NULL,'China',1,'2020-05-28 20:55:22','2020-05-28 20:55:22',NULL),(42,NULL,NULL,'Chipre',1,'2020-05-28 20:55:22','2020-05-28 20:55:22',NULL),(43,NULL,NULL,'Ciudad del Vaticano',1,'2020-05-28 20:55:22','2020-05-28 20:55:22',NULL),(44,NULL,NULL,'Colombia',1,'2020-05-28 20:55:22','2020-05-28 20:55:22',NULL),(45,NULL,NULL,'Comoras',1,'2020-05-28 20:55:22','2020-05-28 20:55:22',NULL),(46,NULL,NULL,'República del Congo',1,'2020-05-28 20:55:22','2020-05-28 20:55:22',NULL),(47,NULL,NULL,'República Democrática del Congo',1,'2020-05-28 20:55:22','2020-05-28 20:55:22',NULL),(48,NULL,NULL,'Corea del Norte',1,'2020-05-28 20:55:22','2020-05-28 20:55:22',NULL),(49,NULL,NULL,'Corea del Sur',1,'2020-05-28 20:55:22','2020-05-28 20:55:22',NULL),(50,NULL,NULL,'Costa de Marfil',1,'2020-05-28 20:55:22','2020-05-28 20:55:22',NULL),(51,NULL,NULL,'Costa Rica',1,'2020-05-28 20:55:22','2020-05-28 20:55:22',NULL);
INSERT INTO `pais` VALUES (52,NULL,NULL,'Croacia',1,'2020-05-28 20:55:22','2020-05-28 20:55:22',NULL),(53,NULL,NULL,'Cuba',1,'2020-05-28 20:55:22','2020-05-28 20:55:22',NULL),(54,NULL,NULL,'Curazao',1,'2020-05-28 20:55:22','2020-05-28 20:55:22',NULL),(55,NULL,NULL,'Dinamarca',1,'2020-05-28 20:55:22','2020-05-28 20:55:22',NULL),(56,NULL,NULL,'Dominica',1,'2020-05-28 20:55:22','2020-05-28 20:55:22',NULL),(57,NULL,NULL,'Ecuador',1,'2020-05-28 20:55:22','2020-05-28 20:55:22',NULL),(58,NULL,NULL,'Egipto',1,'2020-05-28 20:55:22','2020-05-28 20:55:22',NULL),(59,NULL,NULL,'El Salvador',1,'2020-05-28 20:55:22','2020-05-28 20:55:22',NULL),(60,NULL,NULL,'Emiratos Árabes Unidos',1,'2020-05-28 20:55:22','2020-05-28 20:55:22',NULL),(61,NULL,NULL,'Eritrea',1,'2020-05-28 20:55:22','2020-05-28 20:55:22',NULL),(62,NULL,NULL,'Eslovaquia',1,'2020-05-28 20:55:22','2020-05-28 20:55:22',NULL),(63,NULL,NULL,'Eslovenia',1,'2020-05-28 20:55:22','2020-05-28 20:55:22',NULL),(64,NULL,NULL,'España',1,'2020-05-28 20:55:22','2020-05-28 20:55:22',NULL),(65,NULL,NULL,'Estados Unidos de América',1,'2020-05-28 20:55:22','2020-05-28 20:55:22',NULL),(66,NULL,NULL,'Estonia',1,'2020-05-28 20:55:22','2020-05-28 20:55:22',NULL),(67,NULL,NULL,'Etiopía',1,'2020-05-28 20:55:22','2020-05-28 20:55:22',NULL),(68,NULL,NULL,'Filipinas',1,'2020-05-28 20:55:22','2020-05-28 20:55:22',NULL),(69,NULL,NULL,'Finlandia',1,'2020-05-28 20:55:22','2020-05-28 20:55:22',NULL),(70,NULL,NULL,'Fiyi',1,'2020-05-28 20:55:22','2020-05-28 20:55:22',NULL),(71,NULL,NULL,'Francia',1,'2020-05-28 20:55:22','2020-05-28 20:55:22',NULL),(72,NULL,NULL,'Gabón',1,'2020-05-28 20:55:22','2020-05-28 20:55:22',NULL),(73,NULL,NULL,'Gambia',1,'2020-05-28 20:55:22','2020-05-28 20:55:22',NULL),(74,NULL,NULL,'Georgia',1,'2020-05-28 20:55:22','2020-05-28 20:55:22',NULL),(75,NULL,NULL,'Ghana',1,'2020-05-28 20:55:22','2020-05-28 20:55:22',NULL),(76,NULL,NULL,'Gibraltar',1,'2020-05-28 20:55:22','2020-05-28 20:55:22',NULL),(77,NULL,NULL,'Granada',1,'2020-05-28 20:55:22','2020-05-28 20:55:22',NULL),(78,NULL,NULL,'Grecia',1,'2020-05-28 20:55:22','2020-05-28 20:55:22',NULL),(79,NULL,NULL,'Groenlandia',1,'2020-05-28 20:55:22','2020-05-28 20:55:22',NULL),(80,NULL,NULL,'Guadalupe',1,'2020-05-28 20:55:22','2020-05-28 20:55:22',NULL),(81,NULL,NULL,'Guam',1,'2020-05-28 20:55:22','2020-05-28 20:55:22',NULL),(82,NULL,NULL,'Guatemala',1,'2020-05-28 20:55:22','2020-05-28 20:55:22',NULL),(83,NULL,NULL,'Guayana Francesa',1,'2020-05-28 20:55:22','2020-05-28 20:55:22',NULL),(84,NULL,NULL,'Guernsey',1,'2020-05-28 20:55:22','2020-05-28 20:55:22',NULL),(85,NULL,NULL,'Guinea',1,'2020-05-28 20:55:22','2020-05-28 20:55:22',NULL),(86,NULL,NULL,'Guinea Ecuatorial',1,'2020-05-28 20:55:22','2020-05-28 20:55:22',NULL),(87,NULL,NULL,'Guinea-Bissau',1,'2020-05-28 20:55:22','2020-05-28 20:55:22',NULL),(88,NULL,NULL,'Guyana',1,'2020-05-28 20:55:22','2020-05-28 20:55:22',NULL),(89,NULL,NULL,'Haití',1,'2020-05-28 20:55:22','2020-05-28 20:55:22',NULL),(90,NULL,NULL,'Honduras',1,'2020-05-28 20:55:22','2020-05-28 20:55:22',NULL),(91,NULL,NULL,'Hong kong',1,'2020-05-28 20:55:23','2020-05-28 20:55:23',NULL),(92,NULL,NULL,'Hungría',1,'2020-05-28 20:55:23','2020-05-28 20:55:23',NULL),(93,NULL,NULL,'India',1,'2020-05-28 20:55:23','2020-05-28 20:55:23',NULL),(94,NULL,NULL,'Indonesia',1,'2020-05-28 20:55:23','2020-05-28 20:55:23',NULL),(95,NULL,NULL,'Irán',1,'2020-05-28 20:55:23','2020-05-28 20:55:23',NULL),(96,NULL,NULL,'Irak',1,'2020-05-28 20:55:23','2020-05-28 20:55:23',NULL),(97,NULL,NULL,'Irlanda',1,'2020-05-28 20:55:23','2020-05-28 20:55:23',NULL),(98,NULL,NULL,'Isla Bouvet',1,'2020-05-28 20:55:23','2020-05-28 20:55:23',NULL),(99,NULL,NULL,'Isla de Man',1,'2020-05-28 20:55:23','2020-05-28 20:55:23',NULL),(100,NULL,NULL,'Isla de Navidad',1,'2020-05-28 20:55:23','2020-05-28 20:55:23',NULL),(101,NULL,NULL,'Isla Norfolk',1,'2020-05-28 20:55:23','2020-05-28 20:55:23',NULL),(102,NULL,NULL,'Islandia',1,'2020-05-28 20:55:23','2020-05-28 20:55:23',NULL);
INSERT INTO `pais` VALUES (103,NULL,NULL,'Islas Bermudas',1,'2020-05-28 20:55:23','2020-05-28 20:55:23',NULL),(104,NULL,NULL,'Islas Caimán',1,'2020-05-28 20:55:23','2020-05-28 20:55:23',NULL),(105,NULL,NULL,'Islas Cocos (Keeling)',1,'2020-05-28 20:55:23','2020-05-28 20:55:23',NULL),(106,NULL,NULL,'Islas Cook',1,'2020-05-28 20:55:23','2020-05-28 20:55:23',NULL),(107,NULL,NULL,'Islas de Åland',1,'2020-05-28 20:55:23','2020-05-28 20:55:23',NULL),(108,NULL,NULL,'Islas Feroe',1,'2020-05-28 20:55:23','2020-05-28 20:55:23',NULL),(109,NULL,NULL,'Islas Georgias del Sur y Sandwich del Sur',1,'2020-05-28 20:55:23','2020-05-28 20:55:23',NULL),(110,NULL,NULL,'Islas Heard y McDonald',1,'2020-05-28 20:55:23','2020-05-28 20:55:23',NULL),(111,NULL,NULL,'Islas Maldivas',1,'2020-05-28 20:55:23','2020-05-28 20:55:23',NULL),(112,NULL,NULL,'Islas Malvinas',1,'2020-05-28 20:55:23','2020-05-28 20:55:23',NULL),(113,NULL,NULL,'Islas Marianas del Norte',1,'2020-05-28 20:55:23','2020-05-28 20:55:23',NULL),(114,NULL,NULL,'Islas Marshall',1,'2020-05-28 20:55:23','2020-05-28 20:55:23',NULL),(115,NULL,NULL,'Islas Pitcairn',1,'2020-05-28 20:55:23','2020-05-28 20:55:23',NULL),(116,NULL,NULL,'Islas Salomón',1,'2020-05-28 20:55:23','2020-05-28 20:55:23',NULL),(117,NULL,NULL,'Islas Turcas y Caicos',1,'2020-05-28 20:55:23','2020-05-28 20:55:23',NULL),(118,NULL,NULL,'Islas Ultramarinas Menores de Estados Unidos',1,'2020-05-28 20:55:23','2020-05-28 20:55:23',NULL),(119,NULL,NULL,'Islas Vírgenes Británicas',1,'2020-05-28 20:55:23','2020-05-28 20:55:23',NULL),(120,NULL,NULL,'Islas Vírgenes de los Estados Unidos',1,'2020-05-28 20:55:23','2020-05-28 20:55:23',NULL),(121,NULL,NULL,'Israel',1,'2020-05-28 20:55:23','2020-05-28 20:55:23',NULL),(122,NULL,NULL,'Italia',1,'2020-05-28 20:55:23','2020-05-28 20:55:23',NULL),(123,NULL,NULL,'Jamaica',1,'2020-05-28 20:55:23','2020-05-28 20:55:23',NULL),(124,NULL,NULL,'Japón',1,'2020-05-28 20:55:23','2020-05-28 20:55:23',NULL),(125,NULL,NULL,'Jersey',1,'2020-05-28 20:55:23','2020-05-28 20:55:23',NULL),(126,NULL,NULL,'Jordania',1,'2020-05-28 20:55:23','2020-05-28 20:55:23',NULL),(127,NULL,NULL,'Kazajistán',1,'2020-05-28 20:55:23','2020-05-28 20:55:23',NULL),(128,NULL,NULL,'Kenia',1,'2020-05-28 20:55:23','2020-05-28 20:55:23',NULL),(129,NULL,NULL,'Kirguistán',1,'2020-05-28 20:55:23','2020-05-28 20:55:23',NULL),(130,NULL,NULL,'Kiribati',1,'2020-05-28 20:55:23','2020-05-28 20:55:23',NULL),(131,NULL,NULL,'Kuwait',1,'2020-05-28 20:55:23','2020-05-28 20:55:23',NULL),(132,NULL,NULL,'Líbano',1,'2020-05-28 20:55:23','2020-05-28 20:55:23',NULL),(133,NULL,NULL,'Laos',1,'2020-05-28 20:55:23','2020-05-28 20:55:23',NULL),(134,NULL,NULL,'Lesoto',1,'2020-05-28 20:55:23','2020-05-28 20:55:23',NULL),(135,NULL,NULL,'Letonia',1,'2020-05-28 20:55:23','2020-05-28 20:55:23',NULL),(136,NULL,NULL,'Liberia',1,'2020-05-28 20:55:23','2020-05-28 20:55:23',NULL),(137,NULL,NULL,'Libia',1,'2020-05-28 20:55:23','2020-05-28 20:55:23',NULL),(138,NULL,NULL,'Liechtenstein',1,'2020-05-28 20:55:23','2020-05-28 20:55:23',NULL),(139,NULL,NULL,'Lituania',1,'2020-05-28 20:55:23','2020-05-28 20:55:23',NULL),(140,NULL,NULL,'Luxemburgo',1,'2020-05-28 20:55:23','2020-05-28 20:55:23',NULL),(141,NULL,NULL,'México',1,'2020-05-28 20:55:23','2020-05-28 20:55:23',NULL),(142,NULL,NULL,'Mónaco',1,'2020-05-28 20:55:23','2020-05-28 20:55:23',NULL),(143,NULL,NULL,'Macao',1,'2020-05-28 20:55:23','2020-05-28 20:55:23',NULL),(144,NULL,NULL,'Macedônia',1,'2020-05-28 20:55:23','2020-05-28 20:55:23',NULL),(145,NULL,NULL,'Madagascar',1,'2020-05-28 20:55:23','2020-05-28 20:55:23',NULL),(146,NULL,NULL,'Malasia',1,'2020-05-28 20:55:23','2020-05-28 20:55:23',NULL),(147,NULL,NULL,'Malawi',1,'2020-05-28 20:55:23','2020-05-28 20:55:23',NULL),(148,NULL,NULL,'Mali',1,'2020-05-28 20:55:23','2020-05-28 20:55:23',NULL),(149,NULL,NULL,'Malta',1,'2020-05-28 20:55:23','2020-05-28 20:55:23',NULL),(150,NULL,NULL,'Marruecos',1,'2020-05-28 20:55:23','2020-05-28 20:55:23',NULL);
INSERT INTO `pais` VALUES (151,NULL,NULL,'Martinica',1,'2020-05-28 20:55:23','2020-05-28 20:55:23',NULL),(152,NULL,NULL,'Mauricio',1,'2020-05-28 20:55:23','2020-05-28 20:55:23',NULL),(153,NULL,NULL,'Mauritania',1,'2020-05-28 20:55:23','2020-05-28 20:55:23',NULL),(154,NULL,NULL,'Mayotte',1,'2020-05-28 20:55:23','2020-05-28 20:55:23',NULL),(155,NULL,NULL,'Micronesia',1,'2020-05-28 20:55:23','2020-05-28 20:55:23',NULL),(156,NULL,NULL,'Moldavia',1,'2020-05-28 20:55:23','2020-05-28 20:55:23',NULL),(157,NULL,NULL,'Mongolia',1,'2020-05-28 20:55:23','2020-05-28 20:55:23',NULL),(158,NULL,NULL,'Montenegro',1,'2020-05-28 20:55:23','2020-05-28 20:55:23',NULL),(159,NULL,NULL,'Montserrat',1,'2020-05-28 20:55:23','2020-05-28 20:55:23',NULL),(160,NULL,NULL,'Mozambique',1,'2020-05-28 20:55:23','2020-05-28 20:55:23',NULL),(161,NULL,NULL,'Namibia',1,'2020-05-28 20:55:23','2020-05-28 20:55:23',NULL),(162,NULL,NULL,'Nauru',1,'2020-05-28 20:55:23','2020-05-28 20:55:23',NULL),(163,NULL,NULL,'Nepal',1,'2020-05-28 20:55:23','2020-05-28 20:55:23',NULL),(164,NULL,NULL,'Nicaragua',1,'2020-05-28 20:55:23','2020-05-28 20:55:23',NULL),(165,NULL,NULL,'Niger',1,'2020-05-28 20:55:23','2020-05-28 20:55:23',NULL),(166,NULL,NULL,'Nigeria',1,'2020-05-28 20:55:23','2020-05-28 20:55:23',NULL),(167,NULL,NULL,'Niue',1,'2020-05-28 20:55:23','2020-05-28 20:55:23',NULL),(168,NULL,NULL,'Noruega',1,'2020-05-28 20:55:23','2020-05-28 20:55:23',NULL),(169,NULL,NULL,'Nueva Caledonia',1,'2020-05-28 20:55:23','2020-05-28 20:55:23',NULL),(170,NULL,NULL,'Nueva Zelanda',1,'2020-05-28 20:55:23','2020-05-28 20:55:23',NULL),(171,NULL,NULL,'Omán',1,'2020-05-28 20:55:23','2020-05-28 20:55:23',NULL),(172,NULL,NULL,'Países Bajos',1,'2020-05-28 20:55:23','2020-05-28 20:55:23',NULL),(173,NULL,NULL,'Pakistán',1,'2020-05-28 20:55:23','2020-05-28 20:55:23',NULL),(174,NULL,NULL,'Palau',1,'2020-05-28 20:55:23','2020-05-28 20:55:23',NULL),(175,NULL,NULL,'Palestina',1,'2020-05-28 20:55:23','2020-05-28 20:55:23',NULL),(176,NULL,NULL,'Panamá',1,'2020-05-28 20:55:23','2020-05-28 20:55:23',NULL),(177,NULL,NULL,'Papúa Nueva Guinea',1,'2020-05-28 20:55:23','2020-05-28 20:55:23',NULL),(178,NULL,NULL,'Paraguay',1,'2020-05-28 20:55:23','2020-05-28 20:55:23',NULL),(179,NULL,NULL,'Perú',1,'2020-05-28 20:55:23','2020-05-28 20:55:23',NULL),(180,NULL,NULL,'Polinesia Francesa',1,'2020-05-28 20:55:23','2020-05-28 20:55:23',NULL),(181,NULL,NULL,'Polonia',1,'2020-05-28 20:55:23','2020-05-28 20:55:23',NULL),(182,NULL,NULL,'Portugal',1,'2020-05-28 20:55:23','2020-05-28 20:55:23',NULL),(183,NULL,NULL,'Puerto Rico',1,'2020-05-28 20:55:23','2020-05-28 20:55:23',NULL),(184,NULL,NULL,'Qatar',1,'2020-05-28 20:55:23','2020-05-28 20:55:23',NULL),(185,NULL,NULL,'Reino Unido',1,'2020-05-28 20:55:23','2020-05-28 20:55:23',NULL),(186,NULL,NULL,'República Centroafricana',1,'2020-05-28 20:55:23','2020-05-28 20:55:23',NULL),(187,NULL,NULL,'República Checa',1,'2020-05-28 20:55:23','2020-05-28 20:55:23',NULL),(188,NULL,NULL,'República Dominicana',1,'2020-05-28 20:55:23','2020-05-28 20:55:23',NULL),(189,NULL,NULL,'República de Sudán del Sur',1,'2020-05-28 20:55:23','2020-05-28 20:55:23',NULL),(190,NULL,NULL,'Reunión',1,'2020-05-28 20:55:23','2020-05-28 20:55:23',NULL),(191,NULL,NULL,'Ruanda',1,'2020-05-28 20:55:23','2020-05-28 20:55:23',NULL),(192,NULL,NULL,'Rumanía',1,'2020-05-28 20:55:23','2020-05-28 20:55:23',NULL),(193,NULL,NULL,'Rusia',1,'2020-05-28 20:55:23','2020-05-28 20:55:23',NULL),(194,NULL,NULL,'Sahara Occidental',1,'2020-05-28 20:55:23','2020-05-28 20:55:23',NULL),(195,NULL,NULL,'Samoa',1,'2020-05-28 20:55:23','2020-05-28 20:55:23',NULL),(196,NULL,NULL,'Samoa Americana',1,'2020-05-28 20:55:23','2020-05-28 20:55:23',NULL),(197,NULL,NULL,'San Bartolomé',1,'2020-05-28 20:55:23','2020-05-28 20:55:23',NULL),(198,NULL,NULL,'San Cristóbal y Nieves',1,'2020-05-28 20:55:23','2020-05-28 20:55:23',NULL),(199,NULL,NULL,'San Marino',1,'2020-05-28 20:55:23','2020-05-28 20:55:23',NULL);
INSERT INTO `pais` VALUES (200,NULL,NULL,'San Martín (Francia)',1,'2020-05-28 20:55:23','2020-05-28 20:55:23',NULL),(201,NULL,NULL,'San Pedro y Miquelón',1,'2020-05-28 20:55:23','2020-05-28 20:55:23',NULL),(202,NULL,NULL,'San Vicente y las Granadinas',1,'2020-05-28 20:55:23','2020-05-28 20:55:23',NULL),(203,NULL,NULL,'Santa Elena',1,'2020-05-28 20:55:23','2020-05-28 20:55:23',NULL),(204,NULL,NULL,'Santa Lucía',1,'2020-05-28 20:55:23','2020-05-28 20:55:23',NULL),(205,NULL,NULL,'Santo Tomé y Príncipe',1,'2020-05-28 20:55:23','2020-05-28 20:55:23',NULL),(206,NULL,NULL,'Senegal',1,'2020-05-28 20:55:23','2020-05-28 20:55:23',NULL),(207,NULL,NULL,'Serbia',1,'2020-05-28 20:55:23','2020-05-28 20:55:23',NULL),(208,NULL,NULL,'Seychelles',1,'2020-05-28 20:55:23','2020-05-28 20:55:23',NULL),(209,NULL,NULL,'Sierra Leona',1,'2020-05-28 20:55:23','2020-05-28 20:55:23',NULL),(210,NULL,NULL,'Singapur',1,'2020-05-28 20:55:23','2020-05-28 20:55:23',NULL),(211,NULL,NULL,'Sint Maarten',1,'2020-05-28 20:55:23','2020-05-28 20:55:23',NULL),(212,NULL,NULL,'Siria',1,'2020-05-28 20:55:23','2020-05-28 20:55:23',NULL),(213,NULL,NULL,'Somalia',1,'2020-05-28 20:55:23','2020-05-28 20:55:23',NULL),(214,NULL,NULL,'Sri lanka',1,'2020-05-28 20:55:23','2020-05-28 20:55:23',NULL),(215,NULL,NULL,'Sudáfrica',1,'2020-05-28 20:55:23','2020-05-28 20:55:23',NULL),(216,NULL,NULL,'Sudán',1,'2020-05-28 20:55:23','2020-05-28 20:55:23',NULL),(217,NULL,NULL,'Suecia',1,'2020-05-28 20:55:23','2020-05-28 20:55:23',NULL),(218,NULL,NULL,'Suiza',1,'2020-05-28 20:55:23','2020-05-28 20:55:23',NULL),(219,NULL,NULL,'Surinám',1,'2020-05-28 20:55:23','2020-05-28 20:55:23',NULL),(220,NULL,NULL,'Svalbard y Jan Mayen',1,'2020-05-28 20:55:23','2020-05-28 20:55:23',NULL),(221,NULL,NULL,'Swazilandia',1,'2020-05-28 20:55:23','2020-05-28 20:55:23',NULL),(222,NULL,NULL,'Tayikistán',1,'2020-05-28 20:55:23','2020-05-28 20:55:23',NULL),(223,NULL,NULL,'Tailandia',1,'2020-05-28 20:55:23','2020-05-28 20:55:23',NULL),(224,NULL,NULL,'Taiwán',1,'2020-05-28 20:55:23','2020-05-28 20:55:23',NULL),(225,NULL,NULL,'Tanzania',1,'2020-05-28 20:55:23','2020-05-28 20:55:23',NULL),(226,NULL,NULL,'Territorio Británico del Océano Índico',1,'2020-05-28 20:55:23','2020-05-28 20:55:23',NULL),(227,NULL,NULL,'Territorios Australes y Antárticas Franceses',1,'2020-05-28 20:55:23','2020-05-28 20:55:23',NULL),(228,NULL,NULL,'Timor Oriental',1,'2020-05-28 20:55:23','2020-05-28 20:55:23',NULL),(229,NULL,NULL,'Togo',1,'2020-05-28 20:55:23','2020-05-28 20:55:23',NULL),(230,NULL,NULL,'Tokelau',1,'2020-05-28 20:55:23','2020-05-28 20:55:23',NULL),(231,NULL,NULL,'Tonga',1,'2020-05-28 20:55:23','2020-05-28 20:55:23',NULL),(232,NULL,NULL,'Trinidad y Tobago',1,'2020-05-28 20:55:23','2020-05-28 20:55:23',NULL),(233,NULL,NULL,'Tunez',1,'2020-05-28 20:55:23','2020-05-28 20:55:23',NULL),(234,NULL,NULL,'Turkmenistán',1,'2020-05-28 20:55:23','2020-05-28 20:55:23',NULL),(235,NULL,NULL,'Turquía',1,'2020-05-28 20:55:23','2020-05-28 20:55:23',NULL),(236,NULL,NULL,'Tuvalu',1,'2020-05-28 20:55:23','2020-05-28 20:55:23',NULL),(237,NULL,NULL,'Ucrania',1,'2020-05-28 20:55:23','2020-05-28 20:55:23',NULL),(238,NULL,NULL,'Uganda',1,'2020-05-28 20:55:23','2020-05-28 20:55:23',NULL),(239,NULL,NULL,'Uruguay',1,'2020-05-28 20:55:23','2020-05-28 20:55:23',NULL),(240,NULL,NULL,'Uzbekistán',1,'2020-05-28 20:55:23','2020-05-28 20:55:23',NULL),(241,NULL,NULL,'Vanuatu',1,'2020-05-28 20:55:23','2020-05-28 20:55:23',NULL),(242,NULL,NULL,'Venezuela',1,'2020-05-28 20:55:23','2020-05-28 20:55:23',NULL),(243,NULL,NULL,'Vietnam',1,'2020-05-28 20:55:23','2020-05-28 20:55:23',NULL),(244,NULL,NULL,'Wallis y Futuna',1,'2020-05-28 20:55:23','2020-05-28 20:55:23',NULL),(245,NULL,NULL,'Yemen',1,'2020-05-28 20:55:23','2020-05-28 20:55:23',NULL),(246,NULL,NULL,'Yibuti',1,'2020-05-28 20:55:23','2020-05-28 20:55:23',NULL),(247,NULL,NULL,'Zambia',1,'2020-05-28 20:55:23','2020-05-28 20:55:23',NULL),(248,NULL,NULL,'Zimbabue',1,'2020-05-28 20:55:23','2020-05-28 20:55:23',NULL);

--
-- Table structure for table `paises_prefijos`
--

CREATE TABLE `paises_prefijos` (
  `id` bigint(20) unsigned NOT NULL AUTO_INCREMENT,
  `pais` varchar(191) COLLATE utf8mb4_unicode_ci NOT NULL,
  `prefijo` varchar(191) COLLATE utf8mb4_unicode_ci NOT NULL,
  `value` int(11) NOT NULL DEFAULT '1',
  `text` varchar(191) COLLATE utf8mb4_unicode_ci NOT NULL,
  `created_at` timestamp NULL DEFAULT NULL,
  `updated_at` timestamp NULL DEFAULT NULL,
  `deleted_at` timestamp NULL DEFAULT NULL,
  PRIMARY KEY (`id`)
) ENGINE=InnoDB AUTO_INCREMENT=195 DEFAULT CHARSET=utf8mb4 COLLATE=utf8mb4_unicode_ci;

--
-- Dumping data for table `paises_prefijos`
--

INSERT INTO `paises_prefijos` VALUES (1,'Afganistán','93',1,'Afganistán 93',NULL,NULL,NULL),(2,'Albania','355',2,'Albania 355',NULL,NULL,NULL),(3,'Alemania','49',3,'Alemania 49',NULL,NULL,NULL),(4,'Andorra','376',4,'Andorra 376',NULL,NULL,NULL),(5,'Angola','244',5,'Angola 244',NULL,NULL,NULL),(6,'Antigua y Barbuda','1-268',6,'Antigua y Barbuda 1-268',NULL,NULL,NULL),(7,'Arabia Saudita','966',7,'Arabia Saudita 966',NULL,NULL,NULL),(8,'Argelia','213',8,'Argelia 213',NULL,NULL,NULL),(9,'Argentina','549',9,'Argentina 549',NULL,NULL,NULL),(10,'Armenia','374',10,'Armenia 374',NULL,NULL,NULL),(11,'Australia','61',11,'Australia 61',NULL,NULL,NULL),(12,'Austria','43',12,'Austria 43',NULL,NULL,NULL),(13,'Azerbaiyán','994',13,'Azerbaiyán 994',NULL,NULL,NULL),(14,'Bahamas','1-242',14,'Bahamas 1-242',NULL,NULL,NULL),(15,'Bangladés','880',15,'Bangladés 880',NULL,NULL,NULL),(16,'Barbados','1-246',16,'Barbados 1-246',NULL,NULL,NULL),(17,'Baréin','973',17,'Baréin 973',NULL,NULL,NULL),(18,'Bélgica','32',18,'Bélgica 32',NULL,NULL,NULL),(19,'Belice','501',19,'Belice 501',NULL,NULL,NULL),(20,'Benín','229',20,'Benín 229',NULL,NULL,NULL),(21,'Bielorrusia','375',21,'Bielorrusia 375',NULL,NULL,NULL),(22,'Birmania','95',22,'Birmania 95',NULL,NULL,NULL),(23,'Bolivia','591',23,'Bolivia 591',NULL,NULL,NULL),(24,'Bosnia y Herzegovina','387',24,'Bosnia y Herzegovina 387',NULL,NULL,NULL),(25,'Botsuana','267',25,'Botsuana 267',NULL,NULL,NULL),(26,'Brasil','55',26,'Brasil 55',NULL,NULL,NULL),(27,'Brunéi','673',27,'Brunéi 673',NULL,NULL,NULL),(28,'Bulgaria','359',28,'Bulgaria 359',NULL,NULL,NULL),(29,'Burkina Faso','226',29,'Burkina Faso 226',NULL,NULL,NULL),(30,'Burundi','257',30,'Burundi 257',NULL,NULL,NULL),(31,'Bután','975',31,'Bután 975',NULL,NULL,NULL),(32,'Cabo Verde','238',32,'Cabo Verde 238',NULL,NULL,NULL),(33,'Camboya','855',33,'Camboya 855',NULL,NULL,NULL),(34,'Camerún','237',34,'Camerún 237',NULL,NULL,NULL),(35,'Canadá','1',35,'Canadá 1',NULL,NULL,NULL),(36,'Catar','974',36,'Catar 974',NULL,NULL,NULL),(37,'Chad','235',37,'Chad 235',NULL,NULL,NULL),(38,'Chile','56',38,'Chile 56',NULL,NULL,NULL),(39,'China','86',39,'China 86',NULL,NULL,NULL),(40,'Chipre','357',40,'Chipre 357',NULL,NULL,NULL),(41,'Colombia','57',41,'Colombia 57',NULL,NULL,NULL),(42,'Comoras','269',42,'Comoras 269',NULL,NULL,NULL),(43,'Corea del Norte','850',43,'Corea del Norte 850',NULL,NULL,NULL),(44,'Corea del Sur','82',44,'Corea del Sur 82',NULL,NULL,NULL),(45,'Costa de Marfil','225',45,'Costa de Marfil 225',NULL,NULL,NULL),(46,'Costa Rica','506',46,'Costa Rica 506',NULL,NULL,NULL),(47,'Croacia','385',47,'Croacia 385',NULL,NULL,NULL),(48,'Cuba','53',48,'Cuba 53',NULL,NULL,NULL),(49,'Dinamarca','45',49,'Dinamarca 45',NULL,NULL,NULL),(50,'Dominica','1-767',50,'Dominica 1-767',NULL,NULL,NULL),(51,'Ecuador','593',51,'Ecuador 593',NULL,NULL,NULL),(52,'Egipto','20',52,'Egipto 20',NULL,NULL,NULL),(53,'El Salvador','503',53,'El Salvador 503',NULL,NULL,NULL),(54,'Emiratos Árabes Unidos','971',54,'Emiratos Árabes Unidos 971',NULL,NULL,NULL),(55,'Eritrea','291',55,'Eritrea 291',NULL,NULL,NULL),(56,'Eslovaquia','421',56,'Eslovaquia 421',NULL,NULL,NULL),(57,'Eslovenia','386',57,'Eslovenia 386',NULL,NULL,NULL),(58,'España','34',58,'España 34',NULL,NULL,NULL),(59,'Estados Unidos','1',59,'Estados Unidos 1',NULL,NULL,NULL),(60,'Estonia','372',60,'Estonia 372',NULL,NULL,NULL),(61,'Etiopía','251',61,'Etiopía 251',NULL,NULL,NULL),(62,'Filipinas','63',62,'Filipinas 63',NULL,NULL,NULL),(63,'Finlandia','358',63,'Finlandia 358',NULL,NULL,NULL),(64,'Fiyi','679',64,'Fiyi 679',NULL,NULL,NULL),(65,'Francia','33',65,'Francia 33',NULL,NULL,NULL),(66,'Gabón','241',66,'Gabón 241',NULL,NULL,NULL),(67,'Gambia','220',67,'Gambia 220',NULL,NULL,NULL),(68,'Georgia','995',68,'Georgia 995',NULL,NULL,NULL),(69,'Ghana','233',69,'Ghana 233',NULL,NULL,NULL),(70,'Granada','1-473',70,'Granada 1-473',NULL,NULL,NULL),(71,'Grecia','30',71,'Grecia 30',NULL,NULL,NULL);
INSERT INTO `paises_prefijos` VALUES (72,'Guatemala','502',72,'Guatemala 502',NULL,NULL,NULL),(73,'Guinea','224',73,'Guinea 224',NULL,NULL,NULL),(74,'Guinea Ecuatorial','240',74,'Guinea Ecuatorial 240',NULL,NULL,NULL),(75,'Guinea-Bisáu','245',75,'Guinea-Bisáu 245',NULL,NULL,NULL),(76,'Guyana','592',76,'Guyana 592',NULL,NULL,NULL),(77,'Haití','509',77,'Haití 509',NULL,NULL,NULL),(78,'Honduras','504',78,'Honduras 504',NULL,NULL,NULL),(79,'Hungría','36',79,'Hungría 36',NULL,NULL,NULL),(80,'India','91',80,'India 91',NULL,NULL,NULL),(81,'Indonesia','62',81,'Indonesia 62',NULL,NULL,NULL),(82,'Irak','964',82,'Irak 964',NULL,NULL,NULL),(83,'Irán','98',83,'Irán 98',NULL,NULL,NULL),(84,'Irlanda','353',84,'Irlanda 353',NULL,NULL,NULL),(85,'Islandia','354',85,'Islandia 354',NULL,NULL,NULL),(86,'Islas Marshall','692',86,'Islas Marshall 692',NULL,NULL,NULL),(87,'Islas Salomón','677',87,'Islas Salomón 677',NULL,NULL,NULL),(88,'Israel','972',88,'Israel 972',NULL,NULL,NULL),(89,'Italia','39',89,'Italia 39',NULL,NULL,NULL),(90,'Jamaica','1-876',90,'Jamaica 1-876',NULL,NULL,NULL),(91,'Japón','81',91,'Japón 81',NULL,NULL,NULL),(92,'Jordania','962',92,'Jordania 962',NULL,NULL,NULL),(93,'Kazajistán','7',93,'Kazajistán 7',NULL,NULL,NULL),(94,'Kenia','254',94,'Kenia 254',NULL,NULL,NULL),(95,'Kirguistán','996',95,'Kirguistán 996',NULL,NULL,NULL),(96,'Kiribati','686',96,'Kiribati 686',NULL,NULL,NULL),(97,'Kuwait','965',97,'Kuwait 965',NULL,NULL,NULL),(98,'Laos','856',98,'Laos 856',NULL,NULL,NULL),(99,'Lesoto','266',99,'Lesoto 266',NULL,NULL,NULL),(100,'Letonia','371',100,'Letonia 371',NULL,NULL,NULL),(101,'Líbano','961',101,'Líbano 961',NULL,NULL,NULL),(102,'Liberia','231',102,'Liberia 231',NULL,NULL,NULL),(103,'Libia','218',103,'Libia 218',NULL,NULL,NULL),(104,'Liechtenstein','423',104,'Liechtenstein 423',NULL,NULL,NULL),(105,'Lituania','370',105,'Lituania 370',NULL,NULL,NULL),(106,'Luxemburgo','352',106,'Luxemburgo 352',NULL,NULL,NULL),(107,'Macedonia del Norte','389',107,'Macedonia del Norte 389',NULL,NULL,NULL),(108,'Madagascar','261',108,'Madagascar 261',NULL,NULL,NULL),(109,'Malasia','60',109,'Malasia 60',NULL,NULL,NULL),(110,'Malaui','265',110,'Malaui 265',NULL,NULL,NULL),(111,'Maldivas','960',111,'Maldivas 960',NULL,NULL,NULL),(112,'Malí','223',112,'Malí 223',NULL,NULL,NULL),(113,'Malta','356',113,'Malta 356',NULL,NULL,NULL),(114,'Marruecos','212',114,'Marruecos 212',NULL,NULL,NULL),(115,'Mauricio','230',115,'Mauricio 230',NULL,NULL,NULL),(116,'Mauritania','222',116,'Mauritania 222',NULL,NULL,NULL),(117,'México','52',117,'México 52',NULL,NULL,NULL),(118,'Micronesia','691',118,'Micronesia 691',NULL,NULL,NULL),(119,'Moldavia','373',119,'Moldavia 373',NULL,NULL,NULL),(120,'Mónaco','377',120,'Mónaco 377',NULL,NULL,NULL),(121,'Mongolia','976',121,'Mongolia 976',NULL,NULL,NULL),(122,'Montenegro','382',122,'Montenegro 382',NULL,NULL,NULL),(123,'Mozambique','258',123,'Mozambique 258',NULL,NULL,NULL),(124,'Namibia','264',124,'Namibia 264',NULL,NULL,NULL),(125,'Nauru','674',125,'Nauru 674',NULL,NULL,NULL),(126,'Nepal','977',126,'Nepal 977',NULL,NULL,NULL),(127,'Nicaragua','505',127,'Nicaragua 505',NULL,NULL,NULL),(128,'Níger','227',128,'Níger 227',NULL,NULL,NULL),(129,'Nigeria','234',129,'Nigeria 234',NULL,NULL,NULL),(130,'Noruega','47',130,'Noruega 47',NULL,NULL,NULL),(131,'Nueva Zelanda','64',131,'Nueva Zelanda 64',NULL,NULL,NULL),(132,'Omán','968',132,'Omán 968',NULL,NULL,NULL),(133,'Países Bajos','31',133,'Países Bajos 31',NULL,NULL,NULL),(134,'Pakistán','92',134,'Pakistán 92',NULL,NULL,NULL),(135,'Palaos','680',135,'Palaos 680',NULL,NULL,NULL),(136,'Panamá','507',136,'Panamá 507',NULL,NULL,NULL),(137,'Papúa Nueva Guinea','675',137,'Papúa Nueva Guinea 675',NULL,NULL,NULL),(138,'Paraguay','595',138,'Paraguay 595',NULL,NULL,NULL),(139,'Perú','51',139,'Perú 51',NULL,NULL,NULL),(140,'Polonia','48',140,'Polonia 48',NULL,NULL,NULL),(141,'Portugal','351',141,'Portugal 351',NULL,NULL,NULL);
INSERT INTO `paises_prefijos` VALUES (142,'Reino Unido','44',142,'Reino Unido 44',NULL,NULL,NULL),(143,'República Centroafricana','236',143,'República Centroafricana 236',NULL,NULL,NULL),(144,'República Checa','420',144,'República Checa 420',NULL,NULL,NULL),(145,'República del Congo','242',145,'República del Congo 242',NULL,NULL,NULL),(146,'República Democrática del Congo','243',146,'República Democrática del Congo 243',NULL,NULL,NULL),(147,'República Dominicana','1-809',147,'República Dominicana 1-809',NULL,NULL,NULL),(148,'Ruanda','250',148,'Ruanda 250',NULL,NULL,NULL),(149,'Rumania','40',149,'Rumania 40',NULL,NULL,NULL),(150,'Rusia','7',150,'Rusia 7',NULL,NULL,NULL),(151,'Samoa','685',151,'Samoa 685',NULL,NULL,NULL),(152,'San Cristóbal y Nieves','1-869',152,'San Cristóbal y Nieves 1-869',NULL,NULL,NULL),(153,'San Marino','378',153,'San Marino 378',NULL,NULL,NULL),(154,'San Vicente y las Granadinas','1-784',154,'San Vicente y las Granadinas 1-784',NULL,NULL,NULL),(155,'Santa Lucía','1-758',155,'Santa Lucía 1-758',NULL,NULL,NULL),(156,'Santo Tomé y Príncipe','239',156,'Santo Tomé y Príncipe 239',NULL,NULL,NULL),(157,'Senegal','221',157,'Senegal 221',NULL,NULL,NULL),(158,'Serbia','381',158,'Serbia 381',NULL,NULL,NULL),(159,'Seychelles','248',159,'Seychelles 248',NULL,NULL,NULL),(160,'Sierra Leona','232',160,'Sierra Leona 232',NULL,NULL,NULL),(161,'Singapur','65',161,'Singapur 65',NULL,NULL,NULL),(162,'Siria','963',162,'Siria 963',NULL,NULL,NULL),(163,'Somalia','252',163,'Somalia 252',NULL,NULL,NULL),(164,'Sri Lanka','94',164,'Sri Lanka 94',NULL,NULL,NULL),(165,'Sudáfrica','27',165,'Sudáfrica 27',NULL,NULL,NULL),(166,'Sudán','249',166,'Sudán 249',NULL,NULL,NULL),(167,'Sudán del Sur','211',167,'Sudán del Sur 211',NULL,NULL,NULL),(168,'Suecia','46',168,'Suecia 46',NULL,NULL,NULL),(169,'Suiza','41',169,'Suiza 41',NULL,NULL,NULL),(170,'Surinam','597',170,'Surinam 597',NULL,NULL,NULL),(171,'Tailandia','66',171,'Tailandia 66',NULL,NULL,NULL),(172,'Taiwán','886',172,'Taiwán 886',NULL,NULL,NULL),(173,'Tanzania','255',173,'Tanzania 255',NULL,NULL,NULL),(174,'Tayikistán','992',174,'Tayikistán 992',NULL,NULL,NULL),(175,'Timor Oriental','670',175,'Timor Oriental 670',NULL,NULL,NULL),(176,'Togo','228',176,'Togo 228',NULL,NULL,NULL),(177,'Tonga','676',177,'Tonga 676',NULL,NULL,NULL),(178,'Trinidad y Tobago','1-868',178,'Trinidad y Tobago 1-868',NULL,NULL,NULL),(179,'Túnez','216',179,'Túnez 216',NULL,NULL,NULL),(180,'Turkmenistán','993',180,'Turkmenistán 993',NULL,NULL,NULL),(181,'Turquía','90',181,'Turquía 90',NULL,NULL,NULL),(182,'Tuvalu','688',182,'Tuvalu 688',NULL,NULL,NULL),(183,'Ucrania','380',183,'Ucrania 380',NULL,NULL,NULL),(184,'Uganda','256',184,'Uganda 256',NULL,NULL,NULL),(185,'Uruguay','598',185,'Uruguay 598',NULL,NULL,NULL),(186,'Uzbekistán','998',186,'Uzbekistán 998',NULL,NULL,NULL),(187,'Vanuatu','678',187,'Vanuatu 678',NULL,NULL,NULL),(188,'Vaticano','379',188,'Vaticano 379',NULL,NULL,NULL),(189,'Venezuela','58',189,'Venezuela 58',NULL,NULL,NULL),(190,'Vietnam','84',190,'Vietnam 84',NULL,NULL,NULL),(191,'Yemen','967',191,'Yemen 967',NULL,NULL,NULL),(192,'Yibuti','253',192,'Yibuti 253',NULL,NULL,NULL),(193,'Zambia','260',193,'Zambia 260',NULL,NULL,NULL),(194,'Zimbabue','263',194,'Zimbabue 263',NULL,NULL,NULL);

--
-- Table structure for table `panel_users`
--

CREATE TABLE `panel_users` (
  `id` bigint(20) unsigned NOT NULL AUTO_INCREMENT,
  `user_id` int(10) unsigned DEFAULT NULL,
  `person_id` int(10) unsigned NOT NULL,
  `cobrador_id` bigint(20) unsigned NOT NULL,
  `user` varchar(255) COLLATE utf8mb4_unicode_ci NOT NULL,
  `habilitado` tinyint(1) NOT NULL DEFAULT '1',
  `created_at` timestamp NULL DEFAULT NULL,
  `updated_at` timestamp NULL DEFAULT NULL,
  `deleted_at` timestamp NULL DEFAULT NULL,
  PRIMARY KEY (`id`),
  UNIQUE KEY `panel_users_user_unique` (`user`),
  UNIQUE KEY `user_person_unique` (`user`,`person_id`),
  KEY `panel_users_person_id_foreign` (`person_id`),
  KEY `panel_users_cobrador_id_foreign` (`cobrador_id`),
  CONSTRAINT `panel_users_cobrador_id_foreign` FOREIGN KEY (`cobrador_id`) REFERENCES `cobradores` (`id`),
  CONSTRAINT `panel_users_person_id_foreign` FOREIGN KEY (`person_id`) REFERENCES `persons` (`id`)
) ENGINE=InnoDB DEFAULT CHARSET=utf8mb4 COLLATE=utf8mb4_unicode_ci;

--
-- Dumping data for table `panel_users`
--


--
-- Table structure for table `panel_users_emails`
--

CREATE TABLE `panel_users_emails` (
  `id` bigint(20) unsigned NOT NULL AUTO_INCREMENT,
  `user_id` int(10) unsigned DEFAULT NULL,
  `panel_user_id` bigint(20) unsigned NOT NULL,
  `email` text COLLATE utf8mb4_unicode_ci,
  `created_at` timestamp NULL DEFAULT NULL,
  `updated_at` timestamp NULL DEFAULT NULL,
  `deleted_at` timestamp NULL DEFAULT NULL,
  PRIMARY KEY (`id`),
  KEY `panel_users_emails_panel_user_id_foreign` (`panel_user_id`),
  CONSTRAINT `panel_users_emails_panel_user_id_foreign` FOREIGN KEY (`panel_user_id`) REFERENCES `panel_users` (`id`)
) ENGINE=InnoDB DEFAULT CHARSET=utf8mb4 COLLATE=utf8mb4_unicode_ci;

--
-- Dumping data for table `panel_users_emails`
--


--
-- Table structure for table `panel_users_movimientos`
--

CREATE TABLE `panel_users_movimientos` (
  `id` bigint(20) unsigned NOT NULL AUTO_INCREMENT,
  `user_id` int(10) unsigned DEFAULT NULL,
  `cobrador_id` bigint(20) unsigned NOT NULL,
  `panel_user_id` bigint(20) unsigned NOT NULL,
  `cta_cte_tesoreria_cuenta_id` int(10) unsigned DEFAULT NULL,
  `credit_debit` int(10) unsigned NOT NULL,
  `importe` decimal(16,2) NOT NULL DEFAULT '0.00',
  `document` text COLLATE utf8mb4_unicode_ci,
  `operacion_id` text COLLATE utf8mb4_unicode_ci,
  `is_recarga` tinyint(1) NOT NULL DEFAULT '0',
  `path_file` varchar(255) COLLATE utf8mb4_unicode_ci DEFAULT NULL,
  `fecha` datetime DEFAULT NULL,
  `created_at` timestamp NULL DEFAULT NULL,
  `updated_at` timestamp NULL DEFAULT NULL,
  `deleted_at` timestamp NULL DEFAULT NULL,
  PRIMARY KEY (`id`),
  KEY `panel_users_movimientos_panel_user_id_foreign` (`panel_user_id`),
  KEY `panel_users_movimientos_cta_cte_tesoreria_cuenta_id_foreign` (`cta_cte_tesoreria_cuenta_id`),
  KEY `panel_users_movimientos_cobrador_id_foreign` (`cobrador_id`),
  CONSTRAINT `panel_users_movimientos_cobrador_id_foreign` FOREIGN KEY (`cobrador_id`) REFERENCES `cobradores` (`id`),
  CONSTRAINT `panel_users_movimientos_cta_cte_tesoreria_cuenta_id_foreign` FOREIGN KEY (`cta_cte_tesoreria_cuenta_id`) REFERENCES `cta_cte_tesoreria_cuentas` (`id`),
  CONSTRAINT `panel_users_movimientos_panel_user_id_foreign` FOREIGN KEY (`panel_user_id`) REFERENCES `panel_users` (`id`)
) ENGINE=InnoDB DEFAULT CHARSET=utf8mb4 COLLATE=utf8mb4_unicode_ci;

--
-- Dumping data for table `panel_users_movimientos`
--


--
-- Table structure for table `panel_users_telefonos`
--

CREATE TABLE `panel_users_telefonos` (
  `id` bigint(20) unsigned NOT NULL AUTO_INCREMENT,
  `user_id` int(10) unsigned DEFAULT NULL,
  `panel_user_id` bigint(20) unsigned NOT NULL,
  `telefono` text COLLATE utf8mb4_unicode_ci,
  `created_at` timestamp NULL DEFAULT NULL,
  `updated_at` timestamp NULL DEFAULT NULL,
  `deleted_at` timestamp NULL DEFAULT NULL,
  PRIMARY KEY (`id`),
  KEY `panel_users_telefonos_panel_user_id_foreign` (`panel_user_id`),
  CONSTRAINT `panel_users_telefonos_panel_user_id_foreign` FOREIGN KEY (`panel_user_id`) REFERENCES `panel_users` (`id`)
) ENGINE=InnoDB DEFAULT CHARSET=utf8mb4 COLLATE=utf8mb4_unicode_ci;

--
-- Dumping data for table `panel_users_telefonos`
--


--
-- Table structure for table `panel_users_transfer`
--

CREATE TABLE `panel_users_transfer` (
  `id` bigint(20) unsigned NOT NULL AUTO_INCREMENT,
  `user_id` int(10) unsigned DEFAULT NULL,
  `panel_user_id` bigint(20) unsigned NOT NULL,
  `panel_user_movimiento_id` bigint(20) unsigned NOT NULL,
  `cta_cte_tesoreria_cuenta_id` int(10) unsigned DEFAULT NULL,
  `credit_debit` int(10) unsigned NOT NULL,
  `document` text COLLATE utf8mb4_unicode_ci,
  `operacion_id` text COLLATE utf8mb4_unicode_ci,
  `cbu_alias` text COLLATE utf8mb4_unicode_ci,
  `nombre_apellido` text COLLATE utf8mb4_unicode_ci,
  `fecha` datetime DEFAULT NULL,
  `fecha_to_transfer` date DEFAULT NULL,
  `importe` decimal(16,2) NOT NULL DEFAULT '0.00',
  `is_realizada` tinyint(1) NOT NULL DEFAULT '0',
  `comentario` longtext COLLATE utf8mb4_unicode_ci,
  `created_at` timestamp NULL DEFAULT NULL,
  `updated_at` timestamp NULL DEFAULT NULL,
  `deleted_at` timestamp NULL DEFAULT NULL,
  PRIMARY KEY (`id`),
  KEY `panel_users_transfer_panel_user_id_foreign` (`panel_user_id`),
  KEY `panel_users_transfer_panel_user_movimiento_id_foreign` (`panel_user_movimiento_id`),
  KEY `panel_users_transfer_cta_cte_tesoreria_cuenta_id_foreign` (`cta_cte_tesoreria_cuenta_id`),
  CONSTRAINT `panel_users_transfer_cta_cte_tesoreria_cuenta_id_foreign` FOREIGN KEY (`cta_cte_tesoreria_cuenta_id`) REFERENCES `cta_cte_tesoreria_cuentas` (`id`),
  CONSTRAINT `panel_users_transfer_panel_user_id_foreign` FOREIGN KEY (`panel_user_id`) REFERENCES `panel_users` (`id`),
  CONSTRAINT `panel_users_transfer_panel_user_movimiento_id_foreign` FOREIGN KEY (`panel_user_movimiento_id`) REFERENCES `panel_users_movimientos` (`id`)
) ENGINE=InnoDB DEFAULT CHARSET=utf8mb4 COLLATE=utf8mb4_unicode_ci;

--
-- Dumping data for table `panel_users_transfer`
--


--
-- Table structure for table `password_resets`
--

CREATE TABLE `password_resets` (
  `email` varchar(180) COLLATE utf8mb4_unicode_ci NOT NULL,
  `token` varchar(180) COLLATE utf8mb4_unicode_ci NOT NULL,
  `created_at` timestamp NULL DEFAULT NULL,
  UNIQUE KEY `password_resets_email_token_unique` (`email`,`token`),
  KEY `password_resets_email_index` (`email`)
) ENGINE=InnoDB DEFAULT CHARSET=utf8mb4 COLLATE=utf8mb4_unicode_ci;

--
-- Dumping data for table `password_resets`
--


--
-- Table structure for table `path_of_file`
--

CREATE TABLE `path_of_file` (
  `id` int(10) unsigned NOT NULL AUTO_INCREMENT,
  `user_id` int(10) unsigned DEFAULT NULL,
  `person_id` int(10) unsigned DEFAULT NULL,
  `person_id_relationed` int(10) unsigned DEFAULT NULL,
  `path_of_file_name_id` int(10) unsigned DEFAULT NULL,
  `path` longtext COLLATE utf8mb4_unicode_ci,
  `storage` varchar(191) COLLATE utf8mb4_unicode_ci DEFAULT NULL,
  `comentario` varchar(191) COLLATE utf8mb4_unicode_ci DEFAULT NULL,
  `descripcion` varchar(191) COLLATE utf8mb4_unicode_ci DEFAULT NULL,
  `created_at` timestamp NULL DEFAULT NULL,
  `updated_at` timestamp NULL DEFAULT NULL,
  `deleted_at` timestamp NULL DEFAULT NULL,
  PRIMARY KEY (`id`),
  KEY `path_of_file_person_id_foreign` (`person_id`),
  KEY `path_of_file_person_id_relationed_foreign` (`person_id_relationed`),
  KEY `path_of_file_path_of_file_name_id_foreign` (`path_of_file_name_id`),
  CONSTRAINT `path_of_file_path_of_file_name_id_foreign` FOREIGN KEY (`path_of_file_name_id`) REFERENCES `path_of_file_names` (`id`),
  CONSTRAINT `path_of_file_person_id_foreign` FOREIGN KEY (`person_id`) REFERENCES `persons` (`id`),
  CONSTRAINT `path_of_file_person_id_relationed_foreign` FOREIGN KEY (`person_id_relationed`) REFERENCES `persons` (`id`)
) ENGINE=InnoDB AUTO_INCREMENT=21 DEFAULT CHARSET=utf8mb4 COLLATE=utf8mb4_unicode_ci;

--
-- Dumping data for table `path_of_file`
--

INSERT INTO `path_of_file` VALUES (1,NULL,NULL,NULL,6,'<a href=\"https://taxes.com.ar/storage/puppeteer/20-06818342-2/Mis Comprobantes Recibidos - CUIT 20068183422.xlsx\">DESCARGAR</a>',NULL,NULL,'Juan Carlos Herrera Comprobantes Recibidos Mes Pasado','2022-11-10 17:42:08','2022-11-11 23:00:01','2022-11-11 23:00:01'),(2,NULL,NULL,NULL,6,'<a href=\"https://taxes.com.ar/storage/puppeteer/20-06818342-2/Mis Comprobantes Emitidos - CUIT 20068183422.xlsx\">DESCARGAR</a>',NULL,NULL,'Juan Carlos Herrera Comprobantes Emitidos Este Mes','2022-11-12 15:17:49','2022-11-13 23:00:01','2022-11-13 23:00:01'),(3,NULL,NULL,NULL,6,'<a href=\"https://taxes.com.ar/storage/puppeteer/20-06818342-2/Mis Comprobantes Recibidos - CUIT 20068183422.xlsx\">DESCARGAR</a>',NULL,NULL,'Juan Carlos Herrera Comprobantes Recibidos Mes Pasado','2022-11-12 15:21:24','2022-11-13 23:00:01','2022-11-13 23:00:01'),(4,NULL,NULL,NULL,6,'<a href=\"https://taxes.com.ar/storage/puppeteer/20-06818342-2/Mis Comprobantes Recibidos - CUIT 20068183422.xlsx\">DESCARGAR</a>',NULL,NULL,'Juan Carlos Herrera Comprobantes Recibidos Este Mes','2022-11-12 15:25:29','2022-11-13 23:00:01','2022-11-13 23:00:01'),(5,NULL,NULL,NULL,6,'<a href=\"https://taxes.com.ar/storage/puppeteer/20-06818342-2/Mis Comprobantes Emitidos - CUIT 20068183422.xlsx\">DESCARGAR</a>',NULL,NULL,'Juan Carlos Herrera Comprobantes Emitidos Este Mes','2022-11-25 17:43:56','2022-11-25 23:00:02','2022-11-25 23:00:02'),(6,NULL,NULL,NULL,6,'<a href=\"https://taxes.com.ar/storage/puppeteer/20-06818342-2/Mis Comprobantes Recibidos - CUIT 20068183422.xlsx\">DESCARGAR</a>',NULL,NULL,'Juan Carlos Herrera Comprobantes Recibidos Este Mes','2022-11-25 17:44:43','2022-11-25 23:00:02','2022-11-25 23:00:02'),(7,NULL,NULL,NULL,6,'ERROR',NULL,NULL,'Juan Carlos Herrera Comprobantes Emitidos Este Mes','2022-12-06 11:06:30','2022-12-15 23:00:02','2022-12-15 23:00:02'),(8,NULL,NULL,NULL,6,'ERROR',NULL,NULL,'Juan Carlos Herrera Comprobantes Emitidos Este Mes','2022-12-06 11:36:45','2022-12-15 23:00:02','2022-12-15 23:00:02'),(9,NULL,NULL,NULL,6,'ERROR',NULL,NULL,'Juan Carlos Herrera Comprobantes Emitidos Este Mes','2022-12-06 12:04:31','2022-12-15 23:00:02','2022-12-15 23:00:02'),(10,NULL,NULL,NULL,6,'<a href=\"https://taxes.com.ar/storage/puppeteer/20-06818342-2/Mis Comprobantes Recibidos - CUIT 20068183422.xlsx\">DESCARGAR</a>',NULL,NULL,'Juan Carlos Herrera Comprobantes Recibidos Este Mes','2022-12-15 11:30:16','2022-12-15 23:00:02','2022-12-15 23:00:02'),(11,NULL,NULL,NULL,6,'<a href=\"https://taxes.com.ar/storage/puppeteer/20-06818342-2/Mis Comprobantes Emitidos - CUIT 20068183422.xlsx\">DESCARGAR</a>',NULL,NULL,'Juan Carlos Herrera Comprobantes Emitidos Este Mes','2022-12-21 18:36:54','2022-12-21 23:00:02','2022-12-21 23:00:02'),(12,NULL,NULL,NULL,6,'<a href=\"https://taxes.com.ar/storage/puppeteer/20-06818342-2/Mis Comprobantes Recibidos - CUIT 20068183422.xlsx\">DESCARGAR</a>',NULL,NULL,'Juan Carlos Herrera Comprobantes Recibidos Este Mes','2022-12-21 19:49:29','2022-12-21 23:00:02','2022-12-21 23:00:02'),(13,NULL,NULL,NULL,6,'<a href=\"https://taxes.com.ar/storage/puppeteer/20-06818342-2/Mis Comprobantes Recibidos - CUIT 20068183422.xlsx\">DESCARGAR</a>',NULL,NULL,'Juan Carlos Herrera Comprobantes Recibidos Mes Pasado','2023-01-04 20:40:35','2023-01-05 23:00:02','2023-01-05 23:00:02'),(14,NULL,NULL,NULL,6,'<a href=\"https://taxes.com.ar/storage/puppeteer/20-06818342-2/Mis Comprobantes Recibidos - CUIT 20068183422.xlsx\">DESCARGAR</a>',NULL,NULL,'Juan Carlos Herrera Comprobantes Recibidos Este Mes','2023-01-04 20:40:40','2023-01-05 23:00:02','2023-01-05 23:00:02'),(15,NULL,NULL,NULL,6,'<a href=\"https://taxes.com.ar/storage/puppeteer/20-06818342-2/Mis Comprobantes Recibidos - CUIT 20068183422.xlsx\">DESCARGAR</a>',NULL,NULL,'Juan Carlos Herrera Comprobantes Recibidos Este Mes','2023-01-14 21:19:45','2023-01-15 23:00:01','2023-01-15 23:00:01'),(16,NULL,NULL,NULL,6,'ERROR',NULL,NULL,'Juan Carlos Herrera Comprobantes Emitidos Mes Pasado','2023-02-10 18:23:53','2023-02-10 18:24:22',NULL);
INSERT INTO `path_of_file` VALUES (17,NULL,NULL,NULL,6,'ERROR',NULL,NULL,'Juan Carlos Herrera Comprobantes Emitidos Mes Pasado','2023-02-10 18:36:42','2023-02-10 18:37:10',NULL),(18,NULL,NULL,NULL,6,'ERROR',NULL,NULL,'Juan Carlos Herrera Comprobantes Recibidos Este Mes','2023-02-17 18:30:57','2023-02-17 18:31:28',NULL),(19,NULL,NULL,NULL,6,'ERROR',NULL,NULL,'Juan Carlos Herrera Comprobantes Recibidos Este Mes','2023-02-17 18:33:10','2023-02-17 18:33:39',NULL),(20,NULL,NULL,NULL,5,'<a href=\"https://taxes.com.ar/storage/comprobantes/todos_los_comprobantes/40719/Comprobantes 20.xlsx\">DESCARGAR</a>',NULL,NULL,NULL,'2023-07-07 18:39:32','2023-07-07 18:39:33',NULL);

--
-- Table structure for table `path_of_file_names`
--

CREATE TABLE `path_of_file_names` (
  `id` int(10) unsigned NOT NULL AUTO_INCREMENT,
  `user_id` int(10) unsigned DEFAULT NULL,
  `descripcion` text COLLATE utf8mb4_unicode_ci NOT NULL,
  `created_at` timestamp NULL DEFAULT NULL,
  `updated_at` timestamp NULL DEFAULT NULL,
  `deleted_at` timestamp NULL DEFAULT NULL,
  PRIMARY KEY (`id`)
) ENGINE=InnoDB AUTO_INCREMENT=16 DEFAULT CHARSET=utf8mb4 COLLATE=utf8mb4_unicode_ci;

--
-- Dumping data for table `path_of_file_names`
--

INSERT INTO `path_of_file_names` VALUES (1,NULL,'Libro IVA Compras - Ventas',NULL,NULL,NULL),(2,NULL,'Libro Diario',NULL,NULL,NULL),(3,NULL,'Mayores',NULL,NULL,NULL),(4,NULL,'Sumas y Saldos',NULL,NULL,NULL),(5,NULL,'Comprobantes Todas las Empresas','2022-09-17 16:06:03','2022-09-17 16:06:03',NULL),(6,NULL,'Bot Mis Comprobantes','2022-09-17 16:06:05','2022-09-17 16:06:05',NULL),(7,NULL,'SICOSS','2022-09-17 16:06:18','2022-09-17 16:06:18',NULL),(13,NULL,'Bot Generar Vep','2022-12-07 07:45:13','2022-12-07 07:45:13',NULL),(14,NULL,'TXT LSD','2023-04-15 13:04:46','2023-04-15 13:04:46',NULL),(15,NULL,'Movimientos Productos','2024-02-18 22:35:26','2024-02-18 22:35:26',NULL);

--
-- Table structure for table `pay_methods`
--

CREATE TABLE `pay_methods` (
  `id` int(10) unsigned NOT NULL AUTO_INCREMENT,
  `description` varchar(180) COLLATE utf8mb4_unicode_ci NOT NULL,
  `created_at` timestamp NULL DEFAULT NULL,
  `updated_at` timestamp NULL DEFAULT NULL,
  PRIMARY KEY (`id`),
  UNIQUE KEY `pay_methods_description_unique` (`description`)
) ENGINE=InnoDB AUTO_INCREMENT=5 DEFAULT CHARSET=utf8mb4 COLLATE=utf8mb4_unicode_ci;

--
-- Dumping data for table `pay_methods`
--

INSERT INTO `pay_methods` VALUES (1,'INTERBANKING',NULL,NULL),(2,'VEP PAGOMISCUENTAS',NULL,NULL),(3,'VEP REDLINK',NULL,NULL),(4,'FORMULARIO',NULL,NULL);

--
-- Table structure for table `period_liquidation_details`
--

CREATE TABLE `period_liquidation_details` (
  `id` int(10) unsigned NOT NULL AUTO_INCREMENT,
  `user_id` int(10) unsigned DEFAULT NULL,
  `period_liquidation_id` int(10) unsigned NOT NULL,
  `period_id` int(10) unsigned NOT NULL,
  `person_id` int(10) unsigned NOT NULL,
  `zone_id` int(10) unsigned NOT NULL,
  `calculo_iibb` int(10) unsigned NOT NULL DEFAULT '1',
  `actividad_id` int(10) unsigned NOT NULL DEFAULT '1',
  `coef` decimal(16,4) NOT NULL DEFAULT '0.0000',
  `aliquot` decimal(16,4) NOT NULL DEFAULT '0.0000',
  `cm_articulo_regimen_id` int(10) unsigned NOT NULL DEFAULT '1',
  `base_amount` decimal(16,2) NOT NULL DEFAULT '0.00',
  `tax_amount` decimal(16,2) NOT NULL DEFAULT '0.00',
  `previous_period_balance` decimal(16,2) NOT NULL DEFAULT '0.00',
  `sircreb_amount` decimal(16,2) NOT NULL DEFAULT '0.00',
  `perception_amount` decimal(16,2) NOT NULL DEFAULT '0.00',
  `retention_amount` decimal(16,2) NOT NULL DEFAULT '0.00',
  `positive_amount` decimal(16,2) NOT NULL DEFAULT '0.00',
  `negative_amount` decimal(16,2) NOT NULL DEFAULT '0.00',
  `balance` int(11) NOT NULL DEFAULT '0',
  `created_at` timestamp NULL DEFAULT NULL,
  `updated_at` timestamp NULL DEFAULT NULL,
  `deleted_at` timestamp NULL DEFAULT NULL,
  PRIMARY KEY (`id`),
  KEY `period_liquidation_details_period_liquidation_id_foreign` (`period_liquidation_id`),
  KEY `period_liquidation_details_period_id_foreign` (`period_id`),
  KEY `period_liquidation_details_person_id_foreign` (`person_id`),
  KEY `period_liquidation_details_zone_id_foreign` (`zone_id`),
  KEY `period_liquidation_details_actividad_id_foreign` (`actividad_id`),
  KEY `period_liquidation_details_cm_articulo_regimen_id_foreign` (`cm_articulo_regimen_id`),
  CONSTRAINT `period_liquidation_details_actividad_id_foreign` FOREIGN KEY (`actividad_id`) REFERENCES `activities` (`id`),
  CONSTRAINT `period_liquidation_details_cm_articulo_regimen_id_foreign` FOREIGN KEY (`cm_articulo_regimen_id`) REFERENCES `cm_articulos_regimenes` (`id`),
  CONSTRAINT `period_liquidation_details_period_id_foreign` FOREIGN KEY (`period_id`) REFERENCES `periods` (`id`),
  CONSTRAINT `period_liquidation_details_period_liquidation_id_foreign` FOREIGN KEY (`period_liquidation_id`) REFERENCES `period_liquidations` (`id`),
  CONSTRAINT `period_liquidation_details_person_id_foreign` FOREIGN KEY (`person_id`) REFERENCES `persons` (`id`),
  CONSTRAINT `period_liquidation_details_zone_id_foreign` FOREIGN KEY (`zone_id`) REFERENCES `zones` (`id`)
) ENGINE=InnoDB AUTO_INCREMENT=466 DEFAULT CHARSET=utf8mb4 COLLATE=utf8mb4_unicode_ci;

--
-- Dumping data for table `period_liquidation_details`
--

INSERT INTO `period_liquidation_details` VALUES (40,7851,89,10,40719,10,1,652,0.0000,0.0000,1,0.00,90550.57,0.00,0.00,0.00,0.00,0.00,0.00,0,'2022-11-08 03:15:50','2022-11-08 03:15:50',NULL),(219,7851,464,12,40719,10,1,652,0.0000,0.0000,1,1628400.00,0.00,0.00,0.00,0.00,0.00,0.00,0.00,0,'2023-01-05 15:28:15','2023-01-05 15:28:15',NULL),(235,7851,496,13,40719,10,1,652,0.0000,0.0000,1,1341569.23,0.00,0.00,0.00,0.00,0.00,0.00,0.00,0,'2023-01-05 18:55:59','2023-01-05 18:55:59',NULL),(240,7851,506,11,40719,10,1,652,0.0000,0.0000,1,654294.12,0.00,0.00,0.00,0.00,0.00,0.00,0.00,0,'2023-01-05 20:58:28','2023-01-05 20:58:28',NULL),(247,7851,519,3,40719,10,1,652,0.0000,0.0000,1,0.00,0.00,0.00,0.00,0.00,0.00,0.00,0.00,0,'2023-01-09 17:20:27','2023-01-09 17:20:27',NULL),(280,7851,589,14,40719,10,1,652,0.0000,0.0000,1,1868030.77,0.00,0.00,0.00,0.00,0.00,0.00,0.00,0,'2023-01-30 15:02:54','2023-01-30 15:02:54',NULL),(303,7851,636,18,40719,10,1,652,0.0000,0.0000,1,904018.10,0.00,0.00,0.00,0.00,0.00,0.00,0.00,0,'2023-02-10 18:46:03','2023-02-10 18:46:03',NULL),(308,7851,647,3053,40719,10,1,652,0.0000,0.0000,1,0.00,0.00,0.00,0.00,0.00,0.00,0.00,0.00,0,'2023-02-23 11:07:56','2023-02-23 11:07:56',NULL),(335,7851,701,19,40719,10,1,652,0.0000,0.0000,1,0.00,0.00,0.00,0.00,0.00,0.00,0.00,0.00,0,'2023-03-12 18:35:42','2023-03-12 18:35:42',NULL),(372,7851,775,20,40719,10,1,652,0.0000,0.0000,1,1426943.20,0.00,0.00,0.00,0.00,0.00,0.00,0.00,0,'2023-04-10 16:27:56','2023-04-10 16:27:56',NULL),(427,7851,885,21,40719,10,1,652,0.0000,0.0000,1,2247863.69,0.00,0.00,0.00,0.00,0.00,0.00,0.00,0,'2023-05-18 20:04:59','2023-05-18 20:04:59',NULL),(465,7851,964,22,40719,10,1,652,0.0000,0.0000,1,2479555.08,0.00,0.00,0.00,0.00,0.00,0.00,0.00,0,'2023-06-05 23:08:18','2023-06-05 23:08:18',NULL);

--
-- Table structure for table `period_liquidation_iibb`
--

CREATE TABLE `period_liquidation_iibb` (
  `id` int(10) unsigned NOT NULL AUTO_INCREMENT,
  `user_id` int(10) unsigned DEFAULT NULL,
  `period_liquidation_id` int(10) unsigned NOT NULL,
  `period_id` int(10) unsigned NOT NULL,
  `person_id` int(10) unsigned NOT NULL,
  `zone_id` int(10) unsigned NOT NULL,
  `base_amount` decimal(16,2) DEFAULT '0.00',
  `impuesto` decimal(16,2) DEFAULT '0.00',
  `saldo_a_favor_ant` decimal(16,2) DEFAULT '0.00',
  `sircreb` decimal(16,2) DEFAULT '0.00',
  `sirtac` decimal(16,2) NOT NULL DEFAULT '0.00',
  `percepciones` decimal(16,2) DEFAULT '0.00',
  `retenciones` decimal(16,2) DEFAULT '0.00',
  `a_pagar` decimal(16,2) DEFAULT '0.00',
  `a_favor` decimal(16,2) DEFAULT '0.00',
  `created_at` timestamp NULL DEFAULT NULL,
  `updated_at` timestamp NULL DEFAULT NULL,
  `deleted_at` timestamp NULL DEFAULT NULL,
  PRIMARY KEY (`id`),
  KEY `period_liquidation_iibb_period_liquidation_id_foreign` (`period_liquidation_id`),
  KEY `period_liquidation_iibb_period_id_foreign` (`period_id`),
  KEY `period_liquidation_iibb_person_id_foreign` (`person_id`),
  KEY `period_liquidation_iibb_zone_id_foreign` (`zone_id`),
  CONSTRAINT `period_liquidation_iibb_period_id_foreign` FOREIGN KEY (`period_id`) REFERENCES `periods` (`id`),
  CONSTRAINT `period_liquidation_iibb_period_liquidation_id_foreign` FOREIGN KEY (`period_liquidation_id`) REFERENCES `period_liquidations` (`id`),
  CONSTRAINT `period_liquidation_iibb_person_id_foreign` FOREIGN KEY (`person_id`) REFERENCES `persons` (`id`),
  CONSTRAINT `period_liquidation_iibb_zone_id_foreign` FOREIGN KEY (`zone_id`) REFERENCES `zones` (`id`)
) ENGINE=InnoDB AUTO_INCREMENT=466 DEFAULT CHARSET=utf8mb4 COLLATE=utf8mb4_unicode_ci;

--
-- Dumping data for table `period_liquidation_iibb`
--

INSERT INTO `period_liquidation_iibb` VALUES (40,7851,89,10,40719,10,0.00,0.00,0.00,0.00,0.00,0.00,0.00,0.00,0.00,'2022-11-08 03:15:50','2022-11-08 03:15:50',NULL),(219,7851,464,12,40719,10,1628400.00,0.00,20296.72,0.00,0.00,229.52,48852.00,0.00,69378.24,'2023-01-05 15:28:15','2023-01-05 15:28:15',NULL),(235,7851,496,13,40719,10,1341569.23,0.00,69378.24,0.00,0.00,294.58,40247.08,0.00,109919.90,'2023-01-05 18:55:59','2023-01-05 18:55:59',NULL),(240,7851,506,11,40719,10,654294.12,0.00,0.00,0.00,0.00,667.90,19628.82,0.00,20296.72,'2023-01-05 20:58:28','2023-01-05 20:58:28',NULL),(247,7851,519,3,40719,10,0.00,0.00,0.00,0.00,0.00,0.00,26686.15,0.00,26686.15,'2023-01-09 17:20:27','2023-01-09 17:20:27',NULL),(280,7851,589,14,40719,10,1868030.77,0.00,109919.90,0.00,0.00,837.73,56040.92,0.00,166798.55,'2023-01-30 15:02:54','2023-01-30 15:02:54',NULL),(303,7851,636,18,40719,10,904018.10,0.00,166798.55,0.00,0.00,376.43,26686.15,0.00,193861.13,'2023-02-10 18:46:03','2023-02-10 18:46:03',NULL),(308,7851,647,3053,40719,10,0.00,0.00,0.00,0.00,0.00,0.00,0.00,0.00,0.00,'2023-02-23 11:07:56','2023-02-23 11:07:56',NULL),(335,7851,701,19,40719,10,0.00,0.00,193861.13,0.00,0.00,335.87,0.00,0.00,194197.00,'2023-03-12 18:35:42','2023-03-12 18:35:42',NULL),(372,7851,775,20,40719,10,1426943.20,0.00,194197.00,0.00,0.00,393.53,42590.92,0.00,237181.45,'2023-04-10 16:27:56','2023-04-10 16:27:56',NULL),(427,7851,885,21,40719,10,2247863.69,0.00,237181.45,0.00,0.00,435.59,67435.91,0.00,305052.95,'2023-05-18 20:04:59','2023-05-18 20:04:59',NULL),(465,7851,964,22,40719,10,2479555.08,0.00,305052.95,0.00,0.00,4732.69,63886.65,0.00,373672.29,'2023-06-05 23:08:18','2023-06-05 23:08:18',NULL);

--
-- Table structure for table `period_liquidation_iva`
--

CREATE TABLE `period_liquidation_iva` (
  `id` int(10) unsigned NOT NULL AUTO_INCREMENT,
  `user_id` int(10) unsigned DEFAULT NULL,
  `period_liquidation_id` int(10) unsigned NOT NULL,
  `period_id` int(10) unsigned NOT NULL,
  `person_id` int(10) unsigned NOT NULL,
  `total_debit` decimal(16,2) NOT NULL DEFAULT '0.00',
  `total_debito_mis_comp` decimal(16,2) DEFAULT '0.00',
  `total_credit` decimal(16,2) NOT NULL DEFAULT '0.00',
  `credito_fiscal_comp` decimal(16,2) DEFAULT '0.00',
  `total_credito_mis_comp` decimal(16,2) DEFAULT '0.00',
  `reduc_st_mono` decimal(10,2) NOT NULL DEFAULT '0.00',
  `previous_technical` decimal(16,2) NOT NULL DEFAULT '0.00',
  `technical_balance` decimal(16,2) NOT NULL DEFAULT '0.00',
  `previous_free_availability` decimal(16,2) NOT NULL DEFAULT '0.00',
  `retention_amount` decimal(16,2) NOT NULL DEFAULT '0.00',
  `perception_amount` decimal(16,2) NOT NULL DEFAULT '0.00',
  `compensation_amount` decimal(16,2) NOT NULL DEFAULT '0.00',
  `total_perceptions_retentions` decimal(16,2) NOT NULL DEFAULT '0.00',
  `free_availability_balance` decimal(16,2) NOT NULL DEFAULT '0.00',
  `pago_a_cuenta` decimal(16,2) NOT NULL DEFAULT '0.00',
  `negative_amount` decimal(16,2) NOT NULL DEFAULT '0.00',
  `positive_amount` decimal(16,2) NOT NULL DEFAULT '0.00',
  `total_free_availability` decimal(16,2) NOT NULL DEFAULT '0.00',
  `saldo_pago_a_cuenta` decimal(16,2) NOT NULL DEFAULT '0.00',
  `comentarios` text COLLATE utf8mb4_unicode_ci,
  `created_at` timestamp NULL DEFAULT NULL,
  `updated_at` timestamp NULL DEFAULT NULL,
  `deleted_at` timestamp NULL DEFAULT NULL,
  PRIMARY KEY (`id`),
  KEY `period_liquidation_iva_period_liquidation_id_foreign` (`period_liquidation_id`),
  KEY `period_liquidation_iva_period_id_foreign` (`period_id`),
  KEY `period_liquidation_iva_person_id_foreign` (`person_id`),
  CONSTRAINT `period_liquidation_iva_period_id_foreign` FOREIGN KEY (`period_id`) REFERENCES `periods` (`id`),
  CONSTRAINT `period_liquidation_iva_period_liquidation_id_foreign` FOREIGN KEY (`period_liquidation_id`) REFERENCES `period_liquidations` (`id`),
  CONSTRAINT `period_liquidation_iva_person_id_foreign` FOREIGN KEY (`person_id`) REFERENCES `persons` (`id`)
) ENGINE=InnoDB AUTO_INCREMENT=501 DEFAULT CHARSET=utf8mb4 COLLATE=utf8mb4_unicode_ci;

--
-- Dumping data for table `period_liquidation_iva`
--

INSERT INTO `period_liquidation_iva` VALUES (47,7851,86,10,40719,0.00,0.00,0.00,0.00,0.00,0.00,0.00,0.00,0.00,0.00,0.00,0.00,0.00,0.00,0.00,0.00,26924.00,0.00,0.00,NULL,'2022-11-04 21:48:50','2023-01-14 21:26:31',NULL),(245,7851,463,12,40719,170982.00,0.00,111068.70,0.00,0.00,0.00,2954.12,-55141.18,1175.12,0.00,0.00,0.00,0.00,1175.12,0.00,53966.06,0.00,0.00,0.00,'Se agregaron comprobantes manualmente','2023-01-05 15:28:14','2023-01-14 21:24:55',NULL),(261,7851,495,13,40719,170028.92,0.00,129086.91,0.00,0.00,0.00,0.00,-39124.01,0.00,0.00,0.00,0.00,0.00,0.00,0.00,39124.01,0.00,0.00,0.00,'Se agregaron comprobantes manualmente','2023-01-05 18:55:58','2023-01-14 21:22:48',NULL),(266,7851,505,11,40719,68700.88,0.00,43216.00,0.00,0.00,0.00,26924.00,2954.12,0.00,0.00,1175.12,0.00,1175.12,1175.12,0.00,0.00,2954.12,1175.12,0.00,'Se agregaron comprobantes manualmente','2023-01-05 20:58:27','2023-01-14 21:26:10',NULL),(272,7851,518,3,40719,0.00,0.00,0.00,0.00,0.00,0.00,0.00,0.00,0.00,0.00,0.00,0.00,0.00,0.00,0.00,0.00,0.00,0.00,0.00,NULL,'2023-01-09 17:20:26','2023-01-09 17:20:27',NULL),(309,7851,588,14,40719,392286.46,0.00,332568.52,0.00,0.00,0.00,0.00,-57899.95,0.00,0.00,264.57,0.00,264.57,264.57,0.00,57635.38,0.00,0.00,0.00,'Se cargaron comprobantes manualmente.','2023-01-30 15:02:54','2023-01-30 15:04:11',NULL),(334,7851,637,18,40719,97572.94,0.00,44463.56,0.00,0.00,0.00,0.00,-51291.37,0.00,0.00,1213.76,0.00,1213.76,1213.76,0.00,50077.61,0.00,0.00,0.00,'Se agregaron comprobantes manualmente','2023-02-10 20:15:25','2023-02-12 19:29:56',NULL),(339,7851,646,3053,40719,589.68,0.00,687.59,0.00,0.00,0.00,0.00,97.91,0.00,0.00,0.00,0.00,0.00,0.00,0.00,0.00,97.91,0.00,0.00,NULL,'2023-02-23 11:07:56','2023-02-23 11:07:56',NULL),(366,7851,700,19,40719,0.00,0.00,26723.55,0.00,0.00,0.00,0.00,28541.55,0.00,0.00,0.00,0.00,0.00,0.00,0.00,0.00,28541.55,0.00,0.00,NULL,'2023-03-12 18:35:42','2023-03-12 18:38:04',NULL),(403,7851,774,20,40719,149829.04,0.00,65210.74,0.00,0.00,0.00,28541.55,-52895.25,0.00,0.00,0.00,0.00,0.00,0.00,0.00,52895.25,0.00,0.00,0.00,'Se incorporaron comprobantes manualmente','2023-04-10 16:27:56','2023-05-02 11:24:46',NULL),(459,7851,886,21,40719,236025.69,0.00,183544.69,0.00,0.00,0.00,0.00,-49299.50,0.00,0.00,0.00,0.00,0.00,0.00,0.00,49299.50,0.00,0.00,0.00,'Se agregaron comprobantes manualmente','2023-05-18 20:18:42','2023-06-01 18:15:39',NULL),(500,7851,965,22,40719,285322.02,0.00,217737.34,0.00,0.00,0.00,0.00,-64403.19,0.00,0.00,0.00,0.00,0.00,0.00,0.00,64403.19,0.00,0.00,0.00,NULL,'2023-06-06 01:10:07','2023-06-06 01:10:26',NULL);

--
-- Table structure for table `period_liquidation_iva_details`
--

CREATE TABLE `period_liquidation_iva_details` (
  `id` int(10) unsigned NOT NULL AUTO_INCREMENT,
  `user_id` int(10) unsigned DEFAULT NULL,
  `period_liquidation_id` int(10) unsigned NOT NULL,
  `period_liquidation_iva_id` int(10) unsigned NOT NULL,
  `period_id` int(10) unsigned NOT NULL,
  `person_id` int(10) unsigned NOT NULL,
  `activity_id` int(10) unsigned DEFAULT NULL,
  `iva_creditos_tipo_id` int(10) unsigned NOT NULL DEFAULT '1',
  `type` int(10) unsigned NOT NULL,
  `tax_id` int(10) unsigned NOT NULL DEFAULT '0',
  `taxabled_amount` decimal(16,2) NOT NULL DEFAULT '0.00',
  `iva_amount` decimal(16,2) NOT NULL DEFAULT '0.00',
  `created_at` timestamp NULL DEFAULT NULL,
  `updated_at` timestamp NULL DEFAULT NULL,
  `ordr` int(10) unsigned DEFAULT NULL,
  `deleted_at` timestamp NULL DEFAULT NULL,
  PRIMARY KEY (`id`),
  KEY `period_liquidation_iva_details_period_liquidation_iva_id_foreign` (`period_liquidation_iva_id`),
  KEY `period_liquidation_iva_details_period_liquidation_id_foreign` (`period_liquidation_id`),
  KEY `period_liquidation_iva_details_period_id_foreign` (`period_id`),
  KEY `period_liquidation_iva_details_person_id_foreign` (`person_id`),
  KEY `period_liquidation_iva_details_activity_id_foreign` (`activity_id`),
  KEY `period_liquidation_iva_details_iva_creditos_tipo_id_foreign` (`iva_creditos_tipo_id`),
  CONSTRAINT `period_liquidation_iva_details_activity_id_foreign` FOREIGN KEY (`activity_id`) REFERENCES `activities` (`id`),
  CONSTRAINT `period_liquidation_iva_details_iva_creditos_tipo_id_foreign` FOREIGN KEY (`iva_creditos_tipo_id`) REFERENCES `iva_creditos_tipos` (`id`),
  CONSTRAINT `period_liquidation_iva_details_period_id_foreign` FOREIGN KEY (`period_id`) REFERENCES `periods` (`id`),
  CONSTRAINT `period_liquidation_iva_details_period_liquidation_id_foreign` FOREIGN KEY (`period_liquidation_id`) REFERENCES `period_liquidations` (`id`),
  CONSTRAINT `period_liquidation_iva_details_period_liquidation_iva_id_foreign` FOREIGN KEY (`period_liquidation_iva_id`) REFERENCES `period_liquidation_iva` (`id`),
  CONSTRAINT `period_liquidation_iva_details_person_id_foreign` FOREIGN KEY (`person_id`) REFERENCES `persons` (`id`)
) ENGINE=InnoDB AUTO_INCREMENT=123001 DEFAULT CHARSET=utf8mb4 COLLATE=utf8mb4_unicode_ci;

--
-- Dumping data for table `period_liquidation_iva_details`
--

INSERT INTO `period_liquidation_iva_details` VALUES (11317,7851,86,47,10,40719,652,1,1,3,0.00,0.00,'2022-11-05 21:48:50','2022-11-05 21:48:50',1,NULL),(11318,7851,86,47,10,40719,652,1,1,2,0.00,0.00,'2022-11-05 21:48:50','2022-11-05 21:48:50',1,NULL),(11319,7851,86,47,10,40719,652,1,1,1,0.00,0.00,'2022-11-05 21:48:50','2022-11-05 21:48:50',1,NULL),(11320,7851,86,47,10,40719,652,1,1,5,0.00,0.00,'2022-11-05 21:48:50','2022-11-05 21:48:50',1,NULL),(11321,7851,86,47,10,40719,652,1,1,4,0.00,0.00,'2022-11-05 21:48:50','2022-11-05 21:48:50',1,NULL),(11322,7851,86,47,10,40719,652,1,1,8,0.00,0.00,'2022-11-05 21:48:50','2022-11-05 21:48:50',1,NULL),(11323,7851,86,47,10,40719,652,1,1,3,0.00,0.00,'2022-11-05 21:48:50','2022-11-05 21:48:50',2,NULL),(11324,7851,86,47,10,40719,652,1,1,2,0.00,0.00,'2022-11-05 21:48:50','2022-11-05 21:48:50',2,NULL),(11325,7851,86,47,10,40719,652,1,1,1,0.00,0.00,'2022-11-05 21:48:50','2022-11-05 21:48:50',2,NULL),(11326,7851,86,47,10,40719,652,1,1,5,0.00,0.00,'2022-11-05 21:48:50','2022-11-05 21:48:50',2,NULL),(11327,7851,86,47,10,40719,652,1,1,4,0.00,0.00,'2022-11-05 21:48:50','2022-11-05 21:48:50',2,NULL),(11328,7851,86,47,10,40719,652,1,1,8,0.00,0.00,'2022-11-05 21:48:50','2022-11-05 21:48:50',2,NULL),(11329,7851,86,47,10,40719,652,1,1,7,0.00,0.00,'2022-11-05 21:48:50','2022-11-05 21:48:50',3,NULL),(11330,7851,86,47,10,40719,652,1,1,6,0.00,0.00,'2022-11-05 21:48:50','2022-11-05 21:48:50',3,NULL),(11331,7851,86,47,10,40719,652,1,1,3,0.00,0.00,'2022-11-05 21:48:50','2022-11-05 21:48:50',4,NULL),(11332,7851,86,47,10,40719,652,1,1,2,0.00,0.00,'2022-11-05 21:48:50','2022-11-05 21:48:50',4,NULL),(11333,7851,86,47,10,40719,652,1,1,1,0.00,0.00,'2022-11-05 21:48:50','2022-11-05 21:48:50',4,NULL),(11334,7851,86,47,10,40719,652,1,1,5,0.00,0.00,'2022-11-05 21:48:50','2022-11-05 21:48:50',4,NULL),(11335,7851,86,47,10,40719,652,1,1,4,0.00,0.00,'2022-11-05 21:48:50','2022-11-05 21:48:50',4,NULL),(11336,7851,86,47,10,40719,652,1,1,7,0.00,0.00,'2022-11-05 21:48:50','2022-11-05 21:48:50',4,NULL),(11337,7851,86,47,10,40719,652,1,1,8,0.00,0.00,'2022-11-05 21:48:50','2022-11-05 21:48:50',4,NULL),(11338,7851,86,47,10,40719,652,1,1,6,0.00,0.00,'2022-11-05 21:48:50','2022-11-05 21:48:50',4,NULL),(11339,7851,86,47,10,40719,1,4,2,3,0.00,0.00,'2022-11-05 21:48:50','2022-11-05 21:48:50',5,NULL),(11340,7851,86,47,10,40719,1,8,2,3,0.00,0.00,'2022-11-05 21:48:50','2022-11-05 21:48:50',5,NULL),(11341,7851,86,47,10,40719,1,12,2,3,0.00,0.00,'2022-11-05 21:48:50','2022-11-05 21:48:50',5,NULL),(11342,7851,86,47,10,40719,1,1,2,3,0.00,0.00,'2022-11-05 21:48:50','2022-11-05 21:48:50',5,NULL),(11343,7851,86,47,10,40719,1,9,2,3,0.00,0.00,'2022-11-05 21:48:50','2022-11-05 21:48:50',5,NULL),(11344,7851,86,47,10,40719,1,5,2,3,0.00,0.00,'2022-11-05 21:48:50','2022-11-05 21:48:50',5,NULL),(11345,7851,86,47,10,40719,1,13,2,3,0.00,0.00,'2022-11-05 21:48:50','2022-11-05 21:48:50',5,NULL),(11346,7851,86,47,10,40719,1,2,2,3,0.00,0.00,'2022-11-05 21:48:50','2022-11-05 21:48:50',5,NULL),(11347,7851,86,47,10,40719,1,10,2,3,0.00,0.00,'2022-11-05 21:48:50','2022-11-05 21:48:50',5,NULL),(11348,7851,86,47,10,40719,1,6,2,3,0.00,0.00,'2022-11-05 21:48:50','2022-11-05 21:48:50',5,NULL),(11349,7851,86,47,10,40719,1,14,2,3,0.00,0.00,'2022-11-05 21:48:50','2022-11-05 21:48:50',5,NULL),(11350,7851,86,47,10,40719,1,3,2,3,0.00,0.00,'2022-11-05 21:48:50','2022-11-05 21:48:50',5,NULL),(11351,7851,86,47,10,40719,1,7,2,3,0.00,0.00,'2022-11-05 21:48:50','2022-11-05 21:48:50',5,NULL),(11352,7851,86,47,10,40719,1,11,2,3,0.00,0.00,'2022-11-05 21:48:50','2022-11-05 21:48:50',5,NULL),(11353,7851,86,47,10,40719,1,1,2,2,0.00,0.00,'2022-11-05 21:48:50','2022-11-05 21:48:50',5,NULL),(11354,7851,86,47,10,40719,1,9,2,2,0.00,0.00,'2022-11-05 21:48:50','2022-11-05 21:48:50',5,NULL),(11355,7851,86,47,10,40719,1,5,2,2,0.00,0.00,'2022-11-05 21:48:50','2022-11-05 21:48:50',5,NULL),(11356,7851,86,47,10,40719,1,13,2,2,0.00,0.00,'2022-11-05 21:48:50','2022-11-05 21:48:50',5,NULL);
INSERT INTO `period_liquidation_iva_details` VALUES (11357,7851,86,47,10,40719,1,2,2,2,0.00,0.00,'2022-11-05 21:48:50','2022-11-05 21:48:50',5,NULL),(11358,7851,86,47,10,40719,1,10,2,2,0.00,0.00,'2022-11-05 21:48:50','2022-11-05 21:48:50',5,NULL),(11359,7851,86,47,10,40719,1,6,2,2,0.00,0.00,'2022-11-05 21:48:50','2022-11-05 21:48:50',5,NULL),(11360,7851,86,47,10,40719,1,14,2,2,0.00,0.00,'2022-11-05 21:48:50','2022-11-05 21:48:50',5,NULL),(11361,7851,86,47,10,40719,1,3,2,2,0.00,0.00,'2022-11-05 21:48:50','2022-11-05 21:48:50',5,NULL),(11362,7851,86,47,10,40719,1,7,2,2,0.00,0.00,'2022-11-05 21:48:50','2022-11-05 21:48:50',5,NULL),(11363,7851,86,47,10,40719,1,11,2,2,0.00,0.00,'2022-11-05 21:48:50','2022-11-05 21:48:50',5,NULL),(11364,7851,86,47,10,40719,1,4,2,2,0.00,0.00,'2022-11-05 21:48:50','2022-11-05 21:48:50',5,NULL),(11365,7851,86,47,10,40719,1,8,2,2,0.00,0.00,'2022-11-05 21:48:50','2022-11-05 21:48:50',5,NULL),(11366,7851,86,47,10,40719,1,12,2,2,0.00,0.00,'2022-11-05 21:48:50','2022-11-05 21:48:50',5,NULL),(11367,7851,86,47,10,40719,1,2,2,1,0.00,0.00,'2022-11-05 21:48:50','2022-11-05 21:48:50',5,NULL),(11368,7851,86,47,10,40719,1,10,2,1,0.00,0.00,'2022-11-05 21:48:50','2022-11-05 21:48:50',5,NULL),(11369,7851,86,47,10,40719,1,6,2,1,0.00,0.00,'2022-11-05 21:48:50','2022-11-05 21:48:50',5,NULL),(11370,7851,86,47,10,40719,1,14,2,1,0.00,0.00,'2022-11-05 21:48:50','2022-11-05 21:48:50',5,NULL),(11371,7851,86,47,10,40719,1,3,2,1,0.00,0.00,'2022-11-05 21:48:50','2022-11-05 21:48:50',5,NULL),(11372,7851,86,47,10,40719,1,7,2,1,0.00,0.00,'2022-11-05 21:48:50','2022-11-05 21:48:50',5,NULL),(11373,7851,86,47,10,40719,1,11,2,1,0.00,0.00,'2022-11-05 21:48:50','2022-11-05 21:48:50',5,NULL),(11374,7851,86,47,10,40719,1,4,2,1,0.00,0.00,'2022-11-05 21:48:50','2022-11-05 21:48:50',5,NULL),(11375,7851,86,47,10,40719,1,8,2,1,0.00,0.00,'2022-11-05 21:48:50','2022-11-05 21:48:50',5,NULL),(11376,7851,86,47,10,40719,1,12,2,1,0.00,0.00,'2022-11-05 21:48:50','2022-11-05 21:48:50',5,NULL),(11377,7851,86,47,10,40719,1,1,2,1,0.00,0.00,'2022-11-05 21:48:50','2022-11-05 21:48:50',5,NULL),(11378,7851,86,47,10,40719,1,9,2,1,0.00,0.00,'2022-11-05 21:48:50','2022-11-05 21:48:50',5,NULL),(11379,7851,86,47,10,40719,1,5,2,1,0.00,0.00,'2022-11-05 21:48:50','2022-11-05 21:48:50',5,NULL),(11380,7851,86,47,10,40719,1,13,2,1,0.00,0.00,'2022-11-05 21:48:50','2022-11-05 21:48:50',5,NULL),(11381,7851,86,47,10,40719,1,9,2,5,0.00,0.00,'2022-11-05 21:48:50','2022-11-05 21:48:50',5,NULL),(11382,7851,86,47,10,40719,1,5,2,5,0.00,0.00,'2022-11-05 21:48:50','2022-11-05 21:48:50',5,NULL),(11383,7851,86,47,10,40719,1,13,2,5,0.00,0.00,'2022-11-05 21:48:50','2022-11-05 21:48:50',5,NULL),(11384,7851,86,47,10,40719,1,2,2,5,0.00,0.00,'2022-11-05 21:48:50','2022-11-05 21:48:50',5,NULL),(11385,7851,86,47,10,40719,1,14,2,5,0.00,0.00,'2022-11-05 21:48:50','2022-11-05 21:48:50',5,NULL),(11386,7851,86,47,10,40719,1,10,2,5,0.00,0.00,'2022-11-05 21:48:50','2022-11-05 21:48:50',5,NULL),(11387,7851,86,47,10,40719,1,6,2,5,0.00,0.00,'2022-11-05 21:48:50','2022-11-05 21:48:50',5,NULL),(11388,7851,86,47,10,40719,1,3,2,5,0.00,0.00,'2022-11-05 21:48:50','2022-11-05 21:48:50',5,NULL),(11389,7851,86,47,10,40719,1,7,2,5,0.00,0.00,'2022-11-05 21:48:50','2022-11-05 21:48:50',5,NULL),(11390,7851,86,47,10,40719,1,11,2,5,0.00,0.00,'2022-11-05 21:48:50','2022-11-05 21:48:50',5,NULL),(11391,7851,86,47,10,40719,1,4,2,5,0.00,0.00,'2022-11-05 21:48:50','2022-11-05 21:48:50',5,NULL),(11392,7851,86,47,10,40719,1,8,2,5,0.00,0.00,'2022-11-05 21:48:50','2022-11-05 21:48:50',5,NULL),(11393,7851,86,47,10,40719,1,12,2,5,0.00,0.00,'2022-11-05 21:48:50','2022-11-05 21:48:50',5,NULL),(11394,7851,86,47,10,40719,1,1,2,5,0.00,0.00,'2022-11-05 21:48:50','2022-11-05 21:48:50',5,NULL),(11395,7851,86,47,10,40719,1,3,2,4,0.00,0.00,'2022-11-05 21:48:50','2022-11-05 21:48:50',5,NULL),(11396,7851,86,47,10,40719,1,7,2,4,0.00,0.00,'2022-11-05 21:48:50','2022-11-05 21:48:50',5,NULL),(11397,7851,86,47,10,40719,1,11,2,4,0.00,0.00,'2022-11-05 21:48:50','2022-11-05 21:48:50',5,NULL);
INSERT INTO `period_liquidation_iva_details` VALUES (11398,7851,86,47,10,40719,1,4,2,4,0.00,0.00,'2022-11-05 21:48:50','2022-11-05 21:48:50',5,NULL),(11399,7851,86,47,10,40719,1,8,2,4,0.00,0.00,'2022-11-05 21:48:50','2022-11-05 21:48:50',5,NULL),(11400,7851,86,47,10,40719,1,12,2,4,0.00,0.00,'2022-11-05 21:48:50','2022-11-05 21:48:50',5,NULL),(11401,7851,86,47,10,40719,1,1,2,4,0.00,0.00,'2022-11-05 21:48:50','2022-11-05 21:48:50',5,NULL),(11402,7851,86,47,10,40719,1,9,2,4,0.00,0.00,'2022-11-05 21:48:50','2022-11-05 21:48:50',5,NULL),(11403,7851,86,47,10,40719,1,5,2,4,0.00,0.00,'2022-11-05 21:48:50','2022-11-05 21:48:50',5,NULL),(11404,7851,86,47,10,40719,1,13,2,4,0.00,0.00,'2022-11-05 21:48:50','2022-11-05 21:48:50',5,NULL),(11405,7851,86,47,10,40719,1,2,2,4,0.00,0.00,'2022-11-05 21:48:50','2022-11-05 21:48:50',5,NULL),(11406,7851,86,47,10,40719,1,14,2,4,0.00,0.00,'2022-11-05 21:48:50','2022-11-05 21:48:50',5,NULL),(11407,7851,86,47,10,40719,1,10,2,4,0.00,0.00,'2022-11-05 21:48:50','2022-11-05 21:48:50',5,NULL),(11408,7851,86,47,10,40719,1,6,2,4,0.00,0.00,'2022-11-05 21:48:50','2022-11-05 21:48:50',5,NULL),(11409,7851,86,47,10,40719,1,8,2,6,0.00,0.00,'2022-11-05 21:48:50','2022-11-05 21:48:50',5,NULL),(11410,7851,86,47,10,40719,1,12,2,6,0.00,0.00,'2022-11-05 21:48:50','2022-11-05 21:48:50',5,NULL),(11411,7851,86,47,10,40719,1,7,2,7,0.00,0.00,'2022-11-05 21:48:50','2022-11-05 21:48:50',5,NULL),(11412,7851,86,47,10,40719,1,11,2,7,0.00,0.00,'2022-11-05 21:48:50','2022-11-05 21:48:50',5,NULL),(11413,7851,86,47,10,40719,1,6,2,8,0.00,0.00,'2022-11-05 21:48:50','2022-11-05 21:48:50',5,NULL),(11414,7851,86,47,10,40719,1,14,2,8,0.00,0.00,'2022-11-05 21:48:50','2022-11-05 21:48:50',5,NULL),(11415,7851,86,47,10,40719,1,10,2,8,0.00,0.00,'2022-11-05 21:48:50','2022-11-05 21:48:50',5,NULL),(11416,7851,86,47,10,40719,1,1,2,6,0.00,0.00,'2022-11-05 21:48:50','2022-11-05 21:48:50',5,NULL),(11417,7851,86,47,10,40719,1,4,2,7,0.00,0.00,'2022-11-05 21:48:50','2022-11-05 21:48:50',5,NULL),(11418,7851,86,47,10,40719,1,3,2,8,0.00,0.00,'2022-11-05 21:48:50','2022-11-05 21:48:50',5,NULL),(11419,7851,86,47,10,40719,1,9,2,6,0.00,0.00,'2022-11-05 21:48:50','2022-11-05 21:48:50',5,NULL),(11420,7851,86,47,10,40719,1,5,2,6,0.00,0.00,'2022-11-05 21:48:50','2022-11-05 21:48:50',5,NULL),(11421,7851,86,47,10,40719,1,13,2,6,0.00,0.00,'2022-11-05 21:48:50','2022-11-05 21:48:50',5,NULL),(11422,7851,86,47,10,40719,1,8,2,7,0.00,0.00,'2022-11-05 21:48:50','2022-11-05 21:48:50',5,NULL),(11423,7851,86,47,10,40719,1,12,2,7,0.00,0.00,'2022-11-05 21:48:50','2022-11-05 21:48:50',5,NULL),(11424,7851,86,47,10,40719,1,7,2,8,0.00,0.00,'2022-11-05 21:48:50','2022-11-05 21:48:50',5,NULL),(11425,7851,86,47,10,40719,1,11,2,8,0.00,0.00,'2022-11-05 21:48:50','2022-11-05 21:48:50',5,NULL),(11426,7851,86,47,10,40719,1,2,2,6,0.00,0.00,'2022-11-05 21:48:50','2022-11-05 21:48:50',5,NULL),(11427,7851,86,47,10,40719,1,1,2,7,0.00,0.00,'2022-11-05 21:48:50','2022-11-05 21:48:50',5,NULL),(11428,7851,86,47,10,40719,1,4,2,8,0.00,0.00,'2022-11-05 21:48:50','2022-11-05 21:48:50',5,NULL),(11429,7851,86,47,10,40719,1,14,2,6,0.00,0.00,'2022-11-05 21:48:50','2022-11-05 21:48:50',5,NULL),(11430,7851,86,47,10,40719,1,10,2,6,0.00,0.00,'2022-11-05 21:48:50','2022-11-05 21:48:50',5,NULL),(11431,7851,86,47,10,40719,1,6,2,6,0.00,0.00,'2022-11-05 21:48:50','2022-11-05 21:48:50',5,NULL),(11432,7851,86,47,10,40719,1,9,2,7,0.00,0.00,'2022-11-05 21:48:50','2022-11-05 21:48:50',5,NULL),(11433,7851,86,47,10,40719,1,5,2,7,0.00,0.00,'2022-11-05 21:48:50','2022-11-05 21:48:50',5,NULL),(11434,7851,86,47,10,40719,1,13,2,7,0.00,0.00,'2022-11-05 21:48:50','2022-11-05 21:48:50',5,NULL),(11435,7851,86,47,10,40719,1,8,2,8,0.00,0.00,'2022-11-05 21:48:50','2022-11-05 21:48:50',5,NULL),(11436,7851,86,47,10,40719,1,12,2,8,0.00,0.00,'2022-11-05 21:48:50','2022-11-05 21:48:50',5,NULL),(11437,7851,86,47,10,40719,1,3,2,6,0.00,0.00,'2022-11-05 21:48:50','2022-11-05 21:48:50',5,NULL),(11438,7851,86,47,10,40719,1,2,2,7,0.00,0.00,'2022-11-05 21:48:50','2022-11-05 21:48:50',5,NULL);
INSERT INTO `period_liquidation_iva_details` VALUES (11439,7851,86,47,10,40719,1,1,2,8,0.00,0.00,'2022-11-05 21:48:50','2022-11-05 21:48:50',5,NULL),(11440,7851,86,47,10,40719,1,7,2,6,0.00,0.00,'2022-11-05 21:48:50','2022-11-05 21:48:50',5,NULL),(11441,7851,86,47,10,40719,1,11,2,6,0.00,0.00,'2022-11-05 21:48:50','2022-11-05 21:48:50',5,NULL),(11442,7851,86,47,10,40719,1,14,2,7,0.00,0.00,'2022-11-05 21:48:50','2022-11-05 21:48:50',5,NULL),(11443,7851,86,47,10,40719,1,10,2,7,0.00,0.00,'2022-11-05 21:48:50','2022-11-05 21:48:50',5,NULL),(11444,7851,86,47,10,40719,1,6,2,7,0.00,0.00,'2022-11-05 21:48:50','2022-11-05 21:48:50',5,NULL),(11445,7851,86,47,10,40719,1,9,2,8,0.00,0.00,'2022-11-05 21:48:50','2022-11-05 21:48:50',5,NULL),(11446,7851,86,47,10,40719,1,5,2,8,0.00,0.00,'2022-11-05 21:48:50','2022-11-05 21:48:50',5,NULL),(11447,7851,86,47,10,40719,1,13,2,8,0.00,0.00,'2022-11-05 21:48:50','2022-11-05 21:48:50',5,NULL),(11448,7851,86,47,10,40719,1,4,2,6,0.00,0.00,'2022-11-05 21:48:50','2022-11-05 21:48:50',5,NULL),(11449,7851,86,47,10,40719,1,3,2,7,0.00,0.00,'2022-11-05 21:48:50','2022-11-05 21:48:50',5,NULL),(11450,7851,86,47,10,40719,1,2,2,8,0.00,0.00,'2022-11-05 21:48:50','2022-11-05 21:48:50',5,NULL),(11451,7851,86,47,10,40719,1,3,2,3,0.00,0.00,'2022-11-05 21:48:50','2022-11-05 21:48:50',6,NULL),(11452,7851,86,47,10,40719,1,6,2,3,0.00,0.00,'2022-11-05 21:48:50','2022-11-05 21:48:50',6,NULL),(11453,7851,86,47,10,40719,1,9,2,3,0.00,0.00,'2022-11-05 21:48:50','2022-11-05 21:48:50',6,NULL),(11454,7851,86,47,10,40719,1,12,2,3,0.00,0.00,'2022-11-05 21:48:50','2022-11-05 21:48:50',6,NULL),(11455,7851,86,47,10,40719,1,2,2,3,0.00,0.00,'2022-11-05 21:48:50','2022-11-05 21:48:50',6,NULL),(11456,7851,86,47,10,40719,1,5,2,3,0.00,0.00,'2022-11-05 21:48:50','2022-11-05 21:48:50',6,NULL),(11457,7851,86,47,10,40719,1,8,2,3,0.00,0.00,'2022-11-05 21:48:50','2022-11-05 21:48:50',6,NULL),(11458,7851,86,47,10,40719,1,11,2,3,0.00,0.00,'2022-11-05 21:48:50','2022-11-05 21:48:50',6,NULL),(11459,7851,86,47,10,40719,1,14,2,3,0.00,0.00,'2022-11-05 21:48:50','2022-11-05 21:48:50',6,NULL),(11460,7851,86,47,10,40719,1,1,2,3,0.00,0.00,'2022-11-05 21:48:50','2022-11-05 21:48:50',6,NULL),(11461,7851,86,47,10,40719,1,4,2,3,0.00,0.00,'2022-11-05 21:48:50','2022-11-05 21:48:50',6,NULL),(11462,7851,86,47,10,40719,1,7,2,3,0.00,0.00,'2022-11-05 21:48:50','2022-11-05 21:48:50',6,NULL),(11463,7851,86,47,10,40719,1,10,2,3,0.00,0.00,'2022-11-05 21:48:50','2022-11-05 21:48:50',6,NULL),(11464,7851,86,47,10,40719,1,13,2,3,0.00,0.00,'2022-11-05 21:48:50','2022-11-05 21:48:50',6,NULL),(11465,7851,86,47,10,40719,1,2,2,2,0.00,0.00,'2022-11-05 21:48:50','2022-11-05 21:48:50',6,NULL),(11466,7851,86,47,10,40719,1,5,2,2,0.00,0.00,'2022-11-05 21:48:50','2022-11-05 21:48:50',6,NULL),(11467,7851,86,47,10,40719,1,8,2,2,0.00,0.00,'2022-11-05 21:48:50','2022-11-05 21:48:50',6,NULL),(11468,7851,86,47,10,40719,1,11,2,2,0.00,0.00,'2022-11-05 21:48:50','2022-11-05 21:48:50',6,NULL),(11469,7851,86,47,10,40719,1,14,2,2,0.00,0.00,'2022-11-05 21:48:50','2022-11-05 21:48:50',6,NULL),(11470,7851,86,47,10,40719,1,1,2,2,0.00,0.00,'2022-11-05 21:48:50','2022-11-05 21:48:50',6,NULL),(11471,7851,86,47,10,40719,1,4,2,2,0.00,0.00,'2022-11-05 21:48:50','2022-11-05 21:48:50',6,NULL),(11472,7851,86,47,10,40719,1,7,2,2,0.00,0.00,'2022-11-05 21:48:50','2022-11-05 21:48:50',6,NULL),(11473,7851,86,47,10,40719,1,10,2,2,0.00,0.00,'2022-11-05 21:48:50','2022-11-05 21:48:50',6,NULL),(11474,7851,86,47,10,40719,1,13,2,2,0.00,0.00,'2022-11-05 21:48:50','2022-11-05 21:48:50',6,NULL),(11475,7851,86,47,10,40719,1,3,2,2,0.00,0.00,'2022-11-05 21:48:50','2022-11-05 21:48:50',6,NULL),(11476,7851,86,47,10,40719,1,6,2,2,0.00,0.00,'2022-11-05 21:48:50','2022-11-05 21:48:50',6,NULL),(11477,7851,86,47,10,40719,1,9,2,2,0.00,0.00,'2022-11-05 21:48:50','2022-11-05 21:48:50',6,NULL),(11478,7851,86,47,10,40719,1,12,2,2,0.00,0.00,'2022-11-05 21:48:50','2022-11-05 21:48:50',6,NULL),(11479,7851,86,47,10,40719,1,11,2,1,0.00,0.00,'2022-11-05 21:48:50','2022-11-05 21:48:50',6,NULL);
INSERT INTO `period_liquidation_iva_details` VALUES (11480,7851,86,47,10,40719,1,14,2,1,0.00,0.00,'2022-11-05 21:48:50','2022-11-05 21:48:50',6,NULL),(11481,7851,86,47,10,40719,1,1,2,1,0.00,0.00,'2022-11-05 21:48:50','2022-11-05 21:48:50',6,NULL),(11482,7851,86,47,10,40719,1,4,2,1,0.00,0.00,'2022-11-05 21:48:50','2022-11-05 21:48:50',6,NULL),(11483,7851,86,47,10,40719,1,7,2,1,0.00,0.00,'2022-11-05 21:48:50','2022-11-05 21:48:50',6,NULL),(11484,7851,86,47,10,40719,1,10,2,1,0.00,0.00,'2022-11-05 21:48:50','2022-11-05 21:48:50',6,NULL),(11485,7851,86,47,10,40719,1,13,2,1,0.00,0.00,'2022-11-05 21:48:50','2022-11-05 21:48:50',6,NULL),(11486,7851,86,47,10,40719,1,3,2,1,0.00,0.00,'2022-11-05 21:48:50','2022-11-05 21:48:50',6,NULL),(11487,7851,86,47,10,40719,1,6,2,1,0.00,0.00,'2022-11-05 21:48:50','2022-11-05 21:48:50',6,NULL),(11488,7851,86,47,10,40719,1,9,2,1,0.00,0.00,'2022-11-05 21:48:50','2022-11-05 21:48:50',6,NULL),(11489,7851,86,47,10,40719,1,12,2,1,0.00,0.00,'2022-11-05 21:48:50','2022-11-05 21:48:50',6,NULL),(11490,7851,86,47,10,40719,1,2,2,1,0.00,0.00,'2022-11-05 21:48:50','2022-11-05 21:48:50',6,NULL),(11491,7851,86,47,10,40719,1,5,2,1,0.00,0.00,'2022-11-05 21:48:50','2022-11-05 21:48:50',6,NULL),(11492,7851,86,47,10,40719,1,8,2,1,0.00,0.00,'2022-11-05 21:48:50','2022-11-05 21:48:50',6,NULL),(11493,7851,86,47,10,40719,1,5,2,5,0.00,0.00,'2022-11-05 21:48:50','2022-11-05 21:48:50',6,NULL),(11494,7851,86,47,10,40719,1,8,2,5,0.00,0.00,'2022-11-05 21:48:50','2022-11-05 21:48:50',6,NULL),(11495,7851,86,47,10,40719,1,11,2,5,0.00,0.00,'2022-11-05 21:48:50','2022-11-05 21:48:50',6,NULL),(11496,7851,86,47,10,40719,1,14,2,5,0.00,0.00,'2022-11-05 21:48:50','2022-11-05 21:48:50',6,NULL),(11497,7851,86,47,10,40719,1,1,2,5,0.00,0.00,'2022-11-05 21:48:50','2022-11-05 21:48:50',6,NULL),(11498,7851,86,47,10,40719,1,4,2,5,0.00,0.00,'2022-11-05 21:48:50','2022-11-05 21:48:50',6,NULL),(11499,7851,86,47,10,40719,1,7,2,5,0.00,0.00,'2022-11-05 21:48:50','2022-11-05 21:48:50',6,NULL),(11500,7851,86,47,10,40719,1,10,2,5,0.00,0.00,'2022-11-05 21:48:50','2022-11-05 21:48:50',6,NULL),(11501,7851,86,47,10,40719,1,13,2,5,0.00,0.00,'2022-11-05 21:48:50','2022-11-05 21:48:50',6,NULL),(11502,7851,86,47,10,40719,1,3,2,5,0.00,0.00,'2022-11-05 21:48:50','2022-11-05 21:48:50',6,NULL),(11503,7851,86,47,10,40719,1,6,2,5,0.00,0.00,'2022-11-05 21:48:50','2022-11-05 21:48:50',6,NULL),(11504,7851,86,47,10,40719,1,9,2,5,0.00,0.00,'2022-11-05 21:48:50','2022-11-05 21:48:50',6,NULL),(11505,7851,86,47,10,40719,1,12,2,5,0.00,0.00,'2022-11-05 21:48:50','2022-11-05 21:48:50',6,NULL),(11506,7851,86,47,10,40719,1,2,2,5,0.00,0.00,'2022-11-05 21:48:50','2022-11-05 21:48:50',6,NULL),(11507,7851,86,47,10,40719,1,4,2,4,0.00,0.00,'2022-11-05 21:48:50','2022-11-05 21:48:50',6,NULL),(11508,7851,86,47,10,40719,1,7,2,4,0.00,0.00,'2022-11-05 21:48:50','2022-11-05 21:48:50',6,NULL),(11509,7851,86,47,10,40719,1,10,2,4,0.00,0.00,'2022-11-05 21:48:50','2022-11-05 21:48:50',6,NULL),(11510,7851,86,47,10,40719,1,13,2,4,0.00,0.00,'2022-11-05 21:48:50','2022-11-05 21:48:50',6,NULL),(11511,7851,86,47,10,40719,1,3,2,4,0.00,0.00,'2022-11-05 21:48:50','2022-11-05 21:48:50',6,NULL),(11512,7851,86,47,10,40719,1,6,2,4,0.00,0.00,'2022-11-05 21:48:50','2022-11-05 21:48:50',6,NULL),(11513,7851,86,47,10,40719,1,9,2,4,0.00,0.00,'2022-11-05 21:48:50','2022-11-05 21:48:50',6,NULL),(11514,7851,86,47,10,40719,1,12,2,4,0.00,0.00,'2022-11-05 21:48:50','2022-11-05 21:48:50',6,NULL),(11515,7851,86,47,10,40719,1,2,2,4,0.00,0.00,'2022-11-05 21:48:50','2022-11-05 21:48:50',6,NULL),(11516,7851,86,47,10,40719,1,5,2,4,0.00,0.00,'2022-11-05 21:48:50','2022-11-05 21:48:50',6,NULL),(11517,7851,86,47,10,40719,1,8,2,4,0.00,0.00,'2022-11-05 21:48:50','2022-11-05 21:48:50',6,NULL),(11518,7851,86,47,10,40719,1,11,2,4,0.00,0.00,'2022-11-05 21:48:50','2022-11-05 21:48:50',6,NULL),(11519,7851,86,47,10,40719,1,14,2,4,0.00,0.00,'2022-11-05 21:48:50','2022-11-05 21:48:50',6,NULL),(11520,7851,86,47,10,40719,1,1,2,4,0.00,0.00,'2022-11-05 21:48:50','2022-11-05 21:48:50',6,NULL);
INSERT INTO `period_liquidation_iva_details` VALUES (11521,7851,86,47,10,40719,1,9,2,8,0.00,0.00,'2022-11-05 21:48:50','2022-11-05 21:48:50',6,NULL),(11522,7851,86,47,10,40719,1,12,2,8,0.00,0.00,'2022-11-05 21:48:50','2022-11-05 21:48:50',6,NULL),(11523,7851,86,47,10,40719,1,2,2,8,0.00,0.00,'2022-11-05 21:48:50','2022-11-05 21:48:50',6,NULL),(11524,7851,86,47,10,40719,1,5,2,8,0.00,0.00,'2022-11-05 21:48:50','2022-11-05 21:48:50',6,NULL),(11525,7851,86,47,10,40719,1,8,2,8,0.00,0.00,'2022-11-05 21:48:50','2022-11-05 21:48:50',6,NULL),(11526,7851,86,47,10,40719,1,11,2,8,0.00,0.00,'2022-11-05 21:48:50','2022-11-05 21:48:50',6,NULL),(11527,7851,86,47,10,40719,1,14,2,8,0.00,0.00,'2022-11-05 21:48:50','2022-11-05 21:48:50',6,NULL),(11528,7851,86,47,10,40719,1,1,2,8,0.00,0.00,'2022-11-05 21:48:50','2022-11-05 21:48:50',6,NULL),(11529,7851,86,47,10,40719,1,4,2,8,0.00,0.00,'2022-11-05 21:48:50','2022-11-05 21:48:50',6,NULL),(11530,7851,86,47,10,40719,1,7,2,8,0.00,0.00,'2022-11-05 21:48:50','2022-11-05 21:48:50',6,NULL),(11531,7851,86,47,10,40719,1,10,2,8,0.00,0.00,'2022-11-05 21:48:50','2022-11-05 21:48:50',6,NULL),(11532,7851,86,47,10,40719,1,13,2,8,0.00,0.00,'2022-11-05 21:48:50','2022-11-05 21:48:50',6,NULL),(11533,7851,86,47,10,40719,1,3,2,8,0.00,0.00,'2022-11-05 21:48:50','2022-11-05 21:48:50',6,NULL),(11534,7851,86,47,10,40719,1,6,2,8,0.00,0.00,'2022-11-05 21:48:50','2022-11-05 21:48:50',6,NULL),(11535,7851,86,47,10,40719,1,11,2,6,0.00,0.00,'2022-11-05 21:48:50','2022-11-05 21:48:50',7,NULL),(11536,7851,86,47,10,40719,1,7,2,7,0.00,0.00,'2022-11-05 21:48:50','2022-11-05 21:48:50',7,NULL),(11537,7851,86,47,10,40719,1,4,2,6,0.00,0.00,'2022-11-05 21:48:50','2022-11-05 21:48:50',7,NULL),(11538,7851,86,47,10,40719,1,13,2,6,0.00,0.00,'2022-11-05 21:48:50','2022-11-05 21:48:50',7,NULL),(11539,7851,86,47,10,40719,1,9,2,7,0.00,0.00,'2022-11-05 21:48:50','2022-11-05 21:48:50',7,NULL),(11540,7851,86,47,10,40719,1,6,2,6,0.00,0.00,'2022-11-05 21:48:50','2022-11-05 21:48:50',7,NULL),(11541,7851,86,47,10,40719,1,2,2,7,0.00,0.00,'2022-11-05 21:48:50','2022-11-05 21:48:50',7,NULL),(11542,7851,86,47,10,40719,1,11,2,7,0.00,0.00,'2022-11-05 21:48:50','2022-11-05 21:48:50',7,NULL),(11543,7851,86,47,10,40719,1,8,2,6,0.00,0.00,'2022-11-05 21:48:50','2022-11-05 21:48:50',7,NULL),(11544,7851,86,47,10,40719,1,4,2,7,0.00,0.00,'2022-11-05 21:48:50','2022-11-05 21:48:50',7,NULL),(11545,7851,86,47,10,40719,1,1,2,6,0.00,0.00,'2022-11-05 21:48:50','2022-11-05 21:48:50',7,NULL),(11546,7851,86,47,10,40719,1,13,2,7,0.00,0.00,'2022-11-05 21:48:50','2022-11-05 21:48:50',7,NULL),(11547,7851,86,47,10,40719,1,10,2,6,0.00,0.00,'2022-11-05 21:48:50','2022-11-05 21:48:50',7,NULL),(11548,7851,86,47,10,40719,1,6,2,7,0.00,0.00,'2022-11-05 21:48:50','2022-11-05 21:48:50',7,NULL),(11549,7851,86,47,10,40719,1,3,2,6,0.00,0.00,'2022-11-05 21:48:50','2022-11-05 21:48:50',7,NULL),(11550,7851,86,47,10,40719,1,12,2,6,0.00,0.00,'2022-11-05 21:48:50','2022-11-05 21:48:50',7,NULL),(11551,7851,86,47,10,40719,1,8,2,7,0.00,0.00,'2022-11-05 21:48:50','2022-11-05 21:48:50',7,NULL),(11552,7851,86,47,10,40719,1,5,2,6,0.00,0.00,'2022-11-05 21:48:50','2022-11-05 21:48:50',7,NULL),(11553,7851,86,47,10,40719,1,1,2,7,0.00,0.00,'2022-11-05 21:48:50','2022-11-05 21:48:50',7,NULL),(11554,7851,86,47,10,40719,1,14,2,6,0.00,0.00,'2022-11-05 21:48:50','2022-11-05 21:48:50',7,NULL),(11555,7851,86,47,10,40719,1,10,2,7,0.00,0.00,'2022-11-05 21:48:50','2022-11-05 21:48:50',7,NULL),(11556,7851,86,47,10,40719,1,7,2,6,0.00,0.00,'2022-11-05 21:48:50','2022-11-05 21:48:50',7,NULL),(11557,7851,86,47,10,40719,1,3,2,7,0.00,0.00,'2022-11-05 21:48:50','2022-11-05 21:48:50',7,NULL),(11558,7851,86,47,10,40719,1,12,2,7,0.00,0.00,'2022-11-05 21:48:50','2022-11-05 21:48:50',7,NULL),(11559,7851,86,47,10,40719,1,9,2,6,0.00,0.00,'2022-11-05 21:48:50','2022-11-05 21:48:50',7,NULL),(11560,7851,86,47,10,40719,1,5,2,7,0.00,0.00,'2022-11-05 21:48:50','2022-11-05 21:48:50',7,NULL),(11561,7851,86,47,10,40719,1,2,2,6,0.00,0.00,'2022-11-05 21:48:50','2022-11-05 21:48:50',7,NULL);
INSERT INTO `period_liquidation_iva_details` VALUES (11562,7851,86,47,10,40719,1,14,2,7,0.00,0.00,'2022-11-05 21:48:50','2022-11-05 21:48:50',7,NULL),(60025,7851,463,245,12,40719,652,1,1,3,0.00,0.00,'2023-01-05 21:28:14','2023-01-05 21:28:14',1,NULL),(60026,7851,463,245,12,40719,652,1,1,2,0.00,0.00,'2023-01-05 21:28:14','2023-01-05 21:28:14',1,NULL),(60027,7851,463,245,12,40719,652,1,1,1,0.00,0.00,'2023-01-05 21:28:14','2023-01-05 21:28:14',1,NULL),(60028,7851,463,245,12,40719,652,1,1,5,0.00,0.00,'2023-01-05 21:28:14','2023-01-05 21:28:14',1,NULL),(60029,7851,463,245,12,40719,652,1,1,4,0.00,0.00,'2023-01-05 21:28:14','2023-01-05 21:28:14',1,NULL),(60030,7851,463,245,12,40719,652,1,1,8,0.00,0.00,'2023-01-05 21:28:14','2023-01-05 21:28:14',1,NULL),(60031,7851,463,245,12,40719,652,1,1,3,0.00,0.00,'2023-01-05 21:28:14','2023-01-05 21:28:14',2,NULL),(60032,7851,463,245,12,40719,652,1,1,2,0.00,0.00,'2023-01-05 21:28:14','2023-01-05 21:28:14',2,NULL),(60033,7851,463,245,12,40719,652,1,1,1,1628400.00,170982.00,'2023-01-05 21:28:14','2023-01-05 21:28:14',2,NULL),(60034,7851,463,245,12,40719,652,1,1,5,0.00,0.00,'2023-01-05 21:28:14','2023-01-05 21:28:14',2,NULL),(60035,7851,463,245,12,40719,652,1,1,4,0.00,0.00,'2023-01-05 21:28:14','2023-01-05 21:28:14',2,NULL),(60036,7851,463,245,12,40719,652,1,1,8,0.00,0.00,'2023-01-05 21:28:14','2023-01-05 21:28:14',2,NULL),(60037,7851,463,245,12,40719,652,1,1,7,0.00,0.00,'2023-01-05 21:28:14','2023-01-05 21:28:14',3,NULL),(60038,7851,463,245,12,40719,652,1,1,6,0.00,0.00,'2023-01-05 21:28:14','2023-01-05 21:28:14',3,NULL),(60039,7851,463,245,12,40719,652,1,1,3,0.00,0.00,'2023-01-05 21:28:14','2023-01-05 21:28:14',4,NULL),(60040,7851,463,245,12,40719,652,1,1,2,0.00,0.00,'2023-01-05 21:28:14','2023-01-05 21:28:14',4,NULL),(60041,7851,463,245,12,40719,652,1,1,1,0.00,0.00,'2023-01-05 21:28:14','2023-01-05 21:28:14',4,NULL),(60042,7851,463,245,12,40719,652,1,1,5,0.00,0.00,'2023-01-05 21:28:14','2023-01-05 21:28:14',4,NULL),(60043,7851,463,245,12,40719,652,1,1,4,0.00,0.00,'2023-01-05 21:28:14','2023-01-05 21:28:14',4,NULL),(60044,7851,463,245,12,40719,652,1,1,7,0.00,0.00,'2023-01-05 21:28:14','2023-01-05 21:28:14',4,NULL),(60045,7851,463,245,12,40719,652,1,1,8,0.00,0.00,'2023-01-05 21:28:14','2023-01-05 21:28:14',4,NULL),(60046,7851,463,245,12,40719,652,1,1,6,0.00,0.00,'2023-01-05 21:28:14','2023-01-05 21:28:14',4,NULL),(60047,7851,463,245,12,40719,1,1,2,3,0.00,0.00,'2023-01-05 21:28:14','2023-01-05 21:28:14',5,NULL),(60048,7851,463,245,12,40719,1,10,2,3,0.00,0.00,'2023-01-05 21:28:14','2023-01-05 21:28:14',5,NULL),(60049,7851,463,245,12,40719,1,6,2,3,0.00,0.00,'2023-01-05 21:28:14','2023-01-05 21:28:14',5,NULL),(60050,7851,463,245,12,40719,1,14,2,3,0.00,0.00,'2023-01-05 21:28:14','2023-01-05 21:28:14',5,NULL),(60051,7851,463,245,12,40719,1,2,2,3,0.00,0.00,'2023-01-05 21:28:14','2023-01-05 21:28:14',5,NULL),(60052,7851,463,245,12,40719,1,11,2,3,0.00,0.00,'2023-01-05 21:28:14','2023-01-05 21:28:14',5,NULL),(60053,7851,463,245,12,40719,1,7,2,3,0.00,0.00,'2023-01-05 21:28:14','2023-01-05 21:28:14',5,NULL),(60054,7851,463,245,12,40719,1,3,2,3,0.00,0.00,'2023-01-05 21:28:14','2023-01-05 21:28:14',5,NULL),(60055,7851,463,245,12,40719,1,8,2,3,0.00,0.00,'2023-01-05 21:28:14','2023-01-05 21:28:14',5,NULL),(60056,7851,463,245,12,40719,1,12,2,3,0.00,0.00,'2023-01-05 21:28:14','2023-01-05 21:28:14',5,NULL),(60057,7851,463,245,12,40719,1,4,2,3,0.00,0.00,'2023-01-05 21:28:14','2023-01-05 21:28:14',5,NULL),(60058,7851,463,245,12,40719,1,9,2,3,0.00,0.00,'2023-01-05 21:28:14','2023-01-05 21:28:14',5,NULL),(60059,7851,463,245,12,40719,1,5,2,3,0.00,0.00,'2023-01-05 21:28:14','2023-01-05 21:28:14',5,NULL),(60060,7851,463,245,12,40719,1,13,2,3,0.00,0.00,'2023-01-05 21:28:14','2023-01-05 21:28:14',5,NULL),(60061,7851,463,245,12,40719,1,2,2,2,0.00,0.00,'2023-01-05 21:28:14','2023-01-05 21:28:14',5,NULL),(60062,7851,463,245,12,40719,1,11,2,2,0.00,0.00,'2023-01-05 21:28:14','2023-01-05 21:28:14',5,NULL);
INSERT INTO `period_liquidation_iva_details` VALUES (60063,7851,463,245,12,40719,1,7,2,2,0.00,0.00,'2023-01-05 21:28:14','2023-01-05 21:28:14',5,NULL),(60064,7851,463,245,12,40719,1,3,2,2,0.00,0.00,'2023-01-05 21:28:14','2023-01-05 21:28:14',5,NULL),(60065,7851,463,245,12,40719,1,8,2,2,0.00,0.00,'2023-01-05 21:28:14','2023-01-05 21:28:14',5,NULL),(60066,7851,463,245,12,40719,1,12,2,2,0.00,0.00,'2023-01-05 21:28:14','2023-01-05 21:28:14',5,NULL),(60067,7851,463,245,12,40719,1,4,2,2,0.00,0.00,'2023-01-05 21:28:14','2023-01-05 21:28:14',5,NULL),(60068,7851,463,245,12,40719,1,9,2,2,0.00,0.00,'2023-01-05 21:28:14','2023-01-05 21:28:14',5,NULL),(60069,7851,463,245,12,40719,1,5,2,2,0.00,0.00,'2023-01-05 21:28:14','2023-01-05 21:28:14',5,NULL),(60070,7851,463,245,12,40719,1,13,2,2,0.00,0.00,'2023-01-05 21:28:14','2023-01-05 21:28:14',5,NULL),(60071,7851,463,245,12,40719,1,1,2,2,0.00,0.00,'2023-01-05 21:28:14','2023-01-05 21:28:14',5,NULL),(60072,7851,463,245,12,40719,1,10,2,2,0.00,0.00,'2023-01-05 21:28:14','2023-01-05 21:28:14',5,NULL),(60073,7851,463,245,12,40719,1,6,2,2,0.00,0.00,'2023-01-05 21:28:14','2023-01-05 21:28:14',5,NULL),(60074,7851,463,245,12,40719,1,14,2,2,0.00,0.00,'2023-01-05 21:28:14','2023-01-05 21:28:14',5,NULL),(60075,7851,463,245,12,40719,1,3,2,1,0.00,0.00,'2023-01-05 21:28:14','2023-01-05 21:28:14',5,NULL),(60076,7851,463,245,12,40719,1,8,2,1,0.00,0.00,'2023-01-05 21:28:14','2023-01-05 21:28:14',5,NULL),(60077,7851,463,245,12,40719,1,12,2,1,0.00,0.00,'2023-01-05 21:28:14','2023-01-05 21:28:14',5,NULL),(60078,7851,463,245,12,40719,1,4,2,1,0.00,0.00,'2023-01-05 21:28:14','2023-01-05 21:28:14',5,NULL),(60079,7851,463,245,12,40719,1,9,2,1,0.00,0.00,'2023-01-05 21:28:14','2023-01-05 21:28:14',5,NULL),(60080,7851,463,245,12,40719,1,5,2,1,0.00,0.00,'2023-01-05 21:28:14','2023-01-05 21:28:14',5,NULL),(60081,7851,463,245,12,40719,1,13,2,1,0.00,0.00,'2023-01-05 21:28:14','2023-01-05 21:28:14',5,NULL),(60082,7851,463,245,12,40719,1,1,2,1,0.00,0.00,'2023-01-05 21:28:14','2023-01-05 21:28:14',5,NULL),(60083,7851,463,245,12,40719,1,10,2,1,0.00,0.00,'2023-01-05 21:28:14','2023-01-05 21:28:14',5,NULL),(60084,7851,463,245,12,40719,1,6,2,1,0.00,0.00,'2023-01-05 21:28:14','2023-01-05 21:28:14',5,NULL),(60085,7851,463,245,12,40719,1,14,2,1,0.00,0.00,'2023-01-05 21:28:14','2023-01-05 21:28:14',5,NULL),(60086,7851,463,245,12,40719,1,2,2,1,0.00,0.00,'2023-01-05 21:28:14','2023-01-05 21:28:14',5,NULL),(60087,7851,463,245,12,40719,1,11,2,1,0.00,0.00,'2023-01-05 21:28:14','2023-01-05 21:28:14',5,NULL),(60088,7851,463,245,12,40719,1,7,2,1,0.00,0.00,'2023-01-05 21:28:14','2023-01-05 21:28:14',5,NULL),(60089,7851,463,245,12,40719,1,3,2,5,0.00,0.00,'2023-01-05 21:28:14','2023-01-05 21:28:14',5,NULL),(60090,7851,463,245,12,40719,1,8,2,5,0.00,0.00,'2023-01-05 21:28:14','2023-01-05 21:28:14',5,NULL),(60091,7851,463,245,12,40719,1,12,2,5,0.00,0.00,'2023-01-05 21:28:14','2023-01-05 21:28:14',5,NULL),(60092,7851,463,245,12,40719,1,4,2,5,0.00,0.00,'2023-01-05 21:28:14','2023-01-05 21:28:14',5,NULL),(60093,7851,463,245,12,40719,1,9,2,5,0.00,0.00,'2023-01-05 21:28:14','2023-01-05 21:28:14',5,NULL),(60094,7851,463,245,12,40719,1,5,2,5,0.00,0.00,'2023-01-05 21:28:14','2023-01-05 21:28:14',5,NULL),(60095,7851,463,245,12,40719,1,13,2,5,0.00,0.00,'2023-01-05 21:28:14','2023-01-05 21:28:14',5,NULL),(60096,7851,463,245,12,40719,1,1,2,5,0.00,0.00,'2023-01-05 21:28:14','2023-01-05 21:28:14',5,NULL),(60097,7851,463,245,12,40719,1,10,2,5,0.00,0.00,'2023-01-05 21:28:14','2023-01-05 21:28:14',5,NULL),(60098,7851,463,245,12,40719,1,6,2,5,0.00,0.00,'2023-01-05 21:28:14','2023-01-05 21:28:14',5,NULL),(60099,7851,463,245,12,40719,1,14,2,5,0.00,0.00,'2023-01-05 21:28:14','2023-01-05 21:28:14',5,NULL),(60100,7851,463,245,12,40719,1,2,2,5,0.00,0.00,'2023-01-05 21:28:14','2023-01-05 21:28:14',5,NULL),(60101,7851,463,245,12,40719,1,11,2,5,0.00,0.00,'2023-01-05 21:28:14','2023-01-05 21:28:14',5,NULL),(60102,7851,463,245,12,40719,1,7,2,5,0.00,0.00,'2023-01-05 21:28:14','2023-01-05 21:28:14',5,NULL);
INSERT INTO `period_liquidation_iva_details` VALUES (60103,7851,463,245,12,40719,1,4,2,4,0.00,0.00,'2023-01-05 21:28:14','2023-01-05 21:28:14',5,NULL),(60104,7851,463,245,12,40719,1,9,2,4,0.00,0.00,'2023-01-05 21:28:14','2023-01-05 21:28:14',5,NULL),(60105,7851,463,245,12,40719,1,5,2,4,0.00,0.00,'2023-01-05 21:28:14','2023-01-05 21:28:14',5,NULL),(60106,7851,463,245,12,40719,1,13,2,4,0.00,0.00,'2023-01-05 21:28:14','2023-01-05 21:28:14',5,NULL),(60107,7851,463,245,12,40719,1,1,2,4,0.00,0.00,'2023-01-05 21:28:14','2023-01-05 21:28:14',5,NULL),(60108,7851,463,245,12,40719,1,10,2,4,0.00,0.00,'2023-01-05 21:28:14','2023-01-05 21:28:14',5,NULL),(60109,7851,463,245,12,40719,1,6,2,4,0.00,0.00,'2023-01-05 21:28:14','2023-01-05 21:28:14',5,NULL),(60110,7851,463,245,12,40719,1,14,2,4,0.00,0.00,'2023-01-05 21:28:14','2023-01-05 21:28:14',5,NULL),(60111,7851,463,245,12,40719,1,2,2,4,0.00,0.00,'2023-01-05 21:28:14','2023-01-05 21:28:14',5,NULL),(60112,7851,463,245,12,40719,1,11,2,4,0.00,0.00,'2023-01-05 21:28:14','2023-01-05 21:28:14',5,NULL),(60113,7851,463,245,12,40719,1,7,2,4,0.00,0.00,'2023-01-05 21:28:14','2023-01-05 21:28:14',5,NULL),(60114,7851,463,245,12,40719,1,3,2,4,0.00,0.00,'2023-01-05 21:28:14','2023-01-05 21:28:14',5,NULL),(60115,7851,463,245,12,40719,1,8,2,4,0.00,0.00,'2023-01-05 21:28:14','2023-01-05 21:28:14',5,NULL),(60116,7851,463,245,12,40719,1,12,2,4,0.00,0.00,'2023-01-05 21:28:14','2023-01-05 21:28:14',5,NULL),(60117,7851,463,245,12,40719,1,9,2,7,0.00,0.00,'2023-01-05 21:28:14','2023-01-05 21:28:14',5,NULL),(60118,7851,463,245,12,40719,1,5,2,7,0.00,0.00,'2023-01-05 21:28:14','2023-01-05 21:28:14',5,NULL),(60119,7851,463,245,12,40719,1,13,2,7,0.00,0.00,'2023-01-05 21:28:14','2023-01-05 21:28:14',5,NULL),(60120,7851,463,245,12,40719,1,8,2,8,0.00,0.00,'2023-01-05 21:28:15','2023-01-05 21:28:15',5,NULL),(60121,7851,463,245,12,40719,1,12,2,8,0.00,0.00,'2023-01-05 21:28:15','2023-01-05 21:28:15',5,NULL),(60122,7851,463,245,12,40719,1,2,2,6,0.00,0.00,'2023-01-05 21:28:15','2023-01-05 21:28:15',5,NULL),(60123,7851,463,245,12,40719,1,1,2,7,0.00,0.00,'2023-01-05 21:28:15','2023-01-05 21:28:15',5,NULL),(60124,7851,463,245,12,40719,1,11,2,6,0.00,0.00,'2023-01-05 21:28:15','2023-01-05 21:28:15',5,NULL),(60125,7851,463,245,12,40719,1,4,2,8,0.00,0.00,'2023-01-05 21:28:15','2023-01-05 21:28:15',5,NULL),(60126,7851,463,245,12,40719,1,7,2,6,0.00,0.00,'2023-01-05 21:28:15','2023-01-05 21:28:15',5,NULL),(60127,7851,463,245,12,40719,1,10,2,7,0.00,0.00,'2023-01-05 21:28:15','2023-01-05 21:28:15',5,NULL),(60128,7851,463,245,12,40719,1,6,2,7,0.00,0.00,'2023-01-05 21:28:15','2023-01-05 21:28:15',5,NULL),(60129,7851,463,245,12,40719,1,14,2,7,0.00,0.00,'2023-01-05 21:28:15','2023-01-05 21:28:15',5,NULL),(60130,7851,463,245,12,40719,1,9,2,8,0.00,0.00,'2023-01-05 21:28:15','2023-01-05 21:28:15',5,NULL),(60131,7851,463,245,12,40719,1,5,2,8,0.00,0.00,'2023-01-05 21:28:15','2023-01-05 21:28:15',5,NULL),(60132,7851,463,245,12,40719,1,13,2,8,0.00,0.00,'2023-01-05 21:28:15','2023-01-05 21:28:15',5,NULL),(60133,7851,463,245,12,40719,1,3,2,6,0.00,0.00,'2023-01-05 21:28:15','2023-01-05 21:28:15',5,NULL),(60134,7851,463,245,12,40719,1,2,2,7,0.00,0.00,'2023-01-05 21:28:15','2023-01-05 21:28:15',5,NULL),(60135,7851,463,245,12,40719,1,8,2,6,0.00,0.00,'2023-01-05 21:28:15','2023-01-05 21:28:15',5,NULL),(60136,7851,463,245,12,40719,1,1,2,8,0.00,0.00,'2023-01-05 21:28:15','2023-01-05 21:28:15',5,NULL),(60137,7851,463,245,12,40719,1,12,2,6,0.00,0.00,'2023-01-05 21:28:15','2023-01-05 21:28:15',5,NULL),(60138,7851,463,245,12,40719,1,11,2,7,0.00,0.00,'2023-01-05 21:28:15','2023-01-05 21:28:15',5,NULL),(60139,7851,463,245,12,40719,1,7,2,7,0.00,0.00,'2023-01-05 21:28:15','2023-01-05 21:28:15',5,NULL),(60140,7851,463,245,12,40719,1,10,2,8,0.00,0.00,'2023-01-05 21:28:15','2023-01-05 21:28:15',5,NULL),(60141,7851,463,245,12,40719,1,6,2,8,0.00,0.00,'2023-01-05 21:28:15','2023-01-05 21:28:15',5,NULL),(60142,7851,463,245,12,40719,1,14,2,8,0.00,0.00,'2023-01-05 21:28:15','2023-01-05 21:28:15',5,NULL);
INSERT INTO `period_liquidation_iva_details` VALUES (60143,7851,463,245,12,40719,1,4,2,6,0.00,0.00,'2023-01-05 21:28:15','2023-01-05 21:28:15',5,NULL),(60144,7851,463,245,12,40719,1,3,2,7,0.00,0.00,'2023-01-05 21:28:15','2023-01-05 21:28:15',5,NULL),(60145,7851,463,245,12,40719,1,9,2,6,0.00,0.00,'2023-01-05 21:28:15','2023-01-05 21:28:15',5,NULL),(60146,7851,463,245,12,40719,1,2,2,8,0.00,0.00,'2023-01-05 21:28:15','2023-01-05 21:28:15',5,NULL),(60147,7851,463,245,12,40719,1,5,2,6,0.00,0.00,'2023-01-05 21:28:15','2023-01-05 21:28:15',5,NULL),(60148,7851,463,245,12,40719,1,13,2,6,0.00,0.00,'2023-01-05 21:28:15','2023-01-05 21:28:15',5,NULL),(60149,7851,463,245,12,40719,1,8,2,7,0.00,0.00,'2023-01-05 21:28:15','2023-01-05 21:28:15',5,NULL),(60150,7851,463,245,12,40719,1,12,2,7,0.00,0.00,'2023-01-05 21:28:15','2023-01-05 21:28:15',5,NULL),(60151,7851,463,245,12,40719,1,11,2,8,0.00,0.00,'2023-01-05 21:28:15','2023-01-05 21:28:15',5,NULL),(60152,7851,463,245,12,40719,1,7,2,8,0.00,0.00,'2023-01-05 21:28:15','2023-01-05 21:28:15',5,NULL),(60153,7851,463,245,12,40719,1,1,2,6,0.00,0.00,'2023-01-05 21:28:15','2023-01-05 21:28:15',5,NULL),(60154,7851,463,245,12,40719,1,4,2,7,0.00,0.00,'2023-01-05 21:28:15','2023-01-05 21:28:15',5,NULL),(60155,7851,463,245,12,40719,1,10,2,6,0.00,0.00,'2023-01-05 21:28:15','2023-01-05 21:28:15',5,NULL),(60156,7851,463,245,12,40719,1,3,2,8,0.00,0.00,'2023-01-05 21:28:15','2023-01-05 21:28:15',5,NULL),(60157,7851,463,245,12,40719,1,6,2,6,0.00,0.00,'2023-01-05 21:28:15','2023-01-05 21:28:15',5,NULL),(60158,7851,463,245,12,40719,1,14,2,6,0.00,0.00,'2023-01-05 21:28:15','2023-01-05 21:28:15',5,NULL),(60159,7851,463,245,12,40719,1,12,2,3,0.00,0.00,'2023-01-05 21:28:15','2023-01-05 21:28:15',6,NULL),(60160,7851,463,245,12,40719,1,2,2,3,0.00,0.00,'2023-01-05 21:28:15','2023-01-05 21:28:15',6,NULL),(60161,7851,463,245,12,40719,1,5,2,3,0.00,0.00,'2023-01-05 21:28:15','2023-01-05 21:28:15',6,NULL),(60162,7851,463,245,12,40719,1,8,2,3,0.00,0.00,'2023-01-05 21:28:15','2023-01-05 21:28:15',6,NULL),(60163,7851,463,245,12,40719,1,11,2,3,0.00,0.00,'2023-01-05 21:28:15','2023-01-05 21:28:15',6,NULL),(60164,7851,463,245,12,40719,1,14,2,3,0.00,0.00,'2023-01-05 21:28:15','2023-01-05 21:28:15',6,NULL),(60165,7851,463,245,12,40719,1,1,2,3,8420.34,2273.49,'2023-01-05 21:28:15','2023-01-05 21:28:15',6,NULL),(60166,7851,463,245,12,40719,1,4,2,3,0.00,0.00,'2023-01-05 21:28:15','2023-01-05 21:28:15',6,NULL),(60167,7851,463,245,12,40719,1,7,2,3,0.00,0.00,'2023-01-05 21:28:15','2023-01-05 21:28:15',6,NULL),(60168,7851,463,245,12,40719,1,10,2,3,0.00,0.00,'2023-01-05 21:28:15','2023-01-05 21:28:15',6,NULL),(60169,7851,463,245,12,40719,1,13,2,3,0.00,0.00,'2023-01-05 21:28:15','2023-01-05 21:28:15',6,NULL),(60170,7851,463,245,12,40719,1,3,2,3,0.00,0.00,'2023-01-05 21:28:15','2023-01-05 21:28:15',6,NULL),(60171,7851,463,245,12,40719,1,6,2,3,0.00,0.00,'2023-01-05 21:28:15','2023-01-05 21:28:15',6,NULL),(60172,7851,463,245,12,40719,1,9,2,3,0.00,0.00,'2023-01-05 21:28:15','2023-01-05 21:28:15',6,NULL),(60173,7851,463,245,12,40719,1,11,2,2,0.00,0.00,'2023-01-05 21:28:15','2023-01-05 21:28:15',6,NULL),(60174,7851,463,245,12,40719,1,14,2,2,0.00,0.00,'2023-01-05 21:28:15','2023-01-05 21:28:15',6,NULL),(60175,7851,463,245,12,40719,1,1,2,2,518072.41,108795.21,'2023-01-05 21:28:15','2023-01-05 21:28:15',6,NULL),(60176,7851,463,245,12,40719,1,4,2,2,0.00,0.00,'2023-01-05 21:28:15','2023-01-05 21:28:15',6,NULL),(60177,7851,463,245,12,40719,1,7,2,2,0.00,1818.00,'2023-01-05 21:28:15','2023-01-05 21:28:15',6,NULL),(60178,7851,463,245,12,40719,1,10,2,2,0.00,0.00,'2023-01-05 21:28:15','2023-01-05 21:28:15',6,NULL),(60179,7851,463,245,12,40719,1,13,2,2,0.00,0.00,'2023-01-05 21:28:15','2023-01-05 21:28:15',6,NULL),(60180,7851,463,245,12,40719,1,3,2,2,0.00,0.00,'2023-01-05 21:28:15','2023-01-05 21:28:15',6,NULL),(60181,7851,463,245,12,40719,1,6,2,2,0.00,0.00,'2023-01-05 21:28:15','2023-01-05 21:28:15',6,NULL),(60182,7851,463,245,12,40719,1,9,2,2,0.00,0.00,'2023-01-05 21:28:15','2023-01-05 21:28:15',6,NULL);
INSERT INTO `period_liquidation_iva_details` VALUES (60183,7851,463,245,12,40719,1,12,2,2,0.00,0.00,'2023-01-05 21:28:15','2023-01-05 21:28:15',6,NULL),(60184,7851,463,245,12,40719,1,2,2,2,0.00,0.00,'2023-01-05 21:28:15','2023-01-05 21:28:15',6,NULL),(60185,7851,463,245,12,40719,1,5,2,2,0.00,0.00,'2023-01-05 21:28:15','2023-01-05 21:28:15',6,NULL),(60186,7851,463,245,12,40719,1,8,2,2,0.00,0.00,'2023-01-05 21:28:15','2023-01-05 21:28:15',6,NULL),(60187,7851,463,245,12,40719,1,7,2,1,0.00,0.00,'2023-01-05 21:28:15','2023-01-05 21:28:15',6,NULL),(60188,7851,463,245,12,40719,1,10,2,1,0.00,0.00,'2023-01-05 21:28:15','2023-01-05 21:28:15',6,NULL),(60189,7851,463,245,12,40719,1,13,2,1,0.00,0.00,'2023-01-05 21:28:15','2023-01-05 21:28:15',6,NULL),(60190,7851,463,245,12,40719,1,3,2,1,0.00,0.00,'2023-01-05 21:28:15','2023-01-05 21:28:15',6,NULL),(60191,7851,463,245,12,40719,1,6,2,1,0.00,0.00,'2023-01-05 21:28:15','2023-01-05 21:28:15',6,NULL),(60192,7851,463,245,12,40719,1,9,2,1,0.00,0.00,'2023-01-05 21:28:15','2023-01-05 21:28:15',6,NULL),(60193,7851,463,245,12,40719,1,12,2,1,0.00,0.00,'2023-01-05 21:28:15','2023-01-05 21:28:15',6,NULL),(60194,7851,463,245,12,40719,1,2,2,1,0.00,0.00,'2023-01-05 21:28:15','2023-01-05 21:28:15',6,NULL),(60195,7851,463,245,12,40719,1,5,2,1,0.00,0.00,'2023-01-05 21:28:15','2023-01-05 21:28:15',6,NULL),(60196,7851,463,245,12,40719,1,8,2,1,0.00,0.00,'2023-01-05 21:28:15','2023-01-05 21:28:15',6,NULL),(60197,7851,463,245,12,40719,1,11,2,1,0.00,0.00,'2023-01-05 21:28:15','2023-01-05 21:28:15',6,NULL),(60198,7851,463,245,12,40719,1,14,2,1,0.00,0.00,'2023-01-05 21:28:15','2023-01-05 21:28:15',6,NULL),(60199,7851,463,245,12,40719,1,1,2,1,0.00,0.00,'2023-01-05 21:28:15','2023-01-05 21:28:15',6,NULL),(60200,7851,463,245,12,40719,1,4,2,1,0.00,0.00,'2023-01-05 21:28:15','2023-01-05 21:28:15',6,NULL),(60201,7851,463,245,12,40719,1,1,2,5,0.00,0.00,'2023-01-05 21:28:15','2023-01-05 21:28:15',6,NULL),(60202,7851,463,245,12,40719,1,4,2,5,0.00,0.00,'2023-01-05 21:28:15','2023-01-05 21:28:15',6,NULL),(60203,7851,463,245,12,40719,1,7,2,5,0.00,0.00,'2023-01-05 21:28:15','2023-01-05 21:28:15',6,NULL),(60204,7851,463,245,12,40719,1,10,2,5,0.00,0.00,'2023-01-05 21:28:15','2023-01-05 21:28:15',6,NULL),(60205,7851,463,245,12,40719,1,13,2,5,0.00,0.00,'2023-01-05 21:28:15','2023-01-05 21:28:15',6,NULL),(60206,7851,463,245,12,40719,1,3,2,5,0.00,0.00,'2023-01-05 21:28:15','2023-01-05 21:28:15',6,NULL),(60207,7851,463,245,12,40719,1,6,2,5,0.00,0.00,'2023-01-05 21:28:15','2023-01-05 21:28:15',6,NULL),(60208,7851,463,245,12,40719,1,9,2,5,0.00,0.00,'2023-01-05 21:28:15','2023-01-05 21:28:15',6,NULL),(60209,7851,463,245,12,40719,1,12,2,5,0.00,0.00,'2023-01-05 21:28:15','2023-01-05 21:28:15',6,NULL),(60210,7851,463,245,12,40719,1,2,2,5,0.00,0.00,'2023-01-05 21:28:15','2023-01-05 21:28:15',6,NULL),(60211,7851,463,245,12,40719,1,5,2,5,0.00,0.00,'2023-01-05 21:28:15','2023-01-05 21:28:15',6,NULL),(60212,7851,463,245,12,40719,1,8,2,5,0.00,0.00,'2023-01-05 21:28:15','2023-01-05 21:28:15',6,NULL),(60213,7851,463,245,12,40719,1,11,2,5,0.00,0.00,'2023-01-05 21:28:15','2023-01-05 21:28:15',6,NULL),(60214,7851,463,245,12,40719,1,14,2,5,0.00,0.00,'2023-01-05 21:28:15','2023-01-05 21:28:15',6,NULL),(60215,7851,463,245,12,40719,1,3,2,4,0.00,0.00,'2023-01-05 21:28:15','2023-01-05 21:28:15',6,NULL),(60216,7851,463,245,12,40719,1,6,2,4,0.00,0.00,'2023-01-05 21:28:15','2023-01-05 21:28:15',6,NULL),(60217,7851,463,245,12,40719,1,9,2,4,0.00,0.00,'2023-01-05 21:28:15','2023-01-05 21:28:15',6,NULL),(60218,7851,463,245,12,40719,1,12,2,4,0.00,0.00,'2023-01-05 21:28:15','2023-01-05 21:28:15',6,NULL),(60219,7851,463,245,12,40719,1,2,2,4,0.00,0.00,'2023-01-05 21:28:15','2023-01-05 21:28:15',6,NULL),(60220,7851,463,245,12,40719,1,5,2,4,0.00,0.00,'2023-01-05 21:28:15','2023-01-05 21:28:15',6,NULL),(60221,7851,463,245,12,40719,1,8,2,4,0.00,0.00,'2023-01-05 21:28:15','2023-01-05 21:28:15',6,NULL),(60222,7851,463,245,12,40719,1,11,2,4,0.00,0.00,'2023-01-05 21:28:15','2023-01-05 21:28:15',6,NULL);
INSERT INTO `period_liquidation_iva_details` VALUES (60223,7851,463,245,12,40719,1,14,2,4,0.00,0.00,'2023-01-05 21:28:15','2023-01-05 21:28:15',6,NULL),(60224,7851,463,245,12,40719,1,1,2,4,0.00,0.00,'2023-01-05 21:28:15','2023-01-05 21:28:15',6,NULL),(60225,7851,463,245,12,40719,1,4,2,4,0.00,0.00,'2023-01-05 21:28:15','2023-01-05 21:28:15',6,NULL),(60226,7851,463,245,12,40719,1,7,2,4,0.00,0.00,'2023-01-05 21:28:15','2023-01-05 21:28:15',6,NULL),(60227,7851,463,245,12,40719,1,10,2,4,0.00,0.00,'2023-01-05 21:28:15','2023-01-05 21:28:15',6,NULL),(60228,7851,463,245,12,40719,1,13,2,4,0.00,0.00,'2023-01-05 21:28:15','2023-01-05 21:28:15',6,NULL),(60229,7851,463,245,12,40719,1,5,2,8,0.00,0.00,'2023-01-05 21:28:15','2023-01-05 21:28:15',6,NULL),(60230,7851,463,245,12,40719,1,8,2,8,0.00,0.00,'2023-01-05 21:28:15','2023-01-05 21:28:15',6,NULL),(60231,7851,463,245,12,40719,1,11,2,8,0.00,0.00,'2023-01-05 21:28:15','2023-01-05 21:28:15',6,NULL),(60232,7851,463,245,12,40719,1,14,2,8,0.00,0.00,'2023-01-05 21:28:15','2023-01-05 21:28:15',6,NULL),(60233,7851,463,245,12,40719,1,1,2,8,0.00,0.00,'2023-01-05 21:28:15','2023-01-05 21:28:15',6,NULL),(60234,7851,463,245,12,40719,1,4,2,8,0.00,0.00,'2023-01-05 21:28:15','2023-01-05 21:28:15',6,NULL),(60235,7851,463,245,12,40719,1,7,2,8,0.00,0.00,'2023-01-05 21:28:15','2023-01-05 21:28:15',6,NULL),(60236,7851,463,245,12,40719,1,10,2,8,0.00,0.00,'2023-01-05 21:28:15','2023-01-05 21:28:15',6,NULL),(60237,7851,463,245,12,40719,1,13,2,8,0.00,0.00,'2023-01-05 21:28:15','2023-01-05 21:28:15',6,NULL),(60238,7851,463,245,12,40719,1,3,2,8,0.00,0.00,'2023-01-05 21:28:15','2023-01-05 21:28:15',6,NULL),(60239,7851,463,245,12,40719,1,6,2,8,0.00,0.00,'2023-01-05 21:28:15','2023-01-05 21:28:15',6,NULL),(60240,7851,463,245,12,40719,1,9,2,8,0.00,0.00,'2023-01-05 21:28:15','2023-01-05 21:28:15',6,NULL),(60241,7851,463,245,12,40719,1,12,2,8,0.00,0.00,'2023-01-05 21:28:15','2023-01-05 21:28:15',6,NULL),(60242,7851,463,245,12,40719,1,2,2,8,0.00,0.00,'2023-01-05 21:28:15','2023-01-05 21:28:15',6,NULL),(60243,7851,463,245,12,40719,1,12,2,6,0.00,0.00,'2023-01-05 21:28:15','2023-01-05 21:28:15',7,NULL),(60244,7851,463,245,12,40719,1,8,2,7,0.00,0.00,'2023-01-05 21:28:15','2023-01-05 21:28:15',7,NULL),(60245,7851,463,245,12,40719,1,5,2,6,0.00,0.00,'2023-01-05 21:28:15','2023-01-05 21:28:15',7,NULL),(60246,7851,463,245,12,40719,1,1,2,7,3850.76,0.00,'2023-01-05 21:28:15','2023-01-05 21:28:15',7,NULL),(60247,7851,463,245,12,40719,1,14,2,6,0.00,0.00,'2023-01-05 21:28:15','2023-01-05 21:28:15',7,NULL),(60248,7851,463,245,12,40719,1,10,2,7,0.00,0.00,'2023-01-05 21:28:15','2023-01-05 21:28:15',7,NULL),(60249,7851,463,245,12,40719,1,7,2,6,0.00,0.00,'2023-01-05 21:28:15','2023-01-05 21:28:15',7,NULL),(60250,7851,463,245,12,40719,1,3,2,7,0.00,0.00,'2023-01-05 21:28:15','2023-01-05 21:28:15',7,NULL),(60251,7851,463,245,12,40719,1,12,2,7,0.00,0.00,'2023-01-05 21:28:15','2023-01-05 21:28:15',7,NULL),(60252,7851,463,245,12,40719,1,9,2,6,0.00,0.00,'2023-01-05 21:28:15','2023-01-05 21:28:15',7,NULL),(60253,7851,463,245,12,40719,1,5,2,7,0.00,0.00,'2023-01-05 21:28:15','2023-01-05 21:28:15',7,NULL),(60254,7851,463,245,12,40719,1,2,2,6,0.00,0.00,'2023-01-05 21:28:15','2023-01-05 21:28:15',7,NULL),(60255,7851,463,245,12,40719,1,14,2,7,0.00,0.00,'2023-01-05 21:28:15','2023-01-05 21:28:15',7,NULL),(60256,7851,463,245,12,40719,1,11,2,6,0.00,0.00,'2023-01-05 21:28:15','2023-01-05 21:28:15',7,NULL),(60257,7851,463,245,12,40719,1,7,2,7,0.00,0.00,'2023-01-05 21:28:15','2023-01-05 21:28:15',7,NULL),(60258,7851,463,245,12,40719,1,4,2,6,0.00,0.00,'2023-01-05 21:28:15','2023-01-05 21:28:15',7,NULL),(60259,7851,463,245,12,40719,1,13,2,6,0.00,0.00,'2023-01-05 21:28:15','2023-01-05 21:28:15',7,NULL),(60260,7851,463,245,12,40719,1,9,2,7,0.00,0.00,'2023-01-05 21:28:15','2023-01-05 21:28:15',7,NULL),(60261,7851,463,245,12,40719,1,6,2,6,0.00,0.00,'2023-01-05 21:28:15','2023-01-05 21:28:15',7,NULL),(60262,7851,463,245,12,40719,1,2,2,7,0.00,0.00,'2023-01-05 21:28:15','2023-01-05 21:28:15',7,NULL);
INSERT INTO `period_liquidation_iva_details` VALUES (60263,7851,463,245,12,40719,1,11,2,7,0.00,0.00,'2023-01-05 21:28:15','2023-01-05 21:28:15',7,NULL),(60264,7851,463,245,12,40719,1,8,2,6,0.00,0.00,'2023-01-05 21:28:15','2023-01-05 21:28:15',7,NULL),(60265,7851,463,245,12,40719,1,4,2,7,0.00,0.00,'2023-01-05 21:28:15','2023-01-05 21:28:15',7,NULL),(60266,7851,463,245,12,40719,1,1,2,6,0.00,0.00,'2023-01-05 21:28:15','2023-01-05 21:28:15',7,NULL),(60267,7851,463,245,12,40719,1,13,2,7,0.00,0.00,'2023-01-05 21:28:15','2023-01-05 21:28:15',7,NULL),(60268,7851,463,245,12,40719,1,10,2,6,0.00,0.00,'2023-01-05 21:28:15','2023-01-05 21:28:15',7,NULL),(60269,7851,463,245,12,40719,1,6,2,7,0.00,0.00,'2023-01-05 21:28:15','2023-01-05 21:28:15',7,NULL),(60270,7851,463,245,12,40719,1,3,2,6,0.00,0.00,'2023-01-05 21:28:15','2023-01-05 21:28:15',7,NULL),(63961,7851,495,261,13,40719,652,1,1,3,0.00,0.00,'2023-01-06 06:55:58','2023-01-06 06:55:58',1,NULL),(63962,7851,495,261,13,40719,652,1,1,2,0.00,0.00,'2023-01-06 06:55:58','2023-01-06 06:55:58',1,NULL),(63963,7851,495,261,13,40719,652,1,1,1,0.00,0.00,'2023-01-06 06:55:58','2023-01-06 06:55:58',1,NULL),(63964,7851,495,261,13,40719,652,1,1,5,0.00,0.00,'2023-01-06 06:55:58','2023-01-06 06:55:58',1,NULL),(63965,7851,495,261,13,40719,652,1,1,4,0.00,0.00,'2023-01-06 06:55:58','2023-01-06 06:55:58',1,NULL),(63966,7851,495,261,13,40719,652,1,1,8,0.00,0.00,'2023-01-06 06:55:58','2023-01-06 06:55:58',1,NULL),(63967,7851,495,261,13,40719,652,1,1,3,0.00,0.00,'2023-01-06 06:55:58','2023-01-06 06:55:58',2,NULL),(63968,7851,495,261,13,40719,652,1,1,2,0.00,0.00,'2023-01-06 06:55:58','2023-01-06 06:55:58',2,NULL),(63969,7851,495,261,13,40719,652,1,1,1,1619323.08,170028.92,'2023-01-06 06:55:58','2023-01-06 06:55:58',2,NULL),(63970,7851,495,261,13,40719,652,1,1,5,0.00,0.00,'2023-01-06 06:55:58','2023-01-06 06:55:58',2,NULL),(63971,7851,495,261,13,40719,652,1,1,4,0.00,0.00,'2023-01-06 06:55:58','2023-01-06 06:55:58',2,NULL),(63972,7851,495,261,13,40719,652,1,1,8,0.00,0.00,'2023-01-06 06:55:58','2023-01-06 06:55:58',2,NULL),(63973,7851,495,261,13,40719,652,1,1,6,0.00,0.00,'2023-01-06 06:55:58','2023-01-06 06:55:58',3,NULL),(63974,7851,495,261,13,40719,652,1,1,7,0.00,0.00,'2023-01-06 06:55:58','2023-01-06 06:55:58',3,NULL),(63975,7851,495,261,13,40719,652,1,1,3,0.00,0.00,'2023-01-06 06:55:58','2023-01-06 06:55:58',4,NULL),(63976,7851,495,261,13,40719,652,1,1,2,0.00,0.00,'2023-01-06 06:55:58','2023-01-06 06:55:58',4,NULL),(63977,7851,495,261,13,40719,652,1,1,1,0.00,0.00,'2023-01-06 06:55:58','2023-01-06 06:55:58',4,NULL),(63978,7851,495,261,13,40719,652,1,1,5,0.00,0.00,'2023-01-06 06:55:58','2023-01-06 06:55:58',4,NULL),(63979,7851,495,261,13,40719,652,1,1,4,0.00,0.00,'2023-01-06 06:55:58','2023-01-06 06:55:58',4,NULL),(63980,7851,495,261,13,40719,652,1,1,6,0.00,0.00,'2023-01-06 06:55:58','2023-01-06 06:55:58',4,NULL),(63981,7851,495,261,13,40719,652,1,1,7,0.00,0.00,'2023-01-06 06:55:58','2023-01-06 06:55:58',4,NULL),(63982,7851,495,261,13,40719,652,1,1,8,0.00,0.00,'2023-01-06 06:55:58','2023-01-06 06:55:58',4,NULL),(63983,7851,495,261,13,40719,1,6,2,3,0.00,0.00,'2023-01-06 06:55:58','2023-01-06 06:55:58',5,NULL),(63984,7851,495,261,13,40719,1,14,2,3,0.00,0.00,'2023-01-06 06:55:58','2023-01-06 06:55:58',5,NULL),(63985,7851,495,261,13,40719,1,10,2,3,0.00,0.00,'2023-01-06 06:55:58','2023-01-06 06:55:58',5,NULL),(63986,7851,495,261,13,40719,1,1,2,3,0.00,0.00,'2023-01-06 06:55:58','2023-01-06 06:55:58',5,NULL),(63987,7851,495,261,13,40719,1,11,2,3,0.00,0.00,'2023-01-06 06:55:58','2023-01-06 06:55:58',5,NULL),(63988,7851,495,261,13,40719,1,7,2,3,0.00,0.00,'2023-01-06 06:55:58','2023-01-06 06:55:58',5,NULL),(63989,7851,495,261,13,40719,1,2,2,3,0.00,0.00,'2023-01-06 06:55:58','2023-01-06 06:55:58',5,NULL),(63990,7851,495,261,13,40719,1,12,2,3,0.00,0.00,'2023-01-06 06:55:58','2023-01-06 06:55:58',5,NULL),(63991,7851,495,261,13,40719,1,8,2,3,0.00,0.00,'2023-01-06 06:55:58','2023-01-06 06:55:58',5,NULL);
INSERT INTO `period_liquidation_iva_details` VALUES (63992,7851,495,261,13,40719,1,3,2,3,0.00,0.00,'2023-01-06 06:55:58','2023-01-06 06:55:58',5,NULL),(63993,7851,495,261,13,40719,1,5,2,3,0.00,0.00,'2023-01-06 06:55:58','2023-01-06 06:55:58',5,NULL),(63994,7851,495,261,13,40719,1,13,2,3,0.00,0.00,'2023-01-06 06:55:58','2023-01-06 06:55:58',5,NULL),(63995,7851,495,261,13,40719,1,9,2,3,0.00,0.00,'2023-01-06 06:55:58','2023-01-06 06:55:58',5,NULL),(63996,7851,495,261,13,40719,1,4,2,3,0.00,0.00,'2023-01-06 06:55:58','2023-01-06 06:55:58',5,NULL),(63997,7851,495,261,13,40719,1,2,2,2,0.00,0.00,'2023-01-06 06:55:58','2023-01-06 06:55:58',5,NULL),(63998,7851,495,261,13,40719,1,12,2,2,0.00,0.00,'2023-01-06 06:55:58','2023-01-06 06:55:58',5,NULL),(63999,7851,495,261,13,40719,1,8,2,2,0.00,0.00,'2023-01-06 06:55:58','2023-01-06 06:55:58',5,NULL),(64000,7851,495,261,13,40719,1,3,2,2,0.00,0.00,'2023-01-06 06:55:58','2023-01-06 06:55:58',5,NULL),(64001,7851,495,261,13,40719,1,5,2,2,0.00,0.00,'2023-01-06 06:55:58','2023-01-06 06:55:58',5,NULL),(64002,7851,495,261,13,40719,1,13,2,2,0.00,0.00,'2023-01-06 06:55:58','2023-01-06 06:55:58',5,NULL),(64003,7851,495,261,13,40719,1,9,2,2,0.00,0.00,'2023-01-06 06:55:58','2023-01-06 06:55:58',5,NULL),(64004,7851,495,261,13,40719,1,4,2,2,0.00,0.00,'2023-01-06 06:55:58','2023-01-06 06:55:58',5,NULL),(64005,7851,495,261,13,40719,1,6,2,2,0.00,0.00,'2023-01-06 06:55:58','2023-01-06 06:55:58',5,NULL),(64006,7851,495,261,13,40719,1,14,2,2,0.00,0.00,'2023-01-06 06:55:58','2023-01-06 06:55:58',5,NULL),(64007,7851,495,261,13,40719,1,10,2,2,0.00,0.00,'2023-01-06 06:55:58','2023-01-06 06:55:58',5,NULL),(64008,7851,495,261,13,40719,1,1,2,2,0.00,0.00,'2023-01-06 06:55:58','2023-01-06 06:55:58',5,NULL),(64009,7851,495,261,13,40719,1,11,2,2,0.00,0.00,'2023-01-06 06:55:58','2023-01-06 06:55:58',5,NULL),(64010,7851,495,261,13,40719,1,7,2,2,0.00,0.00,'2023-01-06 06:55:58','2023-01-06 06:55:58',5,NULL),(64011,7851,495,261,13,40719,1,3,2,1,0.00,0.00,'2023-01-06 06:55:58','2023-01-06 06:55:58',5,NULL),(64012,7851,495,261,13,40719,1,5,2,1,0.00,0.00,'2023-01-06 06:55:58','2023-01-06 06:55:58',5,NULL),(64013,7851,495,261,13,40719,1,13,2,1,0.00,0.00,'2023-01-06 06:55:58','2023-01-06 06:55:58',5,NULL),(64014,7851,495,261,13,40719,1,9,2,1,0.00,0.00,'2023-01-06 06:55:58','2023-01-06 06:55:58',5,NULL),(64015,7851,495,261,13,40719,1,4,2,1,0.00,0.00,'2023-01-06 06:55:58','2023-01-06 06:55:58',5,NULL),(64016,7851,495,261,13,40719,1,6,2,1,0.00,0.00,'2023-01-06 06:55:58','2023-01-06 06:55:58',5,NULL),(64017,7851,495,261,13,40719,1,14,2,1,0.00,0.00,'2023-01-06 06:55:58','2023-01-06 06:55:58',5,NULL),(64018,7851,495,261,13,40719,1,10,2,1,0.00,0.00,'2023-01-06 06:55:58','2023-01-06 06:55:58',5,NULL),(64019,7851,495,261,13,40719,1,1,2,1,277753.85,29164.15,'2023-01-06 06:55:58','2023-01-06 06:55:58',5,NULL),(64020,7851,495,261,13,40719,1,11,2,1,0.00,0.00,'2023-01-06 06:55:58','2023-01-06 06:55:58',5,NULL),(64021,7851,495,261,13,40719,1,7,2,1,0.00,0.00,'2023-01-06 06:55:58','2023-01-06 06:55:58',5,NULL),(64022,7851,495,261,13,40719,1,2,2,1,0.00,0.00,'2023-01-06 06:55:58','2023-01-06 06:55:58',5,NULL),(64023,7851,495,261,13,40719,1,12,2,1,0.00,0.00,'2023-01-06 06:55:58','2023-01-06 06:55:58',5,NULL),(64024,7851,495,261,13,40719,1,8,2,1,0.00,0.00,'2023-01-06 06:55:58','2023-01-06 06:55:58',5,NULL),(64025,7851,495,261,13,40719,1,12,2,5,0.00,0.00,'2023-01-06 06:55:58','2023-01-06 06:55:58',5,NULL),(64026,7851,495,261,13,40719,1,8,2,5,0.00,0.00,'2023-01-06 06:55:58','2023-01-06 06:55:58',5,NULL),(64027,7851,495,261,13,40719,1,3,2,5,0.00,0.00,'2023-01-06 06:55:58','2023-01-06 06:55:58',5,NULL),(64028,7851,495,261,13,40719,1,5,2,5,0.00,0.00,'2023-01-06 06:55:58','2023-01-06 06:55:58',5,NULL),(64029,7851,495,261,13,40719,1,13,2,5,0.00,0.00,'2023-01-06 06:55:58','2023-01-06 06:55:58',5,NULL),(64030,7851,495,261,13,40719,1,9,2,5,0.00,0.00,'2023-01-06 06:55:58','2023-01-06 06:55:58',5,NULL),(64031,7851,495,261,13,40719,1,4,2,5,0.00,0.00,'2023-01-06 06:55:58','2023-01-06 06:55:58',5,NULL);
INSERT INTO `period_liquidation_iva_details` VALUES (64032,7851,495,261,13,40719,1,10,2,5,0.00,0.00,'2023-01-06 06:55:58','2023-01-06 06:55:58',5,NULL),(64033,7851,495,261,13,40719,1,6,2,5,0.00,0.00,'2023-01-06 06:55:58','2023-01-06 06:55:58',5,NULL),(64034,7851,495,261,13,40719,1,14,2,5,0.00,0.00,'2023-01-06 06:55:58','2023-01-06 06:55:58',5,NULL),(64035,7851,495,261,13,40719,1,1,2,5,0.00,0.00,'2023-01-06 06:55:58','2023-01-06 06:55:58',5,NULL),(64036,7851,495,261,13,40719,1,11,2,5,0.00,0.00,'2023-01-06 06:55:58','2023-01-06 06:55:58',5,NULL),(64037,7851,495,261,13,40719,1,7,2,5,0.00,0.00,'2023-01-06 06:55:58','2023-01-06 06:55:58',5,NULL),(64038,7851,495,261,13,40719,1,2,2,5,0.00,0.00,'2023-01-06 06:55:58','2023-01-06 06:55:58',5,NULL),(64039,7851,495,261,13,40719,1,5,2,4,0.00,0.00,'2023-01-06 06:55:58','2023-01-06 06:55:58',5,NULL),(64040,7851,495,261,13,40719,1,13,2,4,0.00,0.00,'2023-01-06 06:55:58','2023-01-06 06:55:58',5,NULL),(64041,7851,495,261,13,40719,1,9,2,4,0.00,0.00,'2023-01-06 06:55:58','2023-01-06 06:55:58',5,NULL),(64042,7851,495,261,13,40719,1,4,2,4,0.00,0.00,'2023-01-06 06:55:58','2023-01-06 06:55:58',5,NULL),(64043,7851,495,261,13,40719,1,10,2,4,0.00,0.00,'2023-01-06 06:55:58','2023-01-06 06:55:58',5,NULL),(64044,7851,495,261,13,40719,1,6,2,4,0.00,0.00,'2023-01-06 06:55:58','2023-01-06 06:55:58',5,NULL),(64045,7851,495,261,13,40719,1,14,2,4,0.00,0.00,'2023-01-06 06:55:58','2023-01-06 06:55:58',5,NULL),(64046,7851,495,261,13,40719,1,1,2,4,0.00,0.00,'2023-01-06 06:55:58','2023-01-06 06:55:58',5,NULL),(64047,7851,495,261,13,40719,1,11,2,4,0.00,0.00,'2023-01-06 06:55:58','2023-01-06 06:55:58',5,NULL),(64048,7851,495,261,13,40719,1,7,2,4,0.00,0.00,'2023-01-06 06:55:58','2023-01-06 06:55:58',5,NULL),(64049,7851,495,261,13,40719,1,2,2,4,0.00,0.00,'2023-01-06 06:55:58','2023-01-06 06:55:58',5,NULL),(64050,7851,495,261,13,40719,1,12,2,4,0.00,0.00,'2023-01-06 06:55:58','2023-01-06 06:55:58',5,NULL),(64051,7851,495,261,13,40719,1,8,2,4,0.00,0.00,'2023-01-06 06:55:58','2023-01-06 06:55:58',5,NULL),(64052,7851,495,261,13,40719,1,3,2,4,0.00,0.00,'2023-01-06 06:55:58','2023-01-06 06:55:58',5,NULL),(64053,7851,495,261,13,40719,1,4,2,7,0.00,0.00,'2023-01-06 06:55:58','2023-01-06 06:55:58',5,NULL),(64054,7851,495,261,13,40719,1,3,2,8,0.00,0.00,'2023-01-06 06:55:58','2023-01-06 06:55:58',5,NULL),(64055,7851,495,261,13,40719,1,11,2,6,0.00,0.00,'2023-01-06 06:55:58','2023-01-06 06:55:58',5,NULL),(64056,7851,495,261,13,40719,1,7,2,6,0.00,0.00,'2023-01-06 06:55:58','2023-01-06 06:55:58',5,NULL),(64057,7851,495,261,13,40719,1,10,2,7,0.00,0.00,'2023-01-06 06:55:58','2023-01-06 06:55:58',5,NULL),(64058,7851,495,261,13,40719,1,6,2,7,0.00,0.00,'2023-01-06 06:55:58','2023-01-06 06:55:58',5,NULL),(64059,7851,495,261,13,40719,1,14,2,7,0.00,0.00,'2023-01-06 06:55:58','2023-01-06 06:55:58',5,NULL),(64060,7851,495,261,13,40719,1,5,2,8,0.00,0.00,'2023-01-06 06:55:58','2023-01-06 06:55:58',5,NULL),(64061,7851,495,261,13,40719,1,13,2,8,0.00,0.00,'2023-01-06 06:55:58','2023-01-06 06:55:58',5,NULL),(64062,7851,495,261,13,40719,1,9,2,8,0.00,0.00,'2023-01-06 06:55:58','2023-01-06 06:55:58',5,NULL),(64063,7851,495,261,13,40719,1,2,2,6,0.00,0.00,'2023-01-06 06:55:58','2023-01-06 06:55:58',5,NULL),(64064,7851,495,261,13,40719,1,1,2,7,0.00,0.00,'2023-01-06 06:55:58','2023-01-06 06:55:58',5,NULL),(64065,7851,495,261,13,40719,1,4,2,8,0.00,0.00,'2023-01-06 06:55:58','2023-01-06 06:55:58',5,NULL),(64066,7851,495,261,13,40719,1,12,2,6,0.00,0.00,'2023-01-06 06:55:58','2023-01-06 06:55:58',5,NULL),(64067,7851,495,261,13,40719,1,8,2,6,0.00,0.00,'2023-01-06 06:55:58','2023-01-06 06:55:58',5,NULL),(64068,7851,495,261,13,40719,1,11,2,7,0.00,0.00,'2023-01-06 06:55:58','2023-01-06 06:55:58',5,NULL),(64069,7851,495,261,13,40719,1,7,2,7,0.00,0.00,'2023-01-06 06:55:58','2023-01-06 06:55:58',5,NULL),(64070,7851,495,261,13,40719,1,10,2,8,0.00,0.00,'2023-01-06 06:55:58','2023-01-06 06:55:58',5,NULL),(64071,7851,495,261,13,40719,1,6,2,8,0.00,0.00,'2023-01-06 06:55:58','2023-01-06 06:55:58',5,NULL);
INSERT INTO `period_liquidation_iva_details` VALUES (64072,7851,495,261,13,40719,1,14,2,8,0.00,0.00,'2023-01-06 06:55:58','2023-01-06 06:55:58',5,NULL),(64073,7851,495,261,13,40719,1,3,2,6,0.00,0.00,'2023-01-06 06:55:58','2023-01-06 06:55:58',5,NULL),(64074,7851,495,261,13,40719,1,2,2,7,0.00,0.00,'2023-01-06 06:55:58','2023-01-06 06:55:58',5,NULL),(64075,7851,495,261,13,40719,1,1,2,8,0.00,0.00,'2023-01-06 06:55:58','2023-01-06 06:55:58',5,NULL),(64076,7851,495,261,13,40719,1,5,2,6,0.00,0.00,'2023-01-06 06:55:58','2023-01-06 06:55:58',5,NULL),(64077,7851,495,261,13,40719,1,13,2,6,0.00,0.00,'2023-01-06 06:55:58','2023-01-06 06:55:58',5,NULL),(64078,7851,495,261,13,40719,1,9,2,6,0.00,0.00,'2023-01-06 06:55:58','2023-01-06 06:55:58',5,NULL),(64079,7851,495,261,13,40719,1,12,2,7,0.00,0.00,'2023-01-06 06:55:58','2023-01-06 06:55:58',5,NULL),(64080,7851,495,261,13,40719,1,8,2,7,0.00,0.00,'2023-01-06 06:55:58','2023-01-06 06:55:58',5,NULL),(64081,7851,495,261,13,40719,1,11,2,8,0.00,0.00,'2023-01-06 06:55:58','2023-01-06 06:55:58',5,NULL),(64082,7851,495,261,13,40719,1,7,2,8,0.00,0.00,'2023-01-06 06:55:58','2023-01-06 06:55:58',5,NULL),(64083,7851,495,261,13,40719,1,4,2,6,0.00,0.00,'2023-01-06 06:55:58','2023-01-06 06:55:58',5,NULL),(64084,7851,495,261,13,40719,1,3,2,7,0.00,0.00,'2023-01-06 06:55:58','2023-01-06 06:55:58',5,NULL),(64085,7851,495,261,13,40719,1,2,2,8,0.00,0.00,'2023-01-06 06:55:58','2023-01-06 06:55:58',5,NULL),(64086,7851,495,261,13,40719,1,10,2,6,0.00,0.00,'2023-01-06 06:55:58','2023-01-06 06:55:58',5,NULL),(64087,7851,495,261,13,40719,1,6,2,6,0.00,0.00,'2023-01-06 06:55:58','2023-01-06 06:55:58',5,NULL),(64088,7851,495,261,13,40719,1,14,2,6,0.00,0.00,'2023-01-06 06:55:58','2023-01-06 06:55:58',5,NULL),(64089,7851,495,261,13,40719,1,5,2,7,0.00,0.00,'2023-01-06 06:55:58','2023-01-06 06:55:58',5,NULL),(64090,7851,495,261,13,40719,1,13,2,7,0.00,0.00,'2023-01-06 06:55:58','2023-01-06 06:55:58',5,NULL),(64091,7851,495,261,13,40719,1,9,2,7,0.00,0.00,'2023-01-06 06:55:58','2023-01-06 06:55:58',5,NULL),(64092,7851,495,261,13,40719,1,12,2,8,0.00,0.00,'2023-01-06 06:55:58','2023-01-06 06:55:58',5,NULL),(64093,7851,495,261,13,40719,1,8,2,8,0.00,0.00,'2023-01-06 06:55:58','2023-01-06 06:55:58',5,NULL),(64094,7851,495,261,13,40719,1,1,2,6,0.00,0.00,'2023-01-06 06:55:58','2023-01-06 06:55:58',5,NULL),(64095,7851,495,261,13,40719,1,9,2,3,0.00,0.00,'2023-01-06 06:55:58','2023-01-06 06:55:58',6,NULL),(64096,7851,495,261,13,40719,1,12,2,3,0.00,0.00,'2023-01-06 06:55:58','2023-01-06 06:55:58',6,NULL),(64097,7851,495,261,13,40719,1,2,2,3,0.00,0.00,'2023-01-06 06:55:58','2023-01-06 06:55:58',6,NULL),(64098,7851,495,261,13,40719,1,5,2,3,0.00,0.00,'2023-01-06 06:55:58','2023-01-06 06:55:58',6,NULL),(64099,7851,495,261,13,40719,1,8,2,3,0.00,0.00,'2023-01-06 06:55:58','2023-01-06 06:55:58',6,NULL),(64100,7851,495,261,13,40719,1,11,2,3,0.00,0.00,'2023-01-06 06:55:58','2023-01-06 06:55:58',6,NULL),(64101,7851,495,261,13,40719,1,14,2,3,0.00,0.00,'2023-01-06 06:55:58','2023-01-06 06:55:58',6,NULL),(64102,7851,495,261,13,40719,1,1,2,3,9806.02,2647.63,'2023-01-06 06:55:58','2023-01-06 06:55:58',6,NULL),(64103,7851,495,261,13,40719,1,4,2,3,0.00,0.00,'2023-01-06 06:55:58','2023-01-06 06:55:58',6,NULL),(64104,7851,495,261,13,40719,1,7,2,3,0.00,0.00,'2023-01-06 06:55:58','2023-01-06 06:55:58',6,NULL),(64105,7851,495,261,13,40719,1,10,2,3,0.00,0.00,'2023-01-06 06:55:58','2023-01-06 06:55:58',6,NULL),(64106,7851,495,261,13,40719,1,13,2,3,0.00,0.00,'2023-01-06 06:55:58','2023-01-06 06:55:58',6,NULL),(64107,7851,495,261,13,40719,1,3,2,3,0.00,0.00,'2023-01-06 06:55:58','2023-01-06 06:55:58',6,NULL),(64108,7851,495,261,13,40719,1,6,2,3,0.00,0.00,'2023-01-06 06:55:58','2023-01-06 06:55:58',6,NULL),(64109,7851,495,261,13,40719,1,8,2,2,0.00,0.00,'2023-01-06 06:55:58','2023-01-06 06:55:58',6,NULL),(64110,7851,495,261,13,40719,1,11,2,2,0.00,0.00,'2023-01-06 06:55:58','2023-01-06 06:55:58',6,NULL),(64111,7851,495,261,13,40719,1,14,2,2,0.00,0.00,'2023-01-06 06:55:58','2023-01-06 06:55:58',6,NULL);
INSERT INTO `period_liquidation_iva_details` VALUES (64112,7851,495,261,13,40719,1,1,2,2,461793.42,96976.62,'2023-01-06 06:55:58','2023-01-06 06:55:58',6,NULL),(64113,7851,495,261,13,40719,1,4,2,2,0.00,0.00,'2023-01-06 06:55:58','2023-01-06 06:55:58',6,NULL),(64114,7851,495,261,13,40719,1,7,2,2,0.00,1818.00,'2023-01-06 06:55:58','2023-01-06 06:55:58',6,NULL),(64115,7851,495,261,13,40719,1,10,2,2,0.00,0.00,'2023-01-06 06:55:58','2023-01-06 06:55:58',6,NULL),(64116,7851,495,261,13,40719,1,13,2,2,0.00,0.00,'2023-01-06 06:55:58','2023-01-06 06:55:58',6,NULL),(64117,7851,495,261,13,40719,1,3,2,2,1421.49,298.51,'2023-01-06 06:55:58','2023-01-06 06:55:58',6,NULL),(64118,7851,495,261,13,40719,1,6,2,2,0.00,0.00,'2023-01-06 06:55:58','2023-01-06 06:55:58',6,NULL),(64119,7851,495,261,13,40719,1,9,2,2,0.00,0.00,'2023-01-06 06:55:58','2023-01-06 06:55:58',6,NULL),(64120,7851,495,261,13,40719,1,12,2,2,0.00,0.00,'2023-01-06 06:55:58','2023-01-06 06:55:58',6,NULL),(64121,7851,495,261,13,40719,1,2,2,2,0.00,0.00,'2023-01-06 06:55:58','2023-01-06 06:55:58',6,NULL),(64122,7851,495,261,13,40719,1,5,2,2,0.00,0.00,'2023-01-06 06:55:58','2023-01-06 06:55:58',6,NULL),(64123,7851,495,261,13,40719,1,4,2,1,0.00,0.00,'2023-01-06 06:55:58','2023-01-06 06:55:58',6,NULL),(64124,7851,495,261,13,40719,1,7,2,1,0.00,0.00,'2023-01-06 06:55:58','2023-01-06 06:55:58',6,NULL),(64125,7851,495,261,13,40719,1,10,2,1,0.00,0.00,'2023-01-06 06:55:58','2023-01-06 06:55:58',6,NULL),(64126,7851,495,261,13,40719,1,13,2,1,0.00,0.00,'2023-01-06 06:55:58','2023-01-06 06:55:58',6,NULL),(64127,7851,495,261,13,40719,1,3,2,1,0.00,0.00,'2023-01-06 06:55:58','2023-01-06 06:55:58',6,NULL),(64128,7851,495,261,13,40719,1,6,2,1,0.00,0.00,'2023-01-06 06:55:58','2023-01-06 06:55:58',6,NULL),(64129,7851,495,261,13,40719,1,9,2,1,0.00,0.00,'2023-01-06 06:55:58','2023-01-06 06:55:58',6,NULL),(64130,7851,495,261,13,40719,1,12,2,1,0.00,0.00,'2023-01-06 06:55:58','2023-01-06 06:55:58',6,NULL),(64131,7851,495,261,13,40719,1,2,2,1,0.00,0.00,'2023-01-06 06:55:58','2023-01-06 06:55:58',6,NULL),(64132,7851,495,261,13,40719,1,5,2,1,0.00,0.00,'2023-01-06 06:55:58','2023-01-06 06:55:58',6,NULL),(64133,7851,495,261,13,40719,1,8,2,1,0.00,0.00,'2023-01-06 06:55:58','2023-01-06 06:55:58',6,NULL),(64134,7851,495,261,13,40719,1,11,2,1,0.00,0.00,'2023-01-06 06:55:58','2023-01-06 06:55:58',6,NULL),(64135,7851,495,261,13,40719,1,14,2,1,0.00,0.00,'2023-01-06 06:55:58','2023-01-06 06:55:58',6,NULL),(64136,7851,495,261,13,40719,1,1,2,1,0.00,0.00,'2023-01-06 06:55:58','2023-01-06 06:55:58',6,NULL),(64137,7851,495,261,13,40719,1,14,2,5,0.00,0.00,'2023-01-06 06:55:58','2023-01-06 06:55:58',6,NULL),(64138,7851,495,261,13,40719,1,1,2,5,0.00,0.00,'2023-01-06 06:55:58','2023-01-06 06:55:58',6,NULL),(64139,7851,495,261,13,40719,1,4,2,5,0.00,0.00,'2023-01-06 06:55:58','2023-01-06 06:55:58',6,NULL),(64140,7851,495,261,13,40719,1,7,2,5,0.00,0.00,'2023-01-06 06:55:58','2023-01-06 06:55:58',6,NULL),(64141,7851,495,261,13,40719,1,10,2,5,0.00,0.00,'2023-01-06 06:55:58','2023-01-06 06:55:58',6,NULL),(64142,7851,495,261,13,40719,1,13,2,5,0.00,0.00,'2023-01-06 06:55:58','2023-01-06 06:55:58',6,NULL),(64143,7851,495,261,13,40719,1,3,2,5,0.00,0.00,'2023-01-06 06:55:58','2023-01-06 06:55:58',6,NULL),(64144,7851,495,261,13,40719,1,6,2,5,0.00,0.00,'2023-01-06 06:55:58','2023-01-06 06:55:58',6,NULL),(64145,7851,495,261,13,40719,1,9,2,5,0.00,0.00,'2023-01-06 06:55:58','2023-01-06 06:55:58',6,NULL),(64146,7851,495,261,13,40719,1,12,2,5,0.00,0.00,'2023-01-06 06:55:58','2023-01-06 06:55:58',6,NULL),(64147,7851,495,261,13,40719,1,2,2,5,0.00,0.00,'2023-01-06 06:55:58','2023-01-06 06:55:58',6,NULL),(64148,7851,495,261,13,40719,1,5,2,5,0.00,0.00,'2023-01-06 06:55:58','2023-01-06 06:55:58',6,NULL),(64149,7851,495,261,13,40719,1,8,2,5,0.00,0.00,'2023-01-06 06:55:58','2023-01-06 06:55:58',6,NULL),(64150,7851,495,261,13,40719,1,11,2,5,0.00,0.00,'2023-01-06 06:55:58','2023-01-06 06:55:58',6,NULL),(64151,7851,495,261,13,40719,1,13,2,4,0.00,0.00,'2023-01-06 06:55:58','2023-01-06 06:55:58',6,NULL);
INSERT INTO `period_liquidation_iva_details` VALUES (64152,7851,495,261,13,40719,1,3,2,4,0.00,0.00,'2023-01-06 06:55:58','2023-01-06 06:55:58',6,NULL),(64153,7851,495,261,13,40719,1,6,2,4,0.00,0.00,'2023-01-06 06:55:58','2023-01-06 06:55:58',6,NULL),(64154,7851,495,261,13,40719,1,9,2,4,0.00,0.00,'2023-01-06 06:55:58','2023-01-06 06:55:58',6,NULL),(64155,7851,495,261,13,40719,1,12,2,4,0.00,0.00,'2023-01-06 06:55:58','2023-01-06 06:55:58',6,NULL),(64156,7851,495,261,13,40719,1,2,2,4,0.00,0.00,'2023-01-06 06:55:58','2023-01-06 06:55:58',6,NULL),(64157,7851,495,261,13,40719,1,5,2,4,0.00,0.00,'2023-01-06 06:55:58','2023-01-06 06:55:58',6,NULL),(64158,7851,495,261,13,40719,1,8,2,4,0.00,0.00,'2023-01-06 06:55:58','2023-01-06 06:55:58',6,NULL),(64159,7851,495,261,13,40719,1,11,2,4,0.00,0.00,'2023-01-06 06:55:58','2023-01-06 06:55:58',6,NULL),(64160,7851,495,261,13,40719,1,14,2,4,0.00,0.00,'2023-01-06 06:55:58','2023-01-06 06:55:58',6,NULL),(64161,7851,495,261,13,40719,1,1,2,4,0.00,0.00,'2023-01-06 06:55:58','2023-01-06 06:55:58',6,NULL),(64162,7851,495,261,13,40719,1,4,2,4,0.00,0.00,'2023-01-06 06:55:58','2023-01-06 06:55:58',6,NULL),(64163,7851,495,261,13,40719,1,7,2,4,0.00,0.00,'2023-01-06 06:55:58','2023-01-06 06:55:58',6,NULL),(64164,7851,495,261,13,40719,1,10,2,4,0.00,0.00,'2023-01-06 06:55:58','2023-01-06 06:55:58',6,NULL),(64165,7851,495,261,13,40719,1,2,2,8,0.00,0.00,'2023-01-06 06:55:58','2023-01-06 06:55:58',6,NULL),(64166,7851,495,261,13,40719,1,5,2,8,0.00,0.00,'2023-01-06 06:55:58','2023-01-06 06:55:58',6,NULL),(64167,7851,495,261,13,40719,1,8,2,8,0.00,0.00,'2023-01-06 06:55:58','2023-01-06 06:55:58',6,NULL),(64168,7851,495,261,13,40719,1,11,2,8,0.00,0.00,'2023-01-06 06:55:58','2023-01-06 06:55:58',6,NULL),(64169,7851,495,261,13,40719,1,14,2,8,0.00,0.00,'2023-01-06 06:55:58','2023-01-06 06:55:58',6,NULL),(64170,7851,495,261,13,40719,1,1,2,8,4000.00,0.00,'2023-01-06 06:55:58','2023-01-06 06:55:58',6,NULL),(64171,7851,495,261,13,40719,1,4,2,8,0.00,0.00,'2023-01-06 06:55:58','2023-01-06 06:55:58',6,NULL),(64172,7851,495,261,13,40719,1,7,2,8,0.00,0.00,'2023-01-06 06:55:58','2023-01-06 06:55:58',6,NULL),(64173,7851,495,261,13,40719,1,10,2,8,0.00,0.00,'2023-01-06 06:55:58','2023-01-06 06:55:58',6,NULL),(64174,7851,495,261,13,40719,1,13,2,8,0.00,0.00,'2023-01-06 06:55:58','2023-01-06 06:55:58',6,NULL),(64175,7851,495,261,13,40719,1,3,2,8,0.00,0.00,'2023-01-06 06:55:58','2023-01-06 06:55:58',6,NULL),(64176,7851,495,261,13,40719,1,6,2,8,0.00,0.00,'2023-01-06 06:55:58','2023-01-06 06:55:58',6,NULL),(64177,7851,495,261,13,40719,1,9,2,8,0.00,0.00,'2023-01-06 06:55:58','2023-01-06 06:55:58',6,NULL),(64178,7851,495,261,13,40719,1,12,2,8,0.00,0.00,'2023-01-06 06:55:58','2023-01-06 06:55:58',6,NULL),(64179,7851,495,261,13,40719,1,14,2,6,0.00,0.00,'2023-01-06 06:55:58','2023-01-06 06:55:58',7,NULL),(64180,7851,495,261,13,40719,1,10,2,7,0.00,0.00,'2023-01-06 06:55:58','2023-01-06 06:55:58',7,NULL),(64181,7851,495,261,13,40719,1,7,2,6,0.00,0.00,'2023-01-06 06:55:58','2023-01-06 06:55:58',7,NULL),(64182,7851,495,261,13,40719,1,3,2,7,180.00,0.00,'2023-01-06 06:55:58','2023-01-06 06:55:58',7,NULL),(64183,7851,495,261,13,40719,1,12,2,7,0.00,0.00,'2023-01-06 06:55:58','2023-01-06 06:55:58',7,NULL),(64184,7851,495,261,13,40719,1,9,2,6,0.00,0.00,'2023-01-06 06:55:58','2023-01-06 06:55:58',7,NULL),(64185,7851,495,261,13,40719,1,5,2,7,0.00,0.00,'2023-01-06 06:55:58','2023-01-06 06:55:58',7,NULL),(64186,7851,495,261,13,40719,1,2,2,6,0.00,0.00,'2023-01-06 06:55:58','2023-01-06 06:55:58',7,NULL),(64187,7851,495,261,13,40719,1,14,2,7,0.00,0.00,'2023-01-06 06:55:58','2023-01-06 06:55:58',7,NULL),(64188,7851,495,261,13,40719,1,11,2,6,0.00,0.00,'2023-01-06 06:55:58','2023-01-06 06:55:58',7,NULL),(64189,7851,495,261,13,40719,1,7,2,7,0.00,0.00,'2023-01-06 06:55:58','2023-01-06 06:55:58',7,NULL),(64190,7851,495,261,13,40719,1,4,2,6,0.00,0.00,'2023-01-06 06:55:58','2023-01-06 06:55:58',7,NULL),(64191,7851,495,261,13,40719,1,13,2,6,0.00,0.00,'2023-01-06 06:55:58','2023-01-06 06:55:58',7,NULL);
INSERT INTO `period_liquidation_iva_details` VALUES (64192,7851,495,261,13,40719,1,9,2,7,0.00,0.00,'2023-01-06 06:55:58','2023-01-06 06:55:58',7,NULL),(64193,7851,495,261,13,40719,1,6,2,6,0.00,0.00,'2023-01-06 06:55:58','2023-01-06 06:55:58',7,NULL),(64194,7851,495,261,13,40719,1,2,2,7,0.00,0.00,'2023-01-06 06:55:58','2023-01-06 06:55:58',7,NULL),(64195,7851,495,261,13,40719,1,11,2,7,0.00,0.00,'2023-01-06 06:55:58','2023-01-06 06:55:58',7,NULL),(64196,7851,495,261,13,40719,1,8,2,6,0.00,0.00,'2023-01-06 06:55:58','2023-01-06 06:55:58',7,NULL),(64197,7851,495,261,13,40719,1,4,2,7,0.00,0.00,'2023-01-06 06:55:58','2023-01-06 06:55:58',7,NULL),(64198,7851,495,261,13,40719,1,1,2,6,0.00,0.00,'2023-01-06 06:55:58','2023-01-06 06:55:58',7,NULL),(64199,7851,495,261,13,40719,1,13,2,7,0.00,0.00,'2023-01-06 06:55:58','2023-01-06 06:55:58',7,NULL),(64200,7851,495,261,13,40719,1,10,2,6,0.00,0.00,'2023-01-06 06:55:58','2023-01-06 06:55:58',7,NULL),(64201,7851,495,261,13,40719,1,6,2,7,0.00,0.00,'2023-01-06 06:55:59','2023-01-06 06:55:59',7,NULL),(64202,7851,495,261,13,40719,1,3,2,6,0.00,0.00,'2023-01-06 06:55:59','2023-01-06 06:55:59',7,NULL),(64203,7851,495,261,13,40719,1,12,2,6,0.00,0.00,'2023-01-06 06:55:59','2023-01-06 06:55:59',7,NULL),(64204,7851,495,261,13,40719,1,8,2,7,0.00,0.00,'2023-01-06 06:55:59','2023-01-06 06:55:59',7,NULL),(64205,7851,495,261,13,40719,1,5,2,6,0.00,0.00,'2023-01-06 06:55:59','2023-01-06 06:55:59',7,NULL),(64206,7851,495,261,13,40719,1,1,2,7,2233.31,0.00,'2023-01-06 06:55:59','2023-01-06 06:55:59',7,NULL),(65191,7851,505,266,11,40719,652,1,1,3,0.00,0.00,'2023-01-06 02:58:27','2023-01-06 02:58:27',1,NULL),(65192,7851,505,266,11,40719,652,1,1,2,0.00,0.00,'2023-01-06 02:58:27','2023-01-06 02:58:27',1,NULL),(65193,7851,505,266,11,40719,652,1,1,1,0.00,0.00,'2023-01-06 02:58:27','2023-01-06 02:58:27',1,NULL),(65194,7851,505,266,11,40719,652,1,1,5,0.00,0.00,'2023-01-06 02:58:27','2023-01-06 02:58:27',1,NULL),(65195,7851,505,266,11,40719,652,1,1,4,0.00,0.00,'2023-01-06 02:58:27','2023-01-06 02:58:27',1,NULL),(65196,7851,505,266,11,40719,652,1,1,8,0.00,0.00,'2023-01-06 02:58:27','2023-01-06 02:58:27',1,NULL),(65197,7851,505,266,11,40719,652,1,1,3,0.00,0.00,'2023-01-06 02:58:27','2023-01-06 02:58:27',2,NULL),(65198,7851,505,266,11,40719,652,1,1,2,0.00,0.00,'2023-01-06 02:58:27','2023-01-06 02:58:27',2,NULL),(65199,7851,505,266,11,40719,652,1,1,1,654294.12,68700.88,'2023-01-06 02:58:27','2023-01-06 02:58:27',2,NULL),(65200,7851,505,266,11,40719,652,1,1,5,0.00,0.00,'2023-01-06 02:58:27','2023-01-06 02:58:27',2,NULL),(65201,7851,505,266,11,40719,652,1,1,4,0.00,0.00,'2023-01-06 02:58:27','2023-01-06 02:58:27',2,NULL),(65202,7851,505,266,11,40719,652,1,1,8,0.00,0.00,'2023-01-06 02:58:27','2023-01-06 02:58:27',2,NULL),(65203,7851,505,266,11,40719,652,1,1,7,0.00,0.00,'2023-01-06 02:58:27','2023-01-06 02:58:27',3,NULL),(65204,7851,505,266,11,40719,652,1,1,6,0.00,0.00,'2023-01-06 02:58:27','2023-01-06 02:58:27',3,NULL),(65205,7851,505,266,11,40719,652,1,1,3,0.00,0.00,'2023-01-06 02:58:27','2023-01-06 02:58:27',4,NULL),(65206,7851,505,266,11,40719,652,1,1,2,0.00,0.00,'2023-01-06 02:58:27','2023-01-06 02:58:27',4,NULL),(65207,7851,505,266,11,40719,652,1,1,1,0.00,0.00,'2023-01-06 02:58:27','2023-01-06 02:58:27',4,NULL),(65208,7851,505,266,11,40719,652,1,1,5,0.00,0.00,'2023-01-06 02:58:27','2023-01-06 02:58:27',4,NULL),(65209,7851,505,266,11,40719,652,1,1,4,0.00,0.00,'2023-01-06 02:58:27','2023-01-06 02:58:27',4,NULL),(65210,7851,505,266,11,40719,652,1,1,7,0.00,0.00,'2023-01-06 02:58:27','2023-01-06 02:58:27',4,NULL),(65211,7851,505,266,11,40719,652,1,1,8,0.00,0.00,'2023-01-06 02:58:27','2023-01-06 02:58:27',4,NULL),(65212,7851,505,266,11,40719,652,1,1,6,0.00,0.00,'2023-01-06 02:58:27','2023-01-06 02:58:27',4,NULL),(65213,7851,505,266,11,40719,1,11,2,3,0.00,0.00,'2023-01-06 02:58:27','2023-01-06 02:58:27',5,NULL),(65214,7851,505,266,11,40719,1,7,2,3,0.00,0.00,'2023-01-06 02:58:27','2023-01-06 02:58:27',5,NULL);
INSERT INTO `period_liquidation_iva_details` VALUES (65215,7851,505,266,11,40719,1,4,2,3,0.00,0.00,'2023-01-06 02:58:27','2023-01-06 02:58:27',5,NULL),(65216,7851,505,266,11,40719,1,12,2,3,0.00,0.00,'2023-01-06 02:58:27','2023-01-06 02:58:27',5,NULL),(65217,7851,505,266,11,40719,1,8,2,3,0.00,0.00,'2023-01-06 02:58:27','2023-01-06 02:58:27',5,NULL),(65218,7851,505,266,11,40719,1,1,2,3,0.00,0.00,'2023-01-06 02:58:27','2023-01-06 02:58:27',5,NULL),(65219,7851,505,266,11,40719,1,9,2,3,0.00,0.00,'2023-01-06 02:58:27','2023-01-06 02:58:27',5,NULL),(65220,7851,505,266,11,40719,1,5,2,3,0.00,0.00,'2023-01-06 02:58:27','2023-01-06 02:58:27',5,NULL),(65221,7851,505,266,11,40719,1,13,2,3,0.00,0.00,'2023-01-06 02:58:27','2023-01-06 02:58:27',5,NULL),(65222,7851,505,266,11,40719,1,2,2,3,0.00,0.00,'2023-01-06 02:58:27','2023-01-06 02:58:27',5,NULL),(65223,7851,505,266,11,40719,1,10,2,3,0.00,0.00,'2023-01-06 02:58:27','2023-01-06 02:58:27',5,NULL),(65224,7851,505,266,11,40719,1,6,2,3,0.00,0.00,'2023-01-06 02:58:27','2023-01-06 02:58:27',5,NULL),(65225,7851,505,266,11,40719,1,14,2,3,0.00,0.00,'2023-01-06 02:58:27','2023-01-06 02:58:27',5,NULL),(65226,7851,505,266,11,40719,1,3,2,3,0.00,0.00,'2023-01-06 02:58:27','2023-01-06 02:58:27',5,NULL),(65227,7851,505,266,11,40719,1,1,2,2,0.00,0.00,'2023-01-06 02:58:27','2023-01-06 02:58:27',5,NULL),(65228,7851,505,266,11,40719,1,9,2,2,0.00,0.00,'2023-01-06 02:58:27','2023-01-06 02:58:27',5,NULL),(65229,7851,505,266,11,40719,1,5,2,2,0.00,0.00,'2023-01-06 02:58:27','2023-01-06 02:58:27',5,NULL),(65230,7851,505,266,11,40719,1,13,2,2,0.00,0.00,'2023-01-06 02:58:27','2023-01-06 02:58:27',5,NULL),(65231,7851,505,266,11,40719,1,2,2,2,0.00,0.00,'2023-01-06 02:58:27','2023-01-06 02:58:27',5,NULL),(65232,7851,505,266,11,40719,1,10,2,2,0.00,0.00,'2023-01-06 02:58:27','2023-01-06 02:58:27',5,NULL),(65233,7851,505,266,11,40719,1,6,2,2,0.00,0.00,'2023-01-06 02:58:27','2023-01-06 02:58:27',5,NULL),(65234,7851,505,266,11,40719,1,14,2,2,0.00,0.00,'2023-01-06 02:58:27','2023-01-06 02:58:27',5,NULL),(65235,7851,505,266,11,40719,1,3,2,2,0.00,0.00,'2023-01-06 02:58:27','2023-01-06 02:58:27',5,NULL),(65236,7851,505,266,11,40719,1,11,2,2,0.00,0.00,'2023-01-06 02:58:27','2023-01-06 02:58:27',5,NULL),(65237,7851,505,266,11,40719,1,7,2,2,0.00,0.00,'2023-01-06 02:58:27','2023-01-06 02:58:27',5,NULL),(65238,7851,505,266,11,40719,1,4,2,2,0.00,0.00,'2023-01-06 02:58:27','2023-01-06 02:58:27',5,NULL),(65239,7851,505,266,11,40719,1,12,2,2,0.00,0.00,'2023-01-06 02:58:27','2023-01-06 02:58:27',5,NULL),(65240,7851,505,266,11,40719,1,8,2,2,0.00,0.00,'2023-01-06 02:58:27','2023-01-06 02:58:27',5,NULL),(65241,7851,505,266,11,40719,1,2,2,1,0.00,0.00,'2023-01-06 02:58:27','2023-01-06 02:58:27',5,NULL),(65242,7851,505,266,11,40719,1,10,2,1,0.00,0.00,'2023-01-06 02:58:27','2023-01-06 02:58:27',5,NULL),(65243,7851,505,266,11,40719,1,6,2,1,0.00,0.00,'2023-01-06 02:58:27','2023-01-06 02:58:27',5,NULL),(65244,7851,505,266,11,40719,1,14,2,1,0.00,0.00,'2023-01-06 02:58:27','2023-01-06 02:58:27',5,NULL),(65245,7851,505,266,11,40719,1,3,2,1,0.00,0.00,'2023-01-06 02:58:27','2023-01-06 02:58:27',5,NULL),(65246,7851,505,266,11,40719,1,11,2,1,0.00,0.00,'2023-01-06 02:58:27','2023-01-06 02:58:27',5,NULL),(65247,7851,505,266,11,40719,1,7,2,1,0.00,0.00,'2023-01-06 02:58:27','2023-01-06 02:58:27',5,NULL),(65248,7851,505,266,11,40719,1,4,2,1,0.00,0.00,'2023-01-06 02:58:27','2023-01-06 02:58:27',5,NULL),(65249,7851,505,266,11,40719,1,12,2,1,0.00,0.00,'2023-01-06 02:58:27','2023-01-06 02:58:27',5,NULL),(65250,7851,505,266,11,40719,1,8,2,1,0.00,0.00,'2023-01-06 02:58:27','2023-01-06 02:58:27',5,NULL),(65251,7851,505,266,11,40719,1,1,2,1,0.00,0.00,'2023-01-06 02:58:27','2023-01-06 02:58:27',5,NULL),(65252,7851,505,266,11,40719,1,9,2,1,0.00,0.00,'2023-01-06 02:58:27','2023-01-06 02:58:27',5,NULL),(65253,7851,505,266,11,40719,1,5,2,1,0.00,0.00,'2023-01-06 02:58:27','2023-01-06 02:58:27',5,NULL),(65254,7851,505,266,11,40719,1,13,2,1,0.00,0.00,'2023-01-06 02:58:27','2023-01-06 02:58:27',5,NULL);
INSERT INTO `period_liquidation_iva_details` VALUES (65255,7851,505,266,11,40719,1,9,2,5,0.00,0.00,'2023-01-06 02:58:27','2023-01-06 02:58:27',5,NULL),(65256,7851,505,266,11,40719,1,5,2,5,0.00,0.00,'2023-01-06 02:58:27','2023-01-06 02:58:27',5,NULL),(65257,7851,505,266,11,40719,1,13,2,5,0.00,0.00,'2023-01-06 02:58:27','2023-01-06 02:58:27',5,NULL),(65258,7851,505,266,11,40719,1,2,2,5,0.00,0.00,'2023-01-06 02:58:27','2023-01-06 02:58:27',5,NULL),(65259,7851,505,266,11,40719,1,10,2,5,0.00,0.00,'2023-01-06 02:58:27','2023-01-06 02:58:27',5,NULL),(65260,7851,505,266,11,40719,1,6,2,5,0.00,0.00,'2023-01-06 02:58:27','2023-01-06 02:58:27',5,NULL),(65261,7851,505,266,11,40719,1,14,2,5,0.00,0.00,'2023-01-06 02:58:27','2023-01-06 02:58:27',5,NULL),(65262,7851,505,266,11,40719,1,3,2,5,0.00,0.00,'2023-01-06 02:58:27','2023-01-06 02:58:27',5,NULL),(65263,7851,505,266,11,40719,1,11,2,5,0.00,0.00,'2023-01-06 02:58:27','2023-01-06 02:58:27',5,NULL),(65264,7851,505,266,11,40719,1,7,2,5,0.00,0.00,'2023-01-06 02:58:27','2023-01-06 02:58:27',5,NULL),(65265,7851,505,266,11,40719,1,4,2,5,0.00,0.00,'2023-01-06 02:58:27','2023-01-06 02:58:27',5,NULL),(65266,7851,505,266,11,40719,1,12,2,5,0.00,0.00,'2023-01-06 02:58:27','2023-01-06 02:58:27',5,NULL),(65267,7851,505,266,11,40719,1,8,2,5,0.00,0.00,'2023-01-06 02:58:27','2023-01-06 02:58:27',5,NULL),(65268,7851,505,266,11,40719,1,1,2,5,0.00,0.00,'2023-01-06 02:58:27','2023-01-06 02:58:27',5,NULL),(65269,7851,505,266,11,40719,1,10,2,4,0.00,0.00,'2023-01-06 02:58:27','2023-01-06 02:58:27',5,NULL),(65270,7851,505,266,11,40719,1,6,2,4,0.00,0.00,'2023-01-06 02:58:27','2023-01-06 02:58:27',5,NULL),(65271,7851,505,266,11,40719,1,14,2,4,0.00,0.00,'2023-01-06 02:58:27','2023-01-06 02:58:27',5,NULL),(65272,7851,505,266,11,40719,1,3,2,4,0.00,0.00,'2023-01-06 02:58:27','2023-01-06 02:58:27',5,NULL),(65273,7851,505,266,11,40719,1,11,2,4,0.00,0.00,'2023-01-06 02:58:27','2023-01-06 02:58:27',5,NULL),(65274,7851,505,266,11,40719,1,7,2,4,0.00,0.00,'2023-01-06 02:58:27','2023-01-06 02:58:27',5,NULL),(65275,7851,505,266,11,40719,1,4,2,4,0.00,0.00,'2023-01-06 02:58:27','2023-01-06 02:58:27',5,NULL),(65276,7851,505,266,11,40719,1,12,2,4,0.00,0.00,'2023-01-06 02:58:27','2023-01-06 02:58:27',5,NULL),(65277,7851,505,266,11,40719,1,8,2,4,0.00,0.00,'2023-01-06 02:58:27','2023-01-06 02:58:27',5,NULL),(65278,7851,505,266,11,40719,1,1,2,4,0.00,0.00,'2023-01-06 02:58:27','2023-01-06 02:58:27',5,NULL),(65279,7851,505,266,11,40719,1,9,2,4,0.00,0.00,'2023-01-06 02:58:27','2023-01-06 02:58:27',5,NULL),(65280,7851,505,266,11,40719,1,5,2,4,0.00,0.00,'2023-01-06 02:58:27','2023-01-06 02:58:27',5,NULL),(65281,7851,505,266,11,40719,1,13,2,4,0.00,0.00,'2023-01-06 02:58:27','2023-01-06 02:58:27',5,NULL),(65282,7851,505,266,11,40719,1,2,2,4,0.00,0.00,'2023-01-06 02:58:27','2023-01-06 02:58:27',5,NULL),(65283,7851,505,266,11,40719,1,3,2,7,0.00,0.00,'2023-01-06 02:58:27','2023-01-06 02:58:27',5,NULL),(65284,7851,505,266,11,40719,1,2,2,8,0.00,0.00,'2023-01-06 02:58:27','2023-01-06 02:58:27',5,NULL),(65285,7851,505,266,11,40719,1,12,2,6,0.00,0.00,'2023-01-06 02:58:27','2023-01-06 02:58:27',5,NULL),(65286,7851,505,266,11,40719,1,8,2,6,0.00,0.00,'2023-01-06 02:58:27','2023-01-06 02:58:27',5,NULL),(65287,7851,505,266,11,40719,1,11,2,7,0.00,0.00,'2023-01-06 02:58:27','2023-01-06 02:58:27',5,NULL),(65288,7851,505,266,11,40719,1,7,2,7,0.00,0.00,'2023-01-06 02:58:27','2023-01-06 02:58:27',5,NULL),(65289,7851,505,266,11,40719,1,10,2,8,0.00,0.00,'2023-01-06 02:58:27','2023-01-06 02:58:27',5,NULL),(65290,7851,505,266,11,40719,1,6,2,8,0.00,0.00,'2023-01-06 02:58:27','2023-01-06 02:58:27',5,NULL),(65291,7851,505,266,11,40719,1,14,2,8,0.00,0.00,'2023-01-06 02:58:27','2023-01-06 02:58:27',5,NULL),(65292,7851,505,266,11,40719,1,1,2,6,0.00,0.00,'2023-01-06 02:58:27','2023-01-06 02:58:27',5,NULL),(65293,7851,505,266,11,40719,1,4,2,7,0.00,0.00,'2023-01-06 02:58:27','2023-01-06 02:58:27',5,NULL),(65294,7851,505,266,11,40719,1,3,2,8,0.00,0.00,'2023-01-06 02:58:27','2023-01-06 02:58:27',5,NULL);
INSERT INTO `period_liquidation_iva_details` VALUES (65295,7851,505,266,11,40719,1,9,2,6,0.00,0.00,'2023-01-06 02:58:27','2023-01-06 02:58:27',5,NULL),(65296,7851,505,266,11,40719,1,5,2,6,0.00,0.00,'2023-01-06 02:58:27','2023-01-06 02:58:27',5,NULL),(65297,7851,505,266,11,40719,1,13,2,6,0.00,0.00,'2023-01-06 02:58:27','2023-01-06 02:58:27',5,NULL),(65298,7851,505,266,11,40719,1,8,2,7,0.00,0.00,'2023-01-06 02:58:27','2023-01-06 02:58:27',5,NULL),(65299,7851,505,266,11,40719,1,12,2,7,0.00,0.00,'2023-01-06 02:58:27','2023-01-06 02:58:27',5,NULL),(65300,7851,505,266,11,40719,1,11,2,8,0.00,0.00,'2023-01-06 02:58:27','2023-01-06 02:58:27',5,NULL),(65301,7851,505,266,11,40719,1,7,2,8,0.00,0.00,'2023-01-06 02:58:27','2023-01-06 02:58:27',5,NULL),(65302,7851,505,266,11,40719,1,2,2,6,0.00,0.00,'2023-01-06 02:58:27','2023-01-06 02:58:27',5,NULL),(65303,7851,505,266,11,40719,1,1,2,7,0.00,0.00,'2023-01-06 02:58:27','2023-01-06 02:58:27',5,NULL),(65304,7851,505,266,11,40719,1,4,2,8,0.00,0.00,'2023-01-06 02:58:27','2023-01-06 02:58:27',5,NULL),(65305,7851,505,266,11,40719,1,10,2,6,0.00,0.00,'2023-01-06 02:58:27','2023-01-06 02:58:27',5,NULL),(65306,7851,505,266,11,40719,1,6,2,6,0.00,0.00,'2023-01-06 02:58:27','2023-01-06 02:58:27',5,NULL),(65307,7851,505,266,11,40719,1,14,2,6,0.00,0.00,'2023-01-06 02:58:27','2023-01-06 02:58:27',5,NULL),(65308,7851,505,266,11,40719,1,9,2,7,0.00,0.00,'2023-01-06 02:58:27','2023-01-06 02:58:27',5,NULL),(65309,7851,505,266,11,40719,1,5,2,7,0.00,0.00,'2023-01-06 02:58:27','2023-01-06 02:58:27',5,NULL),(65310,7851,505,266,11,40719,1,13,2,7,0.00,0.00,'2023-01-06 02:58:27','2023-01-06 02:58:27',5,NULL),(65311,7851,505,266,11,40719,1,8,2,8,0.00,0.00,'2023-01-06 02:58:27','2023-01-06 02:58:27',5,NULL),(65312,7851,505,266,11,40719,1,12,2,8,0.00,0.00,'2023-01-06 02:58:27','2023-01-06 02:58:27',5,NULL),(65313,7851,505,266,11,40719,1,3,2,6,0.00,0.00,'2023-01-06 02:58:27','2023-01-06 02:58:27',5,NULL),(65314,7851,505,266,11,40719,1,2,2,7,0.00,0.00,'2023-01-06 02:58:27','2023-01-06 02:58:27',5,NULL),(65315,7851,505,266,11,40719,1,1,2,8,0.00,0.00,'2023-01-06 02:58:27','2023-01-06 02:58:27',5,NULL),(65316,7851,505,266,11,40719,1,11,2,6,0.00,0.00,'2023-01-06 02:58:27','2023-01-06 02:58:27',5,NULL),(65317,7851,505,266,11,40719,1,7,2,6,0.00,0.00,'2023-01-06 02:58:27','2023-01-06 02:58:27',5,NULL),(65318,7851,505,266,11,40719,1,10,2,7,0.00,0.00,'2023-01-06 02:58:27','2023-01-06 02:58:27',5,NULL),(65319,7851,505,266,11,40719,1,6,2,7,0.00,0.00,'2023-01-06 02:58:27','2023-01-06 02:58:27',5,NULL),(65320,7851,505,266,11,40719,1,14,2,7,0.00,0.00,'2023-01-06 02:58:27','2023-01-06 02:58:27',5,NULL),(65321,7851,505,266,11,40719,1,9,2,8,0.00,0.00,'2023-01-06 02:58:27','2023-01-06 02:58:27',5,NULL),(65322,7851,505,266,11,40719,1,5,2,8,0.00,0.00,'2023-01-06 02:58:27','2023-01-06 02:58:27',5,NULL),(65323,7851,505,266,11,40719,1,13,2,8,0.00,0.00,'2023-01-06 02:58:27','2023-01-06 02:58:27',5,NULL),(65324,7851,505,266,11,40719,1,4,2,6,0.00,0.00,'2023-01-06 02:58:27','2023-01-06 02:58:27',5,NULL),(65325,7851,505,266,11,40719,1,13,2,3,0.00,0.00,'2023-01-06 02:58:27','2023-01-06 02:58:27',6,NULL),(65326,7851,505,266,11,40719,1,3,2,3,0.00,0.00,'2023-01-06 02:58:27','2023-01-06 02:58:27',6,NULL),(65327,7851,505,266,11,40719,1,6,2,3,0.00,0.00,'2023-01-06 02:58:27','2023-01-06 02:58:27',6,NULL),(65328,7851,505,266,11,40719,1,9,2,3,0.00,0.00,'2023-01-06 02:58:27','2023-01-06 02:58:27',6,NULL),(65329,7851,505,266,11,40719,1,12,2,3,0.00,0.00,'2023-01-06 02:58:27','2023-01-06 02:58:27',6,NULL),(65330,7851,505,266,11,40719,1,2,2,3,0.00,0.00,'2023-01-06 02:58:27','2023-01-06 02:58:27',6,NULL),(65331,7851,505,266,11,40719,1,5,2,3,0.00,0.00,'2023-01-06 02:58:27','2023-01-06 02:58:27',6,NULL),(65332,7851,505,266,11,40719,1,8,2,3,0.00,0.00,'2023-01-06 02:58:27','2023-01-06 02:58:27',6,NULL),(65333,7851,505,266,11,40719,1,11,2,3,0.00,0.00,'2023-01-06 02:58:27','2023-01-06 02:58:27',6,NULL),(65334,7851,505,266,11,40719,1,14,2,3,0.00,0.00,'2023-01-06 02:58:27','2023-01-06 02:58:27',6,NULL);
INSERT INTO `period_liquidation_iva_details` VALUES (65335,7851,505,266,11,40719,1,1,2,3,12481.65,3370.05,'2023-01-06 02:58:27','2023-01-06 02:58:27',6,NULL),(65336,7851,505,266,11,40719,1,4,2,3,0.00,0.00,'2023-01-06 02:58:27','2023-01-06 02:58:27',6,NULL),(65337,7851,505,266,11,40719,1,7,2,3,0.00,0.00,'2023-01-06 02:58:27','2023-01-06 02:58:27',6,NULL),(65338,7851,505,266,11,40719,1,10,2,3,0.00,0.00,'2023-01-06 02:58:27','2023-01-06 02:58:27',6,NULL),(65339,7851,505,266,11,40719,1,12,2,2,0.00,0.00,'2023-01-06 02:58:27','2023-01-06 02:58:27',6,NULL),(65340,7851,505,266,11,40719,1,2,2,2,0.00,0.00,'2023-01-06 02:58:27','2023-01-06 02:58:27',6,NULL),(65341,7851,505,266,11,40719,1,5,2,2,0.00,0.00,'2023-01-06 02:58:27','2023-01-06 02:58:27',6,NULL),(65342,7851,505,266,11,40719,1,8,2,2,0.00,0.00,'2023-01-06 02:58:27','2023-01-06 02:58:27',6,NULL),(65343,7851,505,266,11,40719,1,11,2,2,0.00,0.00,'2023-01-06 02:58:27','2023-01-06 02:58:27',6,NULL),(65344,7851,505,266,11,40719,1,14,2,2,0.00,0.00,'2023-01-06 02:58:27','2023-01-06 02:58:27',6,NULL),(65345,7851,505,266,11,40719,1,1,2,2,168534.86,35392.32,'2023-01-06 02:58:27','2023-01-06 02:58:27',6,NULL),(65346,7851,505,266,11,40719,1,4,2,2,0.00,0.00,'2023-01-06 02:58:27','2023-01-06 02:58:27',6,NULL),(65347,7851,505,266,11,40719,1,7,2,2,0.00,1515.00,'2023-01-06 02:58:27','2023-01-06 02:58:27',6,NULL),(65348,7851,505,266,11,40719,1,10,2,2,0.00,0.00,'2023-01-06 02:58:27','2023-01-06 02:58:27',6,NULL),(65349,7851,505,266,11,40719,1,13,2,2,0.00,0.00,'2023-01-06 02:58:27','2023-01-06 02:58:27',6,NULL),(65350,7851,505,266,11,40719,1,3,2,2,21207.78,4453.63,'2023-01-06 02:58:27','2023-01-06 02:58:27',6,NULL),(65351,7851,505,266,11,40719,1,6,2,2,0.00,0.00,'2023-01-06 02:58:27','2023-01-06 02:58:27',6,NULL),(65352,7851,505,266,11,40719,1,9,2,2,0.00,0.00,'2023-01-06 02:58:27','2023-01-06 02:58:27',6,NULL),(65353,7851,505,266,11,40719,1,8,2,1,0.00,0.00,'2023-01-06 02:58:27','2023-01-06 02:58:27',6,NULL),(65354,7851,505,266,11,40719,1,11,2,1,0.00,0.00,'2023-01-06 02:58:27','2023-01-06 02:58:27',6,NULL),(65355,7851,505,266,11,40719,1,14,2,1,0.00,0.00,'2023-01-06 02:58:27','2023-01-06 02:58:27',6,NULL),(65356,7851,505,266,11,40719,1,1,2,1,0.00,0.00,'2023-01-06 02:58:27','2023-01-06 02:58:27',6,NULL),(65357,7851,505,266,11,40719,1,4,2,1,0.00,0.00,'2023-01-06 02:58:27','2023-01-06 02:58:27',6,NULL),(65358,7851,505,266,11,40719,1,7,2,1,0.00,0.00,'2023-01-06 02:58:27','2023-01-06 02:58:27',6,NULL),(65359,7851,505,266,11,40719,1,10,2,1,0.00,0.00,'2023-01-06 02:58:27','2023-01-06 02:58:27',6,NULL),(65360,7851,505,266,11,40719,1,13,2,1,0.00,0.00,'2023-01-06 02:58:27','2023-01-06 02:58:27',6,NULL),(65361,7851,505,266,11,40719,1,3,2,1,0.00,0.00,'2023-01-06 02:58:27','2023-01-06 02:58:27',6,NULL),(65362,7851,505,266,11,40719,1,6,2,1,0.00,0.00,'2023-01-06 02:58:27','2023-01-06 02:58:27',6,NULL),(65363,7851,505,266,11,40719,1,9,2,1,0.00,0.00,'2023-01-06 02:58:27','2023-01-06 02:58:27',6,NULL),(65364,7851,505,266,11,40719,1,12,2,1,0.00,0.00,'2023-01-06 02:58:27','2023-01-06 02:58:27',6,NULL),(65365,7851,505,266,11,40719,1,2,2,1,0.00,0.00,'2023-01-06 02:58:27','2023-01-06 02:58:27',6,NULL),(65366,7851,505,266,11,40719,1,5,2,1,0.00,0.00,'2023-01-06 02:58:28','2023-01-06 02:58:28',6,NULL),(65367,7851,505,266,11,40719,1,2,2,5,0.00,0.00,'2023-01-06 02:58:28','2023-01-06 02:58:28',6,NULL),(65368,7851,505,266,11,40719,1,5,2,5,0.00,0.00,'2023-01-06 02:58:28','2023-01-06 02:58:28',6,NULL),(65369,7851,505,266,11,40719,1,8,2,5,0.00,0.00,'2023-01-06 02:58:28','2023-01-06 02:58:28',6,NULL),(65370,7851,505,266,11,40719,1,11,2,5,0.00,0.00,'2023-01-06 02:58:28','2023-01-06 02:58:28',6,NULL),(65371,7851,505,266,11,40719,1,14,2,5,0.00,0.00,'2023-01-06 02:58:28','2023-01-06 02:58:28',6,NULL),(65372,7851,505,266,11,40719,1,1,2,5,0.00,0.00,'2023-01-06 02:58:28','2023-01-06 02:58:28',6,NULL),(65373,7851,505,266,11,40719,1,4,2,5,0.00,0.00,'2023-01-06 02:58:28','2023-01-06 02:58:28',6,NULL),(65374,7851,505,266,11,40719,1,7,2,5,0.00,0.00,'2023-01-06 02:58:28','2023-01-06 02:58:28',6,NULL);
INSERT INTO `period_liquidation_iva_details` VALUES (65375,7851,505,266,11,40719,1,10,2,5,0.00,0.00,'2023-01-06 02:58:28','2023-01-06 02:58:28',6,NULL),(65376,7851,505,266,11,40719,1,13,2,5,0.00,0.00,'2023-01-06 02:58:28','2023-01-06 02:58:28',6,NULL),(65377,7851,505,266,11,40719,1,3,2,5,0.00,0.00,'2023-01-06 02:58:28','2023-01-06 02:58:28',6,NULL),(65378,7851,505,266,11,40719,1,6,2,5,0.00,0.00,'2023-01-06 02:58:28','2023-01-06 02:58:28',6,NULL),(65379,7851,505,266,11,40719,1,9,2,5,0.00,0.00,'2023-01-06 02:58:28','2023-01-06 02:58:28',6,NULL),(65380,7851,505,266,11,40719,1,12,2,5,0.00,0.00,'2023-01-06 02:58:28','2023-01-06 02:58:28',6,NULL),(65381,7851,505,266,11,40719,1,1,2,4,0.00,0.00,'2023-01-06 02:58:28','2023-01-06 02:58:28',6,NULL),(65382,7851,505,266,11,40719,1,4,2,4,0.00,0.00,'2023-01-06 02:58:28','2023-01-06 02:58:28',6,NULL),(65383,7851,505,266,11,40719,1,7,2,4,0.00,0.00,'2023-01-06 02:58:28','2023-01-06 02:58:28',6,NULL),(65384,7851,505,266,11,40719,1,10,2,4,0.00,0.00,'2023-01-06 02:58:28','2023-01-06 02:58:28',6,NULL),(65385,7851,505,266,11,40719,1,13,2,4,0.00,0.00,'2023-01-06 02:58:28','2023-01-06 02:58:28',6,NULL),(65386,7851,505,266,11,40719,1,3,2,4,0.00,0.00,'2023-01-06 02:58:28','2023-01-06 02:58:28',6,NULL),(65387,7851,505,266,11,40719,1,6,2,4,0.00,0.00,'2023-01-06 02:58:28','2023-01-06 02:58:28',6,NULL),(65388,7851,505,266,11,40719,1,9,2,4,0.00,0.00,'2023-01-06 02:58:28','2023-01-06 02:58:28',6,NULL),(65389,7851,505,266,11,40719,1,12,2,4,0.00,0.00,'2023-01-06 02:58:28','2023-01-06 02:58:28',6,NULL),(65390,7851,505,266,11,40719,1,2,2,4,0.00,0.00,'2023-01-06 02:58:28','2023-01-06 02:58:28',6,NULL),(65391,7851,505,266,11,40719,1,5,2,4,0.00,0.00,'2023-01-06 02:58:28','2023-01-06 02:58:28',6,NULL),(65392,7851,505,266,11,40719,1,8,2,4,0.00,0.00,'2023-01-06 02:58:28','2023-01-06 02:58:28',6,NULL),(65393,7851,505,266,11,40719,1,11,2,4,0.00,0.00,'2023-01-06 02:58:28','2023-01-06 02:58:28',6,NULL),(65394,7851,505,266,11,40719,1,14,2,4,0.00,0.00,'2023-01-06 02:58:28','2023-01-06 02:58:28',6,NULL),(65395,7851,505,266,11,40719,1,6,2,8,0.00,0.00,'2023-01-06 02:58:28','2023-01-06 02:58:28',6,NULL),(65396,7851,505,266,11,40719,1,9,2,8,0.00,0.00,'2023-01-06 02:58:28','2023-01-06 02:58:28',6,NULL),(65397,7851,505,266,11,40719,1,12,2,8,0.00,0.00,'2023-01-06 02:58:28','2023-01-06 02:58:28',6,NULL),(65398,7851,505,266,11,40719,1,2,2,8,0.00,0.00,'2023-01-06 02:58:28','2023-01-06 02:58:28',6,NULL),(65399,7851,505,266,11,40719,1,5,2,8,0.00,0.00,'2023-01-06 02:58:28','2023-01-06 02:58:28',6,NULL),(65400,7851,505,266,11,40719,1,8,2,8,0.00,0.00,'2023-01-06 02:58:28','2023-01-06 02:58:28',6,NULL),(65401,7851,505,266,11,40719,1,11,2,8,0.00,0.00,'2023-01-06 02:58:28','2023-01-06 02:58:28',6,NULL),(65402,7851,505,266,11,40719,1,14,2,8,0.00,0.00,'2023-01-06 02:58:28','2023-01-06 02:58:28',6,NULL),(65403,7851,505,266,11,40719,1,1,2,8,0.01,0.00,'2023-01-06 02:58:28','2023-01-06 02:58:28',6,NULL),(65404,7851,505,266,11,40719,1,4,2,8,0.00,0.00,'2023-01-06 02:58:28','2023-01-06 02:58:28',6,NULL),(65405,7851,505,266,11,40719,1,7,2,8,0.00,0.00,'2023-01-06 02:58:28','2023-01-06 02:58:28',6,NULL),(65406,7851,505,266,11,40719,1,10,2,8,0.00,0.00,'2023-01-06 02:58:28','2023-01-06 02:58:28',6,NULL),(65407,7851,505,266,11,40719,1,13,2,8,0.00,0.00,'2023-01-06 02:58:28','2023-01-06 02:58:28',6,NULL),(65408,7851,505,266,11,40719,1,3,2,8,0.00,0.00,'2023-01-06 02:58:28','2023-01-06 02:58:28',6,NULL),(65409,7851,505,266,11,40719,1,2,2,6,0.00,0.00,'2023-01-06 02:58:28','2023-01-06 02:58:28',7,NULL),(65410,7851,505,266,11,40719,1,14,2,7,0.00,0.00,'2023-01-06 02:58:28','2023-01-06 02:58:28',7,NULL),(65411,7851,505,266,11,40719,1,11,2,6,0.00,0.00,'2023-01-06 02:58:28','2023-01-06 02:58:28',7,NULL),(65412,7851,505,266,11,40719,1,7,2,7,0.00,0.00,'2023-01-06 02:58:28','2023-01-06 02:58:28',7,NULL),(65413,7851,505,266,11,40719,1,4,2,6,0.00,0.00,'2023-01-06 02:58:28','2023-01-06 02:58:28',7,NULL),(65414,7851,505,266,11,40719,1,13,2,6,0.00,0.00,'2023-01-06 02:58:28','2023-01-06 02:58:28',7,NULL);
INSERT INTO `period_liquidation_iva_details` VALUES (65415,7851,505,266,11,40719,1,9,2,7,0.00,0.00,'2023-01-06 02:58:28','2023-01-06 02:58:28',7,NULL),(65416,7851,505,266,11,40719,1,6,2,6,0.00,0.00,'2023-01-06 02:58:28','2023-01-06 02:58:28',7,NULL),(65417,7851,505,266,11,40719,1,2,2,7,0.00,0.00,'2023-01-06 02:58:28','2023-01-06 02:58:28',7,NULL),(65418,7851,505,266,11,40719,1,11,2,7,0.00,0.00,'2023-01-06 02:58:28','2023-01-06 02:58:28',7,NULL),(65419,7851,505,266,11,40719,1,8,2,6,0.00,0.00,'2023-01-06 02:58:28','2023-01-06 02:58:28',7,NULL),(65420,7851,505,266,11,40719,1,4,2,7,0.00,0.00,'2023-01-06 02:58:28','2023-01-06 02:58:28',7,NULL),(65421,7851,505,266,11,40719,1,1,2,6,0.00,0.00,'2023-01-06 02:58:28','2023-01-06 02:58:28',7,NULL),(65422,7851,505,266,11,40719,1,13,2,7,0.00,0.00,'2023-01-06 02:58:28','2023-01-06 02:58:28',7,NULL),(65423,7851,505,266,11,40719,1,10,2,6,0.00,0.00,'2023-01-06 02:58:28','2023-01-06 02:58:28',7,NULL),(65424,7851,505,266,11,40719,1,6,2,7,0.00,0.00,'2023-01-06 02:58:28','2023-01-06 02:58:28',7,NULL),(65425,7851,505,266,11,40719,1,3,2,6,0.00,0.00,'2023-01-06 02:58:28','2023-01-06 02:58:28',7,NULL),(65426,7851,505,266,11,40719,1,12,2,6,0.00,0.00,'2023-01-06 02:58:28','2023-01-06 02:58:28',7,NULL),(65427,7851,505,266,11,40719,1,8,2,7,0.00,0.00,'2023-01-06 02:58:28','2023-01-06 02:58:28',7,NULL),(65428,7851,505,266,11,40719,1,5,2,6,0.00,0.00,'2023-01-06 02:58:28','2023-01-06 02:58:28',7,NULL),(65429,7851,505,266,11,40719,1,1,2,7,9170.97,0.00,'2023-01-06 02:58:28','2023-01-06 02:58:28',7,NULL),(65430,7851,505,266,11,40719,1,14,2,6,0.00,0.00,'2023-01-06 02:58:28','2023-01-06 02:58:28',7,NULL),(65431,7851,505,266,11,40719,1,10,2,7,0.00,0.00,'2023-01-06 02:58:28','2023-01-06 02:58:28',7,NULL),(65432,7851,505,266,11,40719,1,7,2,6,0.00,0.00,'2023-01-06 02:58:28','2023-01-06 02:58:28',7,NULL),(65433,7851,505,266,11,40719,1,3,2,7,2843.34,0.00,'2023-01-06 02:58:28','2023-01-06 02:58:28',7,NULL),(65434,7851,505,266,11,40719,1,12,2,7,0.00,0.00,'2023-01-06 02:58:28','2023-01-06 02:58:28',7,NULL),(65435,7851,505,266,11,40719,1,9,2,6,0.00,0.00,'2023-01-06 02:58:28','2023-01-06 02:58:28',7,NULL),(65436,7851,505,266,11,40719,1,5,2,7,0.00,0.00,'2023-01-06 02:58:28','2023-01-06 02:58:28',7,NULL),(66667,7851,518,272,3,40719,652,1,1,3,0.00,0.00,'2023-01-09 17:20:26','2023-01-09 17:20:26',1,NULL),(66668,7851,518,272,3,40719,652,1,1,2,0.00,0.00,'2023-01-09 17:20:26','2023-01-09 17:20:26',1,NULL),(66669,7851,518,272,3,40719,652,1,1,1,0.00,0.00,'2023-01-09 17:20:26','2023-01-09 17:20:26',1,NULL),(66670,7851,518,272,3,40719,652,1,1,5,0.00,0.00,'2023-01-09 17:20:26','2023-01-09 17:20:26',1,NULL),(66671,7851,518,272,3,40719,652,1,1,4,0.00,0.00,'2023-01-09 17:20:26','2023-01-09 17:20:26',1,NULL),(66672,7851,518,272,3,40719,652,1,1,8,0.00,0.00,'2023-01-09 17:20:26','2023-01-09 17:20:26',1,NULL),(66673,7851,518,272,3,40719,652,1,1,3,0.00,0.00,'2023-01-09 17:20:26','2023-01-09 17:20:26',2,NULL),(66674,7851,518,272,3,40719,652,1,1,2,0.00,0.00,'2023-01-09 17:20:26','2023-01-09 17:20:26',2,NULL),(66675,7851,518,272,3,40719,652,1,1,1,0.00,0.00,'2023-01-09 17:20:26','2023-01-09 17:20:26',2,NULL),(66676,7851,518,272,3,40719,652,1,1,5,0.00,0.00,'2023-01-09 17:20:26','2023-01-09 17:20:26',2,NULL),(66677,7851,518,272,3,40719,652,1,1,4,0.00,0.00,'2023-01-09 17:20:26','2023-01-09 17:20:26',2,NULL),(66678,7851,518,272,3,40719,652,1,1,8,0.00,0.00,'2023-01-09 17:20:26','2023-01-09 17:20:26',2,NULL),(66679,7851,518,272,3,40719,652,1,1,7,0.00,0.00,'2023-01-09 17:20:26','2023-01-09 17:20:26',3,NULL),(66680,7851,518,272,3,40719,652,1,1,6,0.00,0.00,'2023-01-09 17:20:26','2023-01-09 17:20:26',3,NULL),(66681,7851,518,272,3,40719,652,1,1,3,0.00,0.00,'2023-01-09 17:20:26','2023-01-09 17:20:26',4,NULL),(66682,7851,518,272,3,40719,652,1,1,2,0.00,0.00,'2023-01-09 17:20:26','2023-01-09 17:20:26',4,NULL),(66683,7851,518,272,3,40719,652,1,1,1,0.00,0.00,'2023-01-09 17:20:26','2023-01-09 17:20:26',4,NULL),(66684,7851,518,272,3,40719,652,1,1,5,0.00,0.00,'2023-01-09 17:20:26','2023-01-09 17:20:26',4,NULL);
INSERT INTO `period_liquidation_iva_details` VALUES (66685,7851,518,272,3,40719,652,1,1,4,0.00,0.00,'2023-01-09 17:20:26','2023-01-09 17:20:26',4,NULL),(66686,7851,518,272,3,40719,652,1,1,7,0.00,0.00,'2023-01-09 17:20:26','2023-01-09 17:20:26',4,NULL),(66687,7851,518,272,3,40719,652,1,1,8,0.00,0.00,'2023-01-09 17:20:26','2023-01-09 17:20:26',4,NULL),(66688,7851,518,272,3,40719,652,1,1,6,0.00,0.00,'2023-01-09 17:20:26','2023-01-09 17:20:26',4,NULL),(66689,7851,518,272,3,40719,1,11,2,3,0.00,0.00,'2023-01-09 17:20:26','2023-01-09 17:20:26',5,NULL),(66690,7851,518,272,3,40719,1,7,2,3,0.00,0.00,'2023-01-09 17:20:26','2023-01-09 17:20:26',5,NULL),(66691,7851,518,272,3,40719,1,4,2,3,0.00,0.00,'2023-01-09 17:20:26','2023-01-09 17:20:26',5,NULL),(66692,7851,518,272,3,40719,1,12,2,3,0.00,0.00,'2023-01-09 17:20:26','2023-01-09 17:20:26',5,NULL),(66693,7851,518,272,3,40719,1,8,2,3,0.00,0.00,'2023-01-09 17:20:26','2023-01-09 17:20:26',5,NULL),(66694,7851,518,272,3,40719,1,1,2,3,0.00,0.00,'2023-01-09 17:20:26','2023-01-09 17:20:26',5,NULL),(66695,7851,518,272,3,40719,1,5,2,3,0.00,0.00,'2023-01-09 17:20:26','2023-01-09 17:20:26',5,NULL),(66696,7851,518,272,3,40719,1,13,2,3,0.00,0.00,'2023-01-09 17:20:26','2023-01-09 17:20:26',5,NULL),(66697,7851,518,272,3,40719,1,9,2,3,0.00,0.00,'2023-01-09 17:20:26','2023-01-09 17:20:26',5,NULL),(66698,7851,518,272,3,40719,1,2,2,3,0.00,0.00,'2023-01-09 17:20:26','2023-01-09 17:20:26',5,NULL),(66699,7851,518,272,3,40719,1,10,2,3,0.00,0.00,'2023-01-09 17:20:26','2023-01-09 17:20:26',5,NULL),(66700,7851,518,272,3,40719,1,6,2,3,0.00,0.00,'2023-01-09 17:20:26','2023-01-09 17:20:26',5,NULL),(66701,7851,518,272,3,40719,1,14,2,3,0.00,0.00,'2023-01-09 17:20:26','2023-01-09 17:20:26',5,NULL),(66702,7851,518,272,3,40719,1,3,2,3,0.00,0.00,'2023-01-09 17:20:26','2023-01-09 17:20:26',5,NULL),(66703,7851,518,272,3,40719,1,1,2,2,0.00,0.00,'2023-01-09 17:20:26','2023-01-09 17:20:26',5,NULL),(66704,7851,518,272,3,40719,1,5,2,2,0.00,0.00,'2023-01-09 17:20:26','2023-01-09 17:20:26',5,NULL),(66705,7851,518,272,3,40719,1,13,2,2,0.00,0.00,'2023-01-09 17:20:26','2023-01-09 17:20:26',5,NULL),(66706,7851,518,272,3,40719,1,9,2,2,0.00,0.00,'2023-01-09 17:20:26','2023-01-09 17:20:26',5,NULL),(66707,7851,518,272,3,40719,1,2,2,2,0.00,0.00,'2023-01-09 17:20:26','2023-01-09 17:20:26',5,NULL),(66708,7851,518,272,3,40719,1,10,2,2,0.00,0.00,'2023-01-09 17:20:26','2023-01-09 17:20:26',5,NULL),(66709,7851,518,272,3,40719,1,6,2,2,0.00,0.00,'2023-01-09 17:20:26','2023-01-09 17:20:26',5,NULL),(66710,7851,518,272,3,40719,1,14,2,2,0.00,0.00,'2023-01-09 17:20:26','2023-01-09 17:20:26',5,NULL),(66711,7851,518,272,3,40719,1,3,2,2,0.00,0.00,'2023-01-09 17:20:27','2023-01-09 17:20:27',5,NULL),(66712,7851,518,272,3,40719,1,11,2,2,0.00,0.00,'2023-01-09 17:20:27','2023-01-09 17:20:27',5,NULL),(66713,7851,518,272,3,40719,1,7,2,2,0.00,0.00,'2023-01-09 17:20:27','2023-01-09 17:20:27',5,NULL),(66714,7851,518,272,3,40719,1,4,2,2,0.00,0.00,'2023-01-09 17:20:27','2023-01-09 17:20:27',5,NULL),(66715,7851,518,272,3,40719,1,12,2,2,0.00,0.00,'2023-01-09 17:20:27','2023-01-09 17:20:27',5,NULL),(66716,7851,518,272,3,40719,1,8,2,2,0.00,0.00,'2023-01-09 17:20:27','2023-01-09 17:20:27',5,NULL),(66717,7851,518,272,3,40719,1,2,2,1,0.00,0.00,'2023-01-09 17:20:27','2023-01-09 17:20:27',5,NULL),(66718,7851,518,272,3,40719,1,10,2,1,0.00,0.00,'2023-01-09 17:20:27','2023-01-09 17:20:27',5,NULL),(66719,7851,518,272,3,40719,1,6,2,1,0.00,0.00,'2023-01-09 17:20:27','2023-01-09 17:20:27',5,NULL),(66720,7851,518,272,3,40719,1,14,2,1,0.00,0.00,'2023-01-09 17:20:27','2023-01-09 17:20:27',5,NULL),(66721,7851,518,272,3,40719,1,3,2,1,0.00,0.00,'2023-01-09 17:20:27','2023-01-09 17:20:27',5,NULL),(66722,7851,518,272,3,40719,1,11,2,1,0.00,0.00,'2023-01-09 17:20:27','2023-01-09 17:20:27',5,NULL),(66723,7851,518,272,3,40719,1,7,2,1,0.00,0.00,'2023-01-09 17:20:27','2023-01-09 17:20:27',5,NULL),(66724,7851,518,272,3,40719,1,4,2,1,0.00,0.00,'2023-01-09 17:20:27','2023-01-09 17:20:27',5,NULL);
INSERT INTO `period_liquidation_iva_details` VALUES (66725,7851,518,272,3,40719,1,12,2,1,0.00,0.00,'2023-01-09 17:20:27','2023-01-09 17:20:27',5,NULL),(66726,7851,518,272,3,40719,1,8,2,1,0.00,0.00,'2023-01-09 17:20:27','2023-01-09 17:20:27',5,NULL),(66727,7851,518,272,3,40719,1,1,2,1,0.00,0.00,'2023-01-09 17:20:27','2023-01-09 17:20:27',5,NULL),(66728,7851,518,272,3,40719,1,5,2,1,0.00,0.00,'2023-01-09 17:20:27','2023-01-09 17:20:27',5,NULL),(66729,7851,518,272,3,40719,1,13,2,1,0.00,0.00,'2023-01-09 17:20:27','2023-01-09 17:20:27',5,NULL),(66730,7851,518,272,3,40719,1,9,2,1,0.00,0.00,'2023-01-09 17:20:27','2023-01-09 17:20:27',5,NULL),(66731,7851,518,272,3,40719,1,9,2,5,0.00,0.00,'2023-01-09 17:20:27','2023-01-09 17:20:27',5,NULL),(66732,7851,518,272,3,40719,1,5,2,5,0.00,0.00,'2023-01-09 17:20:27','2023-01-09 17:20:27',5,NULL),(66733,7851,518,272,3,40719,1,13,2,5,0.00,0.00,'2023-01-09 17:20:27','2023-01-09 17:20:27',5,NULL),(66734,7851,518,272,3,40719,1,2,2,5,0.00,0.00,'2023-01-09 17:20:27','2023-01-09 17:20:27',5,NULL),(66735,7851,518,272,3,40719,1,10,2,5,0.00,0.00,'2023-01-09 17:20:27','2023-01-09 17:20:27',5,NULL),(66736,7851,518,272,3,40719,1,6,2,5,0.00,0.00,'2023-01-09 17:20:27','2023-01-09 17:20:27',5,NULL),(66737,7851,518,272,3,40719,1,14,2,5,0.00,0.00,'2023-01-09 17:20:27','2023-01-09 17:20:27',5,NULL),(66738,7851,518,272,3,40719,1,3,2,5,0.00,0.00,'2023-01-09 17:20:27','2023-01-09 17:20:27',5,NULL),(66739,7851,518,272,3,40719,1,11,2,5,0.00,0.00,'2023-01-09 17:20:27','2023-01-09 17:20:27',5,NULL),(66740,7851,518,272,3,40719,1,7,2,5,0.00,0.00,'2023-01-09 17:20:27','2023-01-09 17:20:27',5,NULL),(66741,7851,518,272,3,40719,1,4,2,5,0.00,0.00,'2023-01-09 17:20:27','2023-01-09 17:20:27',5,NULL),(66742,7851,518,272,3,40719,1,12,2,5,0.00,0.00,'2023-01-09 17:20:27','2023-01-09 17:20:27',5,NULL),(66743,7851,518,272,3,40719,1,8,2,5,0.00,0.00,'2023-01-09 17:20:27','2023-01-09 17:20:27',5,NULL),(66744,7851,518,272,3,40719,1,1,2,5,0.00,0.00,'2023-01-09 17:20:27','2023-01-09 17:20:27',5,NULL),(66745,7851,518,272,3,40719,1,10,2,4,0.00,0.00,'2023-01-09 17:20:27','2023-01-09 17:20:27',5,NULL),(66746,7851,518,272,3,40719,1,6,2,4,0.00,0.00,'2023-01-09 17:20:27','2023-01-09 17:20:27',5,NULL),(66747,7851,518,272,3,40719,1,14,2,4,0.00,0.00,'2023-01-09 17:20:27','2023-01-09 17:20:27',5,NULL),(66748,7851,518,272,3,40719,1,3,2,4,0.00,0.00,'2023-01-09 17:20:27','2023-01-09 17:20:27',5,NULL),(66749,7851,518,272,3,40719,1,11,2,4,0.00,0.00,'2023-01-09 17:20:27','2023-01-09 17:20:27',5,NULL),(66750,7851,518,272,3,40719,1,7,2,4,0.00,0.00,'2023-01-09 17:20:27','2023-01-09 17:20:27',5,NULL),(66751,7851,518,272,3,40719,1,4,2,4,0.00,0.00,'2023-01-09 17:20:27','2023-01-09 17:20:27',5,NULL),(66752,7851,518,272,3,40719,1,12,2,4,0.00,0.00,'2023-01-09 17:20:27','2023-01-09 17:20:27',5,NULL),(66753,7851,518,272,3,40719,1,8,2,4,0.00,0.00,'2023-01-09 17:20:27','2023-01-09 17:20:27',5,NULL),(66754,7851,518,272,3,40719,1,1,2,4,0.00,0.00,'2023-01-09 17:20:27','2023-01-09 17:20:27',5,NULL),(66755,7851,518,272,3,40719,1,5,2,4,0.00,0.00,'2023-01-09 17:20:27','2023-01-09 17:20:27',5,NULL),(66756,7851,518,272,3,40719,1,13,2,4,0.00,0.00,'2023-01-09 17:20:27','2023-01-09 17:20:27',5,NULL),(66757,7851,518,272,3,40719,1,9,2,4,0.00,0.00,'2023-01-09 17:20:27','2023-01-09 17:20:27',5,NULL),(66758,7851,518,272,3,40719,1,2,2,4,0.00,0.00,'2023-01-09 17:20:27','2023-01-09 17:20:27',5,NULL),(66759,7851,518,272,3,40719,1,3,2,7,0.00,0.00,'2023-01-09 17:20:27','2023-01-09 17:20:27',5,NULL),(66760,7851,518,272,3,40719,1,2,2,8,0.00,0.00,'2023-01-09 17:20:27','2023-01-09 17:20:27',5,NULL),(66761,7851,518,272,3,40719,1,12,2,6,0.00,0.00,'2023-01-09 17:20:27','2023-01-09 17:20:27',5,NULL),(66762,7851,518,272,3,40719,1,8,2,6,0.00,0.00,'2023-01-09 17:20:27','2023-01-09 17:20:27',5,NULL),(66763,7851,518,272,3,40719,1,11,2,7,0.00,0.00,'2023-01-09 17:20:27','2023-01-09 17:20:27',5,NULL),(66764,7851,518,272,3,40719,1,7,2,7,0.00,0.00,'2023-01-09 17:20:27','2023-01-09 17:20:27',5,NULL);
INSERT INTO `period_liquidation_iva_details` VALUES (66765,7851,518,272,3,40719,1,10,2,8,0.00,0.00,'2023-01-09 17:20:27','2023-01-09 17:20:27',5,NULL),(66766,7851,518,272,3,40719,1,6,2,8,0.00,0.00,'2023-01-09 17:20:27','2023-01-09 17:20:27',5,NULL),(66767,7851,518,272,3,40719,1,14,2,8,0.00,0.00,'2023-01-09 17:20:27','2023-01-09 17:20:27',5,NULL),(66768,7851,518,272,3,40719,1,1,2,6,0.00,0.00,'2023-01-09 17:20:27','2023-01-09 17:20:27',5,NULL),(66769,7851,518,272,3,40719,1,4,2,7,0.00,0.00,'2023-01-09 17:20:27','2023-01-09 17:20:27',5,NULL),(66770,7851,518,272,3,40719,1,3,2,8,0.00,0.00,'2023-01-09 17:20:27','2023-01-09 17:20:27',5,NULL),(66771,7851,518,272,3,40719,1,9,2,6,0.00,0.00,'2023-01-09 17:20:27','2023-01-09 17:20:27',5,NULL),(66772,7851,518,272,3,40719,1,5,2,6,0.00,0.00,'2023-01-09 17:20:27','2023-01-09 17:20:27',5,NULL),(66773,7851,518,272,3,40719,1,13,2,6,0.00,0.00,'2023-01-09 17:20:27','2023-01-09 17:20:27',5,NULL),(66774,7851,518,272,3,40719,1,12,2,7,0.00,0.00,'2023-01-09 17:20:27','2023-01-09 17:20:27',5,NULL),(66775,7851,518,272,3,40719,1,8,2,7,0.00,0.00,'2023-01-09 17:20:27','2023-01-09 17:20:27',5,NULL),(66776,7851,518,272,3,40719,1,11,2,8,0.00,0.00,'2023-01-09 17:20:27','2023-01-09 17:20:27',5,NULL),(66777,7851,518,272,3,40719,1,7,2,8,0.00,0.00,'2023-01-09 17:20:27','2023-01-09 17:20:27',5,NULL),(66778,7851,518,272,3,40719,1,2,2,6,0.00,0.00,'2023-01-09 17:20:27','2023-01-09 17:20:27',5,NULL),(66779,7851,518,272,3,40719,1,1,2,7,0.00,0.00,'2023-01-09 17:20:27','2023-01-09 17:20:27',5,NULL),(66780,7851,518,272,3,40719,1,4,2,8,0.00,0.00,'2023-01-09 17:20:27','2023-01-09 17:20:27',5,NULL),(66781,7851,518,272,3,40719,1,10,2,6,0.00,0.00,'2023-01-09 17:20:27','2023-01-09 17:20:27',5,NULL),(66782,7851,518,272,3,40719,1,6,2,6,0.00,0.00,'2023-01-09 17:20:27','2023-01-09 17:20:27',5,NULL),(66783,7851,518,272,3,40719,1,14,2,6,0.00,0.00,'2023-01-09 17:20:27','2023-01-09 17:20:27',5,NULL),(66784,7851,518,272,3,40719,1,9,2,7,0.00,0.00,'2023-01-09 17:20:27','2023-01-09 17:20:27',5,NULL),(66785,7851,518,272,3,40719,1,5,2,7,0.00,0.00,'2023-01-09 17:20:27','2023-01-09 17:20:27',5,NULL),(66786,7851,518,272,3,40719,1,13,2,7,0.00,0.00,'2023-01-09 17:20:27','2023-01-09 17:20:27',5,NULL),(66787,7851,518,272,3,40719,1,12,2,8,0.00,0.00,'2023-01-09 17:20:27','2023-01-09 17:20:27',5,NULL),(66788,7851,518,272,3,40719,1,8,2,8,0.00,0.00,'2023-01-09 17:20:27','2023-01-09 17:20:27',5,NULL),(66789,7851,518,272,3,40719,1,3,2,6,0.00,0.00,'2023-01-09 17:20:27','2023-01-09 17:20:27',5,NULL),(66790,7851,518,272,3,40719,1,2,2,7,0.00,0.00,'2023-01-09 17:20:27','2023-01-09 17:20:27',5,NULL),(66791,7851,518,272,3,40719,1,1,2,8,0.00,0.00,'2023-01-09 17:20:27','2023-01-09 17:20:27',5,NULL),(66792,7851,518,272,3,40719,1,11,2,6,0.00,0.00,'2023-01-09 17:20:27','2023-01-09 17:20:27',5,NULL),(66793,7851,518,272,3,40719,1,7,2,6,0.00,0.00,'2023-01-09 17:20:27','2023-01-09 17:20:27',5,NULL),(66794,7851,518,272,3,40719,1,10,2,7,0.00,0.00,'2023-01-09 17:20:27','2023-01-09 17:20:27',5,NULL),(66795,7851,518,272,3,40719,1,6,2,7,0.00,0.00,'2023-01-09 17:20:27','2023-01-09 17:20:27',5,NULL),(66796,7851,518,272,3,40719,1,14,2,7,0.00,0.00,'2023-01-09 17:20:27','2023-01-09 17:20:27',5,NULL),(66797,7851,518,272,3,40719,1,9,2,8,0.00,0.00,'2023-01-09 17:20:27','2023-01-09 17:20:27',5,NULL),(66798,7851,518,272,3,40719,1,5,2,8,0.00,0.00,'2023-01-09 17:20:27','2023-01-09 17:20:27',5,NULL),(66799,7851,518,272,3,40719,1,13,2,8,0.00,0.00,'2023-01-09 17:20:27','2023-01-09 17:20:27',5,NULL),(66800,7851,518,272,3,40719,1,4,2,6,0.00,0.00,'2023-01-09 17:20:27','2023-01-09 17:20:27',5,NULL),(66801,7851,518,272,3,40719,1,13,2,3,0.00,0.00,'2023-01-09 17:20:27','2023-01-09 17:20:27',6,NULL),(66802,7851,518,272,3,40719,1,3,2,3,0.00,0.00,'2023-01-09 17:20:27','2023-01-09 17:20:27',6,NULL),(66803,7851,518,272,3,40719,1,6,2,3,0.00,0.00,'2023-01-09 17:20:27','2023-01-09 17:20:27',6,NULL),(66804,7851,518,272,3,40719,1,9,2,3,0.00,0.00,'2023-01-09 17:20:27','2023-01-09 17:20:27',6,NULL);
INSERT INTO `period_liquidation_iva_details` VALUES (66805,7851,518,272,3,40719,1,12,2,3,0.00,0.00,'2023-01-09 17:20:27','2023-01-09 17:20:27',6,NULL),(66806,7851,518,272,3,40719,1,2,2,3,0.00,0.00,'2023-01-09 17:20:27','2023-01-09 17:20:27',6,NULL),(66807,7851,518,272,3,40719,1,5,2,3,0.00,0.00,'2023-01-09 17:20:27','2023-01-09 17:20:27',6,NULL),(66808,7851,518,272,3,40719,1,8,2,3,0.00,0.00,'2023-01-09 17:20:27','2023-01-09 17:20:27',6,NULL),(66809,7851,518,272,3,40719,1,11,2,3,0.00,0.00,'2023-01-09 17:20:27','2023-01-09 17:20:27',6,NULL),(66810,7851,518,272,3,40719,1,14,2,3,0.00,0.00,'2023-01-09 17:20:27','2023-01-09 17:20:27',6,NULL),(66811,7851,518,272,3,40719,1,1,2,3,0.00,0.00,'2023-01-09 17:20:27','2023-01-09 17:20:27',6,NULL),(66812,7851,518,272,3,40719,1,4,2,3,0.00,0.00,'2023-01-09 17:20:27','2023-01-09 17:20:27',6,NULL),(66813,7851,518,272,3,40719,1,7,2,3,0.00,0.00,'2023-01-09 17:20:27','2023-01-09 17:20:27',6,NULL),(66814,7851,518,272,3,40719,1,10,2,3,0.00,0.00,'2023-01-09 17:20:27','2023-01-09 17:20:27',6,NULL),(66815,7851,518,272,3,40719,1,12,2,2,0.00,0.00,'2023-01-09 17:20:27','2023-01-09 17:20:27',6,NULL),(66816,7851,518,272,3,40719,1,2,2,2,0.00,0.00,'2023-01-09 17:20:27','2023-01-09 17:20:27',6,NULL),(66817,7851,518,272,3,40719,1,5,2,2,0.00,0.00,'2023-01-09 17:20:27','2023-01-09 17:20:27',6,NULL),(66818,7851,518,272,3,40719,1,8,2,2,0.00,0.00,'2023-01-09 17:20:27','2023-01-09 17:20:27',6,NULL),(66819,7851,518,272,3,40719,1,11,2,2,0.00,0.00,'2023-01-09 17:20:27','2023-01-09 17:20:27',6,NULL),(66820,7851,518,272,3,40719,1,14,2,2,0.00,0.00,'2023-01-09 17:20:27','2023-01-09 17:20:27',6,NULL),(66821,7851,518,272,3,40719,1,1,2,2,0.00,0.00,'2023-01-09 17:20:27','2023-01-09 17:20:27',6,NULL),(66822,7851,518,272,3,40719,1,4,2,2,0.00,0.00,'2023-01-09 17:20:27','2023-01-09 17:20:27',6,NULL),(66823,7851,518,272,3,40719,1,7,2,2,0.00,0.00,'2023-01-09 17:20:27','2023-01-09 17:20:27',6,NULL),(66824,7851,518,272,3,40719,1,10,2,2,0.00,0.00,'2023-01-09 17:20:27','2023-01-09 17:20:27',6,NULL),(66825,7851,518,272,3,40719,1,13,2,2,0.00,0.00,'2023-01-09 17:20:27','2023-01-09 17:20:27',6,NULL),(66826,7851,518,272,3,40719,1,3,2,2,0.00,0.00,'2023-01-09 17:20:27','2023-01-09 17:20:27',6,NULL),(66827,7851,518,272,3,40719,1,6,2,2,0.00,0.00,'2023-01-09 17:20:27','2023-01-09 17:20:27',6,NULL),(66828,7851,518,272,3,40719,1,9,2,2,0.00,0.00,'2023-01-09 17:20:27','2023-01-09 17:20:27',6,NULL),(66829,7851,518,272,3,40719,1,8,2,1,0.00,0.00,'2023-01-09 17:20:27','2023-01-09 17:20:27',6,NULL),(66830,7851,518,272,3,40719,1,11,2,1,0.00,0.00,'2023-01-09 17:20:27','2023-01-09 17:20:27',6,NULL),(66831,7851,518,272,3,40719,1,14,2,1,0.00,0.00,'2023-01-09 17:20:27','2023-01-09 17:20:27',6,NULL),(66832,7851,518,272,3,40719,1,1,2,1,0.00,0.00,'2023-01-09 17:20:27','2023-01-09 17:20:27',6,NULL),(66833,7851,518,272,3,40719,1,4,2,1,0.00,0.00,'2023-01-09 17:20:27','2023-01-09 17:20:27',6,NULL),(66834,7851,518,272,3,40719,1,7,2,1,0.00,0.00,'2023-01-09 17:20:27','2023-01-09 17:20:27',6,NULL),(66835,7851,518,272,3,40719,1,10,2,1,0.00,0.00,'2023-01-09 17:20:27','2023-01-09 17:20:27',6,NULL),(66836,7851,518,272,3,40719,1,13,2,1,0.00,0.00,'2023-01-09 17:20:27','2023-01-09 17:20:27',6,NULL),(66837,7851,518,272,3,40719,1,3,2,1,0.00,0.00,'2023-01-09 17:20:27','2023-01-09 17:20:27',6,NULL),(66838,7851,518,272,3,40719,1,6,2,1,0.00,0.00,'2023-01-09 17:20:27','2023-01-09 17:20:27',6,NULL),(66839,7851,518,272,3,40719,1,9,2,1,0.00,0.00,'2023-01-09 17:20:27','2023-01-09 17:20:27',6,NULL),(66840,7851,518,272,3,40719,1,12,2,1,0.00,0.00,'2023-01-09 17:20:27','2023-01-09 17:20:27',6,NULL),(66841,7851,518,272,3,40719,1,2,2,1,0.00,0.00,'2023-01-09 17:20:27','2023-01-09 17:20:27',6,NULL),(66842,7851,518,272,3,40719,1,5,2,1,0.00,0.00,'2023-01-09 17:20:27','2023-01-09 17:20:27',6,NULL),(66843,7851,518,272,3,40719,1,2,2,5,0.00,0.00,'2023-01-09 17:20:27','2023-01-09 17:20:27',6,NULL),(66844,7851,518,272,3,40719,1,5,2,5,0.00,0.00,'2023-01-09 17:20:27','2023-01-09 17:20:27',6,NULL);
INSERT INTO `period_liquidation_iva_details` VALUES (66845,7851,518,272,3,40719,1,8,2,5,0.00,0.00,'2023-01-09 17:20:27','2023-01-09 17:20:27',6,NULL),(66846,7851,518,272,3,40719,1,11,2,5,0.00,0.00,'2023-01-09 17:20:27','2023-01-09 17:20:27',6,NULL),(66847,7851,518,272,3,40719,1,14,2,5,0.00,0.00,'2023-01-09 17:20:27','2023-01-09 17:20:27',6,NULL),(66848,7851,518,272,3,40719,1,1,2,5,0.00,0.00,'2023-01-09 17:20:27','2023-01-09 17:20:27',6,NULL),(66849,7851,518,272,3,40719,1,4,2,5,0.00,0.00,'2023-01-09 17:20:27','2023-01-09 17:20:27',6,NULL),(66850,7851,518,272,3,40719,1,7,2,5,0.00,0.00,'2023-01-09 17:20:27','2023-01-09 17:20:27',6,NULL),(66851,7851,518,272,3,40719,1,10,2,5,0.00,0.00,'2023-01-09 17:20:27','2023-01-09 17:20:27',6,NULL),(66852,7851,518,272,3,40719,1,13,2,5,0.00,0.00,'2023-01-09 17:20:27','2023-01-09 17:20:27',6,NULL),(66853,7851,518,272,3,40719,1,3,2,5,0.00,0.00,'2023-01-09 17:20:27','2023-01-09 17:20:27',6,NULL),(66854,7851,518,272,3,40719,1,6,2,5,0.00,0.00,'2023-01-09 17:20:27','2023-01-09 17:20:27',6,NULL),(66855,7851,518,272,3,40719,1,9,2,5,0.00,0.00,'2023-01-09 17:20:27','2023-01-09 17:20:27',6,NULL),(66856,7851,518,272,3,40719,1,12,2,5,0.00,0.00,'2023-01-09 17:20:27','2023-01-09 17:20:27',6,NULL),(66857,7851,518,272,3,40719,1,1,2,4,0.00,0.00,'2023-01-09 17:20:27','2023-01-09 17:20:27',6,NULL),(66858,7851,518,272,3,40719,1,4,2,4,0.00,0.00,'2023-01-09 17:20:27','2023-01-09 17:20:27',6,NULL),(66859,7851,518,272,3,40719,1,7,2,4,0.00,0.00,'2023-01-09 17:20:27','2023-01-09 17:20:27',6,NULL),(66860,7851,518,272,3,40719,1,10,2,4,0.00,0.00,'2023-01-09 17:20:27','2023-01-09 17:20:27',6,NULL),(66861,7851,518,272,3,40719,1,13,2,4,0.00,0.00,'2023-01-09 17:20:27','2023-01-09 17:20:27',6,NULL),(66862,7851,518,272,3,40719,1,3,2,4,0.00,0.00,'2023-01-09 17:20:27','2023-01-09 17:20:27',6,NULL),(66863,7851,518,272,3,40719,1,6,2,4,0.00,0.00,'2023-01-09 17:20:27','2023-01-09 17:20:27',6,NULL),(66864,7851,518,272,3,40719,1,9,2,4,0.00,0.00,'2023-01-09 17:20:27','2023-01-09 17:20:27',6,NULL),(66865,7851,518,272,3,40719,1,12,2,4,0.00,0.00,'2023-01-09 17:20:27','2023-01-09 17:20:27',6,NULL),(66866,7851,518,272,3,40719,1,2,2,4,0.00,0.00,'2023-01-09 17:20:27','2023-01-09 17:20:27',6,NULL),(66867,7851,518,272,3,40719,1,5,2,4,0.00,0.00,'2023-01-09 17:20:27','2023-01-09 17:20:27',6,NULL),(66868,7851,518,272,3,40719,1,8,2,4,0.00,0.00,'2023-01-09 17:20:27','2023-01-09 17:20:27',6,NULL),(66869,7851,518,272,3,40719,1,11,2,4,0.00,0.00,'2023-01-09 17:20:27','2023-01-09 17:20:27',6,NULL),(66870,7851,518,272,3,40719,1,14,2,4,0.00,0.00,'2023-01-09 17:20:27','2023-01-09 17:20:27',6,NULL),(66871,7851,518,272,3,40719,1,6,2,8,0.00,0.00,'2023-01-09 17:20:27','2023-01-09 17:20:27',6,NULL),(66872,7851,518,272,3,40719,1,9,2,8,0.00,0.00,'2023-01-09 17:20:27','2023-01-09 17:20:27',6,NULL),(66873,7851,518,272,3,40719,1,12,2,8,0.00,0.00,'2023-01-09 17:20:27','2023-01-09 17:20:27',6,NULL),(66874,7851,518,272,3,40719,1,2,2,8,0.00,0.00,'2023-01-09 17:20:27','2023-01-09 17:20:27',6,NULL),(66875,7851,518,272,3,40719,1,5,2,8,0.00,0.00,'2023-01-09 17:20:27','2023-01-09 17:20:27',6,NULL),(66876,7851,518,272,3,40719,1,8,2,8,0.00,0.00,'2023-01-09 17:20:27','2023-01-09 17:20:27',6,NULL),(66877,7851,518,272,3,40719,1,11,2,8,0.00,0.00,'2023-01-09 17:20:27','2023-01-09 17:20:27',6,NULL),(66878,7851,518,272,3,40719,1,14,2,8,0.00,0.00,'2023-01-09 17:20:27','2023-01-09 17:20:27',6,NULL),(66879,7851,518,272,3,40719,1,1,2,8,0.00,0.00,'2023-01-09 17:20:27','2023-01-09 17:20:27',6,NULL),(66880,7851,518,272,3,40719,1,4,2,8,0.00,0.00,'2023-01-09 17:20:27','2023-01-09 17:20:27',6,NULL),(66881,7851,518,272,3,40719,1,7,2,8,0.00,0.00,'2023-01-09 17:20:27','2023-01-09 17:20:27',6,NULL),(66882,7851,518,272,3,40719,1,10,2,8,0.00,0.00,'2023-01-09 17:20:27','2023-01-09 17:20:27',6,NULL),(66883,7851,518,272,3,40719,1,13,2,8,0.00,0.00,'2023-01-09 17:20:27','2023-01-09 17:20:27',6,NULL),(66884,7851,518,272,3,40719,1,3,2,8,0.00,0.00,'2023-01-09 17:20:27','2023-01-09 17:20:27',6,NULL);
INSERT INTO `period_liquidation_iva_details` VALUES (66885,7851,518,272,3,40719,1,2,2,6,0.00,0.00,'2023-01-09 17:20:27','2023-01-09 17:20:27',7,NULL),(66886,7851,518,272,3,40719,1,14,2,7,0.00,0.00,'2023-01-09 17:20:27','2023-01-09 17:20:27',7,NULL),(66887,7851,518,272,3,40719,1,11,2,6,0.00,0.00,'2023-01-09 17:20:27','2023-01-09 17:20:27',7,NULL),(66888,7851,518,272,3,40719,1,7,2,7,0.00,0.00,'2023-01-09 17:20:27','2023-01-09 17:20:27',7,NULL),(66889,7851,518,272,3,40719,1,4,2,6,0.00,0.00,'2023-01-09 17:20:27','2023-01-09 17:20:27',7,NULL),(66890,7851,518,272,3,40719,1,13,2,6,0.00,0.00,'2023-01-09 17:20:27','2023-01-09 17:20:27',7,NULL),(66891,7851,518,272,3,40719,1,9,2,7,0.00,0.00,'2023-01-09 17:20:27','2023-01-09 17:20:27',7,NULL),(66892,7851,518,272,3,40719,1,6,2,6,0.00,0.00,'2023-01-09 17:20:27','2023-01-09 17:20:27',7,NULL),(66893,7851,518,272,3,40719,1,2,2,7,0.00,0.00,'2023-01-09 17:20:27','2023-01-09 17:20:27',7,NULL),(66894,7851,518,272,3,40719,1,11,2,7,0.00,0.00,'2023-01-09 17:20:27','2023-01-09 17:20:27',7,NULL),(66895,7851,518,272,3,40719,1,8,2,6,0.00,0.00,'2023-01-09 17:20:27','2023-01-09 17:20:27',7,NULL),(66896,7851,518,272,3,40719,1,4,2,7,0.00,0.00,'2023-01-09 17:20:27','2023-01-09 17:20:27',7,NULL),(66897,7851,518,272,3,40719,1,1,2,6,0.00,0.00,'2023-01-09 17:20:27','2023-01-09 17:20:27',7,NULL),(66898,7851,518,272,3,40719,1,13,2,7,0.00,0.00,'2023-01-09 17:20:27','2023-01-09 17:20:27',7,NULL),(66899,7851,518,272,3,40719,1,10,2,6,0.00,0.00,'2023-01-09 17:20:27','2023-01-09 17:20:27',7,NULL),(66900,7851,518,272,3,40719,1,6,2,7,0.00,0.00,'2023-01-09 17:20:27','2023-01-09 17:20:27',7,NULL),(66901,7851,518,272,3,40719,1,3,2,6,0.00,0.00,'2023-01-09 17:20:27','2023-01-09 17:20:27',7,NULL),(66902,7851,518,272,3,40719,1,12,2,6,0.00,0.00,'2023-01-09 17:20:27','2023-01-09 17:20:27',7,NULL),(66903,7851,518,272,3,40719,1,8,2,7,0.00,0.00,'2023-01-09 17:20:27','2023-01-09 17:20:27',7,NULL),(66904,7851,518,272,3,40719,1,5,2,6,0.00,0.00,'2023-01-09 17:20:27','2023-01-09 17:20:27',7,NULL),(66905,7851,518,272,3,40719,1,1,2,7,0.00,0.00,'2023-01-09 17:20:27','2023-01-09 17:20:27',7,NULL),(66906,7851,518,272,3,40719,1,14,2,6,0.00,0.00,'2023-01-09 17:20:27','2023-01-09 17:20:27',7,NULL),(66907,7851,518,272,3,40719,1,10,2,7,0.00,0.00,'2023-01-09 17:20:27','2023-01-09 17:20:27',7,NULL),(66908,7851,518,272,3,40719,1,7,2,6,0.00,0.00,'2023-01-09 17:20:27','2023-01-09 17:20:27',7,NULL),(66909,7851,518,272,3,40719,1,3,2,7,0.00,0.00,'2023-01-09 17:20:27','2023-01-09 17:20:27',7,NULL),(66910,7851,518,272,3,40719,1,12,2,7,0.00,0.00,'2023-01-09 17:20:27','2023-01-09 17:20:27',7,NULL),(66911,7851,518,272,3,40719,1,9,2,6,0.00,0.00,'2023-01-09 17:20:27','2023-01-09 17:20:27',7,NULL),(66912,7851,518,272,3,40719,1,5,2,7,0.00,0.00,'2023-01-09 17:20:27','2023-01-09 17:20:27',7,NULL),(75769,7851,588,309,14,40719,652,1,1,3,0.00,0.00,'2023-01-30 21:02:54','2023-01-30 21:02:54',1,NULL),(75770,7851,588,309,14,40719,652,1,1,2,0.00,0.00,'2023-01-30 21:02:54','2023-01-30 21:02:54',1,NULL),(75771,7851,588,309,14,40719,652,1,1,1,0.00,0.00,'2023-01-30 21:02:54','2023-01-30 21:02:54',1,NULL),(75772,7851,588,309,14,40719,652,1,1,5,0.00,0.00,'2023-01-30 21:02:54','2023-01-30 21:02:54',1,NULL),(75773,7851,588,309,14,40719,652,1,1,4,0.00,0.00,'2023-01-30 21:02:54','2023-01-30 21:02:54',1,NULL),(75774,7851,588,309,14,40719,652,1,1,8,0.00,0.00,'2023-01-30 21:02:54','2023-01-30 21:02:54',1,NULL),(75775,7851,588,309,14,40719,652,1,1,3,0.00,0.00,'2023-01-30 21:02:54','2023-01-30 21:02:54',2,NULL),(75776,7851,588,309,14,40719,652,1,1,2,0.00,0.00,'2023-01-30 21:02:54','2023-01-30 21:02:54',2,NULL),(75777,7851,588,309,14,40719,652,1,1,1,3736061.54,392286.46,'2023-01-30 21:02:54','2023-01-30 21:02:54',2,NULL),(75778,7851,588,309,14,40719,652,1,1,5,0.00,0.00,'2023-01-30 21:02:54','2023-01-30 21:02:54',2,NULL),(75779,7851,588,309,14,40719,652,1,1,4,0.00,0.00,'2023-01-30 21:02:54','2023-01-30 21:02:54',2,NULL),(75780,7851,588,309,14,40719,652,1,1,8,0.00,0.00,'2023-01-30 21:02:54','2023-01-30 21:02:54',2,NULL);
INSERT INTO `period_liquidation_iva_details` VALUES (75781,7851,588,309,14,40719,652,1,1,6,0.00,0.00,'2023-01-30 21:02:54','2023-01-30 21:02:54',3,NULL),(75782,7851,588,309,14,40719,652,1,1,7,0.00,0.00,'2023-01-30 21:02:54','2023-01-30 21:02:54',3,NULL),(75783,7851,588,309,14,40719,652,1,1,3,0.00,0.00,'2023-01-30 21:02:54','2023-01-30 21:02:54',4,NULL),(75784,7851,588,309,14,40719,652,1,1,2,0.00,0.00,'2023-01-30 21:02:54','2023-01-30 21:02:54',4,NULL),(75785,7851,588,309,14,40719,652,1,1,1,0.00,0.00,'2023-01-30 21:02:54','2023-01-30 21:02:54',4,NULL),(75786,7851,588,309,14,40719,652,1,1,5,0.00,0.00,'2023-01-30 21:02:54','2023-01-30 21:02:54',4,NULL),(75787,7851,588,309,14,40719,652,1,1,4,0.00,0.00,'2023-01-30 21:02:54','2023-01-30 21:02:54',4,NULL),(75788,7851,588,309,14,40719,652,1,1,6,0.00,0.00,'2023-01-30 21:02:54','2023-01-30 21:02:54',4,NULL),(75789,7851,588,309,14,40719,652,1,1,7,0.00,0.00,'2023-01-30 21:02:54','2023-01-30 21:02:54',4,NULL),(75790,7851,588,309,14,40719,652,1,1,8,0.00,0.00,'2023-01-30 21:02:54','2023-01-30 21:02:54',4,NULL),(75791,7851,588,309,14,40719,1,5,2,3,0.00,0.00,'2023-01-30 21:02:54','2023-01-30 21:02:54',5,NULL),(75792,7851,588,309,14,40719,1,13,2,3,0.00,0.00,'2023-01-30 21:02:54','2023-01-30 21:02:54',5,NULL),(75793,7851,588,309,14,40719,1,9,2,3,0.00,0.00,'2023-01-30 21:02:54','2023-01-30 21:02:54',5,NULL),(75794,7851,588,309,14,40719,1,4,2,3,0.00,0.00,'2023-01-30 21:02:54','2023-01-30 21:02:54',5,NULL),(75795,7851,588,309,14,40719,1,10,2,3,0.00,0.00,'2023-01-30 21:02:54','2023-01-30 21:02:54',5,NULL),(75796,7851,588,309,14,40719,1,6,2,3,0.00,0.00,'2023-01-30 21:02:54','2023-01-30 21:02:54',5,NULL),(75797,7851,588,309,14,40719,1,14,2,3,0.00,0.00,'2023-01-30 21:02:54','2023-01-30 21:02:54',5,NULL),(75798,7851,588,309,14,40719,1,1,2,3,0.00,0.00,'2023-01-30 21:02:54','2023-01-30 21:02:54',5,NULL),(75799,7851,588,309,14,40719,1,11,2,3,0.00,0.00,'2023-01-30 21:02:54','2023-01-30 21:02:54',5,NULL),(75800,7851,588,309,14,40719,1,7,2,3,0.00,0.00,'2023-01-30 21:02:54','2023-01-30 21:02:54',5,NULL),(75801,7851,588,309,14,40719,1,2,2,3,0.00,0.00,'2023-01-30 21:02:54','2023-01-30 21:02:54',5,NULL),(75802,7851,588,309,14,40719,1,12,2,3,0.00,0.00,'2023-01-30 21:02:54','2023-01-30 21:02:54',5,NULL),(75803,7851,588,309,14,40719,1,8,2,3,0.00,0.00,'2023-01-30 21:02:54','2023-01-30 21:02:54',5,NULL),(75804,7851,588,309,14,40719,1,3,2,3,0.00,0.00,'2023-01-30 21:02:54','2023-01-30 21:02:54',5,NULL),(75805,7851,588,309,14,40719,1,10,2,2,0.00,0.00,'2023-01-30 21:02:54','2023-01-30 21:02:54',5,NULL),(75806,7851,588,309,14,40719,1,6,2,2,0.00,0.00,'2023-01-30 21:02:54','2023-01-30 21:02:54',5,NULL),(75807,7851,588,309,14,40719,1,14,2,2,0.00,0.00,'2023-01-30 21:02:54','2023-01-30 21:02:54',5,NULL),(75808,7851,588,309,14,40719,1,1,2,2,0.00,0.00,'2023-01-30 21:02:54','2023-01-30 21:02:54',5,NULL),(75809,7851,588,309,14,40719,1,11,2,2,0.00,0.00,'2023-01-30 21:02:54','2023-01-30 21:02:54',5,NULL),(75810,7851,588,309,14,40719,1,7,2,2,0.00,0.00,'2023-01-30 21:02:54','2023-01-30 21:02:54',5,NULL),(75811,7851,588,309,14,40719,1,2,2,2,0.00,0.00,'2023-01-30 21:02:54','2023-01-30 21:02:54',5,NULL),(75812,7851,588,309,14,40719,1,12,2,2,0.00,0.00,'2023-01-30 21:02:54','2023-01-30 21:02:54',5,NULL),(75813,7851,588,309,14,40719,1,8,2,2,0.00,0.00,'2023-01-30 21:02:54','2023-01-30 21:02:54',5,NULL),(75814,7851,588,309,14,40719,1,3,2,2,0.00,0.00,'2023-01-30 21:02:54','2023-01-30 21:02:54',5,NULL),(75815,7851,588,309,14,40719,1,5,2,2,0.00,0.00,'2023-01-30 21:02:54','2023-01-30 21:02:54',5,NULL),(75816,7851,588,309,14,40719,1,13,2,2,0.00,0.00,'2023-01-30 21:02:54','2023-01-30 21:02:54',5,NULL),(75817,7851,588,309,14,40719,1,9,2,2,0.00,0.00,'2023-01-30 21:02:54','2023-01-30 21:02:54',5,NULL),(75818,7851,588,309,14,40719,1,4,2,2,0.00,0.00,'2023-01-30 21:02:54','2023-01-30 21:02:54',5,NULL),(75819,7851,588,309,14,40719,1,11,2,1,0.00,0.00,'2023-01-30 21:02:54','2023-01-30 21:02:54',5,NULL),(75820,7851,588,309,14,40719,1,7,2,1,0.00,0.00,'2023-01-30 21:02:54','2023-01-30 21:02:54',5,NULL);
INSERT INTO `period_liquidation_iva_details` VALUES (75821,7851,588,309,14,40719,1,2,2,1,0.00,0.00,'2023-01-30 21:02:54','2023-01-30 21:02:54',5,NULL),(75822,7851,588,309,14,40719,1,12,2,1,0.00,0.00,'2023-01-30 21:02:54','2023-01-30 21:02:54',5,NULL),(75823,7851,588,309,14,40719,1,8,2,1,0.00,0.00,'2023-01-30 21:02:54','2023-01-30 21:02:54',5,NULL),(75824,7851,588,309,14,40719,1,3,2,1,0.00,0.00,'2023-01-30 21:02:54','2023-01-30 21:02:54',5,NULL),(75825,7851,588,309,14,40719,1,5,2,1,0.00,0.00,'2023-01-30 21:02:54','2023-01-30 21:02:54',5,NULL),(75826,7851,588,309,14,40719,1,13,2,1,0.00,0.00,'2023-01-30 21:02:54','2023-01-30 21:02:54',5,NULL),(75827,7851,588,309,14,40719,1,9,2,1,0.00,0.00,'2023-01-30 21:02:54','2023-01-30 21:02:54',5,NULL),(75828,7851,588,309,14,40719,1,4,2,1,0.00,0.00,'2023-01-30 21:02:54','2023-01-30 21:02:54',5,NULL),(75829,7851,588,309,14,40719,1,10,2,1,0.00,0.00,'2023-01-30 21:02:54','2023-01-30 21:02:54',5,NULL),(75830,7851,588,309,14,40719,1,6,2,1,0.00,0.00,'2023-01-30 21:02:54','2023-01-30 21:02:54',5,NULL),(75831,7851,588,309,14,40719,1,14,2,1,0.00,0.00,'2023-01-30 21:02:54','2023-01-30 21:02:54',5,NULL),(75832,7851,588,309,14,40719,1,1,2,1,1868030.77,196143.23,'2023-01-30 21:02:54','2023-01-30 21:02:54',5,NULL),(75833,7851,588,309,14,40719,1,11,2,5,0.00,0.00,'2023-01-30 21:02:54','2023-01-30 21:02:54',5,NULL),(75834,7851,588,309,14,40719,1,7,2,5,0.00,0.00,'2023-01-30 21:02:54','2023-01-30 21:02:54',5,NULL),(75835,7851,588,309,14,40719,1,2,2,5,0.00,0.00,'2023-01-30 21:02:54','2023-01-30 21:02:54',5,NULL),(75836,7851,588,309,14,40719,1,12,2,5,0.00,0.00,'2023-01-30 21:02:54','2023-01-30 21:02:54',5,NULL),(75837,7851,588,309,14,40719,1,8,2,5,0.00,0.00,'2023-01-30 21:02:54','2023-01-30 21:02:54',5,NULL),(75838,7851,588,309,14,40719,1,3,2,5,0.00,0.00,'2023-01-30 21:02:54','2023-01-30 21:02:54',5,NULL),(75839,7851,588,309,14,40719,1,5,2,5,0.00,0.00,'2023-01-30 21:02:54','2023-01-30 21:02:54',5,NULL),(75840,7851,588,309,14,40719,1,13,2,5,0.00,0.00,'2023-01-30 21:02:54','2023-01-30 21:02:54',5,NULL),(75841,7851,588,309,14,40719,1,9,2,5,0.00,0.00,'2023-01-30 21:02:54','2023-01-30 21:02:54',5,NULL),(75842,7851,588,309,14,40719,1,4,2,5,0.00,0.00,'2023-01-30 21:02:54','2023-01-30 21:02:54',5,NULL),(75843,7851,588,309,14,40719,1,10,2,5,0.00,0.00,'2023-01-30 21:02:54','2023-01-30 21:02:54',5,NULL),(75844,7851,588,309,14,40719,1,6,2,5,0.00,0.00,'2023-01-30 21:02:54','2023-01-30 21:02:54',5,NULL),(75845,7851,588,309,14,40719,1,14,2,5,0.00,0.00,'2023-01-30 21:02:54','2023-01-30 21:02:54',5,NULL),(75846,7851,588,309,14,40719,1,1,2,5,0.00,0.00,'2023-01-30 21:02:54','2023-01-30 21:02:54',5,NULL),(75847,7851,588,309,14,40719,1,12,2,4,0.00,0.00,'2023-01-30 21:02:54','2023-01-30 21:02:54',5,NULL),(75848,7851,588,309,14,40719,1,8,2,4,0.00,0.00,'2023-01-30 21:02:54','2023-01-30 21:02:54',5,NULL),(75849,7851,588,309,14,40719,1,3,2,4,0.00,0.00,'2023-01-30 21:02:54','2023-01-30 21:02:54',5,NULL),(75850,7851,588,309,14,40719,1,5,2,4,0.00,0.00,'2023-01-30 21:02:54','2023-01-30 21:02:54',5,NULL),(75851,7851,588,309,14,40719,1,13,2,4,0.00,0.00,'2023-01-30 21:02:54','2023-01-30 21:02:54',5,NULL),(75852,7851,588,309,14,40719,1,9,2,4,0.00,0.00,'2023-01-30 21:02:54','2023-01-30 21:02:54',5,NULL),(75853,7851,588,309,14,40719,1,4,2,4,0.00,0.00,'2023-01-30 21:02:54','2023-01-30 21:02:54',5,NULL),(75854,7851,588,309,14,40719,1,10,2,4,0.00,0.00,'2023-01-30 21:02:54','2023-01-30 21:02:54',5,NULL),(75855,7851,588,309,14,40719,1,6,2,4,0.00,0.00,'2023-01-30 21:02:54','2023-01-30 21:02:54',5,NULL),(75856,7851,588,309,14,40719,1,14,2,4,0.00,0.00,'2023-01-30 21:02:54','2023-01-30 21:02:54',5,NULL),(75857,7851,588,309,14,40719,1,1,2,4,0.00,0.00,'2023-01-30 21:02:54','2023-01-30 21:02:54',5,NULL),(75858,7851,588,309,14,40719,1,11,2,4,0.00,0.00,'2023-01-30 21:02:54','2023-01-30 21:02:54',5,NULL),(75859,7851,588,309,14,40719,1,7,2,4,0.00,0.00,'2023-01-30 21:02:54','2023-01-30 21:02:54',5,NULL),(75860,7851,588,309,14,40719,1,2,2,4,0.00,0.00,'2023-01-30 21:02:54','2023-01-30 21:02:54',5,NULL);
INSERT INTO `period_liquidation_iva_details` VALUES (75861,7851,588,309,14,40719,1,3,2,7,0.00,0.00,'2023-01-30 21:02:54','2023-01-30 21:02:54',5,NULL),(75862,7851,588,309,14,40719,1,2,2,8,0.00,0.00,'2023-01-30 21:02:54','2023-01-30 21:02:54',5,NULL),(75863,7851,588,309,14,40719,1,10,2,6,0.00,0.00,'2023-01-30 21:02:54','2023-01-30 21:02:54',5,NULL),(75864,7851,588,309,14,40719,1,6,2,6,0.00,0.00,'2023-01-30 21:02:54','2023-01-30 21:02:54',5,NULL),(75865,7851,588,309,14,40719,1,14,2,6,0.00,0.00,'2023-01-30 21:02:54','2023-01-30 21:02:54',5,NULL),(75866,7851,588,309,14,40719,1,5,2,7,0.00,0.00,'2023-01-30 21:02:54','2023-01-30 21:02:54',5,NULL),(75867,7851,588,309,14,40719,1,13,2,7,0.00,0.00,'2023-01-30 21:02:54','2023-01-30 21:02:54',5,NULL),(75868,7851,588,309,14,40719,1,9,2,7,0.00,0.00,'2023-01-30 21:02:54','2023-01-30 21:02:54',5,NULL),(75869,7851,588,309,14,40719,1,12,2,8,0.00,0.00,'2023-01-30 21:02:54','2023-01-30 21:02:54',5,NULL),(75870,7851,588,309,14,40719,1,1,2,6,0.00,0.00,'2023-01-30 21:02:54','2023-01-30 21:02:54',5,NULL),(75871,7851,588,309,14,40719,1,8,2,8,0.00,0.00,'2023-01-30 21:02:54','2023-01-30 21:02:54',5,NULL),(75872,7851,588,309,14,40719,1,4,2,7,0.00,0.00,'2023-01-30 21:02:54','2023-01-30 21:02:54',5,NULL),(75873,7851,588,309,14,40719,1,3,2,8,0.00,0.00,'2023-01-30 21:02:54','2023-01-30 21:02:54',5,NULL),(75874,7851,588,309,14,40719,1,11,2,6,0.00,0.00,'2023-01-30 21:02:54','2023-01-30 21:02:54',5,NULL),(75875,7851,588,309,14,40719,1,7,2,6,0.00,0.00,'2023-01-30 21:02:54','2023-01-30 21:02:54',5,NULL),(75876,7851,588,309,14,40719,1,10,2,7,0.00,0.00,'2023-01-30 21:02:54','2023-01-30 21:02:54',5,NULL),(75877,7851,588,309,14,40719,1,6,2,7,0.00,0.00,'2023-01-30 21:02:54','2023-01-30 21:02:54',5,NULL),(75878,7851,588,309,14,40719,1,14,2,7,0.00,0.00,'2023-01-30 21:02:54','2023-01-30 21:02:54',5,NULL),(75879,7851,588,309,14,40719,1,9,2,8,0.00,0.00,'2023-01-30 21:02:54','2023-01-30 21:02:54',5,NULL),(75880,7851,588,309,14,40719,1,5,2,8,0.00,0.00,'2023-01-30 21:02:54','2023-01-30 21:02:54',5,NULL),(75881,7851,588,309,14,40719,1,13,2,8,0.00,0.00,'2023-01-30 21:02:54','2023-01-30 21:02:54',5,NULL),(75882,7851,588,309,14,40719,1,2,2,6,0.00,0.00,'2023-01-30 21:02:54','2023-01-30 21:02:54',5,NULL),(75883,7851,588,309,14,40719,1,1,2,7,0.00,0.00,'2023-01-30 21:02:54','2023-01-30 21:02:54',5,NULL),(75884,7851,588,309,14,40719,1,4,2,8,0.00,0.00,'2023-01-30 21:02:54','2023-01-30 21:02:54',5,NULL),(75885,7851,588,309,14,40719,1,12,2,6,0.00,0.00,'2023-01-30 21:02:54','2023-01-30 21:02:54',5,NULL),(75886,7851,588,309,14,40719,1,8,2,6,0.00,0.00,'2023-01-30 21:02:54','2023-01-30 21:02:54',5,NULL),(75887,7851,588,309,14,40719,1,11,2,7,0.00,0.00,'2023-01-30 21:02:54','2023-01-30 21:02:54',5,NULL),(75888,7851,588,309,14,40719,1,7,2,7,0.00,0.00,'2023-01-30 21:02:54','2023-01-30 21:02:54',5,NULL),(75889,7851,588,309,14,40719,1,10,2,8,0.00,0.00,'2023-01-30 21:02:54','2023-01-30 21:02:54',5,NULL),(75890,7851,588,309,14,40719,1,6,2,8,0.00,0.00,'2023-01-30 21:02:54','2023-01-30 21:02:54',5,NULL),(75891,7851,588,309,14,40719,1,14,2,8,0.00,0.00,'2023-01-30 21:02:54','2023-01-30 21:02:54',5,NULL),(75892,7851,588,309,14,40719,1,3,2,6,0.00,0.00,'2023-01-30 21:02:54','2023-01-30 21:02:54',5,NULL),(75893,7851,588,309,14,40719,1,2,2,7,0.00,0.00,'2023-01-30 21:02:54','2023-01-30 21:02:54',5,NULL),(75894,7851,588,309,14,40719,1,1,2,8,0.00,0.00,'2023-01-30 21:02:54','2023-01-30 21:02:54',5,NULL),(75895,7851,588,309,14,40719,1,5,2,6,0.00,0.00,'2023-01-30 21:02:54','2023-01-30 21:02:54',5,NULL),(75896,7851,588,309,14,40719,1,13,2,6,0.00,0.00,'2023-01-30 21:02:54','2023-01-30 21:02:54',5,NULL),(75897,7851,588,309,14,40719,1,9,2,6,0.00,0.00,'2023-01-30 21:02:54','2023-01-30 21:02:54',5,NULL),(75898,7851,588,309,14,40719,1,12,2,7,0.00,0.00,'2023-01-30 21:02:54','2023-01-30 21:02:54',5,NULL),(75899,7851,588,309,14,40719,1,8,2,7,0.00,0.00,'2023-01-30 21:02:54','2023-01-30 21:02:54',5,NULL),(75900,7851,588,309,14,40719,1,4,2,6,0.00,0.00,'2023-01-30 21:02:54','2023-01-30 21:02:54',5,NULL);
INSERT INTO `period_liquidation_iva_details` VALUES (75901,7851,588,309,14,40719,1,11,2,8,0.00,0.00,'2023-01-30 21:02:54','2023-01-30 21:02:54',5,NULL),(75902,7851,588,309,14,40719,1,7,2,8,0.00,0.00,'2023-01-30 21:02:54','2023-01-30 21:02:54',5,NULL),(75903,7851,588,309,14,40719,1,13,2,3,0.00,0.00,'2023-01-30 21:02:54','2023-01-30 21:02:54',6,NULL),(75904,7851,588,309,14,40719,1,3,2,3,0.00,0.00,'2023-01-30 21:02:54','2023-01-30 21:02:54',6,NULL),(75905,7851,588,309,14,40719,1,6,2,3,0.00,0.00,'2023-01-30 21:02:54','2023-01-30 21:02:54',6,NULL),(75906,7851,588,309,14,40719,1,9,2,3,0.00,0.00,'2023-01-30 21:02:54','2023-01-30 21:02:54',6,NULL),(75907,7851,588,309,14,40719,1,12,2,3,0.00,0.00,'2023-01-30 21:02:54','2023-01-30 21:02:54',6,NULL),(75908,7851,588,309,14,40719,1,2,2,3,0.00,0.00,'2023-01-30 21:02:54','2023-01-30 21:02:54',6,NULL),(75909,7851,588,309,14,40719,1,5,2,3,0.00,0.00,'2023-01-30 21:02:54','2023-01-30 21:02:54',6,NULL),(75910,7851,588,309,14,40719,1,8,2,3,0.00,0.00,'2023-01-30 21:02:54','2023-01-30 21:02:54',6,NULL),(75911,7851,588,309,14,40719,1,11,2,3,0.00,0.00,'2023-01-30 21:02:54','2023-01-30 21:02:54',6,NULL),(75912,7851,588,309,14,40719,1,14,2,3,0.00,0.00,'2023-01-30 21:02:54','2023-01-30 21:02:54',6,NULL),(75913,7851,588,309,14,40719,1,1,2,3,10581.22,2856.93,'2023-01-30 21:02:54','2023-01-30 21:02:54',6,NULL),(75914,7851,588,309,14,40719,1,4,2,3,0.00,0.00,'2023-01-30 21:02:54','2023-01-30 21:02:54',6,NULL),(75915,7851,588,309,14,40719,1,7,2,3,0.00,0.00,'2023-01-30 21:02:54','2023-01-30 21:02:54',6,NULL),(75916,7851,588,309,14,40719,1,10,2,3,0.00,0.00,'2023-01-30 21:02:54','2023-01-30 21:02:54',6,NULL),(75917,7851,588,309,14,40719,1,12,2,2,0.00,0.00,'2023-01-30 21:02:54','2023-01-30 21:02:54',6,NULL),(75918,7851,588,309,14,40719,1,2,2,2,0.00,0.00,'2023-01-30 21:02:54','2023-01-30 21:02:54',6,NULL),(75919,7851,588,309,14,40719,1,5,2,2,0.00,0.00,'2023-01-30 21:02:54','2023-01-30 21:02:54',6,NULL),(75920,7851,588,309,14,40719,1,8,2,2,0.00,0.00,'2023-01-30 21:02:54','2023-01-30 21:02:54',6,NULL),(75921,7851,588,309,14,40719,1,11,2,2,0.00,0.00,'2023-01-30 21:02:54','2023-01-30 21:02:54',6,NULL),(75922,7851,588,309,14,40719,1,14,2,2,0.00,0.00,'2023-01-30 21:02:54','2023-01-30 21:02:54',6,NULL),(75923,7851,588,309,14,40719,1,1,2,2,625327.11,131318.69,'2023-01-30 21:02:54','2023-01-30 21:02:54',6,NULL),(75924,7851,588,309,14,40719,1,4,2,2,0.00,0.00,'2023-01-30 21:02:54','2023-01-30 21:02:54',6,NULL),(75925,7851,588,309,14,40719,1,7,2,2,0.00,1818.00,'2023-01-30 21:02:54','2023-01-30 21:02:54',6,NULL),(75926,7851,588,309,14,40719,1,10,2,2,0.00,0.00,'2023-01-30 21:02:54','2023-01-30 21:02:54',6,NULL),(75927,7851,588,309,14,40719,1,13,2,2,0.00,0.00,'2023-01-30 21:02:54','2023-01-30 21:02:54',6,NULL),(75928,7851,588,309,14,40719,1,3,2,2,6843.01,1437.03,'2023-01-30 21:02:54','2023-01-30 21:02:54',6,NULL),(75929,7851,588,309,14,40719,1,6,2,2,0.00,0.00,'2023-01-30 21:02:54','2023-01-30 21:02:54',6,NULL),(75930,7851,588,309,14,40719,1,9,2,2,0.00,0.00,'2023-01-30 21:02:54','2023-01-30 21:02:54',6,NULL),(75931,7851,588,309,14,40719,1,8,2,1,0.00,0.00,'2023-01-30 21:02:54','2023-01-30 21:02:54',6,NULL),(75932,7851,588,309,14,40719,1,11,2,1,0.00,0.00,'2023-01-30 21:02:54','2023-01-30 21:02:54',6,NULL),(75933,7851,588,309,14,40719,1,14,2,1,0.00,0.00,'2023-01-30 21:02:54','2023-01-30 21:02:54',6,NULL),(75934,7851,588,309,14,40719,1,1,2,1,7739.37,812.63,'2023-01-30 21:02:54','2023-01-30 21:02:54',6,NULL),(75935,7851,588,309,14,40719,1,4,2,1,0.00,0.00,'2023-01-30 21:02:54','2023-01-30 21:02:54',6,NULL),(75936,7851,588,309,14,40719,1,7,2,1,0.00,0.00,'2023-01-30 21:02:54','2023-01-30 21:02:54',6,NULL),(75937,7851,588,309,14,40719,1,10,2,1,0.00,0.00,'2023-01-30 21:02:54','2023-01-30 21:02:54',6,NULL),(75938,7851,588,309,14,40719,1,13,2,1,0.00,0.00,'2023-01-30 21:02:54','2023-01-30 21:02:54',6,NULL),(75939,7851,588,309,14,40719,1,3,2,1,0.00,0.00,'2023-01-30 21:02:54','2023-01-30 21:02:54',6,NULL);
INSERT INTO `period_liquidation_iva_details` VALUES (75940,7851,588,309,14,40719,1,6,2,1,0.00,0.00,'2023-01-30 21:02:54','2023-01-30 21:02:54',6,NULL),(75941,7851,588,309,14,40719,1,9,2,1,0.00,0.00,'2023-01-30 21:02:54','2023-01-30 21:02:54',6,NULL),(75942,7851,588,309,14,40719,1,12,2,1,0.00,0.00,'2023-01-30 21:02:54','2023-01-30 21:02:54',6,NULL),(75943,7851,588,309,14,40719,1,2,2,1,0.00,0.00,'2023-01-30 21:02:54','2023-01-30 21:02:54',6,NULL),(75944,7851,588,309,14,40719,1,5,2,1,0.00,0.00,'2023-01-30 21:02:54','2023-01-30 21:02:54',6,NULL),(75945,7851,588,309,14,40719,1,2,2,5,0.00,0.00,'2023-01-30 21:02:54','2023-01-30 21:02:54',6,NULL),(75946,7851,588,309,14,40719,1,5,2,5,0.00,0.00,'2023-01-30 21:02:54','2023-01-30 21:02:54',6,NULL),(75947,7851,588,309,14,40719,1,8,2,5,0.00,0.00,'2023-01-30 21:02:54','2023-01-30 21:02:54',6,NULL),(75948,7851,588,309,14,40719,1,11,2,5,0.00,0.00,'2023-01-30 21:02:54','2023-01-30 21:02:54',6,NULL),(75949,7851,588,309,14,40719,1,14,2,5,0.00,0.00,'2023-01-30 21:02:54','2023-01-30 21:02:54',6,NULL),(75950,7851,588,309,14,40719,1,1,2,5,0.00,0.00,'2023-01-30 21:02:54','2023-01-30 21:02:54',6,NULL),(75951,7851,588,309,14,40719,1,4,2,5,0.00,0.00,'2023-01-30 21:02:54','2023-01-30 21:02:54',6,NULL),(75952,7851,588,309,14,40719,1,7,2,5,0.00,0.00,'2023-01-30 21:02:54','2023-01-30 21:02:54',6,NULL),(75953,7851,588,309,14,40719,1,10,2,5,0.00,0.00,'2023-01-30 21:02:54','2023-01-30 21:02:54',6,NULL),(75954,7851,588,309,14,40719,1,13,2,5,0.00,0.00,'2023-01-30 21:02:54','2023-01-30 21:02:54',6,NULL),(75955,7851,588,309,14,40719,1,3,2,5,0.00,0.00,'2023-01-30 21:02:54','2023-01-30 21:02:54',6,NULL),(75956,7851,588,309,14,40719,1,6,2,5,0.00,0.00,'2023-01-30 21:02:54','2023-01-30 21:02:54',6,NULL),(75957,7851,588,309,14,40719,1,9,2,5,0.00,0.00,'2023-01-30 21:02:54','2023-01-30 21:02:54',6,NULL),(75958,7851,588,309,14,40719,1,12,2,5,0.00,0.00,'2023-01-30 21:02:54','2023-01-30 21:02:54',6,NULL),(75959,7851,588,309,14,40719,1,1,2,4,0.00,0.00,'2023-01-30 21:02:54','2023-01-30 21:02:54',6,NULL),(75960,7851,588,309,14,40719,1,4,2,4,0.00,0.00,'2023-01-30 21:02:54','2023-01-30 21:02:54',6,NULL),(75961,7851,588,309,14,40719,1,7,2,4,0.00,0.00,'2023-01-30 21:02:54','2023-01-30 21:02:54',6,NULL),(75962,7851,588,309,14,40719,1,10,2,4,0.00,0.00,'2023-01-30 21:02:54','2023-01-30 21:02:54',6,NULL),(75963,7851,588,309,14,40719,1,13,2,4,0.00,0.00,'2023-01-30 21:02:54','2023-01-30 21:02:54',6,NULL),(75964,7851,588,309,14,40719,1,3,2,4,0.00,0.00,'2023-01-30 21:02:54','2023-01-30 21:02:54',6,NULL),(75965,7851,588,309,14,40719,1,6,2,4,0.00,0.00,'2023-01-30 21:02:54','2023-01-30 21:02:54',6,NULL),(75966,7851,588,309,14,40719,1,9,2,4,0.00,0.00,'2023-01-30 21:02:54','2023-01-30 21:02:54',6,NULL),(75967,7851,588,309,14,40719,1,12,2,4,0.00,0.00,'2023-01-30 21:02:54','2023-01-30 21:02:54',6,NULL),(75968,7851,588,309,14,40719,1,2,2,4,0.00,0.00,'2023-01-30 21:02:54','2023-01-30 21:02:54',6,NULL),(75969,7851,588,309,14,40719,1,5,2,4,0.00,0.00,'2023-01-30 21:02:54','2023-01-30 21:02:54',6,NULL),(75970,7851,588,309,14,40719,1,8,2,4,0.00,0.00,'2023-01-30 21:02:54','2023-01-30 21:02:54',6,NULL),(75971,7851,588,309,14,40719,1,11,2,4,0.00,0.00,'2023-01-30 21:02:54','2023-01-30 21:02:54',6,NULL),(75972,7851,588,309,14,40719,1,14,2,4,0.00,0.00,'2023-01-30 21:02:54','2023-01-30 21:02:54',6,NULL),(75973,7851,588,309,14,40719,1,6,2,8,0.00,0.00,'2023-01-30 21:02:54','2023-01-30 21:02:54',6,NULL),(75974,7851,588,309,14,40719,1,9,2,8,0.00,0.00,'2023-01-30 21:02:54','2023-01-30 21:02:54',6,NULL),(75975,7851,588,309,14,40719,1,12,2,8,0.00,0.00,'2023-01-30 21:02:54','2023-01-30 21:02:54',6,NULL),(75976,7851,588,309,14,40719,1,2,2,8,0.00,0.00,'2023-01-30 21:02:54','2023-01-30 21:02:54',6,NULL),(75977,7851,588,309,14,40719,1,5,2,8,0.00,0.00,'2023-01-30 21:02:54','2023-01-30 21:02:54',6,NULL),(75978,7851,588,309,14,40719,1,8,2,8,0.00,0.00,'2023-01-30 21:02:54','2023-01-30 21:02:54',6,NULL),(75979,7851,588,309,14,40719,1,11,2,8,0.00,0.00,'2023-01-30 21:02:54','2023-01-30 21:02:54',6,NULL);
INSERT INTO `period_liquidation_iva_details` VALUES (75980,7851,588,309,14,40719,1,14,2,8,0.00,0.00,'2023-01-30 21:02:54','2023-01-30 21:02:54',6,NULL),(75981,7851,588,309,14,40719,1,1,2,8,0.00,0.00,'2023-01-30 21:02:54','2023-01-30 21:02:54',6,NULL),(75982,7851,588,309,14,40719,1,4,2,8,0.00,0.00,'2023-01-30 21:02:54','2023-01-30 21:02:54',6,NULL),(75983,7851,588,309,14,40719,1,7,2,8,0.00,0.00,'2023-01-30 21:02:54','2023-01-30 21:02:54',6,NULL),(75984,7851,588,309,14,40719,1,10,2,8,0.00,0.00,'2023-01-30 21:02:54','2023-01-30 21:02:54',6,NULL),(75985,7851,588,309,14,40719,1,13,2,8,0.00,0.00,'2023-01-30 21:02:54','2023-01-30 21:02:54',6,NULL),(75986,7851,588,309,14,40719,1,3,2,8,0.01,0.00,'2023-01-30 21:02:54','2023-01-30 21:02:54',6,NULL),(75987,7851,588,309,14,40719,1,1,2,6,0.00,0.00,'2023-01-30 21:02:54','2023-01-30 21:02:54',7,NULL),(75988,7851,588,309,14,40719,1,13,2,7,0.00,0.00,'2023-01-30 21:02:54','2023-01-30 21:02:54',7,NULL),(75989,7851,588,309,14,40719,1,10,2,6,0.00,0.00,'2023-01-30 21:02:54','2023-01-30 21:02:54',7,NULL),(75990,7851,588,309,14,40719,1,6,2,7,0.00,0.00,'2023-01-30 21:02:54','2023-01-30 21:02:54',7,NULL),(75991,7851,588,309,14,40719,1,3,2,6,0.00,0.00,'2023-01-30 21:02:54','2023-01-30 21:02:54',7,NULL),(75992,7851,588,309,14,40719,1,12,2,6,0.00,0.00,'2023-01-30 21:02:54','2023-01-30 21:02:54',7,NULL),(75993,7851,588,309,14,40719,1,8,2,7,0.00,0.00,'2023-01-30 21:02:54','2023-01-30 21:02:54',7,NULL),(75994,7851,588,309,14,40719,1,5,2,6,0.00,0.00,'2023-01-30 21:02:54','2023-01-30 21:02:54',7,NULL),(75995,7851,588,309,14,40719,1,1,2,7,0.06,0.00,'2023-01-30 21:02:54','2023-01-30 21:02:54',7,NULL),(75996,7851,588,309,14,40719,1,14,2,6,0.00,0.00,'2023-01-30 21:02:54','2023-01-30 21:02:54',7,NULL),(75997,7851,588,309,14,40719,1,10,2,7,0.00,0.00,'2023-01-30 21:02:54','2023-01-30 21:02:54',7,NULL),(75998,7851,588,309,14,40719,1,7,2,6,0.00,0.00,'2023-01-30 21:02:54','2023-01-30 21:02:54',7,NULL),(75999,7851,588,309,14,40719,1,3,2,7,1917.01,0.00,'2023-01-30 21:02:54','2023-01-30 21:02:54',7,NULL),(76000,7851,588,309,14,40719,1,12,2,7,0.00,0.00,'2023-01-30 21:02:54','2023-01-30 21:02:54',7,NULL),(76001,7851,588,309,14,40719,1,9,2,6,0.00,0.00,'2023-01-30 21:02:54','2023-01-30 21:02:54',7,NULL),(76002,7851,588,309,14,40719,1,5,2,7,0.00,0.00,'2023-01-30 21:02:54','2023-01-30 21:02:54',7,NULL),(76003,7851,588,309,14,40719,1,2,2,6,0.00,0.00,'2023-01-30 21:02:54','2023-01-30 21:02:54',7,NULL),(76004,7851,588,309,14,40719,1,14,2,7,0.00,0.00,'2023-01-30 21:02:54','2023-01-30 21:02:54',7,NULL),(76005,7851,588,309,14,40719,1,11,2,6,0.00,0.00,'2023-01-30 21:02:54','2023-01-30 21:02:54',7,NULL),(76006,7851,588,309,14,40719,1,7,2,7,0.00,0.00,'2023-01-30 21:02:54','2023-01-30 21:02:54',7,NULL),(76007,7851,588,309,14,40719,1,4,2,6,0.00,0.00,'2023-01-30 21:02:54','2023-01-30 21:02:54',7,NULL),(76008,7851,588,309,14,40719,1,13,2,6,0.00,0.00,'2023-01-30 21:02:54','2023-01-30 21:02:54',7,NULL),(76009,7851,588,309,14,40719,1,9,2,7,0.00,0.00,'2023-01-30 21:02:54','2023-01-30 21:02:54',7,NULL),(76010,7851,588,309,14,40719,1,6,2,6,0.00,0.00,'2023-01-30 21:02:54','2023-01-30 21:02:54',7,NULL),(76011,7851,588,309,14,40719,1,2,2,7,0.00,0.00,'2023-01-30 21:02:54','2023-01-30 21:02:54',7,NULL),(76012,7851,588,309,14,40719,1,11,2,7,0.00,0.00,'2023-01-30 21:02:54','2023-01-30 21:02:54',7,NULL),(76013,7851,588,309,14,40719,1,8,2,6,0.00,0.00,'2023-01-30 21:02:54','2023-01-30 21:02:54',7,NULL),(76014,7851,588,309,14,40719,1,4,2,7,0.00,0.00,'2023-01-30 21:02:54','2023-01-30 21:02:54',7,NULL),(81919,7851,637,334,18,40719,652,1,1,3,0.00,0.00,'2023-02-11 02:15:25','2023-02-11 02:15:25',1,NULL),(81920,7851,637,334,18,40719,652,1,1,2,0.00,0.00,'2023-02-11 02:15:25','2023-02-11 02:15:25',1,NULL),(81921,7851,637,334,18,40719,652,1,1,1,904018.10,94921.90,'2023-02-11 02:15:25','2023-02-11 02:15:25',1,NULL),(81922,7851,637,334,18,40719,652,1,1,5,0.00,0.00,'2023-02-11 02:15:25','2023-02-11 02:15:25',1,NULL),(81923,7851,637,334,18,40719,652,1,1,4,0.00,0.00,'2023-02-11 02:15:25','2023-02-11 02:15:25',1,NULL);
INSERT INTO `period_liquidation_iva_details` VALUES (81924,7851,637,334,18,40719,652,1,1,8,0.00,0.00,'2023-02-11 02:15:25','2023-02-11 02:15:25',1,NULL),(81925,7851,637,334,18,40719,652,1,1,3,0.00,0.00,'2023-02-11 02:15:25','2023-02-11 02:15:25',2,NULL),(81926,7851,637,334,18,40719,652,1,1,2,0.00,0.00,'2023-02-11 02:15:25','2023-02-11 02:15:25',2,NULL),(81927,7851,637,334,18,40719,652,1,1,1,0.00,0.00,'2023-02-11 02:15:25','2023-02-11 02:15:25',2,NULL),(81928,7851,637,334,18,40719,652,1,1,5,0.00,0.00,'2023-02-11 02:15:25','2023-02-11 02:15:25',2,NULL),(81929,7851,637,334,18,40719,652,1,1,4,0.00,0.00,'2023-02-11 02:15:25','2023-02-11 02:15:25',2,NULL),(81930,7851,637,334,18,40719,652,1,1,8,0.00,0.00,'2023-02-11 02:15:25','2023-02-11 02:15:25',2,NULL),(81931,7851,637,334,18,40719,652,1,1,6,0.00,0.00,'2023-02-11 02:15:25','2023-02-11 02:15:25',3,NULL),(81932,7851,637,334,18,40719,652,1,1,7,0.00,0.00,'2023-02-11 02:15:25','2023-02-11 02:15:25',3,NULL),(81933,7851,637,334,18,40719,652,1,1,3,0.00,0.00,'2023-02-11 02:15:25','2023-02-11 02:15:25',4,NULL),(81934,7851,637,334,18,40719,652,1,1,2,0.00,0.00,'2023-02-11 02:15:25','2023-02-11 02:15:25',4,NULL),(81935,7851,637,334,18,40719,652,1,1,1,25247.96,2651.04,'2023-02-11 02:15:25','2023-02-11 02:15:25',4,NULL),(81936,7851,637,334,18,40719,652,1,1,5,0.00,0.00,'2023-02-11 02:15:25','2023-02-11 02:15:25',4,NULL),(81937,7851,637,334,18,40719,652,1,1,4,0.00,0.00,'2023-02-11 02:15:25','2023-02-11 02:15:25',4,NULL),(81938,7851,637,334,18,40719,652,1,1,6,0.00,0.00,'2023-02-11 02:15:25','2023-02-11 02:15:25',4,NULL),(81939,7851,637,334,18,40719,652,1,1,7,0.00,0.00,'2023-02-11 02:15:25','2023-02-11 02:15:25',4,NULL),(81940,7851,637,334,18,40719,652,1,1,8,0.00,0.00,'2023-02-11 02:15:25','2023-02-11 02:15:25',4,NULL),(81941,7851,637,334,18,40719,1,12,2,3,0.00,0.00,'2023-02-11 02:15:25','2023-02-11 02:15:25',5,NULL),(81942,7851,637,334,18,40719,1,8,2,3,0.00,0.00,'2023-02-11 02:15:25','2023-02-11 02:15:25',5,NULL),(81943,7851,637,334,18,40719,1,4,2,3,0.00,0.00,'2023-02-11 02:15:25','2023-02-11 02:15:25',5,NULL),(81944,7851,637,334,18,40719,1,5,2,3,0.00,0.00,'2023-02-11 02:15:25','2023-02-11 02:15:25',5,NULL),(81945,7851,637,334,18,40719,1,13,2,3,0.00,0.00,'2023-02-11 02:15:25','2023-02-11 02:15:25',5,NULL),(81946,7851,637,334,18,40719,1,9,2,3,0.00,0.00,'2023-02-11 02:15:25','2023-02-11 02:15:25',5,NULL),(81947,7851,637,334,18,40719,1,1,2,3,0.00,0.00,'2023-02-11 02:15:25','2023-02-11 02:15:25',5,NULL),(81948,7851,637,334,18,40719,1,6,2,3,0.00,0.00,'2023-02-11 02:15:25','2023-02-11 02:15:25',5,NULL),(81949,7851,637,334,18,40719,1,14,2,3,0.00,0.00,'2023-02-11 02:15:25','2023-02-11 02:15:25',5,NULL),(81950,7851,637,334,18,40719,1,10,2,3,0.00,0.00,'2023-02-11 02:15:25','2023-02-11 02:15:25',5,NULL),(81951,7851,637,334,18,40719,1,2,2,3,0.00,0.00,'2023-02-11 02:15:25','2023-02-11 02:15:25',5,NULL),(81952,7851,637,334,18,40719,1,7,2,3,0.00,0.00,'2023-02-11 02:15:25','2023-02-11 02:15:25',5,NULL),(81953,7851,637,334,18,40719,1,11,2,3,0.00,0.00,'2023-02-11 02:15:25','2023-02-11 02:15:25',5,NULL),(81954,7851,637,334,18,40719,1,3,2,3,0.00,0.00,'2023-02-11 02:15:25','2023-02-11 02:15:25',5,NULL),(81955,7851,637,334,18,40719,1,1,2,2,0.00,0.00,'2023-02-11 02:15:25','2023-02-11 02:15:25',5,NULL),(81956,7851,637,334,18,40719,1,6,2,2,0.00,0.00,'2023-02-11 02:15:25','2023-02-11 02:15:25',5,NULL),(81957,7851,637,334,18,40719,1,14,2,2,0.00,0.00,'2023-02-11 02:15:25','2023-02-11 02:15:25',5,NULL),(81958,7851,637,334,18,40719,1,10,2,2,0.00,0.00,'2023-02-11 02:15:25','2023-02-11 02:15:25',5,NULL),(81959,7851,637,334,18,40719,1,2,2,2,0.00,0.00,'2023-02-11 02:15:25','2023-02-11 02:15:25',5,NULL),(81960,7851,637,334,18,40719,1,7,2,2,0.00,0.00,'2023-02-11 02:15:25','2023-02-11 02:15:25',5,NULL),(81961,7851,637,334,18,40719,1,11,2,2,0.00,0.00,'2023-02-11 02:15:25','2023-02-11 02:15:25',5,NULL),(81962,7851,637,334,18,40719,1,3,2,2,0.00,0.00,'2023-02-11 02:15:25','2023-02-11 02:15:25',5,NULL);
INSERT INTO `period_liquidation_iva_details` VALUES (81963,7851,637,334,18,40719,1,12,2,2,0.00,0.00,'2023-02-11 02:15:25','2023-02-11 02:15:25',5,NULL),(81964,7851,637,334,18,40719,1,8,2,2,0.00,0.00,'2023-02-11 02:15:25','2023-02-11 02:15:25',5,NULL),(81965,7851,637,334,18,40719,1,4,2,2,0.00,0.00,'2023-02-11 02:15:25','2023-02-11 02:15:25',5,NULL),(81966,7851,637,334,18,40719,1,5,2,2,0.00,0.00,'2023-02-11 02:15:25','2023-02-11 02:15:25',5,NULL),(81967,7851,637,334,18,40719,1,13,2,2,0.00,0.00,'2023-02-11 02:15:25','2023-02-11 02:15:25',5,NULL),(81968,7851,637,334,18,40719,1,9,2,2,0.00,0.00,'2023-02-11 02:15:25','2023-02-11 02:15:25',5,NULL),(81969,7851,637,334,18,40719,1,2,2,1,0.00,0.00,'2023-02-11 02:15:25','2023-02-11 02:15:25',5,NULL),(81970,7851,637,334,18,40719,1,7,2,1,0.00,0.00,'2023-02-11 02:15:25','2023-02-11 02:15:25',5,NULL),(81971,7851,637,334,18,40719,1,11,2,1,0.00,0.00,'2023-02-11 02:15:25','2023-02-11 02:15:25',5,NULL),(81972,7851,637,334,18,40719,1,3,2,1,0.00,0.00,'2023-02-11 02:15:25','2023-02-11 02:15:25',5,NULL),(81973,7851,637,334,18,40719,1,12,2,1,0.00,0.00,'2023-02-11 02:15:25','2023-02-11 02:15:25',5,NULL),(81974,7851,637,334,18,40719,1,8,2,1,0.00,0.00,'2023-02-11 02:15:25','2023-02-11 02:15:25',5,NULL),(81975,7851,637,334,18,40719,1,4,2,1,0.00,0.00,'2023-02-11 02:15:25','2023-02-11 02:15:25',5,NULL),(81976,7851,637,334,18,40719,1,5,2,1,0.00,0.00,'2023-02-11 02:15:25','2023-02-11 02:15:25',5,NULL),(81977,7851,637,334,18,40719,1,13,2,1,0.00,0.00,'2023-02-11 02:15:25','2023-02-11 02:15:25',5,NULL),(81978,7851,637,334,18,40719,1,9,2,1,0.00,0.00,'2023-02-11 02:15:25','2023-02-11 02:15:25',5,NULL),(81979,7851,637,334,18,40719,1,1,2,1,0.00,0.00,'2023-02-11 02:15:25','2023-02-11 02:15:25',5,NULL),(81980,7851,637,334,18,40719,1,6,2,1,0.00,0.00,'2023-02-11 02:15:25','2023-02-11 02:15:25',5,NULL),(81981,7851,637,334,18,40719,1,14,2,1,0.00,0.00,'2023-02-11 02:15:25','2023-02-11 02:15:25',5,NULL),(81982,7851,637,334,18,40719,1,10,2,1,0.00,0.00,'2023-02-11 02:15:25','2023-02-11 02:15:25',5,NULL),(81983,7851,637,334,18,40719,1,6,2,5,0.00,0.00,'2023-02-11 02:15:25','2023-02-11 02:15:25',5,NULL),(81984,7851,637,334,18,40719,1,14,2,5,0.00,0.00,'2023-02-11 02:15:25','2023-02-11 02:15:25',5,NULL),(81985,7851,637,334,18,40719,1,10,2,5,0.00,0.00,'2023-02-11 02:15:25','2023-02-11 02:15:25',5,NULL),(81986,7851,637,334,18,40719,1,2,2,5,0.00,0.00,'2023-02-11 02:15:25','2023-02-11 02:15:25',5,NULL),(81987,7851,637,334,18,40719,1,11,2,5,0.00,0.00,'2023-02-11 02:15:25','2023-02-11 02:15:25',5,NULL),(81988,7851,637,334,18,40719,1,7,2,5,0.00,0.00,'2023-02-11 02:15:25','2023-02-11 02:15:25',5,NULL),(81989,7851,637,334,18,40719,1,3,2,5,0.00,0.00,'2023-02-11 02:15:25','2023-02-11 02:15:25',5,NULL),(81990,7851,637,334,18,40719,1,12,2,5,0.00,0.00,'2023-02-11 02:15:25','2023-02-11 02:15:25',5,NULL),(81991,7851,637,334,18,40719,1,8,2,5,0.00,0.00,'2023-02-11 02:15:25','2023-02-11 02:15:25',5,NULL),(81992,7851,637,334,18,40719,1,4,2,5,0.00,0.00,'2023-02-11 02:15:25','2023-02-11 02:15:25',5,NULL),(81993,7851,637,334,18,40719,1,5,2,5,0.00,0.00,'2023-02-11 02:15:25','2023-02-11 02:15:25',5,NULL),(81994,7851,637,334,18,40719,1,13,2,5,0.00,0.00,'2023-02-11 02:15:25','2023-02-11 02:15:25',5,NULL),(81995,7851,637,334,18,40719,1,9,2,5,0.00,0.00,'2023-02-11 02:15:25','2023-02-11 02:15:25',5,NULL),(81996,7851,637,334,18,40719,1,1,2,5,0.00,0.00,'2023-02-11 02:15:25','2023-02-11 02:15:25',5,NULL),(81997,7851,637,334,18,40719,1,7,2,4,0.00,0.00,'2023-02-11 02:15:25','2023-02-11 02:15:25',5,NULL),(81998,7851,637,334,18,40719,1,11,2,4,0.00,0.00,'2023-02-11 02:15:25','2023-02-11 02:15:25',5,NULL),(81999,7851,637,334,18,40719,1,3,2,4,0.00,0.00,'2023-02-11 02:15:25','2023-02-11 02:15:25',5,NULL),(82000,7851,637,334,18,40719,1,12,2,4,0.00,0.00,'2023-02-11 02:15:25','2023-02-11 02:15:25',5,NULL),(82001,7851,637,334,18,40719,1,8,2,4,0.00,0.00,'2023-02-11 02:15:25','2023-02-11 02:15:25',5,NULL),(82002,7851,637,334,18,40719,1,4,2,4,0.00,0.00,'2023-02-11 02:15:25','2023-02-11 02:15:25',5,NULL);
INSERT INTO `period_liquidation_iva_details` VALUES (82003,7851,637,334,18,40719,1,5,2,4,0.00,0.00,'2023-02-11 02:15:25','2023-02-11 02:15:25',5,NULL),(82004,7851,637,334,18,40719,1,13,2,4,0.00,0.00,'2023-02-11 02:15:25','2023-02-11 02:15:25',5,NULL),(82005,7851,637,334,18,40719,1,9,2,4,0.00,0.00,'2023-02-11 02:15:25','2023-02-11 02:15:25',5,NULL),(82006,7851,637,334,18,40719,1,1,2,4,0.00,0.00,'2023-02-11 02:15:25','2023-02-11 02:15:25',5,NULL),(82007,7851,637,334,18,40719,1,6,2,4,0.00,0.00,'2023-02-11 02:15:25','2023-02-11 02:15:25',5,NULL),(82008,7851,637,334,18,40719,1,14,2,4,0.00,0.00,'2023-02-11 02:15:25','2023-02-11 02:15:25',5,NULL),(82009,7851,637,334,18,40719,1,10,2,4,0.00,0.00,'2023-02-11 02:15:25','2023-02-11 02:15:25',5,NULL),(82010,7851,637,334,18,40719,1,2,2,4,0.00,0.00,'2023-02-11 02:15:25','2023-02-11 02:15:25',5,NULL),(82011,7851,637,334,18,40719,1,5,2,6,0.00,0.00,'2023-02-11 02:15:25','2023-02-11 02:15:25',5,NULL),(82012,7851,637,334,18,40719,1,13,2,6,0.00,0.00,'2023-02-11 02:15:25','2023-02-11 02:15:25',5,NULL),(82013,7851,637,334,18,40719,1,9,2,6,0.00,0.00,'2023-02-11 02:15:25','2023-02-11 02:15:25',5,NULL),(82014,7851,637,334,18,40719,1,12,2,7,0.00,0.00,'2023-02-11 02:15:25','2023-02-11 02:15:25',5,NULL),(82015,7851,637,334,18,40719,1,8,2,7,0.00,0.00,'2023-02-11 02:15:25','2023-02-11 02:15:25',5,NULL),(82016,7851,637,334,18,40719,1,11,2,8,0.00,0.00,'2023-02-11 02:15:25','2023-02-11 02:15:25',5,NULL),(82017,7851,637,334,18,40719,1,7,2,8,0.00,0.00,'2023-02-11 02:15:25','2023-02-11 02:15:25',5,NULL),(82018,7851,637,334,18,40719,1,1,2,6,0.00,0.00,'2023-02-11 02:15:25','2023-02-11 02:15:25',5,NULL),(82019,7851,637,334,18,40719,1,4,2,7,0.00,0.00,'2023-02-11 02:15:25','2023-02-11 02:15:25',5,NULL),(82020,7851,637,334,18,40719,1,3,2,8,0.00,0.00,'2023-02-11 02:15:25','2023-02-11 02:15:25',5,NULL),(82021,7851,637,334,18,40719,1,6,2,6,0.00,0.00,'2023-02-11 02:15:25','2023-02-11 02:15:25',5,NULL),(82022,7851,637,334,18,40719,1,14,2,6,0.00,0.00,'2023-02-11 02:15:25','2023-02-11 02:15:25',5,NULL),(82023,7851,637,334,18,40719,1,10,2,6,0.00,0.00,'2023-02-11 02:15:25','2023-02-11 02:15:25',5,NULL),(82024,7851,637,334,18,40719,1,5,2,7,0.00,0.00,'2023-02-11 02:15:25','2023-02-11 02:15:25',5,NULL),(82025,7851,637,334,18,40719,1,13,2,7,0.00,0.00,'2023-02-11 02:15:25','2023-02-11 02:15:25',5,NULL),(82026,7851,637,334,18,40719,1,9,2,7,0.00,0.00,'2023-02-11 02:15:25','2023-02-11 02:15:25',5,NULL),(82027,7851,637,334,18,40719,1,12,2,8,0.00,0.00,'2023-02-11 02:15:25','2023-02-11 02:15:25',5,NULL),(82028,7851,637,334,18,40719,1,8,2,8,0.00,0.00,'2023-02-11 02:15:25','2023-02-11 02:15:25',5,NULL),(82029,7851,637,334,18,40719,1,2,2,6,0.00,0.00,'2023-02-11 02:15:25','2023-02-11 02:15:25',5,NULL),(82030,7851,637,334,18,40719,1,1,2,7,0.00,0.00,'2023-02-11 02:15:25','2023-02-11 02:15:25',5,NULL),(82031,7851,637,334,18,40719,1,4,2,8,0.00,0.00,'2023-02-11 02:15:25','2023-02-11 02:15:25',5,NULL),(82032,7851,637,334,18,40719,1,11,2,6,0.00,0.00,'2023-02-11 02:15:25','2023-02-11 02:15:25',5,NULL),(82033,7851,637,334,18,40719,1,7,2,6,0.00,0.00,'2023-02-11 02:15:25','2023-02-11 02:15:25',5,NULL),(82034,7851,637,334,18,40719,1,6,2,7,0.00,0.00,'2023-02-11 02:15:25','2023-02-11 02:15:25',5,NULL),(82035,7851,637,334,18,40719,1,14,2,7,0.00,0.00,'2023-02-11 02:15:25','2023-02-11 02:15:25',5,NULL),(82036,7851,637,334,18,40719,1,10,2,7,0.00,0.00,'2023-02-11 02:15:25','2023-02-11 02:15:25',5,NULL),(82037,7851,637,334,18,40719,1,5,2,8,0.00,0.00,'2023-02-11 02:15:25','2023-02-11 02:15:25',5,NULL),(82038,7851,637,334,18,40719,1,13,2,8,0.00,0.00,'2023-02-11 02:15:25','2023-02-11 02:15:25',5,NULL),(82039,7851,637,334,18,40719,1,9,2,8,0.00,0.00,'2023-02-11 02:15:25','2023-02-11 02:15:25',5,NULL),(82040,7851,637,334,18,40719,1,3,2,6,0.00,0.00,'2023-02-11 02:15:25','2023-02-11 02:15:25',5,NULL),(82041,7851,637,334,18,40719,1,2,2,7,0.00,0.00,'2023-02-11 02:15:25','2023-02-11 02:15:25',5,NULL),(82042,7851,637,334,18,40719,1,1,2,8,0.00,0.00,'2023-02-11 02:15:25','2023-02-11 02:15:25',5,NULL);
INSERT INTO `period_liquidation_iva_details` VALUES (82043,7851,637,334,18,40719,1,12,2,6,0.00,0.00,'2023-02-11 02:15:25','2023-02-11 02:15:25',5,NULL),(82044,7851,637,334,18,40719,1,8,2,6,0.00,0.00,'2023-02-11 02:15:25','2023-02-11 02:15:25',5,NULL),(82045,7851,637,334,18,40719,1,11,2,7,0.00,0.00,'2023-02-11 02:15:25','2023-02-11 02:15:25',5,NULL),(82046,7851,637,334,18,40719,1,7,2,7,0.00,0.00,'2023-02-11 02:15:25','2023-02-11 02:15:25',5,NULL),(82047,7851,637,334,18,40719,1,4,2,6,0.00,0.00,'2023-02-11 02:15:25','2023-02-11 02:15:25',5,NULL),(82048,7851,637,334,18,40719,1,6,2,8,0.00,0.00,'2023-02-11 02:15:25','2023-02-11 02:15:25',5,NULL),(82049,7851,637,334,18,40719,1,14,2,8,0.00,0.00,'2023-02-11 02:15:25','2023-02-11 02:15:25',5,NULL),(82050,7851,637,334,18,40719,1,10,2,8,0.00,0.00,'2023-02-11 02:15:25','2023-02-11 02:15:25',5,NULL),(82051,7851,637,334,18,40719,1,3,2,7,0.00,0.00,'2023-02-11 02:15:25','2023-02-11 02:15:25',5,NULL),(82052,7851,637,334,18,40719,1,2,2,8,0.00,0.00,'2023-02-11 02:15:25','2023-02-11 02:15:25',5,NULL),(82053,7851,637,334,18,40719,1,3,2,3,0.00,0.00,'2023-02-11 02:15:25','2023-02-11 02:15:25',6,NULL),(82054,7851,637,334,18,40719,1,6,2,3,0.00,0.00,'2023-02-11 02:15:25','2023-02-11 02:15:25',6,NULL),(82055,7851,637,334,18,40719,1,9,2,3,0.00,0.00,'2023-02-11 02:15:25','2023-02-11 02:15:25',6,NULL),(82056,7851,637,334,18,40719,1,12,2,3,0.00,0.00,'2023-02-11 02:15:25','2023-02-11 02:15:25',6,NULL),(82057,7851,637,334,18,40719,1,2,2,3,0.00,0.00,'2023-02-11 02:15:25','2023-02-11 02:15:25',6,NULL),(82058,7851,637,334,18,40719,1,5,2,3,0.00,0.00,'2023-02-11 02:15:25','2023-02-11 02:15:25',6,NULL),(82059,7851,637,334,18,40719,1,8,2,3,0.00,0.00,'2023-02-11 02:15:25','2023-02-11 02:15:25',6,NULL),(82060,7851,637,334,18,40719,1,11,2,3,0.00,0.00,'2023-02-11 02:15:25','2023-02-11 02:15:25',6,NULL),(82061,7851,637,334,18,40719,1,14,2,3,0.00,0.00,'2023-02-11 02:15:25','2023-02-11 02:15:25',6,NULL),(82062,7851,637,334,18,40719,1,1,2,3,11875.07,3206.27,'2023-02-11 02:15:25','2023-02-11 02:15:25',6,NULL),(82063,7851,637,334,18,40719,1,4,2,3,0.00,0.00,'2023-02-11 02:15:25','2023-02-11 02:15:25',6,NULL),(82064,7851,637,334,18,40719,1,7,2,3,0.00,0.00,'2023-02-11 02:15:25','2023-02-11 02:15:25',6,NULL),(82065,7851,637,334,18,40719,1,10,2,3,0.00,0.00,'2023-02-11 02:15:25','2023-02-11 02:15:25',6,NULL),(82066,7851,637,334,18,40719,1,13,2,3,0.00,0.00,'2023-02-11 02:15:25','2023-02-11 02:15:25',6,NULL),(82067,7851,637,334,18,40719,1,2,2,2,0.00,0.00,'2023-02-11 02:15:25','2023-02-11 02:15:25',6,NULL),(82068,7851,637,334,18,40719,1,5,2,2,0.00,0.00,'2023-02-11 02:15:25','2023-02-11 02:15:25',6,NULL),(82069,7851,637,334,18,40719,1,8,2,2,0.00,0.00,'2023-02-11 02:15:25','2023-02-11 02:15:25',6,NULL),(82070,7851,637,334,18,40719,1,11,2,2,0.00,0.00,'2023-02-11 02:15:25','2023-02-11 02:15:25',6,NULL),(82071,7851,637,334,18,40719,1,14,2,2,0.00,0.00,'2023-02-11 02:15:25','2023-02-11 02:15:25',6,NULL),(82072,7851,637,334,18,40719,1,1,2,2,96222.28,20206.68,'2023-02-11 02:15:25','2023-02-11 02:15:25',6,NULL),(82073,7851,637,334,18,40719,1,4,2,2,0.00,0.00,'2023-02-11 02:15:25','2023-02-11 02:15:25',6,NULL),(82074,7851,637,334,18,40719,1,7,2,2,0.00,1818.00,'2023-02-11 02:15:25','2023-02-11 02:15:25',6,NULL),(82075,7851,637,334,18,40719,1,10,2,2,0.00,0.00,'2023-02-11 02:15:25','2023-02-11 02:15:25',6,NULL),(82076,7851,637,334,18,40719,1,13,2,2,0.00,0.00,'2023-02-11 02:15:25','2023-02-11 02:15:25',6,NULL),(82077,7851,637,334,18,40719,1,3,2,2,71011.17,14912.35,'2023-02-11 02:15:25','2023-02-11 02:15:25',6,NULL),(82078,7851,637,334,18,40719,1,6,2,2,0.00,0.00,'2023-02-11 02:15:25','2023-02-11 02:15:25',6,NULL),(82079,7851,637,334,18,40719,1,9,2,2,0.00,0.00,'2023-02-11 02:15:25','2023-02-11 02:15:25',6,NULL),(82080,7851,637,334,18,40719,1,12,2,2,0.00,0.00,'2023-02-11 02:15:25','2023-02-11 02:15:25',6,NULL),(82081,7851,637,334,18,40719,1,11,2,1,0.00,0.00,'2023-02-11 02:15:25','2023-02-11 02:15:25',6,NULL);
INSERT INTO `period_liquidation_iva_details` VALUES (82082,7851,637,334,18,40719,1,14,2,1,0.00,0.00,'2023-02-11 02:15:25','2023-02-11 02:15:25',6,NULL),(82083,7851,637,334,18,40719,1,1,2,1,58459.71,6138.27,'2023-02-11 02:15:25','2023-02-11 02:15:25',6,NULL),(82084,7851,637,334,18,40719,1,4,2,1,0.00,0.00,'2023-02-11 02:15:25','2023-02-11 02:15:25',6,NULL),(82085,7851,637,334,18,40719,1,7,2,1,0.00,0.00,'2023-02-11 02:15:25','2023-02-11 02:15:25',6,NULL),(82086,7851,637,334,18,40719,1,10,2,1,0.00,0.00,'2023-02-11 02:15:25','2023-02-11 02:15:25',6,NULL),(82087,7851,637,334,18,40719,1,13,2,1,0.00,0.00,'2023-02-11 02:15:25','2023-02-11 02:15:25',6,NULL),(82088,7851,637,334,18,40719,1,3,2,1,0.00,0.00,'2023-02-11 02:15:25','2023-02-11 02:15:25',6,NULL),(82089,7851,637,334,18,40719,1,6,2,1,0.00,0.00,'2023-02-11 02:15:25','2023-02-11 02:15:25',6,NULL),(82090,7851,637,334,18,40719,1,9,2,1,0.00,0.00,'2023-02-11 02:15:25','2023-02-11 02:15:25',6,NULL),(82091,7851,637,334,18,40719,1,12,2,1,0.00,0.00,'2023-02-11 02:15:25','2023-02-11 02:15:25',6,NULL),(82092,7851,637,334,18,40719,1,2,2,1,0.00,0.00,'2023-02-11 02:15:25','2023-02-11 02:15:25',6,NULL),(82093,7851,637,334,18,40719,1,5,2,1,0.00,0.00,'2023-02-11 02:15:25','2023-02-11 02:15:25',6,NULL),(82094,7851,637,334,18,40719,1,8,2,1,0.00,0.00,'2023-02-11 02:15:25','2023-02-11 02:15:25',6,NULL),(82095,7851,637,334,18,40719,1,5,2,5,0.00,0.00,'2023-02-11 02:15:25','2023-02-11 02:15:25',6,NULL),(82096,7851,637,334,18,40719,1,8,2,5,0.00,0.00,'2023-02-11 02:15:25','2023-02-11 02:15:25',6,NULL),(82097,7851,637,334,18,40719,1,11,2,5,0.00,0.00,'2023-02-11 02:15:25','2023-02-11 02:15:25',6,NULL),(82098,7851,637,334,18,40719,1,14,2,5,0.00,0.00,'2023-02-11 02:15:25','2023-02-11 02:15:25',6,NULL),(82099,7851,637,334,18,40719,1,1,2,5,0.00,0.00,'2023-02-11 02:15:25','2023-02-11 02:15:25',6,NULL),(82100,7851,637,334,18,40719,1,4,2,5,0.00,0.00,'2023-02-11 02:15:25','2023-02-11 02:15:25',6,NULL),(82101,7851,637,334,18,40719,1,7,2,5,0.00,0.00,'2023-02-11 02:15:25','2023-02-11 02:15:25',6,NULL),(82102,7851,637,334,18,40719,1,10,2,5,0.00,0.00,'2023-02-11 02:15:25','2023-02-11 02:15:25',6,NULL),(82103,7851,637,334,18,40719,1,13,2,5,0.00,0.00,'2023-02-11 02:15:25','2023-02-11 02:15:25',6,NULL),(82104,7851,637,334,18,40719,1,3,2,5,0.00,0.00,'2023-02-11 02:15:25','2023-02-11 02:15:25',6,NULL),(82105,7851,637,334,18,40719,1,6,2,5,0.00,0.00,'2023-02-11 02:15:25','2023-02-11 02:15:25',6,NULL),(82106,7851,637,334,18,40719,1,9,2,5,0.00,0.00,'2023-02-11 02:15:25','2023-02-11 02:15:25',6,NULL),(82107,7851,637,334,18,40719,1,12,2,5,0.00,0.00,'2023-02-11 02:15:25','2023-02-11 02:15:25',6,NULL),(82108,7851,637,334,18,40719,1,2,2,5,0.00,0.00,'2023-02-11 02:15:25','2023-02-11 02:15:25',6,NULL),(82109,7851,637,334,18,40719,1,4,2,4,0.00,0.00,'2023-02-11 02:15:25','2023-02-11 02:15:25',6,NULL),(82110,7851,637,334,18,40719,1,7,2,4,0.00,0.00,'2023-02-11 02:15:25','2023-02-11 02:15:25',6,NULL),(82111,7851,637,334,18,40719,1,10,2,4,0.00,0.00,'2023-02-11 02:15:25','2023-02-11 02:15:25',6,NULL),(82112,7851,637,334,18,40719,1,13,2,4,0.00,0.00,'2023-02-11 02:15:25','2023-02-11 02:15:25',6,NULL),(82113,7851,637,334,18,40719,1,3,2,4,0.00,0.00,'2023-02-11 02:15:25','2023-02-11 02:15:25',6,NULL),(82114,7851,637,334,18,40719,1,6,2,4,0.00,0.00,'2023-02-11 02:15:25','2023-02-11 02:15:25',6,NULL),(82115,7851,637,334,18,40719,1,9,2,4,0.00,0.00,'2023-02-11 02:15:25','2023-02-11 02:15:25',6,NULL),(82116,7851,637,334,18,40719,1,12,2,4,0.00,0.00,'2023-02-11 02:15:25','2023-02-11 02:15:25',6,NULL),(82117,7851,637,334,18,40719,1,2,2,4,0.00,0.00,'2023-02-11 02:15:25','2023-02-11 02:15:25',6,NULL),(82118,7851,637,334,18,40719,1,5,2,4,0.00,0.00,'2023-02-11 02:15:25','2023-02-11 02:15:25',6,NULL),(82119,7851,637,334,18,40719,1,8,2,4,0.00,0.00,'2023-02-11 02:15:25','2023-02-11 02:15:25',6,NULL),(82120,7851,637,334,18,40719,1,11,2,4,0.00,0.00,'2023-02-11 02:15:25','2023-02-11 02:15:25',6,NULL),(82121,7851,637,334,18,40719,1,14,2,4,0.00,0.00,'2023-02-11 02:15:25','2023-02-11 02:15:25',6,NULL);
INSERT INTO `period_liquidation_iva_details` VALUES (82122,7851,637,334,18,40719,1,1,2,4,0.00,0.00,'2023-02-11 02:15:25','2023-02-11 02:15:25',6,NULL),(82123,7851,637,334,18,40719,1,9,2,8,0.00,0.00,'2023-02-11 02:15:25','2023-02-11 02:15:25',6,NULL),(82124,7851,637,334,18,40719,1,12,2,8,0.00,0.00,'2023-02-11 02:15:25','2023-02-11 02:15:25',6,NULL),(82125,7851,637,334,18,40719,1,2,2,8,0.00,0.00,'2023-02-11 02:15:25','2023-02-11 02:15:25',6,NULL),(82126,7851,637,334,18,40719,1,5,2,8,0.00,0.00,'2023-02-11 02:15:25','2023-02-11 02:15:25',6,NULL),(82127,7851,637,334,18,40719,1,8,2,8,0.00,0.00,'2023-02-11 02:15:25','2023-02-11 02:15:25',6,NULL),(82128,7851,637,334,18,40719,1,11,2,8,0.00,0.00,'2023-02-11 02:15:25','2023-02-11 02:15:25',6,NULL),(82129,7851,637,334,18,40719,1,14,2,8,0.00,0.00,'2023-02-11 02:15:25','2023-02-11 02:15:25',6,NULL),(82130,7851,637,334,18,40719,1,1,2,8,0.00,0.00,'2023-02-11 02:15:25','2023-02-11 02:15:25',6,NULL),(82131,7851,637,334,18,40719,1,4,2,8,0.00,0.00,'2023-02-11 02:15:25','2023-02-11 02:15:25',6,NULL),(82132,7851,637,334,18,40719,1,7,2,8,0.00,0.00,'2023-02-11 02:15:25','2023-02-11 02:15:25',6,NULL),(82133,7851,637,334,18,40719,1,10,2,8,0.00,0.00,'2023-02-11 02:15:25','2023-02-11 02:15:25',6,NULL),(82134,7851,637,334,18,40719,1,13,2,8,0.00,0.00,'2023-02-11 02:15:25','2023-02-11 02:15:25',6,NULL),(82135,7851,637,334,18,40719,1,3,2,8,0.00,0.00,'2023-02-11 02:15:25','2023-02-11 02:15:25',6,NULL),(82136,7851,637,334,18,40719,1,6,2,8,0.00,0.00,'2023-02-11 02:15:25','2023-02-11 02:15:25',6,NULL),(82137,7851,637,334,18,40719,1,6,2,6,0.00,0.00,'2023-02-11 02:15:25','2023-02-11 02:15:25',7,NULL),(82138,7851,637,334,18,40719,1,2,2,7,0.00,0.00,'2023-02-11 02:15:25','2023-02-11 02:15:25',7,NULL),(82139,7851,637,334,18,40719,1,11,2,7,0.00,0.00,'2023-02-11 02:15:25','2023-02-11 02:15:25',7,NULL),(82140,7851,637,334,18,40719,1,8,2,6,0.00,0.00,'2023-02-11 02:15:25','2023-02-11 02:15:25',7,NULL),(82141,7851,637,334,18,40719,1,4,2,7,0.00,0.00,'2023-02-11 02:15:25','2023-02-11 02:15:25',7,NULL),(82142,7851,637,334,18,40719,1,1,2,6,0.00,0.00,'2023-02-11 02:15:25','2023-02-11 02:15:25',7,NULL),(82143,7851,637,334,18,40719,1,13,2,7,0.00,0.00,'2023-02-11 02:15:25','2023-02-11 02:15:25',7,NULL),(82144,7851,637,334,18,40719,1,10,2,6,0.00,0.00,'2023-02-11 02:15:25','2023-02-11 02:15:25',7,NULL),(82145,7851,637,334,18,40719,1,6,2,7,0.00,0.00,'2023-02-11 02:15:25','2023-02-11 02:15:25',7,NULL),(82146,7851,637,334,18,40719,1,3,2,6,0.00,0.00,'2023-02-11 02:15:25','2023-02-11 02:15:25',7,NULL),(82147,7851,637,334,18,40719,1,12,2,6,0.00,0.00,'2023-02-11 02:15:25','2023-02-11 02:15:25',7,NULL),(82148,7851,637,334,18,40719,1,8,2,7,0.00,0.00,'2023-02-11 02:15:25','2023-02-11 02:15:25',7,NULL),(82149,7851,637,334,18,40719,1,5,2,6,0.00,0.00,'2023-02-11 02:15:25','2023-02-11 02:15:25',7,NULL),(82150,7851,637,334,18,40719,1,1,2,7,0.00,0.00,'2023-02-11 02:15:25','2023-02-11 02:15:25',7,NULL),(82151,7851,637,334,18,40719,1,14,2,6,0.00,0.00,'2023-02-11 02:15:25','2023-02-11 02:15:25',7,NULL),(82152,7851,637,334,18,40719,1,10,2,7,0.00,0.00,'2023-02-11 02:15:25','2023-02-11 02:15:25',7,NULL),(82153,7851,637,334,18,40719,1,7,2,6,0.00,0.00,'2023-02-11 02:15:25','2023-02-11 02:15:25',7,NULL),(82154,7851,637,334,18,40719,1,3,2,7,2532.89,0.00,'2023-02-11 02:15:25','2023-02-11 02:15:25',7,NULL),(82155,7851,637,334,18,40719,1,12,2,7,0.00,0.00,'2023-02-11 02:15:25','2023-02-11 02:15:25',7,NULL),(82156,7851,637,334,18,40719,1,9,2,6,0.00,0.00,'2023-02-11 02:15:25','2023-02-11 02:15:25',7,NULL),(82157,7851,637,334,18,40719,1,5,2,7,0.00,0.00,'2023-02-11 02:15:25','2023-02-11 02:15:25',7,NULL),(82158,7851,637,334,18,40719,1,2,2,6,0.00,0.00,'2023-02-11 02:15:25','2023-02-11 02:15:25',7,NULL),(82159,7851,637,334,18,40719,1,14,2,7,0.00,0.00,'2023-02-11 02:15:25','2023-02-11 02:15:25',7,NULL),(82160,7851,637,334,18,40719,1,11,2,6,0.00,0.00,'2023-02-11 02:15:25','2023-02-11 02:15:25',7,NULL),(82161,7851,637,334,18,40719,1,7,2,7,0.00,0.00,'2023-02-11 02:15:25','2023-02-11 02:15:25',7,NULL);
INSERT INTO `period_liquidation_iva_details` VALUES (82162,7851,637,334,18,40719,1,4,2,6,0.00,0.00,'2023-02-11 02:15:25','2023-02-11 02:15:25',7,NULL),(82163,7851,637,334,18,40719,1,13,2,6,0.00,0.00,'2023-02-11 02:15:25','2023-02-11 02:15:25',7,NULL),(82164,7851,637,334,18,40719,1,9,2,7,0.00,0.00,'2023-02-11 02:15:25','2023-02-11 02:15:25',7,NULL),(83149,7851,646,339,3053,40719,652,1,1,3,0.00,0.00,'2023-02-23 11:07:56','2023-02-23 11:07:56',1,NULL),(83150,7851,646,339,3053,40719,652,1,1,2,0.00,0.00,'2023-02-23 11:07:56','2023-02-23 11:07:56',1,NULL),(83151,7851,646,339,3053,40719,652,1,1,1,0.00,0.00,'2023-02-23 11:07:56','2023-02-23 11:07:56',1,NULL),(83152,7851,646,339,3053,40719,652,1,1,5,0.00,0.00,'2023-02-23 11:07:56','2023-02-23 11:07:56',1,NULL),(83153,7851,646,339,3053,40719,652,1,1,4,0.00,0.00,'2023-02-23 11:07:56','2023-02-23 11:07:56',1,NULL),(83154,7851,646,339,3053,40719,652,1,1,8,0.00,0.00,'2023-02-23 11:07:56','2023-02-23 11:07:56',1,NULL),(83155,7851,646,339,3053,40719,652,1,1,3,0.00,0.00,'2023-02-23 11:07:56','2023-02-23 11:07:56',2,NULL),(83156,7851,646,339,3053,40719,652,1,1,2,0.00,0.00,'2023-02-23 11:07:56','2023-02-23 11:07:56',2,NULL),(83157,7851,646,339,3053,40719,652,1,1,1,0.00,0.00,'2023-02-23 11:07:56','2023-02-23 11:07:56',2,NULL),(83158,7851,646,339,3053,40719,652,1,1,5,0.00,0.00,'2023-02-23 11:07:56','2023-02-23 11:07:56',2,NULL),(83159,7851,646,339,3053,40719,652,1,1,4,0.00,0.00,'2023-02-23 11:07:56','2023-02-23 11:07:56',2,NULL),(83160,7851,646,339,3053,40719,652,1,1,8,0.00,0.00,'2023-02-23 11:07:56','2023-02-23 11:07:56',2,NULL),(83161,7851,646,339,3053,40719,652,1,1,6,0.00,0.00,'2023-02-23 11:07:56','2023-02-23 11:07:56',3,NULL),(83162,7851,646,339,3053,40719,652,1,1,7,0.00,0.00,'2023-02-23 11:07:56','2023-02-23 11:07:56',3,NULL),(83163,7851,646,339,3053,40719,652,1,1,3,0.00,0.00,'2023-02-23 11:07:56','2023-02-23 11:07:56',4,NULL),(83164,7851,646,339,3053,40719,652,1,1,2,2808.00,589.68,'2023-02-23 11:07:56','2023-02-23 11:07:56',4,NULL),(83165,7851,646,339,3053,40719,652,1,1,1,0.00,0.00,'2023-02-23 11:07:56','2023-02-23 11:07:56',4,NULL),(83166,7851,646,339,3053,40719,652,1,1,5,0.00,0.00,'2023-02-23 11:07:56','2023-02-23 11:07:56',4,NULL),(83167,7851,646,339,3053,40719,652,1,1,4,0.00,0.00,'2023-02-23 11:07:56','2023-02-23 11:07:56',4,NULL),(83168,7851,646,339,3053,40719,652,1,1,6,0.00,0.00,'2023-02-23 11:07:56','2023-02-23 11:07:56',4,NULL),(83169,7851,646,339,3053,40719,652,1,1,7,0.00,0.00,'2023-02-23 11:07:56','2023-02-23 11:07:56',4,NULL),(83170,7851,646,339,3053,40719,652,1,1,8,0.00,0.00,'2023-02-23 11:07:56','2023-02-23 11:07:56',4,NULL),(83171,7851,646,339,3053,40719,1,8,2,3,0.00,0.00,'2023-02-23 11:07:56','2023-02-23 11:07:56',5,NULL),(83172,7851,646,339,3053,40719,1,12,2,3,0.00,0.00,'2023-02-23 11:07:56','2023-02-23 11:07:56',5,NULL),(83173,7851,646,339,3053,40719,1,2,2,3,0.00,0.00,'2023-02-23 11:07:56','2023-02-23 11:07:56',5,NULL),(83174,7851,646,339,3053,40719,1,9,2,3,0.00,0.00,'2023-02-23 11:07:56','2023-02-23 11:07:56',5,NULL),(83175,7851,646,339,3053,40719,1,5,2,3,0.00,0.00,'2023-02-23 11:07:56','2023-02-23 11:07:56',5,NULL),(83176,7851,646,339,3053,40719,1,13,2,3,0.00,0.00,'2023-02-23 11:07:56','2023-02-23 11:07:56',5,NULL),(83177,7851,646,339,3053,40719,1,3,2,3,0.00,0.00,'2023-02-23 11:07:56','2023-02-23 11:07:56',5,NULL),(83178,7851,646,339,3053,40719,1,6,2,3,0.00,0.00,'2023-02-23 11:07:56','2023-02-23 11:07:56',5,NULL),(83179,7851,646,339,3053,40719,1,14,2,3,0.00,0.00,'2023-02-23 11:07:56','2023-02-23 11:07:56',5,NULL),(83180,7851,646,339,3053,40719,1,10,2,3,0.00,0.00,'2023-02-23 11:07:56','2023-02-23 11:07:56',5,NULL),(83181,7851,646,339,3053,40719,1,4,2,3,0.00,0.00,'2023-02-23 11:07:56','2023-02-23 11:07:56',5,NULL),(83182,7851,646,339,3053,40719,1,7,2,3,0.00,0.00,'2023-02-23 11:07:56','2023-02-23 11:07:56',5,NULL),(83183,7851,646,339,3053,40719,1,11,2,3,0.00,0.00,'2023-02-23 11:07:56','2023-02-23 11:07:56',5,NULL),(83184,7851,646,339,3053,40719,1,1,2,3,0.00,0.00,'2023-02-23 11:07:56','2023-02-23 11:07:56',5,NULL);
INSERT INTO `period_liquidation_iva_details` VALUES (83185,7851,646,339,3053,40719,1,9,2,2,0.00,0.00,'2023-02-23 11:07:56','2023-02-23 11:07:56',5,NULL),(83186,7851,646,339,3053,40719,1,5,2,2,0.00,0.00,'2023-02-23 11:07:56','2023-02-23 11:07:56',5,NULL),(83187,7851,646,339,3053,40719,1,13,2,2,0.00,0.00,'2023-02-23 11:07:56','2023-02-23 11:07:56',5,NULL),(83188,7851,646,339,3053,40719,1,3,2,2,0.00,0.00,'2023-02-23 11:07:56','2023-02-23 11:07:56',5,NULL),(83189,7851,646,339,3053,40719,1,6,2,2,0.00,0.00,'2023-02-23 11:07:56','2023-02-23 11:07:56',5,NULL),(83190,7851,646,339,3053,40719,1,14,2,2,0.00,0.00,'2023-02-23 11:07:56','2023-02-23 11:07:56',5,NULL),(83191,7851,646,339,3053,40719,1,10,2,2,0.00,0.00,'2023-02-23 11:07:56','2023-02-23 11:07:56',5,NULL),(83192,7851,646,339,3053,40719,1,4,2,2,0.00,0.00,'2023-02-23 11:07:56','2023-02-23 11:07:56',5,NULL),(83193,7851,646,339,3053,40719,1,7,2,2,0.00,0.00,'2023-02-23 11:07:56','2023-02-23 11:07:56',5,NULL),(83194,7851,646,339,3053,40719,1,11,2,2,0.00,0.00,'2023-02-23 11:07:56','2023-02-23 11:07:56',5,NULL),(83195,7851,646,339,3053,40719,1,1,2,2,0.00,0.00,'2023-02-23 11:07:56','2023-02-23 11:07:56',5,NULL),(83196,7851,646,339,3053,40719,1,8,2,2,0.00,0.00,'2023-02-23 11:07:56','2023-02-23 11:07:56',5,NULL),(83197,7851,646,339,3053,40719,1,12,2,2,0.00,0.00,'2023-02-23 11:07:56','2023-02-23 11:07:56',5,NULL),(83198,7851,646,339,3053,40719,1,2,2,2,0.00,0.00,'2023-02-23 11:07:56','2023-02-23 11:07:56',5,NULL),(83199,7851,646,339,3053,40719,1,14,2,1,0.00,0.00,'2023-02-23 11:07:56','2023-02-23 11:07:56',5,NULL),(83200,7851,646,339,3053,40719,1,10,2,1,0.00,0.00,'2023-02-23 11:07:56','2023-02-23 11:07:56',5,NULL),(83201,7851,646,339,3053,40719,1,6,2,1,0.00,0.00,'2023-02-23 11:07:56','2023-02-23 11:07:56',5,NULL),(83202,7851,646,339,3053,40719,1,4,2,1,0.00,0.00,'2023-02-23 11:07:56','2023-02-23 11:07:56',5,NULL),(83203,7851,646,339,3053,40719,1,7,2,1,0.00,0.00,'2023-02-23 11:07:56','2023-02-23 11:07:56',5,NULL),(83204,7851,646,339,3053,40719,1,11,2,1,0.00,0.00,'2023-02-23 11:07:56','2023-02-23 11:07:56',5,NULL),(83205,7851,646,339,3053,40719,1,1,2,1,0.00,0.00,'2023-02-23 11:07:56','2023-02-23 11:07:56',5,NULL),(83206,7851,646,339,3053,40719,1,8,2,1,0.00,0.00,'2023-02-23 11:07:56','2023-02-23 11:07:56',5,NULL),(83207,7851,646,339,3053,40719,1,12,2,1,0.00,0.00,'2023-02-23 11:07:56','2023-02-23 11:07:56',5,NULL),(83208,7851,646,339,3053,40719,1,2,2,1,0.00,0.00,'2023-02-23 11:07:56','2023-02-23 11:07:56',5,NULL),(83209,7851,646,339,3053,40719,1,9,2,1,0.00,0.00,'2023-02-23 11:07:56','2023-02-23 11:07:56',5,NULL),(83210,7851,646,339,3053,40719,1,5,2,1,0.00,0.00,'2023-02-23 11:07:56','2023-02-23 11:07:56',5,NULL),(83211,7851,646,339,3053,40719,1,13,2,1,0.00,0.00,'2023-02-23 11:07:56','2023-02-23 11:07:56',5,NULL),(83212,7851,646,339,3053,40719,1,3,2,1,0.00,0.00,'2023-02-23 11:07:56','2023-02-23 11:07:56',5,NULL),(83213,7851,646,339,3053,40719,1,3,2,5,0.00,0.00,'2023-02-23 11:07:56','2023-02-23 11:07:56',5,NULL),(83214,7851,646,339,3053,40719,1,6,2,5,0.00,0.00,'2023-02-23 11:07:56','2023-02-23 11:07:56',5,NULL),(83215,7851,646,339,3053,40719,1,14,2,5,0.00,0.00,'2023-02-23 11:07:56','2023-02-23 11:07:56',5,NULL),(83216,7851,646,339,3053,40719,1,10,2,5,0.00,0.00,'2023-02-23 11:07:56','2023-02-23 11:07:56',5,NULL),(83217,7851,646,339,3053,40719,1,4,2,5,0.00,0.00,'2023-02-23 11:07:56','2023-02-23 11:07:56',5,NULL),(83218,7851,646,339,3053,40719,1,7,2,5,0.00,0.00,'2023-02-23 11:07:56','2023-02-23 11:07:56',5,NULL),(83219,7851,646,339,3053,40719,1,11,2,5,0.00,0.00,'2023-02-23 11:07:56','2023-02-23 11:07:56',5,NULL),(83220,7851,646,339,3053,40719,1,1,2,5,0.00,0.00,'2023-02-23 11:07:56','2023-02-23 11:07:56',5,NULL),(83221,7851,646,339,3053,40719,1,8,2,5,0.00,0.00,'2023-02-23 11:07:56','2023-02-23 11:07:56',5,NULL),(83222,7851,646,339,3053,40719,1,12,2,5,0.00,0.00,'2023-02-23 11:07:56','2023-02-23 11:07:56',5,NULL),(83223,7851,646,339,3053,40719,1,2,2,5,0.00,0.00,'2023-02-23 11:07:56','2023-02-23 11:07:56',5,NULL);
INSERT INTO `period_liquidation_iva_details` VALUES (83224,7851,646,339,3053,40719,1,9,2,5,0.00,0.00,'2023-02-23 11:07:56','2023-02-23 11:07:56',5,NULL),(83225,7851,646,339,3053,40719,1,5,2,5,0.00,0.00,'2023-02-23 11:07:56','2023-02-23 11:07:56',5,NULL),(83226,7851,646,339,3053,40719,1,13,2,5,0.00,0.00,'2023-02-23 11:07:56','2023-02-23 11:07:56',5,NULL),(83227,7851,646,339,3053,40719,1,7,2,4,0.00,0.00,'2023-02-23 11:07:56','2023-02-23 11:07:56',5,NULL),(83228,7851,646,339,3053,40719,1,11,2,4,0.00,0.00,'2023-02-23 11:07:56','2023-02-23 11:07:56',5,NULL),(83229,7851,646,339,3053,40719,1,1,2,4,0.00,0.00,'2023-02-23 11:07:56','2023-02-23 11:07:56',5,NULL),(83230,7851,646,339,3053,40719,1,8,2,4,0.00,0.00,'2023-02-23 11:07:56','2023-02-23 11:07:56',5,NULL),(83231,7851,646,339,3053,40719,1,12,2,4,0.00,0.00,'2023-02-23 11:07:56','2023-02-23 11:07:56',5,NULL),(83232,7851,646,339,3053,40719,1,2,2,4,0.00,0.00,'2023-02-23 11:07:56','2023-02-23 11:07:56',5,NULL),(83233,7851,646,339,3053,40719,1,9,2,4,0.00,0.00,'2023-02-23 11:07:56','2023-02-23 11:07:56',5,NULL),(83234,7851,646,339,3053,40719,1,5,2,4,0.00,0.00,'2023-02-23 11:07:56','2023-02-23 11:07:56',5,NULL),(83235,7851,646,339,3053,40719,1,13,2,4,0.00,0.00,'2023-02-23 11:07:56','2023-02-23 11:07:56',5,NULL),(83236,7851,646,339,3053,40719,1,3,2,4,0.00,0.00,'2023-02-23 11:07:56','2023-02-23 11:07:56',5,NULL),(83237,7851,646,339,3053,40719,1,6,2,4,0.00,0.00,'2023-02-23 11:07:56','2023-02-23 11:07:56',5,NULL),(83238,7851,646,339,3053,40719,1,14,2,4,0.00,0.00,'2023-02-23 11:07:56','2023-02-23 11:07:56',5,NULL),(83239,7851,646,339,3053,40719,1,10,2,4,0.00,0.00,'2023-02-23 11:07:56','2023-02-23 11:07:56',5,NULL),(83240,7851,646,339,3053,40719,1,4,2,4,0.00,0.00,'2023-02-23 11:07:56','2023-02-23 11:07:56',5,NULL),(83241,7851,646,339,3053,40719,1,7,2,7,0.00,0.00,'2023-02-23 11:07:56','2023-02-23 11:07:56',5,NULL),(83242,7851,646,339,3053,40719,1,11,2,7,0.00,0.00,'2023-02-23 11:07:56','2023-02-23 11:07:56',5,NULL),(83243,7851,646,339,3053,40719,1,6,2,8,0.00,0.00,'2023-02-23 11:07:56','2023-02-23 11:07:56',5,NULL),(83244,7851,646,339,3053,40719,1,14,2,8,0.00,0.00,'2023-02-23 11:07:56','2023-02-23 11:07:56',5,NULL),(83245,7851,646,339,3053,40719,1,2,2,6,0.00,0.00,'2023-02-23 11:07:56','2023-02-23 11:07:56',5,NULL),(83246,7851,646,339,3053,40719,1,10,2,8,0.00,0.00,'2023-02-23 11:07:56','2023-02-23 11:07:56',5,NULL),(83247,7851,646,339,3053,40719,1,1,2,7,0.00,0.00,'2023-02-23 11:07:56','2023-02-23 11:07:56',5,NULL),(83248,7851,646,339,3053,40719,1,4,2,8,0.00,0.00,'2023-02-23 11:07:56','2023-02-23 11:07:56',5,NULL),(83249,7851,646,339,3053,40719,1,13,2,6,0.00,0.00,'2023-02-23 11:07:56','2023-02-23 11:07:56',5,NULL),(83250,7851,646,339,3053,40719,1,9,2,6,0.00,0.00,'2023-02-23 11:07:56','2023-02-23 11:07:56',5,NULL),(83251,7851,646,339,3053,40719,1,5,2,6,0.00,0.00,'2023-02-23 11:07:56','2023-02-23 11:07:56',5,NULL),(83252,7851,646,339,3053,40719,1,8,2,7,0.00,0.00,'2023-02-23 11:07:56','2023-02-23 11:07:56',5,NULL),(83253,7851,646,339,3053,40719,1,12,2,7,0.00,0.00,'2023-02-23 11:07:56','2023-02-23 11:07:56',5,NULL),(83254,7851,646,339,3053,40719,1,7,2,8,0.00,0.00,'2023-02-23 11:07:56','2023-02-23 11:07:56',5,NULL),(83255,7851,646,339,3053,40719,1,3,2,6,0.00,0.00,'2023-02-23 11:07:56','2023-02-23 11:07:56',5,NULL),(83256,7851,646,339,3053,40719,1,11,2,8,0.00,0.00,'2023-02-23 11:07:56','2023-02-23 11:07:56',5,NULL),(83257,7851,646,339,3053,40719,1,2,2,7,0.00,0.00,'2023-02-23 11:07:56','2023-02-23 11:07:56',5,NULL),(83258,7851,646,339,3053,40719,1,1,2,8,0.00,0.00,'2023-02-23 11:07:56','2023-02-23 11:07:56',5,NULL),(83259,7851,646,339,3053,40719,1,6,2,6,0.00,0.00,'2023-02-23 11:07:56','2023-02-23 11:07:56',5,NULL),(83260,7851,646,339,3053,40719,1,14,2,6,0.00,0.00,'2023-02-23 11:07:56','2023-02-23 11:07:56',5,NULL),(83261,7851,646,339,3053,40719,1,10,2,6,0.00,0.00,'2023-02-23 11:07:56','2023-02-23 11:07:56',5,NULL),(83262,7851,646,339,3053,40719,1,13,2,7,0.00,0.00,'2023-02-23 11:07:56','2023-02-23 11:07:56',5,NULL);
INSERT INTO `period_liquidation_iva_details` VALUES (83263,7851,646,339,3053,40719,1,9,2,7,0.00,0.00,'2023-02-23 11:07:56','2023-02-23 11:07:56',5,NULL),(83264,7851,646,339,3053,40719,1,5,2,7,0.00,0.00,'2023-02-23 11:07:56','2023-02-23 11:07:56',5,NULL),(83265,7851,646,339,3053,40719,1,8,2,8,0.00,0.00,'2023-02-23 11:07:56','2023-02-23 11:07:56',5,NULL),(83266,7851,646,339,3053,40719,1,4,2,6,0.00,0.00,'2023-02-23 11:07:56','2023-02-23 11:07:56',5,NULL),(83267,7851,646,339,3053,40719,1,12,2,8,0.00,0.00,'2023-02-23 11:07:56','2023-02-23 11:07:56',5,NULL),(83268,7851,646,339,3053,40719,1,3,2,7,0.00,0.00,'2023-02-23 11:07:56','2023-02-23 11:07:56',5,NULL),(83269,7851,646,339,3053,40719,1,2,2,8,0.00,0.00,'2023-02-23 11:07:56','2023-02-23 11:07:56',5,NULL),(83270,7851,646,339,3053,40719,1,7,2,6,0.00,0.00,'2023-02-23 11:07:56','2023-02-23 11:07:56',5,NULL),(83271,7851,646,339,3053,40719,1,11,2,6,0.00,0.00,'2023-02-23 11:07:56','2023-02-23 11:07:56',5,NULL),(83272,7851,646,339,3053,40719,1,6,2,7,0.00,0.00,'2023-02-23 11:07:56','2023-02-23 11:07:56',5,NULL),(83273,7851,646,339,3053,40719,1,14,2,7,0.00,0.00,'2023-02-23 11:07:56','2023-02-23 11:07:56',5,NULL),(83274,7851,646,339,3053,40719,1,10,2,7,0.00,0.00,'2023-02-23 11:07:56','2023-02-23 11:07:56',5,NULL),(83275,7851,646,339,3053,40719,1,13,2,8,0.00,0.00,'2023-02-23 11:07:56','2023-02-23 11:07:56',5,NULL),(83276,7851,646,339,3053,40719,1,1,2,6,0.00,0.00,'2023-02-23 11:07:56','2023-02-23 11:07:56',5,NULL),(83277,7851,646,339,3053,40719,1,9,2,8,0.00,0.00,'2023-02-23 11:07:56','2023-02-23 11:07:56',5,NULL),(83278,7851,646,339,3053,40719,1,5,2,8,0.00,0.00,'2023-02-23 11:07:56','2023-02-23 11:07:56',5,NULL),(83279,7851,646,339,3053,40719,1,4,2,7,0.00,0.00,'2023-02-23 11:07:56','2023-02-23 11:07:56',5,NULL),(83280,7851,646,339,3053,40719,1,3,2,8,0.00,0.00,'2023-02-23 11:07:56','2023-02-23 11:07:56',5,NULL),(83281,7851,646,339,3053,40719,1,8,2,6,0.00,0.00,'2023-02-23 11:07:56','2023-02-23 11:07:56',5,NULL),(83282,7851,646,339,3053,40719,1,12,2,6,0.00,0.00,'2023-02-23 11:07:56','2023-02-23 11:07:56',5,NULL),(83283,7851,646,339,3053,40719,1,2,2,3,0.00,0.00,'2023-02-23 11:07:56','2023-02-23 11:07:56',6,NULL),(83284,7851,646,339,3053,40719,1,5,2,3,0.00,0.00,'2023-02-23 11:07:56','2023-02-23 11:07:56',6,NULL),(83285,7851,646,339,3053,40719,1,8,2,3,0.00,0.00,'2023-02-23 11:07:56','2023-02-23 11:07:56',6,NULL),(83286,7851,646,339,3053,40719,1,11,2,3,0.00,0.00,'2023-02-23 11:07:56','2023-02-23 11:07:56',6,NULL),(83287,7851,646,339,3053,40719,1,14,2,3,0.00,0.00,'2023-02-23 11:07:56','2023-02-23 11:07:56',6,NULL),(83288,7851,646,339,3053,40719,1,1,2,3,0.00,0.00,'2023-02-23 11:07:56','2023-02-23 11:07:56',6,NULL),(83289,7851,646,339,3053,40719,1,4,2,3,0.00,0.00,'2023-02-23 11:07:56','2023-02-23 11:07:56',6,NULL),(83290,7851,646,339,3053,40719,1,7,2,3,0.00,0.00,'2023-02-23 11:07:56','2023-02-23 11:07:56',6,NULL),(83291,7851,646,339,3053,40719,1,10,2,3,0.00,0.00,'2023-02-23 11:07:56','2023-02-23 11:07:56',6,NULL),(83292,7851,646,339,3053,40719,1,13,2,3,0.00,0.00,'2023-02-23 11:07:56','2023-02-23 11:07:56',6,NULL),(83293,7851,646,339,3053,40719,1,3,2,3,0.00,0.00,'2023-02-23 11:07:56','2023-02-23 11:07:56',6,NULL),(83294,7851,646,339,3053,40719,1,6,2,3,0.00,0.00,'2023-02-23 11:07:56','2023-02-23 11:07:56',6,NULL),(83295,7851,646,339,3053,40719,1,9,2,3,0.00,0.00,'2023-02-23 11:07:56','2023-02-23 11:07:56',6,NULL),(83296,7851,646,339,3053,40719,1,12,2,3,0.00,0.00,'2023-02-23 11:07:56','2023-02-23 11:07:56',6,NULL),(83297,7851,646,339,3053,40719,1,1,2,2,3274.24,687.59,'2023-02-23 11:07:56','2023-02-23 11:07:56',6,NULL),(83298,7851,646,339,3053,40719,1,4,2,2,0.00,0.00,'2023-02-23 11:07:56','2023-02-23 11:07:56',6,NULL),(83299,7851,646,339,3053,40719,1,7,2,2,0.00,0.00,'2023-02-23 11:07:56','2023-02-23 11:07:56',6,NULL),(83300,7851,646,339,3053,40719,1,10,2,2,0.00,0.00,'2023-02-23 11:07:56','2023-02-23 11:07:56',6,NULL),(83301,7851,646,339,3053,40719,1,13,2,2,0.00,0.00,'2023-02-23 11:07:56','2023-02-23 11:07:56',6,NULL);
INSERT INTO `period_liquidation_iva_details` VALUES (83302,7851,646,339,3053,40719,1,3,2,2,0.00,0.00,'2023-02-23 11:07:56','2023-02-23 11:07:56',6,NULL),(83303,7851,646,339,3053,40719,1,6,2,2,0.00,0.00,'2023-02-23 11:07:56','2023-02-23 11:07:56',6,NULL),(83304,7851,646,339,3053,40719,1,9,2,2,0.00,0.00,'2023-02-23 11:07:56','2023-02-23 11:07:56',6,NULL),(83305,7851,646,339,3053,40719,1,12,2,2,0.00,0.00,'2023-02-23 11:07:56','2023-02-23 11:07:56',6,NULL),(83306,7851,646,339,3053,40719,1,2,2,2,0.00,0.00,'2023-02-23 11:07:56','2023-02-23 11:07:56',6,NULL),(83307,7851,646,339,3053,40719,1,5,2,2,0.00,0.00,'2023-02-23 11:07:56','2023-02-23 11:07:56',6,NULL),(83308,7851,646,339,3053,40719,1,8,2,2,0.00,0.00,'2023-02-23 11:07:56','2023-02-23 11:07:56',6,NULL),(83309,7851,646,339,3053,40719,1,11,2,2,0.00,0.00,'2023-02-23 11:07:56','2023-02-23 11:07:56',6,NULL),(83310,7851,646,339,3053,40719,1,14,2,2,0.00,0.00,'2023-02-23 11:07:56','2023-02-23 11:07:56',6,NULL),(83311,7851,646,339,3053,40719,1,13,2,1,0.00,0.00,'2023-02-23 11:07:56','2023-02-23 11:07:56',6,NULL),(83312,7851,646,339,3053,40719,1,3,2,1,0.00,0.00,'2023-02-23 11:07:56','2023-02-23 11:07:56',6,NULL),(83313,7851,646,339,3053,40719,1,6,2,1,0.00,0.00,'2023-02-23 11:07:56','2023-02-23 11:07:56',6,NULL),(83314,7851,646,339,3053,40719,1,9,2,1,0.00,0.00,'2023-02-23 11:07:56','2023-02-23 11:07:56',6,NULL),(83315,7851,646,339,3053,40719,1,12,2,1,0.00,0.00,'2023-02-23 11:07:56','2023-02-23 11:07:56',6,NULL),(83316,7851,646,339,3053,40719,1,2,2,1,0.00,0.00,'2023-02-23 11:07:56','2023-02-23 11:07:56',6,NULL),(83317,7851,646,339,3053,40719,1,5,2,1,0.00,0.00,'2023-02-23 11:07:56','2023-02-23 11:07:56',6,NULL),(83318,7851,646,339,3053,40719,1,8,2,1,0.00,0.00,'2023-02-23 11:07:56','2023-02-23 11:07:56',6,NULL),(83319,7851,646,339,3053,40719,1,11,2,1,0.00,0.00,'2023-02-23 11:07:56','2023-02-23 11:07:56',6,NULL),(83320,7851,646,339,3053,40719,1,14,2,1,0.00,0.00,'2023-02-23 11:07:56','2023-02-23 11:07:56',6,NULL),(83321,7851,646,339,3053,40719,1,1,2,1,0.00,0.00,'2023-02-23 11:07:56','2023-02-23 11:07:56',6,NULL),(83322,7851,646,339,3053,40719,1,4,2,1,0.00,0.00,'2023-02-23 11:07:56','2023-02-23 11:07:56',6,NULL),(83323,7851,646,339,3053,40719,1,7,2,1,0.00,0.00,'2023-02-23 11:07:56','2023-02-23 11:07:56',6,NULL),(83324,7851,646,339,3053,40719,1,10,2,1,0.00,0.00,'2023-02-23 11:07:56','2023-02-23 11:07:56',6,NULL),(83325,7851,646,339,3053,40719,1,7,2,5,0.00,0.00,'2023-02-23 11:07:56','2023-02-23 11:07:56',6,NULL),(83326,7851,646,339,3053,40719,1,10,2,5,0.00,0.00,'2023-02-23 11:07:56','2023-02-23 11:07:56',6,NULL),(83327,7851,646,339,3053,40719,1,13,2,5,0.00,0.00,'2023-02-23 11:07:56','2023-02-23 11:07:56',6,NULL),(83328,7851,646,339,3053,40719,1,3,2,5,0.00,0.00,'2023-02-23 11:07:56','2023-02-23 11:07:56',6,NULL),(83329,7851,646,339,3053,40719,1,6,2,5,0.00,0.00,'2023-02-23 11:07:56','2023-02-23 11:07:56',6,NULL),(83330,7851,646,339,3053,40719,1,9,2,5,0.00,0.00,'2023-02-23 11:07:56','2023-02-23 11:07:56',6,NULL),(83331,7851,646,339,3053,40719,1,12,2,5,0.00,0.00,'2023-02-23 11:07:56','2023-02-23 11:07:56',6,NULL),(83332,7851,646,339,3053,40719,1,2,2,5,0.00,0.00,'2023-02-23 11:07:56','2023-02-23 11:07:56',6,NULL),(83333,7851,646,339,3053,40719,1,5,2,5,0.00,0.00,'2023-02-23 11:07:56','2023-02-23 11:07:56',6,NULL),(83334,7851,646,339,3053,40719,1,8,2,5,0.00,0.00,'2023-02-23 11:07:56','2023-02-23 11:07:56',6,NULL),(83335,7851,646,339,3053,40719,1,11,2,5,0.00,0.00,'2023-02-23 11:07:56','2023-02-23 11:07:56',6,NULL),(83336,7851,646,339,3053,40719,1,14,2,5,0.00,0.00,'2023-02-23 11:07:56','2023-02-23 11:07:56',6,NULL),(83337,7851,646,339,3053,40719,1,1,2,5,0.00,0.00,'2023-02-23 11:07:56','2023-02-23 11:07:56',6,NULL),(83338,7851,646,339,3053,40719,1,4,2,5,0.00,0.00,'2023-02-23 11:07:56','2023-02-23 11:07:56',6,NULL),(83339,7851,646,339,3053,40719,1,6,2,4,0.00,0.00,'2023-02-23 11:07:56','2023-02-23 11:07:56',6,NULL),(83340,7851,646,339,3053,40719,1,9,2,4,0.00,0.00,'2023-02-23 11:07:56','2023-02-23 11:07:56',6,NULL);
INSERT INTO `period_liquidation_iva_details` VALUES (83341,7851,646,339,3053,40719,1,12,2,4,0.00,0.00,'2023-02-23 11:07:56','2023-02-23 11:07:56',6,NULL),(83342,7851,646,339,3053,40719,1,2,2,4,0.00,0.00,'2023-02-23 11:07:56','2023-02-23 11:07:56',6,NULL),(83343,7851,646,339,3053,40719,1,5,2,4,0.00,0.00,'2023-02-23 11:07:56','2023-02-23 11:07:56',6,NULL),(83344,7851,646,339,3053,40719,1,8,2,4,0.00,0.00,'2023-02-23 11:07:56','2023-02-23 11:07:56',6,NULL),(83345,7851,646,339,3053,40719,1,11,2,4,0.00,0.00,'2023-02-23 11:07:56','2023-02-23 11:07:56',6,NULL),(83346,7851,646,339,3053,40719,1,14,2,4,0.00,0.00,'2023-02-23 11:07:56','2023-02-23 11:07:56',6,NULL),(83347,7851,646,339,3053,40719,1,1,2,4,0.00,0.00,'2023-02-23 11:07:56','2023-02-23 11:07:56',6,NULL),(83348,7851,646,339,3053,40719,1,4,2,4,0.00,0.00,'2023-02-23 11:07:56','2023-02-23 11:07:56',6,NULL),(83349,7851,646,339,3053,40719,1,7,2,4,0.00,0.00,'2023-02-23 11:07:56','2023-02-23 11:07:56',6,NULL),(83350,7851,646,339,3053,40719,1,10,2,4,0.00,0.00,'2023-02-23 11:07:56','2023-02-23 11:07:56',6,NULL),(83351,7851,646,339,3053,40719,1,13,2,4,0.00,0.00,'2023-02-23 11:07:56','2023-02-23 11:07:56',6,NULL),(83352,7851,646,339,3053,40719,1,3,2,4,0.00,0.00,'2023-02-23 11:07:56','2023-02-23 11:07:56',6,NULL),(83353,7851,646,339,3053,40719,1,11,2,8,0.00,0.00,'2023-02-23 11:07:56','2023-02-23 11:07:56',6,NULL),(83354,7851,646,339,3053,40719,1,14,2,8,0.00,0.00,'2023-02-23 11:07:56','2023-02-23 11:07:56',6,NULL),(83355,7851,646,339,3053,40719,1,1,2,8,0.00,0.00,'2023-02-23 11:07:56','2023-02-23 11:07:56',6,NULL),(83356,7851,646,339,3053,40719,1,4,2,8,0.00,0.00,'2023-02-23 11:07:56','2023-02-23 11:07:56',6,NULL),(83357,7851,646,339,3053,40719,1,7,2,8,0.00,0.00,'2023-02-23 11:07:56','2023-02-23 11:07:56',6,NULL),(83358,7851,646,339,3053,40719,1,10,2,8,0.00,0.00,'2023-02-23 11:07:56','2023-02-23 11:07:56',6,NULL),(83359,7851,646,339,3053,40719,1,13,2,8,0.00,0.00,'2023-02-23 11:07:56','2023-02-23 11:07:56',6,NULL),(83360,7851,646,339,3053,40719,1,3,2,8,0.00,0.00,'2023-02-23 11:07:56','2023-02-23 11:07:56',6,NULL),(83361,7851,646,339,3053,40719,1,6,2,8,0.00,0.00,'2023-02-23 11:07:56','2023-02-23 11:07:56',6,NULL),(83362,7851,646,339,3053,40719,1,9,2,8,0.00,0.00,'2023-02-23 11:07:56','2023-02-23 11:07:56',6,NULL),(83363,7851,646,339,3053,40719,1,12,2,8,0.00,0.00,'2023-02-23 11:07:56','2023-02-23 11:07:56',6,NULL),(83364,7851,646,339,3053,40719,1,2,2,8,0.00,0.00,'2023-02-23 11:07:56','2023-02-23 11:07:56',6,NULL),(83365,7851,646,339,3053,40719,1,5,2,8,0.00,0.00,'2023-02-23 11:07:56','2023-02-23 11:07:56',6,NULL),(83366,7851,646,339,3053,40719,1,8,2,8,0.00,0.00,'2023-02-23 11:07:56','2023-02-23 11:07:56',6,NULL),(83367,7851,646,339,3053,40719,1,4,2,6,0.00,0.00,'2023-02-23 11:07:56','2023-02-23 11:07:56',7,NULL),(83368,7851,646,339,3053,40719,1,13,2,6,0.00,0.00,'2023-02-23 11:07:56','2023-02-23 11:07:56',7,NULL),(83369,7851,646,339,3053,40719,1,9,2,7,0.00,0.00,'2023-02-23 11:07:56','2023-02-23 11:07:56',7,NULL),(83370,7851,646,339,3053,40719,1,6,2,6,0.00,0.00,'2023-02-23 11:07:56','2023-02-23 11:07:56',7,NULL),(83371,7851,646,339,3053,40719,1,2,2,7,0.00,0.00,'2023-02-23 11:07:56','2023-02-23 11:07:56',7,NULL),(83372,7851,646,339,3053,40719,1,11,2,7,0.00,0.00,'2023-02-23 11:07:56','2023-02-23 11:07:56',7,NULL),(83373,7851,646,339,3053,40719,1,8,2,6,0.00,0.00,'2023-02-23 11:07:56','2023-02-23 11:07:56',7,NULL),(83374,7851,646,339,3053,40719,1,4,2,7,0.00,0.00,'2023-02-23 11:07:56','2023-02-23 11:07:56',7,NULL),(83375,7851,646,339,3053,40719,1,1,2,6,0.00,0.00,'2023-02-23 11:07:56','2023-02-23 11:07:56',7,NULL),(83376,7851,646,339,3053,40719,1,13,2,7,0.00,0.00,'2023-02-23 11:07:56','2023-02-23 11:07:56',7,NULL),(83377,7851,646,339,3053,40719,1,10,2,6,0.00,0.00,'2023-02-23 11:07:56','2023-02-23 11:07:56',7,NULL),(83378,7851,646,339,3053,40719,1,6,2,7,0.00,0.00,'2023-02-23 11:07:56','2023-02-23 11:07:56',7,NULL),(83379,7851,646,339,3053,40719,1,3,2,6,0.00,0.00,'2023-02-23 11:07:56','2023-02-23 11:07:56',7,NULL);
