INSERT INTO `syj_formato_sicoss_detalle` VALUES (1723,1603,35,47,'Premios',0.00,12,NULL,3,'STR_PAD_LEFT',1,3,NULL,3,NULL,NULL,NULL,2,4,'',1,NULL,'2020-05-27 12:05:33',NULL),(1724,1603,35,48,'Remuneracion Imponible 8',0.00,12,'0',3,'STR_PAD_LEFT',1,3,NULL,3,NULL,2,2,2,3,'',1,NULL,'2020-05-27 12:04:17',NULL),(1725,1603,35,49,'Remuneracion Imponible 7',0.00,12,NULL,3,'STR_PAD_LEFT',1,1,NULL,1,NULL,NULL,NULL,NULL,NULL,'',1,NULL,'2020-05-02 16:06:15',NULL),(1726,1603,35,50,'Cantidad de Horas Extras',0.00,3,'0',2,'STR_PAD_LEFT',1,3,NULL,3,NULL,NULL,NULL,2,2,'',1,NULL,'2020-05-27 12:05:39',NULL),(1727,1603,35,51,'Conceptos No Remunerativos',0.00,12,NULL,3,'STR_PAD_LEFT',1,3,NULL,2,NULL,3,3,2,4,'',1,NULL,'2020-05-27 12:05:46',NULL),(1728,1603,35,52,'Maternidad',0.00,12,NULL,3,'STR_PAD_LEFT',1,3,NULL,3,NULL,NULL,NULL,2,4,'',1,NULL,'2020-05-03 15:32:52',NULL),(1729,1603,35,53,'Rectificacion de remuneraciones',0.00,9,NULL,3,'STR_PAD_LEFT',1,1,NULL,1,NULL,NULL,NULL,NULL,NULL,'',1,NULL,'2020-05-02 16:07:28',NULL),(1730,1603,35,54,'Remuneracion Imponible 9',0.00,12,NULL,3,'STR_PAD_LEFT',1,3,NULL,2,NULL,2,3,2,4,'',1,NULL,'2020-05-03 15:33:17',NULL),(1731,1603,35,55,'Contribucion tarea diferencial (%)',0.00,9,NULL,3,'STR_PAD_LEFT',1,1,NULL,1,NULL,NULL,NULL,NULL,NULL,'',1,NULL,'2020-05-02 16:07:48',NULL),(1732,1603,35,56,'Horas Trabajadas',0.00,3,'0',1,'STR_PAD_LEFT',1,2,26,1,NULL,NULL,NULL,NULL,NULL,'',1,NULL,'2020-05-03 16:28:57',NULL),(1733,1603,35,57,'Seguro Colectivo de Vida Obligatorio',0.00,1,'0',4,'STR_PAD_LEFT',1,2,24,1,NULL,NULL,NULL,NULL,NULL,'',1,NULL,'2020-05-03 16:58:36',NULL),(1734,1603,35,58,'Importe a detraer Ley 27430',0.00,12,NULL,3,'STR_PAD_LEFT',1,1,NULL,1,NULL,NULL,NULL,NULL,NULL,'',1,NULL,'2020-05-02 16:08:33',NULL),(1735,1603,35,59,'Incremento Salarial',0.00,12,NULL,3,'STR_PAD_LEFT',1,3,NULL,3,NULL,NULL,NULL,2,4,NULL,1,NULL,'2020-05-27 12:06:04',NULL),(1736,1603,35,60,'Remuneracion Imponible 11',0.00,12,NULL,3,'STR_PAD_LEFT',1,1,NULL,1,NULL,NULL,NULL,NULL,NULL,NULL,1,NULL,'2020-05-03 16:21:29',NULL),(1737,1603,35,NULL,'Identificador de registro',0.00,2,' ',1,'1',NULL,NULL,NULL,1,NULL,NULL,NULL,NULL,NULL,NULL,1,NULL,NULL,NULL),(1738,1603,35,NULL,'CUIT',0.00,11,' ',1,'1',NULL,NULL,NULL,1,NULL,NULL,NULL,NULL,NULL,NULL,1,NULL,NULL,NULL),(1739,1603,35,NULL,'Marca de Cónyuge',0.00,1,' ',1,'1',NULL,NULL,NULL,1,NULL,NULL,NULL,NULL,NULL,NULL,1,NULL,NULL,NULL),(1740,1603,35,NULL,'Cantidad de hijos',0.00,2,' ',1,'1',NULL,NULL,NULL,1,NULL,NULL,NULL,NULL,NULL,NULL,1,NULL,NULL,NULL),(1741,1603,35,NULL,'Marca CCT',0.00,1,' ',1,'1',NULL,NULL,NULL,1,NULL,NULL,NULL,NULL,NULL,NULL,1,NULL,NULL,NULL),(1742,1603,35,NULL,'Marca SCVO',0.00,1,' ',1,'1',NULL,NULL,NULL,1,NULL,NULL,NULL,NULL,NULL,NULL,1,NULL,NULL,NULL),(1743,1603,35,NULL,'Marca corresponde reducción',0.00,1,' ',1,'1',NULL,NULL,NULL,1,NULL,NULL,NULL,NULL,NULL,NULL,1,NULL,NULL,NULL),(1744,1603,35,NULL,'Tipo de Empresa',0.00,1,' ',1,'1',NULL,NULL,NULL,1,NULL,NULL,NULL,NULL,NULL,NULL,1,NULL,NULL,NULL),(1745,1603,35,NULL,'Tipo de operación',0.00,1,' ',1,'1',NULL,NULL,NULL,1,NULL,NULL,NULL,NULL,NULL,NULL,1,NULL,NULL,NULL),(1746,1603,35,NULL,'Código situación',0.00,2,' ',1,'1',NULL,NULL,NULL,1,NULL,NULL,NULL,NULL,NULL,NULL,1,NULL,NULL,NULL),(1747,1603,35,NULL,'Código condición',0.00,2,' ',1,'1',NULL,NULL,NULL,1,NULL,NULL,NULL,NULL,NULL,NULL,1,NULL,NULL,NULL),(1748,1603,35,NULL,'Código de Actividad',0.00,3,' ',1,'1',NULL,NULL,NULL,1,NULL,NULL,NULL,NULL,NULL,NULL,1,NULL,NULL,NULL),(1749,1603,35,NULL,'Código modalidad contratación',0.00,3,' ',1,'1',NULL,NULL,NULL,1,NULL,NULL,NULL,NULL,NULL,NULL,1,NULL,NULL,NULL),(1750,1603,35,NULL,'Código siniestrado',0.00,2,' ',1,'1',NULL,NULL,NULL,1,NULL,NULL,NULL,NULL,NULL,NULL,1,NULL,NULL,NULL),(1751,1603,35,NULL,'Código de Localidad',0.00,2,' ',1,'1',NULL,NULL,NULL,1,NULL,NULL,NULL,NULL,NULL,NULL,1,NULL,NULL,NULL),(1752,1603,35,NULL,'Situación de Revista 1',0.00,2,' ',1,'1',NULL,NULL,NULL,1,NULL,NULL,NULL,NULL,NULL,NULL,1,NULL,NULL,NULL);
INSERT INTO `syj_formato_sicoss_detalle` VALUES (1753,1603,35,NULL,'Día inicio Situación de Revista 1',0.00,2,' ',1,'1',NULL,NULL,NULL,1,NULL,NULL,NULL,NULL,NULL,NULL,1,NULL,NULL,NULL),(1754,1603,35,NULL,'Situación de Revista 2',0.00,2,' ',1,'1',NULL,NULL,NULL,1,NULL,NULL,NULL,NULL,NULL,NULL,1,NULL,NULL,NULL),(1755,1603,35,NULL,'Día inicio Situación de Revista 2',0.00,2,' ',1,'1',NULL,NULL,NULL,1,NULL,NULL,NULL,NULL,NULL,NULL,1,NULL,NULL,NULL),(1756,1603,35,NULL,'Situación de Revista 3',0.00,2,' ',1,'1',NULL,NULL,NULL,1,NULL,NULL,NULL,NULL,NULL,NULL,1,NULL,NULL,NULL),(1757,1603,35,NULL,'Día inicio Situación de Revista 3',0.00,2,' ',1,'1',NULL,NULL,NULL,1,NULL,NULL,NULL,NULL,NULL,NULL,1,NULL,NULL,NULL),(1758,1603,35,NULL,'Cant días trabajados',0.00,2,' ',1,'1',NULL,NULL,NULL,1,NULL,NULL,NULL,NULL,NULL,NULL,1,NULL,NULL,NULL),(1759,1603,35,NULL,'Horas trabajadas',0.00,3,' ',1,'1',NULL,NULL,NULL,1,NULL,NULL,NULL,NULL,NULL,NULL,1,NULL,NULL,NULL),(1760,1603,35,NULL,'Porcentaje aporte adicional SS',0.00,5,' ',1,'1',NULL,NULL,NULL,1,NULL,NULL,NULL,NULL,NULL,NULL,1,NULL,NULL,NULL),(1761,1603,35,NULL,'Porcentaje Contribucion tarea diferencial',0.00,5,' ',1,'1',NULL,NULL,NULL,1,NULL,NULL,NULL,NULL,NULL,NULL,1,NULL,NULL,NULL),(1762,1603,35,NULL,'Código Obra social',0.00,6,' ',1,'1',NULL,NULL,NULL,1,NULL,NULL,NULL,NULL,NULL,NULL,1,NULL,NULL,NULL),(1763,1603,35,NULL,'Cantidad adherentes',0.00,2,' ',1,'1',NULL,NULL,NULL,1,NULL,NULL,NULL,NULL,NULL,NULL,1,NULL,NULL,NULL),(1764,1603,35,NULL,'Aporte Adicional OS',0.00,15,'0',1,'0',NULL,NULL,NULL,1,NULL,NULL,NULL,NULL,NULL,NULL,1,NULL,NULL,NULL),(1765,1603,35,NULL,'Contribucion Adicional OS',0.00,15,'0',1,'0',NULL,NULL,NULL,1,NULL,NULL,NULL,NULL,NULL,NULL,1,NULL,NULL,NULL),(1766,1603,35,NULL,'Base calculo Diferencial Aportes OS y FSR',0.00,15,'0',1,'0',NULL,NULL,NULL,1,NULL,NULL,NULL,NULL,NULL,NULL,1,NULL,NULL,NULL),(1767,1603,35,NULL,'Base calculo Diferencial Contribuciones OS y FSR',0.00,15,'0',1,'0',NULL,NULL,NULL,1,NULL,NULL,NULL,NULL,NULL,NULL,1,NULL,NULL,NULL),(1768,1603,35,NULL,'Base calculo Diferencial LRT',0.00,15,'0',1,'0',NULL,NULL,NULL,1,NULL,NULL,NULL,NULL,NULL,NULL,1,NULL,NULL,NULL),(1769,1603,35,NULL,'Remuneracion Maternidad ANSeS',0.00,15,'0',1,'0',NULL,NULL,NULL,1,NULL,NULL,NULL,NULL,NULL,NULL,1,NULL,NULL,NULL),(1770,1603,35,NULL,'Remuneracion bruta',0.00,15,'0',1,'0',NULL,NULL,NULL,1,NULL,NULL,NULL,NULL,NULL,NULL,1,NULL,NULL,NULL),(1771,1603,35,NULL,'Base imponible 1',0.00,15,'0',1,'0',NULL,NULL,NULL,1,NULL,NULL,NULL,NULL,NULL,NULL,1,NULL,NULL,NULL),(1772,1603,35,NULL,'Base imponible 2',0.00,15,'0',1,'0',NULL,NULL,NULL,1,NULL,NULL,NULL,NULL,NULL,NULL,1,NULL,NULL,NULL),(1773,1603,35,NULL,'Base imponible 3',0.00,15,'0',1,'0',NULL,NULL,NULL,1,NULL,NULL,NULL,NULL,NULL,NULL,1,NULL,NULL,NULL),(1774,1603,35,NULL,'Base imponible 4',0.00,15,'0',1,'0',NULL,NULL,NULL,1,NULL,NULL,NULL,NULL,NULL,NULL,1,NULL,NULL,NULL),(1775,1603,35,NULL,'Base imponible 5',0.00,15,'0',1,'0',NULL,NULL,NULL,1,NULL,NULL,NULL,NULL,NULL,NULL,1,NULL,NULL,NULL),(1776,1603,35,NULL,'Base imponible 6',0.00,15,'0',1,'0',NULL,NULL,NULL,1,NULL,NULL,NULL,NULL,NULL,NULL,1,NULL,NULL,NULL),(1777,1603,35,NULL,'Base imponible 7',0.00,15,'0',1,'0',NULL,NULL,NULL,1,NULL,NULL,NULL,NULL,NULL,NULL,1,NULL,NULL,NULL),(1778,1603,35,NULL,'Base imponible 8',0.00,15,'0',1,'0',NULL,NULL,NULL,1,NULL,NULL,NULL,NULL,NULL,NULL,1,NULL,NULL,NULL),(1779,1603,35,NULL,'Base imponible 9',0.00,15,'0',1,'0',NULL,NULL,NULL,1,NULL,NULL,NULL,NULL,NULL,NULL,1,NULL,NULL,NULL),(1780,1603,35,NULL,'Base para el calculo diferencial de aporte Seg. Social',0.00,15,'0',1,'0',NULL,NULL,NULL,1,NULL,NULL,NULL,NULL,NULL,NULL,1,NULL,NULL,NULL),(1781,1603,35,NULL,'Base para el calculo diferencial de contribuciones de Seg Social',0.00,15,'0',1,'0',NULL,NULL,NULL,1,NULL,NULL,NULL,NULL,NULL,NULL,1,NULL,NULL,NULL),(1782,1603,35,NULL,'Base imponible 10',0.00,15,'0',1,'0',NULL,NULL,NULL,1,NULL,NULL,NULL,NULL,NULL,NULL,1,NULL,NULL,NULL);
INSERT INTO `syj_formato_sicoss_detalle` VALUES (1783,1603,35,NULL,'Importe a Detraer Ley 26.473',0.00,15,'0',1,'0',NULL,NULL,NULL,1,NULL,NULL,NULL,NULL,NULL,NULL,1,NULL,NULL,NULL),(1784,1603,35,2,'CUIT',0.00,11,' ',1,'1',2,2,1,1,NULL,NULL,NULL,NULL,NULL,NULL,1,NULL,NULL,NULL),(1785,1603,35,3,'Marca de Cónyuge',0.00,1,'0',6,'1',2,2,3,1,NULL,NULL,NULL,NULL,NULL,NULL,1,NULL,NULL,NULL),(1786,1603,35,4,'Cantidad de hijos',0.00,2,'0',1,'0',2,2,4,1,NULL,NULL,NULL,NULL,NULL,NULL,1,NULL,NULL,NULL),(1787,1603,35,5,'Marca CCT',0.00,1,' ',1,'1',2,2,22,1,NULL,NULL,NULL,NULL,NULL,NULL,1,NULL,NULL,NULL),(1788,1603,35,6,'Marca SCVO',0.00,1,' ',1,'1',2,2,24,1,NULL,NULL,NULL,NULL,NULL,NULL,1,NULL,NULL,NULL),(1789,1603,35,7,'Marca corresponde reducción',0.00,1,'0',6,'1',2,2,26,1,NULL,NULL,NULL,NULL,NULL,NULL,1,NULL,NULL,NULL),(1790,1603,35,8,'Tipo de Empresa',0.00,1,' ',1,'1',2,2,14,1,NULL,NULL,NULL,NULL,NULL,NULL,1,NULL,NULL,NULL),(1791,1603,35,9,'Tipo de operación',0.00,1,' ',7,'1',2,1,NULL,1,NULL,NULL,NULL,NULL,NULL,NULL,1,NULL,NULL,NULL),(1792,1603,35,10,'Código situación',0.00,2,'0',1,'0',2,2,5,1,NULL,NULL,NULL,NULL,NULL,NULL,1,NULL,NULL,NULL),(1793,1603,35,11,'Código condición',0.00,2,'0',1,'0',2,2,6,1,NULL,NULL,NULL,NULL,NULL,NULL,1,NULL,NULL,NULL),(1794,1603,35,12,'Código de Actividad',0.00,3,'0',1,'0',2,2,7,1,NULL,NULL,NULL,NULL,NULL,NULL,1,NULL,NULL,NULL),(1795,1603,35,13,'Código modalidad contratación',0.00,3,'0',1,'0',2,2,9,1,NULL,NULL,NULL,NULL,NULL,NULL,1,NULL,NULL,NULL),(1796,1603,35,14,'Código siniestrado',0.00,2,'0',1,'0',2,2,13,1,NULL,NULL,NULL,NULL,NULL,NULL,1,NULL,NULL,NULL),(1797,1603,35,15,'Código de Localidad',0.00,2,' ',1,'1',2,2,8,1,NULL,NULL,NULL,NULL,NULL,NULL,1,NULL,NULL,NULL),(1798,1603,35,16,'Situación de Revista 1',0.00,2,'0',1,'0',2,2,16,1,NULL,NULL,NULL,NULL,NULL,NULL,1,NULL,NULL,NULL),(1799,1603,35,17,'Día inicio Situación de Revista 1',0.00,2,'0',1,'0',2,2,17,1,NULL,NULL,NULL,NULL,NULL,NULL,1,NULL,NULL,NULL),(1800,1603,35,18,'Situación de Revista 2',0.00,2,'0',1,'0',2,2,18,1,NULL,NULL,NULL,NULL,NULL,NULL,1,NULL,NULL,NULL),(1801,1603,35,19,'Día inicio Situación de Revista 2',0.00,2,'0',1,'0',2,2,19,1,NULL,NULL,NULL,NULL,NULL,NULL,1,NULL,NULL,NULL),(1802,1603,35,20,'Situación de Revista 3',0.00,2,'0',1,'0',2,2,20,1,NULL,NULL,NULL,NULL,NULL,NULL,1,NULL,NULL,NULL),(1803,1603,35,21,'Día inicio Situación de Revista 3',0.00,2,'0',1,'0',2,2,21,1,NULL,NULL,NULL,NULL,NULL,NULL,1,NULL,NULL,NULL),(1804,1603,35,22,'Cant días trabajados',0.00,2,'0',2,'0',2,3,NULL,3,NULL,NULL,NULL,2,2,NULL,1,NULL,NULL,NULL),(1805,1603,35,23,'Horas trabajadas',0.00,3,'0',1,'0',2,2,26,1,NULL,NULL,NULL,NULL,NULL,NULL,1,NULL,NULL,NULL),(1806,1603,35,24,'Porcentaje aporte adicional SS',0.00,5,'0',7,'0',2,1,NULL,1,NULL,NULL,NULL,NULL,NULL,NULL,1,NULL,NULL,NULL),(1807,1603,35,25,'Porcentaje Contribucion tarea diferencial',0.00,5,'0',7,'0',2,1,NULL,1,NULL,NULL,NULL,NULL,NULL,NULL,1,NULL,NULL,NULL),(1808,1603,35,26,'Código Obra social',0.00,6,'0',1,'0',2,2,10,1,NULL,NULL,NULL,NULL,NULL,NULL,1,NULL,NULL,NULL),(1809,1603,35,27,'Cantidad adherentes',0.00,2,'0',1,'0',2,2,11,1,NULL,NULL,NULL,NULL,NULL,NULL,1,NULL,NULL,NULL),(1810,1603,35,28,'Aporte Adicional OS',0.00,15,'0',7,'0',2,3,NULL,3,NULL,NULL,NULL,2,4,NULL,1,NULL,NULL,NULL),(1811,1603,35,29,'Contribucion Adicional OS',0.00,15,'0',7,'0',2,3,NULL,3,NULL,NULL,NULL,2,4,NULL,1,NULL,NULL,NULL),(1812,1603,35,30,'Base calculo Diferencial Aportes OS y FSR',0.00,15,'0',7,'0',2,3,NULL,3,NULL,NULL,NULL,2,4,NULL,1,NULL,NULL,NULL),(1813,1603,35,31,'Base calculo Diferencial Contribuciones OS y FSR',0.00,15,'0',7,'0',2,3,NULL,3,NULL,NULL,NULL,2,4,NULL,1,NULL,NULL,NULL),(1814,1603,35,32,'Base calculo Diferencial LRT',0.00,15,'0',7,'0',2,3,NULL,3,NULL,NULL,NULL,2,4,NULL,1,NULL,NULL,NULL),(1815,1603,35,33,'Remuneracion Maternidad ANSeS',0.00,15,'0',7,'0',2,3,NULL,3,NULL,NULL,NULL,2,4,NULL,1,NULL,NULL,NULL),(1816,1603,35,34,'Remuneracion bruta',0.00,15,'0',7,'0',2,3,NULL,2,NULL,2,2,2,4,NULL,1,NULL,NULL,NULL);
INSERT INTO `syj_formato_sicoss_detalle` VALUES (1817,1603,35,35,'Base imponible 1',0.00,15,'0',7,'0',2,3,NULL,2,NULL,2,2,2,4,NULL,1,NULL,NULL,NULL),(1818,1603,35,36,'Base imponible 2',0.00,15,'0',7,'0',2,3,NULL,2,NULL,2,2,2,4,NULL,1,NULL,NULL,NULL),(1819,1603,35,37,'Base imponible 3',0.00,15,'0',7,'0',2,3,NULL,2,NULL,2,2,2,4,NULL,1,NULL,NULL,NULL),(1820,1603,35,38,'Base imponible 4',0.00,15,'0',7,'0',2,3,NULL,3,NULL,NULL,NULL,2,3,NULL,1,NULL,NULL,NULL),(1821,1603,35,39,'Base imponible 5',0.00,15,'0',7,'0',2,3,NULL,2,NULL,2,2,2,4,NULL,1,NULL,NULL,NULL),(1822,1603,35,40,'Base imponible 6',0.00,15,'0',7,'0',2,1,NULL,1,NULL,NULL,NULL,NULL,NULL,NULL,1,NULL,NULL,NULL),(1823,1603,35,41,'Base imponible 7',0.00,15,'0',7,'0',2,3,NULL,3,NULL,NULL,NULL,2,3,NULL,1,NULL,NULL,NULL),(1824,1603,35,42,'Base imponible 8',0.00,15,'0',7,'0',2,3,NULL,3,NULL,NULL,NULL,2,3,NULL,1,NULL,NULL,NULL),(1825,1603,35,43,'Base imponible 9',0.00,15,'0',7,'0',2,3,NULL,2,NULL,2,2,2,4,NULL,1,NULL,NULL,NULL),(1826,1603,35,44,'Base para el calculo diferencial de aporte Seg. Social',0.00,15,'0',7,'0',2,1,NULL,1,NULL,NULL,NULL,NULL,NULL,NULL,1,NULL,NULL,NULL),(1827,1603,35,45,'Base para el calculo diferencial de contribuciones de Seg Social',0.00,15,'0',7,'0',2,1,NULL,1,NULL,NULL,NULL,NULL,NULL,NULL,1,NULL,NULL,NULL),(1828,1603,35,46,'Base imponible 10',0.00,15,'0',7,'0',2,3,NULL,3,NULL,NULL,NULL,2,4,NULL,1,NULL,NULL,NULL),(1829,1603,35,47,'Importe a Detraer Ley 26.473',0.00,15,'0',7,'0',2,3,NULL,3,NULL,NULL,NULL,2,4,NULL,1,NULL,NULL,NULL),(1830,1603,36,1,'CUIL',0.00,11,NULL,1,'STR_PAD_RIGHT',1,2,1,1,NULL,NULL,NULL,NULL,NULL,'',1,NULL,'2020-05-03 15:16:17',NULL),(1831,1603,36,2,'Apellido y Nombre',0.00,30,NULL,1,'STR_PAD_RIGHT',1,2,2,1,NULL,NULL,NULL,NULL,NULL,'',1,NULL,'2020-05-02 14:49:09',NULL),(1832,1603,36,3,'Conyuge',0.00,1,'0',4,'STR_PAD_RIGHT',1,2,3,1,NULL,NULL,NULL,NULL,NULL,'',1,NULL,'2020-05-03 17:00:13',NULL),(1833,1603,36,4,'Cantidad de Hijos',0.00,2,'0',1,'STR_PAD_LEFT',1,2,4,1,NULL,NULL,NULL,NULL,NULL,'',1,NULL,'2020-05-03 15:18:04',NULL),(1834,1603,36,5,'Codigo de Situacion',0.00,2,'0',1,'STR_PAD_LEFT',1,2,5,1,NULL,NULL,NULL,NULL,NULL,'',1,NULL,'2020-05-03 15:18:24',NULL),(1835,1603,36,6,'Codigo de Condicion',0.00,2,'0',1,'STR_PAD_LEFT',1,2,6,1,NULL,NULL,NULL,NULL,NULL,'',1,NULL,'2020-04-29 14:18:17',NULL),(1836,1603,36,7,'Codigo de Actividad',0.00,3,'0',1,'STR_PAD_LEFT',1,2,7,1,NULL,NULL,NULL,NULL,NULL,'',1,NULL,'2020-04-29 14:18:17',NULL),(1837,1603,36,8,'Codigo de Zona',0.00,2,'0',1,'STR_PAD_LEFT',1,2,8,1,NULL,NULL,NULL,NULL,NULL,'',1,NULL,'2020-04-29 14:18:17',NULL),(1838,1603,36,9,'Porcentaje de Aporte Adicional SS',0.00,5,NULL,3,'STR_PAD_LEFT',1,1,NULL,1,NULL,NULL,NULL,NULL,NULL,'',1,NULL,'2020-05-03 15:59:20',NULL),(1839,1603,36,10,'Codigo de Modalidad de Contratacion',0.00,3,'0',1,'STR_PAD_LEFT',1,2,9,1,NULL,NULL,NULL,NULL,NULL,'',1,NULL,'2020-04-29 14:18:17',NULL),(1840,1603,36,11,'Codigo de Obra Social',0.00,6,'0',1,'STR_PAD_LEFT',1,2,10,1,NULL,NULL,NULL,NULL,NULL,'',1,NULL,'2020-05-02 15:53:43',NULL),(1841,1603,36,12,'Cantidad de Adherentes',0.00,2,'0',1,'STR_PAD_LEFT',1,2,11,1,NULL,NULL,NULL,NULL,NULL,'',1,NULL,'2020-05-02 15:55:30',NULL),(1842,1603,36,13,'Remuneracion Total',0.00,12,NULL,3,'STR_PAD_LEFT',1,3,NULL,2,NULL,2,3,2,4,'',1,NULL,'2020-05-03 15:25:04',NULL),(1843,1603,36,14,'Remuneracion Imponible 1',0.00,12,NULL,3,'STR_PAD_LEFT',1,3,NULL,2,NULL,2,2,2,4,'',1,NULL,'2020-05-03 15:25:12',NULL),(1844,1603,36,15,'Asignaciones Familiares Pagadas',0.00,9,NULL,3,'STR_PAD_LEFT',1,1,NULL,1,NULL,NULL,NULL,NULL,NULL,'',1,NULL,'2020-05-02 15:57:07',NULL),(1845,1603,36,16,'Importe Aporte Voluntario',0.00,9,NULL,3,'STR_PAD_LEFT',1,1,NULL,1,NULL,NULL,NULL,NULL,NULL,'',1,NULL,'2020-05-02 15:57:14',NULL),(1846,1603,36,17,'Importe Adicional OS',0.00,9,NULL,3,'STR_PAD_LEFT',1,1,NULL,1,NULL,NULL,NULL,NULL,NULL,'',1,NULL,'2020-05-02 15:57:21',NULL),(1847,1603,36,18,'Importe Excedentes Aportes SS',0.00,9,NULL,3,'STR_PAD_LEFT',1,1,NULL,1,NULL,NULL,NULL,NULL,NULL,'',1,NULL,'2020-05-02 15:57:25',NULL);
INSERT INTO `syj_formato_sicoss_detalle` VALUES (1848,1603,36,19,'Importe Excedentes Aportes OS',0.00,9,NULL,3,'STR_PAD_LEFT',1,1,NULL,1,NULL,NULL,NULL,NULL,NULL,'',1,NULL,'2020-05-02 15:57:30',NULL),(1849,1603,36,20,'Provincia Localidad',0.00,50,NULL,1,'STR_PAD_RIGHT',1,2,12,1,NULL,NULL,NULL,NULL,NULL,'',1,NULL,'2020-05-02 16:29:03',NULL),(1850,1603,36,21,'Remuneracion Imponible 2',0.00,12,NULL,3,'STR_PAD_LEFT',1,3,NULL,2,NULL,2,2,2,4,'',1,NULL,'2020-05-03 15:28:27',NULL),(1851,1603,36,22,'Remuneracion Imponible 3',0.00,12,NULL,3,'STR_PAD_LEFT',1,3,NULL,2,NULL,2,2,2,4,'',1,NULL,'2020-05-03 15:28:33',NULL),(1852,1603,36,23,'Remuneracion Imponible 4',0.00,12,NULL,3,'STR_PAD_LEFT',1,3,26,3,NULL,NULL,NULL,2,3,'',1,NULL,'2020-05-27 19:01:16',NULL),(1853,1603,36,24,'Codigo de Siniestrado',0.00,2,'0',1,'STR_PAD_LEFT',1,2,13,1,NULL,NULL,NULL,NULL,NULL,'',1,NULL,'2020-05-02 15:59:35',NULL),(1854,1603,36,25,'Marca de Corresponde Reduccion',0.00,1,'0',4,'STR_PAD_LEFT',1,2,26,1,NULL,NULL,NULL,NULL,NULL,'',1,NULL,'2020-05-03 17:07:54',NULL),(1855,1603,36,26,'Capital de Recomposicion de LRT',0.00,9,NULL,3,'STR_PAD_LEFT',1,1,NULL,1,NULL,NULL,NULL,NULL,NULL,'',1,NULL,'2020-05-03 16:37:13',NULL),(1856,1603,36,27,'Tipo de Empresa',0.00,1,'0',1,'STR_PAD_LEFT',1,2,14,1,NULL,NULL,NULL,NULL,NULL,'',1,NULL,'2020-05-02 16:01:19',NULL),(1857,1603,36,28,'Aporte Adicional de Obra Social',0.00,9,NULL,3,'STR_PAD_LEFT',1,3,NULL,3,NULL,NULL,NULL,2,4,'',1,NULL,'2020-05-03 15:29:21',NULL),(1858,1603,36,29,'Regimen',0.00,1,NULL,1,'STR_PAD_LEFT',1,2,15,1,NULL,NULL,NULL,NULL,NULL,'',1,NULL,'2020-05-02 16:01:54',NULL),(1859,1603,36,30,'Situacion de Revista 1',0.00,2,'0',1,'STR_PAD_LEFT',1,2,16,1,NULL,NULL,NULL,NULL,NULL,'',1,NULL,'2020-05-02 16:02:04',NULL),(1860,1603,36,31,'Dia inicio Situacion Revista 1',0.00,2,'0',1,'STR_PAD_LEFT',1,2,17,1,NULL,NULL,NULL,NULL,NULL,'',1,NULL,'2020-05-02 16:02:17',NULL),(1861,1603,36,32,'Situacion de Revista 2',0.00,2,'0',1,'STR_PAD_LEFT',1,2,18,1,NULL,NULL,NULL,NULL,NULL,'',1,NULL,'2020-05-02 16:02:50',NULL),(1862,1603,36,33,'Dia inicio Situacion Revista 2',0.00,2,'0',1,'STR_PAD_LEFT',1,2,19,1,NULL,NULL,NULL,NULL,NULL,'',1,NULL,'2020-05-02 16:02:38',NULL),(1863,1603,36,34,'Situacion de Revista 3',0.00,2,'0',1,'STR_PAD_LEFT',1,2,20,1,NULL,NULL,NULL,NULL,NULL,'',1,NULL,'2020-05-02 16:03:01',NULL),(1864,1603,36,35,'Dia inicio Situacion Revista 3',0.00,2,'0',1,'STR_PAD_LEFT',1,2,21,1,NULL,NULL,NULL,NULL,NULL,'',1,NULL,'2020-05-02 16:03:10',NULL),(1865,1603,36,36,'Sueldo + Adicionales',0.00,12,NULL,3,'STR_PAD_LEFT',1,3,NULL,3,NULL,NULL,NULL,2,4,'',1,NULL,'2020-05-03 15:30:12',NULL),(1866,1603,36,37,'SAC',0.00,12,NULL,3,'STR_PAD_LEFT',1,3,NULL,3,NULL,NULL,NULL,2,4,'',1,NULL,'2020-05-03 15:30:19',NULL),(1867,1603,36,38,'Horas Extra',0.00,12,NULL,3,'STR_PAD_LEFT',1,3,NULL,3,NULL,NULL,NULL,2,4,'',1,NULL,'2020-05-27 03:02:29',NULL),(1868,1603,36,39,'Zona desfavorable',0.00,12,NULL,3,'STR_PAD_LEFT',1,1,NULL,1,NULL,NULL,NULL,NULL,NULL,'',1,NULL,'2020-05-02 16:03:46',NULL),(1869,1603,36,40,'Vacaciones',0.00,12,NULL,3,'STR_PAD_LEFT',1,3,NULL,3,NULL,NULL,NULL,2,4,'',1,NULL,'2020-05-27 12:05:00',NULL),(1870,1603,36,41,'Cantidad de dias trabajados',0.00,9,'0',2,'STR_PAD_LEFT',1,3,NULL,3,NULL,NULL,NULL,2,2,'',1,NULL,'2020-05-27 12:05:14',NULL),(1871,1603,36,42,'Remuneracion Imponible 5',0.00,12,NULL,3,'STR_PAD_LEFT',1,3,NULL,2,NULL,2,2,2,4,'',1,NULL,'2020-05-03 15:31:27',NULL),(1872,1603,36,43,'Trabajador Convencionado',0.00,1,'0',4,'STR_PAD_LEFT',1,2,22,1,NULL,NULL,NULL,NULL,NULL,'',1,NULL,'2020-05-03 16:58:08',NULL),(1873,1603,36,44,'Remuneracion Imponible 6',0.00,12,NULL,3,'STR_PAD_LEFT',1,1,NULL,1,NULL,NULL,NULL,NULL,NULL,'',1,NULL,'2020-05-02 16:04:46',NULL),(1874,1603,36,45,'Tipo de Operacion',0.00,1,NULL,3,'STR_PAD_LEFT',1,1,NULL,1,NULL,NULL,NULL,NULL,NULL,'',1,NULL,'2020-05-03 16:57:50',NULL),(1875,1603,36,46,'Adicionales',0.00,12,NULL,3,'STR_PAD_LEFT',1,3,NULL,3,NULL,NULL,NULL,2,4,'',1,NULL,'2020-05-27 12:05:26',NULL);
INSERT INTO `syj_formato_sicoss_detalle` VALUES (1876,1603,36,47,'Premios',0.00,12,NULL,3,'STR_PAD_LEFT',1,3,NULL,3,NULL,NULL,NULL,2,4,'',1,NULL,'2020-05-27 12:05:33',NULL),(1877,1603,36,48,'Remuneracion Imponible 8',0.00,12,'0',3,'STR_PAD_LEFT',1,3,NULL,3,NULL,2,2,2,3,'',1,NULL,'2020-05-27 12:04:17',NULL),(1878,1603,36,49,'Remuneracion Imponible 7',0.00,12,NULL,3,'STR_PAD_LEFT',1,1,NULL,1,NULL,NULL,NULL,NULL,NULL,'',1,NULL,'2020-05-02 16:06:15',NULL),(1879,1603,36,50,'Cantidad de Horas Extras',0.00,3,'0',2,'STR_PAD_LEFT',1,3,NULL,3,NULL,NULL,NULL,2,2,'',1,NULL,'2020-05-27 12:05:39',NULL),(1880,1603,36,51,'Conceptos No Remunerativos',0.00,12,NULL,3,'STR_PAD_LEFT',1,3,NULL,2,NULL,3,3,2,4,'',1,NULL,'2020-05-27 12:05:46',NULL),(1881,1603,36,52,'Maternidad',0.00,12,NULL,3,'STR_PAD_LEFT',1,3,NULL,3,NULL,NULL,NULL,2,4,'',1,NULL,'2020-05-03 15:32:52',NULL),(1882,1603,36,53,'Rectificacion de remuneraciones',0.00,9,NULL,3,'STR_PAD_LEFT',1,1,NULL,1,NULL,NULL,NULL,NULL,NULL,'',1,NULL,'2020-05-02 16:07:28',NULL),(1883,1603,36,54,'Remuneracion Imponible 9',0.00,12,NULL,3,'STR_PAD_LEFT',1,3,NULL,2,NULL,2,3,2,4,'',1,NULL,'2020-05-03 15:33:17',NULL),(1884,1603,36,55,'Contribucion tarea diferencial (%)',0.00,9,NULL,3,'STR_PAD_LEFT',1,1,NULL,1,NULL,NULL,NULL,NULL,NULL,'',1,NULL,'2020-05-02 16:07:48',NULL),(1885,1603,36,56,'Horas Trabajadas',0.00,3,'0',1,'STR_PAD_LEFT',1,2,26,1,NULL,NULL,NULL,NULL,NULL,'',1,NULL,'2020-05-03 16:28:57',NULL),(1886,1603,36,57,'Seguro Colectivo de Vida Obligatorio',0.00,1,'0',4,'STR_PAD_LEFT',1,2,24,1,NULL,NULL,NULL,NULL,NULL,'',1,NULL,'2020-05-03 16:58:36',NULL),(1887,1603,36,58,'Importe a detraer Ley 27430',0.00,12,NULL,3,'STR_PAD_LEFT',1,1,NULL,1,NULL,NULL,NULL,NULL,NULL,'',1,NULL,'2020-05-02 16:08:33',NULL),(1888,1603,36,59,'Incremento Salarial',0.00,12,NULL,3,'STR_PAD_LEFT',1,3,NULL,3,NULL,NULL,NULL,2,4,NULL,1,NULL,'2020-05-27 12:06:04',NULL),(1889,1603,36,60,'Remuneracion Imponible 11',0.00,12,NULL,3,'STR_PAD_LEFT',1,1,NULL,1,NULL,NULL,NULL,NULL,NULL,NULL,1,NULL,'2020-05-03 16:21:29',NULL),(1890,1603,36,NULL,'Identificador de registro',0.00,2,' ',1,'1',NULL,NULL,NULL,1,NULL,NULL,NULL,NULL,NULL,NULL,1,NULL,NULL,NULL),(1891,1603,36,NULL,'CUIT',0.00,11,' ',1,'1',NULL,NULL,NULL,1,NULL,NULL,NULL,NULL,NULL,NULL,1,NULL,NULL,NULL),(1892,1603,36,NULL,'Marca de Cónyuge',0.00,1,' ',1,'1',NULL,NULL,NULL,1,NULL,NULL,NULL,NULL,NULL,NULL,1,NULL,NULL,NULL),(1893,1603,36,NULL,'Cantidad de hijos',0.00,2,' ',1,'1',NULL,NULL,NULL,1,NULL,NULL,NULL,NULL,NULL,NULL,1,NULL,NULL,NULL),(1894,1603,36,NULL,'Marca CCT',0.00,1,' ',1,'1',NULL,NULL,NULL,1,NULL,NULL,NULL,NULL,NULL,NULL,1,NULL,NULL,NULL),(1895,1603,36,NULL,'Marca SCVO',0.00,1,' ',1,'1',NULL,NULL,NULL,1,NULL,NULL,NULL,NULL,NULL,NULL,1,NULL,NULL,NULL),(1896,1603,36,NULL,'Marca corresponde reducción',0.00,1,' ',1,'1',NULL,NULL,NULL,1,NULL,NULL,NULL,NULL,NULL,NULL,1,NULL,NULL,NULL),(1897,1603,36,NULL,'Tipo de Empresa',0.00,1,' ',1,'1',NULL,NULL,NULL,1,NULL,NULL,NULL,NULL,NULL,NULL,1,NULL,NULL,NULL),(1898,1603,36,NULL,'Tipo de operación',0.00,1,' ',1,'1',NULL,NULL,NULL,1,NULL,NULL,NULL,NULL,NULL,NULL,1,NULL,NULL,NULL),(1899,1603,36,NULL,'Código situación',0.00,2,' ',1,'1',NULL,NULL,NULL,1,NULL,NULL,NULL,NULL,NULL,NULL,1,NULL,NULL,NULL),(1900,1603,36,NULL,'Código condición',0.00,2,' ',1,'1',NULL,NULL,NULL,1,NULL,NULL,NULL,NULL,NULL,NULL,1,NULL,NULL,NULL),(1901,1603,36,NULL,'Código de Actividad',0.00,3,' ',1,'1',NULL,NULL,NULL,1,NULL,NULL,NULL,NULL,NULL,NULL,1,NULL,NULL,NULL),(1902,1603,36,NULL,'Código modalidad contratación',0.00,3,' ',1,'1',NULL,NULL,NULL,1,NULL,NULL,NULL,NULL,NULL,NULL,1,NULL,NULL,NULL),(1903,1603,36,NULL,'Código siniestrado',0.00,2,' ',1,'1',NULL,NULL,NULL,1,NULL,NULL,NULL,NULL,NULL,NULL,1,NULL,NULL,NULL),(1904,1603,36,NULL,'Código de Localidad',0.00,2,' ',1,'1',NULL,NULL,NULL,1,NULL,NULL,NULL,NULL,NULL,NULL,1,NULL,NULL,NULL),(1905,1603,36,NULL,'Situación de Revista 1',0.00,2,' ',1,'1',NULL,NULL,NULL,1,NULL,NULL,NULL,NULL,NULL,NULL,1,NULL,NULL,NULL);
INSERT INTO `syj_formato_sicoss_detalle` VALUES (1906,1603,36,NULL,'Día inicio Situación de Revista 1',0.00,2,' ',1,'1',NULL,NULL,NULL,1,NULL,NULL,NULL,NULL,NULL,NULL,1,NULL,NULL,NULL),(1907,1603,36,NULL,'Situación de Revista 2',0.00,2,' ',1,'1',NULL,NULL,NULL,1,NULL,NULL,NULL,NULL,NULL,NULL,1,NULL,NULL,NULL),(1908,1603,36,NULL,'Día inicio Situación de Revista 2',0.00,2,' ',1,'1',NULL,NULL,NULL,1,NULL,NULL,NULL,NULL,NULL,NULL,1,NULL,NULL,NULL),(1909,1603,36,NULL,'Situación de Revista 3',0.00,2,' ',1,'1',NULL,NULL,NULL,1,NULL,NULL,NULL,NULL,NULL,NULL,1,NULL,NULL,NULL),(1910,1603,36,NULL,'Día inicio Situación de Revista 3',0.00,2,' ',1,'1',NULL,NULL,NULL,1,NULL,NULL,NULL,NULL,NULL,NULL,1,NULL,NULL,NULL),(1911,1603,36,NULL,'Cant días trabajados',0.00,2,' ',1,'1',NULL,NULL,NULL,1,NULL,NULL,NULL,NULL,NULL,NULL,1,NULL,NULL,NULL),(1912,1603,36,NULL,'Horas trabajadas',0.00,3,' ',1,'1',NULL,NULL,NULL,1,NULL,NULL,NULL,NULL,NULL,NULL,1,NULL,NULL,NULL),(1913,1603,36,NULL,'Porcentaje aporte adicional SS',0.00,5,' ',1,'1',NULL,NULL,NULL,1,NULL,NULL,NULL,NULL,NULL,NULL,1,NULL,NULL,NULL),(1914,1603,36,NULL,'Porcentaje Contribucion tarea diferencial',0.00,5,' ',1,'1',NULL,NULL,NULL,1,NULL,NULL,NULL,NULL,NULL,NULL,1,NULL,NULL,NULL),(1915,1603,36,NULL,'Código Obra social',0.00,6,' ',1,'1',NULL,NULL,NULL,1,NULL,NULL,NULL,NULL,NULL,NULL,1,NULL,NULL,NULL),(1916,1603,36,NULL,'Cantidad adherentes',0.00,2,' ',1,'1',NULL,NULL,NULL,1,NULL,NULL,NULL,NULL,NULL,NULL,1,NULL,NULL,NULL),(1917,1603,36,NULL,'Aporte Adicional OS',0.00,15,'0',1,'0',NULL,NULL,NULL,1,NULL,NULL,NULL,NULL,NULL,NULL,1,NULL,NULL,NULL),(1918,1603,36,NULL,'Contribucion Adicional OS',0.00,15,'0',1,'0',NULL,NULL,NULL,1,NULL,NULL,NULL,NULL,NULL,NULL,1,NULL,NULL,NULL),(1919,1603,36,NULL,'Base calculo Diferencial Aportes OS y FSR',0.00,15,'0',1,'0',NULL,NULL,NULL,1,NULL,NULL,NULL,NULL,NULL,NULL,1,NULL,NULL,NULL),(1920,1603,36,NULL,'Base calculo Diferencial Contribuciones OS y FSR',0.00,15,'0',1,'0',NULL,NULL,NULL,1,NULL,NULL,NULL,NULL,NULL,NULL,1,NULL,NULL,NULL),(1921,1603,36,NULL,'Base calculo Diferencial LRT',0.00,15,'0',1,'0',NULL,NULL,NULL,1,NULL,NULL,NULL,NULL,NULL,NULL,1,NULL,NULL,NULL),(1922,1603,36,NULL,'Remuneracion Maternidad ANSeS',0.00,15,'0',1,'0',NULL,NULL,NULL,1,NULL,NULL,NULL,NULL,NULL,NULL,1,NULL,NULL,NULL),(1923,1603,36,NULL,'Remuneracion bruta',0.00,15,'0',1,'0',NULL,NULL,NULL,1,NULL,NULL,NULL,NULL,NULL,NULL,1,NULL,NULL,NULL),(1924,1603,36,NULL,'Base imponible 1',0.00,15,'0',1,'0',NULL,NULL,NULL,1,NULL,NULL,NULL,NULL,NULL,NULL,1,NULL,NULL,NULL),(1925,1603,36,NULL,'Base imponible 2',0.00,15,'0',1,'0',NULL,NULL,NULL,1,NULL,NULL,NULL,NULL,NULL,NULL,1,NULL,NULL,NULL),(1926,1603,36,NULL,'Base imponible 3',0.00,15,'0',1,'0',NULL,NULL,NULL,1,NULL,NULL,NULL,NULL,NULL,NULL,1,NULL,NULL,NULL),(1927,1603,36,NULL,'Base imponible 4',0.00,15,'0',1,'0',NULL,NULL,NULL,1,NULL,NULL,NULL,NULL,NULL,NULL,1,NULL,NULL,NULL),(1928,1603,36,NULL,'Base imponible 5',0.00,15,'0',1,'0',NULL,NULL,NULL,1,NULL,NULL,NULL,NULL,NULL,NULL,1,NULL,NULL,NULL),(1929,1603,36,NULL,'Base imponible 6',0.00,15,'0',1,'0',NULL,NULL,NULL,1,NULL,NULL,NULL,NULL,NULL,NULL,1,NULL,NULL,NULL),(1930,1603,36,NULL,'Base imponible 7',0.00,15,'0',1,'0',NULL,NULL,NULL,1,NULL,NULL,NULL,NULL,NULL,NULL,1,NULL,NULL,NULL),(1931,1603,36,NULL,'Base imponible 8',0.00,15,'0',1,'0',NULL,NULL,NULL,1,NULL,NULL,NULL,NULL,NULL,NULL,1,NULL,NULL,NULL),(1932,1603,36,NULL,'Base imponible 9',0.00,15,'0',1,'0',NULL,NULL,NULL,1,NULL,NULL,NULL,NULL,NULL,NULL,1,NULL,NULL,NULL),(1933,1603,36,NULL,'Base para el calculo diferencial de aporte Seg. Social',0.00,15,'0',1,'0',NULL,NULL,NULL,1,NULL,NULL,NULL,NULL,NULL,NULL,1,NULL,NULL,NULL),(1934,1603,36,NULL,'Base para el calculo diferencial de contribuciones de Seg Social',0.00,15,'0',1,'0',NULL,NULL,NULL,1,NULL,NULL,NULL,NULL,NULL,NULL,1,NULL,NULL,NULL),(1935,1603,36,NULL,'Base imponible 10',0.00,15,'0',1,'0',NULL,NULL,NULL,1,NULL,NULL,NULL,NULL,NULL,NULL,1,NULL,NULL,NULL);
INSERT INTO `syj_formato_sicoss_detalle` VALUES (1936,1603,36,NULL,'Importe a Detraer Ley 26.473',0.00,15,'0',1,'0',NULL,NULL,NULL,1,NULL,NULL,NULL,NULL,NULL,NULL,1,NULL,NULL,NULL),(1937,1603,36,2,'CUIT',0.00,11,' ',1,'1',2,2,1,1,NULL,NULL,NULL,NULL,NULL,NULL,1,NULL,NULL,NULL),(1938,1603,36,3,'Marca de Cónyuge',0.00,1,'0',6,'1',2,2,3,1,NULL,NULL,NULL,NULL,NULL,NULL,1,NULL,NULL,NULL),(1939,1603,36,4,'Cantidad de hijos',0.00,2,'0',1,'0',2,2,4,1,NULL,NULL,NULL,NULL,NULL,NULL,1,NULL,NULL,NULL),(1940,1603,36,5,'Marca CCT',0.00,1,' ',1,'1',2,2,22,1,NULL,NULL,NULL,NULL,NULL,NULL,1,NULL,NULL,NULL),(1941,1603,36,6,'Marca SCVO',0.00,1,' ',1,'1',2,2,24,1,NULL,NULL,NULL,NULL,NULL,NULL,1,NULL,NULL,NULL),(1942,1603,36,7,'Marca corresponde reducción',0.00,1,'0',6,'1',2,2,26,1,NULL,NULL,NULL,NULL,NULL,NULL,1,NULL,NULL,NULL),(1943,1603,36,8,'Tipo de Empresa',0.00,1,' ',1,'1',2,2,14,1,NULL,NULL,NULL,NULL,NULL,NULL,1,NULL,NULL,NULL),(1944,1603,36,9,'Tipo de operación',0.00,1,' ',7,'1',2,1,NULL,1,NULL,NULL,NULL,NULL,NULL,NULL,1,NULL,NULL,NULL),(1945,1603,36,10,'Código situación',0.00,2,'0',1,'0',2,2,5,1,NULL,NULL,NULL,NULL,NULL,NULL,1,NULL,NULL,NULL),(1946,1603,36,11,'Código condición',0.00,2,'0',1,'0',2,2,6,1,NULL,NULL,NULL,NULL,NULL,NULL,1,NULL,NULL,NULL),(1947,1603,36,12,'Código de Actividad',0.00,3,'0',1,'0',2,2,7,1,NULL,NULL,NULL,NULL,NULL,NULL,1,NULL,NULL,NULL),(1948,1603,36,13,'Código modalidad contratación',0.00,3,'0',1,'0',2,2,9,1,NULL,NULL,NULL,NULL,NULL,NULL,1,NULL,NULL,NULL),(1949,1603,36,14,'Código siniestrado',0.00,2,'0',1,'0',2,2,13,1,NULL,NULL,NULL,NULL,NULL,NULL,1,NULL,NULL,NULL),(1950,1603,36,15,'Código de Localidad',0.00,2,' ',1,'1',2,2,8,1,NULL,NULL,NULL,NULL,NULL,NULL,1,NULL,NULL,NULL),(1951,1603,36,16,'Situación de Revista 1',0.00,2,'0',1,'0',2,2,16,1,NULL,NULL,NULL,NULL,NULL,NULL,1,NULL,NULL,NULL),(1952,1603,36,17,'Día inicio Situación de Revista 1',0.00,2,'0',1,'0',2,2,17,1,NULL,NULL,NULL,NULL,NULL,NULL,1,NULL,NULL,NULL),(1953,1603,36,18,'Situación de Revista 2',0.00,2,'0',1,'0',2,2,18,1,NULL,NULL,NULL,NULL,NULL,NULL,1,NULL,NULL,NULL),(1954,1603,36,19,'Día inicio Situación de Revista 2',0.00,2,'0',1,'0',2,2,19,1,NULL,NULL,NULL,NULL,NULL,NULL,1,NULL,NULL,NULL),(1955,1603,36,20,'Situación de Revista 3',0.00,2,'0',1,'0',2,2,20,1,NULL,NULL,NULL,NULL,NULL,NULL,1,NULL,NULL,NULL),(1956,1603,36,21,'Día inicio Situación de Revista 3',0.00,2,'0',1,'0',2,2,21,1,NULL,NULL,NULL,NULL,NULL,NULL,1,NULL,NULL,NULL),(1957,1603,36,22,'Cant días trabajados',0.00,2,'0',2,'0',2,3,NULL,3,NULL,NULL,NULL,2,2,NULL,1,NULL,NULL,NULL),(1958,1603,36,23,'Horas trabajadas',0.00,3,'0',1,'0',2,2,26,1,NULL,NULL,NULL,NULL,NULL,NULL,1,NULL,NULL,NULL),(1959,1603,36,24,'Porcentaje aporte adicional SS',0.00,5,'0',7,'0',2,1,NULL,1,NULL,NULL,NULL,NULL,NULL,NULL,1,NULL,NULL,NULL),(1960,1603,36,25,'Porcentaje Contribucion tarea diferencial',0.00,5,'0',7,'0',2,1,NULL,1,NULL,NULL,NULL,NULL,NULL,NULL,1,NULL,NULL,NULL),(1961,1603,36,26,'Código Obra social',0.00,6,'0',1,'0',2,2,10,1,NULL,NULL,NULL,NULL,NULL,NULL,1,NULL,NULL,NULL),(1962,1603,36,27,'Cantidad adherentes',0.00,2,'0',1,'0',2,2,11,1,NULL,NULL,NULL,NULL,NULL,NULL,1,NULL,NULL,NULL),(1963,1603,36,28,'Aporte Adicional OS',0.00,15,'0',7,'0',2,3,NULL,3,NULL,NULL,NULL,2,4,NULL,1,NULL,NULL,NULL),(1964,1603,36,29,'Contribucion Adicional OS',0.00,15,'0',7,'0',2,3,NULL,3,NULL,NULL,NULL,2,4,NULL,1,NULL,NULL,NULL),(1965,1603,36,30,'Base calculo Diferencial Aportes OS y FSR',0.00,15,'0',7,'0',2,3,NULL,3,NULL,NULL,NULL,2,4,NULL,1,NULL,NULL,NULL),(1966,1603,36,31,'Base calculo Diferencial Contribuciones OS y FSR',0.00,15,'0',7,'0',2,3,NULL,3,NULL,NULL,NULL,2,4,NULL,1,NULL,NULL,NULL),(1967,1603,36,32,'Base calculo Diferencial LRT',0.00,15,'0',7,'0',2,3,NULL,3,NULL,NULL,NULL,2,4,NULL,1,NULL,NULL,NULL),(1968,1603,36,33,'Remuneracion Maternidad ANSeS',0.00,15,'0',7,'0',2,3,NULL,3,NULL,NULL,NULL,2,4,NULL,1,NULL,NULL,NULL),(1969,1603,36,34,'Remuneracion bruta',0.00,15,'0',7,'0',2,3,NULL,2,NULL,2,2,2,4,NULL,1,NULL,NULL,NULL);
INSERT INTO `syj_formato_sicoss_detalle` VALUES (1970,1603,36,35,'Base imponible 1',0.00,15,'0',7,'0',2,3,NULL,2,NULL,2,2,2,4,NULL,1,NULL,NULL,NULL),(1971,1603,36,36,'Base imponible 2',0.00,15,'0',7,'0',2,3,NULL,2,NULL,2,2,2,4,NULL,1,NULL,NULL,NULL),(1972,1603,36,37,'Base imponible 3',0.00,15,'0',7,'0',2,3,NULL,2,NULL,2,2,2,4,NULL,1,NULL,NULL,NULL),(1973,1603,36,38,'Base imponible 4',0.00,15,'0',7,'0',2,3,NULL,3,NULL,NULL,NULL,2,3,NULL,1,NULL,NULL,NULL),(1974,1603,36,39,'Base imponible 5',0.00,15,'0',7,'0',2,3,NULL,2,NULL,2,2,2,4,NULL,1,NULL,NULL,NULL),(1975,1603,36,40,'Base imponible 6',0.00,15,'0',7,'0',2,1,NULL,1,NULL,NULL,NULL,NULL,NULL,NULL,1,NULL,NULL,NULL),(1976,1603,36,41,'Base imponible 7',0.00,15,'0',7,'0',2,3,NULL,3,NULL,NULL,NULL,2,3,NULL,1,NULL,NULL,NULL),(1977,1603,36,42,'Base imponible 8',0.00,15,'0',7,'0',2,3,NULL,3,NULL,NULL,NULL,2,3,NULL,1,NULL,NULL,NULL),(1978,1603,36,43,'Base imponible 9',0.00,15,'0',7,'0',2,3,NULL,2,NULL,2,2,2,4,NULL,1,NULL,NULL,NULL),(1979,1603,36,44,'Base para el calculo diferencial de aporte Seg. Social',0.00,15,'0',7,'0',2,1,NULL,1,NULL,NULL,NULL,NULL,NULL,NULL,1,NULL,NULL,NULL),(1980,1603,36,45,'Base para el calculo diferencial de contribuciones de Seg Social',0.00,15,'0',7,'0',2,1,NULL,1,NULL,NULL,NULL,NULL,NULL,NULL,1,NULL,NULL,NULL),(1981,1603,36,46,'Base imponible 10',0.00,15,'0',7,'0',2,3,NULL,3,NULL,NULL,NULL,2,4,NULL,1,NULL,NULL,NULL),(1982,1603,36,47,'Importe a Detraer Ley 26.473',0.00,15,'0',7,'0',2,3,NULL,3,NULL,NULL,NULL,2,4,NULL,1,NULL,NULL,NULL),(1983,NULL,37,1,'CUIL',0.00,11,'',1,'STR_PAD_RIGHT',1,2,1,1,NULL,NULL,NULL,NULL,NULL,'',1,NULL,NULL,NULL),(1984,NULL,37,2,'Apellido y Nombre',0.00,30,'',1,'STR_PAD_RIGHT',1,2,2,1,NULL,NULL,NULL,NULL,NULL,'',1,NULL,NULL,NULL),(1985,NULL,37,3,'Conyuge',0.00,1,'0',4,'STR_PAD_RIGHT',1,2,3,1,NULL,NULL,NULL,NULL,NULL,'',1,NULL,NULL,NULL),(1986,NULL,37,4,'Cantidad de Hijos',0.00,2,'0',1,'STR_PAD_LEFT',1,2,4,1,NULL,NULL,NULL,NULL,NULL,'',1,NULL,NULL,NULL),(1987,NULL,37,5,'Codigo de Situacion',0.00,2,'0',1,'STR_PAD_LEFT',1,2,5,1,NULL,NULL,NULL,NULL,NULL,'',1,NULL,NULL,NULL),(1988,NULL,37,6,'Codigo de Condicion',0.00,2,'0',1,'STR_PAD_LEFT',1,2,6,1,NULL,NULL,NULL,NULL,NULL,'',1,NULL,NULL,NULL),(1989,NULL,37,7,'Codigo de Actividad',0.00,3,'0',1,'STR_PAD_LEFT',1,2,7,1,NULL,NULL,NULL,NULL,NULL,'',1,NULL,NULL,NULL),(1990,NULL,37,8,'Codigo de Zona',0.00,2,'0',1,'STR_PAD_LEFT',1,2,8,1,NULL,NULL,NULL,NULL,NULL,'',1,NULL,NULL,NULL),(1991,NULL,37,9,'Porcentaje de Aporte Adicional SS',0.00,5,'',3,'STR_PAD_LEFT',1,1,NULL,1,NULL,NULL,NULL,NULL,NULL,'',1,NULL,NULL,NULL),(1992,NULL,37,10,'Codigo de Modalidad de Contratacion',0.00,3,'0',1,'STR_PAD_LEFT',1,2,9,1,NULL,NULL,NULL,NULL,NULL,'',1,NULL,NULL,NULL),(1993,NULL,37,11,'Codigo de Obra Social',0.00,6,'0',1,'STR_PAD_LEFT',1,1,10,1,NULL,NULL,NULL,NULL,NULL,'',1,NULL,NULL,NULL),(1994,NULL,37,12,'Cantidad de Adherentes',0.00,2,'0',1,'STR_PAD_LEFT',1,2,11,1,NULL,NULL,NULL,NULL,NULL,'',1,NULL,NULL,NULL),(1995,NULL,37,13,'Remuneracion Total',0.00,12,'',3,'STR_PAD_LEFT',1,3,NULL,2,NULL,2,3,2,4,'',1,NULL,NULL,NULL),(1996,NULL,37,14,'Remuneracion Imponible 1',0.00,12,'',3,'STR_PAD_LEFT',1,3,NULL,2,NULL,2,2,2,4,'',1,NULL,NULL,NULL),(1997,NULL,37,15,'Asignaciones Familiares Pagadas',0.00,9,'',3,'STR_PAD_LEFT',1,1,NULL,1,NULL,NULL,NULL,NULL,NULL,'',1,NULL,NULL,NULL),(1998,NULL,37,16,'Importe Aporte Voluntario',0.00,9,'',3,'STR_PAD_LEFT',1,1,NULL,1,NULL,NULL,NULL,NULL,NULL,'',1,NULL,NULL,NULL),(1999,NULL,37,17,'Importe Adicional OS',0.00,9,'',3,'STR_PAD_LEFT',1,1,NULL,1,NULL,NULL,NULL,NULL,NULL,'',1,NULL,NULL,NULL),(2000,NULL,37,18,'Importe Excedentes Aportes SS',0.00,9,'',3,'STR_PAD_LEFT',1,1,NULL,1,NULL,NULL,NULL,NULL,NULL,'',1,NULL,NULL,NULL),(2001,NULL,37,19,'Importe Excedentes Aportes OS',0.00,9,'',3,'STR_PAD_LEFT',1,1,NULL,1,NULL,NULL,NULL,NULL,NULL,'',1,NULL,NULL,NULL),(2002,NULL,37,20,'Provincia Localidad',0.00,50,'',1,'STR_PAD_RIGHT',1,2,12,1,NULL,NULL,NULL,NULL,NULL,'',1,NULL,NULL,NULL);
INSERT INTO `syj_formato_sicoss_detalle` VALUES (2003,NULL,37,21,'Remuneracion Imponible 2',0.00,12,'',3,'STR_PAD_LEFT',1,3,NULL,2,NULL,2,2,2,4,'',1,NULL,NULL,NULL),(2004,NULL,37,22,'Remuneracion Imponible 3',0.00,12,'',3,'STR_PAD_LEFT',1,3,NULL,2,NULL,2,2,2,4,'',1,NULL,NULL,NULL),(2005,NULL,37,23,'Remuneracion Imponible 4',0.00,12,'',3,'STR_PAD_LEFT',1,3,26,3,NULL,NULL,NULL,2,3,'',1,NULL,NULL,NULL),(2006,NULL,37,24,'Codigo de Siniestrado',0.00,2,'0',1,'STR_PAD_LEFT',1,2,13,1,NULL,NULL,NULL,NULL,NULL,'',1,NULL,NULL,NULL),(2007,NULL,37,25,'Marca de Corresponde Reduccion',0.00,1,'0',4,'STR_PAD_LEFT',1,2,26,1,NULL,NULL,NULL,NULL,NULL,'',1,NULL,NULL,NULL),(2008,NULL,37,26,'Capital de Recomposicion de LRT',0.00,9,'',3,'STR_PAD_LEFT',1,1,NULL,1,NULL,NULL,NULL,NULL,NULL,'',1,NULL,NULL,NULL),(2009,NULL,37,27,'Tipo de Empresa',0.00,1,'0',1,'STR_PAD_LEFT',1,2,14,1,NULL,NULL,NULL,NULL,NULL,'',1,NULL,NULL,NULL),(2010,NULL,37,28,'Aporte Adicional de Obra Social',0.00,9,'',3,'STR_PAD_LEFT',1,3,NULL,3,NULL,NULL,NULL,2,4,'',1,NULL,NULL,NULL),(2011,NULL,37,29,'Regimen',0.00,1,'',1,'STR_PAD_LEFT',1,2,15,1,NULL,NULL,NULL,NULL,NULL,'',1,NULL,NULL,NULL),(2012,NULL,37,30,'Situacion de Revista 1',0.00,2,'0',1,'STR_PAD_LEFT',1,2,16,1,NULL,NULL,NULL,NULL,NULL,'',1,NULL,NULL,NULL),(2013,NULL,37,31,'Dia inicio Situacion Revista 1',0.00,2,'0',1,'STR_PAD_LEFT',1,2,17,1,NULL,NULL,NULL,NULL,NULL,'',1,NULL,NULL,NULL),(2014,NULL,37,32,'Situacion de Revista 2',0.00,2,'0',1,'STR_PAD_LEFT',1,2,18,1,NULL,NULL,NULL,NULL,NULL,'',1,NULL,NULL,NULL),(2015,NULL,37,33,'Dia inicio Situacion Revista 2',0.00,2,'0',1,'STR_PAD_LEFT',1,2,19,1,NULL,NULL,NULL,NULL,NULL,'',1,NULL,NULL,NULL),(2016,NULL,37,34,'Situacion de Revista 3',0.00,2,'0',1,'STR_PAD_LEFT',1,2,20,1,NULL,NULL,NULL,NULL,NULL,'',1,NULL,NULL,NULL),(2017,NULL,37,35,'Dia inicio Situacion Revista 3',0.00,2,'0',1,'STR_PAD_LEFT',1,2,21,1,NULL,NULL,NULL,NULL,NULL,'',1,NULL,NULL,NULL),(2018,NULL,37,36,'Sueldo + Adicionales',0.00,12,'',3,'STR_PAD_LEFT',1,3,NULL,3,NULL,NULL,NULL,2,4,'',1,NULL,NULL,NULL),(2019,NULL,37,37,'SAC',0.00,12,'',3,'STR_PAD_LEFT',1,3,NULL,3,NULL,NULL,NULL,2,4,'',1,NULL,NULL,NULL),(2020,NULL,37,38,'Horas Extra',0.00,12,'',3,'STR_PAD_LEFT',1,3,NULL,3,NULL,NULL,NULL,2,4,'',1,NULL,NULL,NULL),(2021,NULL,37,39,'Zona desfavorable',0.00,12,'',3,'STR_PAD_LEFT',1,1,NULL,1,NULL,NULL,NULL,NULL,NULL,'',1,NULL,NULL,NULL),(2022,NULL,37,40,'Vacaciones',0.00,12,'',3,'STR_PAD_LEFT',1,3,NULL,3,NULL,NULL,NULL,2,4,'',1,NULL,NULL,NULL),(2023,NULL,37,41,'Cantidad de dias trabajados',0.00,9,'0',2,'STR_PAD_LEFT',1,3,NULL,3,NULL,NULL,NULL,2,2,'',1,NULL,NULL,NULL),(2024,NULL,37,42,'Remuneracion Imponible 5',0.00,12,'',3,'STR_PAD_LEFT',1,3,NULL,2,NULL,2,2,2,4,'',1,NULL,NULL,NULL),(2025,NULL,37,43,'Trabajador Convencionado',0.00,1,'0',4,'STR_PAD_LEFT',1,2,22,1,NULL,NULL,NULL,NULL,NULL,'',1,NULL,NULL,NULL),(2026,NULL,37,44,'Remuneracion Imponible 6',0.00,12,'',3,'STR_PAD_LEFT',1,1,NULL,1,NULL,NULL,NULL,NULL,NULL,'',1,NULL,NULL,NULL),(2027,NULL,37,45,'Tipo de Operacion',0.00,1,'',3,'STR_PAD_LEFT',1,1,NULL,1,NULL,NULL,NULL,NULL,NULL,'',1,NULL,NULL,NULL),(2028,NULL,37,46,'Adicionales',0.00,12,'',3,'STR_PAD_LEFT',1,3,NULL,3,NULL,NULL,NULL,2,4,'',1,NULL,NULL,NULL),(2029,NULL,37,47,'Premios',0.00,12,'',3,'STR_PAD_LEFT',1,3,NULL,3,NULL,NULL,NULL,2,4,'',1,NULL,NULL,NULL),(2030,NULL,37,48,'Remuneracion Imponible 8',0.00,12,'0',3,'STR_PAD_LEFT',1,3,NULL,3,NULL,2,2,2,3,'',1,NULL,NULL,NULL),(2031,NULL,37,49,'Remuneracion Imponible 7',0.00,12,'',3,'STR_PAD_LEFT',1,1,NULL,1,NULL,NULL,NULL,NULL,NULL,'',1,NULL,NULL,NULL),(2032,NULL,37,50,'Cantidad de Horas Extras',0.00,3,'0',2,'STR_PAD_LEFT',1,3,NULL,3,NULL,NULL,NULL,2,2,'',1,NULL,NULL,NULL),(2033,NULL,37,51,'Conceptos No Remunerativos',0.00,12,'',3,'STR_PAD_LEFT',1,3,NULL,2,NULL,3,3,2,4,'',1,NULL,NULL,NULL),(2034,NULL,37,52,'Maternidad',0.00,12,'',3,'STR_PAD_LEFT',1,3,NULL,3,NULL,NULL,NULL,2,4,'',1,NULL,NULL,NULL),(2035,NULL,37,53,'Rectificacion de remuneraciones',0.00,9,'',3,'STR_PAD_LEFT',1,1,NULL,1,NULL,NULL,NULL,NULL,NULL,'',1,NULL,NULL,NULL);
INSERT INTO `syj_formato_sicoss_detalle` VALUES (2036,NULL,37,54,'Remuneracion Imponible 9',0.00,12,'',3,'STR_PAD_LEFT',1,3,NULL,2,NULL,2,3,2,4,'',1,NULL,NULL,NULL),(2037,NULL,37,55,'Contribucion tarea diferencial (%)',0.00,9,'',3,'STR_PAD_LEFT',1,1,NULL,1,NULL,NULL,NULL,NULL,NULL,'',1,NULL,NULL,NULL),(2038,NULL,37,56,'Horas Trabajadas',0.00,3,'0',1,'STR_PAD_LEFT',1,2,26,1,NULL,NULL,NULL,NULL,NULL,'',1,NULL,NULL,NULL),(2039,NULL,37,57,'Seguro Colectivo de Vida Obligatorio',0.00,1,'0',4,'STR_PAD_LEFT',1,2,24,1,NULL,NULL,NULL,NULL,NULL,'',1,NULL,NULL,NULL),(2040,NULL,37,58,'Importe a detraer Ley 27430',0.00,12,'',3,'STR_PAD_LEFT',1,1,NULL,1,NULL,NULL,NULL,NULL,NULL,'',1,NULL,NULL,NULL),(2041,NULL,37,59,'Incremento Salarial',0.00,12,'',3,'STR_PAD_LEFT',1,3,NULL,3,NULL,NULL,NULL,2,4,'',1,NULL,NULL,NULL),(2042,NULL,37,60,'Remuneracion Imponible 11',0.00,12,'',3,'STR_PAD_LEFT',1,1,NULL,1,NULL,NULL,NULL,NULL,NULL,'',1,NULL,NULL,NULL),(2043,NULL,37,2,'CUIT',0.00,11,' ',1,'1',2,2,1,1,NULL,NULL,NULL,NULL,NULL,'',1,NULL,NULL,NULL),(2044,NULL,37,3,'Marca de Cónyuge',0.00,1,'0',6,'1',2,2,3,1,NULL,NULL,NULL,NULL,NULL,'',1,NULL,NULL,NULL),(2045,NULL,37,4,'Cantidad de hijos',0.00,2,'0',1,'0',2,2,4,1,NULL,NULL,NULL,NULL,NULL,'',1,NULL,NULL,NULL),(2046,NULL,37,5,'Marca CCT',0.00,1,' ',1,'1',2,2,22,1,NULL,NULL,NULL,NULL,NULL,'',1,NULL,NULL,NULL),(2047,NULL,37,6,'Marca SCVO',0.00,1,' ',1,'1',2,2,24,1,NULL,NULL,NULL,NULL,NULL,'',1,NULL,NULL,NULL),(2048,NULL,37,7,'Marca corresponde reducción',0.00,1,'0',6,'1',2,2,26,1,NULL,NULL,NULL,NULL,NULL,'',1,NULL,NULL,NULL),(2049,NULL,37,8,'Tipo de Empresa',0.00,1,' ',1,'1',2,2,14,1,NULL,NULL,NULL,NULL,NULL,'',1,NULL,NULL,NULL),(2050,NULL,37,9,'Tipo de operación',0.00,1,' ',7,'1',2,1,NULL,1,NULL,NULL,NULL,NULL,NULL,'',1,NULL,NULL,NULL),(2051,NULL,37,10,'Código situación',0.00,2,'0',1,'0',2,2,5,1,NULL,NULL,NULL,NULL,NULL,'',1,NULL,NULL,NULL),(2052,NULL,37,11,'Código condición',0.00,2,'0',1,'0',2,2,6,1,NULL,NULL,NULL,NULL,NULL,'',1,NULL,NULL,NULL),(2053,NULL,37,12,'Código de Actividad',0.00,3,'0',1,'0',2,2,7,1,NULL,NULL,NULL,NULL,NULL,'',1,NULL,NULL,NULL),(2054,NULL,37,13,'Código modalidad contratación',0.00,3,'0',1,'0',2,2,9,1,NULL,NULL,NULL,NULL,NULL,'',1,NULL,NULL,NULL),(2055,NULL,37,14,'Código siniestrado',0.00,2,'0',1,'0',2,2,13,1,NULL,NULL,NULL,NULL,NULL,'',1,NULL,NULL,NULL),(2056,NULL,37,15,'Código de Localidad',0.00,2,' ',1,'1',2,2,8,1,NULL,NULL,NULL,NULL,NULL,'',1,NULL,NULL,NULL),(2057,NULL,37,16,'Situación de Revista 1',0.00,2,'0',1,'0',2,2,16,1,NULL,NULL,NULL,NULL,NULL,'',1,NULL,NULL,NULL),(2058,NULL,37,17,'Día inicio Situación de Revista 1',0.00,2,'0',1,'0',2,2,17,1,NULL,NULL,NULL,NULL,NULL,'',1,NULL,NULL,NULL),(2059,NULL,37,18,'Situación de Revista 2',0.00,2,'0',1,'0',2,2,18,1,NULL,NULL,NULL,NULL,NULL,'',1,NULL,NULL,NULL),(2060,NULL,37,19,'Día inicio Situación de Revista 2',0.00,2,'0',1,'0',2,2,19,1,NULL,NULL,NULL,NULL,NULL,'',1,NULL,NULL,NULL),(2061,NULL,37,20,'Situación de Revista 3',0.00,2,'0',1,'0',2,2,20,1,NULL,NULL,NULL,NULL,NULL,'',1,NULL,NULL,NULL),(2062,NULL,37,21,'Día inicio Situación de Revista 3',0.00,2,'0',1,'0',2,2,21,1,NULL,NULL,NULL,NULL,NULL,'',1,NULL,NULL,NULL),(2063,NULL,37,22,'Cant días trabajados',0.00,2,'0',2,'0',2,2,28,3,NULL,NULL,NULL,2,2,'',1,NULL,NULL,NULL),(2064,NULL,37,23,'Horas trabajadas',0.00,3,'0',2,'0',2,2,29,1,NULL,NULL,NULL,NULL,NULL,'',1,NULL,NULL,NULL),(2065,NULL,37,24,'Porcentaje aporte adicional SS',0.00,5,'0',7,'0',2,1,NULL,1,NULL,NULL,NULL,NULL,NULL,'',1,NULL,NULL,NULL),(2066,NULL,37,25,'Porcentaje Contribucion tarea diferencial',0.00,5,'0',7,'0',2,1,NULL,1,NULL,NULL,NULL,NULL,NULL,'',1,NULL,NULL,NULL),(2067,NULL,37,26,'Código Obra social',0.00,6,'0',1,'0',2,2,10,1,NULL,NULL,NULL,NULL,NULL,'',1,NULL,NULL,NULL),(2068,NULL,37,27,'Cantidad adherentes',0.00,2,'0',1,'0',2,2,11,1,NULL,NULL,NULL,NULL,NULL,'',1,NULL,NULL,NULL),(2069,NULL,37,28,'Aporte Adicional OS',0.00,15,'0',7,'0',2,3,NULL,3,NULL,NULL,NULL,2,4,'',1,NULL,NULL,NULL);
INSERT INTO `syj_formato_sicoss_detalle` VALUES (2070,NULL,37,29,'Contribucion Adicional OS',0.00,15,'0',7,'0',2,3,NULL,3,NULL,NULL,NULL,2,4,'',1,NULL,NULL,NULL),(2071,NULL,37,30,'Base calculo Diferencial Aportes OS y FSR',0.00,15,'0',7,'0',2,3,NULL,3,NULL,NULL,NULL,2,4,'',1,NULL,NULL,NULL),(2072,NULL,37,31,'Base calculo Diferencial Contribuciones OS y FSR',0.00,15,'0',7,'0',2,3,NULL,3,NULL,NULL,NULL,2,4,'',1,NULL,NULL,NULL),(2073,NULL,37,32,'Base calculo Diferencial LRT',0.00,15,'0',7,'0',2,3,NULL,3,NULL,NULL,NULL,2,4,'',1,NULL,NULL,NULL),(2074,NULL,37,33,'Remuneracion Maternidad ANSeS',0.00,15,'0',7,'0',2,3,NULL,3,NULL,NULL,NULL,2,4,'',1,NULL,NULL,NULL),(2075,NULL,37,34,'Remuneracion bruta',0.00,15,'0',7,'0',2,1,NULL,2,NULL,2,3,2,4,'',1,NULL,NULL,NULL),(2076,NULL,37,35,'Base imponible 1',0.00,15,'0',7,'0',2,1,NULL,2,NULL,2,2,2,4,'',1,NULL,NULL,NULL),(2077,NULL,37,36,'Base imponible 2',0.00,15,'0',7,'0',2,1,NULL,2,NULL,2,2,2,4,'',1,NULL,NULL,NULL),(2078,NULL,37,37,'Base imponible 3',0.00,15,'0',7,'0',2,1,NULL,2,NULL,2,2,2,4,'',1,NULL,NULL,NULL),(2079,NULL,37,38,'Base imponible 4',0.00,15,'0',7,'0',2,1,NULL,3,NULL,NULL,NULL,2,3,'',1,NULL,NULL,NULL),(2080,NULL,37,39,'Base imponible 5',0.00,15,'0',7,'0',2,1,NULL,2,NULL,2,2,2,4,'',1,NULL,NULL,NULL),(2081,NULL,37,40,'Base imponible 6',0.00,15,'0',7,'0',2,1,NULL,1,NULL,NULL,NULL,NULL,NULL,'',1,NULL,NULL,NULL),(2082,NULL,37,41,'Base imponible 7',0.00,15,'0',7,'0',2,1,NULL,2,NULL,2,2,2,4,'',1,NULL,NULL,NULL),(2083,NULL,37,42,'Base imponible 8',0.00,15,'0',7,'0',2,3,NULL,3,NULL,NULL,NULL,2,3,'',1,NULL,NULL,NULL),(2084,NULL,37,43,'Base imponible 9',0.00,15,'0',7,'0',2,3,NULL,2,NULL,2,2,2,4,'',1,NULL,NULL,NULL),(2085,NULL,37,44,'Base para el calculo diferencial de aporte Seg. Social',0.00,15,'0',7,'0',2,1,NULL,1,NULL,NULL,NULL,NULL,NULL,'',1,NULL,NULL,NULL),(2086,NULL,37,45,'Base para el calculo diferencial de contribuciones de Seg Social',0.00,15,'0',7,'0',2,1,NULL,1,NULL,NULL,NULL,NULL,NULL,'',1,NULL,NULL,NULL),(2087,NULL,37,46,'Base imponible 10',0.00,15,'0',7,'0',2,3,NULL,3,NULL,NULL,NULL,2,4,'',1,NULL,NULL,NULL),(2088,NULL,37,47,'Importe a Detraer Ley 26.473',0.00,15,'0',7,'0',2,3,NULL,3,NULL,NULL,NULL,2,4,'',1,NULL,NULL,NULL);

--
-- Table structure for table `syj_formato_sicoss_detalle_claseliq`
--

CREATE TABLE `syj_formato_sicoss_detalle_claseliq` (
  `user_id` int(10) unsigned DEFAULT NULL,
  `syj_formato_sicoss_detalle_id` int(10) unsigned DEFAULT NULL,
  `syj_clase_tipo_liquidacion_id` int(10) unsigned DEFAULT NULL,
  `is_habilitado` tinyint(3) unsigned NOT NULL DEFAULT '1',
  `created_at` timestamp NULL DEFAULT NULL,
  `updated_at` timestamp NULL DEFAULT NULL,
  KEY `syj_f_sicosdetalle_foreign` (`syj_formato_sicoss_detalle_id`),
  KEY `syj_f_clase_liq_foreign` (`syj_clase_tipo_liquidacion_id`),
  CONSTRAINT `syj_f_clase_liq_foreign` FOREIGN KEY (`syj_clase_tipo_liquidacion_id`) REFERENCES `syj_clase_tipo_liquidacion` (`id`),
  CONSTRAINT `syj_f_sicosdetalle_foreign` FOREIGN KEY (`syj_formato_sicoss_detalle_id`) REFERENCES `syj_formato_sicoss_detalle` (`id`)
) ENGINE=InnoDB DEFAULT CHARSET=utf8mb4 COLLATE=utf8mb4_unicode_ci;

--
-- Dumping data for table `syj_formato_sicoss_detalle_claseliq`
--

INSERT INTO `syj_formato_sicoss_detalle_claseliq` VALUES (1,13,1,1,'2020-05-03 12:25:04','2020-05-03 12:25:04'),(1,13,2,1,'2020-05-03 12:25:04','2020-05-03 12:25:04'),(1,13,3,1,'2020-05-03 12:25:04','2020-05-03 12:25:04'),(1,13,4,1,'2020-05-03 12:25:04','2020-05-03 12:25:04'),(1,13,5,1,'2020-05-03 12:25:04','2020-05-03 12:25:04'),(1,14,1,1,'2020-05-03 12:25:12','2020-05-03 12:25:12'),(1,14,2,1,'2020-05-03 12:25:12','2020-05-03 12:25:12'),(1,14,3,1,'2020-05-03 12:25:12','2020-05-03 12:25:12'),(1,14,4,1,'2020-05-03 12:25:12','2020-05-03 12:25:12'),(1,14,5,1,'2020-05-03 12:25:12','2020-05-03 12:25:12'),(1,21,1,1,'2020-05-03 12:28:27','2020-05-03 12:28:27'),(1,21,2,1,'2020-05-03 12:28:27','2020-05-03 12:28:27'),(1,21,3,1,'2020-05-03 12:28:27','2020-05-03 12:28:27'),(1,21,4,1,'2020-05-03 12:28:27','2020-05-03 12:28:27'),(1,21,5,1,'2020-05-03 12:28:27','2020-05-03 12:28:27'),(1,22,1,1,'2020-05-03 12:28:33','2020-05-03 12:28:33'),(1,22,2,1,'2020-05-03 12:28:33','2020-05-03 12:28:33'),(1,22,3,1,'2020-05-03 12:28:33','2020-05-03 12:28:33'),(1,22,4,1,'2020-05-03 12:28:33','2020-05-03 12:28:33'),(1,22,5,1,'2020-05-03 12:28:33','2020-05-03 12:28:33'),(1,28,1,1,'2020-05-03 12:29:21','2020-05-03 12:29:21'),(1,28,2,1,'2020-05-03 12:29:21','2020-05-03 12:29:21'),(1,28,3,1,'2020-05-03 12:29:21','2020-05-03 12:29:21'),(1,28,4,1,'2020-05-03 12:29:21','2020-05-03 12:29:21'),(1,28,5,1,'2020-05-03 12:29:21','2020-05-03 12:29:21'),(1,36,1,1,'2020-05-03 12:30:12','2020-05-03 12:30:12'),(1,36,2,1,'2020-05-03 12:30:12','2020-05-03 12:30:12'),(1,36,3,1,'2020-05-03 12:30:12','2020-05-03 12:30:12'),(1,36,4,1,'2020-05-03 12:30:12','2020-05-03 12:30:12'),(1,36,5,1,'2020-05-03 12:30:12','2020-05-03 12:30:12'),(1,37,1,1,'2020-05-03 12:30:19','2020-05-03 12:30:19'),(1,37,2,1,'2020-05-03 12:30:19','2020-05-03 12:30:19'),(1,37,3,1,'2020-05-03 12:30:19','2020-05-03 12:30:19'),(1,37,4,1,'2020-05-03 12:30:19','2020-05-03 12:30:19'),(1,37,5,1,'2020-05-03 12:30:19','2020-05-03 12:30:19'),(1,42,1,1,'2020-05-03 12:31:27','2020-05-03 12:31:27'),(1,42,2,1,'2020-05-03 12:31:27','2020-05-03 12:31:27'),(1,42,3,1,'2020-05-03 12:31:27','2020-05-03 12:31:27'),(1,42,4,1,'2020-05-03 12:31:27','2020-05-03 12:31:27'),(1,42,5,1,'2020-05-03 12:31:27','2020-05-03 12:31:27'),(1,52,1,1,'2020-05-03 12:32:52','2020-05-03 12:32:52'),(1,52,2,1,'2020-05-03 12:32:52','2020-05-03 12:32:52'),(1,52,3,1,'2020-05-03 12:32:52','2020-05-03 12:32:52'),(1,52,4,1,'2020-05-03 12:32:52','2020-05-03 12:32:52'),(1,52,5,1,'2020-05-03 12:32:52','2020-05-03 12:32:52'),(1,54,1,1,'2020-05-03 12:33:17','2020-05-03 12:33:17'),(1,54,2,1,'2020-05-03 12:33:17','2020-05-03 12:33:17'),(1,54,3,1,'2020-05-03 12:33:17','2020-05-03 12:33:17'),(1,54,4,1,'2020-05-03 12:33:17','2020-05-03 12:33:17'),(1,54,5,1,'2020-05-03 12:33:17','2020-05-03 12:33:17'),(1,38,1,1,'2020-05-27 00:02:29','2020-05-27 00:02:29'),(1,38,2,1,'2020-05-27 00:02:29','2020-05-27 00:02:29'),(1,38,3,1,'2020-05-27 00:02:29','2020-05-27 00:02:29'),(1,38,4,1,'2020-05-27 00:02:29','2020-05-27 00:02:29'),(1,38,5,1,'2020-05-27 00:02:29','2020-05-27 00:02:29'),(88,48,1,1,'2020-05-27 09:04:17','2020-05-27 09:04:17'),(88,48,2,1,'2020-05-27 09:04:17','2020-05-27 09:04:17'),(88,48,3,1,'2020-05-27 09:04:17','2020-05-27 09:04:17'),(88,48,4,1,'2020-05-27 09:04:17','2020-05-27 09:04:17'),(88,48,5,1,'2020-05-27 09:04:17','2020-05-27 09:04:17'),(88,40,1,1,'2020-05-27 09:05:00','2020-05-27 09:05:00'),(88,40,2,1,'2020-05-27 09:05:00','2020-05-27 09:05:00'),(88,40,3,1,'2020-05-27 09:05:00','2020-05-27 09:05:00'),(88,40,4,1,'2020-05-27 09:05:00','2020-05-27 09:05:00'),(88,40,5,1,'2020-05-27 09:05:00','2020-05-27 09:05:00'),(88,41,1,1,'2020-05-27 09:05:14','2020-05-27 09:05:14'),(88,41,2,1,'2020-05-27 09:05:14','2020-05-27 09:05:14'),(88,41,3,1,'2020-05-27 09:05:14','2020-05-27 09:05:14'),(88,41,4,1,'2020-05-27 09:05:14','2020-05-27 09:05:14'),(88,41,5,1,'2020-05-27 09:05:14','2020-05-27 09:05:14'),(88,46,1,1,'2020-05-27 09:05:26','2020-05-27 09:05:26');
INSERT INTO `syj_formato_sicoss_detalle_claseliq` VALUES (88,46,2,1,'2020-05-27 09:05:26','2020-05-27 09:05:26'),(88,46,3,1,'2020-05-27 09:05:26','2020-05-27 09:05:26'),(88,46,4,1,'2020-05-27 09:05:26','2020-05-27 09:05:26'),(88,46,5,1,'2020-05-27 09:05:26','2020-05-27 09:05:26'),(88,47,1,1,'2020-05-27 09:05:34','2020-05-27 09:05:34'),(88,47,2,1,'2020-05-27 09:05:34','2020-05-27 09:05:34'),(88,47,3,1,'2020-05-27 09:05:34','2020-05-27 09:05:34'),(88,47,4,1,'2020-05-27 09:05:34','2020-05-27 09:05:34'),(88,47,5,1,'2020-05-27 09:05:34','2020-05-27 09:05:34'),(88,50,1,1,'2020-05-27 09:05:39','2020-05-27 09:05:39'),(88,50,2,1,'2020-05-27 09:05:39','2020-05-27 09:05:39'),(88,50,3,1,'2020-05-27 09:05:39','2020-05-27 09:05:39'),(88,50,4,1,'2020-05-27 09:05:39','2020-05-27 09:05:39'),(88,50,5,1,'2020-05-27 09:05:39','2020-05-27 09:05:39'),(88,51,1,1,'2020-05-27 09:05:46','2020-05-27 09:05:46'),(88,51,2,1,'2020-05-27 09:05:46','2020-05-27 09:05:46'),(88,51,3,1,'2020-05-27 09:05:46','2020-05-27 09:05:46'),(88,51,4,1,'2020-05-27 09:05:46','2020-05-27 09:05:46'),(88,51,5,1,'2020-05-27 09:05:46','2020-05-27 09:05:46');

--
-- Table structure for table `syj_formato_sicoss_detalle_origen`
--

CREATE TABLE `syj_formato_sicoss_detalle_origen` (
  `id` int(10) unsigned NOT NULL AUTO_INCREMENT,
  `user_id` int(10) unsigned DEFAULT NULL,
  `descripcion` varchar(191) COLLATE utf8mb4_unicode_ci DEFAULT NULL,
  `created_at` timestamp NULL DEFAULT NULL,
  `updated_at` timestamp NULL DEFAULT NULL,
  PRIMARY KEY (`id`)
) ENGINE=InnoDB AUTO_INCREMENT=4 DEFAULT CHARSET=utf8mb4 COLLATE=utf8mb4_unicode_ci;

--
-- Dumping data for table `syj_formato_sicoss_detalle_origen`
--

INSERT INTO `syj_formato_sicoss_detalle_origen` VALUES (1,NULL,'Segun importe',NULL,NULL),(2,NULL,'Funciones SICOSS',NULL,NULL),(3,NULL,'Desde Conceptos Asociados',NULL,NULL);

--
-- Table structure for table `syj_formato_sicoss_format`
--

CREATE TABLE `syj_formato_sicoss_format` (
  `id` int(10) unsigned NOT NULL AUTO_INCREMENT,
  `user_id` int(10) unsigned DEFAULT NULL,
  `descripcion` varchar(191) COLLATE utf8mb4_unicode_ci DEFAULT NULL,
  `funcion` varchar(191) COLLATE utf8mb4_unicode_ci DEFAULT NULL,
  `created_at` timestamp NULL DEFAULT NULL,
  `updated_at` timestamp NULL DEFAULT NULL,
  PRIMARY KEY (`id`)
) ENGINE=InnoDB AUTO_INCREMENT=8 DEFAULT CHARSET=utf8mb4 COLLATE=utf8mb4_unicode_ci;

--
-- Dumping data for table `syj_formato_sicoss_format`
--

INSERT INTO `syj_formato_sicoss_format` VALUES (1,NULL,'Ninguno','nada',NULL,NULL),(2,NULL,'Numero Entero','formato_entero',NULL,NULL),(3,NULL,'Formato Moneda','formato_moneda',NULL,NULL),(4,NULL,'Marcar con T o F','marcar_true_or_false',NULL,NULL),(5,NULL,'Espacio en Blanco','espacio_en_blanco',NULL,NULL),(6,NULL,'Marcar 0 o 1','marcar_0_or_1','2021-01-05 12:16:51','2021-01-05 12:16:51'),(7,NULL,'Valor sin Coma','valor_sin_coma','2021-01-05 12:16:51','2021-01-05 12:16:51');

--
-- Table structure for table `syj_funciones_cantidad`
--

CREATE TABLE `syj_funciones_cantidad` (
  `id` int(10) unsigned NOT NULL AUTO_INCREMENT,
  `user_id` int(10) unsigned DEFAULT NULL,
  `descripcion` varchar(191) COLLATE utf8mb4_unicode_ci NOT NULL,
  `sistema` int(11) NOT NULL,
  `observaciones` text COLLATE utf8mb4_unicode_ci NOT NULL,
  `funcion` text COLLATE utf8mb4_unicode_ci NOT NULL,
  `explicacion` longtext COLLATE utf8mb4_unicode_ci,
  `habilitado` tinyint(1) NOT NULL DEFAULT '1',
  `created_at` timestamp NULL DEFAULT NULL,
  `updated_at` timestamp NULL DEFAULT NULL,
  `deleted_at` timestamp NULL DEFAULT NULL,
  PRIMARY KEY (`id`)
) ENGINE=InnoDB AUTO_INCREMENT=17 DEFAULT CHARSET=utf8mb4 COLLATE=utf8mb4_unicode_ci;

--
-- Dumping data for table `syj_funciones_cantidad`
--

INSERT INTO `syj_funciones_cantidad` VALUES (1,NULL,'Nada',1,'Retorna el mismo valor','nada',NULL,1,'2020-04-07 03:01:59','2020-04-07 03:01:59',NULL),(2,NULL,'Candidad de adherentes Obra Social',1,'Retorna la cantidad de familiares a cargo, multiplicado por el porcentual especificado en la tabla de alícuotas asociada al empleado.','cantidad_adherentes_obra_social','return SyJEmpleado::find($liq_empleado[\'empleado_id\'])->cant_adherentes;',1,'2020-04-07 03:01:59','2020-04-07 03:01:59',NULL),(3,NULL,'Cantidad de días PRV s/Vacaciones',1,'Calcula la cantidad de días de PRV tomando como días hábiles de lunes a viernes.','FALTAAAAAAAAAAAAAAAAAAAAAAAAAA_DEFINIR',NULL,1,'2020-04-07 03:01:59','2020-04-07 03:01:59',NULL),(4,NULL,'Cantidad de días PRV s/Vacaciones inc. Sábado',1,'Calcula la cantidad de días de PRV tomando como días hábiles de lunes a sábados.','FALTAAAAAAAAAAAAAAAAAAAAAAAAAA_DEFINIR',NULL,1,'2020-04-07 03:01:59','2020-04-07 03:01:59',NULL),(5,NULL,'Cantidad días integración mes de despido',1,'Retorna la cantidad de días hasta fin de la fecha de despido.','FALTAAAAAAAAAAAAAAAAAAAAAAAAAA_DEFINIR',NULL,1,'2020-04-07 03:01:59','2020-04-07 03:01:59',NULL),(6,NULL,'Cantidad de días PRV s/Integración',1,'Calcula la cantidad de días de PRV tomando como días hábiles de lunes a viernes.','FALTAAAAAAAAAAAAAAAAAAAAAAAAAA_DEFINIR',NULL,1,'2020-04-07 03:01:59','2020-04-07 03:01:59',NULL),(7,NULL,'Cantidad de días PRV s/Integración inc. Sábado',1,'Calcula la cantidad de días de PRV tomando como días habiles de lunes a sábados.','FALTAAAAAAAAAAAAAAAAAAAAAAAAAA_DEFINIR',NULL,1,'2020-04-07 03:01:59','2020-04-07 03:01:59',NULL),(8,NULL,'Cantidad de días Vacaciones No Gozadas',1,'Retorna la cantidad de días de vacaciones no gozadas.','cantidad_dias_vacaciones_no_gozadas','$anio_liquidacion = Period::find($liq_empleado[\'syj_liquidacion\'][\'period_id\'])->year;\n        $fin_anio = Carbon::create($anio_liquidacion.\'-12-31\');\n        $fecha_ingreso = SyJEmpleado::find($liq_empleado[\'empleado_id\'])->fecha_recon_ing;\n        $dif_dias = $fin_anio->diffInDays($fecha_ingreso);\n        $dias = 0;\n        switch(true) {\n            case $dif_dias<=0:\n                $dias = 0;\n                break;\n            case $dif_dias<180:\n                $dias = intval(ceil($dif_dias/20));\n                break;\n            case $dif_dias > 180 && $dif_dias <= 1800:\n                $dias = 14;\n                break;\n            case $dif_dias > 1800 && $dif_dias <= 3600:\n                $dias = 21;\n                break;\n            case $dif_dias > 3600 && $dif_dias <= 7200:\n                $dias = 28;\n                break;\n            case $dif_dias > 7200:\n                $dias = 35;\n                break;\n        }\n\n        return $dias;',1,'2020-04-07 03:01:59','2020-04-07 03:01:59',NULL),(9,NULL,'Antigüedad Camioneros',1,'Antigüedad del empleado al 31 de diciembre del año de la liquidación. Computando como 1(un) período anual completo toda fraccción mayor a 6 meses.','FALTAAAAAAAAAAAAAAAAAAAAAAAAAA_DEFINIR',NULL,1,'2020-04-07 03:01:59','2020-04-07 03:01:59',NULL),(10,NULL,'Buscar en escala',1,'Busca la cantidad en la escala asociada al concepto, y retorna el porcentaje asociado.','buscar_en_escala',NULL,1,NULL,'2021-01-05 12:16:51',NULL),(11,NULL,'Dividir por Campo Auxiliar de la Funcion',1,'Dividido por Campo Auxiliar de la Funcion','dividir_campo_auxiliar',NULL,1,NULL,NULL,NULL),(12,NULL,'Multiplicar por  Campo Auxiliar de la Funcion',1,'Multiplicar por Campo Auxiliar de la Funcion','multiplicar_campo_auxiliar',NULL,1,NULL,NULL,NULL),(13,NULL,'Sumar por  Campo Auxiliar de la Funcion',1,'Sumar por Campo Auxiliar de la Funcion','sumar_campo_auxiliar',NULL,1,NULL,NULL,NULL),(14,NULL,'restar por  Campo Auxiliar de la Funcion',1,'restar por Campo Auxiliar de la Funcion','restar_campo_auxiliar',NULL,1,NULL,NULL,NULL);
INSERT INTO `syj_funciones_cantidad` VALUES (15,NULL,'Tomar como Tope el campo auxiliar de la funcion',1,'Compara lo que tiene con el campo auxiliar, si mayor, se queda con el valor del campo auxiliar','tope_campo_auxiliar',NULL,1,NULL,NULL,NULL),(16,NULL,'Tomar como Minimo el campo auxiliar de la funcion',1,'Compara el valor que tiene con el campo auxiliar y se queda con el mayor o igual al campo auxiliar','minimo_campo_auxiliar',NULL,1,NULL,NULL,NULL);

--
-- Table structure for table `syj_funciones_importe`
--

CREATE TABLE `syj_funciones_importe` (
  `id` int(10) unsigned NOT NULL AUTO_INCREMENT,
  `user_id` int(10) unsigned DEFAULT NULL,
  `descripcion` varchar(191) COLLATE utf8mb4_unicode_ci NOT NULL,
  `sistema` int(11) NOT NULL,
  `observaciones` text COLLATE utf8mb4_unicode_ci NOT NULL,
  `funcion` text COLLATE utf8mb4_unicode_ci NOT NULL,
  `explicacion` longtext COLLATE utf8mb4_unicode_ci,
  `habilitado` tinyint(1) NOT NULL DEFAULT '1',
  `created_at` timestamp NULL DEFAULT NULL,
  `updated_at` timestamp NULL DEFAULT NULL,
  `deleted_at` timestamp NULL DEFAULT NULL,
  PRIMARY KEY (`id`)
) ENGINE=InnoDB AUTO_INCREMENT=20 DEFAULT CHARSET=utf8mb4 COLLATE=utf8mb4_unicode_ci;

--
-- Dumping data for table `syj_funciones_importe`
--

INSERT INTO `syj_funciones_importe` VALUES (1,NULL,'Ninguna',1,'Retorna el mismo importe','nada',NULL,1,'2020-04-07 03:01:59','2020-04-07 03:01:59',NULL),(2,NULL,'Importe Embargo',1,'Calcula el importe de embargo correspondiente a la liquidación.','FALTAAAAAAAAAAAAAAAAAAAAAAAAAA_DEFINIR',NULL,1,'2020-04-07 03:01:59','2020-04-07 03:01:59',NULL),(3,NULL,'Cálculo MNI s/Modalidad',1,'Esta función sólo determinará el valor de la detracción establecido en el art 4 Dto 814/01 cuando la modalidad de contratación sea distinta a las del rango 301 a 315','FALTAAAAAAAAAAAAAAAAAAAAAAAAAA_DEFINIR',NULL,1,'2020-04-07 03:01:59','2020-04-07 03:01:59',NULL),(4,NULL,'Minimo no imponible SUSS 100% por Días',1,'Esta función determinará el valor de la detracción establecido en el art 4 Dto 814/01 teniendo en cuenta que la modalidad de contratación sea distinta a las del rango 301 a 315','FALTAAAAAAAAAAAAAAAAAAAAAAAAAA_DEFINIR',NULL,1,'2020-04-07 03:01:59','2020-04-07 03:01:59',NULL),(5,NULL,'Minimo no imponible SUSS 100% por Horas',1,'Esta función determinará el valor de la detracción establecido en el art 4 Dto 814/01 teniendo en cuenta que la modalidad de contratación sea distinta a las del rango 301 a 315','FALTAAAAAAAAAAAAAAAAAAAAAAAAAA_DEFINIR',NULL,1,'2020-04-07 03:01:59','2020-04-07 03:01:59',NULL),(6,NULL,'Minimo no imponible SUSS P./ Dias',1,'Esta función determinará el valor de la detracción establecido en el art 4 Dto 814/01 teniendo en cuenta que la modalidad de contratación sea distinta a las del rango 301 a 315, y proporcionando al valor indicado en la pestaña Cantidad del concepto.','FALTAAAAAAAAAAAAAAAAAAAAAAAAAA_DEFINIR',NULL,1,'2020-04-07 03:01:59','2020-04-07 03:01:59',NULL),(7,NULL,'Minimo no imponible SUSS P./ Horas',1,'Esta función determinará el valor de la detracción establecido en el art 4 Dto 814/01 teniendo en cuenta que la modalidad de contratación sea distinta a las del rango 301 a 315, y proporcionando al valor indicado en la pestaña Cantidad del concepto.','FALTAAAAAAAAAAAAAAAAAAAAAAAAAA_DEFINIR',NULL,1,'2020-04-07 03:01:59','2020-04-07 03:01:59',NULL),(8,NULL,'Básico Completo',0,'Devuelve el Básico completo.','basico_completo_o_cantidad_por_valor','        $empleado = SyJEmpleado::with([\'syj_convenio_categoria\'])->find($liq_empleado[\'empleado_id\']);\n\n        $dias_trabajados = SyJLiqEmpleado::find($liq_empleado[\'id\'])->dias_trabajados;\n        if( $dias_trabajados < 30 ){\n            $result = $dias_trabajados * $concepto->valor;\n        }else{\n            $result = ($empleado->basico + $empleado->adic_fijo ) / $empleado->syj_convenio_categoria->hs_jor_compl * $empleado->hs_jornada;\n        }\n        return round($result,2);',1,'2020-04-07 03:01:59','2020-04-07 03:01:59',NULL),(9,NULL,'No Reintegro Mayo 2015',0,'En el mes de Mayo no se liquida el Reintegro. Sino la 1/5 parte de la Devolución(Reintegro / 5)','FALTAAAAAAAAAAAAAAAAAAAAAAAAAA_DEFINIR',NULL,1,'2020-04-07 03:01:59','2020-04-07 03:01:59',NULL),(10,NULL,'No Retención Marzo 2016',0,'En el mes de Febrero no se liquida la Retención completa. Sino la 1/10 parte de la','FALTAAAAAAAAAAAAAAAAAAAAAAAAAA_DEFINIR',NULL,1,'2020-04-07 03:01:59','2020-04-07 03:01:59',NULL),(11,NULL,'Redondeo',1,'Redondea un valor dado en una dirección y cantidad de decimales indicados.','redondeo',NULL,1,NULL,NULL,NULL),(12,NULL,'Dividir por Campo Auxiliar de la Funcion',1,'Dividido por Campo Auxiliar de la Funcion','dividir_campo_auxiliar',NULL,1,NULL,NULL,NULL),(13,NULL,'Multiplicar por  Campo Auxiliar de la Funcion',1,'Multiplicar por Campo Auxiliar de la Funcion','multiplicar_campo_auxiliar',NULL,1,NULL,NULL,NULL),(14,NULL,'Sumar por  Campo Auxiliar de la Funcion',1,'Sumar por Campo Auxiliar de la Funcion','sumar_campo_auxiliar',NULL,1,NULL,NULL,NULL),(15,NULL,'restar por  Campo Auxiliar de la Funcion',1,'restar por Campo Auxiliar de la Funcion','restar_campo_auxiliar',NULL,1,NULL,NULL,NULL);
INSERT INTO `syj_funciones_importe` VALUES (16,NULL,'Tomar como Tope el campo auxiliar de la funcion',1,'Compara lo que tiene con el campo auxiliar, si mayor, se queda con el valor del campo auxiliar','tope_campo_auxiliar',NULL,1,NULL,NULL,NULL),(17,NULL,'Tomar como Minimo el campo auxiliar de la funcion',1,'Compara el valor que tiene con el campo auxiliar y se queda con el mayor o igual al campo auxiliar','minimo_campo_auxiliar',NULL,1,NULL,NULL,NULL),(18,NULL,'Convierte Cantidad a horas decimales a base 60 y Cantidad * valor',1,'Por ejemplo: 10.50 se convierte a 10.833 porque 50 minutos equivalen a 50/60 = 0.8333','horasDecimalABase60',NULL,1,NULL,NULL,NULL),(19,NULL,'Promedio Hs Extras Camioneros',1,'','promedioHsExtras',NULL,1,NULL,'2025-09-01 17:23:46',NULL);

--
-- Table structure for table `syj_funciones_sicoss`
--

CREATE TABLE `syj_funciones_sicoss` (
  `id` int(10) unsigned NOT NULL AUTO_INCREMENT,
  `user_id` int(10) unsigned DEFAULT NULL,
  `descripcion` varchar(191) COLLATE utf8mb4_unicode_ci NOT NULL,
  `sistema` int(11) DEFAULT NULL,
  `observaciones` text COLLATE utf8mb4_unicode_ci,
  `funcion` text COLLATE utf8mb4_unicode_ci,
  `habilitado` tinyint(1) NOT NULL DEFAULT '1',
  `created_at` timestamp NULL DEFAULT NULL,
  `updated_at` timestamp NULL DEFAULT NULL,
  `deleted_at` timestamp NULL DEFAULT NULL,
  PRIMARY KEY (`id`)
) ENGINE=InnoDB AUTO_INCREMENT=30 DEFAULT CHARSET=utf8mb4 COLLATE=utf8mb4_unicode_ci;

--
-- Dumping data for table `syj_funciones_sicoss`
--

INSERT INTO `syj_funciones_sicoss` VALUES (1,NULL,'Empleado CUIL',1,NULL,'empleado_cuil',1,NULL,NULL,NULL),(2,NULL,'Empleado del Apellido y Nombre',1,NULL,'empleado_ape_nombre',1,NULL,NULL,NULL),(3,NULL,'Empleado Conyuge',1,NULL,'empleado_conyuge',1,NULL,NULL,NULL),(4,NULL,'Empleado Cantidad de Hijos',1,NULL,'empleado_cantidad_hijos',1,NULL,NULL,NULL),(5,NULL,'Empleado Codigo de Situacion',1,NULL,'empleado_cod_situacion',1,NULL,NULL,NULL),(6,NULL,'Empleado Codigo de Condicion',1,NULL,'empleado_cod_condicion',1,NULL,NULL,NULL),(7,NULL,'Empleado Codigo de Actividad',1,NULL,'empleado_cod_actividad',1,NULL,NULL,NULL),(8,NULL,'Empleado Codigo de Zona',1,NULL,'empleado_cod_zona',1,NULL,NULL,NULL),(9,NULL,'Empleado Codigo de Modalidad de Contratacion',1,NULL,'empleado_cod_modalidad_contratacion',1,NULL,NULL,NULL),(10,NULL,'Empleado Codigo de Obra Social',1,NULL,'empleado_cod_obra_social',1,NULL,NULL,NULL),(11,NULL,'Empleado Cantidad de Adherentes',1,NULL,'empleado_cant_adherentes',1,NULL,NULL,NULL),(12,NULL,'Provincia Localidad',1,NULL,'empleado_zona_geografica',1,NULL,NULL,NULL),(13,NULL,'Empleado Codigo de Siniestrado',1,NULL,'empleado_codigo_siniestrado',1,NULL,NULL,NULL),(14,NULL,'Tipo de Empresa',1,NULL,'empleado_tipo_empleador',1,NULL,NULL,NULL),(15,NULL,'Regimen',1,NULL,'empleado_regimen',1,NULL,NULL,NULL),(16,NULL,'Situacion de Revista 1',1,NULL,'empleado_sit_revista_1',1,NULL,NULL,NULL),(17,NULL,'Dia Inicio Situacion de Revista 1',1,NULL,'empleado_dia_sit_revista_1',1,NULL,NULL,NULL),(18,NULL,'Situacion de Revista 2',1,NULL,'empleado_sit_revista_2',1,NULL,NULL,NULL),(19,NULL,'Dia Inicio Situacion de Revista 2',1,NULL,'empleado_dia_sit_revista_2',1,NULL,NULL,NULL),(20,NULL,'Situacion de Revista 3',1,NULL,'empleado_sit_revista_3',1,NULL,NULL,NULL),(21,NULL,'Dia Inicio Situacion de Revista 3',1,NULL,'empleado_dia_sit_revista_3',1,NULL,NULL,NULL),(22,NULL,'Empleado Trabajador Convencionado',1,NULL,'empleado_is_trabajador_cct',1,NULL,NULL,NULL),(23,NULL,'Empleado Horas Trabajadas',1,NULL,'empleado_horas_trabajadas',1,NULL,NULL,NULL),(24,NULL,'Empleado Seguro Colectivo de Vida Obligatorio',1,NULL,'empleado_scvo',1,NULL,NULL,NULL),(25,NULL,'Marcar con 1',1,NULL,'marcar_con_uno',1,NULL,NULL,NULL),(26,NULL,'Marcar con 0',1,NULL,'marcar_con_cero',1,NULL,NULL,NULL),(27,NULL,'Remuneracion 10 LSD',1,NULL,'remun_10_lsd',1,NULL,NULL,NULL),(28,NULL,'Empleado Eventual: Dias Trabajados',1,NULL,'empleado_event_dias_trabajados',1,NULL,NULL,NULL),(29,NULL,'Empleado Eventual: Horas Trabajadas',1,NULL,'empleado_event_hs_trabajadas',1,NULL,NULL,NULL);

--
-- Table structure for table `syj_funciones_valor`
--

CREATE TABLE `syj_funciones_valor` (
  `id` int(10) unsigned NOT NULL AUTO_INCREMENT,
  `user_id` int(10) unsigned DEFAULT NULL,
  `descripcion` varchar(191) COLLATE utf8mb4_unicode_ci NOT NULL,
  `sistema` int(11) NOT NULL,
  `observaciones` text COLLATE utf8mb4_unicode_ci NOT NULL,
  `funcion` text COLLATE utf8mb4_unicode_ci NOT NULL,
  `explicacion` longtext COLLATE utf8mb4_unicode_ci,
  `habilitado` tinyint(1) NOT NULL DEFAULT '1',
  `created_at` timestamp NULL DEFAULT NULL,
  `updated_at` timestamp NULL DEFAULT NULL,
  `deleted_at` timestamp NULL DEFAULT NULL,
  PRIMARY KEY (`id`)
) ENGINE=InnoDB AUTO_INCREMENT=39 DEFAULT CHARSET=utf8mb4 COLLATE=utf8mb4_unicode_ci;

--
-- Dumping data for table `syj_funciones_valor`
--

INSERT INTO `syj_funciones_valor` VALUES (1,NULL,'Nada',1,'Retorna el mismo Valor','nada',NULL,1,'2020-04-07 03:01:59','2020-04-07 03:01:59',NULL),(2,NULL,'Importe Sueldo Anual Complementario',1,'Retorna el importe del SAC en función de la cantidad de días SAC. Si la cantidad de dias es menor a 30, retorna la doceava parte de la mayor remuneración.','importe_sac','return $concepto->valor/360;',1,'2020-04-07 03:01:59','2020-04-07 03:01:59',NULL),(3,NULL,'Doceava parte',1,'Retorna la doceava parte del valor unitario calculado.','doceava_parte','return $concepto->valor / 12;',1,'2020-04-07 03:01:59','2020-04-07 03:01:59',NULL),(4,NULL,'PRV',1,'Cálcula el Premedio de Remuneraciones Variables de los períodos indicados.','prv','return ($concepto->valor/$liq_empleado[\'dias_trabajados_semestre\'])??0;',1,'2020-04-07 03:01:59','2020-04-07 03:01:59',NULL),(5,NULL,'Valor obtenido dividido 30',1,'Al valor obtenido lo divide por 30.','valor_obtenido_dividido_30','return $concepto->valor / 30;',1,'2020-04-07 03:01:59','2020-04-07 03:01:59',NULL),(6,NULL,'Valor obtenido dividido 25',1,'Al valor obtenido lo divide por 25.','valor_obtenido_dividido_25','return $concepto->valor / 25;',1,'2020-04-07 03:01:59','2020-04-07 03:01:59',NULL),(7,NULL,'Reintegro I. Ganancias Renta Cuarta',1,'Calcula el reintegro de impuesto a las ganancias rentas de cuarta categoría Inc. B: Trabajo en relación de dependencia.','FALTAAAAAAAAAAAAAAAAAAAAAAAAAA_DEFINIR',NULL,1,'2020-04-07 03:01:59','2020-04-07 03:01:59',NULL),(8,NULL,'Retención I. Ganancias Renta Cuarta',1,'Calcula la retención de impuesto a las ganancias rentas de cuarta categoría Inc. B: Trabajo en relación de dependencia.','FALTAAAAAAAAAAAAAAAAAAAAAAAAAA_DEFINIR',NULL,1,'2020-04-07 03:01:59','2020-04-07 03:01:59',NULL),(9,NULL,'Buscar en escala importe fijo',1,'Busca el valor unitario en la escala asociada al concepto, y retorna el importe fijo.','buscar_escala_importe_fijo','        $linea = $concepto->escalas\n            ->where(\'desde\',\'<=\',$concepto->valor)\n            ->where(\'hasta\',\'>=\',$concepto->valor)\n            ->first();\n        $result = $linea->fijo;\n\n        return $result;',1,'2020-04-07 03:01:59','2020-04-07 03:01:59',NULL),(10,NULL,'Valor Hora',1,'Valor hora de un empleado se compone: ValorUnitario / cantidad de horas totales definidos en la categoria.','valor_hora','$empleado = SyJEmpleado::find($liq_empleado[\'empleado_id\']);',1,'2020-04-07 03:01:59','2020-04-07 03:01:59',NULL),(11,NULL,'Retención I. Ganancias Renta Cuarta',0,'Calcula la retención de impuesto a las ganancias rentas de cuarta categoría Inc. B: Trabajo en relación de dependencia.','FALTAAAAAAAAAAAAAAAAAAAAAAAAAA_DEFINIR',NULL,1,'2020-04-07 03:01:59','2020-04-07 03:01:59',NULL),(12,NULL,'Minimo no imponible SUSS',1,'Retorna el importe a detraer según Art. 4 Dto 814-01 cargado en los parametros del servicio, proporcionado a las horas de jornada del empleado.','FALTAAAAAAAAAAAAAAAAAAAAAAAAAA_DEFINIR',NULL,1,'2020-04-07 03:01:59','2020-04-07 03:01:59',NULL),(13,NULL,'Valor Horas Extras al 50%',1,'Valor hora extra al 50% de un empleado se compone: ValorUnitario / cantidad de horas totales definidos en la categoria * 1.5.','valor_hora_extra_al_50_porciento','        $empleado = SyJEmpleado::find($liq_empleado[\'empleado_id\']);',1,'2020-04-07 03:01:59','2020-04-07 03:01:59',NULL),(14,NULL,'Valor Horas Extras al 100%',1,'Valor hora extra al 100% de un empleado se compone: ValorUnitario / cantidad de horas totales definidos en la categoria * 2.','valor_hora_extra_al_100_porciento','        $empleado = SyJEmpleado::find($liq_empleado[\'empleado_id\']);',1,'2020-04-07 03:01:59','2020-04-07 03:01:59',NULL),(19,NULL,'Embargo',1,'Calcula la base imponible y el porcentaje del embargo, según el bruto definido y el sueldo mínimo vital y movil configurado en los parámetros del servicio.','FALTAAAAAAAAAAAAAAAAAAAAAAAAAA_DEFINIR',NULL,1,'2020-04-07 03:01:59','2020-04-07 03:01:59',NULL);
INSERT INTO `syj_funciones_valor` VALUES (20,NULL,'Adicional Hora Nocturna',1,'Adicional  de 8 minutos como recargo por alternar horas diurnas/nocturnas.','adicional_hora_nocturna','return $concepto->valor / 60 * 8;',1,'2020-04-07 03:01:59','2020-04-07 03:01:59',NULL),(21,NULL,'Base Imponible OS',1,'Toma el total Remunerativo por la cantidad de Hs Jornada de la categoria dividido la cantidad de Hs de la Jornada del legajo del empleado.','base_imponible_obra_social','        $empleado = SyJEmpleado::find($liq_empleado[\'empleado_id\']);',1,'2020-04-07 03:01:59','2020-04-07 03:01:59',NULL),(22,NULL,'Proporcional a las Horas Trabajadas',1,'Devuelve el valor, proporcional a las horas de jornada del empleado.','proporcional_horas_trabajadas','        $empleado = SyJEmpleado::find($liq_empleado[\'empleado_id\']);',1,'2020-04-07 03:01:59','2020-04-07 03:01:59',NULL),(23,NULL,'Proporcional a dias y horas Trabajadas',1,'Devuelve el valor, proporcional a las horas de jornada del empleado.','proporcional_a_dias_y_horas_trabajadas','        $empleado = SyJEmpleado::find($liq_empleado[\'empleado_id\']);',1,'2020-04-07 03:01:59','2020-04-07 03:01:59',NULL),(25,NULL,'Valor obtenido dividido 360',0,'Al valor obtenido lo divide por 360','valor_obtenido_dividido_360','return $concepto->valor / 360;',1,'2020-04-07 03:01:59','2020-04-07 03:01:59',NULL),(26,NULL,'Embargo Q',0,'Calcula la base imponible y el porcentaje del embargo, según el bruto definido y el sueldo mínimo vital y movil configurado en los parámetros del servicio.','FALTAAAAAAAAAAAAAAAAAAAAAAAAAA_DEFINIR','',1,'2020-04-07 03:01:59','2020-04-07 03:01:59',NULL),(27,NULL,'Valor obtenido dividido 12',0,'Al valor obtenido lo divide por 12.','valor_obtenido_dividido_12','return $concepto->valor / 12;',1,'2020-04-07 03:01:59','2020-04-07 03:01:59',NULL),(28,NULL,'Remuneración Indemnización',1,'Retorna el valor menor entre: el concepto asociado que corresponde a la Remuneración Promedio del Convenio x 3, y la mayor remuneración percibida en los últimos 12 meses.','remuneracion_indemnizacion','return $liq_empleado[\'mayult12\'];',1,NULL,NULL,NULL),(29,NULL,'Por -1',1,'Multiplica al valor por -1','por_menos_1',NULL,1,NULL,NULL,NULL),(30,NULL,'Dividir por Campo Auxiliar de la Funcion',1,'Dividido por Campo Auxiliar de la Funcion','dividir_campo_auxiliar',NULL,1,NULL,NULL,NULL),(31,NULL,'Multiplicar por  Campo Auxiliar de la Funcion',1,'Multiplicar por Campo Auxiliar de la Funcion','multiplicar_campo_auxiliar',NULL,1,NULL,NULL,NULL),(32,NULL,'Sumar por  Campo Auxiliar de la Funcion',1,'Sumar por Campo Auxiliar de la Funcion','sumar_campo_auxiliar',NULL,1,NULL,NULL,NULL),(33,NULL,'restar por  Campo Auxiliar de la Funcion',1,'restar por Campo Auxiliar de la Funcion','restar_campo_auxiliar',NULL,1,NULL,NULL,NULL),(34,NULL,'Busca el Mayor Valor del Semestre dividido 25 de los Conceptos Seleccionados',1,'Busca el Mayor Valor del Semestre dividido 25 de los Conceptos Seleccionados','buscar_mayor_val_semes_div_25_from_concep_asoc',NULL,1,NULL,NULL,NULL),(35,NULL,'Tomar como Tope el campo auxiliar de la funcion',1,'Compara lo que tiene con el campo auxiliar, si mayor, se queda con el valor del campo auxiliar','tope_campo_auxiliar',NULL,1,NULL,NULL,NULL),(36,NULL,'Tomar como Minimo el campo auxiliar de la funcion',1,'Compara el valor que tiene con el campo auxiliar y se queda con el mayor o igual al campo auxiliar','minimo_campo_auxiliar',NULL,1,NULL,NULL,NULL),(37,NULL,'Promedio Hs Extras Camioneros',1,'','promedioHsExtras',NULL,1,NULL,NULL,NULL),(38,NULL,'Liquida Conceptos Asociados',1,'','liquida_los_conceptos_asoc',NULL,1,NULL,NULL,NULL);

--
-- Table structure for table `syj_g4_art90_mensual`
--

CREATE TABLE `syj_g4_art90_mensual` (
  `id` int(10) unsigned NOT NULL AUTO_INCREMENT,
  `user_id` int(10) unsigned DEFAULT NULL,
  `anio` int(10) unsigned NOT NULL,
  `mes` int(10) unsigned NOT NULL,
  `desde` decimal(16,2) NOT NULL DEFAULT '0.00',
  `hasta` decimal(16,2) NOT NULL DEFAULT '0.00',
  `impuesto` decimal(16,2) NOT NULL DEFAULT '0.00',
  `mas_porcentaje` decimal(16,2) NOT NULL DEFAULT '0.00',
  `excedente` decimal(16,2) NOT NULL DEFAULT '0.00',
  `habilitado` tinyint(1) NOT NULL DEFAULT '1',
  `created_at` timestamp NULL DEFAULT NULL,
  `updated_at` timestamp NULL DEFAULT NULL,
  `deleted_at` timestamp NULL DEFAULT NULL,
  PRIMARY KEY (`id`)
) ENGINE=InnoDB AUTO_INCREMENT=961 DEFAULT CHARSET=utf8mb4 COLLATE=utf8mb4_unicode_ci;

--
-- Dumping data for table `syj_g4_art90_mensual`
--

INSERT INTO `syj_g4_art90_mensual` VALUES (1,NULL,2020,1,-9999999.00,0.01,0.00,0.00,0.00,1,NULL,NULL,NULL),(2,NULL,2020,1,0.01,3972.43,0.00,0.05,0.01,1,NULL,NULL,NULL),(3,NULL,2020,1,3972.43,7944.86,198.62,0.09,3972.43,1,NULL,NULL,NULL),(4,NULL,2020,1,7944.86,11917.29,556.14,0.12,7944.86,1,NULL,NULL,NULL),(5,NULL,2020,1,11917.29,15889.72,1032.83,0.15,11917.29,1,NULL,NULL,NULL),(6,NULL,2020,1,15889.72,23834.58,1628.69,0.19,15889.72,1,NULL,NULL,NULL),(7,NULL,2020,1,23834.58,31779.44,3138.21,0.23,23834.58,1,NULL,NULL,NULL),(8,NULL,2020,1,31779.44,47669.16,4965.53,0.27,31779.44,1,NULL,NULL,NULL),(9,NULL,2020,1,47669.16,63558.88,9255.75,0.31,47669.16,1,NULL,NULL,NULL),(10,NULL,2020,1,63558.88,9999999.00,14181.56,0.35,63558.88,1,NULL,NULL,NULL),(11,NULL,2020,2,-9999999.00,0.01,0.00,0.00,0.00,1,NULL,NULL,NULL),(12,NULL,2020,2,0.01,7944.86,0.00,0.05,0.01,1,NULL,NULL,NULL),(13,NULL,2020,2,7944.86,15889.72,397.24,0.09,7944.86,1,NULL,NULL,NULL),(14,NULL,2020,2,15889.72,23834.58,1112.28,0.12,15889.72,1,NULL,NULL,NULL),(15,NULL,2020,2,23834.58,31779.44,2065.66,0.15,23834.58,1,NULL,NULL,NULL),(16,NULL,2020,2,31779.44,47669.16,3257.39,0.19,31779.44,1,NULL,NULL,NULL),(17,NULL,2020,2,47669.16,63558.88,6276.44,0.23,47669.16,1,NULL,NULL,NULL),(18,NULL,2020,2,63558.88,95338.32,9931.08,0.27,63558.88,1,NULL,NULL,NULL),(19,NULL,2020,2,95338.32,127117.76,18511.53,0.31,95338.32,1,NULL,NULL,NULL),(20,NULL,2020,2,127117.76,9999999.00,28363.16,0.35,127117.76,1,NULL,NULL,NULL),(21,NULL,2020,3,-9999999.00,0.01,0.00,0.00,0.00,1,NULL,NULL,NULL),(22,NULL,2020,3,0.01,11917.29,0.00,0.05,0.01,1,NULL,NULL,NULL),(23,NULL,2020,3,11917.29,23834.58,595.86,0.09,11917.29,1,NULL,NULL,NULL),(24,NULL,2020,3,23834.58,35751.87,1668.42,0.12,23834.58,1,NULL,NULL,NULL),(25,NULL,2020,3,35751.87,47669.16,3098.49,0.15,35751.87,1,NULL,NULL,NULL),(26,NULL,2020,3,47669.16,71503.74,4886.08,0.19,47669.16,1,NULL,NULL,NULL),(27,NULL,2020,3,71503.74,95338.32,9414.65,0.23,71503.74,1,NULL,NULL,NULL),(28,NULL,2020,3,95338.32,143007.48,14896.60,0.27,95338.32,1,NULL,NULL,NULL),(29,NULL,2020,3,143007.48,190676.64,27767.27,0.31,143007.48,1,NULL,NULL,NULL),(30,NULL,2020,3,190676.64,9999999.00,42544.71,0.35,190676.64,1,NULL,NULL,NULL),(31,NULL,2020,4,-9999999.00,0.01,0.00,0.00,0.00,1,NULL,NULL,NULL),(32,NULL,2020,4,0.01,15889.72,0.00,0.05,0.01,1,NULL,NULL,NULL),(33,NULL,2020,4,15889.72,31779.44,794.49,0.09,15889.72,1,NULL,NULL,NULL),(34,NULL,2020,4,31779.44,47669.16,2224.56,0.12,31779.44,1,NULL,NULL,NULL),(35,NULL,2020,4,47669.16,63558.88,4131.33,0.15,47669.16,1,NULL,NULL,NULL),(36,NULL,2020,4,63558.88,95338.32,6514.79,0.19,63558.88,1,NULL,NULL,NULL),(37,NULL,2020,4,95338.32,127117.76,12552.88,0.23,95338.32,1,NULL,NULL,NULL),(38,NULL,2020,4,127117.76,190676.64,19862.15,0.27,127117.76,1,NULL,NULL,NULL),(39,NULL,2020,4,190676.64,254235.52,37023.05,0.31,190676.64,1,NULL,NULL,NULL),(40,NULL,2020,4,254235.52,9999999.00,56726.30,0.35,254235.52,1,NULL,NULL,NULL),(41,NULL,2020,5,-9999999.00,0.00,0.00,0.00,0.00,1,NULL,NULL,NULL),(42,NULL,2020,5,0.01,19862.15,0.00,0.05,0.01,1,NULL,NULL,NULL),(43,NULL,2020,5,19862.15,39724.30,993.11,0.09,19862.15,1,NULL,NULL,NULL),(44,NULL,2020,5,39724.30,59586.45,2780.70,0.12,39724.30,1,NULL,NULL,NULL),(45,NULL,2020,5,59586.45,79448.60,5164.16,0.15,59586.45,1,NULL,NULL,NULL),(46,NULL,2020,5,79448.60,119172.90,8143.48,0.19,79448.60,1,NULL,NULL,NULL),(47,NULL,2020,5,119172.90,158897.20,15691.10,0.23,119172.90,1,NULL,NULL,NULL),(48,NULL,2020,5,158897.20,238345.80,24827.69,0.27,158897.20,1,NULL,NULL,NULL),(49,NULL,2020,5,238345.80,317794.40,46278.81,0.31,238345.80,1,NULL,NULL,NULL),(50,NULL,2020,5,317794.40,9999999.00,70907.88,0.35,317794.40,1,NULL,NULL,NULL),(51,NULL,2020,6,-9999999.00,0.00,0.00,0.00,0.00,1,NULL,NULL,NULL),(52,NULL,2020,6,0.01,23834.58,0.00,0.05,0.01,1,NULL,NULL,NULL),(53,NULL,2020,6,23834.58,47669.16,1191.73,0.09,23834.58,1,NULL,NULL,NULL),(54,NULL,2020,6,47669.16,71503.74,3336.84,0.12,47669.16,1,NULL,NULL,NULL),(55,NULL,2020,6,71503.74,95338.33,6196.99,0.15,71503.74,1,NULL,NULL,NULL);
INSERT INTO `syj_g4_art90_mensual` VALUES (56,NULL,2020,6,95338.33,143007.48,9772.18,0.19,95338.33,1,NULL,NULL,NULL),(57,NULL,2020,6,143007.48,190676.64,18829.32,0.23,143007.48,1,NULL,NULL,NULL),(58,NULL,2020,6,190676.64,286014.96,29793.23,0.27,190676.64,1,NULL,NULL,NULL),(59,NULL,2020,6,286014.96,381353.29,55534.58,0.31,286014.96,1,NULL,NULL,NULL),(60,NULL,2020,6,381353.29,9999999.00,85089.46,0.35,381353.29,1,NULL,NULL,NULL),(61,NULL,2020,7,-9999999.00,0.00,0.00,0.00,0.00,1,NULL,NULL,NULL),(62,NULL,2020,7,0.01,27807.01,0.00,0.05,0.01,1,NULL,NULL,NULL),(63,NULL,2020,7,27807.01,55614.02,1390.35,0.09,27807.01,1,NULL,NULL,NULL),(64,NULL,2020,7,55614.02,83421.03,3892.98,0.12,55614.02,1,NULL,NULL,NULL),(65,NULL,2020,7,83421.03,111228.05,7229.82,0.15,83421.03,1,NULL,NULL,NULL),(66,NULL,2020,7,111228.05,166842.06,11400.87,0.19,111228.05,1,NULL,NULL,NULL),(67,NULL,2020,7,166842.06,222456.08,21967.53,0.23,166842.06,1,NULL,NULL,NULL),(68,NULL,2020,7,222456.08,333684.12,34758.75,0.27,222456.08,1,NULL,NULL,NULL),(69,NULL,2020,7,333684.12,444912.17,64790.32,0.31,333684.12,1,NULL,NULL,NULL),(70,NULL,2020,7,444912.17,9999999.00,99271.02,0.35,444912.17,1,NULL,NULL,NULL),(71,NULL,2020,8,-9999999.00,0.00,0.00,0.00,0.00,1,NULL,NULL,NULL),(72,NULL,2020,8,0.01,31779.44,0.00,0.05,0.01,1,NULL,NULL,NULL),(73,NULL,2020,8,31779.44,63558.88,1588.97,0.09,31779.44,1,NULL,NULL,NULL),(74,NULL,2020,8,63558.88,95338.32,4449.12,0.12,63558.88,1,NULL,NULL,NULL),(75,NULL,2020,8,95338.32,127117.77,8262.65,0.15,95338.32,1,NULL,NULL,NULL),(76,NULL,2020,8,127117.77,190676.64,13029.57,0.19,127117.77,1,NULL,NULL,NULL),(77,NULL,2020,8,190676.64,254235.52,25105.76,0.23,190676.64,1,NULL,NULL,NULL),(78,NULL,2020,8,254235.52,381353.28,39724.30,0.27,254235.52,1,NULL,NULL,NULL),(79,NULL,2020,8,381353.28,508471.05,74046.10,0.31,381353.28,1,NULL,NULL,NULL),(80,NULL,2020,8,508471.05,9999999.00,113452.61,0.35,508471.05,1,NULL,NULL,NULL),(81,NULL,2020,9,-9999999.00,0.00,0.00,0.00,0.00,1,NULL,NULL,NULL),(82,NULL,2020,9,0.01,35751.87,0.00,0.05,0.01,1,NULL,NULL,NULL),(83,NULL,2020,9,35751.87,71503.74,1787.59,0.09,35751.87,1,NULL,NULL,NULL),(84,NULL,2020,9,71503.74,107255.61,5005.26,0.12,71503.74,1,NULL,NULL,NULL),(85,NULL,2020,9,107255.61,143007.49,9295.48,0.15,107255.61,1,NULL,NULL,NULL),(86,NULL,2020,9,143007.49,214511.22,14658.26,0.19,143007.49,1,NULL,NULL,NULL),(87,NULL,2020,9,214511.22,286014.96,28243.97,0.23,214511.22,1,NULL,NULL,NULL),(88,NULL,2020,9,286014.96,429022.44,44689.83,0.27,286014.96,1,NULL,NULL,NULL),(89,NULL,2020,9,429022.44,572029.93,83301.85,0.31,429022.44,1,NULL,NULL,NULL),(90,NULL,2020,9,572029.93,9999999.00,127634.17,0.35,572029.93,1,NULL,NULL,NULL),(91,NULL,2020,10,-9999999.00,0.00,0.00,0.00,0.00,1,NULL,NULL,NULL),(92,NULL,2020,10,0.01,39724.30,0.00,0.05,0.01,1,NULL,NULL,NULL),(93,NULL,2020,10,39724.30,79448.60,1986.21,0.09,39724.30,1,NULL,NULL,NULL),(94,NULL,2020,10,79448.60,119172.90,5561.40,0.12,79448.60,1,NULL,NULL,NULL),(95,NULL,2020,10,119172.90,158897.21,10328.32,0.15,119172.90,1,NULL,NULL,NULL),(96,NULL,2020,10,158897.21,238345.80,16286.97,0.19,158897.21,1,NULL,NULL,NULL),(97,NULL,2020,10,238345.80,317794.40,31382.20,0.23,238345.80,1,NULL,NULL,NULL),(98,NULL,2020,10,317794.40,476691.60,49655.38,0.27,317794.40,1,NULL,NULL,NULL),(99,NULL,2020,10,476691.60,635588.81,92557.62,0.31,476691.60,1,NULL,NULL,NULL),(100,NULL,2020,10,635588.81,9999999.00,141815.76,0.35,635588.81,1,NULL,NULL,NULL),(101,NULL,2020,11,-9999999.00,0.00,0.00,0.00,0.00,1,NULL,NULL,NULL),(102,NULL,2020,11,0.01,43696.73,0.00,0.05,0.01,1,NULL,NULL,NULL),(103,NULL,2020,11,43696.73,87393.46,2184.84,0.09,43696.73,1,NULL,NULL,NULL),(104,NULL,2020,11,87393.46,131090.19,6117.55,0.12,87393.46,1,NULL,NULL,NULL),(105,NULL,2020,11,131090.19,174786.93,11361.16,0.15,131090.19,1,NULL,NULL,NULL),(106,NULL,2020,11,174786.93,262180.38,17915.67,0.19,174786.93,1,NULL,NULL,NULL),(107,NULL,2020,11,262180.38,349573.84,34520.43,0.23,262180.38,1,NULL,NULL,NULL),(108,NULL,2020,11,349573.84,524360.76,54620.93,0.27,349573.84,1,NULL,NULL,NULL);
INSERT INTO `syj_g4_art90_mensual` VALUES (109,NULL,2020,11,524360.76,699147.69,101813.40,0.31,524360.76,1,NULL,NULL,NULL),(110,NULL,2020,11,699147.69,9999999.00,155997.35,0.35,699147.69,1,NULL,NULL,NULL),(111,NULL,2020,12,-9999999.00,0.00,0.00,0.00,0.00,1,NULL,NULL,NULL),(112,NULL,2020,12,0.01,47669.16,0.00,0.05,0.01,1,NULL,NULL,NULL),(113,NULL,2020,12,47669.16,95338.32,2383.46,0.09,47669.16,1,NULL,NULL,NULL),(114,NULL,2020,12,95338.32,143007.48,6673.68,0.12,95338.32,1,NULL,NULL,NULL),(115,NULL,2020,12,143007.48,190676.65,12393.98,0.15,143007.48,1,NULL,NULL,NULL),(116,NULL,2020,12,190676.65,286014.96,19544.36,0.19,190676.65,1,NULL,NULL,NULL),(117,NULL,2020,12,286014.96,381353.28,37658.64,0.23,286014.96,1,NULL,NULL,NULL),(118,NULL,2020,12,381353.28,572029.92,59586.45,0.27,381353.28,1,NULL,NULL,NULL),(119,NULL,2020,12,572029.92,762706.57,111069.14,0.31,572029.92,1,NULL,NULL,NULL),(120,NULL,2020,12,762706.57,9999999.00,170178.90,0.35,762706.57,1,NULL,NULL,NULL),(121,NULL,2021,1,-9999999.00,0.01,0.00,0.00,0.00,1,NULL,NULL,NULL),(122,NULL,2021,1,0.01,5377.72,0.00,0.05,0.01,1,NULL,NULL,NULL),(123,NULL,2021,1,5377.72,10755.44,268.89,0.09,5377.72,1,NULL,NULL,NULL),(124,NULL,2021,1,10755.44,16133.16,752.88,0.12,10755.44,1,NULL,NULL,NULL),(125,NULL,2021,1,16133.16,21510.88,1398.21,0.15,16133.16,1,NULL,NULL,NULL),(126,NULL,2021,1,21510.88,32266.32,2204.87,0.19,21510.88,1,NULL,NULL,NULL),(127,NULL,2021,1,32266.32,43021.76,4248.40,0.23,32266.32,1,NULL,NULL,NULL),(128,NULL,2021,1,43021.76,64532.64,6722.15,0.27,43021.76,1,NULL,NULL,NULL),(129,NULL,2021,1,64532.64,86043.53,12530.09,0.31,64532.64,1,NULL,NULL,NULL),(130,NULL,2021,1,86043.53,9999999.00,19198.47,0.35,86043.53,1,NULL,NULL,NULL),(131,NULL,2021,2,-9999999.00,0.01,0.00,0.00,0.00,1,NULL,NULL,NULL),(132,NULL,2021,2,0.01,10755.44,0.00,0.05,0.01,1,NULL,NULL,NULL),(133,NULL,2021,2,10755.44,21510.88,537.77,0.09,10755.44,1,NULL,NULL,NULL),(134,NULL,2021,2,21510.88,32266.32,1505.76,0.12,21510.88,1,NULL,NULL,NULL),(135,NULL,2021,2,32266.32,43021.76,2796.41,0.15,32266.32,1,NULL,NULL,NULL),(136,NULL,2021,2,43021.76,64532.64,4409.73,0.19,43021.76,1,NULL,NULL,NULL),(137,NULL,2021,2,64532.64,86043.52,8496.80,0.23,64532.64,1,NULL,NULL,NULL),(138,NULL,2021,2,86043.52,129065.29,13444.30,0.27,86043.52,1,NULL,NULL,NULL),(139,NULL,2021,2,129065.29,172087.05,25060.18,0.31,129065.29,1,NULL,NULL,NULL),(140,NULL,2021,2,172087.05,9999999.00,38396.93,0.35,172087.05,1,NULL,NULL,NULL),(141,NULL,2021,3,-9999999.00,0.01,0.00,0.00,0.00,1,NULL,NULL,NULL),(142,NULL,2021,3,0.01,16133.16,0.00,0.05,0.01,1,NULL,NULL,NULL),(143,NULL,2021,3,16133.16,32266.32,806.66,0.09,16133.16,1,NULL,NULL,NULL),(144,NULL,2021,3,32266.32,48399.48,2258.64,0.12,32266.32,1,NULL,NULL,NULL),(145,NULL,2021,3,48399.48,64532.65,4194.62,0.15,48399.48,1,NULL,NULL,NULL),(146,NULL,2021,3,64532.65,94798.97,6614.60,0.19,64532.65,1,NULL,NULL,NULL),(147,NULL,2021,3,94798.97,129065.29,12745.20,0.23,94798.97,1,NULL,NULL,NULL),(148,NULL,2021,3,129065.29,193597.93,20166.45,0.27,129065.29,1,NULL,NULL,NULL),(149,NULL,2021,3,193597.93,258130.58,37590.26,0.31,193597.93,1,NULL,NULL,NULL),(150,NULL,2021,3,258130.58,9999999.00,57595.38,0.35,258130.58,1,NULL,NULL,NULL),(151,NULL,2021,4,-9999999.00,0.01,0.00,0.00,0.00,1,NULL,NULL,NULL),(152,NULL,2021,4,0.01,21510.88,0.00,0.05,0.01,1,NULL,NULL,NULL),(153,NULL,2021,4,21510.88,43021.76,1075.54,0.09,21510.88,1,NULL,NULL,NULL),(154,NULL,2021,4,43021.76,64532.64,3011.52,0.12,43021.76,1,NULL,NULL,NULL),(155,NULL,2021,4,64532.64,86043.53,5592.83,0.15,64532.64,1,NULL,NULL,NULL),(156,NULL,2021,4,86043.53,129065.29,8819.46,0.19,86043.53,1,NULL,NULL,NULL),(157,NULL,2021,4,129065.29,172087.05,16993.59,0.23,129065.29,1,NULL,NULL,NULL),(158,NULL,2021,4,172087.05,258130.57,26888.59,0.27,172087.05,1,NULL,NULL,NULL),(159,NULL,2021,4,258130.57,344174.10,50120.34,0.31,258130.57,1,NULL,NULL,NULL),(160,NULL,2021,4,344174.10,9999999.00,76793.83,0.35,344174.10,1,NULL,NULL,NULL),(161,NULL,2021,5,-9999999.00,0.00,0.00,0.00,0.00,1,NULL,NULL,NULL);
INSERT INTO `syj_g4_art90_mensual` VALUES (162,NULL,2021,5,0.01,26888.60,0.00,0.05,0.01,1,NULL,NULL,NULL),(163,NULL,2021,5,26888.60,53777.20,1344.43,0.09,26888.60,1,NULL,NULL,NULL),(164,NULL,2021,5,53777.20,80665.80,3764.40,0.12,53777.20,1,NULL,NULL,NULL),(165,NULL,2021,5,80665.80,107554.41,6991.03,0.15,80665.80,1,NULL,NULL,NULL),(166,NULL,2021,5,107554.41,161331.61,11024.32,0.19,107554.41,1,NULL,NULL,NULL),(167,NULL,2021,5,161331.61,215108.81,21241.99,0.23,161331.61,1,NULL,NULL,NULL),(168,NULL,2021,5,215108.81,322663.21,33610.75,0.27,215108.81,1,NULL,NULL,NULL),(169,NULL,2021,5,322663.21,430217.63,62650.44,0.31,322663.21,1,NULL,NULL,NULL),(170,NULL,2021,5,430217.63,9999999.00,95992.31,0.35,430217.63,1,NULL,NULL,NULL),(171,NULL,2021,6,-9999999.00,0.00,0.00,0.00,0.00,1,NULL,NULL,NULL),(172,NULL,2021,6,0.01,32266.32,0.00,0.05,0.01,1,NULL,NULL,NULL),(173,NULL,2021,6,32266.32,64532.65,1613.32,0.09,32266.32,1,NULL,NULL,NULL),(174,NULL,2021,6,64532.65,96798.97,4517.29,0.12,64532.65,1,NULL,NULL,NULL),(175,NULL,2021,6,96798.97,129065.29,8389.25,0.15,96798.97,1,NULL,NULL,NULL),(176,NULL,2021,6,129065.29,193597.93,13229.20,0.19,129065.29,1,NULL,NULL,NULL),(177,NULL,2021,6,193597.93,258130.57,25490.40,0.23,193597.93,1,NULL,NULL,NULL),(178,NULL,2021,6,258130.57,387195.86,40332.91,0.27,258130.57,1,NULL,NULL,NULL),(179,NULL,2021,6,387195.86,516261.15,75180.54,0.31,387195.86,1,NULL,NULL,NULL),(180,NULL,2021,6,516261.15,9999999.00,115190.78,0.35,516261.15,1,NULL,NULL,NULL),(181,NULL,2021,7,-9999999.00,0.00,0.00,0.00,0.00,1,NULL,NULL,NULL),(182,NULL,2021,7,0.01,37644.04,0.00,0.05,0.01,1,NULL,NULL,NULL),(183,NULL,2021,7,37644.04,75288.09,1882.20,0.09,37644.04,1,NULL,NULL,NULL),(184,NULL,2021,7,75288.09,112932.13,5270.16,0.12,75288.09,1,NULL,NULL,NULL),(185,NULL,2021,7,112932.13,150576.17,9787.44,0.15,112932.13,1,NULL,NULL,NULL),(186,NULL,2021,7,150576.17,225864.25,15434.05,0.19,150576.17,1,NULL,NULL,NULL),(187,NULL,2021,7,225864.25,301152.33,29738.79,0.23,225864.25,1,NULL,NULL,NULL),(188,NULL,2021,7,301152.33,451728.50,47055.05,0.27,301152.33,1,NULL,NULL,NULL),(189,NULL,2021,7,451728.50,602304.68,87710.62,0.31,451728.50,1,NULL,NULL,NULL),(190,NULL,2021,7,602304.68,9999999.00,134389.24,0.35,602304.68,1,NULL,NULL,NULL),(191,NULL,2021,8,-9999999.00,0.00,0.00,0.00,0.00,1,NULL,NULL,NULL),(192,NULL,2021,8,0.01,43021.76,0.00,0.05,0.01,1,NULL,NULL,NULL),(193,NULL,2021,8,43021.76,86043.53,2151.09,0.09,43021.76,1,NULL,NULL,NULL),(194,NULL,2021,8,86043.53,129065.29,6023.05,0.12,86043.53,1,NULL,NULL,NULL),(195,NULL,2021,8,129065.29,172087.05,11185.66,0.15,129065.29,1,NULL,NULL,NULL),(196,NULL,2021,8,172087.05,258130.57,17638.92,0.19,172087.05,1,NULL,NULL,NULL),(197,NULL,2021,8,258130.57,344174.09,33987.19,0.23,258130.57,1,NULL,NULL,NULL),(198,NULL,2021,8,344174.09,516261.14,53777.20,0.27,344174.09,1,NULL,NULL,NULL),(199,NULL,2021,8,516261.14,688348.20,100240.70,0.31,516261.14,1,NULL,NULL,NULL),(200,NULL,2021,8,688348.20,9999999.00,153587.69,0.35,688348.20,1,NULL,NULL,NULL),(201,NULL,2021,9,-9999999.00,0.00,0.00,0.00,0.00,1,NULL,NULL,NULL),(202,NULL,2021,9,0.01,48399.48,0.00,0.05,0.01,1,NULL,NULL,NULL),(203,NULL,2021,9,48399.48,96798.97,2419.97,0.09,48399.48,1,NULL,NULL,NULL),(204,NULL,2021,9,96798.97,145198.45,6775.92,0.12,96798.97,1,NULL,NULL,NULL),(205,NULL,2021,9,145198.45,193597.94,12583.86,0.15,145198.45,1,NULL,NULL,NULL),(206,NULL,2021,9,193597.94,290396.90,19843.78,0.19,193597.94,1,NULL,NULL,NULL),(207,NULL,2021,9,290396.90,387195.86,38235.58,0.23,290396.90,1,NULL,NULL,NULL),(208,NULL,2021,9,387195.86,580793.78,60499.34,0.27,387195.86,1,NULL,NULL,NULL),(209,NULL,2021,9,580793.78,774391.73,112770.78,0.31,580793.78,1,NULL,NULL,NULL),(210,NULL,2021,9,774391.73,9999999.00,172786.14,0.35,774391.73,1,NULL,NULL,NULL),(211,NULL,2021,10,-9999999.00,0.00,0.00,0.00,0.00,1,NULL,NULL,NULL),(212,NULL,2021,10,0.01,53777.20,0.00,0.05,0.01,1,NULL,NULL,NULL),(213,NULL,2021,10,53777.20,107554.41,2688.86,0.09,53777.20,1,NULL,NULL,NULL);
INSERT INTO `syj_g4_art90_mensual` VALUES (214,NULL,2021,10,107554.41,161331.61,7528.81,0.12,107554.41,1,NULL,NULL,NULL),(215,NULL,2021,10,161331.61,215108.82,13982.07,0.15,161331.61,1,NULL,NULL,NULL),(216,NULL,2021,10,215108.82,322663.22,22048.65,0.19,215108.82,1,NULL,NULL,NULL),(217,NULL,2021,10,322663.22,430217.62,42483.99,0.23,322663.22,1,NULL,NULL,NULL),(218,NULL,2021,10,430217.62,645326.43,67221.50,0.27,430217.62,1,NULL,NULL,NULL),(219,NULL,2021,10,645326.43,860435.25,125300.88,0.31,645326.43,1,NULL,NULL,NULL),(220,NULL,2021,10,860435.25,9999999.00,191984.61,0.35,860435.25,1,NULL,NULL,NULL),(221,NULL,2021,11,-9999999.00,0.00,0.00,0.00,0.00,1,NULL,NULL,NULL),(222,NULL,2021,11,0.01,59154.92,0.00,0.05,0.01,1,NULL,NULL,NULL),(223,NULL,2021,11,59154.92,118309.85,2957.75,0.09,59154.92,1,NULL,NULL,NULL),(224,NULL,2021,11,118309.85,177464.77,8281.69,0.12,118309.85,1,NULL,NULL,NULL),(225,NULL,2021,11,177464.77,236619.70,15380.28,0.15,177464.77,1,NULL,NULL,NULL),(226,NULL,2021,11,236619.70,354929.54,24253.52,0.19,236619.70,1,NULL,NULL,NULL),(227,NULL,2021,11,354929.54,473239.38,46732.39,0.23,354929.54,1,NULL,NULL,NULL),(228,NULL,2021,11,473239.38,709859.07,73943.65,0.27,473239.38,1,NULL,NULL,NULL),(229,NULL,2021,11,709859.07,946478.78,137830.97,0.31,709859.07,1,NULL,NULL,NULL),(230,NULL,2021,11,946478.78,9999999.00,211183.08,0.35,946478.78,1,NULL,NULL,NULL),(231,NULL,2021,12,-9999999.00,0.00,0.00,0.00,0.00,1,NULL,NULL,NULL),(232,NULL,2021,12,0.01,64532.64,0.00,0.05,0.01,1,NULL,NULL,NULL),(233,NULL,2021,12,64532.64,129065.29,3226.63,0.09,64532.64,1,NULL,NULL,NULL),(234,NULL,2021,12,129065.29,193597.93,9034.57,0.12,129065.29,1,NULL,NULL,NULL),(235,NULL,2021,12,193597.93,258130.58,16778.49,0.15,193597.93,1,NULL,NULL,NULL),(236,NULL,2021,12,258130.58,387195.86,26458.39,0.19,258130.58,1,NULL,NULL,NULL),(237,NULL,2021,12,387195.86,516261.14,50980.79,0.23,387195.86,1,NULL,NULL,NULL),(238,NULL,2021,12,516261.14,774391.71,80665.80,0.27,516261.14,1,NULL,NULL,NULL),(239,NULL,2021,12,774391.71,1032522.30,150361.06,0.31,774391.71,1,NULL,NULL,NULL),(240,NULL,2021,12,1032522.30,9999999.00,230381.54,0.35,1032522.30,1,NULL,NULL,NULL),(241,NULL,2022,1,-9999999.00,0.01,0.00,0.00,0.00,1,NULL,NULL,NULL),(242,NULL,2022,1,0.01,8100.17,0.00,0.05,0.01,1,NULL,NULL,NULL),(243,NULL,2022,1,8100.17,16200.33,268.89,0.09,8100.17,1,NULL,NULL,NULL),(244,NULL,2022,1,16200.33,24300.50,1134.02,0.12,16200.33,1,NULL,NULL,NULL),(245,NULL,2022,1,24300.50,32400.67,2106.04,0.15,24300.50,1,NULL,NULL,NULL),(246,NULL,2022,1,32400.67,48601.00,3321.07,0.19,32400.67,1,NULL,NULL,NULL),(247,NULL,2022,1,48601.00,64801.34,6399.13,0.23,48601.00,1,NULL,NULL,NULL),(248,NULL,2022,1,64801.34,97202.00,10125.21,0.27,64801.34,1,NULL,NULL,NULL),(249,NULL,2022,1,97202.00,129602.67,18873.39,0.31,97202.00,1,NULL,NULL,NULL),(250,NULL,2022,1,129602.67,9999999.00,28917.60,0.35,129602.67,1,NULL,NULL,NULL),(251,NULL,2022,2,-9999999.00,0.01,0.00,0.00,0.00,1,NULL,NULL,NULL),(252,NULL,2022,2,0.01,16200.33,0.00,0.05,0.01,1,NULL,NULL,NULL),(253,NULL,2022,2,16200.33,32400.66,810.01,0.09,16200.33,1,NULL,NULL,NULL),(254,NULL,2022,2,32400.66,48601.00,2268.04,0.12,32400.66,1,NULL,NULL,NULL),(255,NULL,2022,2,48601.00,64801.33,4212.08,0.15,48601.00,1,NULL,NULL,NULL),(256,NULL,2022,2,64801.33,97202.00,6642.13,0.19,64801.33,1,NULL,NULL,NULL),(257,NULL,2022,2,97202.00,129602.67,12798.26,0.23,97202.00,1,NULL,NULL,NULL),(258,NULL,2022,2,129602.67,194404.00,20250.41,0.27,129602.67,1,NULL,NULL,NULL),(259,NULL,2022,2,194404.00,259205.34,37746.77,0.31,194404.00,1,NULL,NULL,NULL),(260,NULL,2022,2,259205.34,9999999.00,57835.19,0.35,259205.34,1,NULL,NULL,NULL),(261,NULL,2022,3,-9999999.00,0.01,0.00,0.00,0.00,1,NULL,NULL,NULL),(262,NULL,2022,3,0.01,24300.49,0.00,0.05,0.01,1,NULL,NULL,NULL),(263,NULL,2022,3,24300.49,48601.00,1215.02,0.09,24300.49,1,NULL,NULL,NULL),(264,NULL,2022,3,48601.00,72901.50,3402.07,0.12,48601.00,1,NULL,NULL,NULL),(265,NULL,2022,3,72901.50,97202.00,6318.13,0.15,72901.50,1,NULL,NULL,NULL);
INSERT INTO `syj_g4_art90_mensual` VALUES (266,NULL,2022,3,97202.00,145803.00,9963.20,0.19,97202.00,1,NULL,NULL,NULL),(267,NULL,2022,3,145803.00,194404.00,19197.39,0.23,145803.00,1,NULL,NULL,NULL),(268,NULL,2022,3,194404.00,291606.00,30375.62,0.27,194404.00,1,NULL,NULL,NULL),(269,NULL,2022,3,291606.00,388808.01,56620.16,0.31,291606.00,1,NULL,NULL,NULL),(270,NULL,2022,3,388808.01,9999999.00,86752.78,0.35,388808.01,1,NULL,NULL,NULL),(271,NULL,2022,4,-9999999.00,0.01,0.00,0.00,0.00,1,NULL,NULL,NULL),(272,NULL,2022,4,0.01,32400.66,0.00,0.05,0.01,1,NULL,NULL,NULL),(273,NULL,2022,4,32400.66,64801.33,1620.03,0.09,32400.66,1,NULL,NULL,NULL),(274,NULL,2022,4,64801.33,97202.00,4536.09,0.12,64801.33,1,NULL,NULL,NULL),(275,NULL,2022,4,97202.00,129602.67,8424.17,0.15,97202.00,1,NULL,NULL,NULL),(276,NULL,2022,4,129602.67,194404.00,13284.27,0.19,129602.67,1,NULL,NULL,NULL),(277,NULL,2022,4,194404.00,259205.34,25596.53,0.23,194404.00,1,NULL,NULL,NULL),(278,NULL,2022,4,259205.34,388808.01,40500.83,0.27,259205.34,1,NULL,NULL,NULL),(279,NULL,2022,4,388808.01,518410.69,75493.55,0.31,388808.01,1,NULL,NULL,NULL),(280,NULL,2022,4,518410.69,9999999.00,115670.38,0.35,518410.69,1,NULL,NULL,NULL),(281,NULL,2022,5,-9999999.00,0.01,0.00,0.00,0.00,1,NULL,NULL,NULL),(282,NULL,2022,5,0.01,40500.83,0.00,0.05,0.01,1,NULL,NULL,NULL),(283,NULL,2022,5,40500.83,81001.67,2025.04,0.09,40500.82,1,NULL,NULL,NULL),(284,NULL,2022,5,81001.67,121502.50,5670.12,0.12,81001.67,1,NULL,NULL,NULL),(285,NULL,2022,5,121502.50,162003.34,10530.21,0.15,121502.50,1,NULL,NULL,NULL),(286,NULL,2022,5,162003.34,243005.00,16605.34,0.19,162003.34,1,NULL,NULL,NULL),(287,NULL,2022,5,243005.00,324006.67,31995.66,0.23,243005.00,1,NULL,NULL,NULL),(288,NULL,2022,5,324006.67,486010.01,50626.03,0.27,324006.67,1,NULL,NULL,NULL),(289,NULL,2022,5,486010.01,648013.36,94366.94,0.31,486010.01,1,NULL,NULL,NULL),(290,NULL,2022,5,648013.36,9999999.00,144587.97,0.35,648013.36,1,NULL,NULL,NULL),(291,NULL,2022,6,-9999999.00,0.01,0.00,0.00,0.00,1,NULL,NULL,NULL),(292,NULL,2022,6,0.01,48600.99,0.00,0.05,0.01,1,NULL,NULL,NULL),(293,NULL,2022,6,48600.99,97202.00,2430.05,0.09,48600.99,1,NULL,NULL,NULL),(294,NULL,2022,6,97202.00,145803.00,6804.14,0.12,97202.00,1,NULL,NULL,NULL),(295,NULL,2022,6,145803.00,194404.01,12636.26,0.15,145803.00,1,NULL,NULL,NULL),(296,NULL,2022,6,194404.01,291606.01,19926.41,0.19,194404.01,1,NULL,NULL,NULL),(297,NULL,2022,6,291606.01,388808.01,38394.79,0.23,291606.01,1,NULL,NULL,NULL),(298,NULL,2022,6,388808.01,583212.01,60751.24,0.27,388808.01,1,NULL,NULL,NULL),(299,NULL,2022,6,583212.01,777616.03,113240.33,0.31,583212.01,1,NULL,NULL,NULL),(300,NULL,2022,6,777616.03,9999999.00,173505.57,0.35,777616.03,1,NULL,NULL,NULL),(301,NULL,2022,7,-9999999.00,0.01,0.00,0.00,0.00,1,NULL,NULL,NULL),(302,NULL,2022,7,0.01,56701.16,0.00,0.05,0.01,1,NULL,NULL,NULL),(303,NULL,2022,7,56701.16,113402.33,2835.05,0.09,56701.16,1,NULL,NULL,NULL),(304,NULL,2022,7,113402.33,170103.50,7938.16,0.12,113402.33,1,NULL,NULL,NULL),(305,NULL,2022,7,170103.50,226804.67,14742.30,0.15,170103.50,1,NULL,NULL,NULL),(306,NULL,2022,7,226804.67,340207.01,23247.47,0.19,226804.67,1,NULL,NULL,NULL),(307,NULL,2022,7,340207.01,453609.34,44793.92,0.23,340207.01,1,NULL,NULL,NULL),(308,NULL,2022,7,453609.34,680414.01,70876.45,0.27,453609.34,1,NULL,NULL,NULL),(309,NULL,2022,7,680414.01,907218.70,132113.72,0.31,680414.01,1,NULL,NULL,NULL),(310,NULL,2022,7,907218.70,9999999.00,202423.17,0.35,907218.70,1,NULL,NULL,NULL),(311,NULL,2022,8,-9999999.00,0.01,0.00,0.00,0.00,1,NULL,NULL,NULL),(312,NULL,2022,8,0.01,64801.32,0.00,0.05,0.01,1,NULL,NULL,NULL),(313,NULL,2022,8,64801.32,129602.67,3240.06,0.09,64801.32,1,NULL,NULL,NULL),(314,NULL,2022,8,129602.67,194404.00,9072.19,0.12,129602.67,1,NULL,NULL,NULL),(315,NULL,2022,8,194404.00,259205.34,16848.34,0.15,194404.00,1,NULL,NULL,NULL),(316,NULL,2022,8,259205.34,388808.01,26568.54,0.19,259205.34,1,NULL,NULL,NULL),(317,NULL,2022,8,388808.01,518410.68,51193.06,0.23,388808.01,1,NULL,NULL,NULL);
INSERT INTO `syj_g4_art90_mensual` VALUES (318,NULL,2022,8,518410.68,777616.02,81001.66,0.27,518410.68,1,NULL,NULL,NULL),(319,NULL,2022,8,777616.02,1036821.38,150987.11,0.31,777616.02,1,NULL,NULL,NULL),(320,NULL,2022,8,1036821.38,9999999.00,231340.76,0.35,1036821.38,1,NULL,NULL,NULL),(321,NULL,2022,9,-9999999.00,0.01,0.00,0.00,0.00,1,NULL,NULL,NULL),(322,NULL,2022,9,0.01,72901.49,0.00,0.05,0.01,1,NULL,NULL,NULL),(323,NULL,2022,9,72901.49,145803.00,3645.07,0.09,72901.49,1,NULL,NULL,NULL),(324,NULL,2022,9,145803.00,218704.50,10206.21,0.12,145803.00,1,NULL,NULL,NULL),(325,NULL,2022,9,218704.50,291606.01,18954.39,0.15,218704.50,1,NULL,NULL,NULL),(326,NULL,2022,9,291606.01,437409.01,29889.61,0.19,291606.01,1,NULL,NULL,NULL),(327,NULL,2022,9,437409.01,583212.01,57592.19,0.23,437409.01,1,NULL,NULL,NULL),(328,NULL,2022,9,583212.01,874818.02,91126.86,0.27,583212.01,1,NULL,NULL,NULL),(329,NULL,2022,9,874818.02,1166424.05,169860.50,0.31,874818.02,1,NULL,NULL,NULL),(330,NULL,2022,9,1166424.05,9999999.00,260258.36,0.35,1166424.05,1,NULL,NULL,NULL),(331,NULL,2022,10,-9999999.00,0.01,0.00,0.00,0.00,1,NULL,NULL,NULL),(332,NULL,2022,10,0.01,81001.65,0.00,0.05,0.01,1,NULL,NULL,NULL),(333,NULL,2022,10,81001.65,162003.34,4050.08,0.09,81001.65,1,NULL,NULL,NULL),(334,NULL,2022,10,162003.34,243005.00,11340.24,0.12,162003.34,1,NULL,NULL,NULL),(335,NULL,2022,10,243005.00,324006.68,21060.43,0.15,243005.00,1,NULL,NULL,NULL),(336,NULL,2022,10,324006.68,486010.01,33210.68,0.19,324006.68,1,NULL,NULL,NULL),(337,NULL,2022,10,486010.01,648013.35,63991.32,0.23,486010.01,1,NULL,NULL,NULL),(338,NULL,2022,10,648013.35,972020.02,101252.07,0.27,648013.35,1,NULL,NULL,NULL),(339,NULL,2022,10,972020.02,1296026.72,188733.89,0.31,972020.02,1,NULL,NULL,NULL),(340,NULL,2022,10,1296026.72,9999999.00,289175.95,0.35,1296026.72,1,NULL,NULL,NULL),(341,NULL,2022,11,-9999999.00,0.01,0.00,0.00,0.00,1,NULL,NULL,NULL),(342,NULL,2022,11,0.01,89101.82,0.00,0.05,0.01,1,NULL,NULL,NULL),(343,NULL,2022,11,89101.82,178203.67,4455.09,0.09,89101.82,1,NULL,NULL,NULL),(344,NULL,2022,11,178203.67,267305.50,12474.26,0.12,178203.67,1,NULL,NULL,NULL),(345,NULL,2022,11,267305.50,356407.35,23166.47,0.15,267305.50,1,NULL,NULL,NULL),(346,NULL,2022,11,356407.35,534611.01,36531.75,0.19,356407.35,1,NULL,NULL,NULL),(347,NULL,2022,11,534611.01,712814.68,70390.45,0.23,534611.01,1,NULL,NULL,NULL),(348,NULL,2022,11,712814.68,1069222.02,111377.28,0.27,712814.68,1,NULL,NULL,NULL),(349,NULL,2022,11,1069222.02,1425629.39,207607.28,0.31,1069222.02,1,NULL,NULL,NULL),(350,NULL,2022,11,1425629.39,9999999.00,318093.55,0.35,1425629.39,1,NULL,NULL,NULL),(351,NULL,2022,12,-9999999.00,0.01,0.00,0.00,0.00,1,NULL,NULL,NULL),(352,NULL,2022,12,0.01,97201.99,0.00,0.05,0.01,1,NULL,NULL,NULL),(353,NULL,2022,12,97201.99,194404.01,4860.10,0.09,97201.99,1,NULL,NULL,NULL),(354,NULL,2022,12,194404.01,291606.01,13608.29,0.12,194404.01,1,NULL,NULL,NULL),(355,NULL,2022,12,291606.01,388808.02,25272.52,0.15,291606.01,1,NULL,NULL,NULL),(356,NULL,2022,12,388808.02,583212.02,39852.82,0.19,388808.02,1,NULL,NULL,NULL),(357,NULL,2022,12,583212.02,777616.02,76789.59,0.23,583212.02,1,NULL,NULL,NULL),(358,NULL,2022,12,777616.02,1166424.03,121502.49,0.27,777616.02,1,NULL,NULL,NULL),(359,NULL,2022,12,1166424.03,1555232.07,226480.67,0.31,1166424.03,1,NULL,NULL,NULL),(360,NULL,2022,12,1555232.07,9999999.00,347011.15,0.35,1555232.07,1,NULL,NULL,NULL),(361,NULL,2023,1,-9999999.00,0.01,0.00,0.00,0.00,1,NULL,NULL,NULL),(362,NULL,2023,1,0.01,14486.22,0.00,0.05,0.01,1,NULL,NULL,NULL),(363,NULL,2023,1,14486.22,28972.44,724.31,0.09,14486.22,1,NULL,NULL,NULL),(364,NULL,2023,1,28972.44,43458.65,2028.07,0.12,28972.44,1,NULL,NULL,NULL),(365,NULL,2023,1,43458.65,57944.87,3766.42,0.15,43458.65,1,NULL,NULL,NULL),(366,NULL,2023,1,57944.87,86917.31,5939.35,0.19,57944.87,1,NULL,NULL,NULL),(367,NULL,2023,1,86917.31,115889.74,11444.11,0.23,86917.31,1,NULL,NULL,NULL),(368,NULL,2023,1,115889.74,173834.61,18107.77,0.27,115889.74,1,NULL,NULL,NULL);
INSERT INTO `syj_g4_art90_mensual` VALUES (369,NULL,2023,1,173834.61,231779.49,33752.89,0.31,173834.61,1,NULL,NULL,NULL),(370,NULL,2023,1,231779.49,9999999.00,51715.80,0.35,231779.49,1,NULL,NULL,NULL),(371,NULL,2023,2,-9999999.00,0.01,0.00,0.00,0.00,1,NULL,NULL,NULL),(372,NULL,2023,2,0.01,28972.44,0.00,0.05,0.01,1,NULL,NULL,NULL),(373,NULL,2023,2,28972.44,57944.87,1448.62,0.09,28972.44,1,NULL,NULL,NULL),(374,NULL,2023,2,57944.87,86917.31,4056.14,0.12,57944.87,1,NULL,NULL,NULL),(375,NULL,2023,2,86917.31,115889.75,7532.83,0.15,86917.31,1,NULL,NULL,NULL),(376,NULL,2023,2,115889.75,173834.61,11878.70,0.19,115889.75,1,NULL,NULL,NULL),(377,NULL,2023,2,173834.61,231779.48,22888.22,0.23,173834.61,1,NULL,NULL,NULL),(378,NULL,2023,2,231779.48,347669.23,36215.54,0.27,231779.48,1,NULL,NULL,NULL),(379,NULL,2023,2,347669.23,463558.98,67505.77,0.31,347669.23,1,NULL,NULL,NULL),(380,NULL,2023,2,463558.98,9999999.00,103431.60,0.35,463558.98,1,NULL,NULL,NULL),(381,NULL,2023,3,-9999999.00,0.01,0.00,0.00,0.00,1,NULL,NULL,NULL),(382,NULL,2023,3,0.01,43458.65,0.00,0.05,0.01,1,NULL,NULL,NULL),(383,NULL,2023,3,43458.65,86917.31,2172.93,0.09,43458.65,1,NULL,NULL,NULL),(384,NULL,2023,3,86917.31,130375.96,6084.21,0.12,86917.31,1,NULL,NULL,NULL),(385,NULL,2023,3,130375.96,173834.62,11299.25,0.15,130375.96,1,NULL,NULL,NULL),(386,NULL,2023,3,173834.62,260751.92,17818.05,0.19,173834.62,1,NULL,NULL,NULL),(387,NULL,2023,3,260751.92,347669.23,34332.34,0.23,260751.92,1,NULL,NULL,NULL),(388,NULL,2023,3,347669.23,521503.84,54323.32,0.27,347669.23,1,NULL,NULL,NULL),(389,NULL,2023,3,521503.84,695338.46,101258.66,0.31,521503.84,1,NULL,NULL,NULL),(390,NULL,2023,3,695338.46,9999999.00,155147.40,0.35,695338.46,1,NULL,NULL,NULL),(391,NULL,2023,4,-9999999.00,0.01,0.00,0.00,0.00,1,NULL,NULL,NULL),(392,NULL,2023,4,0.01,57944.87,0.00,0.05,0.01,1,NULL,NULL,NULL),(393,NULL,2023,4,57944.87,115889.74,2897.24,0.09,57944.87,1,NULL,NULL,NULL),(394,NULL,2023,4,115889.74,173834.61,8112.28,0.12,115889.74,1,NULL,NULL,NULL),(395,NULL,2023,4,173834.61,231779.49,15065.67,0.15,173834.61,1,NULL,NULL,NULL),(396,NULL,2023,4,231779.49,347669.23,23757.40,0.19,231779.49,1,NULL,NULL,NULL),(397,NULL,2023,4,347669.23,463558.97,45776.45,0.23,347669.23,1,NULL,NULL,NULL),(398,NULL,2023,4,463558.97,695338.45,72431.09,0.27,463558.97,1,NULL,NULL,NULL),(399,NULL,2023,4,695338.45,927117.95,135011.55,0.31,695338.45,1,NULL,NULL,NULL),(400,NULL,2023,4,927117.95,9999999.00,206863.19,0.35,927117.95,1,NULL,NULL,NULL),(401,NULL,2023,5,-9999999.00,0.01,0.00,0.00,0.00,1,NULL,NULL,NULL),(402,NULL,2023,5,0.01,72431.09,0.00,0.05,0.01,1,NULL,NULL,NULL),(403,NULL,2023,5,72431.09,144862.18,3621.55,0.09,72431.09,1,NULL,NULL,NULL),(404,NULL,2023,5,144862.18,217293.27,10140.35,0.12,144862.18,1,NULL,NULL,NULL),(405,NULL,2023,5,217293.27,289724.36,18832.08,0.15,217293.27,1,NULL,NULL,NULL),(406,NULL,2023,5,289724.36,434586.53,29696.75,0.19,289724.36,1,NULL,NULL,NULL),(407,NULL,2023,5,434586.53,579448.71,57220.56,0.23,434586.53,1,NULL,NULL,NULL),(408,NULL,2023,5,579448.71,869173.06,90538.86,0.27,579448.71,1,NULL,NULL,NULL),(409,NULL,2023,5,869173.06,1158897.44,168764.43,0.31,869173.06,1,NULL,NULL,NULL),(410,NULL,2023,5,1158897.44,9999999.00,258578.99,0.35,1158897.44,1,NULL,NULL,NULL),(411,NULL,2023,6,-9999999.00,0.01,0.00,0.00,0.00,1,NULL,NULL,NULL),(412,NULL,2023,6,0.01,86917.31,0.00,0.05,0.01,1,NULL,NULL,NULL),(413,NULL,2023,6,86917.31,173834.62,4345.87,0.09,86917.31,1,NULL,NULL,NULL),(414,NULL,2023,6,173834.62,260751.92,12168.43,0.12,173834.62,1,NULL,NULL,NULL),(415,NULL,2023,6,260751.92,347669.24,22598.50,0.15,260751.92,1,NULL,NULL,NULL),(416,NULL,2023,6,347669.24,521503.84,35636.10,0.19,347669.24,1,NULL,NULL,NULL),(417,NULL,2023,6,521503.84,695338.45,68664.67,0.23,521503.84,1,NULL,NULL,NULL),(418,NULL,2023,6,695338.45,1043007.68,108646.63,0.27,695338.45,1,NULL,NULL,NULL),(419,NULL,2023,6,1043007.68,1390676.93,202517.32,0.31,1043007.68,1,NULL,NULL,NULL),(420,NULL,2023,6,1390676.93,9999999.00,310294.79,0.35,1390676.93,1,NULL,NULL,NULL);
INSERT INTO `syj_g4_art90_mensual` VALUES (421,NULL,2023,7,-9999999.00,0.01,0.00,0.00,0.00,1,NULL,NULL,NULL),(422,NULL,2023,7,0.01,101403.52,0.00,0.05,0.01,1,NULL,NULL,NULL),(423,NULL,2023,7,101403.52,202807.05,5070.18,0.09,101403.52,1,NULL,NULL,NULL),(424,NULL,2023,7,202807.05,304210.57,14196.50,0.12,202807.05,1,NULL,NULL,NULL),(425,NULL,2023,7,304210.57,405614.11,26364.92,0.15,304210.57,1,NULL,NULL,NULL),(426,NULL,2023,7,405614.11,608421.15,41575.44,0.19,405614.11,1,NULL,NULL,NULL),(427,NULL,2023,7,608421.15,811228.19,80108.78,0.23,608421.15,1,NULL,NULL,NULL),(428,NULL,2023,7,811228.19,1216842.29,126754.40,0.27,811228.19,1,NULL,NULL,NULL),(429,NULL,2023,7,1216842.29,1622456.41,236270.21,0.31,1216842.29,1,NULL,NULL,NULL),(430,NULL,2023,7,1622456.41,9999999.00,362010.59,0.35,1622456.41,1,NULL,NULL,NULL),(431,NULL,2023,8,-9999999.00,0.01,0.00,0.00,0.00,1,NULL,NULL,NULL),(432,NULL,2023,8,0.01,115889.74,0.00,0.05,0.01,1,NULL,NULL,NULL),(433,NULL,2023,8,115889.74,231779.49,5794.49,0.09,115889.74,1,NULL,NULL,NULL),(434,NULL,2023,8,231779.49,347669.23,16224.57,0.12,231779.49,1,NULL,NULL,NULL),(435,NULL,2023,8,347669.23,463558.98,30131.33,0.15,347669.23,1,NULL,NULL,NULL),(436,NULL,2023,8,463558.98,695338.45,47514.79,0.19,463558.98,1,NULL,NULL,NULL),(437,NULL,2023,8,695338.45,927117.93,91552.89,0.23,695338.45,1,NULL,NULL,NULL),(438,NULL,2023,8,927117.93,1390676.90,144862.17,0.27,927117.93,1,NULL,NULL,NULL),(439,NULL,2023,8,1390676.90,1854235.90,270023.09,0.31,1390676.90,1,NULL,NULL,NULL),(440,NULL,2023,8,1854235.90,9999999.00,413726.39,0.35,1854235.90,1,NULL,NULL,NULL),(441,NULL,2023,9,-9999999.00,0.01,0.00,0.00,0.00,1,NULL,NULL,NULL),(442,NULL,2023,9,0.01,130375.96,0.00,0.05,0.01,1,NULL,NULL,NULL),(443,NULL,2023,9,130375.96,260751.92,6518.80,0.09,130375.96,1,NULL,NULL,NULL),(444,NULL,2023,9,260751.92,391127.88,18252.64,0.12,260751.92,1,NULL,NULL,NULL),(445,NULL,2023,9,391127.88,521503.85,33897.75,0.15,391127.88,1,NULL,NULL,NULL),(446,NULL,2023,9,521503.85,782255.76,53454.14,0.19,521503.85,1,NULL,NULL,NULL),(447,NULL,2023,9,782255.76,1043007.68,102997.01,0.23,782255.76,1,NULL,NULL,NULL),(448,NULL,2023,9,1043007.68,1564511.51,162969.95,0.27,1043007.68,1,NULL,NULL,NULL),(449,NULL,2023,9,1564511.51,2086015.39,303775.98,0.31,1564511.51,1,NULL,NULL,NULL),(450,NULL,2023,9,2086015.39,9999999.00,465442.19,0.35,2086015.39,1,NULL,NULL,NULL),(451,NULL,2023,10,-9999999.00,0.01,0.00,0.00,0.00,1,NULL,NULL,NULL),(452,NULL,2023,10,0.01,144862.18,0.00,0.05,0.01,1,NULL,NULL,NULL),(453,NULL,2023,10,144862.18,289724.36,7243.11,0.09,144862.18,1,NULL,NULL,NULL),(454,NULL,2023,10,289724.36,434586.53,20280.71,0.12,289724.36,1,NULL,NULL,NULL),(455,NULL,2023,10,434586.53,579448.73,37664.17,0.15,434586.53,1,NULL,NULL,NULL),(456,NULL,2023,10,579448.73,869173.07,59393.49,0.19,579448.73,1,NULL,NULL,NULL),(457,NULL,2023,10,869173.07,1158897.42,114441.12,0.23,869173.07,1,NULL,NULL,NULL),(458,NULL,2023,10,1158897.42,1738346.13,181077.72,0.27,1158897.42,1,NULL,NULL,NULL),(459,NULL,2023,10,1738346.13,2317794.88,337528.87,0.31,1738346.13,1,NULL,NULL,NULL),(460,NULL,2023,10,2317794.88,9999999.00,517157.98,0.35,2317794.88,1,NULL,NULL,NULL),(461,NULL,2023,11,-9999999.00,0.01,0.00,0.00,0.00,1,NULL,NULL,NULL),(462,NULL,2023,11,0.01,159348.39,0.00,0.05,0.01,1,NULL,NULL,NULL),(463,NULL,2023,11,159348.39,318696.79,7967.42,0.09,159348.39,1,NULL,NULL,NULL),(464,NULL,2023,11,318696.79,478045.19,22308.78,0.12,318696.79,1,NULL,NULL,NULL),(465,NULL,2023,11,478045.19,637393.60,41430.58,0.15,478045.19,1,NULL,NULL,NULL),(466,NULL,2023,11,637393.60,956090.37,65332.84,0.19,637393.60,1,NULL,NULL,NULL),(467,NULL,2023,11,956090.37,1274787.16,125885.23,0.23,956090.37,1,NULL,NULL,NULL),(468,NULL,2023,11,1274787.16,1912180.74,199185.49,0.27,1274787.16,1,NULL,NULL,NULL),(469,NULL,2023,11,1912180.74,2549574.36,371281.75,0.31,1912180.74,1,NULL,NULL,NULL),(470,NULL,2023,11,2549574.36,9999999.00,568873.78,0.35,2549574.36,1,NULL,NULL,NULL),(471,NULL,2023,12,-9999999.00,0.01,0.00,0.00,0.00,1,NULL,NULL,NULL);
INSERT INTO `syj_g4_art90_mensual` VALUES (472,NULL,2023,12,0.01,173834.61,0.00,0.05,0.01,1,NULL,NULL,NULL),(473,NULL,2023,12,173834.61,347669.23,8691.73,0.09,173834.61,1,NULL,NULL,NULL),(474,NULL,2023,12,347669.23,521503.84,24336.85,0.12,347669.23,1,NULL,NULL,NULL),(475,NULL,2023,12,521503.84,695338.47,45197.00,0.15,521503.84,1,NULL,NULL,NULL),(476,NULL,2023,12,695338.47,1043007.68,71272.19,0.19,695338.47,1,NULL,NULL,NULL),(477,NULL,2023,12,1043007.68,1390676.90,137329.34,0.23,1043007.68,1,NULL,NULL,NULL),(478,NULL,2023,12,1390676.90,2086015.35,217293.26,0.27,1390676.90,1,NULL,NULL,NULL),(479,NULL,2023,12,2086015.35,2781353.85,405034.64,0.31,2086015.35,1,NULL,NULL,NULL),(480,NULL,2023,12,2781353.85,9999999.00,620589.58,0.35,2781353.85,1,NULL,NULL,NULL),(721,NULL,2024,1,-999999999.00,0.01,0.00,0.00,0.00,1,NULL,NULL,NULL),(722,NULL,2024,1,0.01,100000.00,0.00,0.05,0.01,1,NULL,NULL,NULL),(723,NULL,2024,1,100000.00,200000.00,5000.00,0.09,100000.00,1,NULL,NULL,NULL),(724,NULL,2024,1,200000.00,300000.00,14000.00,0.12,200000.00,1,NULL,NULL,NULL),(725,NULL,2024,1,300000.00,450000.00,26000.00,0.15,300000.00,1,NULL,NULL,NULL),(726,NULL,2024,1,450000.00,900000.00,48500.00,0.19,450000.00,1,NULL,NULL,NULL),(727,NULL,2024,1,900000.00,1350000.00,134000.00,0.23,900000.00,1,NULL,NULL,NULL),(728,NULL,2024,1,1350000.00,2025000.00,237500.00,0.27,1350000.00,1,NULL,NULL,NULL),(729,NULL,2024,1,2025000.00,3037500.00,419750.00,0.31,2025000.00,1,NULL,NULL,NULL),(730,NULL,2024,1,3037500.00,999999999.00,733625.00,0.35,3037500.00,1,NULL,NULL,NULL),(731,NULL,2024,2,-999999999.00,0.01,0.00,0.00,0.00,1,NULL,NULL,NULL),(732,NULL,2024,2,0.01,200000.00,0.00,0.05,0.01,1,NULL,NULL,NULL),(733,NULL,2024,2,200000.00,400000.00,10000.00,0.09,200000.00,1,NULL,NULL,NULL),(734,NULL,2024,2,400000.00,600000.00,28000.00,0.12,400000.00,1,NULL,NULL,NULL),(735,NULL,2024,2,600000.00,900000.00,52000.00,0.15,600000.00,1,NULL,NULL,NULL),(736,NULL,2024,2,900000.00,1800000.00,97000.00,0.19,900000.00,1,NULL,NULL,NULL),(737,NULL,2024,2,1800000.00,2700000.00,268000.00,0.23,1800000.00,1,NULL,NULL,NULL),(738,NULL,2024,2,2700000.00,4050000.00,475000.00,0.27,2700000.00,1,NULL,NULL,NULL),(739,NULL,2024,2,4050000.00,6075000.00,839500.00,0.31,4050000.00,1,NULL,NULL,NULL),(740,NULL,2024,2,6075000.00,999999999.00,1467250.00,0.35,6075000.00,1,NULL,NULL,NULL),(741,NULL,2024,3,-999999999.00,0.01,0.00,0.00,0.00,1,NULL,NULL,NULL),(742,NULL,2024,3,0.01,300000.00,0.00,0.05,0.01,1,NULL,NULL,NULL),(743,NULL,2024,3,300000.00,600000.00,15000.00,0.09,300000.00,1,NULL,NULL,NULL),(744,NULL,2024,3,600000.00,900000.00,42000.00,0.12,600000.00,1,NULL,NULL,NULL),(745,NULL,2024,3,900000.00,1350000.00,78000.00,0.15,900000.00,1,NULL,NULL,NULL),(746,NULL,2024,3,1350000.00,2700000.00,145500.00,0.19,1350000.00,1,NULL,NULL,NULL),(747,NULL,2024,3,2700000.00,4050000.00,402000.00,0.23,2700000.00,1,NULL,NULL,NULL),(748,NULL,2024,3,4050000.00,6075000.00,712500.00,0.27,4050000.00,1,NULL,NULL,NULL),(749,NULL,2024,3,6075000.00,9112500.00,1259250.00,0.31,6075000.00,1,NULL,NULL,NULL),(750,NULL,2024,3,9112500.00,999999999.00,2200875.00,0.35,9112500.00,1,NULL,NULL,NULL),(751,NULL,2024,4,-999999999.00,0.01,0.00,0.00,0.00,1,NULL,NULL,NULL),(752,NULL,2024,4,0.01,400000.00,0.00,0.05,0.01,1,NULL,NULL,NULL),(753,NULL,2024,4,400000.00,800000.00,20000.00,0.09,400000.00,1,NULL,NULL,NULL),(754,NULL,2024,4,800000.00,1200000.00,56000.00,0.12,800000.00,1,NULL,NULL,NULL),(755,NULL,2024,4,1200000.00,1800000.00,104000.00,0.15,1200000.00,1,NULL,NULL,NULL),(756,NULL,2024,4,1800000.00,3600000.00,194000.00,0.19,1800000.00,1,NULL,NULL,NULL),(757,NULL,2024,4,3600000.00,5400000.00,536000.00,0.23,3600000.00,1,NULL,NULL,NULL),(758,NULL,2024,4,5400000.00,8100000.00,950000.00,0.27,5400000.00,1,NULL,NULL,NULL),(759,NULL,2024,4,8100000.00,12150000.00,1679000.00,0.31,8100000.00,1,NULL,NULL,NULL),(760,NULL,2024,4,12150000.00,999999999.00,2934500.00,0.35,12150000.00,1,NULL,NULL,NULL),(761,NULL,2024,5,-999999999.00,0.01,0.00,0.00,0.00,1,NULL,NULL,NULL);
INSERT INTO `syj_g4_art90_mensual` VALUES (762,NULL,2024,5,0.01,500000.00,0.00,0.05,0.01,1,NULL,NULL,NULL),(763,NULL,2024,5,500000.00,1000000.00,25000.00,0.09,500000.00,1,NULL,NULL,NULL),(764,NULL,2024,5,1000000.00,1500000.00,70000.00,0.12,1000000.00,1,NULL,NULL,NULL),(765,NULL,2024,5,1500000.00,2250000.00,130000.00,0.15,1500000.00,1,NULL,NULL,NULL),(766,NULL,2024,5,2250000.00,4500000.00,242500.00,0.19,2250000.00,1,NULL,NULL,NULL),(767,NULL,2024,5,4500000.00,6750000.00,670000.00,0.23,4500000.00,1,NULL,NULL,NULL),(768,NULL,2024,5,6750000.00,10125000.00,1187500.00,0.27,6750000.00,1,NULL,NULL,NULL),(769,NULL,2024,5,10125000.00,15187500.00,2098750.00,0.31,10125000.00,1,NULL,NULL,NULL),(770,NULL,2024,5,15187500.00,999999999.00,3668125.00,0.35,15187500.00,1,NULL,NULL,NULL),(771,NULL,2024,6,-999999999.00,0.01,0.00,0.00,0.00,1,NULL,NULL,NULL),(772,NULL,2024,6,0.01,600000.00,0.00,0.05,0.01,1,NULL,NULL,NULL),(773,NULL,2024,6,600000.00,1200000.00,30000.00,0.09,600000.00,1,NULL,NULL,NULL),(774,NULL,2024,6,1200000.00,1800000.00,84000.00,0.12,1200000.00,1,NULL,NULL,NULL),(775,NULL,2024,6,1800000.00,2700000.00,156000.00,0.15,1800000.00,1,NULL,NULL,NULL),(776,NULL,2024,6,2700000.00,5400000.00,291000.00,0.19,2700000.00,1,NULL,NULL,NULL),(777,NULL,2024,6,5400000.00,8100000.00,804000.00,0.23,5400000.00,1,NULL,NULL,NULL),(778,NULL,2024,6,8100000.00,12150000.00,1425000.00,0.27,8100000.00,1,NULL,NULL,NULL),(779,NULL,2024,6,12150000.00,18225000.00,2518500.00,0.31,12150000.00,1,NULL,NULL,NULL),(780,NULL,2024,6,18225000.00,999999999.00,4401750.00,0.35,18225000.00,1,NULL,NULL,NULL),(781,NULL,2024,7,-999999999.00,0.01,0.00,0.00,0.00,1,NULL,NULL,NULL),(782,NULL,2024,7,0.01,700000.00,0.00,0.05,0.01,1,NULL,NULL,NULL),(783,NULL,2024,7,700000.00,1400000.00,35000.00,0.09,700000.00,1,NULL,NULL,NULL),(784,NULL,2024,7,1400000.00,2100000.00,98000.00,0.12,1400000.00,1,NULL,NULL,NULL),(785,NULL,2024,7,2100000.00,3150000.00,182000.00,0.15,2100000.00,1,NULL,NULL,NULL),(786,NULL,2024,7,3150000.00,6300000.00,339500.00,0.19,3150000.00,1,NULL,NULL,NULL),(787,NULL,2024,7,6300000.00,9450000.00,938000.00,0.23,6300000.00,1,NULL,NULL,NULL),(788,NULL,2024,7,9450000.00,14175000.00,1662500.00,0.27,9450000.00,1,NULL,NULL,NULL),(789,NULL,2024,7,14175000.00,21262500.00,2938250.00,0.31,14175000.00,1,NULL,NULL,NULL),(790,NULL,2024,7,21262500.00,999999999.00,5135375.00,0.35,21262500.00,1,NULL,NULL,NULL),(791,NULL,2024,8,-999999999.00,0.01,0.00,0.00,0.00,1,NULL,NULL,NULL),(792,NULL,2024,8,0.01,800000.00,0.00,0.05,0.01,1,NULL,NULL,NULL),(793,NULL,2024,8,800000.00,1600000.00,40000.00,0.09,800000.00,1,NULL,NULL,NULL),(794,NULL,2024,8,1600000.00,2400000.00,112000.00,0.12,1600000.00,1,NULL,NULL,NULL),(795,NULL,2024,8,2400000.00,3600000.00,208000.00,0.15,2400000.00,1,NULL,NULL,NULL),(796,NULL,2024,8,3600000.00,7200000.00,388000.00,0.19,3600000.00,1,NULL,NULL,NULL),(797,NULL,2024,8,7200000.00,10800000.00,1072000.00,0.23,7200000.00,1,NULL,NULL,NULL),(798,NULL,2024,8,10800000.00,16200000.00,1900000.00,0.27,10800000.00,1,NULL,NULL,NULL),(799,NULL,2024,8,16200000.00,24300000.00,3358000.00,0.31,16200000.00,1,NULL,NULL,NULL),(800,NULL,2024,8,24300000.00,999999999.00,5869000.00,0.35,24300000.00,1,NULL,NULL,NULL),(801,NULL,2024,9,-999999999.00,0.01,0.00,0.00,0.00,1,NULL,NULL,NULL),(802,NULL,2024,9,0.01,913350.00,0.00,0.05,0.01,1,NULL,NULL,NULL),(803,NULL,2024,9,913350.00,1826700.00,45667.50,0.09,913350.00,1,NULL,NULL,NULL),(804,NULL,2024,9,1826700.00,2740050.00,127869.00,0.12,1826700.00,1,NULL,NULL,NULL),(805,NULL,2024,9,2740050.00,4110075.00,237471.00,0.15,2740050.00,1,NULL,NULL,NULL),(806,NULL,2024,9,4110075.00,8220150.00,442974.75,0.19,4110075.00,1,NULL,NULL,NULL),(807,NULL,2024,9,8220150.00,12330225.00,1223889.00,0.23,8220150.00,1,NULL,NULL,NULL),(808,NULL,2024,9,12330225.00,18495337.50,2169206.25,0.27,12330225.00,1,NULL,NULL,NULL),(809,NULL,2024,9,18495337.50,27743006.25,3833786.63,0.31,18495337.50,1,NULL,NULL,NULL),(810,NULL,2024,9,27743006.25,999999999.00,6700563.94,0.35,27743006.25,1,NULL,NULL,NULL);
INSERT INTO `syj_g4_art90_mensual` VALUES (811,NULL,2024,10,-999999999.00,0.01,0.00,0.00,0.00,1,NULL,NULL,NULL),(812,NULL,2024,10,0.01,1026700.00,0.00,0.05,0.01,1,NULL,NULL,NULL),(813,NULL,2024,10,1026700.00,2053400.00,51335.00,0.09,1026700.00,1,NULL,NULL,NULL),(814,NULL,2024,10,2053400.00,3080100.00,143738.00,0.12,2053400.00,1,NULL,NULL,NULL),(815,NULL,2024,10,3080100.00,4620150.00,266942.00,0.15,3080100.00,1,NULL,NULL,NULL),(816,NULL,2024,10,4620150.00,9240300.00,497949.50,0.19,4620150.00,1,NULL,NULL,NULL),(817,NULL,2024,10,9240300.00,13860450.00,1375778.00,0.23,9240300.00,1,NULL,NULL,NULL),(818,NULL,2024,10,13860450.00,20790675.00,2438412.50,0.27,13860450.00,1,NULL,NULL,NULL),(819,NULL,2024,10,20790675.00,31186012.50,4309573.25,0.31,20790675.00,1,NULL,NULL,NULL),(820,NULL,2024,10,31186012.50,999999999.00,7532127.88,0.35,31186012.50,1,NULL,NULL,NULL),(821,NULL,2024,11,-999999999.00,0.01,0.00,0.00,0.00,1,NULL,NULL,NULL),(822,NULL,2024,11,0.01,1140050.00,0.00,0.05,0.01,1,NULL,NULL,NULL),(823,NULL,2024,11,1140050.00,2280100.00,57002.50,0.09,1140050.00,1,NULL,NULL,NULL),(824,NULL,2024,11,2280100.00,3420150.00,159607.00,0.12,2280100.00,1,NULL,NULL,NULL),(825,NULL,2024,11,3420150.00,5130225.00,296413.00,0.15,3420150.00,1,NULL,NULL,NULL),(826,NULL,2024,11,5130225.00,10260450.00,552924.25,0.19,5130225.00,1,NULL,NULL,NULL),(827,NULL,2024,11,10260450.00,15390675.00,1527667.00,0.23,10260450.00,1,NULL,NULL,NULL),(828,NULL,2024,11,15390675.00,23086012.50,2707618.75,0.27,15390675.00,1,NULL,NULL,NULL),(829,NULL,2024,11,23086012.50,34629018.75,4785359.88,0.31,23086012.50,1,NULL,NULL,NULL),(830,NULL,2024,11,34629018.75,999999999.00,8363691.82,0.35,34629018.75,1,NULL,NULL,NULL),(831,NULL,2024,12,-999999999.00,0.01,0.00,0.00,0.00,1,NULL,NULL,NULL),(832,NULL,2024,12,0.01,1253400.00,0.00,0.05,0.01,1,NULL,NULL,NULL),(833,NULL,2024,12,1253400.00,2506800.00,62670.00,0.09,1253400.00,1,NULL,NULL,NULL),(834,NULL,2024,12,2506800.00,3760200.00,175476.00,0.12,2506800.00,1,NULL,NULL,NULL),(835,NULL,2024,12,3760200.00,5640300.00,325884.00,0.15,3760200.00,1,NULL,NULL,NULL),(836,NULL,2024,12,5640300.00,11280600.00,607899.00,0.19,5640300.00,1,NULL,NULL,NULL),(837,NULL,2024,12,11280600.00,16920900.00,1679556.00,0.23,11280600.00,1,NULL,NULL,NULL),(838,NULL,2024,12,16920900.00,25381350.00,2976825.00,0.27,16920900.00,1,NULL,NULL,NULL),(839,NULL,2024,12,25381350.00,38072025.00,5261146.50,0.31,25381350.00,1,NULL,NULL,NULL),(840,NULL,2024,12,38072025.00,999999999.00,9195255.75,0.35,38072025.00,1,NULL,NULL,NULL),(841,NULL,2025,1,-999999999.00,0.01,0.00,0.00,0.00,1,NULL,NULL,NULL),(842,NULL,2025,1,0.01,126697.64,0.00,0.05,0.01,1,NULL,NULL,NULL),(843,NULL,2025,1,126697.64,253395.28,6334.88,0.09,126697.64,1,NULL,NULL,NULL),(844,NULL,2025,1,253395.28,380092.92,17737.67,0.12,253395.28,1,NULL,NULL,NULL),(845,NULL,2025,1,380092.92,570139.38,32941.39,0.15,380092.92,1,NULL,NULL,NULL),(846,NULL,2025,1,570139.38,1140278.75,61448.36,0.19,570139.38,1,NULL,NULL,NULL),(847,NULL,2025,1,1140278.75,1710418.13,169774.84,0.23,1140278.75,1,NULL,NULL,NULL),(848,NULL,2025,1,1710418.13,2565627.20,300906.89,0.27,1710418.13,1,NULL,NULL,NULL),(849,NULL,2025,1,2565627.20,3848440.79,531813.34,0.31,2565627.20,1,NULL,NULL,NULL),(850,NULL,2025,1,3848440.79,83333333333.25,929485.56,0.35,3848440.79,1,NULL,NULL,NULL),(851,NULL,2025,2,-999999999.00,0.01,0.00,0.00,0.00,1,NULL,NULL,NULL),(852,NULL,2025,2,0.01,253395.28,0.00,0.05,0.01,1,NULL,NULL,NULL),(853,NULL,2025,2,253395.28,506790.56,12669.76,0.09,253395.28,1,NULL,NULL,NULL),(854,NULL,2025,2,506790.56,760185.84,35475.34,0.12,506790.56,1,NULL,NULL,NULL),(855,NULL,2025,2,760185.84,1140278.75,65882.77,0.15,760185.84,1,NULL,NULL,NULL),(856,NULL,2025,2,1140278.75,2280557.51,122896.71,0.19,1140278.75,1,NULL,NULL,NULL),(857,NULL,2025,2,2280557.51,3420836.26,339549.67,0.23,2280557.51,1,NULL,NULL,NULL),(858,NULL,2025,2,3420836.26,5131254.39,601813.79,0.27,3420836.26,1,NULL,NULL,NULL),(859,NULL,2025,2,5131254.39,7696881.59,1063626.68,0.31,5131254.39,1,NULL,NULL,NULL);
INSERT INTO `syj_g4_art90_mensual` VALUES (860,NULL,2025,2,7696881.59,166666666666.50,1858971.11,0.35,7696881.59,1,NULL,NULL,NULL),(861,NULL,2025,3,-999999999.00,0.01,0.00,0.00,0.00,1,NULL,NULL,NULL),(862,NULL,2025,3,0.01,380092.92,0.00,0.05,0.01,1,NULL,NULL,NULL),(863,NULL,2025,3,380092.92,760185.84,19004.65,0.09,380092.92,1,NULL,NULL,NULL),(864,NULL,2025,3,760185.84,1140278.75,53213.01,0.12,760185.84,1,NULL,NULL,NULL),(865,NULL,2025,3,1140278.75,1710418.13,98824.16,0.15,1140278.75,1,NULL,NULL,NULL),(866,NULL,2025,3,1710418.13,3420836.26,184345.07,0.19,1710418.13,1,NULL,NULL,NULL),(867,NULL,2025,3,3420836.26,5131254.39,509324.51,0.23,3420836.26,1,NULL,NULL,NULL),(868,NULL,2025,3,5131254.39,7696881.59,902720.68,0.27,5131254.39,1,NULL,NULL,NULL),(869,NULL,2025,3,7696881.59,11545322.38,1595440.02,0.31,7696881.59,1,NULL,NULL,NULL),(870,NULL,2025,3,11545322.38,249999999999.75,2788456.67,0.35,11545322.38,1,NULL,NULL,NULL),(871,NULL,2025,4,-999999999.00,0.01,0.00,0.00,0.00,1,NULL,NULL,NULL),(872,NULL,2025,4,0.01,506790.56,0.00,0.05,0.01,1,NULL,NULL,NULL),(873,NULL,2025,4,506790.56,1013581.11,25339.53,0.09,506790.56,1,NULL,NULL,NULL),(874,NULL,2025,4,1013581.11,1520371.67,70950.68,0.12,1013581.11,1,NULL,NULL,NULL),(875,NULL,2025,4,1520371.67,2280557.51,131765.54,0.15,1520371.67,1,NULL,NULL,NULL),(876,NULL,2025,4,2280557.51,4561115.01,245793.42,0.19,2280557.51,1,NULL,NULL,NULL),(877,NULL,2025,4,4561115.01,6841672.52,679099.35,0.23,4561115.01,1,NULL,NULL,NULL),(878,NULL,2025,4,6841672.52,10262508.78,1203627.57,0.27,6841672.52,1,NULL,NULL,NULL),(879,NULL,2025,4,10262508.78,15393763.17,2127253.36,0.31,10262508.78,1,NULL,NULL,NULL),(880,NULL,2025,4,15393763.17,333333333333.00,3717942.22,0.35,15393763.17,1,NULL,NULL,NULL),(881,NULL,2025,5,-999999999.00,0.01,0.00,0.00,0.00,1,NULL,NULL,NULL),(882,NULL,2025,5,0.01,633488.20,0.00,0.05,0.01,1,NULL,NULL,NULL),(883,NULL,2025,5,633488.20,1266976.39,31674.41,0.09,633488.20,1,NULL,NULL,NULL),(884,NULL,2025,5,1266976.39,1900464.59,88688.35,0.12,1266976.39,1,NULL,NULL,NULL),(885,NULL,2025,5,1900464.59,2850696.88,164706.93,0.15,1900464.59,1,NULL,NULL,NULL),(886,NULL,2025,5,2850696.88,5701393.77,307241.78,0.19,2850696.88,1,NULL,NULL,NULL),(887,NULL,2025,5,5701393.77,8552090.65,848874.18,0.23,5701393.77,1,NULL,NULL,NULL),(888,NULL,2025,5,8552090.65,12828135.98,1504534.47,0.27,8552090.65,1,NULL,NULL,NULL),(889,NULL,2025,5,12828135.98,19242203.97,2659066.70,0.31,12828135.98,1,NULL,NULL,NULL),(890,NULL,2025,5,19242203.97,416666666666.25,4647427.78,0.35,19242203.97,1,NULL,NULL,NULL),(891,NULL,2025,6,-999999999.00,0.01,0.00,0.00,0.00,1,NULL,NULL,NULL),(892,NULL,2025,6,0.01,760185.84,0.00,0.05,0.01,1,NULL,NULL,NULL),(893,NULL,2025,6,760185.84,1520371.67,38009.29,0.09,760185.84,1,NULL,NULL,NULL),(894,NULL,2025,6,1520371.67,2280557.51,106426.02,0.12,1520371.67,1,NULL,NULL,NULL),(895,NULL,2025,6,2280557.51,3420836.26,197648.32,0.15,2280557.51,1,NULL,NULL,NULL),(896,NULL,2025,6,3420836.26,6841672.52,368690.13,0.19,3420836.26,1,NULL,NULL,NULL),(897,NULL,2025,6,6841672.52,10262508.78,1018649.02,0.23,6841672.52,1,NULL,NULL,NULL),(898,NULL,2025,6,10262508.78,15393763.17,1805441.36,0.27,10262508.78,1,NULL,NULL,NULL),(899,NULL,2025,6,15393763.17,23090644.76,3190880.05,0.31,15393763.17,1,NULL,NULL,NULL),(900,NULL,2025,6,23090644.76,499999999999.50,5576913.34,0.35,23090644.76,1,NULL,NULL,NULL),(901,NULL,2025,7,-999999999.00,0.01,0.00,0.00,0.00,1,NULL,NULL,NULL),(902,NULL,2025,7,0.01,886883.47,0.00,0.05,0.01,1,NULL,NULL,NULL),(903,NULL,2025,7,886883.47,1773766.95,44344.17,0.09,886883.47,1,NULL,NULL,NULL),(904,NULL,2025,7,1773766.95,2660650.42,124163.68,0.12,1773766.95,1,NULL,NULL,NULL),(905,NULL,2025,7,2660650.42,3990975.64,230589.70,0.15,2660650.42,1,NULL,NULL,NULL),(906,NULL,2025,7,3990975.64,7981951.27,430138.49,0.19,3990975.64,1,NULL,NULL,NULL),(907,NULL,2025,7,7981951.27,11972926.91,1188423.86,0.23,7981951.27,1,NULL,NULL,NULL),(908,NULL,2025,7,11972926.91,17959390.37,2106348.25,0.27,11972926.91,1,NULL,NULL,NULL);
INSERT INTO `syj_g4_art90_mensual` VALUES (909,NULL,2025,7,17959390.37,26939085.55,3722693.39,0.31,17959390.37,1,NULL,NULL,NULL),(910,NULL,2025,7,26939085.55,583333333332.75,6506398.89,0.35,26939085.55,1,NULL,NULL,NULL),(911,NULL,2025,8,-999999999.00,0.01,0.00,0.00,0.00,1,NULL,NULL,NULL),(912,NULL,2025,8,0.01,1013581.11,0.00,0.05,0.01,1,NULL,NULL,NULL),(913,NULL,2025,8,1013581.11,2027162.23,50679.05,0.09,1013581.11,1,NULL,NULL,NULL),(914,NULL,2025,8,2027162.23,3040743.34,141901.35,0.12,2027162.23,1,NULL,NULL,NULL),(915,NULL,2025,8,3040743.34,4561115.01,263531.09,0.15,3040743.34,1,NULL,NULL,NULL),(916,NULL,2025,8,4561115.01,9122230.03,491586.84,0.19,4561115.01,1,NULL,NULL,NULL),(917,NULL,2025,8,9122230.03,13683345.04,1358198.69,0.23,9122230.03,1,NULL,NULL,NULL),(918,NULL,2025,8,13683345.04,20525017.56,2407255.15,0.27,13683345.04,1,NULL,NULL,NULL),(919,NULL,2025,8,20525017.56,30787526.35,4254506.73,0.31,20525017.56,1,NULL,NULL,NULL),(920,NULL,2025,8,30787526.35,666666666666.00,7435884.45,0.35,30787526.35,1,NULL,NULL,NULL),(921,NULL,2025,9,-999999999.00,0.01,0.00,0.00,0.00,1,NULL,NULL,NULL),(922,NULL,2025,9,0.01,1140278.75,0.00,0.05,0.01,1,NULL,NULL,NULL),(923,NULL,2025,9,1140278.75,2280557.51,57013.94,0.09,1140278.75,1,NULL,NULL,NULL),(924,NULL,2025,9,2280557.51,3420836.26,159639.02,0.12,2280557.51,1,NULL,NULL,NULL),(925,NULL,2025,9,3420836.26,5131254.39,296472.47,0.15,3420836.26,1,NULL,NULL,NULL),(926,NULL,2025,9,5131254.39,10262508.78,553035.20,0.19,5131254.39,1,NULL,NULL,NULL),(927,NULL,2025,9,10262508.78,15393763.17,1527973.53,0.23,10262508.78,1,NULL,NULL,NULL),(928,NULL,2025,9,15393763.17,23090644.76,2708162.04,0.27,15393763.17,1,NULL,NULL,NULL),(929,NULL,2025,9,23090644.76,34635967.14,4786320.07,0.31,23090644.76,1,NULL,NULL,NULL),(930,NULL,2025,9,34635967.14,749999999999.25,8365370.00,0.35,34635967.14,1,NULL,NULL,NULL),(931,NULL,2025,10,-999999999.00,0.01,0.00,0.00,0.00,1,NULL,NULL,NULL),(932,NULL,2025,10,0.01,1266976.39,0.00,0.05,0.01,1,NULL,NULL,NULL),(933,NULL,2025,10,1266976.39,2533952.78,63348.82,0.09,1266976.39,1,NULL,NULL,NULL),(934,NULL,2025,10,2533952.78,3800929.18,177376.69,0.12,2533952.78,1,NULL,NULL,NULL),(935,NULL,2025,10,3800929.18,5701393.77,329413.86,0.15,3800929.18,1,NULL,NULL,NULL),(936,NULL,2025,10,5701393.77,11402787.53,614483.55,0.19,5701393.77,1,NULL,NULL,NULL),(937,NULL,2025,10,11402787.53,17104181.30,1697748.37,0.23,11402787.53,1,NULL,NULL,NULL),(938,NULL,2025,10,17104181.30,25656271.95,3009068.93,0.27,17104181.30,1,NULL,NULL,NULL),(939,NULL,2025,10,25656271.95,38484407.93,5318133.41,0.31,25656271.95,1,NULL,NULL,NULL),(940,NULL,2025,10,38484407.93,833333333332.50,9294855.56,0.35,38484407.93,1,NULL,NULL,NULL),(941,NULL,2025,11,-999999999.00,0.01,0.00,0.00,0.00,1,NULL,NULL,NULL),(942,NULL,2025,11,0.01,1393674.03,0.00,0.05,0.01,1,NULL,NULL,NULL),(943,NULL,2025,11,1393674.03,2787348.06,69683.70,0.09,1393674.03,1,NULL,NULL,NULL),(944,NULL,2025,11,2787348.06,4181022.09,195114.36,0.12,2787348.06,1,NULL,NULL,NULL),(945,NULL,2025,11,4181022.09,6271533.14,362355.24,0.15,4181022.09,1,NULL,NULL,NULL),(946,NULL,2025,11,6271533.14,12543066.29,675931.91,0.19,6271533.14,1,NULL,NULL,NULL),(947,NULL,2025,11,12543066.29,18814599.43,1867523.20,0.23,12543066.29,1,NULL,NULL,NULL),(948,NULL,2025,11,18814599.43,28221899.15,3309975.83,0.27,18814599.43,1,NULL,NULL,NULL),(949,NULL,2025,11,28221899.15,42332848.73,5849946.75,0.31,28221899.15,1,NULL,NULL,NULL),(950,NULL,2025,11,42332848.73,916666666665.75,10224341.11,0.35,42332848.73,1,NULL,NULL,NULL),(951,NULL,2025,12,-999999999.00,0.01,0.00,0.00,0.00,1,NULL,NULL,NULL),(952,NULL,2025,12,0.01,1520371.67,0.00,0.05,0.01,1,NULL,NULL,NULL),(953,NULL,2025,12,1520371.67,3040743.34,76018.58,0.09,1520371.67,1,NULL,NULL,NULL),(954,NULL,2025,12,3040743.34,4561115.01,212852.03,0.12,3040743.34,1,NULL,NULL,NULL),(955,NULL,2025,12,4561115.01,6841672.52,395296.63,0.15,4561115.01,1,NULL,NULL,NULL),(956,NULL,2025,12,6841672.52,13683345.04,737380.26,0.19,6841672.52,1,NULL,NULL,NULL);
INSERT INTO `syj_g4_art90_mensual` VALUES (957,NULL,2025,12,13683345.04,20525017.56,2037298.04,0.23,13683345.04,1,NULL,NULL,NULL),(958,NULL,2025,12,20525017.56,30787526.34,3610882.72,0.27,20525017.56,1,NULL,NULL,NULL),(959,NULL,2025,12,30787526.34,46181289.52,6381760.09,0.31,30787526.34,1,NULL,NULL,NULL),(960,NULL,2025,12,46181289.52,999999999999.00,11153826.67,0.35,46181289.52,1,NULL,NULL,NULL);

--
-- Table structure for table `syj_g4_deduc_gral`
--

CREATE TABLE `syj_g4_deduc_gral` (
  `id` int(10) unsigned NOT NULL AUTO_INCREMENT,
  `user_id` int(10) unsigned DEFAULT NULL,
  `syj_concepto_grav_gcia_id` int(10) unsigned DEFAULT NULL,
  `anio` int(10) unsigned NOT NULL,
  `descripcion` varchar(191) COLLATE utf8mb4_unicode_ci DEFAULT NULL,
  `tope` decimal(16,2) NOT NULL DEFAULT '0.00',
  `en_base_5_porc` tinyint(1) NOT NULL DEFAULT '0',
  `deduc_anual` tinyint(1) NOT NULL DEFAULT '0',
  `prorratea` tinyint(1) NOT NULL DEFAULT '0',
  `calcula_sistema` tinyint(1) NOT NULL DEFAULT '0',
  `informadas` tinyint(1) NOT NULL DEFAULT '1',
  `limite_5_porc` tinyint(1) NOT NULL DEFAULT '1',
  `habilitado` tinyint(1) NOT NULL DEFAULT '1',
  `created_at` timestamp NULL DEFAULT NULL,
  `updated_at` timestamp NULL DEFAULT NULL,
  `deleted_at` timestamp NULL DEFAULT NULL,
  PRIMARY KEY (`id`),
  KEY `syj_g4_deduc_gral_syj_concepto_grav_gcia_id_foreign` (`syj_concepto_grav_gcia_id`),
  CONSTRAINT `syj_g4_deduc_gral_syj_concepto_grav_gcia_id_foreign` FOREIGN KEY (`syj_concepto_grav_gcia_id`) REFERENCES `syj_concepto_grav_gcias` (`id`)
) ENGINE=InnoDB AUTO_INCREMENT=147 DEFAULT CHARSET=utf8mb4 COLLATE=utf8mb4_unicode_ci;

--
-- Dumping data for table `syj_g4_deduc_gral`
--

INSERT INTO `syj_g4_deduc_gral` VALUES (1,NULL,4,2020,'Aportes a fondos de jubilaciones, retiros, pensiones o subsidios que se destinen a cajas nacionales, provinciales o municipales',0.00,0,0,0,1,0,0,1,NULL,NULL,NULL),(2,NULL,1,2020,'Aportes a fondos de jubilaciones, retiros, pensiones o subsidios que se destinen a cajas nacionales, provinciales o municipales por otros empleos',0.00,0,0,0,0,1,0,1,NULL,NULL,NULL),(3,NULL,3,2020,'Aportes a obra sociales',0.00,0,0,0,1,0,0,1,NULL,NULL,NULL),(4,NULL,1,2020,'Aportes a obra sociales por otros empleos',0.00,0,0,0,0,1,0,1,NULL,NULL,NULL),(5,NULL,5,2020,'Cuota sindical',0.00,0,0,0,1,0,0,1,NULL,NULL,NULL),(6,NULL,1,2020,'Cuota sindical por otros empleos',0.00,0,0,0,0,1,0,1,NULL,NULL,NULL),(7,NULL,1,2020,'Cuotas médico asistenciales',0.00,1,0,0,0,1,0,1,NULL,'2021-01-05 12:16:50',NULL),(8,NULL,1,2020,'Primas de seguro para el caso de muerte',18000.00,0,1,0,0,1,1,1,NULL,NULL,NULL),(9,NULL,1,2020,'Primas por riesgo de muerte y de ahorro de seguros mixtos, excepto para los casos de seguros de retiro privados administrados por entidades sujetas al control de la Superintendencia de Seguro',18000.00,0,1,0,0,1,0,1,NULL,NULL,NULL),(10,NULL,1,2020,'Aportes a planes de seguro de retiro privados administrados por entidades sujetas al control de la Superintendencia de Seguros de la Nación',18000.00,0,0,0,0,1,1,1,NULL,NULL,NULL),(11,NULL,1,2020,'Cuotapartes de fondos comunes de inversión constituidos con fines de retiro',18000.00,0,0,0,0,1,0,1,NULL,NULL,NULL),(12,NULL,1,2020,'Gastos de sepelio',996.23,0,0,0,0,1,1,1,NULL,NULL,NULL),(13,NULL,1,2020,'Gastos amortización e intereses rodado para corredores y viajantes de comercio',0.00,0,0,0,0,1,0,1,NULL,NULL,NULL),(14,NULL,1,2020,'Donaciones a fiscos nacional, provinciales y municipales, y a instituciones comprendidas en el art. 20, inc. e) y f) de la ley',0.00,1,0,0,0,1,0,1,NULL,'2021-01-05 12:16:50',NULL),(15,NULL,1,2020,'Descuentos obligatorios establecidos por ley nacional, provincial o municipal',0.00,0,0,0,0,1,0,1,NULL,NULL,NULL),(16,NULL,1,2020,'Honorarios por servicios de asistencia sanitaria, médica y paramédica',0.00,1,1,0,0,1,0,1,NULL,'2021-01-05 12:16:50',NULL),(17,NULL,1,2020,'Intereses de créditos hipotecarios',20000.00,0,0,0,0,1,1,1,NULL,NULL,NULL),(18,NULL,1,2020,'Aportes al capital social o al fondo de riesgo de socios protectores de Sociedades de Garantía Recíproca',0.00,0,1,0,0,1,0,1,NULL,NULL,NULL),(19,NULL,1,2020,'Aportes a Cajas Complementarias de Previsión, Fondos Compensadores de Previsión o similares',0.00,0,1,0,0,1,0,1,NULL,NULL,NULL),(20,NULL,1,2020,'Alquileres de inmuebles destinados a casa habitación',123861.27,0,0,0,0,1,1,1,NULL,NULL,NULL),(21,NULL,1,2020,'Empleados del servicio doméstico',123861.27,0,0,0,0,1,1,1,NULL,NULL,NULL),(22,NULL,1,2020,'Gastos de movilidad, viáticos y otras compensaciones análogas abonados por el empleador',0.00,0,0,0,0,1,0,1,NULL,NULL,NULL),(23,NULL,1,2020,'Gastos por adquisición de indumentaria y/o equipamiento de trabajo',0.00,0,0,0,0,1,0,1,NULL,NULL,NULL),(24,NULL,1,2020,'Otras deducciones',0.00,0,0,0,0,1,0,1,NULL,NULL,NULL),(25,NULL,4,2021,'Aportes a fondos de jubilaciones, retiros, pensiones o subsidios que se destinen a cajas nacionales, provinciales o municipales',0.00,0,0,0,1,0,0,1,NULL,NULL,NULL),(26,NULL,1,2021,'Aportes a fondos de jubilaciones, retiros, pensiones o subsidios que se destinen a cajas nacionales, provinciales o municipales por otros empleos',0.00,0,0,0,0,1,0,1,NULL,NULL,NULL),(27,NULL,3,2021,'Aportes a obra sociales',0.00,0,0,0,1,0,0,1,NULL,NULL,NULL),(28,NULL,1,2021,'Aportes a obra sociales por otros empleos',0.00,0,0,0,0,1,0,1,NULL,NULL,NULL),(29,NULL,5,2021,'Cuota sindical',0.00,0,0,0,1,0,0,1,NULL,NULL,NULL),(30,NULL,1,2021,'Cuota sindical por otros empleos',0.00,0,0,0,0,1,0,1,NULL,NULL,NULL),(31,NULL,1,2021,'Cuotas médico asistenciales',0.00,0,0,0,0,1,0,1,NULL,NULL,NULL),(32,NULL,1,2021,'Primas de seguro para el caso de muerte',24000.00,0,1,0,0,1,1,1,NULL,NULL,NULL);
INSERT INTO `syj_g4_deduc_gral` VALUES (33,NULL,1,2021,'Primas por riesgo de muerte y de ahorro de seguros mixtos, excepto para los casos de seguros de retiro privados administrados por entidades sujetas al control de la Superintendencia de Seguro',24000.00,0,1,0,0,1,0,1,NULL,NULL,NULL),(34,NULL,1,2021,'Aportes a planes de seguro de retiro privados administrados por entidades sujetas al control de la Superintendencia de Seguros de la Nación',24000.00,0,0,0,0,1,1,1,NULL,NULL,NULL),(35,NULL,1,2021,'Cuotapartes de fondos comunes de inversión constituidos con fines de retiro',24000.00,0,0,0,0,1,0,1,NULL,NULL,NULL),(36,NULL,1,2021,'Gastos de sepelio',996.23,0,0,0,0,1,1,1,NULL,NULL,NULL),(37,NULL,1,2021,'Gastos amortización e intereses rodado para corredores y viajantes de comercio',0.00,0,0,0,0,1,0,1,NULL,NULL,NULL),(38,NULL,1,2021,'Donaciones a fiscos nacional, provinciales y municipales, y a instituciones comprendidas en el art. 20, inc. e) y f) de la ley',0.00,0,0,0,0,1,0,1,NULL,NULL,NULL),(39,NULL,1,2021,'Descuentos obligatorios establecidos por ley nacional, provincial o municipal',0.00,0,0,0,0,1,0,1,NULL,NULL,NULL),(40,NULL,1,2021,'Honorarios por servicios de asistencia sanitaria, médica y paramédica',0.00,0,1,0,0,1,0,1,NULL,NULL,NULL),(41,NULL,1,2021,'Intereses de créditos hipotecarios',20000.00,0,0,0,0,1,1,1,NULL,NULL,NULL),(42,NULL,1,2021,'Aportes al capital social o al fondo de riesgo de socios protectores de Sociedades de Garantía Recíproca',0.00,0,1,0,0,1,0,1,NULL,NULL,NULL),(43,NULL,1,2021,'Aportes a Cajas Complementarias de Previsión, Fondos Compensadores de Previsión o similares',0.00,0,1,0,0,1,0,1,NULL,NULL,NULL),(44,NULL,1,2021,'Alquileres de inmuebles destinados a casa habitación',167678.40,0,0,0,0,1,1,1,NULL,NULL,NULL),(45,NULL,1,2021,'Empleados del servicio doméstico',167678.40,0,0,0,0,1,1,1,NULL,NULL,NULL),(46,NULL,1,2021,'Gastos de movilidad, viáticos y otras compensaciones análogas abonados por el empleador',0.00,0,0,0,0,1,0,1,NULL,NULL,NULL),(47,NULL,1,2021,'Gastos por adquisición de indumentaria y/o equipamiento de trabajo',0.00,0,0,0,0,1,0,1,NULL,NULL,NULL),(48,NULL,1,2021,'Otras deducciones',0.00,0,0,0,0,1,0,1,NULL,NULL,NULL),(49,NULL,4,2022,'Aportes a fondos de jubilaciones, retiros, pensiones o subsidios que se destinen a cajas nacionales, provinciales o municipales',0.00,0,0,0,1,0,0,1,NULL,NULL,NULL),(50,NULL,1,2022,'Aportes a fondos de jubilaciones, retiros, pensiones o subsidios que se destinen a cajas nacionales, provinciales o municipales por otros empleos',0.00,0,0,0,0,1,0,1,NULL,NULL,NULL),(51,NULL,3,2022,'Aportes a obra sociales',0.00,0,0,0,1,0,0,1,NULL,NULL,NULL),(52,NULL,1,2022,'Aportes a obra sociales por otros empleos',0.00,0,0,0,0,1,0,1,NULL,NULL,NULL),(53,NULL,5,2022,'Cuota sindical',0.00,0,0,0,1,0,0,1,NULL,NULL,NULL),(54,NULL,1,2022,'Cuota sindical por otros empleos',0.00,0,0,0,0,1,0,1,NULL,NULL,NULL),(55,NULL,1,2022,'Cuotas médico asistenciales',0.00,0,0,0,0,1,0,1,NULL,NULL,NULL),(56,NULL,1,2022,'Primas de seguro para el caso de muerte',24000.00,0,1,0,0,1,1,1,NULL,NULL,NULL),(57,NULL,1,2022,'Primas por riesgo de muerte y de ahorro de seguros mixtos, excepto para los casos de seguros de retiro privados administrados por entidades sujetas al control de la Superintendencia de Seguro',24000.00,0,1,0,0,1,0,1,NULL,NULL,NULL),(58,NULL,1,2022,'Aportes a planes de seguro de retiro privados administrados por entidades sujetas al control de la Superintendencia de Seguros de la Nación',24000.00,0,0,0,0,1,1,1,NULL,NULL,NULL),(59,NULL,1,2022,'Cuotapartes de fondos comunes de inversión constituidos con fines de retiro',24000.00,0,0,0,0,1,0,1,NULL,NULL,NULL),(60,NULL,1,2022,'Gastos de sepelio',996.23,0,0,0,0,1,1,1,NULL,NULL,NULL),(61,NULL,1,2022,'Gastos amortización e intereses rodado para corredores y viajantes de comercio',0.00,0,0,0,0,1,0,1,NULL,NULL,NULL),(62,NULL,1,2022,'Donaciones a fiscos nacional, provinciales y municipales, y a instituciones comprendidas en el art. 20, inc. e) y f) de la ley',0.00,0,0,0,0,1,0,1,NULL,NULL,NULL);
INSERT INTO `syj_g4_deduc_gral` VALUES (63,NULL,1,2022,'Descuentos obligatorios establecidos por ley nacional, provincial o municipal',0.00,0,0,0,0,1,0,1,NULL,NULL,NULL),(64,NULL,1,2022,'Honorarios por servicios de asistencia sanitaria, médica y paramédica',0.00,0,1,0,0,1,0,1,NULL,NULL,NULL),(65,NULL,1,2022,'Intereses de créditos hipotecarios',20000.00,0,0,0,0,1,1,1,NULL,NULL,NULL),(66,NULL,1,2022,'Aportes al capital social o al fondo de riesgo de socios protectores de Sociedades de Garantía Recíproca',0.00,0,1,0,0,1,0,1,NULL,NULL,NULL),(67,NULL,1,2022,'Aportes a Cajas Complementarias de Previsión, Fondos Compensadores de Previsión o similares',0.00,0,1,0,0,1,0,1,NULL,NULL,NULL),(68,NULL,1,2022,'Alquileres de inmuebles destinados a casa habitación',252564.84,0,0,0,0,1,1,1,NULL,NULL,NULL),(69,NULL,1,2022,'Empleados del servicio doméstico',252564.84,0,0,0,0,1,1,1,NULL,NULL,NULL),(70,NULL,1,2022,'Gastos de movilidad, viáticos y otras compensaciones análogas abonados por el empleador',0.00,0,0,0,0,1,0,1,NULL,NULL,NULL),(71,NULL,1,2022,'Gastos por adquisición de indumentaria y/o equipamiento de trabajo',0.00,0,0,0,0,1,0,1,NULL,NULL,NULL),(72,NULL,1,2022,'Otras deducciones',0.00,0,0,0,0,1,0,1,NULL,NULL,NULL),(73,NULL,4,2023,'Aportes a fondos de jubilaciones, retiros, pensiones o subsidios que se destinen a cajas nacionales, provinciales o municipales',0.00,0,0,0,1,0,0,1,NULL,NULL,NULL),(74,NULL,1,2023,'Aportes a fondos de jubilaciones, retiros, pensiones o subsidios que se destinen a cajas nacionales, provinciales o municipales por otros empleos',0.00,0,0,0,0,1,0,1,NULL,NULL,NULL),(75,NULL,3,2023,'Aportes a obra sociales',0.00,0,0,0,1,0,0,1,NULL,NULL,NULL),(76,NULL,1,2023,'Aportes a obra sociales por otros empleos',0.00,0,0,0,0,1,0,1,NULL,NULL,NULL),(77,NULL,5,2023,'Cuota sindical',0.00,0,0,0,1,0,0,1,NULL,NULL,NULL),(78,NULL,1,2023,'Cuota sindical por otros empleos',0.00,0,0,0,0,1,0,1,NULL,NULL,NULL),(79,NULL,1,2023,'Cuotas médico asistenciales',0.00,0,0,0,0,1,0,1,NULL,NULL,NULL),(80,NULL,1,2023,'Primas de seguro para el caso de muerte',24000.00,0,1,0,0,1,1,1,NULL,NULL,NULL),(81,NULL,1,2023,'Primas por riesgo de muerte y de ahorro de seguros mixtos, excepto para los casos de seguros de retiro privados administrados por entidades sujetas al control de la Superintendencia de Seguro',24000.00,0,1,0,0,1,0,1,NULL,NULL,NULL),(82,NULL,1,2023,'Aportes a planes de seguro de retiro privados administrados por entidades sujetas al control de la Superintendencia de Seguros de la Nación',24000.00,0,0,0,0,1,1,1,NULL,NULL,NULL),(83,NULL,1,2023,'Cuotapartes de fondos comunes de inversión constituidos con fines de retiro',24000.00,0,0,0,0,1,0,1,NULL,NULL,NULL),(84,NULL,1,2023,'Gastos de sepelio',996.23,0,0,0,0,1,1,1,NULL,NULL,NULL),(85,NULL,1,2023,'Gastos amortización e intereses rodado para corredores y viajantes de comercio',0.00,0,0,0,0,1,0,1,NULL,NULL,NULL),(86,NULL,1,2023,'Donaciones a fiscos nacional, provinciales y municipales, y a instituciones comprendidas en el art. 20, inc. e) y f) de la ley',0.00,0,0,0,0,1,0,1,NULL,NULL,NULL),(87,NULL,1,2023,'Descuentos obligatorios establecidos por ley nacional, provincial o municipal',0.00,0,0,0,0,1,0,1,NULL,NULL,NULL),(88,NULL,1,2023,'Honorarios por servicios de asistencia sanitaria, médica y paramédica',0.00,0,1,0,0,1,0,1,NULL,NULL,NULL),(89,NULL,1,2023,'Intereses de créditos hipotecarios',20000.00,0,0,0,0,1,1,1,NULL,NULL,NULL),(90,NULL,1,2023,'Aportes al capital social o al fondo de riesgo de socios protectores de Sociedades de Garantía Recíproca',0.00,0,1,0,0,1,0,1,NULL,NULL,NULL),(91,NULL,1,2023,'Aportes a Cajas Complementarias de Previsión, Fondos Compensadores de Previsión o similares',0.00,0,1,0,0,1,0,1,NULL,NULL,NULL),(92,NULL,1,2023,'Alquileres de inmuebles destinados a casa habitación',451686.96,0,0,0,0,1,1,1,NULL,NULL,NULL),(93,NULL,1,2023,'Empleados del servicio doméstico',451686.96,0,0,0,0,1,1,1,NULL,NULL,NULL);
INSERT INTO `syj_g4_deduc_gral` VALUES (94,NULL,1,2023,'Gastos de movilidad, viáticos y otras compensaciones análogas abonados por el empleador',0.00,0,0,0,0,1,0,1,NULL,NULL,NULL),(95,NULL,1,2023,'Gastos por adquisición de indumentaria y/o equipamiento de trabajo',0.00,0,0,0,0,1,0,1,NULL,NULL,NULL),(96,NULL,1,2023,'Otras deducciones',0.00,0,0,0,0,1,0,1,NULL,NULL,NULL),(97,NULL,4,2024,'Aportes a fondos de jubilaciones, retiros, pensiones o subsidios que se destinen a cajas nacionales, provinciales o municipales',0.00,0,0,0,1,0,0,1,NULL,NULL,NULL),(98,NULL,1,2024,'Aportes a fondos de jubilaciones, retiros, pensiones o subsidios que se destinen a cajas nacionales, provinciales o municipales por otros empleos',0.00,0,0,0,0,1,0,1,NULL,NULL,NULL),(99,NULL,3,2024,'Aportes a obra sociales',0.00,0,0,0,1,0,0,1,NULL,NULL,NULL),(100,NULL,1,2024,'Aportes a obra sociales por otros empleos',0.00,0,0,0,0,1,0,1,NULL,NULL,NULL),(101,NULL,5,2024,'Cuota sindical',0.00,0,0,0,1,0,0,1,NULL,NULL,NULL),(102,NULL,1,2024,'Cuota sindical por otros empleos',0.00,0,0,0,0,1,0,1,NULL,NULL,NULL),(103,NULL,1,2024,'Cuotas médico asistenciales',0.00,0,0,0,0,1,0,1,NULL,NULL,NULL),(104,NULL,1,2024,'Primas de seguro para el caso de muerte',195845.39,0,1,0,0,1,1,1,NULL,NULL,NULL),(105,NULL,1,2024,'Primas por riesgo de muerte y de ahorro de seguros mixtos, excepto para los casos de seguros de retiro privados administrados por entidades sujetas al control de la Superintendencia de Seguro',195845.39,0,1,0,0,1,0,1,NULL,NULL,NULL),(106,NULL,1,2024,'Aportes a planes de seguro de retiro privados administrados por entidades sujetas al control de la Superintendencia de Seguros de la Nación',195845.39,0,0,0,0,1,1,1,NULL,NULL,NULL),(107,NULL,1,2024,'Cuotapartes de fondos comunes de inversión constituidos con fines de retiro',195845.39,0,0,0,0,1,0,1,NULL,NULL,NULL),(108,NULL,1,2024,'Gastos de sepelio',996.23,0,0,0,0,1,1,1,NULL,NULL,NULL),(109,NULL,1,2024,'Gastos amortización e intereses rodado para corredores y viajantes de comercio',0.00,0,0,0,0,1,0,1,NULL,NULL,NULL),(110,NULL,1,2024,'Donaciones a fiscos nacional, provinciales y municipales, y a instituciones comprendidas en el art. 20, inc. e) y f) de la ley',0.00,0,0,0,0,1,0,1,NULL,NULL,NULL),(111,NULL,1,2024,'Descuentos obligatorios establecidos por ley nacional, provincial o municipal',0.00,0,0,0,0,1,0,1,NULL,NULL,NULL),(112,NULL,1,2024,'Honorarios por servicios de asistencia sanitaria, médica y paramédica',0.00,0,1,0,0,1,0,1,NULL,NULL,NULL),(113,NULL,1,2024,'Intereses de créditos hipotecarios',20000.00,0,0,0,0,1,1,1,NULL,NULL,NULL),(114,NULL,1,2024,'Aportes al capital social o al fondo de riesgo de socios protectores de Sociedades de Garantía Recíproca',0.00,0,1,0,0,1,0,1,NULL,NULL,NULL),(115,NULL,1,2024,'Aportes a Cajas Complementarias de Previsión, Fondos Compensadores de Previsión o similares',0.00,0,1,0,0,1,0,1,NULL,NULL,NULL),(116,NULL,1,2024,'Alquileres de inmuebles destinados a casa habitación',3503688.17,0,0,0,0,1,1,1,NULL,NULL,NULL),(117,NULL,1,2024,'Empleados del servicio doméstico',3503688.17,0,0,0,0,1,1,1,NULL,NULL,NULL),(118,NULL,1,2024,'Gastos de movilidad, viáticos y otras compensaciones análogas abonados por el empleador',0.00,0,0,0,0,1,0,1,NULL,NULL,NULL),(119,NULL,1,2024,'Gastos por adquisición de indumentaria y/o equipamiento de trabajo',0.00,0,0,0,0,1,0,1,NULL,NULL,NULL),(120,NULL,1,2024,'Otras deducciones',0.00,0,0,0,0,1,0,1,NULL,NULL,NULL),(121,NULL,1,2024,'Servicios o Herramientas con Fines Educativos',1401475.27,0,0,0,0,1,0,1,NULL,NULL,NULL),(122,NULL,4,2025,'Aportes a fondos de jubilaciones, retiros, pensiones o subsidios que se destinen a cajas nacionales, provinciales o municipales',0.00,0,0,0,1,0,0,1,NULL,'2025-02-22 00:42:28',NULL),(123,NULL,1,2025,'Aportes a fondos de jubilaciones, retiros, pensiones o subsidios que se destinen a cajas nacionales, provinciales o municipales por otros empleos',0.00,0,0,0,0,1,0,1,NULL,'2025-02-22 00:42:28',NULL);
INSERT INTO `syj_g4_deduc_gral` VALUES (124,NULL,3,2025,'Aportes a obra sociales',0.00,0,0,0,1,0,0,1,NULL,'2025-02-22 00:42:28',NULL),(125,NULL,1,2025,'Aportes a obra sociales por otros empleos',0.00,0,0,0,0,1,0,1,NULL,'2025-02-22 00:42:28',NULL),(126,NULL,5,2025,'Cuota sindical',0.00,0,0,0,1,0,0,1,NULL,'2025-02-22 00:42:28',NULL),(127,NULL,1,2025,'Cuota sindical por otros empleos',0.00,0,0,0,0,1,0,1,NULL,'2025-02-22 00:42:28',NULL),(128,NULL,1,2025,'Cuotas médico asistenciales',0.00,0,0,0,0,1,1,1,NULL,'2025-02-22 00:42:28',NULL),(129,NULL,1,2025,'Primas de seguro para el caso de muerte',573817.13,0,1,0,0,1,0,1,NULL,'2025-02-22 00:42:28',NULL),(130,NULL,1,2025,'Primas por riesgo de muerte y de ahorro de seguros mixtos, excepto para los casos de seguros de retiro privados administrados por entidades sujetas al control de la Superintendencia de Seguro',573817.13,0,1,0,0,1,0,1,NULL,'2025-02-22 00:42:28',NULL),(131,NULL,1,2025,'Aportes a planes de seguro de retiro privados administrados por entidades sujetas al control de la Superintendencia de Seguros de la Nación',573817.13,0,0,0,0,1,0,1,NULL,'2025-02-22 00:42:28',NULL),(132,NULL,1,2025,'Cuotapartes de fondos comunes de inversión constituidos con fines de retiro',195845.39,0,0,0,0,1,0,1,NULL,'2025-02-22 00:42:28','2025-02-22 00:42:28'),(133,NULL,1,2025,'Gastos de sepelio',996.23,0,0,0,0,1,0,1,NULL,'2025-02-22 00:42:28',NULL),(134,NULL,1,2025,'Gastos amortización e intereses rodado para corredores y viajantes de comercio',0.00,0,0,0,0,1,0,1,NULL,'2025-02-22 00:42:28',NULL),(135,NULL,1,2025,'Donaciones a fiscos nacional, provinciales y municipales, y a instituciones comprendidas en el art. 20, inc. e) y f) de la ley',0.00,0,0,0,0,1,1,1,NULL,'2025-02-22 00:42:28',NULL),(136,NULL,1,2025,'Descuentos obligatorios establecidos por ley nacional, provincial o municipal',0.00,0,0,0,0,1,0,1,NULL,'2025-02-22 00:42:28',NULL),(137,NULL,1,2025,'Honorarios por servicios de asistencia sanitaria, médica y paramédica',0.00,0,1,0,0,1,0,1,NULL,'2025-02-22 00:42:28',NULL),(138,NULL,1,2025,'Intereses de créditos hipotecarios',20000.00,0,0,0,0,1,0,1,NULL,'2025-02-22 00:42:28',NULL),(139,NULL,1,2025,'Aportes al capital social o al fondo de riesgo de socios protectores de Sociedades de Garantía Recíproca',0.00,0,1,0,0,1,0,1,NULL,'2025-02-22 00:42:28',NULL),(140,NULL,1,2025,'Aportes a Cajas Complementarias de Previsión, Fondos Compensadores de Previsión o similares',0.00,0,1,0,0,1,0,1,NULL,'2025-02-22 00:42:28',NULL),(141,NULL,1,2025,'Alquileres de inmuebles destinados a casa habitación',3916268.37,0,0,0,0,1,0,1,NULL,'2025-02-22 00:42:28',NULL),(142,NULL,1,2025,'Empleados del servicio doméstico',3916268.37,0,0,0,0,1,0,1,NULL,'2025-02-22 00:42:28',NULL),(143,NULL,1,2025,'Gastos de movilidad, viáticos y otras compensaciones análogas abonados por el empleador',0.00,0,0,0,0,1,0,1,NULL,'2025-02-22 00:42:28',NULL),(144,NULL,1,2025,'Gastos por adquisición de indumentaria y/o equipamiento de trabajo',0.00,0,0,0,0,1,0,1,NULL,'2025-02-22 00:42:28',NULL),(145,NULL,1,2025,'Otras deducciones',0.00,0,0,0,0,1,0,1,NULL,'2025-02-22 00:42:28',NULL),(146,NULL,1,2025,'Servicios o Herramientas con Fines Educativos',1566507.35,0,0,0,0,1,0,1,NULL,'2025-02-22 00:42:28',NULL);

--
-- Table structure for table `syj_g4_deduc_gral_detail`
--

CREATE TABLE `syj_g4_deduc_gral_detail` (
  `id` int(10) unsigned NOT NULL AUTO_INCREMENT,
  `user_id` int(10) unsigned DEFAULT NULL,
  `person_id` int(10) unsigned NOT NULL,
  `period_id` int(10) unsigned DEFAULT NULL,
  `syj_empleado_id` int(10) unsigned NOT NULL,
  `syj_g4_deduc_gral_id` int(10) unsigned NOT NULL,
  `importe` decimal(16,2) NOT NULL DEFAULT '0.00',
  `comentario` longtext COLLATE utf8mb4_unicode_ci,
  `habilitado` tinyint(1) NOT NULL DEFAULT '1',
  `created_at` timestamp NULL DEFAULT NULL,
  `updated_at` timestamp NULL DEFAULT NULL,
  `deleted_at` timestamp NULL DEFAULT NULL,
  PRIMARY KEY (`id`),
  KEY `syj_g4_deduc_gral_detail_person_id_foreign` (`person_id`),
  KEY `syj_g4_deduc_gral_detail_syj_empleado_id_foreign` (`syj_empleado_id`),
  KEY `syj_g4_deduc_gral_detail_syj_g4_deduc_gral_id_foreign` (`syj_g4_deduc_gral_id`),
  KEY `syj_g4_deduc_gral_detail_period_id_foreign` (`period_id`),
  CONSTRAINT `syj_g4_deduc_gral_detail_period_id_foreign` FOREIGN KEY (`period_id`) REFERENCES `periods` (`id`),
  CONSTRAINT `syj_g4_deduc_gral_detail_person_id_foreign` FOREIGN KEY (`person_id`) REFERENCES `persons` (`id`),
  CONSTRAINT `syj_g4_deduc_gral_detail_syj_empleado_id_foreign` FOREIGN KEY (`syj_empleado_id`) REFERENCES `syj_empleados` (`id`),
  CONSTRAINT `syj_g4_deduc_gral_detail_syj_g4_deduc_gral_id_foreign` FOREIGN KEY (`syj_g4_deduc_gral_id`) REFERENCES `syj_g4_deduc_gral` (`id`)
) ENGINE=InnoDB DEFAULT CHARSET=utf8mb4 COLLATE=utf8mb4_unicode_ci;

--
-- Dumping data for table `syj_g4_deduc_gral_detail`
--


--
-- Table structure for table `syj_g4_deduc_pers_detail`
--

CREATE TABLE `syj_g4_deduc_pers_detail` (
  `id` int(10) unsigned NOT NULL AUTO_INCREMENT,
  `user_id` int(10) unsigned DEFAULT NULL,
  `person_id` int(10) unsigned NOT NULL,
  `syj_empleado_id` int(10) unsigned NOT NULL,
  `syj_g4_deduc_pers_por_anio_id` int(10) unsigned NOT NULL,
  `importe` decimal(16,2) NOT NULL DEFAULT '0.00',
  `comentario` longtext COLLATE utf8mb4_unicode_ci,
  `habilitado` tinyint(1) NOT NULL DEFAULT '1',
  `created_at` timestamp NULL DEFAULT NULL,
  `updated_at` timestamp NULL DEFAULT NULL,
  `deleted_at` timestamp NULL DEFAULT NULL,
  PRIMARY KEY (`id`),
  KEY `syj_g4_deduc_pers_detail_person_id_foreign` (`person_id`),
  KEY `syj_g4_deduc_pers_detail_syj_empleado_id_foreign` (`syj_empleado_id`),
  KEY `syj_g4_deduc_pers_detail_syj_g4_deduc_pers_por_anio_id_foreign` (`syj_g4_deduc_pers_por_anio_id`),
  CONSTRAINT `syj_g4_deduc_pers_detail_person_id_foreign` FOREIGN KEY (`person_id`) REFERENCES `persons` (`id`),
  CONSTRAINT `syj_g4_deduc_pers_detail_syj_empleado_id_foreign` FOREIGN KEY (`syj_empleado_id`) REFERENCES `syj_empleados` (`id`),
  CONSTRAINT `syj_g4_deduc_pers_detail_syj_g4_deduc_pers_por_anio_id_foreign` FOREIGN KEY (`syj_g4_deduc_pers_por_anio_id`) REFERENCES `syj_g4_deduc_pers_por_anio` (`id`)
) ENGINE=InnoDB DEFAULT CHARSET=utf8mb4 COLLATE=utf8mb4_unicode_ci;

--
-- Dumping data for table `syj_g4_deduc_pers_detail`
--


--
-- Table structure for table `syj_g4_deduc_pers_por_anio`
--

CREATE TABLE `syj_g4_deduc_pers_por_anio` (
  `id` int(10) unsigned NOT NULL AUTO_INCREMENT,
  `user_id` int(10) unsigned DEFAULT NULL,
  `syj_g4_tipo_deduc_pers_id` int(10) unsigned NOT NULL,
  `anio` int(10) unsigned NOT NULL,
  `mes` int(11) DEFAULT NULL,
  `tope` decimal(16,2) NOT NULL DEFAULT '0.00',
  `informadas` tinyint(1) NOT NULL DEFAULT '1',
  `habilitado` tinyint(1) NOT NULL DEFAULT '1',
  `created_at` timestamp NULL DEFAULT NULL,
  `updated_at` timestamp NULL DEFAULT NULL,
  `deleted_at` timestamp NULL DEFAULT NULL,
  PRIMARY KEY (`id`),
  KEY `syj_g4_deduc_pers_por_anio_syj_g4_tipo_deduc_pers_id_foreign` (`syj_g4_tipo_deduc_pers_id`),
  CONSTRAINT `syj_g4_deduc_pers_por_anio_syj_g4_tipo_deduc_pers_id_foreign` FOREIGN KEY (`syj_g4_tipo_deduc_pers_id`) REFERENCES `syj_g4_tipo_deduc_personal` (`id`)
) ENGINE=InnoDB AUTO_INCREMENT=121 DEFAULT CHARSET=utf8mb4 COLLATE=utf8mb4_unicode_ci;

--
-- Dumping data for table `syj_g4_deduc_pers_por_anio`
--

INSERT INTO `syj_g4_deduc_pers_por_anio` VALUES (1,NULL,1,2019,NULL,103018.79,0,1,NULL,NULL,NULL),(2,NULL,2,2019,NULL,80033.97,1,1,NULL,NULL,NULL),(3,NULL,3,2019,NULL,206037.56,1,1,NULL,NULL,NULL),(4,NULL,9,2019,NULL,103018.79,0,1,NULL,NULL,NULL),(5,NULL,1,2020,NULL,123861.27,0,1,NULL,NULL,NULL),(6,NULL,2,2020,NULL,115471.38,1,1,NULL,NULL,NULL),(7,NULL,3,2020,NULL,58232.65,1,1,NULL,NULL,NULL),(8,NULL,9,2020,NULL,594533.62,0,1,NULL,NULL,NULL),(9,NULL,1,2021,NULL,167678.40,0,1,NULL,NULL,NULL),(10,NULL,2,2021,NULL,156320.63,1,1,NULL,NULL,NULL),(11,NULL,3,2021,NULL,78833.08,1,1,NULL,NULL,NULL),(12,NULL,9,2021,NULL,804856.34,0,1,NULL,NULL,NULL),(13,NULL,1,2022,NULL,252564.84,0,1,NULL,NULL,NULL),(14,NULL,2,2022,NULL,235457.25,1,1,NULL,NULL,NULL),(15,NULL,3,2022,NULL,118741.97,1,1,NULL,NULL,NULL),(16,NULL,9,2022,NULL,1212311.24,0,1,NULL,NULL,NULL),(17,NULL,1,2023,NULL,451686.96,0,1,NULL,NULL,NULL),(18,NULL,2,2023,NULL,421091.75,1,1,NULL,NULL,NULL),(19,NULL,3,2023,NULL,212358.14,1,1,NULL,NULL,NULL),(20,NULL,9,2023,NULL,2168097.42,0,1,NULL,NULL,NULL),(25,NULL,1,2024,1,3091035.00,0,1,NULL,NULL,NULL),(26,NULL,2,2024,1,2911135.00,1,1,NULL,NULL,NULL),(27,NULL,3,2024,1,1468096.00,1,1,NULL,NULL,NULL),(28,NULL,9,2024,1,14836968.00,0,1,NULL,NULL,NULL),(29,NULL,1,2024,2,3091035.00,0,1,NULL,NULL,NULL),(30,NULL,2,2024,2,2911135.00,1,1,NULL,NULL,NULL),(31,NULL,3,2024,2,1468096.00,1,1,NULL,NULL,NULL),(32,NULL,9,2024,2,14836968.00,0,1,NULL,NULL,NULL),(33,NULL,1,2024,3,3091035.00,0,1,NULL,NULL,NULL),(34,NULL,2,2024,3,2911135.00,1,1,NULL,NULL,NULL),(35,NULL,3,2024,3,1468096.00,1,1,NULL,NULL,NULL),(36,NULL,9,2024,3,14836968.00,0,1,NULL,NULL,NULL),(37,NULL,1,2024,4,3091035.00,0,1,NULL,NULL,NULL),(38,NULL,2,2024,4,2911135.00,1,1,NULL,NULL,NULL),(39,NULL,3,2024,4,1468096.00,1,1,NULL,NULL,NULL),(40,NULL,9,2024,4,14836968.00,0,1,NULL,NULL,NULL),(41,NULL,1,2024,5,3091035.00,0,1,NULL,NULL,NULL),(42,NULL,2,2024,5,2911135.00,1,1,NULL,NULL,NULL),(43,NULL,3,2024,5,1468096.00,1,1,NULL,NULL,NULL),(44,NULL,9,2024,5,14836968.00,0,1,NULL,NULL,NULL),(45,NULL,1,2024,6,3091035.00,0,1,NULL,NULL,NULL),(46,NULL,2,2024,6,2911135.00,1,1,NULL,NULL,NULL),(47,NULL,3,2024,6,1468096.00,1,1,NULL,NULL,NULL),(48,NULL,9,2024,6,14836968.00,0,1,NULL,NULL,NULL),(49,NULL,1,2024,7,3091035.00,0,1,NULL,NULL,NULL),(50,NULL,2,2024,7,2911135.00,1,1,NULL,NULL,NULL),(51,NULL,3,2024,7,1468096.00,1,1,NULL,NULL,NULL),(52,NULL,9,2024,7,14836968.00,0,1,NULL,NULL,NULL),(53,NULL,1,2024,8,3091035.00,0,1,NULL,NULL,NULL),(54,NULL,2,2024,8,2911135.00,1,1,NULL,NULL,NULL),(55,NULL,3,2024,8,1468096.00,1,1,NULL,NULL,NULL),(56,NULL,9,2024,8,14836968.00,0,1,NULL,NULL,NULL),(57,NULL,1,2024,9,3503688.17,0,1,NULL,NULL,NULL),(58,NULL,2,2024,9,3299771.52,1,1,NULL,NULL,NULL),(59,NULL,3,2024,9,1664086.82,1,1,NULL,NULL,NULL),(60,NULL,9,2024,9,16817703.23,0,1,NULL,NULL,NULL),(61,NULL,1,2024,10,3503688.17,0,1,NULL,NULL,NULL),(62,NULL,2,2024,10,3299771.52,1,1,NULL,NULL,NULL),(63,NULL,3,2024,10,1664086.82,1,1,NULL,NULL,NULL),(64,NULL,9,2024,10,16817703.23,0,1,NULL,NULL,NULL),(65,NULL,1,2024,11,3503688.17,0,1,NULL,NULL,NULL),(66,NULL,2,2024,11,3299771.52,1,1,NULL,NULL,NULL),(67,NULL,3,2024,11,1664086.82,1,1,NULL,NULL,NULL),(68,NULL,9,2024,11,16817703.23,0,1,NULL,NULL,NULL),(69,NULL,1,2024,12,3503688.17,0,1,NULL,NULL,NULL),(70,NULL,2,2024,12,3299771.52,1,1,NULL,NULL,NULL),(71,NULL,3,2024,12,1664086.82,1,1,NULL,NULL,NULL),(72,NULL,9,2024,12,16817703.23,0,1,NULL,NULL,NULL),(73,NULL,1,2025,1,3916268.37,0,1,NULL,NULL,NULL),(74,NULL,2,2025,1,3688339.32,1,1,NULL,NULL,NULL),(75,NULL,3,2025,1,1860042.98,1,1,NULL,NULL,NULL),(76,NULL,9,2025,1,18798088.20,0,1,NULL,NULL,NULL),(77,NULL,1,2025,2,3916268.37,0,1,NULL,NULL,NULL),(78,NULL,2,2025,2,3688339.32,1,1,NULL,NULL,NULL),(79,NULL,3,2025,2,1860042.98,1,1,NULL,NULL,NULL),(80,NULL,9,2025,2,18798088.20,0,1,NULL,NULL,NULL),(81,NULL,1,2025,3,3916268.37,0,1,NULL,NULL,NULL),(82,NULL,2,2025,3,3688339.32,1,1,NULL,NULL,NULL),(83,NULL,3,2025,3,1860042.98,1,1,NULL,NULL,NULL);
INSERT INTO `syj_g4_deduc_pers_por_anio` VALUES (84,NULL,9,2025,3,18798088.20,0,1,NULL,NULL,NULL),(85,NULL,1,2025,4,3916268.37,0,1,NULL,NULL,NULL),(86,NULL,2,2025,4,3688339.32,1,1,NULL,NULL,NULL),(87,NULL,3,2025,4,1860042.98,1,1,NULL,NULL,NULL),(88,NULL,9,2025,4,18798088.20,0,1,NULL,NULL,NULL),(89,NULL,1,2025,5,3916268.37,0,1,NULL,NULL,NULL),(90,NULL,2,2025,5,3688339.32,1,1,NULL,NULL,NULL),(91,NULL,3,2025,5,1860042.98,1,1,NULL,NULL,NULL),(92,NULL,9,2025,5,18798088.20,0,1,NULL,NULL,NULL),(93,NULL,1,2025,6,3916268.37,0,1,NULL,NULL,NULL),(94,NULL,2,2025,6,3688339.32,1,1,NULL,NULL,NULL),(95,NULL,3,2025,6,1860042.98,1,1,NULL,NULL,NULL),(96,NULL,9,2025,6,18798088.20,0,1,NULL,NULL,NULL),(97,NULL,1,2025,7,3916268.37,0,1,NULL,NULL,NULL),(98,NULL,2,2025,7,3688339.32,1,1,NULL,NULL,NULL),(99,NULL,3,2025,7,1860042.98,1,1,NULL,NULL,NULL),(100,NULL,9,2025,7,18798088.20,0,1,NULL,NULL,NULL),(101,NULL,1,2025,8,3916268.37,0,1,NULL,NULL,NULL),(102,NULL,2,2025,8,3688339.32,1,1,NULL,NULL,NULL),(103,NULL,3,2025,8,1860042.98,1,1,NULL,NULL,NULL),(104,NULL,9,2025,8,18798088.20,0,1,NULL,NULL,NULL),(105,NULL,1,2025,9,3916268.37,0,1,NULL,NULL,NULL),(106,NULL,2,2025,9,3688339.32,1,1,NULL,NULL,NULL),(107,NULL,3,2025,9,1860042.98,1,1,NULL,NULL,NULL),(108,NULL,9,2025,9,18798088.20,0,1,NULL,NULL,NULL),(109,NULL,1,2025,10,3916268.37,0,1,NULL,NULL,NULL),(110,NULL,2,2025,10,3688339.32,1,1,NULL,NULL,NULL),(111,NULL,3,2025,10,1860042.98,1,1,NULL,NULL,NULL),(112,NULL,9,2025,10,18798088.20,0,1,NULL,NULL,NULL),(113,NULL,1,2025,11,3916268.37,0,1,NULL,NULL,NULL),(114,NULL,2,2025,11,3688339.32,1,1,NULL,NULL,NULL),(115,NULL,3,2025,11,1860042.98,1,1,NULL,NULL,NULL),(116,NULL,9,2025,11,18798088.20,0,1,NULL,NULL,NULL),(117,NULL,1,2025,12,3916268.37,0,1,NULL,NULL,NULL),(118,NULL,2,2025,12,3688339.32,1,1,NULL,NULL,NULL),(119,NULL,3,2025,12,1860042.98,1,1,NULL,NULL,NULL),(120,NULL,9,2025,12,18798088.20,0,1,NULL,NULL,NULL);

--
-- Table structure for table `syj_g4_detail`
--

CREATE TABLE `syj_g4_detail` (
  `id` int(10) unsigned NOT NULL AUTO_INCREMENT,
  `user_id` int(10) unsigned DEFAULT NULL,
  `period_id` int(10) unsigned NOT NULL,
  `syj_empleado_id` int(10) unsigned NOT NULL,
  `person_id` int(10) unsigned NOT NULL,
  `syj_g4_deduc_gral_detail_id` int(10) unsigned DEFAULT NULL,
  `is_limite_5_porc` tinyint(1) NOT NULL DEFAULT '0',
  `resaltar` tinyint(1) NOT NULL DEFAULT '0',
  `descripcion` varchar(191) COLLATE utf8mb4_unicode_ci NOT NULL,
  `importe` decimal(16,2) NOT NULL DEFAULT '0.00',
  `created_at` timestamp NULL DEFAULT NULL,
  `updated_at` timestamp NULL DEFAULT NULL,
  `deleted_at` timestamp NULL DEFAULT NULL,
  PRIMARY KEY (`id`),
  KEY `syj_g4_detail_period_id_foreign` (`period_id`),
  KEY `syj_g4_detail_syj_empleado_id_foreign` (`syj_empleado_id`),
  KEY `syj_g4_detail_person_id_foreign` (`person_id`),
  KEY `syj_g4_detail_syj_g4_deduc_gral_detail_id_foreign` (`syj_g4_deduc_gral_detail_id`),
  CONSTRAINT `syj_g4_detail_period_id_foreign` FOREIGN KEY (`period_id`) REFERENCES `periods` (`id`),
  CONSTRAINT `syj_g4_detail_person_id_foreign` FOREIGN KEY (`person_id`) REFERENCES `persons` (`id`),
  CONSTRAINT `syj_g4_detail_syj_empleado_id_foreign` FOREIGN KEY (`syj_empleado_id`) REFERENCES `syj_empleados` (`id`),
  CONSTRAINT `syj_g4_detail_syj_g4_deduc_gral_detail_id_foreign` FOREIGN KEY (`syj_g4_deduc_gral_detail_id`) REFERENCES `syj_g4_deduc_gral_detail` (`id`)
) ENGINE=InnoDB DEFAULT CHARSET=utf8mb4 COLLATE=utf8mb4_unicode_ci;

--
-- Dumping data for table `syj_g4_detail`
--


--
-- Table structure for table `syj_g4_f1357`
--

CREATE TABLE `syj_g4_f1357` (
  `id` int(10) unsigned NOT NULL AUTO_INCREMENT,
  `user_id` int(10) unsigned DEFAULT NULL,
  `syj_empleado_id` int(10) unsigned NOT NULL,
  `person_id` int(10) unsigned NOT NULL,
  `anio` int(10) unsigned NOT NULL,
  `descripcion` varchar(191) COLLATE utf8mb4_unicode_ci NOT NULL,
  `importe` decimal(16,2) NOT NULL DEFAULT '0.00',
  `resaltar` tinyint(1) NOT NULL DEFAULT '0',
  `es_titulo` tinyint(1) NOT NULL DEFAULT '0',
  `simbolo` varchar(191) COLLATE utf8mb4_unicode_ci DEFAULT NULL,
  `created_at` timestamp NULL DEFAULT NULL,
  `updated_at` timestamp NULL DEFAULT NULL,
  `deleted_at` timestamp NULL DEFAULT NULL,
  PRIMARY KEY (`id`),
  KEY `syj_g4_f1357_syj_empleado_id_foreign` (`syj_empleado_id`),
  KEY `syj_g4_f1357_person_id_foreign` (`person_id`),
  CONSTRAINT `syj_g4_f1357_person_id_foreign` FOREIGN KEY (`person_id`) REFERENCES `persons` (`id`),
  CONSTRAINT `syj_g4_f1357_syj_empleado_id_foreign` FOREIGN KEY (`syj_empleado_id`) REFERENCES `syj_empleados` (`id`)
) ENGINE=InnoDB DEFAULT CHARSET=utf8mb4 COLLATE=utf8mb4_unicode_ci;

--
-- Dumping data for table `syj_g4_f1357`
--


--
-- Table structure for table `syj_g4_otros_empleos`
--

CREATE TABLE `syj_g4_otros_empleos` (
  `id` int(10) unsigned NOT NULL AUTO_INCREMENT,
  `user_id` int(10) unsigned DEFAULT NULL,
  `descripcion` varchar(191) COLLATE utf8mb4_unicode_ci DEFAULT NULL,
  `grav_ganancias` tinyint(1) NOT NULL DEFAULT '1',
  `habilitado` tinyint(1) NOT NULL DEFAULT '1',
  `created_at` timestamp NULL DEFAULT NULL,
  `updated_at` timestamp NULL DEFAULT NULL,
  `deleted_at` timestamp NULL DEFAULT NULL,
  PRIMARY KEY (`id`)
) ENGINE=InnoDB AUTO_INCREMENT=12 DEFAULT CHARSET=utf8mb4 COLLATE=utf8mb4_unicode_ci;

--
-- Dumping data for table `syj_g4_otros_empleos`
--

INSERT INTO `syj_g4_otros_empleos` VALUES (1,NULL,'Remuneracion Bruta',1,1,NULL,NULL,NULL),(2,NULL,'Retribuciones No Habituales',1,1,NULL,NULL,NULL),(3,NULL,'SAC Primera Cuota',1,1,NULL,NULL,NULL),(4,NULL,'SAC Segunda Cuota',1,1,NULL,NULL,NULL),(5,NULL,'Horas Extras Remuneracion Gravada',1,1,NULL,NULL,NULL),(6,NULL,'Movilidad y Viaticos Remuneracion Gravada',1,1,NULL,NULL,NULL),(7,NULL,'Material didactico personal docente Remuneracion Gravada',1,1,NULL,NULL,NULL),(8,NULL,'Remuneracion No Alcanzada o Exenta',0,1,NULL,NULL,NULL),(9,NULL,'Horas Extras Remuneracion Exenta',0,1,NULL,NULL,NULL),(10,NULL,'Movilidad y Viaticos Remuneracion Exenta',0,1,NULL,NULL,NULL),(11,NULL,'Material didactico personal docente Remuneracion Exenta',0,1,NULL,NULL,NULL);

--
-- Table structure for table `syj_g4_otros_empleos_detail`
--

CREATE TABLE `syj_g4_otros_empleos_detail` (
  `id` int(10) unsigned NOT NULL AUTO_INCREMENT,
  `user_id` int(10) unsigned DEFAULT NULL,
  `syj_g4_otros_empleos_id` int(10) unsigned DEFAULT NULL,
  `syj_empleado_id` int(10) unsigned NOT NULL,
  `person_id` int(10) unsigned NOT NULL,
  `anio` int(10) unsigned NOT NULL,
  `importe` decimal(16,2) NOT NULL DEFAULT '0.00',
  `created_at` timestamp NULL DEFAULT NULL,
  `updated_at` timestamp NULL DEFAULT NULL,
  `deleted_at` timestamp NULL DEFAULT NULL,
  PRIMARY KEY (`id`),
  KEY `syj_g4_otros_empleos_detail_syj_g4_otros_empleos_id_foreign` (`syj_g4_otros_empleos_id`),
  KEY `syj_g4_otros_empleos_detail_syj_empleado_id_foreign` (`syj_empleado_id`),
  KEY `syj_g4_otros_empleos_detail_person_id_foreign` (`person_id`),
  CONSTRAINT `syj_g4_otros_empleos_detail_person_id_foreign` FOREIGN KEY (`person_id`) REFERENCES `persons` (`id`),
  CONSTRAINT `syj_g4_otros_empleos_detail_syj_empleado_id_foreign` FOREIGN KEY (`syj_empleado_id`) REFERENCES `syj_empleados` (`id`),
  CONSTRAINT `syj_g4_otros_empleos_detail_syj_g4_otros_empleos_id_foreign` FOREIGN KEY (`syj_g4_otros_empleos_id`) REFERENCES `syj_g4_otros_empleos` (`id`)
) ENGINE=InnoDB DEFAULT CHARSET=utf8mb4 COLLATE=utf8mb4_unicode_ci;

--
-- Dumping data for table `syj_g4_otros_empleos_detail`
--


--
-- Table structure for table `syj_g4_tipo_deduc_personal`
--

CREATE TABLE `syj_g4_tipo_deduc_personal` (
  `id` int(10) unsigned NOT NULL AUTO_INCREMENT,
  `user_id` int(10) unsigned DEFAULT NULL,
  `coddedpers` varchar(191) COLLATE utf8mb4_unicode_ci DEFAULT NULL,
  `descripcion` varchar(191) COLLATE utf8mb4_unicode_ci DEFAULT NULL,
  `informadas` tinyint(1) NOT NULL DEFAULT '0',
  `habilitado` tinyint(1) NOT NULL DEFAULT '1',
  `created_at` timestamp NULL DEFAULT NULL,
  `updated_at` timestamp NULL DEFAULT NULL,
  `deleted_at` timestamp NULL DEFAULT NULL,
  PRIMARY KEY (`id`)
) ENGINE=InnoDB AUTO_INCREMENT=11 DEFAULT CHARSET=utf8mb4 COLLATE=utf8mb4_unicode_ci;

--
-- Dumping data for table `syj_g4_tipo_deduc_personal`
--

INSERT INTO `syj_g4_tipo_deduc_personal` VALUES (1,NULL,'10','Ganancia No Imponible',0,1,NULL,NULL,NULL),(2,NULL,'20','Cargas de Familia Cónyuge',1,1,NULL,'2021-01-05 12:16:49',NULL),(3,NULL,'30','Cargas de Familia Hijos',1,1,NULL,'2021-01-05 12:16:49',NULL),(4,NULL,'40','Cargas de Familia Otras Cargas menor 24 años',0,0,NULL,'2021-01-05 12:16:49',NULL),(5,NULL,'50','Cargas de Familia Otras Cargas',0,0,NULL,'2021-01-05 12:16:49',NULL),(6,NULL,'60','Deducción Especial Incrementada',0,0,NULL,'2021-01-05 12:16:49',NULL),(7,NULL,'70','Incremento Decreto 1006/2013',0,0,NULL,'2021-01-05 12:16:49',NULL),(8,NULL,'80','Decreto 1242/2013',0,0,NULL,'2021-01-05 12:16:49',NULL),(9,NULL,'90','Deducción Especial',0,1,NULL,NULL,NULL),(10,NULL,'100','Deducción Especial Nuevos Emp. / Prof.',0,0,NULL,'2021-01-05 12:16:49',NULL);

--
-- Table structure for table `syj_liq_empleado`
--

CREATE TABLE `syj_liq_empleado` (
  `id` int(10) unsigned NOT NULL AUTO_INCREMENT,
  `user_id` int(10) unsigned DEFAULT NULL,
  `person_id` int(10) unsigned NOT NULL,
  `syj_liquidacion_id` int(10) unsigned NOT NULL,
  `empleado_id` int(10) unsigned NOT NULL,
  `numero_recibo` int(10) unsigned NOT NULL,
  `basico` decimal(16,2) NOT NULL DEFAULT '0.00',
  `adic_fijo` decimal(16,2) NOT NULL DEFAULT '0.00',
  `syj_convenio_id` int(10) unsigned NOT NULL,
  `syj_convenio_categoria_id` int(10) unsigned NOT NULL,
  `categoria` text COLLATE utf8mb4_unicode_ci NOT NULL,
  `syj_seccion_id` int(10) unsigned NOT NULL,
  `seccion` text COLLATE utf8mb4_unicode_ci NOT NULL,
  `syj_cargo_id` int(10) unsigned NOT NULL,
  `cargo` text COLLATE utf8mb4_unicode_ci NOT NULL,
  `syj_centro_costo_id` int(10) unsigned NOT NULL,
  `dias_trabajados` int(11) NOT NULL DEFAULT '0',
  `dtrab_man` int(10) unsigned DEFAULT NULL,
  `dias_vacaciones` int(11) NOT NULL DEFAULT '0',
  `horas_trabajadas` decimal(16,2) NOT NULL DEFAULT '0.00',
  `observaciones` varchar(191) COLLATE utf8mb4_unicode_ci DEFAULT NULL,
  `total_remun` decimal(16,2) NOT NULL DEFAULT '0.00',
  `total_no_remun` decimal(16,2) NOT NULL DEFAULT '0.00',
  `total_aportes` decimal(16,2) NOT NULL DEFAULT '0.00',
  `total_neto` decimal(16,2) NOT NULL DEFAULT '0.00',
  `fecha_desde` date DEFAULT NULL,
  `mayremun` decimal(16,2) NOT NULL DEFAULT '0.00',
  `mayremun_man` tinyint(1) NOT NULL DEFAULT '0',
  `diassac` decimal(16,2) NOT NULL DEFAULT '0.00',
  `fecha_egreso` date DEFAULT NULL,
  `syj_motivo_egreso_id` int(10) unsigned DEFAULT NULL,
  `dias_trabajados_semestre` int(11) NOT NULL DEFAULT '0',
  `dias_trabajados_anio` int(11) NOT NULL DEFAULT '0',
  `mayult12` decimal(16,2) NOT NULL DEFAULT '0.00',
  `mayult12_man` tinyint(1) NOT NULL DEFAULT '0',
  `prorratg4` int(11) NOT NULL DEFAULT '0',
  `novedades_guardadas` tinyint(1) NOT NULL DEFAULT '0',
  `syj_liq_firma_estado_id` int(10) unsigned NOT NULL DEFAULT '1',
  `syj_liq_firma_fecha` date DEFAULT NULL,
  `syj_liq_empleado_status_id` int(10) unsigned NOT NULL DEFAULT '1',
  `publicar` tinyint(1) NOT NULL DEFAULT '1',
  `created_at` timestamp NULL DEFAULT NULL,
  `updated_at` timestamp NULL DEFAULT NULL,
  `deleted_at` timestamp NULL DEFAULT NULL,
  PRIMARY KEY (`id`),
  KEY `syj_liq_empleado_person_id_foreign` (`person_id`),
  KEY `syj_liq_empleado_empleado_id_foreign` (`empleado_id`),
  KEY `syj_liq_empleado_syj_liquidacion_id_foreign` (`syj_liquidacion_id`),
  KEY `syj_liq_empleado_syj_convenio_id_foreign` (`syj_convenio_id`),
  KEY `syj_liq_empleado_syj_convenio_categoria_id_foreign` (`syj_convenio_categoria_id`),
  KEY `syj_liq_empleado_syj_seccion_id_foreign` (`syj_seccion_id`),
  KEY `syj_liq_empleado_syj_cargo_id_foreign` (`syj_cargo_id`),
  KEY `syj_liq_empleado_syj_centro_costo_id_foreign` (`syj_centro_costo_id`),
  KEY `syj_liq_empleado_syj_motivo_egreso_id_foreign` (`syj_motivo_egreso_id`),
  KEY `syj_liq_empleado_syj_liq_empleado_status_id_foreign` (`syj_liq_empleado_status_id`),
  CONSTRAINT `syj_liq_empleado_empleado_id_foreign` FOREIGN KEY (`empleado_id`) REFERENCES `syj_empleados` (`id`),
  CONSTRAINT `syj_liq_empleado_person_id_foreign` FOREIGN KEY (`person_id`) REFERENCES `persons` (`id`),
  CONSTRAINT `syj_liq_empleado_syj_cargo_id_foreign` FOREIGN KEY (`syj_cargo_id`) REFERENCES `syj_cargos` (`id`),
  CONSTRAINT `syj_liq_empleado_syj_centro_costo_id_foreign` FOREIGN KEY (`syj_centro_costo_id`) REFERENCES `syj_centros_costos` (`id`),
  CONSTRAINT `syj_liq_empleado_syj_convenio_categoria_id_foreign` FOREIGN KEY (`syj_convenio_categoria_id`) REFERENCES `syj_convenio_categorias` (`id`),
  CONSTRAINT `syj_liq_empleado_syj_convenio_id_foreign` FOREIGN KEY (`syj_convenio_id`) REFERENCES `syj_convenios` (`id`),
  CONSTRAINT `syj_liq_empleado_syj_liq_empleado_status_id_foreign` FOREIGN KEY (`syj_liq_empleado_status_id`) REFERENCES `syj_liq_empleado_status` (`id`),
  CONSTRAINT `syj_liq_empleado_syj_liquidacion_id_foreign` FOREIGN KEY (`syj_liquidacion_id`) REFERENCES `syj_liquidaciones` (`id`),
  CONSTRAINT `syj_liq_empleado_syj_motivo_egreso_id_foreign` FOREIGN KEY (`syj_motivo_egreso_id`) REFERENCES `syj_motivo_egreso` (`id`),
  CONSTRAINT `syj_liq_empleado_syj_seccion_id_foreign` FOREIGN KEY (`syj_seccion_id`) REFERENCES `syj_secciones` (`id`)
) ENGINE=InnoDB AUTO_INCREMENT=35 DEFAULT CHARSET=utf8mb4 COLLATE=utf8mb4_unicode_ci;

--
-- Dumping data for table `syj_liq_empleado`
--

INSERT INTO `syj_liq_empleado` VALUES (1,1603,40719,1,1,0,36504.41,0.00,35,223,'AUXILIAR DE CUARTA',1,'Alineadores',1,'Auxiliar de Cuarta',1,30,NULL,0,88.00,NULL,0.00,0.00,0.00,0.00,NULL,0.00,0,0.00,NULL,NULL,0,0,0.00,0,0,0,1,NULL,1,1,'2021-01-28 02:17:48','2021-01-28 02:20:50','2021-01-28 02:20:50'),(2,1603,40719,1,2,0,36504.41,0.00,35,223,'AUXILIAR DE CUARTA',1,'Alineadores',1,'Auxiliar de Cuarta',1,30,NULL,0,88.00,NULL,0.00,0.00,0.00,0.00,NULL,0.00,0,0.00,NULL,NULL,0,0,0.00,0,0,0,1,NULL,1,1,'2021-01-28 02:17:48','2021-01-28 02:20:50','2021-01-28 02:20:50'),(3,1603,40719,1,1,6,36504.41,0.00,35,223,'AUXILIAR DE CUARTA',1,'Alineadores',1,'Auxiliar de Cuarta',1,30,NULL,0,88.00,NULL,22632.74,0.78,5205.52,17428.00,NULL,0.00,0,0.00,NULL,NULL,0,0,0.00,0,0,0,1,NULL,1,1,'2021-01-28 02:20:50','2021-01-29 02:14:27','2021-01-29 02:14:27'),(4,1603,40719,1,2,8,36504.41,0.00,35,223,'AUXILIAR DE CUARTA',1,'Alineadores',1,'Auxiliar de Cuarta',1,15,NULL,0,88.00,NULL,20807.62,0.14,4785.76,16022.00,NULL,0.00,0,0.00,NULL,NULL,0,0,0.00,0,0,0,1,NULL,1,1,'2021-01-28 02:20:50','2021-01-29 02:14:27','2021-01-29 02:14:27'),(5,1603,40719,1,1,3,36504.41,0.00,35,223,'AUXILIAR DE CUARTA',1,'Alineadores',1,'Auxiliar de Cuarta',1,30,NULL,0,88.00,NULL,22778.76,0.35,5239.11,17540.00,NULL,0.00,0,0.00,NULL,NULL,0,0,0.00,0,0,0,1,NULL,1,1,'2021-01-29 02:14:27','2021-01-29 03:41:20','2021-01-29 03:41:20'),(6,1603,40719,1,2,4,36504.41,0.00,35,223,'AUXILIAR DE CUARTA',1,'Alineadores',1,'Auxiliar de Cuarta',1,14,NULL,0,88.00,NULL,22737.07,0.45,5229.52,17508.00,NULL,0.00,0,0.00,NULL,NULL,0,0,0.00,0,0,0,1,NULL,1,1,'2021-01-29 02:14:27','2021-01-29 03:41:48','2021-01-29 03:41:48'),(7,1603,40719,1,1,3,36504.41,0.00,35,223,'AUXILIAR DE CUARTA',1,'Alineadores',1,'Auxiliar de Cuarta',1,30,NULL,0,88.00,NULL,22778.76,0.35,5239.11,17540.00,NULL,0.00,0,0.00,NULL,NULL,0,0,0.00,0,0,0,1,NULL,2,1,'2021-01-29 03:41:20','2021-01-29 03:42:23',NULL),(8,1603,40719,1,2,4,36504.41,0.00,35,223,'AUXILIAR DE CUARTA',1,'Alineadores',1,'Auxiliar de Cuarta',1,14,NULL,0,88.00,NULL,22737.07,0.45,5229.52,17508.00,NULL,0.00,0,0.00,NULL,NULL,0,0,0.00,0,0,0,1,NULL,2,1,'2021-01-29 03:41:48','2021-01-29 03:43:03',NULL),(9,1603,40719,2,1,5,36504.41,0.00,35,223,'AUXILIAR DE CUARTA',1,'Alineadores',1,'Auxiliar de Cuarta',1,31,NULL,0,88.00,'CBU: 0340363908363004333001',20500.99,0.24,4715.23,15786.00,NULL,0.00,0,0.00,NULL,NULL,0,0,0.00,0,0,1,1,NULL,1,1,'2021-02-25 01:39:40','2021-02-25 02:02:20','2021-02-25 02:02:20'),(10,1603,40719,2,2,6,36504.41,0.00,35,223,'AUXILIAR DE CUARTA',1,'Alineadores',1,'Auxiliar de Cuarta',1,25,NULL,0,88.00,'CBU: 0340363908363004724001',20320.89,0.92,4673.81,15648.00,NULL,0.00,0,0.00,NULL,NULL,0,0,0.00,0,0,0,1,NULL,1,1,'2021-02-25 01:39:40','2021-02-25 02:02:20','2021-02-25 02:02:20'),(11,1603,40719,2,1,5,36504.41,0.00,35,223,'AUXILIAR DE CUARTA',1,'Alineadores',1,'Auxiliar de Cuarta',1,30,NULL,0,88.00,'CBU: 0340363908363004333001',21902.65,0.96,5037.61,16866.00,NULL,0.00,0,0.00,NULL,NULL,0,0,0.00,0,0,1,1,NULL,2,1,'2021-02-25 02:02:20','2021-02-25 02:52:00',NULL),(12,1603,40719,2,2,6,36504.41,0.00,35,223,'AUXILIAR DE CUARTA',1,'Alineadores',1,'Auxiliar de Cuarta',1,28,NULL,0,88.00,'CBU: 0340363908363004724001',21902.76,0.87,5037.63,16866.00,NULL,0.00,0,0.00,NULL,NULL,0,0,0.00,0,0,1,1,NULL,2,1,'2021-02-25 02:02:20','2021-02-25 02:52:03',NULL),(13,1603,40719,3,1,0,36504.41,0.00,35,223,'AUXILIAR DE CUARTA',1,'Alineadores',1,'Auxiliar de Cuarta',1,30,NULL,0,88.00,'CBU: 0340363908363004333001',0.00,0.00,0.00,0.00,NULL,0.00,0,0.00,NULL,NULL,0,0,0.00,0,0,0,1,NULL,1,1,'2021-03-30 00:31:38','2021-03-30 00:51:38','2021-03-30 00:51:38'),(14,1603,40719,3,2,0,36504.41,0.00,35,223,'AUXILIAR DE CUARTA',1,'Alineadores',1,'Auxiliar de Cuarta',1,30,NULL,0,88.00,'CBU: 0340363908363004724001',0.00,0.00,0.00,0.00,NULL,0.00,0,0.00,NULL,NULL,0,0,0.00,0,0,0,1,NULL,1,1,'2021-03-30 00:31:38','2021-03-30 00:51:38','2021-03-30 00:51:38');
INSERT INTO `syj_liq_empleado` VALUES (15,1603,40719,3,1,9,36504.41,0.00,35,223,'AUXILIAR DE CUARTA',1,'Alineadores',1,'Auxiliar de Cuarta',1,30,NULL,0,88.00,'CBU: 0340363908363004333001',23458.25,0.16,5395.41,18063.00,NULL,0.00,0,0.00,NULL,NULL,0,0,0.00,0,0,0,1,NULL,2,1,'2021-03-30 00:51:38','2021-03-30 01:08:02',NULL),(16,1603,40719,3,2,10,36504.41,0.00,35,223,'AUXILIAR DE CUARTA',1,'Alineadores',1,'Auxiliar de Cuarta',1,30,NULL,0,88.00,'CBU: 0340363908363004724001',23458.25,0.16,5395.41,18063.00,NULL,0.00,0,0.00,NULL,NULL,0,0,0.00,0,0,0,1,NULL,2,1,'2021-03-30 00:51:38','2021-03-30 01:08:04',NULL),(17,1603,40719,4,1,0,36504.41,0.00,35,223,'AUXILIAR DE CUARTA',1,'Alineadores',1,'Auxiliar de Cuarta',1,30,NULL,0,88.00,'CBU: 0340363908363004333001',0.00,0.00,0.00,0.00,NULL,0.00,0,0.00,NULL,NULL,0,0,0.00,0,0,0,1,NULL,1,1,'2021-04-29 02:19:49','2021-04-29 02:21:21','2021-04-29 02:21:21'),(18,1603,40719,5,2,0,36504.41,0.00,35,223,'AUXILIAR DE CUARTA',1,'Alineadores',1,'Auxiliar de Cuarta',1,30,NULL,0,88.00,'CBU: 0340363908363004724001',0.00,0.00,0.00,0.00,NULL,0.00,0,0.00,NULL,NULL,0,0,0.00,0,0,0,1,NULL,1,1,'2021-04-29 02:21:08','2021-04-29 02:21:50','2021-04-29 02:21:50'),(19,1603,40719,5,1,11,36504.41,0.00,35,223,'AUXILIAR DE CUARTA',1,'Alineadores',1,'Auxiliar de Cuarta',1,30,NULL,0,88.00,'CBU: 0340363908363004333001',23944.42,0.80,5507.22,18438.00,NULL,0.00,0,0.00,NULL,NULL,0,0,0.00,0,0,0,1,NULL,1,1,'2021-04-29 02:21:50','2021-04-29 04:20:06','2021-04-29 04:20:06'),(20,1603,40719,5,2,13,36504.41,0.00,35,223,'AUXILIAR DE CUARTA',1,'Alineadores',1,'Auxiliar de Cuarta',1,30,NULL,0,88.00,'CBU: 0340363908363004724001',23944.42,0.80,5507.22,18438.00,NULL,0.00,0,0.00,NULL,NULL,0,0,0.00,0,0,0,1,NULL,1,1,'2021-04-29 02:21:50','2021-04-29 04:20:35','2021-04-29 04:20:35'),(21,1603,40719,5,1,11,39907.36,0.00,35,223,'AUXILIAR DE CUARTA',1,'Alineadores',1,'Auxiliar de Cuarta',1,30,NULL,0,88.00,'CBU: 0340363908363004333001',24964.78,0.12,5741.90,19223.00,NULL,0.00,0,0.00,NULL,NULL,0,0,0.00,0,0,0,1,NULL,2,1,'2021-04-29 04:20:06','2021-04-29 15:14:56',NULL),(22,1603,40719,5,2,12,39907.36,0.00,35,223,'AUXILIAR DE CUARTA',1,'Alineadores',1,'Auxiliar de Cuarta',1,30,NULL,0,88.00,'CBU: 0340363908363004724001',24964.78,0.12,5741.90,19223.00,NULL,0.00,0,0.00,NULL,NULL,0,0,0.00,0,0,0,1,NULL,2,1,'2021-04-29 04:20:35','2021-04-29 15:15:21',NULL),(23,1603,40719,6,1,0,43310.32,0.00,35,223,'AUXILIAR DE CUARTA',1,'Alineadores',1,'Auxiliar de Cuarta',1,30,NULL,0,88.00,'CBU: 0340363908363004333001',0.00,0.00,0.00,0.00,NULL,0.00,0,0.00,NULL,NULL,0,0,0.00,0,0,0,1,NULL,1,1,'2021-05-30 21:50:46','2021-05-30 22:54:30','2021-05-30 22:54:30'),(24,1603,40719,6,2,0,43310.32,0.00,35,223,'AUXILIAR DE CUARTA',1,'Alineadores',1,'Auxiliar de Cuarta',1,30,NULL,0,88.00,'CBU: 0340363908363004724001',0.00,0.00,0.00,0.00,NULL,0.00,0,0.00,NULL,NULL,0,0,0.00,0,0,0,1,NULL,1,1,'2021-05-30 21:50:46','2021-05-30 22:54:30','2021-05-30 22:54:30'),(25,1603,40719,6,1,0,43310.32,0.00,35,223,'AUXILIAR DE CUARTA',1,'Alineadores',1,'Auxiliar de Cuarta',1,0,NULL,0,88.00,'CBU: 0340363908363004333001',0.00,0.00,0.00,0.00,NULL,0.00,0,0.00,NULL,NULL,0,0,0.00,0,0,0,1,NULL,1,1,'2021-05-30 22:54:30','2021-05-30 22:55:27','2021-05-30 22:55:27'),(26,1603,40719,6,1,19,43310.32,0.00,35,223,'AUXILIAR DE CUARTA',1,'Alineadores',1,'Auxiliar de Cuarta',1,0,NULL,14,0.00,'CBU: 0340363908363004333001',14552.33,0.71,3347.04,11206.00,'0000-00-00',0.00,0,0.00,NULL,NULL,0,0,0.00,0,0,1,1,NULL,2,1,'2021-05-30 22:55:27','2021-05-30 23:20:38',NULL),(27,1603,40719,7,1,0,43310.32,0.00,35,223,'AUXILIAR DE CUARTA',1,'Alineadores',1,'Auxiliar de Cuarta',1,30,NULL,0,88.00,'CBU: 0340363908363004333001',0.00,0.00,0.00,0.00,NULL,0.00,0,0.00,NULL,NULL,0,0,0.00,0,0,0,1,NULL,1,1,'2021-05-30 23:00:05','2021-05-30 23:00:19','2021-05-30 23:00:19');
INSERT INTO `syj_liq_empleado` VALUES (28,1603,40719,7,2,0,43310.32,0.00,35,223,'AUXILIAR DE CUARTA',1,'Alineadores',1,'Auxiliar de Cuarta',1,30,NULL,0,88.00,'CBU: 0340363908363004724001',0.00,0.00,0.00,0.00,NULL,0.00,0,0.00,NULL,NULL,0,0,0.00,0,0,0,1,NULL,1,1,'2021-05-30 23:00:05','2021-05-30 23:00:19','2021-05-30 23:00:19'),(29,1603,40719,7,1,16,43310.32,0.00,35,223,'AUXILIAR DE CUARTA',1,'Alineadores',1,'Auxiliar de Cuarta',1,16,NULL,0,88.00,'CBU: 0340363908363004333001',13859.33,0.32,3187.65,10672.00,NULL,0.00,0,0.00,NULL,NULL,0,0,0.00,0,0,0,1,NULL,2,1,'2021-05-30 23:00:19','2021-05-30 23:02:13',NULL),(30,1603,40719,7,2,17,43310.32,0.00,35,223,'AUXILIAR DE CUARTA',1,'Alineadores',1,'Auxiliar de Cuarta',1,29,NULL,0,88.00,'CBU: 0340363908363004724001',25986.24,0.60,5976.84,20010.00,NULL,0.00,0,0.00,NULL,NULL,0,0,0.00,0,0,0,1,NULL,2,1,'2021-05-30 23:00:19','2021-05-31 01:39:36',NULL),(31,1603,40719,8,1,0,43310.32,0.00,35,223,'AUXILIAR DE CUARTA',1,'Alineadores',1,'Auxiliar de Cuarta',1,30,NULL,0,88.00,'CBU: 0340363908363004333001',0.00,0.00,0.00,0.00,NULL,0.00,0,0.00,NULL,NULL,0,0,0.00,0,0,0,1,NULL,1,1,'2021-06-28 03:43:02','2021-06-28 03:43:38','2021-06-28 03:43:38'),(32,1603,40719,8,2,0,43310.32,0.00,35,223,'AUXILIAR DE CUARTA',1,'Alineadores',1,'Auxiliar de Cuarta',1,30,NULL,0,88.00,'CBU: 0340363908363004724001',0.00,0.00,0.00,0.00,NULL,0.00,0,0.00,NULL,NULL,0,0,0.00,0,0,0,1,NULL,1,1,'2021-06-28 03:43:02','2021-06-28 03:43:38','2021-06-28 03:43:38'),(33,1603,40719,8,1,0,43310.32,0.00,35,223,'AUXILIAR DE CUARTA',1,'Alineadores',1,'Auxiliar de Cuarta',1,30,NULL,0,88.00,'CBU: 0340363908363004333001',0.00,0.00,0.00,0.00,NULL,0.00,0,0.00,NULL,NULL,0,0,0.00,0,0,1,1,NULL,1,1,'2021-06-28 03:43:38','2021-06-28 03:45:48',NULL),(34,1603,40719,8,2,0,43310.32,0.00,35,223,'AUXILIAR DE CUARTA',1,'Alineadores',1,'Auxiliar de Cuarta',1,30,NULL,0,88.00,'CBU: 0340363908363004724001',0.00,0.00,0.00,0.00,NULL,0.00,0,0.00,NULL,NULL,0,0,0.00,0,0,0,1,NULL,1,1,'2021-06-28 03:43:38','2021-06-28 03:43:38',NULL);

--
-- Table structure for table `syj_liq_empleado_detail`
--

CREATE TABLE `syj_liq_empleado_detail` (
  `id` int(10) unsigned NOT NULL AUTO_INCREMENT,
  `user_id` int(10) unsigned DEFAULT NULL,
  `syj_liq_empleado_id` int(10) unsigned DEFAULT NULL,
  `syj_concepto_id` int(10) unsigned DEFAULT NULL,
  `cantidad` decimal(16,2) NOT NULL DEFAULT '0.00',
  `valor` decimal(16,2) NOT NULL DEFAULT '0.00',
  `importe` decimal(16,2) NOT NULL DEFAULT '0.00',
  `created_at` timestamp NULL DEFAULT NULL,
  `updated_at` timestamp NULL DEFAULT NULL,
  `deleted_at` timestamp NULL DEFAULT NULL,
  PRIMARY KEY (`id`),
  KEY `syj_liq_empleado_detail_syj_liq_empleado_id_foreign` (`syj_liq_empleado_id`),
  KEY `syj_liq_empleado_detail_syj_concepto_id_foreign` (`syj_concepto_id`),
  CONSTRAINT `syj_liq_empleado_detail_syj_concepto_id_foreign` FOREIGN KEY (`syj_concepto_id`) REFERENCES `syj_conceptos` (`id`),
  CONSTRAINT `syj_liq_empleado_detail_syj_liq_empleado_id_foreign` FOREIGN KEY (`syj_liq_empleado_id`) REFERENCES `syj_liq_empleado` (`id`)
) ENGINE=InnoDB AUTO_INCREMENT=905 DEFAULT CHARSET=utf8mb4 COLLATE=utf8mb4_unicode_ci;

--
-- Dumping data for table `syj_liq_empleado_detail`
--

INSERT INTO `syj_liq_empleado_detail` VALUES (1,1603,4,3444,1.00,9126.15,1825.23,'2021-01-28 02:33:37','2021-01-28 02:34:14','2021-01-28 02:34:14'),(2,1603,4,3494,15.00,608.41,0.00,'2021-01-28 02:33:37','2021-01-28 02:34:14','2021-01-28 02:34:14'),(3,1603,4,3493,0.00,608.41,0.00,'2021-01-28 02:33:37','2021-01-28 02:34:14','2021-01-28 02:34:14'),(4,1603,4,3452,0.00,304.21,0.00,'2021-01-28 02:33:37','2021-01-28 02:34:14','2021-01-28 02:34:14'),(5,1603,4,3507,0.00,207.41,0.00,'2021-01-28 02:33:37','2021-01-28 02:34:14','2021-01-28 02:34:14'),(6,1603,4,3454,0.00,311.12,0.00,'2021-01-28 02:33:37','2021-01-28 02:34:14','2021-01-28 02:34:14'),(7,1603,4,3455,0.00,414.82,0.00,'2021-01-28 02:33:37','2021-01-28 02:34:14','2021-01-28 02:34:14'),(8,1603,4,3497,0.00,730.09,0.00,'2021-01-28 02:33:37','2021-01-28 02:34:14','2021-01-28 02:34:14'),(9,1603,4,3456,0.00,730.09,0.00,'2021-01-28 02:33:37','2021-01-28 02:34:14','2021-01-28 02:34:14'),(10,1603,4,3514,0.00,121.68,0.00,'2021-01-28 02:33:37','2021-01-28 02:34:14','2021-01-28 02:34:14'),(11,1603,4,3458,0.00,9886.36,0.00,'2021-01-28 02:33:37','2021-01-28 02:34:14','2021-01-28 02:34:14'),(12,1603,4,3513,1.00,0.00,0.00,'2021-01-28 02:33:37','2021-01-28 02:34:14','2021-01-28 02:34:14'),(13,1603,4,3443,1.00,0.00,0.00,'2021-01-28 02:33:37','2021-01-28 02:34:14','2021-01-28 02:34:14'),(14,1603,4,3500,30.00,608.41,9126.15,'2021-01-28 02:34:14','2021-01-28 02:56:22','2021-01-28 02:56:22'),(15,1603,4,3495,15.00,608.41,9126.15,'2021-01-28 02:34:14','2021-01-28 02:56:22','2021-01-28 02:56:22'),(16,1603,4,3444,1.00,9126.15,1825.23,'2021-01-28 02:34:14','2021-01-28 02:56:22','2021-01-28 02:56:22'),(17,1603,4,3494,15.00,608.41,9126.15,'2021-01-28 02:34:14','2021-01-28 02:56:22','2021-01-28 02:56:22'),(18,1603,4,3477,11.00,20837.74,2292.15,'2021-01-28 02:34:14','2021-01-28 02:56:22','2021-01-28 02:56:22'),(19,1603,4,3478,3.00,20837.74,625.13,'2021-01-28 02:34:14','2021-01-28 02:56:22','2021-01-28 02:56:22'),(20,1603,4,3479,3.00,41675.48,1250.26,'2021-01-28 02:34:14','2021-01-28 02:56:22','2021-01-28 02:56:22'),(21,1603,4,3480,3.00,20837.74,625.13,'2021-01-28 02:34:14','2021-01-28 02:56:22','2021-01-28 02:56:22'),(22,1603,4,3503,1.00,9886.36,9886.36,'2021-01-28 02:34:14','2021-01-28 02:56:22','2021-01-28 02:56:22'),(23,1603,4,3502,1.00,608.41,608.41,'2021-01-28 02:34:14','2021-01-28 02:56:22','2021-01-28 02:56:22'),(24,1603,4,3504,8.33,9126.15,760.21,'2021-01-28 02:34:14','2021-01-28 02:56:22','2021-01-28 02:56:22'),(25,1603,4,3442,1.00,1.00,0.93,'2021-01-28 02:34:14','2021-01-28 02:56:22','2021-01-28 02:56:22'),(26,1603,4,3453,8.33,9126.15,760.21,'2021-01-28 02:34:14','2021-01-28 02:56:22','2021-01-28 02:56:22'),(27,1603,3,3444,1.00,18252.21,3650.44,'2021-01-28 02:34:42','2021-01-28 02:35:11','2021-01-28 02:35:11'),(28,1603,3,3494,0.00,608.41,0.00,'2021-01-28 02:34:42','2021-01-28 02:35:11','2021-01-28 02:35:11'),(29,1603,3,3493,0.00,608.41,0.00,'2021-01-28 02:34:42','2021-01-28 02:35:11','2021-01-28 02:35:11'),(30,1603,3,3452,0.00,608.41,0.00,'2021-01-28 02:34:42','2021-01-28 02:35:11','2021-01-28 02:35:11'),(31,1603,3,3507,0.00,207.41,0.00,'2021-01-28 02:34:42','2021-01-28 02:35:11','2021-01-28 02:35:11'),(32,1603,3,3454,0.00,311.12,0.00,'2021-01-28 02:34:42','2021-01-28 02:35:11','2021-01-28 02:35:11'),(33,1603,3,3455,0.00,414.82,0.00,'2021-01-28 02:34:42','2021-01-28 02:35:11','2021-01-28 02:35:11'),(34,1603,3,3497,1.00,730.09,0.00,'2021-01-28 02:34:42','2021-01-28 02:35:11','2021-01-28 02:35:11'),(35,1603,3,3456,0.00,730.09,0.00,'2021-01-28 02:34:42','2021-01-28 02:35:11','2021-01-28 02:35:11'),(36,1603,3,3514,0.00,121.68,0.00,'2021-01-28 02:34:42','2021-01-28 02:35:11','2021-01-28 02:35:11'),(37,1603,3,3458,0.00,19772.62,0.00,'2021-01-28 02:34:42','2021-01-28 02:35:11','2021-01-28 02:35:11'),(38,1603,3,3513,1.00,0.00,0.00,'2021-01-28 02:34:42','2021-01-28 02:35:11','2021-01-28 02:35:11'),(39,1603,3,3443,1.00,0.00,0.00,'2021-01-28 02:34:42','2021-01-28 02:35:11','2021-01-28 02:35:11');
INSERT INTO `syj_liq_empleado_detail` VALUES (40,1603,3,3500,30.00,608.41,18252.21,'2021-01-28 02:35:11','2021-01-28 02:50:27','2021-01-28 02:50:27'),(41,1603,3,3495,30.00,608.41,18252.21,'2021-01-28 02:35:11','2021-01-28 02:50:27','2021-01-28 02:50:27'),(42,1603,3,3444,1.00,18252.21,3650.44,'2021-01-28 02:35:11','2021-01-28 02:50:27','2021-01-28 02:50:27'),(43,1603,3,3477,11.00,24213.97,2663.54,'2021-01-28 02:35:11','2021-01-28 02:50:27','2021-01-28 02:50:27'),(44,1603,3,3478,3.00,24213.97,726.42,'2021-01-28 02:35:11','2021-01-28 02:50:27','2021-01-28 02:50:27'),(45,1603,3,3479,3.00,48427.94,1452.84,'2021-01-28 02:35:11','2021-01-28 02:50:27','2021-01-28 02:50:27'),(46,1603,3,3480,3.00,24213.97,726.42,'2021-01-28 02:35:11','2021-01-28 02:50:27','2021-01-28 02:50:27'),(47,1603,3,3503,1.00,19772.62,19772.62,'2021-01-28 02:35:11','2021-01-28 02:50:27','2021-01-28 02:50:27'),(48,1603,3,3502,1.00,608.41,608.41,'2021-01-28 02:35:11','2021-01-28 02:50:27','2021-01-28 02:50:27'),(49,1603,3,3504,8.33,18252.21,1520.41,'2021-01-28 02:35:11','2021-01-28 02:50:27','2021-01-28 02:50:27'),(50,1603,3,3442,1.00,1.00,0.25,'2021-01-28 02:35:11','2021-01-28 02:50:27','2021-01-28 02:50:27'),(51,1603,3,3453,8.33,18982.30,1581.23,'2021-01-28 02:35:11','2021-01-28 02:50:27','2021-01-28 02:50:27'),(52,1603,3,3497,1.00,730.09,730.09,'2021-01-28 02:35:11','2021-01-28 02:50:27','2021-01-28 02:50:27'),(53,1603,3,3444,1.00,18252.21,3650.44,'2021-01-28 02:48:05','2021-01-28 02:50:27','2021-01-28 02:50:27'),(54,1603,3,3494,0.00,608.41,0.00,'2021-01-28 02:48:05','2021-01-28 02:50:27','2021-01-28 02:50:27'),(55,1603,3,3493,0.00,608.41,0.00,'2021-01-28 02:48:05','2021-01-28 02:50:27','2021-01-28 02:50:27'),(56,1603,3,3452,0.00,608.41,0.00,'2021-01-28 02:48:05','2021-01-28 02:50:27','2021-01-28 02:50:27'),(57,1603,3,3507,0.00,207.41,0.00,'2021-01-28 02:48:05','2021-01-28 02:50:27','2021-01-28 02:50:27'),(58,1603,3,3454,0.00,311.12,0.00,'2021-01-28 02:48:05','2021-01-28 02:50:27','2021-01-28 02:50:27'),(59,1603,3,3455,0.00,414.82,0.00,'2021-01-28 02:48:05','2021-01-28 02:50:27','2021-01-28 02:50:27'),(60,1603,3,3497,1.00,730.09,730.09,'2021-01-28 02:48:05','2021-01-28 02:50:27','2021-01-28 02:50:27'),(61,1603,3,3456,0.00,730.09,0.00,'2021-01-28 02:48:05','2021-01-28 02:50:27','2021-01-28 02:50:27'),(62,1603,3,3514,0.00,121.68,0.00,'2021-01-28 02:48:05','2021-01-28 02:50:27','2021-01-28 02:50:27'),(63,1603,3,3458,0.00,19772.62,0.00,'2021-01-28 02:48:05','2021-01-28 02:50:27','2021-01-28 02:50:27'),(64,1603,3,3513,1.00,0.00,0.00,'2021-01-28 02:48:05','2021-01-28 02:50:27','2021-01-28 02:50:27'),(65,1603,3,3443,1.00,0.00,0.00,'2021-01-28 02:48:05','2021-01-28 02:50:27','2021-01-28 02:50:27'),(66,1603,4,3444,1.00,9126.15,1825.23,'2021-01-28 02:48:32','2021-01-28 02:56:22','2021-01-28 02:56:22'),(67,1603,4,3494,15.00,608.41,9126.15,'2021-01-28 02:48:32','2021-01-28 02:56:22','2021-01-28 02:56:22'),(68,1603,4,3493,0.00,608.41,0.00,'2021-01-28 02:48:32','2021-01-28 02:56:22','2021-01-28 02:56:22'),(69,1603,4,3452,0.00,304.21,0.00,'2021-01-28 02:48:32','2021-01-28 02:56:22','2021-01-28 02:56:22'),(70,1603,4,3507,0.00,207.41,0.00,'2021-01-28 02:48:32','2021-01-28 02:56:22','2021-01-28 02:56:22'),(71,1603,4,3454,0.00,311.12,0.00,'2021-01-28 02:48:32','2021-01-28 02:56:22','2021-01-28 02:56:22'),(72,1603,4,3455,0.00,414.82,0.00,'2021-01-28 02:48:32','2021-01-28 02:56:22','2021-01-28 02:56:22'),(73,1603,4,3497,0.00,730.09,0.00,'2021-01-28 02:48:32','2021-01-28 02:56:22','2021-01-28 02:56:22'),(74,1603,4,3456,1.00,730.09,0.00,'2021-01-28 02:48:32','2021-01-28 02:56:22','2021-01-28 02:56:22'),(75,1603,4,3514,0.00,121.68,0.00,'2021-01-28 02:48:32','2021-01-28 02:56:22','2021-01-28 02:56:22'),(76,1603,4,3458,0.00,9886.36,0.00,'2021-01-28 02:48:32','2021-01-28 02:56:22','2021-01-28 02:56:22'),(77,1603,4,3513,1.00,0.00,0.00,'2021-01-28 02:48:32','2021-01-28 02:56:22','2021-01-28 02:56:22'),(78,1603,4,3443,1.00,0.00,0.00,'2021-01-28 02:48:32','2021-01-28 02:56:22','2021-01-28 02:56:22');
INSERT INTO `syj_liq_empleado_detail` VALUES (79,1603,3,3500,30.00,608.41,18252.21,'2021-01-28 02:50:27','2021-01-28 02:55:50','2021-01-28 02:55:50'),(80,1603,3,3495,30.00,608.41,18252.21,'2021-01-28 02:50:27','2021-01-28 02:55:50','2021-01-28 02:55:50'),(81,1603,3,3444,1.00,18252.21,3650.44,'2021-01-28 02:50:27','2021-01-28 02:55:50','2021-01-28 02:55:50'),(82,1603,3,3477,11.00,24213.97,2663.54,'2021-01-28 02:50:27','2021-01-28 02:55:50','2021-01-28 02:55:50'),(83,1603,3,3478,3.00,24213.97,726.42,'2021-01-28 02:50:27','2021-01-28 02:55:50','2021-01-28 02:55:50'),(84,1603,3,3479,3.00,48427.94,1452.84,'2021-01-28 02:50:27','2021-01-28 02:55:50','2021-01-28 02:55:50'),(85,1603,3,3480,3.00,24213.97,726.42,'2021-01-28 02:50:27','2021-01-28 02:55:50','2021-01-28 02:55:50'),(86,1603,3,3503,1.00,19772.62,19772.62,'2021-01-28 02:50:27','2021-01-28 02:55:50','2021-01-28 02:55:50'),(87,1603,3,3502,1.00,608.41,608.41,'2021-01-28 02:50:27','2021-01-28 02:55:50','2021-01-28 02:55:50'),(88,1603,3,3442,1.00,1.00,0.25,'2021-01-28 02:50:27','2021-01-28 02:55:50','2021-01-28 02:55:50'),(89,1603,3,3453,8.33,18982.30,1581.23,'2021-01-28 02:50:27','2021-01-28 02:55:50','2021-01-28 02:55:50'),(90,1603,3,3497,1.00,730.09,730.09,'2021-01-28 02:50:27','2021-01-28 02:55:50','2021-01-28 02:55:50'),(91,1603,3,3500,30.00,608.41,18252.21,'2021-01-28 02:55:50','2021-01-29 02:02:48','2021-01-29 02:02:48'),(92,1603,3,3495,30.00,608.41,18252.21,'2021-01-28 02:55:50','2021-01-29 02:02:48','2021-01-29 02:02:48'),(93,1603,3,3444,1.00,18252.21,3650.44,'2021-01-28 02:55:50','2021-01-29 02:02:48','2021-01-29 02:02:48'),(94,1603,3,3477,11.00,22632.74,2489.60,'2021-01-28 02:55:50','2021-01-29 02:02:48','2021-01-29 02:02:48'),(95,1603,3,3478,3.00,22632.74,678.98,'2021-01-28 02:55:50','2021-01-29 02:02:48','2021-01-29 02:02:48'),(96,1603,3,3479,3.00,45265.48,1357.96,'2021-01-28 02:55:50','2021-01-29 02:02:48','2021-01-29 02:02:48'),(97,1603,3,3480,3.00,22632.74,678.98,'2021-01-28 02:55:50','2021-01-29 02:02:48','2021-01-29 02:02:48'),(98,1603,3,3503,1.00,19772.62,19772.62,'2021-01-28 02:55:50','2021-01-29 02:02:48','2021-01-29 02:02:48'),(99,1603,3,3502,1.00,608.41,608.41,'2021-01-28 02:55:50','2021-01-29 02:02:48','2021-01-29 02:02:48'),(100,1603,3,3442,1.00,1.00,0.78,'2021-01-28 02:55:50','2021-01-29 02:02:48','2021-01-29 02:02:48'),(101,1603,3,3497,1.00,730.09,730.09,'2021-01-28 02:55:50','2021-01-29 02:02:48','2021-01-29 02:02:48'),(102,1603,4,3500,30.00,608.41,9126.15,'2021-01-28 02:56:22','2021-01-28 04:03:12','2021-01-28 04:03:12'),(103,1603,4,3495,15.00,608.41,9126.15,'2021-01-28 02:56:22','2021-01-28 04:03:12','2021-01-28 04:03:12'),(104,1603,4,3444,1.00,9126.15,1825.23,'2021-01-28 02:56:22','2021-01-28 04:03:12','2021-01-28 04:03:12'),(105,1603,4,3494,15.00,608.41,9126.15,'2021-01-28 02:56:22','2021-01-28 04:03:12','2021-01-28 04:03:12'),(106,1603,4,3477,11.00,20807.62,2288.84,'2021-01-28 02:56:22','2021-01-28 04:03:12','2021-01-28 04:03:12'),(107,1603,4,3478,3.00,20807.62,624.23,'2021-01-28 02:56:22','2021-01-28 04:03:12','2021-01-28 04:03:12'),(108,1603,4,3479,3.00,41615.24,1248.46,'2021-01-28 02:56:22','2021-01-28 04:03:12','2021-01-28 04:03:12'),(109,1603,4,3480,3.00,20807.62,624.23,'2021-01-28 02:56:22','2021-01-28 04:03:12','2021-01-28 04:03:12'),(110,1603,4,3503,1.00,9886.36,9886.36,'2021-01-28 02:56:22','2021-01-28 04:03:12','2021-01-28 04:03:12'),(111,1603,4,3502,1.00,608.41,608.41,'2021-01-28 02:56:22','2021-01-28 04:03:12','2021-01-28 04:03:12'),(112,1603,4,3442,1.00,1.00,0.14,'2021-01-28 02:56:22','2021-01-28 04:03:12','2021-01-28 04:03:12'),(113,1603,4,3456,1.00,730.09,730.09,'2021-01-28 02:56:22','2021-01-28 04:03:12','2021-01-28 04:03:12'),(114,1603,4,3500,30.00,608.41,9126.15,'2021-01-28 04:03:12','2021-01-29 02:14:16','2021-01-29 02:14:16'),(115,1603,4,3495,15.00,608.41,9126.15,'2021-01-28 04:03:12','2021-01-29 02:14:16','2021-01-29 02:14:16'),(116,1603,4,3444,1.00,9126.15,1825.23,'2021-01-28 04:03:12','2021-01-29 02:14:16','2021-01-29 02:14:16');
INSERT INTO `syj_liq_empleado_detail` VALUES (117,1603,4,3494,15.00,608.41,9126.15,'2021-01-28 04:03:12','2021-01-29 02:14:16','2021-01-29 02:14:16'),(118,1603,4,3477,11.00,20807.62,2288.84,'2021-01-28 04:03:12','2021-01-29 02:14:16','2021-01-29 02:14:16'),(119,1603,4,3478,3.00,20807.62,624.23,'2021-01-28 04:03:12','2021-01-29 02:14:16','2021-01-29 02:14:16'),(120,1603,4,3479,3.00,41615.24,1248.46,'2021-01-28 04:03:12','2021-01-29 02:14:16','2021-01-29 02:14:16'),(121,1603,4,3480,3.00,20807.62,624.23,'2021-01-28 04:03:12','2021-01-29 02:14:16','2021-01-29 02:14:16'),(122,1603,4,3503,1.00,9886.36,9886.36,'2021-01-28 04:03:12','2021-01-29 02:14:16','2021-01-29 02:14:16'),(123,1603,4,3502,1.00,608.41,608.41,'2021-01-28 04:03:12','2021-01-29 02:14:16','2021-01-29 02:14:16'),(124,1603,4,3442,1.00,1.00,0.14,'2021-01-28 04:03:12','2021-01-29 02:14:16','2021-01-29 02:14:16'),(125,1603,4,3497,1.00,730.09,730.09,'2021-01-28 04:03:12','2021-01-29 02:14:16','2021-01-29 02:14:16'),(126,1603,6,3444,1.00,18252.21,3650.44,'2021-01-29 03:12:43','2021-01-29 03:30:41','2021-01-29 03:30:41'),(127,1603,6,3494,0.00,608.41,0.00,'2021-01-29 03:12:43','2021-01-29 03:30:41','2021-01-29 03:30:41'),(128,1603,6,3592,6.00,727.58,0.00,'2021-01-29 03:12:43','2021-01-29 03:30:41','2021-01-29 03:30:41'),(129,1603,6,3590,10.00,727.58,0.00,'2021-01-29 03:12:43','2021-01-29 03:30:41','2021-01-29 03:30:41'),(130,1603,6,3493,0.00,608.41,0.00,'2021-01-29 03:12:43','2021-01-29 03:30:41','2021-01-29 03:30:41'),(131,1603,6,3452,0.00,608.41,0.00,'2021-01-29 03:12:43','2021-01-29 03:30:41','2021-01-29 03:30:41'),(132,1603,6,3507,0.00,207.41,0.00,'2021-01-29 03:12:43','2021-01-29 03:30:41','2021-01-29 03:30:41'),(133,1603,6,3454,0.00,311.12,0.00,'2021-01-29 03:12:43','2021-01-29 03:30:41','2021-01-29 03:30:41'),(134,1603,6,3455,0.00,414.82,0.00,'2021-01-29 03:12:43','2021-01-29 03:30:41','2021-01-29 03:30:41'),(135,1603,6,3497,1.00,876.11,0.00,'2021-01-29 03:12:43','2021-01-29 03:30:41','2021-01-29 03:30:41'),(136,1603,6,3456,0.00,730.09,0.00,'2021-01-29 03:12:43','2021-01-29 03:30:41','2021-01-29 03:30:41'),(137,1603,6,3514,0.00,121.68,0.00,'2021-01-29 03:12:43','2021-01-29 03:30:41','2021-01-29 03:30:41'),(138,1603,6,3458,0.00,19772.62,0.00,'2021-01-29 03:12:43','2021-01-29 03:30:41','2021-01-29 03:30:41'),(139,1603,6,3513,1.00,0.00,0.00,'2021-01-29 03:12:43','2021-01-29 03:30:41','2021-01-29 03:30:41'),(140,1603,6,3443,1.00,0.00,0.00,'2021-01-29 03:12:43','2021-01-29 03:30:41','2021-01-29 03:30:41'),(141,1603,6,3500,30.00,608.41,8517.74,'2021-01-29 03:30:41','2021-01-29 03:30:56','2021-01-29 03:30:56'),(142,1603,6,3495,14.00,608.41,8517.74,'2021-01-29 03:30:41','2021-01-29 03:30:56','2021-01-29 03:30:56'),(143,1603,6,3444,1.00,8517.74,1703.55,'2021-01-29 03:30:41','2021-01-29 03:30:56','2021-01-29 03:30:56'),(144,1603,6,3592,6.00,727.58,4365.48,'2021-01-29 03:30:41','2021-01-29 03:30:56','2021-01-29 03:30:56'),(145,1603,6,3590,10.00,727.58,7275.80,'2021-01-29 03:30:41','2021-01-29 03:30:56','2021-01-29 03:30:56'),(146,1603,6,3497,1.00,874.50,874.50,'2021-01-29 03:30:41','2021-01-29 03:30:56','2021-01-29 03:30:56'),(147,1603,6,3477,11.00,22737.07,2501.08,'2021-01-29 03:30:41','2021-01-29 03:30:56','2021-01-29 03:30:56'),(148,1603,6,3478,3.00,22737.07,682.11,'2021-01-29 03:30:41','2021-01-29 03:30:56','2021-01-29 03:30:56'),(149,1603,6,3479,3.00,45474.14,1364.22,'2021-01-29 03:30:41','2021-01-29 03:30:56','2021-01-29 03:30:56'),(150,1603,6,3480,3.00,22737.07,682.11,'2021-01-29 03:30:41','2021-01-29 03:30:56','2021-01-29 03:30:56'),(151,1603,6,3503,1.00,9227.27,9227.27,'2021-01-29 03:30:41','2021-01-29 03:30:56','2021-01-29 03:30:56'),(152,1603,6,3502,1.00,608.41,608.41,'2021-01-29 03:30:41','2021-01-29 03:30:56','2021-01-29 03:30:56'),(153,1603,6,3442,1.00,1.00,0.45,'2021-01-29 03:30:41','2021-01-29 03:30:56','2021-01-29 03:30:56'),(154,1603,6,3500,30.00,608.41,8517.74,'2021-01-29 03:30:56','2021-01-29 03:37:20','2021-01-29 03:37:20');
INSERT INTO `syj_liq_empleado_detail` VALUES (155,1603,6,3495,14.00,608.41,8517.74,'2021-01-29 03:30:56','2021-01-29 03:37:20','2021-01-29 03:37:20'),(156,1603,6,3444,1.00,8517.74,1703.55,'2021-01-29 03:30:56','2021-01-29 03:37:20','2021-01-29 03:37:20'),(157,1603,6,3592,6.00,727.58,4365.48,'2021-01-29 03:30:56','2021-01-29 03:37:20','2021-01-29 03:37:20'),(158,1603,6,3590,10.00,727.58,7275.80,'2021-01-29 03:30:56','2021-01-29 03:37:20','2021-01-29 03:37:20'),(159,1603,6,3497,1.00,874.50,874.50,'2021-01-29 03:30:56','2021-01-29 03:37:20','2021-01-29 03:37:20'),(160,1603,6,3477,11.00,22737.07,2501.08,'2021-01-29 03:30:56','2021-01-29 03:37:20','2021-01-29 03:37:20'),(161,1603,6,3478,3.00,22737.07,682.11,'2021-01-29 03:30:56','2021-01-29 03:37:20','2021-01-29 03:37:20'),(162,1603,6,3479,3.00,45474.14,1364.22,'2021-01-29 03:30:56','2021-01-29 03:37:20','2021-01-29 03:37:20'),(163,1603,6,3480,3.00,22737.07,682.11,'2021-01-29 03:30:56','2021-01-29 03:37:20','2021-01-29 03:37:20'),(164,1603,6,3503,1.00,9227.27,9227.27,'2021-01-29 03:30:56','2021-01-29 03:37:20','2021-01-29 03:37:20'),(165,1603,6,3502,1.00,608.41,608.41,'2021-01-29 03:30:56','2021-01-29 03:37:20','2021-01-29 03:37:20'),(166,1603,6,3442,1.00,1.00,0.45,'2021-01-29 03:30:56','2021-01-29 03:37:20','2021-01-29 03:37:20'),(167,1603,5,3444,1.00,18252.21,3650.44,'2021-01-29 03:31:12','2021-01-29 03:31:30','2021-01-29 03:31:30'),(168,1603,5,3494,0.00,608.41,0.00,'2021-01-29 03:31:12','2021-01-29 03:31:30','2021-01-29 03:31:30'),(169,1603,5,3592,0.00,727.58,0.00,'2021-01-29 03:31:12','2021-01-29 03:31:30','2021-01-29 03:31:30'),(170,1603,5,3590,0.00,727.58,0.00,'2021-01-29 03:31:12','2021-01-29 03:31:30','2021-01-29 03:31:30'),(171,1603,5,3497,1.00,876.11,0.00,'2021-01-29 03:31:12','2021-01-29 03:31:30','2021-01-29 03:31:30'),(172,1603,5,3493,0.00,608.41,0.00,'2021-01-29 03:31:12','2021-01-29 03:31:30','2021-01-29 03:31:30'),(173,1603,5,3452,0.00,608.41,0.00,'2021-01-29 03:31:12','2021-01-29 03:31:30','2021-01-29 03:31:30'),(174,1603,5,3507,0.00,207.41,0.00,'2021-01-29 03:31:12','2021-01-29 03:31:30','2021-01-29 03:31:30'),(175,1603,5,3454,0.00,311.12,0.00,'2021-01-29 03:31:12','2021-01-29 03:31:30','2021-01-29 03:31:30'),(176,1603,5,3455,0.00,414.82,0.00,'2021-01-29 03:31:12','2021-01-29 03:31:30','2021-01-29 03:31:30'),(177,1603,5,3456,0.00,730.09,0.00,'2021-01-29 03:31:12','2021-01-29 03:31:30','2021-01-29 03:31:30'),(178,1603,5,3514,0.00,121.68,0.00,'2021-01-29 03:31:12','2021-01-29 03:31:30','2021-01-29 03:31:30'),(179,1603,5,3458,0.00,19772.62,0.00,'2021-01-29 03:31:12','2021-01-29 03:31:30','2021-01-29 03:31:30'),(180,1603,5,3513,1.00,0.00,0.00,'2021-01-29 03:31:12','2021-01-29 03:31:30','2021-01-29 03:31:30'),(181,1603,5,3443,1.00,0.00,0.00,'2021-01-29 03:31:12','2021-01-29 03:31:30','2021-01-29 03:31:30'),(182,1603,5,3500,30.00,608.41,18252.21,'2021-01-29 03:31:30','2021-01-29 03:37:19','2021-01-29 03:37:19'),(183,1603,5,3495,30.00,608.41,18252.21,'2021-01-29 03:31:30','2021-01-29 03:37:19','2021-01-29 03:37:19'),(184,1603,5,3444,1.00,18252.21,3650.44,'2021-01-29 03:31:30','2021-01-29 03:37:19','2021-01-29 03:37:19'),(185,1603,5,3497,1.00,876.11,876.11,'2021-01-29 03:31:30','2021-01-29 03:37:19','2021-01-29 03:37:19'),(186,1603,5,3477,11.00,22778.76,2505.66,'2021-01-29 03:31:30','2021-01-29 03:37:19','2021-01-29 03:37:19'),(187,1603,5,3478,3.00,22778.76,683.36,'2021-01-29 03:31:30','2021-01-29 03:37:19','2021-01-29 03:37:19'),(188,1603,5,3479,3.00,45557.52,1366.73,'2021-01-29 03:31:30','2021-01-29 03:37:19','2021-01-29 03:37:19'),(189,1603,5,3480,3.00,22778.76,683.36,'2021-01-29 03:31:30','2021-01-29 03:37:19','2021-01-29 03:37:19'),(190,1603,5,3503,1.00,19772.62,19772.62,'2021-01-29 03:31:30','2021-01-29 03:37:19','2021-01-29 03:37:19'),(191,1603,5,3502,1.00,608.41,608.41,'2021-01-29 03:31:30','2021-01-29 03:37:19','2021-01-29 03:37:19'),(192,1603,5,3442,1.00,1.00,0.35,'2021-01-29 03:31:30','2021-01-29 03:37:19','2021-01-29 03:37:19');
INSERT INTO `syj_liq_empleado_detail` VALUES (193,1603,5,3500,30.00,608.41,18252.21,'2021-01-29 03:37:55','2021-01-29 03:40:51','2021-01-29 03:40:51'),(194,1603,5,3495,30.00,608.41,18252.21,'2021-01-29 03:37:55','2021-01-29 03:40:51','2021-01-29 03:40:51'),(195,1603,5,3444,1.00,18252.21,3650.44,'2021-01-29 03:37:55','2021-01-29 03:40:51','2021-01-29 03:40:51'),(196,1603,5,3497,1.00,876.11,876.11,'2021-01-29 03:37:55','2021-01-29 03:40:51','2021-01-29 03:40:51'),(197,1603,5,3477,11.00,22778.76,2505.66,'2021-01-29 03:37:55','2021-01-29 03:40:51','2021-01-29 03:40:51'),(198,1603,5,3478,3.00,22778.76,683.36,'2021-01-29 03:37:55','2021-01-29 03:40:51','2021-01-29 03:40:51'),(199,1603,5,3479,3.00,45557.52,1366.73,'2021-01-29 03:37:55','2021-01-29 03:40:51','2021-01-29 03:40:51'),(200,1603,5,3480,3.00,22778.76,683.36,'2021-01-29 03:37:55','2021-01-29 03:40:51','2021-01-29 03:40:51'),(201,1603,5,3503,1.00,19772.62,19772.62,'2021-01-29 03:37:55','2021-01-29 03:40:51','2021-01-29 03:40:51'),(202,1603,5,3502,1.00,608.41,608.41,'2021-01-29 03:37:55','2021-01-29 03:40:51','2021-01-29 03:40:51'),(203,1603,5,3442,1.00,1.00,0.35,'2021-01-29 03:37:55','2021-01-29 03:40:51','2021-01-29 03:40:51'),(204,1603,6,3500,30.00,608.41,8517.74,'2021-01-29 03:38:34','2021-01-29 03:40:51','2021-01-29 03:40:51'),(205,1603,6,3495,14.00,608.41,8517.74,'2021-01-29 03:38:34','2021-01-29 03:40:51','2021-01-29 03:40:51'),(206,1603,6,3444,1.00,8517.74,1703.55,'2021-01-29 03:38:34','2021-01-29 03:40:51','2021-01-29 03:40:51'),(207,1603,6,3592,6.00,727.58,4365.48,'2021-01-29 03:38:34','2021-01-29 03:40:51','2021-01-29 03:40:51'),(208,1603,6,3590,10.00,727.58,7275.80,'2021-01-29 03:38:34','2021-01-29 03:40:51','2021-01-29 03:40:51'),(209,1603,6,3497,1.00,874.50,874.50,'2021-01-29 03:38:34','2021-01-29 03:40:51','2021-01-29 03:40:51'),(210,1603,6,3477,11.00,22737.07,2501.08,'2021-01-29 03:38:34','2021-01-29 03:40:51','2021-01-29 03:40:51'),(211,1603,6,3478,3.00,22737.07,682.11,'2021-01-29 03:38:34','2021-01-29 03:40:51','2021-01-29 03:40:51'),(212,1603,6,3479,3.00,45474.14,1364.22,'2021-01-29 03:38:34','2021-01-29 03:40:51','2021-01-29 03:40:51'),(213,1603,6,3480,3.00,22737.07,682.11,'2021-01-29 03:38:34','2021-01-29 03:40:51','2021-01-29 03:40:51'),(214,1603,6,3503,1.00,9227.27,9227.27,'2021-01-29 03:38:34','2021-01-29 03:40:51','2021-01-29 03:40:51'),(215,1603,6,3502,1.00,608.41,608.41,'2021-01-29 03:38:34','2021-01-29 03:40:51','2021-01-29 03:40:51'),(216,1603,6,3442,1.00,1.00,0.45,'2021-01-29 03:38:34','2021-01-29 03:40:51','2021-01-29 03:40:51'),(217,1603,7,3500,30.00,608.41,18252.21,'2021-01-29 03:42:23','2021-01-29 03:42:23',NULL),(218,1603,7,3495,30.00,608.41,18252.21,'2021-01-29 03:42:23','2021-01-29 03:42:23',NULL),(219,1603,7,3444,1.00,18252.21,3650.44,'2021-01-29 03:42:23','2021-01-29 03:42:23',NULL),(220,1603,7,3497,1.00,876.11,876.11,'2021-01-29 03:42:23','2021-01-29 03:42:23',NULL),(221,1603,7,3477,11.00,22778.76,2505.66,'2021-01-29 03:42:23','2021-01-29 03:42:23',NULL),(222,1603,7,3478,3.00,22778.76,683.36,'2021-01-29 03:42:23','2021-01-29 03:42:23',NULL),(223,1603,7,3479,3.00,45557.52,1366.73,'2021-01-29 03:42:23','2021-01-29 03:42:23',NULL),(224,1603,7,3480,3.00,22778.76,683.36,'2021-01-29 03:42:23','2021-01-29 03:42:23',NULL),(225,1603,7,3503,1.00,19772.62,19772.62,'2021-01-29 03:42:23','2021-01-29 03:42:23',NULL),(226,1603,7,3502,1.00,608.41,608.41,'2021-01-29 03:42:23','2021-01-29 03:42:23',NULL),(227,1603,7,3442,1.00,1.00,0.35,'2021-01-29 03:42:23','2021-01-29 03:42:23',NULL),(228,1603,8,3500,30.00,608.41,8517.74,'2021-01-29 03:43:03','2021-01-29 03:43:03',NULL),(229,1603,8,3495,14.00,608.41,8517.74,'2021-01-29 03:43:03','2021-01-29 03:43:03',NULL),(230,1603,8,3444,1.00,8517.74,1703.55,'2021-01-29 03:43:03','2021-01-29 03:43:03',NULL),(231,1603,8,3592,6.00,727.58,4365.48,'2021-01-29 03:43:03','2021-01-29 03:43:03',NULL),(232,1603,8,3590,10.00,727.58,7275.80,'2021-01-29 03:43:03','2021-01-29 03:43:03',NULL),(233,1603,8,3497,1.00,874.50,874.50,'2021-01-29 03:43:03','2021-01-29 03:43:03',NULL);
INSERT INTO `syj_liq_empleado_detail` VALUES (234,1603,8,3477,11.00,22737.07,2501.08,'2021-01-29 03:43:03','2021-01-29 03:43:03',NULL),(235,1603,8,3478,3.00,22737.07,682.11,'2021-01-29 03:43:03','2021-01-29 03:43:03',NULL),(236,1603,8,3479,3.00,45474.14,1364.22,'2021-01-29 03:43:03','2021-01-29 03:43:03',NULL),(237,1603,8,3480,3.00,22737.07,682.11,'2021-01-29 03:43:03','2021-01-29 03:43:03',NULL),(238,1603,8,3503,1.00,9227.27,9227.27,'2021-01-29 03:43:03','2021-01-29 03:43:03',NULL),(239,1603,8,3502,1.00,608.41,608.41,'2021-01-29 03:43:03','2021-01-29 03:43:03',NULL),(240,1603,8,3442,1.00,1.00,0.45,'2021-01-29 03:43:03','2021-01-29 03:43:03',NULL),(241,1603,9,3444,1.00,18252.21,3650.44,'2021-02-25 01:41:37','2021-02-25 01:44:06','2021-02-25 01:44:06'),(242,1603,9,3494,0.00,608.41,0.00,'2021-02-25 01:41:37','2021-02-25 01:44:06','2021-02-25 01:44:06'),(243,1603,9,3592,0.00,727.58,0.00,'2021-02-25 01:41:37','2021-02-25 01:44:06','2021-02-25 01:44:06'),(244,1603,9,3590,0.00,727.58,0.00,'2021-02-25 01:41:37','2021-02-25 01:44:06','2021-02-25 01:44:06'),(245,1603,9,3497,2.00,876.11,0.00,'2021-02-25 01:41:37','2021-02-25 01:44:06','2021-02-25 01:44:06'),(246,1603,9,3493,0.00,608.41,0.00,'2021-02-25 01:41:37','2021-02-25 01:44:06','2021-02-25 01:44:06'),(247,1603,9,3452,0.00,608.41,0.00,'2021-02-25 01:41:37','2021-02-25 01:44:06','2021-02-25 01:44:06'),(248,1603,9,3507,0.00,207.41,0.00,'2021-02-25 01:41:37','2021-02-25 01:44:06','2021-02-25 01:44:06'),(249,1603,9,3454,0.00,311.12,0.00,'2021-02-25 01:41:37','2021-02-25 01:44:06','2021-02-25 01:44:06'),(250,1603,9,3455,0.00,414.82,0.00,'2021-02-25 01:41:37','2021-02-25 01:44:06','2021-02-25 01:44:06'),(251,1603,9,3456,0.00,730.09,0.00,'2021-02-25 01:41:37','2021-02-25 01:44:06','2021-02-25 01:44:06'),(252,1603,9,3514,0.00,121.68,0.00,'2021-02-25 01:41:37','2021-02-25 01:44:06','2021-02-25 01:44:06'),(253,1603,9,3458,0.00,19772.62,0.00,'2021-02-25 01:41:37','2021-02-25 01:44:06','2021-02-25 01:44:06'),(254,1603,9,3513,1.00,0.00,0.00,'2021-02-25 01:41:37','2021-02-25 01:44:06','2021-02-25 01:44:06'),(255,1603,9,3443,1.00,0.00,0.00,'2021-02-25 01:41:37','2021-02-25 01:44:06','2021-02-25 01:44:06'),(256,1603,10,3444,1.00,18252.21,3650.44,'2021-02-25 01:42:50','2021-02-25 01:44:09','2021-02-25 01:44:09'),(257,1603,10,3494,0.00,608.41,0.00,'2021-02-25 01:42:50','2021-02-25 01:44:09','2021-02-25 01:44:09'),(258,1603,10,3592,0.00,727.58,0.00,'2021-02-25 01:42:50','2021-02-25 01:44:09','2021-02-25 01:44:09'),(259,1603,10,3590,0.00,727.58,0.00,'2021-02-25 01:42:50','2021-02-25 01:44:09','2021-02-25 01:44:09'),(260,1603,10,3497,2.00,876.11,0.00,'2021-02-25 01:42:50','2021-02-25 01:44:09','2021-02-25 01:44:09'),(261,1603,10,3493,1.00,608.41,0.00,'2021-02-25 01:42:50','2021-02-25 01:44:09','2021-02-25 01:44:09'),(262,1603,10,3452,0.00,608.41,0.00,'2021-02-25 01:42:50','2021-02-25 01:44:09','2021-02-25 01:44:09'),(263,1603,10,3507,0.00,207.41,0.00,'2021-02-25 01:42:50','2021-02-25 01:44:09','2021-02-25 01:44:09'),(264,1603,10,3454,0.00,311.12,0.00,'2021-02-25 01:42:50','2021-02-25 01:44:09','2021-02-25 01:44:09'),(265,1603,10,3455,0.00,414.82,0.00,'2021-02-25 01:42:50','2021-02-25 01:44:09','2021-02-25 01:44:09'),(266,1603,10,3456,0.00,730.09,0.00,'2021-02-25 01:42:50','2021-02-25 01:44:09','2021-02-25 01:44:09'),(267,1603,10,3514,0.00,121.68,0.00,'2021-02-25 01:42:50','2021-02-25 01:44:09','2021-02-25 01:44:09'),(268,1603,10,3458,0.00,19772.62,0.00,'2021-02-25 01:42:50','2021-02-25 01:44:09','2021-02-25 01:44:09'),(269,1603,10,3513,1.00,0.00,0.00,'2021-02-25 01:42:50','2021-02-25 01:44:09','2021-02-25 01:44:09'),(270,1603,10,3443,1.00,0.00,0.00,'2021-02-25 01:42:50','2021-02-25 01:44:09','2021-02-25 01:44:09'),(271,1603,9,3500,30.00,608.41,15818.66,'2021-02-25 01:44:06','2021-02-25 01:53:20','2021-02-25 01:53:20'),(272,1603,9,3495,26.00,608.41,15818.66,'2021-02-25 01:44:06','2021-02-25 01:53:20','2021-02-25 01:53:20'),(273,1603,9,3444,1.00,15818.66,3163.73,'2021-02-25 01:44:06','2021-02-25 01:53:20','2021-02-25 01:53:20');
INSERT INTO `syj_liq_empleado_detail` VALUES (274,1603,9,3497,2.00,759.30,1518.60,'2021-02-25 01:44:06','2021-02-25 01:53:20','2021-02-25 01:53:20'),(275,1603,9,3477,11.00,20500.99,2255.11,'2021-02-25 01:44:06','2021-02-25 01:53:20','2021-02-25 01:53:20'),(276,1603,9,3478,3.00,20500.99,615.03,'2021-02-25 01:44:06','2021-02-25 01:53:20','2021-02-25 01:53:20'),(277,1603,9,3479,3.00,41001.98,1230.06,'2021-02-25 01:44:06','2021-02-25 01:53:20','2021-02-25 01:53:20'),(278,1603,9,3480,3.00,20500.99,615.03,'2021-02-25 01:44:06','2021-02-25 01:53:20','2021-02-25 01:53:20'),(279,1603,9,3503,1.00,17136.35,17136.35,'2021-02-25 01:44:06','2021-02-25 01:53:20','2021-02-25 01:53:20'),(280,1603,9,3502,1.00,608.41,608.41,'2021-02-25 01:44:06','2021-02-25 01:53:20','2021-02-25 01:53:20'),(281,1603,9,3442,1.00,1.00,0.24,'2021-02-25 01:44:06','2021-02-25 01:53:20','2021-02-25 01:53:20'),(282,1603,10,3500,30.00,608.41,15210.25,'2021-02-25 01:44:09','2021-02-25 01:53:24','2021-02-25 01:53:24'),(283,1603,10,3495,25.00,608.41,15210.25,'2021-02-25 01:44:09','2021-02-25 01:53:24','2021-02-25 01:53:24'),(284,1603,10,3444,1.00,15210.25,3042.05,'2021-02-25 01:44:09','2021-02-25 01:53:24','2021-02-25 01:53:24'),(285,1603,10,3497,2.00,730.09,1460.18,'2021-02-25 01:44:09','2021-02-25 01:53:24','2021-02-25 01:53:24'),(286,1603,10,3477,11.00,20320.89,2235.30,'2021-02-25 01:44:09','2021-02-25 01:53:24','2021-02-25 01:53:24'),(287,1603,10,3478,3.00,20320.89,609.63,'2021-02-25 01:44:09','2021-02-25 01:53:24','2021-02-25 01:53:24'),(288,1603,10,3479,3.00,40641.78,1219.25,'2021-02-25 01:44:09','2021-02-25 01:53:24','2021-02-25 01:53:24'),(289,1603,10,3480,3.00,20320.89,609.63,'2021-02-25 01:44:09','2021-02-25 01:53:24','2021-02-25 01:53:24'),(290,1603,10,3503,1.00,16477.26,16477.26,'2021-02-25 01:44:09','2021-02-25 01:53:24','2021-02-25 01:53:24'),(291,1603,10,3502,1.00,608.41,608.41,'2021-02-25 01:44:09','2021-02-25 01:53:24','2021-02-25 01:53:24'),(292,1603,10,3442,1.00,1.00,0.92,'2021-02-25 01:44:09','2021-02-25 01:53:24','2021-02-25 01:53:24'),(293,1603,10,3493,1.00,608.41,608.41,'2021-02-25 01:44:09','2021-02-25 01:53:24','2021-02-25 01:53:24'),(294,1603,9,3444,1.00,15818.66,3163.73,'2021-02-25 02:00:19','2021-02-25 02:00:19',NULL),(295,1603,9,3494,0.00,608.41,0.00,'2021-02-25 02:00:19','2021-02-25 02:00:19',NULL),(296,1603,9,3592,0.00,727.58,0.00,'2021-02-25 02:00:19','2021-02-25 02:00:19',NULL),(297,1603,9,3590,0.00,727.58,0.00,'2021-02-25 02:00:19','2021-02-25 02:00:19',NULL),(298,1603,9,3497,0.00,759.30,0.00,'2021-02-25 02:00:19','2021-02-25 02:00:19',NULL),(299,1603,9,3493,0.00,608.41,0.00,'2021-02-25 02:00:19','2021-02-25 02:00:19',NULL),(300,1603,9,3452,0.00,527.29,0.00,'2021-02-25 02:00:19','2021-02-25 02:00:19',NULL),(301,1603,9,3507,0.00,207.41,0.00,'2021-02-25 02:00:19','2021-02-25 02:00:19',NULL),(302,1603,9,3454,0.00,311.12,0.00,'2021-02-25 02:00:19','2021-02-25 02:00:19',NULL),(303,1603,9,3455,0.00,414.82,0.00,'2021-02-25 02:00:19','2021-02-25 02:00:19',NULL),(304,1603,9,3456,0.00,730.09,0.00,'2021-02-25 02:00:19','2021-02-25 02:00:19',NULL),(305,1603,9,3514,0.00,121.68,0.00,'2021-02-25 02:00:19','2021-02-25 02:00:19',NULL),(306,1603,9,3458,0.00,17136.35,0.00,'2021-02-25 02:00:19','2021-02-25 02:00:19',NULL),(307,1603,9,3513,1.00,0.00,0.00,'2021-02-25 02:00:19','2021-02-25 02:00:19',NULL),(308,1603,9,3443,1.00,0.00,0.00,'2021-02-25 02:00:19','2021-02-25 02:00:19',NULL),(309,1603,9,3444,1.00,15818.66,3163.73,'2021-02-25 02:01:56','2021-02-25 02:01:56',NULL),(310,1603,9,3494,0.00,608.41,0.00,'2021-02-25 02:01:56','2021-02-25 02:01:56',NULL),(311,1603,9,3592,0.00,727.58,0.00,'2021-02-25 02:01:56','2021-02-25 02:01:56',NULL),(312,1603,9,3590,0.00,727.58,0.00,'2021-02-25 02:01:56','2021-02-25 02:01:56',NULL),(313,1603,9,3497,1.00,759.30,0.00,'2021-02-25 02:01:56','2021-02-25 02:01:56',NULL),(314,1603,9,3493,0.00,608.41,0.00,'2021-02-25 02:01:56','2021-02-25 02:01:56',NULL),(315,1603,9,3452,0.00,527.29,0.00,'2021-02-25 02:01:56','2021-02-25 02:01:56',NULL);
INSERT INTO `syj_liq_empleado_detail` VALUES (316,1603,9,3507,0.00,207.41,0.00,'2021-02-25 02:01:56','2021-02-25 02:01:56',NULL),(317,1603,9,3454,0.00,311.12,0.00,'2021-02-25 02:01:56','2021-02-25 02:01:56',NULL),(318,1603,9,3455,0.00,414.82,0.00,'2021-02-25 02:01:56','2021-02-25 02:01:56',NULL),(319,1603,9,3456,0.00,730.09,0.00,'2021-02-25 02:01:56','2021-02-25 02:01:56',NULL),(320,1603,9,3514,0.00,121.68,0.00,'2021-02-25 02:01:56','2021-02-25 02:01:56',NULL),(321,1603,9,3458,0.00,17136.35,0.00,'2021-02-25 02:01:56','2021-02-25 02:01:56',NULL),(322,1603,9,3513,1.00,0.00,0.00,'2021-02-25 02:01:56','2021-02-25 02:01:56',NULL),(323,1603,9,3443,1.00,0.00,0.00,'2021-02-25 02:01:56','2021-02-25 02:01:56',NULL),(324,1603,11,3444,1.00,18252.21,3650.44,'2021-02-25 02:05:12','2021-02-25 02:05:49','2021-02-25 02:05:49'),(325,1603,11,3494,0.00,608.41,0.00,'2021-02-25 02:05:12','2021-02-25 02:05:49','2021-02-25 02:05:49'),(326,1603,11,3592,0.00,727.58,0.00,'2021-02-25 02:05:12','2021-02-25 02:05:49','2021-02-25 02:05:49'),(327,1603,11,3590,0.00,727.58,0.00,'2021-02-25 02:05:12','2021-02-25 02:05:49','2021-02-25 02:05:49'),(328,1603,11,3497,2.00,876.11,0.00,'2021-02-25 02:05:12','2021-02-25 02:05:49','2021-02-25 02:05:49'),(329,1603,11,3493,0.00,608.41,0.00,'2021-02-25 02:05:12','2021-02-25 02:05:49','2021-02-25 02:05:49'),(330,1603,11,3452,0.00,608.41,0.00,'2021-02-25 02:05:12','2021-02-25 02:05:49','2021-02-25 02:05:49'),(331,1603,11,3507,0.00,207.41,0.00,'2021-02-25 02:05:12','2021-02-25 02:05:49','2021-02-25 02:05:49'),(332,1603,11,3454,0.00,311.12,0.00,'2021-02-25 02:05:12','2021-02-25 02:05:49','2021-02-25 02:05:49'),(333,1603,11,3455,0.00,414.82,0.00,'2021-02-25 02:05:12','2021-02-25 02:05:49','2021-02-25 02:05:49'),(334,1603,11,3456,0.00,730.09,0.00,'2021-02-25 02:05:12','2021-02-25 02:05:49','2021-02-25 02:05:49'),(335,1603,11,3514,0.00,121.68,0.00,'2021-02-25 02:05:12','2021-02-25 02:05:49','2021-02-25 02:05:49'),(336,1603,11,3458,0.00,19772.62,0.00,'2021-02-25 02:05:12','2021-02-25 02:05:49','2021-02-25 02:05:49'),(337,1603,11,3513,1.00,0.00,0.00,'2021-02-25 02:05:12','2021-02-25 02:05:49','2021-02-25 02:05:49'),(338,1603,11,3443,1.00,0.00,0.00,'2021-02-25 02:05:12','2021-02-25 02:05:49','2021-02-25 02:05:49'),(339,1603,11,3500,30.00,608.41,15818.66,'2021-02-25 02:05:49','2021-02-25 02:10:16','2021-02-25 02:10:16'),(340,1603,11,3495,26.00,608.41,15818.66,'2021-02-25 02:05:49','2021-02-25 02:10:16','2021-02-25 02:10:16'),(341,1603,11,3444,1.00,15818.66,3163.73,'2021-02-25 02:05:49','2021-02-25 02:10:16','2021-02-25 02:10:16'),(342,1603,11,3497,2.00,759.30,1518.60,'2021-02-25 02:05:49','2021-02-25 02:10:16','2021-02-25 02:10:16'),(343,1603,11,3477,11.00,20500.99,2255.11,'2021-02-25 02:05:49','2021-02-25 02:10:16','2021-02-25 02:10:16'),(344,1603,11,3478,3.00,20500.99,615.03,'2021-02-25 02:05:49','2021-02-25 02:10:16','2021-02-25 02:10:16'),(345,1603,11,3479,3.00,41001.98,1230.06,'2021-02-25 02:05:49','2021-02-25 02:10:16','2021-02-25 02:10:16'),(346,1603,11,3480,3.00,20500.99,615.03,'2021-02-25 02:05:49','2021-02-25 02:10:16','2021-02-25 02:10:16'),(347,1603,11,3503,1.00,17136.35,17136.35,'2021-02-25 02:05:49','2021-02-25 02:10:16','2021-02-25 02:10:16'),(348,1603,11,3502,1.00,608.41,608.41,'2021-02-25 02:05:49','2021-02-25 02:10:16','2021-02-25 02:10:16'),(349,1603,11,3442,1.00,1.00,0.24,'2021-02-25 02:05:49','2021-02-25 02:10:16','2021-02-25 02:10:16'),(350,1603,11,3444,1.00,15818.66,3163.73,'2021-02-25 02:16:17','2021-02-25 02:16:28','2021-02-25 02:16:28'),(351,1603,11,3494,0.00,608.41,0.00,'2021-02-25 02:16:17','2021-02-25 02:16:28','2021-02-25 02:16:28'),(352,1603,11,3592,0.00,727.58,0.00,'2021-02-25 02:16:17','2021-02-25 02:16:28','2021-02-25 02:16:28'),(353,1603,11,3590,0.00,727.58,0.00,'2021-02-25 02:16:17','2021-02-25 02:16:28','2021-02-25 02:16:28'),(354,1603,11,3497,0.00,759.30,0.00,'2021-02-25 02:16:17','2021-02-25 02:16:28','2021-02-25 02:16:28'),(355,1603,11,3493,0.00,608.41,0.00,'2021-02-25 02:16:17','2021-02-25 02:16:28','2021-02-25 02:16:28');
INSERT INTO `syj_liq_empleado_detail` VALUES (356,1603,11,3452,0.00,527.29,0.00,'2021-02-25 02:16:17','2021-02-25 02:16:28','2021-02-25 02:16:28'),(357,1603,11,3507,0.00,207.41,0.00,'2021-02-25 02:16:17','2021-02-25 02:16:28','2021-02-25 02:16:28'),(358,1603,11,3454,0.00,311.12,0.00,'2021-02-25 02:16:17','2021-02-25 02:16:28','2021-02-25 02:16:28'),(359,1603,11,3455,0.00,414.82,0.00,'2021-02-25 02:16:17','2021-02-25 02:16:28','2021-02-25 02:16:28'),(360,1603,11,3456,0.00,730.09,0.00,'2021-02-25 02:16:17','2021-02-25 02:16:28','2021-02-25 02:16:28'),(361,1603,11,3514,0.00,121.68,0.00,'2021-02-25 02:16:17','2021-02-25 02:16:28','2021-02-25 02:16:28'),(362,1603,11,3458,0.00,17136.35,0.00,'2021-02-25 02:16:17','2021-02-25 02:16:28','2021-02-25 02:16:28'),(363,1603,11,3513,1.00,0.00,0.00,'2021-02-25 02:16:17','2021-02-25 02:16:28','2021-02-25 02:16:28'),(364,1603,11,3443,1.00,0.00,0.00,'2021-02-25 02:16:17','2021-02-25 02:16:28','2021-02-25 02:16:28'),(365,1603,11,3500,30.00,608.41,17643.89,'2021-02-25 02:16:28','2021-02-25 02:16:34','2021-02-25 02:16:34'),(366,1603,11,3495,29.00,608.41,17643.89,'2021-02-25 02:16:28','2021-02-25 02:16:34','2021-02-25 02:16:34'),(367,1603,11,3444,1.00,17643.89,3528.78,'2021-02-25 02:16:28','2021-02-25 02:16:34','2021-02-25 02:16:34'),(368,1603,11,3477,11.00,21172.67,2328.99,'2021-02-25 02:16:28','2021-02-25 02:16:34','2021-02-25 02:16:34'),(369,1603,11,3478,3.00,21172.67,635.18,'2021-02-25 02:16:28','2021-02-25 02:16:34','2021-02-25 02:16:34'),(370,1603,11,3479,3.00,42345.34,1270.36,'2021-02-25 02:16:28','2021-02-25 02:16:34','2021-02-25 02:16:34'),(371,1603,11,3480,3.00,21172.67,635.18,'2021-02-25 02:16:28','2021-02-25 02:16:34','2021-02-25 02:16:34'),(372,1603,11,3503,1.00,19113.63,19113.63,'2021-02-25 02:16:28','2021-02-25 02:16:34','2021-02-25 02:16:34'),(373,1603,11,3502,1.00,608.41,608.41,'2021-02-25 02:16:28','2021-02-25 02:16:34','2021-02-25 02:16:34'),(374,1603,11,3442,1.00,1.00,0.04,'2021-02-25 02:16:28','2021-02-25 02:16:34','2021-02-25 02:16:34'),(375,1603,11,3444,1.00,17643.89,3528.78,'2021-02-25 02:16:57','2021-02-25 02:17:39','2021-02-25 02:17:39'),(376,1603,11,3494,0.00,608.41,0.00,'2021-02-25 02:16:57','2021-02-25 02:17:39','2021-02-25 02:17:39'),(377,1603,11,3592,0.00,727.58,0.00,'2021-02-25 02:16:57','2021-02-25 02:17:39','2021-02-25 02:17:39'),(378,1603,11,3590,0.00,727.58,0.00,'2021-02-25 02:16:57','2021-02-25 02:17:39','2021-02-25 02:17:39'),(379,1603,11,3497,2.00,846.91,0.00,'2021-02-25 02:16:57','2021-02-25 02:17:39','2021-02-25 02:17:39'),(380,1603,11,3493,0.00,608.41,0.00,'2021-02-25 02:16:57','2021-02-25 02:17:39','2021-02-25 02:17:39'),(381,1603,11,3452,0.00,588.13,0.00,'2021-02-25 02:16:57','2021-02-25 02:17:39','2021-02-25 02:17:39'),(382,1603,11,3507,0.00,207.41,0.00,'2021-02-25 02:16:57','2021-02-25 02:17:39','2021-02-25 02:17:39'),(383,1603,11,3454,0.00,311.12,0.00,'2021-02-25 02:16:57','2021-02-25 02:17:39','2021-02-25 02:17:39'),(384,1603,11,3455,0.00,414.82,0.00,'2021-02-25 02:16:57','2021-02-25 02:17:39','2021-02-25 02:17:39'),(385,1603,11,3456,0.00,730.09,0.00,'2021-02-25 02:16:57','2021-02-25 02:17:39','2021-02-25 02:17:39'),(386,1603,11,3514,0.00,121.68,0.00,'2021-02-25 02:16:57','2021-02-25 02:17:39','2021-02-25 02:17:39'),(387,1603,11,3458,0.00,19113.63,0.00,'2021-02-25 02:16:57','2021-02-25 02:17:39','2021-02-25 02:17:39'),(388,1603,11,3513,1.00,0.00,0.00,'2021-02-25 02:16:57','2021-02-25 02:17:39','2021-02-25 02:17:39'),(389,1603,11,3443,1.00,0.00,0.00,'2021-02-25 02:16:57','2021-02-25 02:17:39','2021-02-25 02:17:39'),(390,1603,12,3444,1.00,18252.21,3650.44,'2021-02-25 02:17:28','2021-02-25 02:17:42','2021-02-25 02:17:42'),(391,1603,12,3494,0.00,608.41,0.00,'2021-02-25 02:17:28','2021-02-25 02:17:42','2021-02-25 02:17:42'),(392,1603,12,3592,0.00,727.58,0.00,'2021-02-25 02:17:28','2021-02-25 02:17:42','2021-02-25 02:17:42'),(393,1603,12,3590,0.00,727.58,0.00,'2021-02-25 02:17:28','2021-02-25 02:17:42','2021-02-25 02:17:42');
INSERT INTO `syj_liq_empleado_detail` VALUES (394,1603,12,3497,2.00,876.11,0.00,'2021-02-25 02:17:28','2021-02-25 02:17:42','2021-02-25 02:17:42'),(395,1603,12,3493,1.00,608.41,0.00,'2021-02-25 02:17:28','2021-02-25 02:17:42','2021-02-25 02:17:42'),(396,1603,12,3452,0.00,608.41,0.00,'2021-02-25 02:17:28','2021-02-25 02:17:42','2021-02-25 02:17:42'),(397,1603,12,3507,0.00,207.41,0.00,'2021-02-25 02:17:28','2021-02-25 02:17:42','2021-02-25 02:17:42'),(398,1603,12,3454,0.00,311.12,0.00,'2021-02-25 02:17:28','2021-02-25 02:17:42','2021-02-25 02:17:42'),(399,1603,12,3455,0.00,414.82,0.00,'2021-02-25 02:17:28','2021-02-25 02:17:42','2021-02-25 02:17:42'),(400,1603,12,3456,0.00,730.09,0.00,'2021-02-25 02:17:28','2021-02-25 02:17:42','2021-02-25 02:17:42'),(401,1603,12,3514,0.00,121.68,0.00,'2021-02-25 02:17:28','2021-02-25 02:17:42','2021-02-25 02:17:42'),(402,1603,12,3458,0.00,19772.62,0.00,'2021-02-25 02:17:28','2021-02-25 02:17:42','2021-02-25 02:17:42'),(403,1603,12,3513,1.00,0.00,0.00,'2021-02-25 02:17:28','2021-02-25 02:17:42','2021-02-25 02:17:42'),(404,1603,12,3443,1.00,0.00,0.00,'2021-02-25 02:17:28','2021-02-25 02:17:42','2021-02-25 02:17:42'),(405,1603,11,3500,30.00,608.41,17035.48,'2021-02-25 02:17:39','2021-02-25 02:22:40','2021-02-25 02:22:40'),(406,1603,11,3495,28.00,608.41,17035.48,'2021-02-25 02:17:39','2021-02-25 02:22:40','2021-02-25 02:22:40'),(407,1603,11,3444,1.00,17035.48,3407.10,'2021-02-25 02:17:39','2021-02-25 02:22:40','2021-02-25 02:22:40'),(408,1603,11,3497,2.00,817.70,1635.40,'2021-02-25 02:17:39','2021-02-25 02:22:40','2021-02-25 02:22:40'),(409,1603,11,3477,11.00,22077.98,2428.58,'2021-02-25 02:17:39','2021-02-25 02:22:40','2021-02-25 02:22:40'),(410,1603,11,3478,3.00,22077.98,662.34,'2021-02-25 02:17:39','2021-02-25 02:22:40','2021-02-25 02:22:40'),(411,1603,11,3479,3.00,44155.96,1324.68,'2021-02-25 02:17:39','2021-02-25 02:22:40','2021-02-25 02:22:40'),(412,1603,11,3480,3.00,22077.98,662.34,'2021-02-25 02:17:39','2021-02-25 02:22:40','2021-02-25 02:22:40'),(413,1603,11,3503,1.00,18454.54,18454.54,'2021-02-25 02:17:39','2021-02-25 02:22:40','2021-02-25 02:22:40'),(414,1603,11,3502,1.00,608.41,608.41,'2021-02-25 02:17:39','2021-02-25 02:22:40','2021-02-25 02:22:40'),(415,1603,11,3442,1.00,1.00,0.96,'2021-02-25 02:17:39','2021-02-25 02:22:40','2021-02-25 02:22:40'),(416,1603,12,3500,30.00,608.41,16427.07,'2021-02-25 02:17:42','2021-02-25 02:22:41','2021-02-25 02:22:41'),(417,1603,12,3495,27.00,608.41,16427.07,'2021-02-25 02:17:42','2021-02-25 02:22:41','2021-02-25 02:22:41'),(418,1603,12,3444,1.00,16427.07,3285.41,'2021-02-25 02:17:42','2021-02-25 02:22:41','2021-02-25 02:22:41'),(419,1603,12,3497,2.00,788.50,1577.00,'2021-02-25 02:17:42','2021-02-25 02:22:41','2021-02-25 02:22:41'),(420,1603,12,3477,11.00,21897.89,2408.77,'2021-02-25 02:17:42','2021-02-25 02:22:41','2021-02-25 02:22:41'),(421,1603,12,3478,3.00,21897.89,656.94,'2021-02-25 02:17:42','2021-02-25 02:22:41','2021-02-25 02:22:41'),(422,1603,12,3479,3.00,43795.78,1313.87,'2021-02-25 02:17:42','2021-02-25 02:22:41','2021-02-25 02:22:41'),(423,1603,12,3480,3.00,21897.89,656.94,'2021-02-25 02:17:42','2021-02-25 02:22:41','2021-02-25 02:22:41'),(424,1603,12,3503,1.00,17795.44,17795.44,'2021-02-25 02:17:42','2021-02-25 02:22:41','2021-02-25 02:22:41'),(425,1603,12,3502,1.00,608.41,608.41,'2021-02-25 02:17:42','2021-02-25 02:22:41','2021-02-25 02:22:41'),(426,1603,12,3442,1.00,1.00,0.63,'2021-02-25 02:17:42','2021-02-25 02:22:41','2021-02-25 02:22:41'),(427,1603,12,3493,1.00,608.41,608.41,'2021-02-25 02:17:42','2021-02-25 02:22:41','2021-02-25 02:22:41'),(428,1603,11,3444,1.00,17035.48,3407.10,'2021-02-25 02:22:59','2021-02-25 02:23:32','2021-02-25 02:23:32'),(429,1603,11,3494,0.00,608.41,0.00,'2021-02-25 02:22:59','2021-02-25 02:23:32','2021-02-25 02:23:32'),(430,1603,11,3592,0.00,727.58,0.00,'2021-02-25 02:22:59','2021-02-25 02:23:32','2021-02-25 02:23:32'),(431,1603,11,3590,0.00,727.58,0.00,'2021-02-25 02:22:59','2021-02-25 02:23:32','2021-02-25 02:23:32');
INSERT INTO `syj_liq_empleado_detail` VALUES (432,1603,11,3497,0.00,817.70,0.00,'2021-02-25 02:22:59','2021-02-25 02:23:32','2021-02-25 02:23:32'),(433,1603,11,3493,0.00,608.41,0.00,'2021-02-25 02:22:59','2021-02-25 02:23:32','2021-02-25 02:23:32'),(434,1603,11,3452,0.00,567.85,0.00,'2021-02-25 02:22:59','2021-02-25 02:23:32','2021-02-25 02:23:32'),(435,1603,11,3507,0.00,207.41,0.00,'2021-02-25 02:22:59','2021-02-25 02:23:32','2021-02-25 02:23:32'),(436,1603,11,3454,0.00,311.12,0.00,'2021-02-25 02:22:59','2021-02-25 02:23:32','2021-02-25 02:23:32'),(437,1603,11,3455,0.00,414.82,0.00,'2021-02-25 02:22:59','2021-02-25 02:23:32','2021-02-25 02:23:32'),(438,1603,11,3456,0.00,730.09,0.00,'2021-02-25 02:22:59','2021-02-25 02:23:32','2021-02-25 02:23:32'),(439,1603,11,3514,0.00,121.68,0.00,'2021-02-25 02:22:59','2021-02-25 02:23:32','2021-02-25 02:23:32'),(440,1603,11,3458,0.00,18454.54,0.00,'2021-02-25 02:22:59','2021-02-25 02:23:32','2021-02-25 02:23:32'),(441,1603,11,3513,1.00,0.00,0.00,'2021-02-25 02:22:59','2021-02-25 02:23:32','2021-02-25 02:23:32'),(442,1603,11,3443,1.00,0.00,0.00,'2021-02-25 02:22:59','2021-02-25 02:23:32','2021-02-25 02:23:32'),(443,1603,12,3444,1.00,16427.07,3285.41,'2021-02-25 02:23:23','2021-02-25 02:23:35','2021-02-25 02:23:35'),(444,1603,12,3494,0.00,608.41,0.00,'2021-02-25 02:23:23','2021-02-25 02:23:35','2021-02-25 02:23:35'),(445,1603,12,3592,0.00,727.58,0.00,'2021-02-25 02:23:23','2021-02-25 02:23:35','2021-02-25 02:23:35'),(446,1603,12,3590,0.00,727.58,0.00,'2021-02-25 02:23:23','2021-02-25 02:23:35','2021-02-25 02:23:35'),(447,1603,12,3497,0.00,788.50,0.00,'2021-02-25 02:23:23','2021-02-25 02:23:35','2021-02-25 02:23:35'),(448,1603,12,3493,1.00,608.41,0.00,'2021-02-25 02:23:23','2021-02-25 02:23:35','2021-02-25 02:23:35'),(449,1603,12,3452,0.00,547.57,0.00,'2021-02-25 02:23:23','2021-02-25 02:23:35','2021-02-25 02:23:35'),(450,1603,12,3507,0.00,207.41,0.00,'2021-02-25 02:23:23','2021-02-25 02:23:35','2021-02-25 02:23:35'),(451,1603,12,3454,0.00,311.12,0.00,'2021-02-25 02:23:23','2021-02-25 02:23:35','2021-02-25 02:23:35'),(452,1603,12,3455,0.00,414.82,0.00,'2021-02-25 02:23:23','2021-02-25 02:23:35','2021-02-25 02:23:35'),(453,1603,12,3456,0.00,730.09,0.00,'2021-02-25 02:23:23','2021-02-25 02:23:35','2021-02-25 02:23:35'),(454,1603,12,3514,0.00,121.68,0.00,'2021-02-25 02:23:23','2021-02-25 02:23:35','2021-02-25 02:23:35'),(455,1603,12,3458,0.00,17795.44,0.00,'2021-02-25 02:23:23','2021-02-25 02:23:35','2021-02-25 02:23:35'),(456,1603,12,3513,1.00,0.00,0.00,'2021-02-25 02:23:23','2021-02-25 02:23:35','2021-02-25 02:23:35'),(457,1603,12,3443,1.00,0.00,0.00,'2021-02-25 02:23:23','2021-02-25 02:23:35','2021-02-25 02:23:35'),(458,1603,11,3500,30.00,608.41,18252.21,'2021-02-25 02:23:32','2021-02-25 02:39:57','2021-02-25 02:39:57'),(459,1603,11,3495,30.00,608.41,18252.21,'2021-02-25 02:23:32','2021-02-25 02:39:57','2021-02-25 02:39:57'),(460,1603,11,3444,1.00,18252.21,3650.44,'2021-02-25 02:23:32','2021-02-25 02:39:57','2021-02-25 02:39:57'),(461,1603,11,3477,11.00,21902.65,2409.29,'2021-02-25 02:23:32','2021-02-25 02:39:57','2021-02-25 02:39:57'),(462,1603,11,3478,3.00,21902.65,657.08,'2021-02-25 02:23:32','2021-02-25 02:39:57','2021-02-25 02:39:57'),(463,1603,11,3479,3.00,43805.30,1314.16,'2021-02-25 02:23:32','2021-02-25 02:39:57','2021-02-25 02:39:57'),(464,1603,11,3480,3.00,21902.65,657.08,'2021-02-25 02:23:32','2021-02-25 02:39:57','2021-02-25 02:39:57'),(465,1603,11,3503,1.00,19772.62,19772.62,'2021-02-25 02:23:32','2021-02-25 02:39:57','2021-02-25 02:39:57'),(466,1603,11,3502,1.00,608.41,608.41,'2021-02-25 02:23:32','2021-02-25 02:39:57','2021-02-25 02:39:57'),(467,1603,11,3442,1.00,1.00,0.96,'2021-02-25 02:23:32','2021-02-25 02:39:57','2021-02-25 02:39:57'),(468,1603,12,3500,30.00,608.41,17643.89,'2021-02-25 02:23:35','2021-02-25 02:40:01','2021-02-25 02:40:01'),(469,1603,12,3495,29.00,608.41,17643.89,'2021-02-25 02:23:35','2021-02-25 02:40:01','2021-02-25 02:40:01');
INSERT INTO `syj_liq_empleado_detail` VALUES (470,1603,12,3444,1.00,17643.89,3528.78,'2021-02-25 02:23:35','2021-02-25 02:40:01','2021-02-25 02:40:01'),(471,1603,12,3477,11.00,21781.08,2395.92,'2021-02-25 02:23:35','2021-02-25 02:40:01','2021-02-25 02:40:01'),(472,1603,12,3478,3.00,21781.08,653.43,'2021-02-25 02:23:35','2021-02-25 02:40:01','2021-02-25 02:40:01'),(473,1603,12,3479,3.00,43562.16,1306.86,'2021-02-25 02:23:35','2021-02-25 02:40:01','2021-02-25 02:40:01'),(474,1603,12,3480,3.00,21781.08,653.43,'2021-02-25 02:23:35','2021-02-25 02:40:01','2021-02-25 02:40:01'),(475,1603,12,3503,1.00,19113.63,19113.63,'2021-02-25 02:23:35','2021-02-25 02:40:01','2021-02-25 02:40:01'),(476,1603,12,3502,1.00,608.41,608.41,'2021-02-25 02:23:35','2021-02-25 02:40:01','2021-02-25 02:40:01'),(477,1603,12,3442,1.00,1.00,0.56,'2021-02-25 02:23:35','2021-02-25 02:40:01','2021-02-25 02:40:01'),(478,1603,12,3493,1.00,608.41,608.41,'2021-02-25 02:23:35','2021-02-25 02:40:01','2021-02-25 02:40:01'),(479,1603,11,3444,1.00,18252.21,3650.44,'2021-02-25 02:40:16','2021-02-25 02:40:41','2021-02-25 02:40:41'),(480,1603,11,3494,0.00,608.41,0.00,'2021-02-25 02:40:16','2021-02-25 02:40:41','2021-02-25 02:40:41'),(481,1603,11,3592,0.00,727.58,0.00,'2021-02-25 02:40:16','2021-02-25 02:40:41','2021-02-25 02:40:41'),(482,1603,11,3590,0.00,727.58,0.00,'2021-02-25 02:40:16','2021-02-25 02:40:41','2021-02-25 02:40:41'),(483,1603,11,3497,0.00,876.11,0.00,'2021-02-25 02:40:16','2021-02-25 02:40:41','2021-02-25 02:40:41'),(484,1603,11,3493,0.00,608.41,0.00,'2021-02-25 02:40:16','2021-02-25 02:40:41','2021-02-25 02:40:41'),(485,1603,11,3452,0.00,608.41,0.00,'2021-02-25 02:40:16','2021-02-25 02:40:41','2021-02-25 02:40:41'),(486,1603,11,3507,0.00,207.41,0.00,'2021-02-25 02:40:16','2021-02-25 02:40:41','2021-02-25 02:40:41'),(487,1603,11,3454,0.00,311.12,0.00,'2021-02-25 02:40:16','2021-02-25 02:40:41','2021-02-25 02:40:41'),(488,1603,11,3455,0.00,414.82,0.00,'2021-02-25 02:40:16','2021-02-25 02:40:41','2021-02-25 02:40:41'),(489,1603,11,3456,0.00,730.09,0.00,'2021-02-25 02:40:16','2021-02-25 02:40:41','2021-02-25 02:40:41'),(490,1603,11,3514,0.00,121.68,0.00,'2021-02-25 02:40:16','2021-02-25 02:40:41','2021-02-25 02:40:41'),(491,1603,11,3458,0.00,19772.62,0.00,'2021-02-25 02:40:16','2021-02-25 02:40:41','2021-02-25 02:40:41'),(492,1603,11,3513,1.00,0.00,0.00,'2021-02-25 02:40:16','2021-02-25 02:40:41','2021-02-25 02:40:41'),(493,1603,11,3443,1.00,0.00,0.00,'2021-02-25 02:40:16','2021-02-25 02:40:41','2021-02-25 02:40:41'),(494,1603,12,3444,1.00,17643.89,3528.78,'2021-02-25 02:40:32','2021-02-25 02:40:45','2021-02-25 02:40:45'),(495,1603,12,3494,0.00,608.41,0.00,'2021-02-25 02:40:32','2021-02-25 02:40:45','2021-02-25 02:40:45'),(496,1603,12,3592,0.00,727.58,0.00,'2021-02-25 02:40:32','2021-02-25 02:40:45','2021-02-25 02:40:45'),(497,1603,12,3590,0.00,727.58,0.00,'2021-02-25 02:40:32','2021-02-25 02:40:45','2021-02-25 02:40:45'),(498,1603,12,3497,0.00,846.91,0.00,'2021-02-25 02:40:32','2021-02-25 02:40:45','2021-02-25 02:40:45'),(499,1603,12,3493,1.00,608.41,0.00,'2021-02-25 02:40:32','2021-02-25 02:40:45','2021-02-25 02:40:45'),(500,1603,12,3452,0.00,588.13,0.00,'2021-02-25 02:40:32','2021-02-25 02:40:45','2021-02-25 02:40:45'),(501,1603,12,3507,0.00,207.41,0.00,'2021-02-25 02:40:32','2021-02-25 02:40:45','2021-02-25 02:40:45'),(502,1603,12,3454,0.00,311.12,0.00,'2021-02-25 02:40:32','2021-02-25 02:40:45','2021-02-25 02:40:45'),(503,1603,12,3455,0.00,414.82,0.00,'2021-02-25 02:40:32','2021-02-25 02:40:45','2021-02-25 02:40:45'),(504,1603,12,3456,0.00,730.09,0.00,'2021-02-25 02:40:32','2021-02-25 02:40:45','2021-02-25 02:40:45'),(505,1603,12,3514,0.00,121.68,0.00,'2021-02-25 02:40:32','2021-02-25 02:40:45','2021-02-25 02:40:45'),(506,1603,12,3458,0.00,19113.63,0.00,'2021-02-25 02:40:32','2021-02-25 02:40:45','2021-02-25 02:40:45'),(507,1603,12,3513,1.00,0.00,0.00,'2021-02-25 02:40:32','2021-02-25 02:40:45','2021-02-25 02:40:45');
INSERT INTO `syj_liq_empleado_detail` VALUES (508,1603,12,3443,1.00,0.00,0.00,'2021-02-25 02:40:32','2021-02-25 02:40:45','2021-02-25 02:40:45'),(509,1603,11,3500,30.00,608.41,18252.21,'2021-02-25 02:40:41','2021-02-25 02:44:16','2021-02-25 02:44:16'),(510,1603,11,3495,30.00,608.41,18252.21,'2021-02-25 02:40:41','2021-02-25 02:44:16','2021-02-25 02:44:16'),(511,1603,11,3444,1.00,18252.21,3650.44,'2021-02-25 02:40:41','2021-02-25 02:44:16','2021-02-25 02:44:16'),(512,1603,11,3477,11.00,21902.65,2409.29,'2021-02-25 02:40:41','2021-02-25 02:44:16','2021-02-25 02:44:16'),(513,1603,11,3478,3.00,21902.65,657.08,'2021-02-25 02:40:41','2021-02-25 02:44:16','2021-02-25 02:44:16'),(514,1603,11,3479,3.00,43805.30,1314.16,'2021-02-25 02:40:41','2021-02-25 02:44:16','2021-02-25 02:44:16'),(515,1603,11,3480,3.00,21902.65,657.08,'2021-02-25 02:40:41','2021-02-25 02:44:16','2021-02-25 02:44:16'),(516,1603,11,3503,1.00,19772.62,19772.62,'2021-02-25 02:40:41','2021-02-25 02:44:16','2021-02-25 02:44:16'),(517,1603,11,3502,1.00,608.41,608.41,'2021-02-25 02:40:41','2021-02-25 02:44:16','2021-02-25 02:44:16'),(518,1603,11,3442,1.00,1.00,0.96,'2021-02-25 02:40:41','2021-02-25 02:44:16','2021-02-25 02:44:16'),(519,1603,12,3500,30.00,608.41,17643.89,'2021-02-25 02:40:45','2021-02-25 02:44:19','2021-02-25 02:44:19'),(520,1603,12,3495,29.00,608.41,17643.89,'2021-02-25 02:40:45','2021-02-25 02:44:19','2021-02-25 02:44:19'),(521,1603,12,3444,1.00,18252.30,3650.46,'2021-02-25 02:40:45','2021-02-25 02:44:19','2021-02-25 02:44:19'),(522,1603,12,3477,11.00,21902.76,2409.30,'2021-02-25 02:40:45','2021-02-25 02:44:19','2021-02-25 02:44:19'),(523,1603,12,3478,3.00,21902.76,657.08,'2021-02-25 02:40:45','2021-02-25 02:44:19','2021-02-25 02:44:19'),(524,1603,12,3479,3.00,43805.52,1314.17,'2021-02-25 02:40:45','2021-02-25 02:44:19','2021-02-25 02:44:19'),(525,1603,12,3480,3.00,21902.76,657.08,'2021-02-25 02:40:45','2021-02-25 02:44:19','2021-02-25 02:44:19'),(526,1603,12,3503,1.00,19113.63,19113.63,'2021-02-25 02:40:45','2021-02-25 02:44:19','2021-02-25 02:44:19'),(527,1603,12,3502,1.00,608.41,608.41,'2021-02-25 02:40:45','2021-02-25 02:44:19','2021-02-25 02:44:19'),(528,1603,12,3442,1.00,1.00,0.87,'2021-02-25 02:40:45','2021-02-25 02:44:19','2021-02-25 02:44:19'),(529,1603,12,3493,1.00,608.41,608.41,'2021-02-25 02:40:45','2021-02-25 02:44:19','2021-02-25 02:44:19'),(530,1603,12,3444,1.00,17643.89,3528.78,'2021-02-25 02:48:26','2021-02-25 02:48:48','2021-02-25 02:48:48'),(531,1603,12,3494,0.00,608.41,0.00,'2021-02-25 02:48:26','2021-02-25 02:48:48','2021-02-25 02:48:48'),(532,1603,12,3493,2.00,608.41,0.00,'2021-02-25 02:48:26','2021-02-25 02:48:48','2021-02-25 02:48:48'),(533,1603,12,3497,0.00,846.91,0.00,'2021-02-25 02:48:26','2021-02-25 02:48:48','2021-02-25 02:48:48'),(534,1603,12,3592,0.00,727.58,0.00,'2021-02-25 02:48:26','2021-02-25 02:48:48','2021-02-25 02:48:48'),(535,1603,12,3590,0.00,727.58,0.00,'2021-02-25 02:48:26','2021-02-25 02:48:48','2021-02-25 02:48:48'),(536,1603,12,3452,0.00,588.13,0.00,'2021-02-25 02:48:26','2021-02-25 02:48:48','2021-02-25 02:48:48'),(537,1603,12,3507,0.00,207.41,0.00,'2021-02-25 02:48:26','2021-02-25 02:48:48','2021-02-25 02:48:48'),(538,1603,12,3454,0.00,311.12,0.00,'2021-02-25 02:48:26','2021-02-25 02:48:48','2021-02-25 02:48:48'),(539,1603,12,3455,0.00,414.82,0.00,'2021-02-25 02:48:26','2021-02-25 02:48:48','2021-02-25 02:48:48'),(540,1603,12,3456,0.00,730.09,0.00,'2021-02-25 02:48:26','2021-02-25 02:48:48','2021-02-25 02:48:48'),(541,1603,12,3514,0.00,121.68,0.00,'2021-02-25 02:48:26','2021-02-25 02:48:48','2021-02-25 02:48:48'),(542,1603,12,3458,0.00,19113.63,0.00,'2021-02-25 02:48:26','2021-02-25 02:48:48','2021-02-25 02:48:48'),(543,1603,12,3513,1.00,0.00,0.00,'2021-02-25 02:48:26','2021-02-25 02:48:48','2021-02-25 02:48:48'),(544,1603,12,3443,1.00,0.00,0.00,'2021-02-25 02:48:26','2021-02-25 02:48:48','2021-02-25 02:48:48'),(545,1603,11,3444,1.00,18252.21,3650.44,'2021-02-25 02:48:35','2021-02-25 02:48:44','2021-02-25 02:48:44');
INSERT INTO `syj_liq_empleado_detail` VALUES (546,1603,11,3494,0.00,608.41,0.00,'2021-02-25 02:48:35','2021-02-25 02:48:44','2021-02-25 02:48:44'),(547,1603,11,3493,0.00,608.41,0.00,'2021-02-25 02:48:35','2021-02-25 02:48:44','2021-02-25 02:48:44'),(548,1603,11,3497,0.00,876.11,0.00,'2021-02-25 02:48:35','2021-02-25 02:48:44','2021-02-25 02:48:44'),(549,1603,11,3592,0.00,727.58,0.00,'2021-02-25 02:48:35','2021-02-25 02:48:44','2021-02-25 02:48:44'),(550,1603,11,3590,0.00,727.58,0.00,'2021-02-25 02:48:35','2021-02-25 02:48:44','2021-02-25 02:48:44'),(551,1603,11,3452,0.00,608.41,0.00,'2021-02-25 02:48:35','2021-02-25 02:48:44','2021-02-25 02:48:44'),(552,1603,11,3507,0.00,207.41,0.00,'2021-02-25 02:48:35','2021-02-25 02:48:44','2021-02-25 02:48:44'),(553,1603,11,3454,0.00,311.12,0.00,'2021-02-25 02:48:35','2021-02-25 02:48:44','2021-02-25 02:48:44'),(554,1603,11,3455,0.00,414.82,0.00,'2021-02-25 02:48:35','2021-02-25 02:48:44','2021-02-25 02:48:44'),(555,1603,11,3456,0.00,730.09,0.00,'2021-02-25 02:48:35','2021-02-25 02:48:44','2021-02-25 02:48:44'),(556,1603,11,3514,0.00,121.68,0.00,'2021-02-25 02:48:35','2021-02-25 02:48:44','2021-02-25 02:48:44'),(557,1603,11,3458,0.00,19772.62,0.00,'2021-02-25 02:48:35','2021-02-25 02:48:44','2021-02-25 02:48:44'),(558,1603,11,3513,1.00,0.00,0.00,'2021-02-25 02:48:35','2021-02-25 02:48:44','2021-02-25 02:48:44'),(559,1603,11,3443,1.00,0.00,0.00,'2021-02-25 02:48:35','2021-02-25 02:48:44','2021-02-25 02:48:44'),(560,1603,11,3500,30.00,608.41,18252.21,'2021-02-25 02:48:44','2021-02-25 02:51:22','2021-02-25 02:51:22'),(561,1603,11,3495,30.00,608.41,18252.21,'2021-02-25 02:48:44','2021-02-25 02:51:22','2021-02-25 02:51:22'),(562,1603,11,3444,1.00,18252.21,3650.44,'2021-02-25 02:48:44','2021-02-25 02:51:22','2021-02-25 02:51:22'),(563,1603,11,3477,11.00,21902.65,2409.29,'2021-02-25 02:48:44','2021-02-25 02:51:22','2021-02-25 02:51:22'),(564,1603,11,3478,3.00,21902.65,657.08,'2021-02-25 02:48:44','2021-02-25 02:51:22','2021-02-25 02:51:22'),(565,1603,11,3479,3.00,43805.30,1314.16,'2021-02-25 02:48:44','2021-02-25 02:51:22','2021-02-25 02:51:22'),(566,1603,11,3480,3.00,21902.65,657.08,'2021-02-25 02:48:44','2021-02-25 02:51:22','2021-02-25 02:51:22'),(567,1603,11,3503,1.00,19772.62,19772.62,'2021-02-25 02:48:44','2021-02-25 02:51:22','2021-02-25 02:51:22'),(568,1603,11,3502,1.00,608.41,608.41,'2021-02-25 02:48:44','2021-02-25 02:51:22','2021-02-25 02:51:22'),(569,1603,11,3442,1.00,1.00,0.96,'2021-02-25 02:48:44','2021-02-25 02:51:22','2021-02-25 02:51:22'),(570,1603,12,3500,30.00,608.41,17035.48,'2021-02-25 02:48:48','2021-02-25 02:51:26','2021-02-25 02:51:26'),(571,1603,12,3495,28.00,608.41,17035.48,'2021-02-25 02:48:48','2021-02-25 02:51:26','2021-02-25 02:51:26'),(572,1603,12,3444,1.00,18252.30,3650.46,'2021-02-25 02:48:48','2021-02-25 02:51:26','2021-02-25 02:51:26'),(573,1603,12,3493,2.00,608.41,1216.82,'2021-02-25 02:48:48','2021-02-25 02:51:26','2021-02-25 02:51:26'),(574,1603,12,3477,11.00,21902.76,2409.30,'2021-02-25 02:48:48','2021-02-25 02:51:26','2021-02-25 02:51:26'),(575,1603,12,3478,3.00,21902.76,657.08,'2021-02-25 02:48:48','2021-02-25 02:51:26','2021-02-25 02:51:26'),(576,1603,12,3479,3.00,43805.52,1314.17,'2021-02-25 02:48:48','2021-02-25 02:51:26','2021-02-25 02:51:26'),(577,1603,12,3480,3.00,21902.76,657.08,'2021-02-25 02:48:48','2021-02-25 02:51:26','2021-02-25 02:51:26'),(578,1603,12,3503,1.00,18454.54,18454.54,'2021-02-25 02:48:48','2021-02-25 02:51:26','2021-02-25 02:51:26'),(579,1603,12,3502,1.00,608.41,608.41,'2021-02-25 02:48:48','2021-02-25 02:51:26','2021-02-25 02:51:26'),(580,1603,12,3442,1.00,1.00,0.87,'2021-02-25 02:48:48','2021-02-25 02:51:26','2021-02-25 02:51:26'),(581,1603,12,3494,0.00,608.41,0.00,'2021-02-25 02:51:42','2021-02-25 02:52:03','2021-02-25 02:52:03'),(582,1603,12,3493,2.00,608.41,0.00,'2021-02-25 02:51:42','2021-02-25 02:52:03','2021-02-25 02:52:03'),(583,1603,12,3497,0.00,817.70,0.00,'2021-02-25 02:51:42','2021-02-25 02:52:03','2021-02-25 02:52:03');
INSERT INTO `syj_liq_empleado_detail` VALUES (584,1603,12,3444,1.00,17035.48,3407.10,'2021-02-25 02:51:42','2021-02-25 02:52:03','2021-02-25 02:52:03'),(585,1603,12,3592,0.00,727.58,0.00,'2021-02-25 02:51:42','2021-02-25 02:52:03','2021-02-25 02:52:03'),(586,1603,12,3590,0.00,727.58,0.00,'2021-02-25 02:51:42','2021-02-25 02:52:03','2021-02-25 02:52:03'),(587,1603,12,3452,0.00,567.85,0.00,'2021-02-25 02:51:42','2021-02-25 02:52:03','2021-02-25 02:52:03'),(588,1603,12,3507,0.00,207.41,0.00,'2021-02-25 02:51:42','2021-02-25 02:52:03','2021-02-25 02:52:03'),(589,1603,12,3454,0.00,311.12,0.00,'2021-02-25 02:51:42','2021-02-25 02:52:03','2021-02-25 02:52:03'),(590,1603,12,3455,0.00,414.82,0.00,'2021-02-25 02:51:42','2021-02-25 02:52:03','2021-02-25 02:52:03'),(591,1603,12,3456,0.00,730.09,0.00,'2021-02-25 02:51:42','2021-02-25 02:52:03','2021-02-25 02:52:03'),(592,1603,12,3514,0.00,121.68,0.00,'2021-02-25 02:51:42','2021-02-25 02:52:03','2021-02-25 02:52:03'),(593,1603,12,3458,0.00,18454.54,0.00,'2021-02-25 02:51:42','2021-02-25 02:52:03','2021-02-25 02:52:03'),(594,1603,12,3513,1.00,0.00,0.00,'2021-02-25 02:51:42','2021-02-25 02:52:03','2021-02-25 02:52:03'),(595,1603,12,3443,1.00,0.00,0.00,'2021-02-25 02:51:42','2021-02-25 02:52:03','2021-02-25 02:52:03'),(596,1603,11,3494,0.00,608.41,0.00,'2021-02-25 02:51:51','2021-02-25 02:52:00','2021-02-25 02:52:00'),(597,1603,11,3493,0.00,608.41,0.00,'2021-02-25 02:51:51','2021-02-25 02:52:00','2021-02-25 02:52:00'),(598,1603,11,3497,0.00,876.11,0.00,'2021-02-25 02:51:51','2021-02-25 02:52:00','2021-02-25 02:52:00'),(599,1603,11,3444,1.00,18252.21,3650.44,'2021-02-25 02:51:51','2021-02-25 02:52:00','2021-02-25 02:52:00'),(600,1603,11,3592,0.00,727.58,0.00,'2021-02-25 02:51:51','2021-02-25 02:52:00','2021-02-25 02:52:00'),(601,1603,11,3590,0.00,727.58,0.00,'2021-02-25 02:51:51','2021-02-25 02:52:00','2021-02-25 02:52:00'),(602,1603,11,3452,0.00,608.41,0.00,'2021-02-25 02:51:51','2021-02-25 02:52:00','2021-02-25 02:52:00'),(603,1603,11,3507,0.00,207.41,0.00,'2021-02-25 02:51:51','2021-02-25 02:52:00','2021-02-25 02:52:00'),(604,1603,11,3454,0.00,311.12,0.00,'2021-02-25 02:51:51','2021-02-25 02:52:00','2021-02-25 02:52:00'),(605,1603,11,3455,0.00,414.82,0.00,'2021-02-25 02:51:51','2021-02-25 02:52:00','2021-02-25 02:52:00'),(606,1603,11,3456,0.00,730.09,0.00,'2021-02-25 02:51:51','2021-02-25 02:52:00','2021-02-25 02:52:00'),(607,1603,11,3514,0.00,121.68,0.00,'2021-02-25 02:51:51','2021-02-25 02:52:00','2021-02-25 02:52:00'),(608,1603,11,3458,0.00,19772.62,0.00,'2021-02-25 02:51:51','2021-02-25 02:52:00','2021-02-25 02:52:00'),(609,1603,11,3513,1.00,0.00,0.00,'2021-02-25 02:51:51','2021-02-25 02:52:00','2021-02-25 02:52:00'),(610,1603,11,3443,1.00,0.00,0.00,'2021-02-25 02:51:51','2021-02-25 02:52:00','2021-02-25 02:52:00'),(611,1603,11,3500,30.00,608.41,18252.21,'2021-02-25 02:52:00','2021-02-25 02:52:00',NULL),(612,1603,11,3495,30.00,608.41,18252.21,'2021-02-25 02:52:00','2021-02-25 02:52:00',NULL),(613,1603,11,3444,1.00,18252.21,3650.44,'2021-02-25 02:52:00','2021-02-25 02:52:00',NULL),(614,1603,11,3477,11.00,21902.65,2409.29,'2021-02-25 02:52:00','2021-02-25 02:52:00',NULL),(615,1603,11,3478,3.00,21902.65,657.08,'2021-02-25 02:52:00','2021-02-25 02:52:00',NULL),(616,1603,11,3479,3.00,43805.30,1314.16,'2021-02-25 02:52:00','2021-02-25 02:52:00',NULL),(617,1603,11,3480,3.00,21902.65,657.08,'2021-02-25 02:52:00','2021-02-25 02:52:00',NULL),(618,1603,11,3503,1.00,19772.62,19772.62,'2021-02-25 02:52:00','2021-02-25 02:52:00',NULL),(619,1603,11,3502,1.00,608.41,608.41,'2021-02-25 02:52:00','2021-02-25 02:52:00',NULL),(620,1603,11,3442,1.00,1.00,0.96,'2021-02-25 02:52:00','2021-02-25 02:52:00',NULL),(621,1603,12,3500,30.00,608.41,17035.48,'2021-02-25 02:52:03','2021-02-25 02:52:03',NULL),(622,1603,12,3495,28.00,608.41,17035.48,'2021-02-25 02:52:03','2021-02-25 02:52:03',NULL),(623,1603,12,3493,2.00,608.41,1216.82,'2021-02-25 02:52:03','2021-02-25 02:52:03',NULL);
INSERT INTO `syj_liq_empleado_detail` VALUES (624,1603,12,3444,1.00,18252.30,3650.46,'2021-02-25 02:52:03','2021-02-25 02:52:03',NULL),(625,1603,12,3477,11.00,21902.76,2409.30,'2021-02-25 02:52:03','2021-02-25 02:52:03',NULL),(626,1603,12,3478,3.00,21902.76,657.08,'2021-02-25 02:52:03','2021-02-25 02:52:03',NULL),(627,1603,12,3479,3.00,43805.52,1314.17,'2021-02-25 02:52:03','2021-02-25 02:52:03',NULL),(628,1603,12,3480,3.00,21902.76,657.08,'2021-02-25 02:52:03','2021-02-25 02:52:03',NULL),(629,1603,12,3503,1.00,18454.54,18454.54,'2021-02-25 02:52:03','2021-02-25 02:52:03',NULL),(630,1603,12,3502,1.00,608.41,608.41,'2021-02-25 02:52:03','2021-02-25 02:52:03',NULL),(631,1603,12,3442,1.00,1.00,0.87,'2021-02-25 02:52:03','2021-02-25 02:52:03',NULL),(632,1603,15,3500,30.00,608.41,18252.21,'2021-03-30 00:54:44','2021-03-30 01:01:34','2021-03-30 01:01:34'),(633,1603,15,3495,30.00,608.41,18252.21,'2021-03-30 00:54:44','2021-03-30 01:01:34','2021-03-30 01:01:34'),(634,1603,15,3444,1.00,18252.21,3650.44,'2021-03-30 00:54:44','2021-03-30 01:01:34','2021-03-30 01:01:34'),(635,1603,15,3477,11.00,23458.25,2580.41,'2021-03-30 00:54:44','2021-03-30 01:01:34','2021-03-30 01:01:34'),(636,1603,15,3478,3.00,23458.25,703.75,'2021-03-30 00:54:44','2021-03-30 01:01:34','2021-03-30 01:01:34'),(637,1603,15,3479,3.00,46916.50,1407.50,'2021-03-30 00:54:44','2021-03-30 01:01:34','2021-03-30 01:01:34'),(638,1603,15,3480,3.00,23458.25,703.75,'2021-03-30 00:54:44','2021-03-30 01:01:34','2021-03-30 01:01:34'),(639,1603,15,3503,1.00,19772.62,19772.62,'2021-03-30 00:54:44','2021-03-30 01:01:34','2021-03-30 01:01:34'),(640,1603,15,3502,1.00,608.41,608.41,'2021-03-30 00:54:44','2021-03-30 01:01:34','2021-03-30 01:01:34'),(641,1603,15,3442,1.00,1.00,0.16,'2021-03-30 00:54:44','2021-03-30 01:01:34','2021-03-30 01:01:34'),(642,1603,15,3454,5.00,311.12,1555.60,'2021-03-30 00:54:44','2021-03-30 01:01:34','2021-03-30 01:01:34'),(643,1603,16,3500,30.00,608.41,18252.21,'2021-03-30 00:55:19','2021-03-30 01:01:37','2021-03-30 01:01:37'),(644,1603,16,3495,30.00,608.41,18252.21,'2021-03-30 00:55:19','2021-03-30 01:01:37','2021-03-30 01:01:37'),(645,1603,16,3444,1.00,18252.21,3650.44,'2021-03-30 00:55:19','2021-03-30 01:01:37','2021-03-30 01:01:37'),(646,1603,16,3477,11.00,23458.25,2580.41,'2021-03-30 00:55:19','2021-03-30 01:01:37','2021-03-30 01:01:37'),(647,1603,16,3478,3.00,23458.25,703.75,'2021-03-30 00:55:19','2021-03-30 01:01:37','2021-03-30 01:01:37'),(648,1603,16,3479,3.00,46916.50,1407.50,'2021-03-30 00:55:19','2021-03-30 01:01:37','2021-03-30 01:01:37'),(649,1603,16,3480,3.00,23458.25,703.75,'2021-03-30 00:55:19','2021-03-30 01:01:37','2021-03-30 01:01:37'),(650,1603,16,3503,1.00,19772.62,19772.62,'2021-03-30 00:55:19','2021-03-30 01:01:37','2021-03-30 01:01:37'),(651,1603,16,3502,1.00,608.41,608.41,'2021-03-30 00:55:19','2021-03-30 01:01:37','2021-03-30 01:01:37'),(652,1603,16,3442,1.00,1.00,0.16,'2021-03-30 00:55:19','2021-03-30 01:01:37','2021-03-30 01:01:37'),(653,1603,16,3454,5.00,311.12,1555.60,'2021-03-30 00:55:19','2021-03-30 01:01:37','2021-03-30 01:01:37'),(654,1603,15,3500,30.00,608.41,18252.21,'2021-03-30 01:05:05','2021-03-30 01:08:02','2021-03-30 01:08:02'),(655,1603,15,3495,30.00,608.41,18252.21,'2021-03-30 01:05:05','2021-03-30 01:08:02','2021-03-30 01:08:02'),(656,1603,15,3444,1.00,18252.21,3650.44,'2021-03-30 01:05:05','2021-03-30 01:08:02','2021-03-30 01:08:02'),(657,1603,15,3454,5.00,311.12,1555.60,'2021-03-30 01:05:05','2021-03-30 01:08:02','2021-03-30 01:08:02'),(658,1603,15,3503,1.00,19772.62,19772.62,'2021-03-30 01:05:05','2021-03-30 01:08:02','2021-03-30 01:08:02'),(659,1603,15,3502,1.00,608.41,608.41,'2021-03-30 01:05:05','2021-03-30 01:08:02','2021-03-30 01:08:02'),(660,1603,15,3477,11.00,23458.25,2580.41,'2021-03-30 01:05:05','2021-03-30 01:08:02','2021-03-30 01:08:02'),(661,1603,15,3478,3.00,23458.25,703.75,'2021-03-30 01:05:05','2021-03-30 01:08:02','2021-03-30 01:08:02'),(662,1603,15,3479,3.00,46916.50,1407.50,'2021-03-30 01:05:05','2021-03-30 01:08:02','2021-03-30 01:08:02');
INSERT INTO `syj_liq_empleado_detail` VALUES (663,1603,15,3480,3.00,23458.25,703.75,'2021-03-30 01:05:05','2021-03-30 01:08:02','2021-03-30 01:08:02'),(664,1603,15,3442,1.00,1.00,0.16,'2021-03-30 01:05:05','2021-03-30 01:08:02','2021-03-30 01:08:02'),(665,1603,16,3500,30.00,608.41,18252.21,'2021-03-30 01:05:37','2021-03-30 01:08:04','2021-03-30 01:08:04'),(666,1603,16,3495,30.00,608.41,18252.21,'2021-03-30 01:05:37','2021-03-30 01:08:04','2021-03-30 01:08:04'),(667,1603,16,3444,1.00,18252.21,3650.44,'2021-03-30 01:05:37','2021-03-30 01:08:04','2021-03-30 01:08:04'),(668,1603,16,3454,5.00,311.12,1555.60,'2021-03-30 01:05:37','2021-03-30 01:08:04','2021-03-30 01:08:04'),(669,1603,16,3503,1.00,19772.62,19772.62,'2021-03-30 01:05:37','2021-03-30 01:08:04','2021-03-30 01:08:04'),(670,1603,16,3502,1.00,608.41,608.41,'2021-03-30 01:05:37','2021-03-30 01:08:04','2021-03-30 01:08:04'),(671,1603,16,3477,11.00,23458.25,2580.41,'2021-03-30 01:05:37','2021-03-30 01:08:04','2021-03-30 01:08:04'),(672,1603,16,3478,3.00,23458.25,703.75,'2021-03-30 01:05:37','2021-03-30 01:08:04','2021-03-30 01:08:04'),(673,1603,16,3479,3.00,46916.50,1407.50,'2021-03-30 01:05:37','2021-03-30 01:08:04','2021-03-30 01:08:04'),(674,1603,16,3480,3.00,23458.25,703.75,'2021-03-30 01:05:37','2021-03-30 01:08:04','2021-03-30 01:08:04'),(675,1603,16,3442,1.00,1.00,0.16,'2021-03-30 01:05:37','2021-03-30 01:08:04','2021-03-30 01:08:04'),(676,1603,15,3500,30.00,608.41,18252.21,'2021-03-30 01:08:02','2021-03-30 01:08:02',NULL),(677,1603,15,3495,30.00,608.41,18252.21,'2021-03-30 01:08:02','2021-03-30 01:08:02',NULL),(678,1603,15,3444,1.00,18252.21,3650.44,'2021-03-30 01:08:02','2021-03-30 01:08:02',NULL),(679,1603,15,3454,5.00,311.12,1555.60,'2021-03-30 01:08:02','2021-03-30 01:08:02',NULL),(680,1603,15,3503,1.00,19772.62,19772.62,'2021-03-30 01:08:02','2021-03-30 01:08:02',NULL),(681,1603,15,3502,1.00,608.41,608.41,'2021-03-30 01:08:02','2021-03-30 01:08:02',NULL),(682,1603,15,3477,11.00,23458.25,2580.41,'2021-03-30 01:08:02','2021-03-30 01:08:02',NULL),(683,1603,15,3478,3.00,23458.25,703.75,'2021-03-30 01:08:02','2021-03-30 01:08:02',NULL),(684,1603,15,3479,3.00,46916.50,1407.50,'2021-03-30 01:08:02','2021-03-30 01:08:02',NULL),(685,1603,15,3480,3.00,23458.25,703.75,'2021-03-30 01:08:02','2021-03-30 01:08:02',NULL),(686,1603,15,3442,1.00,1.00,0.16,'2021-03-30 01:08:02','2021-03-30 01:08:02',NULL),(687,1603,16,3500,30.00,608.41,18252.21,'2021-03-30 01:08:04','2021-03-30 01:08:04',NULL),(688,1603,16,3495,30.00,608.41,18252.21,'2021-03-30 01:08:04','2021-03-30 01:08:04',NULL),(689,1603,16,3444,1.00,18252.21,3650.44,'2021-03-30 01:08:04','2021-03-30 01:08:04',NULL),(690,1603,16,3454,5.00,311.12,1555.60,'2021-03-30 01:08:04','2021-03-30 01:08:04',NULL),(691,1603,16,3503,1.00,19772.62,19772.62,'2021-03-30 01:08:04','2021-03-30 01:08:04',NULL),(692,1603,16,3502,1.00,608.41,608.41,'2021-03-30 01:08:04','2021-03-30 01:08:04',NULL),(693,1603,16,3477,11.00,23458.25,2580.41,'2021-03-30 01:08:04','2021-03-30 01:08:04',NULL),(694,1603,16,3478,3.00,23458.25,703.75,'2021-03-30 01:08:04','2021-03-30 01:08:04',NULL),(695,1603,16,3479,3.00,46916.50,1407.50,'2021-03-30 01:08:04','2021-03-30 01:08:04',NULL),(696,1603,16,3480,3.00,23458.25,703.75,'2021-03-30 01:08:04','2021-03-30 01:08:04',NULL),(697,1603,16,3442,1.00,1.00,0.16,'2021-03-30 01:08:04','2021-03-30 01:08:04',NULL),(698,1603,19,3494,0.00,665.12,0.00,'2021-04-29 02:46:57','2021-04-29 02:48:11','2021-04-29 02:48:11'),(699,1603,19,3493,0.00,665.12,0.00,'2021-04-29 02:46:57','2021-04-29 02:48:11','2021-04-29 02:48:11'),(700,1603,19,3497,0.00,0.00,0.00,'2021-04-29 02:46:57','2021-04-29 02:48:11','2021-04-29 02:48:11'),(701,1603,19,3444,1.00,19953.68,3990.74,'2021-04-29 02:46:57','2021-04-29 02:48:11','2021-04-29 02:48:11'),(702,1603,19,3454,0.00,340.12,0.00,'2021-04-29 02:46:57','2021-04-29 02:48:11','2021-04-29 02:48:11'),(703,1603,19,3455,0.00,453.49,0.00,'2021-04-29 02:46:57','2021-04-29 02:48:11','2021-04-29 02:48:11');
INSERT INTO `syj_liq_empleado_detail` VALUES (704,1603,19,3592,0.00,727.58,0.00,'2021-04-29 02:46:57','2021-04-29 02:48:11','2021-04-29 02:48:11'),(705,1603,19,3590,0.00,727.58,0.00,'2021-04-29 02:46:57','2021-04-29 02:48:11','2021-04-29 02:48:11'),(706,1603,19,3452,0.00,665.12,0.00,'2021-04-29 02:46:57','2021-04-29 02:48:11','2021-04-29 02:48:11'),(707,1603,19,3507,0.00,226.75,0.00,'2021-04-29 02:46:57','2021-04-29 02:48:11','2021-04-29 02:48:11'),(708,1603,19,3456,0.00,798.15,0.00,'2021-04-29 02:46:57','2021-04-29 02:48:11','2021-04-29 02:48:11'),(709,1603,19,3514,0.00,133.03,0.00,'2021-04-29 02:46:57','2021-04-29 02:48:11','2021-04-29 02:48:11'),(710,1603,19,3458,0.00,21615.82,0.00,'2021-04-29 02:46:57','2021-04-29 02:48:11','2021-04-29 02:48:11'),(711,1603,19,3513,1.00,0.00,0.00,'2021-04-29 02:46:57','2021-04-29 02:48:11','2021-04-29 02:48:11'),(712,1603,19,3443,1.00,0.00,0.00,'2021-04-29 02:46:57','2021-04-29 02:48:11','2021-04-29 02:48:11'),(713,1603,20,3500,30.00,665.12,19953.68,'2021-04-29 02:47:38','2021-04-29 02:48:41','2021-04-29 02:48:41'),(714,1603,20,3495,30.00,665.12,19953.68,'2021-04-29 02:47:38','2021-04-29 02:48:41','2021-04-29 02:48:41'),(715,1603,20,3444,1.00,19953.68,3990.74,'2021-04-29 02:47:38','2021-04-29 02:48:41','2021-04-29 02:48:41'),(716,1603,20,3503,1.00,21615.82,21615.82,'2021-04-29 02:47:38','2021-04-29 02:48:41','2021-04-29 02:48:41'),(717,1603,20,3502,1.00,665.12,665.12,'2021-04-29 02:47:38','2021-04-29 02:48:41','2021-04-29 02:48:41'),(718,1603,20,3477,11.00,23944.42,2633.89,'2021-04-29 02:47:38','2021-04-29 02:48:41','2021-04-29 02:48:41'),(719,1603,20,3478,3.00,23944.42,718.33,'2021-04-29 02:47:38','2021-04-29 02:48:41','2021-04-29 02:48:41'),(720,1603,20,3479,3.00,47888.84,1436.67,'2021-04-29 02:47:38','2021-04-29 02:48:41','2021-04-29 02:48:41'),(721,1603,20,3480,3.00,23944.42,718.33,'2021-04-29 02:47:38','2021-04-29 02:48:41','2021-04-29 02:48:41'),(722,1603,20,3442,1.00,1.00,0.80,'2021-04-29 02:47:38','2021-04-29 02:48:41','2021-04-29 02:48:41'),(723,1603,19,3500,30.00,665.12,19953.68,'2021-04-29 02:48:11','2021-04-29 02:48:56','2021-04-29 02:48:56'),(724,1603,19,3495,30.00,665.12,19953.68,'2021-04-29 02:48:11','2021-04-29 02:48:56','2021-04-29 02:48:56'),(725,1603,19,3444,1.00,19953.68,3990.74,'2021-04-29 02:48:11','2021-04-29 02:48:56','2021-04-29 02:48:56'),(726,1603,19,3503,1.00,21615.82,21615.82,'2021-04-29 02:48:11','2021-04-29 02:48:56','2021-04-29 02:48:56'),(727,1603,19,3502,1.00,665.12,665.12,'2021-04-29 02:48:11','2021-04-29 02:48:56','2021-04-29 02:48:56'),(728,1603,19,3477,11.00,23944.42,2633.89,'2021-04-29 02:48:11','2021-04-29 02:48:56','2021-04-29 02:48:56'),(729,1603,19,3478,3.00,23944.42,718.33,'2021-04-29 02:48:11','2021-04-29 02:48:56','2021-04-29 02:48:56'),(730,1603,19,3479,3.00,47888.84,1436.67,'2021-04-29 02:48:11','2021-04-29 02:48:56','2021-04-29 02:48:56'),(731,1603,19,3480,3.00,23944.42,718.33,'2021-04-29 02:48:11','2021-04-29 02:48:56','2021-04-29 02:48:56'),(732,1603,19,3442,1.00,1.00,0.80,'2021-04-29 02:48:11','2021-04-29 02:48:56','2021-04-29 02:48:56'),(733,1603,20,3500,30.00,665.12,19953.68,'2021-04-29 02:48:41','2021-04-29 02:50:57','2021-04-29 02:50:57'),(734,1603,20,3495,30.00,665.12,19953.68,'2021-04-29 02:48:41','2021-04-29 02:50:57','2021-04-29 02:50:57'),(735,1603,20,3444,1.00,19953.68,3990.74,'2021-04-29 02:48:41','2021-04-29 02:50:57','2021-04-29 02:50:57'),(736,1603,20,3503,1.00,21615.82,21615.82,'2021-04-29 02:48:41','2021-04-29 02:50:57','2021-04-29 02:50:57'),(737,1603,20,3502,1.00,665.12,665.12,'2021-04-29 02:48:41','2021-04-29 02:50:57','2021-04-29 02:50:57'),(738,1603,20,3477,11.00,23944.42,2633.89,'2021-04-29 02:48:41','2021-04-29 02:50:57','2021-04-29 02:50:57'),(739,1603,20,3478,3.00,23944.42,718.33,'2021-04-29 02:48:41','2021-04-29 02:50:57','2021-04-29 02:50:57'),(740,1603,20,3479,3.00,47888.84,1436.67,'2021-04-29 02:48:41','2021-04-29 02:50:57','2021-04-29 02:50:57'),(741,1603,20,3480,3.00,23944.42,718.33,'2021-04-29 02:48:41','2021-04-29 02:50:57','2021-04-29 02:50:57');
INSERT INTO `syj_liq_empleado_detail` VALUES (742,1603,20,3442,1.00,1.00,0.80,'2021-04-29 02:48:41','2021-04-29 02:50:57','2021-04-29 02:50:57'),(743,1603,19,3500,30.00,665.12,19953.68,'2021-04-29 02:51:14','2021-04-29 04:19:10','2021-04-29 04:19:10'),(744,1603,19,3495,30.00,665.12,19953.68,'2021-04-29 02:51:14','2021-04-29 04:19:10','2021-04-29 04:19:10'),(745,1603,19,3444,1.00,19953.68,3990.74,'2021-04-29 02:51:14','2021-04-29 04:19:10','2021-04-29 04:19:10'),(746,1603,19,3503,1.00,21615.82,21615.82,'2021-04-29 02:51:14','2021-04-29 04:19:10','2021-04-29 04:19:10'),(747,1603,19,3502,1.00,665.12,665.12,'2021-04-29 02:51:14','2021-04-29 04:19:10','2021-04-29 04:19:10'),(748,1603,19,3477,11.00,23944.42,2633.89,'2021-04-29 02:51:14','2021-04-29 04:19:10','2021-04-29 04:19:10'),(749,1603,19,3478,3.00,23944.42,718.33,'2021-04-29 02:51:14','2021-04-29 04:19:10','2021-04-29 04:19:10'),(750,1603,19,3479,3.00,47888.84,1436.67,'2021-04-29 02:51:14','2021-04-29 04:19:10','2021-04-29 04:19:10'),(751,1603,19,3480,3.00,23944.42,718.33,'2021-04-29 02:51:14','2021-04-29 04:19:10','2021-04-29 04:19:10'),(752,1603,19,3442,1.00,1.00,0.80,'2021-04-29 02:51:14','2021-04-29 04:19:10','2021-04-29 04:19:10'),(753,1603,20,3500,30.00,665.12,19953.68,'2021-04-29 02:51:33','2021-04-29 02:51:46','2021-04-29 02:51:46'),(754,1603,20,3495,30.00,665.12,19953.68,'2021-04-29 02:51:33','2021-04-29 02:51:46','2021-04-29 02:51:46'),(755,1603,20,3444,1.00,19953.68,3990.74,'2021-04-29 02:51:33','2021-04-29 02:51:46','2021-04-29 02:51:46'),(756,1603,20,3503,1.00,21615.82,21615.82,'2021-04-29 02:51:33','2021-04-29 02:51:46','2021-04-29 02:51:46'),(757,1603,20,3502,1.00,665.12,665.12,'2021-04-29 02:51:33','2021-04-29 02:51:46','2021-04-29 02:51:46'),(758,1603,20,3477,11.00,23944.42,2633.89,'2021-04-29 02:51:33','2021-04-29 02:51:46','2021-04-29 02:51:46'),(759,1603,20,3478,3.00,23944.42,718.33,'2021-04-29 02:51:33','2021-04-29 02:51:46','2021-04-29 02:51:46'),(760,1603,20,3479,3.00,47888.84,1436.67,'2021-04-29 02:51:33','2021-04-29 02:51:46','2021-04-29 02:51:46'),(761,1603,20,3480,3.00,23944.42,718.33,'2021-04-29 02:51:33','2021-04-29 02:51:46','2021-04-29 02:51:46'),(762,1603,20,3442,1.00,1.00,0.80,'2021-04-29 02:51:33','2021-04-29 02:51:46','2021-04-29 02:51:46'),(763,1603,20,3500,30.00,665.12,19953.68,'2021-04-29 02:51:46','2021-04-29 04:19:10','2021-04-29 04:19:10'),(764,1603,20,3495,30.00,665.12,19953.68,'2021-04-29 02:51:46','2021-04-29 04:19:10','2021-04-29 04:19:10'),(765,1603,20,3444,1.00,19953.68,3990.74,'2021-04-29 02:51:46','2021-04-29 04:19:10','2021-04-29 04:19:10'),(766,1603,20,3503,1.00,21615.82,21615.82,'2021-04-29 02:51:46','2021-04-29 04:19:10','2021-04-29 04:19:10'),(767,1603,20,3502,1.00,665.12,665.12,'2021-04-29 02:51:46','2021-04-29 04:19:10','2021-04-29 04:19:10'),(768,1603,20,3477,11.00,23944.42,2633.89,'2021-04-29 02:51:46','2021-04-29 04:19:10','2021-04-29 04:19:10'),(769,1603,20,3478,3.00,23944.42,718.33,'2021-04-29 02:51:46','2021-04-29 04:19:10','2021-04-29 04:19:10'),(770,1603,20,3479,3.00,47888.84,1436.67,'2021-04-29 02:51:46','2021-04-29 04:19:10','2021-04-29 04:19:10'),(771,1603,20,3480,3.00,23944.42,718.33,'2021-04-29 02:51:46','2021-04-29 04:19:10','2021-04-29 04:19:10'),(772,1603,20,3442,1.00,1.00,0.80,'2021-04-29 02:51:46','2021-04-29 04:19:10','2021-04-29 04:19:10'),(773,1603,21,3500,30.00,665.12,19953.68,'2021-04-29 04:21:17','2021-04-29 15:07:39','2021-04-29 15:07:39'),(774,1603,21,3495,30.00,665.12,19953.68,'2021-04-29 04:21:17','2021-04-29 15:07:39','2021-04-29 15:07:39'),(775,1603,21,3444,1.00,19953.68,3990.74,'2021-04-29 04:21:17','2021-04-29 15:07:39','2021-04-29 15:07:39'),(776,1603,21,3503,1.00,21615.82,21615.82,'2021-04-29 04:21:17','2021-04-29 15:07:39','2021-04-29 15:07:39'),(777,1603,21,3502,1.00,665.12,665.12,'2021-04-29 04:21:17','2021-04-29 15:07:39','2021-04-29 15:07:39'),(778,1603,21,3477,11.00,23944.42,2633.89,'2021-04-29 04:21:17','2021-04-29 15:07:39','2021-04-29 15:07:39');
INSERT INTO `syj_liq_empleado_detail` VALUES (779,1603,21,3478,3.00,23944.42,718.33,'2021-04-29 04:21:17','2021-04-29 15:07:39','2021-04-29 15:07:39'),(780,1603,21,3479,3.00,47888.84,1436.67,'2021-04-29 04:21:17','2021-04-29 15:07:39','2021-04-29 15:07:39'),(781,1603,21,3480,3.00,23944.42,718.33,'2021-04-29 04:21:17','2021-04-29 15:07:39','2021-04-29 15:07:39'),(782,1603,21,3442,1.00,1.00,0.80,'2021-04-29 04:21:17','2021-04-29 15:07:39','2021-04-29 15:07:39'),(783,1603,22,3500,30.00,665.12,19953.68,'2021-04-29 04:21:33','2021-04-29 15:07:39','2021-04-29 15:07:39'),(784,1603,22,3495,30.00,665.12,19953.68,'2021-04-29 04:21:33','2021-04-29 15:07:39','2021-04-29 15:07:39'),(785,1603,22,3444,1.00,19953.68,3990.74,'2021-04-29 04:21:33','2021-04-29 15:07:39','2021-04-29 15:07:39'),(786,1603,22,3503,1.00,21615.82,21615.82,'2021-04-29 04:21:33','2021-04-29 15:07:39','2021-04-29 15:07:39'),(787,1603,22,3502,1.00,665.12,665.12,'2021-04-29 04:21:33','2021-04-29 15:07:39','2021-04-29 15:07:39'),(788,1603,22,3477,11.00,23944.42,2633.89,'2021-04-29 04:21:33','2021-04-29 15:07:39','2021-04-29 15:07:39'),(789,1603,22,3478,3.00,23944.42,718.33,'2021-04-29 04:21:33','2021-04-29 15:07:39','2021-04-29 15:07:39'),(790,1603,22,3479,3.00,47888.84,1436.67,'2021-04-29 04:21:33','2021-04-29 15:07:39','2021-04-29 15:07:39'),(791,1603,22,3480,3.00,23944.42,718.33,'2021-04-29 04:21:33','2021-04-29 15:07:39','2021-04-29 15:07:39'),(792,1603,22,3442,1.00,1.00,0.80,'2021-04-29 04:21:33','2021-04-29 15:07:39','2021-04-29 15:07:39'),(793,1603,21,3500,30.00,665.12,19953.68,'2021-04-29 15:14:56','2021-04-29 15:14:56',NULL),(794,1603,21,3495,30.00,665.12,19953.68,'2021-04-29 15:14:56','2021-04-29 15:14:56',NULL),(795,1603,21,3444,1.00,19953.68,3990.74,'2021-04-29 15:14:56','2021-04-29 15:14:56',NULL),(796,1603,21,3454,3.00,340.12,1020.36,'2021-04-29 15:14:56','2021-04-29 15:14:56',NULL),(797,1603,21,3503,1.00,21615.82,21615.82,'2021-04-29 15:14:56','2021-04-29 15:14:56',NULL),(798,1603,21,3502,1.00,665.12,665.12,'2021-04-29 15:14:56','2021-04-29 15:14:56',NULL),(799,1603,21,3477,11.00,24964.78,2746.13,'2021-04-29 15:14:56','2021-04-29 15:14:56',NULL),(800,1603,21,3478,3.00,24964.78,748.94,'2021-04-29 15:14:56','2021-04-29 15:14:56',NULL),(801,1603,21,3479,3.00,49929.56,1497.89,'2021-04-29 15:14:56','2021-04-29 15:14:56',NULL),(802,1603,21,3480,3.00,24964.78,748.94,'2021-04-29 15:14:56','2021-04-29 15:14:56',NULL),(803,1603,21,3442,1.00,1.00,0.12,'2021-04-29 15:14:56','2021-04-29 15:14:56',NULL),(804,1603,22,3500,30.00,665.12,19953.68,'2021-04-29 15:15:21','2021-04-29 15:15:21',NULL),(805,1603,22,3495,30.00,665.12,19953.68,'2021-04-29 15:15:21','2021-04-29 15:15:21',NULL),(806,1603,22,3444,1.00,19953.68,3990.74,'2021-04-29 15:15:21','2021-04-29 15:15:21',NULL),(807,1603,22,3454,3.00,340.12,1020.36,'2021-04-29 15:15:21','2021-04-29 15:15:21',NULL),(808,1603,22,3503,1.00,21615.82,21615.82,'2021-04-29 15:15:21','2021-04-29 15:15:21',NULL),(809,1603,22,3502,1.00,665.12,665.12,'2021-04-29 15:15:21','2021-04-29 15:15:21',NULL),(810,1603,22,3477,11.00,24964.78,2746.13,'2021-04-29 15:15:21','2021-04-29 15:15:21',NULL),(811,1603,22,3478,3.00,24964.78,748.94,'2021-04-29 15:15:21','2021-04-29 15:15:21',NULL),(812,1603,22,3479,3.00,49929.56,1497.89,'2021-04-29 15:15:21','2021-04-29 15:15:21',NULL),(813,1603,22,3480,3.00,24964.78,748.94,'2021-04-29 15:15:21','2021-04-29 15:15:21',NULL),(814,1603,22,3442,1.00,1.00,0.12,'2021-04-29 15:15:21','2021-04-29 15:15:21',NULL),(815,1603,26,3445,14.00,866.21,12126.94,'2021-05-30 22:57:32','2021-05-30 23:03:56','2021-05-30 23:03:56'),(816,1603,26,3502,1.00,721.84,721.84,'2021-05-30 22:57:32','2021-05-30 23:03:56','2021-05-30 23:03:56'),(817,1603,26,3477,11.00,12126.94,1333.96,'2021-05-30 22:57:32','2021-05-30 23:03:56','2021-05-30 23:03:56'),(818,1603,26,3478,3.00,12126.94,363.81,'2021-05-30 22:57:32','2021-05-30 23:03:56','2021-05-30 23:03:56'),(819,1603,26,3479,3.00,24253.88,727.62,'2021-05-30 22:57:32','2021-05-30 23:03:56','2021-05-30 23:03:56');
INSERT INTO `syj_liq_empleado_detail` VALUES (820,1603,26,3480,3.00,12126.94,363.81,'2021-05-30 22:57:32','2021-05-30 23:03:56','2021-05-30 23:03:56'),(821,1603,26,3442,1.00,1.00,0.26,'2021-05-30 22:57:32','2021-05-30 23:03:56','2021-05-30 23:03:56'),(822,1603,29,3500,30.00,721.84,11549.44,'2021-05-30 23:01:12','2021-05-30 23:02:13','2021-05-30 23:02:13'),(823,1603,29,3495,16.00,721.84,11549.44,'2021-05-30 23:01:12','2021-05-30 23:02:13','2021-05-30 23:02:13'),(824,1603,29,3444,1.00,11549.44,2309.89,'2021-05-30 23:01:12','2021-05-30 23:02:13','2021-05-30 23:02:13'),(825,1603,29,3503,1.00,12511.51,12511.51,'2021-05-30 23:01:12','2021-05-30 23:02:13','2021-05-30 23:02:13'),(826,1603,29,3502,1.00,721.84,721.84,'2021-05-30 23:01:12','2021-05-30 23:02:13','2021-05-30 23:02:13'),(827,1603,29,3477,11.00,13859.33,1524.53,'2021-05-30 23:01:12','2021-05-30 23:02:13','2021-05-30 23:02:13'),(828,1603,29,3478,3.00,13859.33,415.78,'2021-05-30 23:01:12','2021-05-30 23:02:13','2021-05-30 23:02:13'),(829,1603,29,3479,3.00,27718.66,831.56,'2021-05-30 23:01:12','2021-05-30 23:02:13','2021-05-30 23:02:13'),(830,1603,29,3480,3.00,13859.33,415.78,'2021-05-30 23:01:12','2021-05-30 23:02:13','2021-05-30 23:02:13'),(831,1603,29,3442,1.00,1.00,0.32,'2021-05-30 23:01:12','2021-05-30 23:02:13','2021-05-30 23:02:13'),(832,1603,30,3500,30.00,721.84,20933.36,'2021-05-30 23:01:59','2021-05-30 23:02:15','2021-05-30 23:02:15'),(833,1603,30,3495,29.00,721.84,20933.36,'2021-05-30 23:01:59','2021-05-30 23:02:15','2021-05-30 23:02:15'),(834,1603,30,3493,1.00,721.84,721.84,'2021-05-30 23:01:59','2021-05-30 23:02:15','2021-05-30 23:02:15'),(835,1603,30,3444,1.00,21655.20,4331.04,'2021-05-30 23:01:59','2021-05-30 23:02:15','2021-05-30 23:02:15'),(836,1603,30,3503,1.00,22677.11,22677.11,'2021-05-30 23:01:59','2021-05-30 23:02:15','2021-05-30 23:02:15'),(837,1603,30,3502,1.00,721.84,721.84,'2021-05-30 23:01:59','2021-05-30 23:02:15','2021-05-30 23:02:15'),(838,1603,30,3477,11.00,25986.24,2858.49,'2021-05-30 23:01:59','2021-05-30 23:02:15','2021-05-30 23:02:15'),(839,1603,30,3478,3.00,25986.24,779.59,'2021-05-30 23:01:59','2021-05-30 23:02:15','2021-05-30 23:02:15'),(840,1603,30,3479,3.00,51972.48,1559.17,'2021-05-30 23:01:59','2021-05-30 23:02:15','2021-05-30 23:02:15'),(841,1603,30,3480,3.00,25986.24,779.59,'2021-05-30 23:01:59','2021-05-30 23:02:15','2021-05-30 23:02:15'),(842,1603,30,3442,1.00,1.00,0.60,'2021-05-30 23:01:59','2021-05-30 23:02:15','2021-05-30 23:02:15'),(843,1603,29,3500,30.00,721.84,11549.44,'2021-05-30 23:02:13','2021-05-30 23:02:13',NULL),(844,1603,29,3495,16.00,721.84,11549.44,'2021-05-30 23:02:13','2021-05-30 23:02:13',NULL),(845,1603,29,3444,1.00,11549.44,2309.89,'2021-05-30 23:02:13','2021-05-30 23:02:13',NULL),(846,1603,29,3503,1.00,12511.51,12511.51,'2021-05-30 23:02:13','2021-05-30 23:02:13',NULL),(847,1603,29,3502,1.00,721.84,721.84,'2021-05-30 23:02:13','2021-05-30 23:02:13',NULL),(848,1603,29,3477,11.00,13859.33,1524.53,'2021-05-30 23:02:13','2021-05-30 23:02:13',NULL),(849,1603,29,3478,3.00,13859.33,415.78,'2021-05-30 23:02:13','2021-05-30 23:02:13',NULL),(850,1603,29,3479,3.00,27718.66,831.56,'2021-05-30 23:02:13','2021-05-30 23:02:13',NULL),(851,1603,29,3480,3.00,13859.33,415.78,'2021-05-30 23:02:13','2021-05-30 23:02:13',NULL),(852,1603,29,3442,1.00,1.00,0.32,'2021-05-30 23:02:13','2021-05-30 23:02:13',NULL),(853,1603,30,3500,30.00,721.84,20933.36,'2021-05-30 23:02:15','2021-05-30 23:02:15',NULL),(854,1603,30,3495,29.00,721.84,20933.36,'2021-05-30 23:02:15','2021-05-30 23:02:15',NULL),(855,1603,30,3493,1.00,721.84,721.84,'2021-05-30 23:02:15','2021-05-30 23:02:15',NULL),(856,1603,30,3444,1.00,21655.20,4331.04,'2021-05-30 23:02:15','2021-05-30 23:02:15',NULL),(857,1603,30,3503,1.00,22677.11,22677.11,'2021-05-30 23:02:15','2021-05-30 23:02:15',NULL),(858,1603,30,3502,1.00,721.84,721.84,'2021-05-30 23:02:15','2021-05-30 23:02:15',NULL),(859,1603,30,3477,11.00,25986.24,2858.49,'2021-05-30 23:02:15','2021-05-30 23:02:15',NULL);
INSERT INTO `syj_liq_empleado_detail` VALUES (860,1603,30,3478,3.00,25986.24,779.59,'2021-05-30 23:02:15','2021-05-30 23:02:15',NULL),(861,1603,30,3479,3.00,51972.48,1559.17,'2021-05-30 23:02:15','2021-05-30 23:02:15',NULL),(862,1603,30,3480,3.00,25986.24,779.59,'2021-05-30 23:02:15','2021-05-30 23:02:15',NULL),(863,1603,30,3442,1.00,1.00,0.60,'2021-05-30 23:02:15','2021-05-30 23:02:15',NULL),(864,1603,26,3445,14.00,866.21,12126.94,'2021-05-30 23:12:06','2021-05-30 23:13:51','2021-05-30 23:13:51'),(865,1603,26,3502,1.00,721.84,721.84,'2021-05-30 23:12:06','2021-05-30 23:13:51','2021-05-30 23:13:51'),(866,1603,26,3477,11.00,12126.94,1333.96,'2021-05-30 23:12:06','2021-05-30 23:13:51','2021-05-30 23:13:51'),(867,1603,26,3478,3.00,12126.94,363.81,'2021-05-30 23:12:06','2021-05-30 23:13:51','2021-05-30 23:13:51'),(868,1603,26,3479,3.00,24253.88,727.62,'2021-05-30 23:12:06','2021-05-30 23:13:51','2021-05-30 23:13:51'),(869,1603,26,3480,3.00,12126.94,363.81,'2021-05-30 23:12:06','2021-05-30 23:13:51','2021-05-30 23:13:51'),(870,1603,26,3442,1.00,1.00,0.26,'2021-05-30 23:12:06','2021-05-30 23:13:51','2021-05-30 23:13:51'),(871,1603,26,3445,14.00,866.21,12126.94,'2021-05-30 23:20:22','2021-05-30 23:20:38','2021-05-30 23:20:38'),(872,1603,26,3444,1.00,12126.94,2425.39,'2021-05-30 23:20:22','2021-05-30 23:20:38','2021-05-30 23:20:38'),(873,1603,26,3502,1.00,721.84,721.84,'2021-05-30 23:20:22','2021-05-30 23:20:38','2021-05-30 23:20:38'),(874,1603,26,3477,11.00,14552.33,1600.76,'2021-05-30 23:20:22','2021-05-30 23:20:38','2021-05-30 23:20:38'),(875,1603,26,3478,3.00,14552.33,436.57,'2021-05-30 23:20:22','2021-05-30 23:20:38','2021-05-30 23:20:38'),(876,1603,26,3479,3.00,29104.66,873.14,'2021-05-30 23:20:22','2021-05-30 23:20:38','2021-05-30 23:20:38'),(877,1603,26,3480,3.00,14552.33,436.57,'2021-05-30 23:20:22','2021-05-30 23:20:38','2021-05-30 23:20:38'),(878,1603,26,3442,1.00,1.00,0.71,'2021-05-30 23:20:22','2021-05-30 23:20:38','2021-05-30 23:20:38'),(879,1603,26,3444,1.00,12126.94,2425.39,'2021-05-30 23:20:25','2021-05-30 23:20:38','2021-05-30 23:20:38'),(880,1603,26,3507,0.00,246.08,0.00,'2021-05-30 23:20:25','2021-05-30 23:20:38','2021-05-30 23:20:38'),(881,1603,26,3514,0.00,144.37,0.00,'2021-05-30 23:20:25','2021-05-30 23:20:38','2021-05-30 23:20:38'),(882,1603,26,3513,1.00,0.00,0.00,'2021-05-30 23:20:25','2021-05-30 23:20:38','2021-05-30 23:20:38'),(883,1603,26,3445,14.00,866.21,12126.94,'2021-05-30 23:20:38','2021-05-30 23:20:38',NULL),(884,1603,26,3444,1.00,12126.94,2425.39,'2021-05-30 23:20:38','2021-05-30 23:20:38',NULL),(885,1603,26,3502,1.00,721.84,721.84,'2021-05-30 23:20:38','2021-05-30 23:20:38',NULL),(886,1603,26,3477,11.00,14552.33,1600.76,'2021-05-30 23:20:38','2021-05-30 23:20:38',NULL),(887,1603,26,3478,3.00,14552.33,436.57,'2021-05-30 23:20:38','2021-05-30 23:20:38',NULL),(888,1603,26,3479,3.00,29104.66,873.14,'2021-05-30 23:20:38','2021-05-30 23:20:38',NULL),(889,1603,26,3480,3.00,14552.33,436.57,'2021-05-30 23:20:38','2021-05-30 23:20:38',NULL),(890,1603,26,3442,1.00,1.00,0.71,'2021-05-30 23:20:38','2021-05-30 23:20:38',NULL),(891,1603,33,3494,0.00,721.84,0.00,'2021-06-28 03:45:48','2021-06-28 03:45:48',NULL),(892,1603,33,3493,0.00,721.84,0.00,'2021-06-28 03:45:48','2021-06-28 03:45:48',NULL),(893,1603,33,3497,0.00,0.00,0.00,'2021-06-28 03:45:48','2021-06-28 03:45:48',NULL),(894,1603,33,3444,1.00,21655.16,4331.03,'2021-06-28 03:45:48','2021-06-28 03:45:48',NULL),(895,1603,33,3454,5.00,369.12,0.00,'2021-06-28 03:45:48','2021-06-28 03:45:48',NULL),(896,1603,33,3455,0.00,492.16,0.00,'2021-06-28 03:45:48','2021-06-28 03:45:48',NULL),(897,1603,33,3592,0.00,727.58,0.00,'2021-06-28 03:45:48','2021-06-28 03:45:48',NULL),(898,1603,33,3590,0.00,727.58,0.00,'2021-06-28 03:45:48','2021-06-28 03:45:48',NULL),(899,1603,33,3452,0.00,721.84,0.00,'2021-06-28 03:45:48','2021-06-28 03:45:48',NULL),(900,1603,33,3507,0.00,246.08,0.00,'2021-06-28 03:45:48','2021-06-28 03:45:48',NULL),(901,1603,33,3456,0.00,866.21,0.00,'2021-06-28 03:45:48','2021-06-28 03:45:48',NULL);
INSERT INTO `syj_liq_empleado_detail` VALUES (902,1603,33,3514,0.00,144.37,0.00,'2021-06-28 03:45:48','2021-06-28 03:45:48',NULL),(903,1603,33,3458,0.00,23459.03,0.00,'2021-06-28 03:45:48','2021-06-28 03:45:48',NULL),(904,1603,33,3513,1.00,0.00,0.00,'2021-06-28 03:45:48','2021-06-28 03:45:48',NULL);

--
