-- Table structure for table `bind_apibank_credentials`
--

CREATE TABLE `bind_apibank_credentials` (
  `id` bigint(20) unsigned NOT NULL AUTO_INCREMENT,
  `user_id` int(10) unsigned DEFAULT NULL COMMENT 'Usuario que configuró las credenciales',
  `person_id` int(10) unsigned NOT NULL COMMENT 'Empresa',
  `cta_cte_tesoreria_cuenta_id` int(10) unsigned NOT NULL COMMENT 'Cuenta de tesorería vinculada',
  `env` enum('sandbox','prod') COLLATE utf8mb4_unicode_ci NOT NULL COMMENT 'Ambiente: sandbox o producción',
  `username` varchar(255) COLLATE utf8mb4_unicode_ci NOT NULL COMMENT 'Usuario de Bind APIBank',
  `password` text COLLATE utf8mb4_unicode_ci NOT NULL COMMENT 'Password encriptado con Laravel Crypt',
  `cert_path` varchar(500) COLLATE utf8mb4_unicode_ci DEFAULT NULL COMMENT 'Path absoluto al certificado SSL del cliente (.crt)',
  `key_path` varchar(500) COLLATE utf8mb4_unicode_ci DEFAULT NULL COMMENT 'Path absoluto a la llave privada SSL (.key)',
  `key_password` varchar(255) COLLATE utf8mb4_unicode_ci DEFAULT NULL COMMENT 'Password de la llave privada (si está protegida con password)',
  `jwt_token` text COLLATE utf8mb4_unicode_ci COMMENT 'Token JWT actual',
  `jwt_expires_at` datetime DEFAULT NULL COMMENT 'Fecha de expiración del token JWT',
  `bind_account_id` varchar(50) COLLATE utf8mb4_unicode_ci DEFAULT NULL COMMENT 'ID de cuenta en Bind (obtenido al hacer login)',
  `active` tinyint(1) NOT NULL DEFAULT '1' COMMENT 'Credencial activa?',
  `created_at` timestamp NULL DEFAULT NULL,
  `updated_at` timestamp NULL DEFAULT NULL,
  `deleted_at` timestamp NULL DEFAULT NULL,
  PRIMARY KEY (`id`),
  KEY `idx_bind_apibank_cred_person` (`person_id`),
  KEY `idx_bind_apibank_cred_cuenta` (`cta_cte_tesoreria_cuenta_id`),
  KEY `idx_bind_apibank_cred_active` (`active`),
  KEY `idx_bind_apibank_cred_bind_acc` (`bind_account_id`),
  KEY `idx_bind_apibank_cred_person_active` (`person_id`,`active`)
) ENGINE=InnoDB DEFAULT CHARSET=utf8mb4 COLLATE=utf8mb4_unicode_ci;

--
-- Dumping data for table `bind_apibank_credentials`
--


--
-- Table structure for table `bind_apibank_movements`
--

CREATE TABLE `bind_apibank_movements` (
  `id` bigint(20) unsigned NOT NULL AUTO_INCREMENT,
  `user_id` int(10) unsigned DEFAULT NULL COMMENT 'Usuario que ejecutó la sincronización',
  `person_id` int(10) unsigned NOT NULL COMMENT 'Empresa',
  `cta_cte_tesoreria_cuenta_id` int(10) unsigned NOT NULL COMMENT 'Cuenta de tesorería',
  `cta_cte_tesoreria_id` int(10) unsigned DEFAULT NULL COMMENT 'Movimiento en tesorería (vinculación bidireccional)',
  `bind_movement_id` varchar(100) COLLATE utf8mb4_unicode_ci NOT NULL COMMENT 'ID único del movimiento en Bind',
  `type` enum('in','out','fee') COLLATE utf8mb4_unicode_ci NOT NULL COMMENT 'Tipo: in=transferencia entrante, out=transferencia saliente, fee=comisión',
  `status` enum('settled','pending','failed') COLLATE utf8mb4_unicode_ci NOT NULL COMMENT 'Estado del movimiento',
  `amount` decimal(15,2) NOT NULL COMMENT 'Monto del movimiento',
  `currency` char(3) COLLATE utf8mb4_unicode_ci NOT NULL DEFAULT 'ARS' COMMENT 'Moneda (ARS, USD)',
  `from_cbu_cvu` varchar(22) COLLATE utf8mb4_unicode_ci DEFAULT NULL COMMENT 'CBU/CVU origen',
  `from_titular` varchar(255) COLLATE utf8mb4_unicode_ci DEFAULT NULL COMMENT 'Titular de la cuenta origen',
  `from_cuit` varchar(13) COLLATE utf8mb4_unicode_ci DEFAULT NULL COMMENT 'CUIT del titular origen',
  `to_cbu_cvu` varchar(22) COLLATE utf8mb4_unicode_ci DEFAULT NULL COMMENT 'CBU/CVU destino',
  `to_titular` varchar(255) COLLATE utf8mb4_unicode_ci DEFAULT NULL COMMENT 'Titular de la cuenta destino',
  `to_cuit` varchar(13) COLLATE utf8mb4_unicode_ci DEFAULT NULL COMMENT 'CUIT del titular destino',
  `concept` text COLLATE utf8mb4_unicode_ci COMMENT 'Concepto/descripción del movimiento',
  `reference` varchar(100) COLLATE utf8mb4_unicode_ci DEFAULT NULL COMMENT 'Referencia del movimiento',
  `executed_at` datetime DEFAULT NULL COMMENT 'Fecha de ejecución del movimiento en Bind',
  `raw_response` json DEFAULT NULL COMMENT 'Respuesta completa de la API de Bind (para auditoría)',
  `is_synced_to_treasury` tinyint(1) NOT NULL DEFAULT '0' COMMENT 'Ya sincronizado a tesorería?',
  `created_at` timestamp NULL DEFAULT NULL,
  `updated_at` timestamp NULL DEFAULT NULL,
  `deleted_at` timestamp NULL DEFAULT NULL,
  PRIMARY KEY (`id`),
  UNIQUE KEY `uk_bind_apibank_mov_bind_id` (`bind_movement_id`),
  KEY `idx_bind_apibank_mov_person` (`person_id`),
  KEY `idx_bind_apibank_mov_cuenta` (`cta_cte_tesoreria_cuenta_id`),
  KEY `idx_bind_apibank_mov_tesoreria` (`cta_cte_tesoreria_id`),
  KEY `idx_bind_apibank_mov_synced` (`is_synced_to_treasury`),
  KEY `idx_bind_apibank_mov_executed` (`executed_at`),
  KEY `idx_bind_apibank_mov_type_status` (`type`,`status`),
  KEY `idx_bind_apibank_mov_person_synced` (`person_id`,`is_synced_to_treasury`)
) ENGINE=InnoDB DEFAULT CHARSET=utf8mb4 COLLATE=utf8mb4_unicode_ci;

--
-- Dumping data for table `bind_apibank_movements`
--


--
-- Table structure for table `bind_apibank_sync_logs`
--

CREATE TABLE `bind_apibank_sync_logs` (
  `id` bigint(20) unsigned NOT NULL AUTO_INCREMENT,
  `user_id` int(10) unsigned DEFAULT NULL COMMENT 'Usuario que ejecutó la sincronización',
  `person_id` int(10) unsigned NOT NULL COMMENT 'Empresa',
  `cta_cte_tesoreria_cuenta_id` int(10) unsigned NOT NULL COMMENT 'Cuenta sincronizada',
  `sync_type` enum('movements','balance','transfers','webhook') COLLATE utf8mb4_unicode_ci NOT NULL COMMENT 'Tipo de sincronización: movements=movimientos, balance=saldo, transfers=transferencias, webhook=desde webhook',
  `last_sync_at` datetime NOT NULL COMMENT 'Fecha/hora de la sincronización',
  `records_synced` int(11) NOT NULL DEFAULT '0' COMMENT 'Cantidad de registros sincronizados',
  `status` enum('success','error') COLLATE utf8mb4_unicode_ci NOT NULL COMMENT 'Estado de la sincronización',
  `error_message` text COLLATE utf8mb4_unicode_ci COMMENT 'Mensaje de error (si status=error)',
  `created_at` timestamp NULL DEFAULT NULL,
  `updated_at` timestamp NULL DEFAULT NULL,
  PRIMARY KEY (`id`),
  KEY `idx_bind_apibank_sync_person` (`person_id`),
  KEY `idx_bind_apibank_sync_cuenta` (`cta_cte_tesoreria_cuenta_id`),
  KEY `idx_bind_apibank_sync_type` (`sync_type`),
  KEY `idx_bind_apibank_sync_last` (`last_sync_at`),
  KEY `idx_bind_apibank_sync_type_status` (`sync_type`,`status`),
  KEY `idx_bind_apibank_sync_person_type` (`person_id`,`sync_type`)
) ENGINE=InnoDB DEFAULT CHARSET=utf8mb4 COLLATE=utf8mb4_unicode_ci;

--
-- Dumping data for table `bind_apibank_sync_logs`
--


--
-- Table structure for table `bind_apibank_transfers`
--

CREATE TABLE `bind_apibank_transfers` (
  `id` bigint(20) unsigned NOT NULL AUTO_INCREMENT,
  `user_id` int(10) unsigned DEFAULT NULL COMMENT 'Usuario que ejecutó la transferencia',
  `person_id` int(10) unsigned NOT NULL COMMENT 'Empresa',
  `cta_cte_tesoreria_cuenta_id` int(10) unsigned NOT NULL COMMENT 'Cuenta origen de la transferencia',
  `cta_cte_tesoreria_id` int(10) unsigned DEFAULT NULL COMMENT 'Movimiento en tesorería resultante (vinculación)',
  `bind_transfer_id` varchar(100) COLLATE utf8mb4_unicode_ci DEFAULT NULL COMMENT 'ID de transferencia en Bind',
  `numero_operacion` varchar(50) COLLATE utf8mb4_unicode_ci DEFAULT NULL COMMENT 'Número de operación bancaria',
  `cbu_origin` varchar(22) COLLATE utf8mb4_unicode_ci NOT NULL COMMENT 'CBU origen (nuestra cuenta)',
  `cbu_destination` varchar(22) COLLATE utf8mb4_unicode_ci DEFAULT NULL COMMENT 'CBU destino',
  `alias_destination` varchar(100) COLLATE utf8mb4_unicode_ci DEFAULT NULL COMMENT 'Alias destino (alternativo a CBU)',
  `amount` decimal(15,2) NOT NULL COMMENT 'Monto de la transferencia',
  `currency` char(3) COLLATE utf8mb4_unicode_ci NOT NULL DEFAULT 'ARS' COMMENT 'Moneda (ARS, USD)',
  `concept` text COLLATE utf8mb4_unicode_ci COMMENT 'Concepto de la transferencia',
  `reference` varchar(100) COLLATE utf8mb4_unicode_ci DEFAULT NULL COMMENT 'Referencia interna (ej: FAC-001-1234)',
  `type` enum('INMEDIATA','PROGRAMADA') COLLATE utf8mb4_unicode_ci NOT NULL DEFAULT 'INMEDIATA' COMMENT 'Tipo de transferencia',
  `status` enum('PENDIENTE','APROBADA','RECHAZADA','CANCELADA') COLLATE utf8mb4_unicode_ci NOT NULL DEFAULT 'PENDIENTE' COMMENT 'Estado de la transferencia',
  `scheduled_at` datetime DEFAULT NULL COMMENT 'Fecha programada (si type=PROGRAMADA)',
  `executed_at` datetime DEFAULT NULL COMMENT 'Fecha de ejecución real',
  `comision` decimal(15,2) DEFAULT '0.00' COMMENT 'Comisión cobrada por Bind',
  `iva_comision` decimal(15,2) DEFAULT '0.00' COMMENT 'IVA de la comisión',
  `total_debitado` decimal(15,2) DEFAULT NULL COMMENT 'Total debitado (monto + comisión + IVA)',
  `raw_response` json DEFAULT NULL COMMENT 'Respuesta completa de la API de Bind',
  `created_at` timestamp NULL DEFAULT NULL,
  `updated_at` timestamp NULL DEFAULT NULL,
  `deleted_at` timestamp NULL DEFAULT NULL,
  PRIMARY KEY (`id`),
  KEY `idx_bind_apibank_trf_person` (`person_id`),
  KEY `idx_bind_apibank_trf_cuenta` (`cta_cte_tesoreria_cuenta_id`),
  KEY `idx_bind_apibank_trf_tesoreria` (`cta_cte_tesoreria_id`),
  KEY `idx_bind_apibank_trf_status` (`status`),
  KEY `idx_bind_apibank_trf_bind_id` (`bind_transfer_id`),
  KEY `idx_bind_apibank_trf_executed` (`executed_at`),
  KEY `idx_bind_apibank_trf_type_status` (`type`,`status`),
  KEY `idx_bind_apibank_trf_person_status` (`person_id`,`status`)
) ENGINE=InnoDB DEFAULT CHARSET=utf8mb4 COLLATE=utf8mb4_unicode_ci;

--
-- Dumping data for table `bind_apibank_transfers`
--


--
-- Table structure for table `blogs`
--

CREATE TABLE `blogs` (
  `id` int(10) unsigned NOT NULL AUTO_INCREMENT,
  `user_id` int(10) unsigned DEFAULT NULL,
  `fecha` date NOT NULL,
  `file` varchar(191) COLLATE utf8mb4_unicode_ci DEFAULT NULL,
  `blogs_categoria_id` int(10) unsigned NOT NULL,
  `blogs_categoria_sub_id` int(10) unsigned NOT NULL,
  `path` varchar(191) COLLATE utf8mb4_unicode_ci NOT NULL,
  `titulo` varchar(191) COLLATE utf8mb4_unicode_ci NOT NULL,
  `contenido` longtext COLLATE utf8mb4_unicode_ci NOT NULL,
  `autor` varchar(191) COLLATE utf8mb4_unicode_ci NOT NULL,
  `publicar` tinyint(1) NOT NULL DEFAULT '0',
  `created_at` timestamp NULL DEFAULT NULL,
  `updated_at` timestamp NULL DEFAULT NULL,
  `deleted_at` timestamp NULL DEFAULT NULL,
  PRIMARY KEY (`id`),
  KEY `blogs_blogs_categoria_id_foreign` (`blogs_categoria_id`),
  KEY `blogs_blogs_categoria_sub_id_foreign` (`blogs_categoria_sub_id`),
  CONSTRAINT `blogs_blogs_categoria_id_foreign` FOREIGN KEY (`blogs_categoria_id`) REFERENCES `blogs_categorias` (`id`),
  CONSTRAINT `blogs_blogs_categoria_sub_id_foreign` FOREIGN KEY (`blogs_categoria_sub_id`) REFERENCES `blogs_categorias_sub` (`id`)
) ENGINE=InnoDB DEFAULT CHARSET=utf8mb4 COLLATE=utf8mb4_unicode_ci;

--
-- Dumping data for table `blogs`
--


--
-- Table structure for table `blogs_categorias`
--

CREATE TABLE `blogs_categorias` (
  `id` int(10) unsigned NOT NULL AUTO_INCREMENT,
  `user_id` int(10) unsigned DEFAULT NULL,
  `descripcion` varchar(191) COLLATE utf8mb4_unicode_ci DEFAULT NULL,
  `created_at` timestamp NULL DEFAULT NULL,
  `updated_at` timestamp NULL DEFAULT NULL,
  `deleted_at` timestamp NULL DEFAULT NULL,
  PRIMARY KEY (`id`)
) ENGINE=InnoDB DEFAULT CHARSET=utf8mb4 COLLATE=utf8mb4_unicode_ci;

--
-- Dumping data for table `blogs_categorias`
--


--
-- Table structure for table `blogs_categorias_sub`
--

CREATE TABLE `blogs_categorias_sub` (
  `id` int(10) unsigned NOT NULL AUTO_INCREMENT,
  `user_id` int(10) unsigned DEFAULT NULL,
  `blogs_categoria_id` int(10) unsigned NOT NULL,
  `descripcion` varchar(191) COLLATE utf8mb4_unicode_ci NOT NULL,
  `created_at` timestamp NULL DEFAULT NULL,
  `updated_at` timestamp NULL DEFAULT NULL,
  `deleted_at` timestamp NULL DEFAULT NULL,
  PRIMARY KEY (`id`),
  KEY `blogs_categorias_sub_blogs_categoria_id_foreign` (`blogs_categoria_id`),
  CONSTRAINT `blogs_categorias_sub_blogs_categoria_id_foreign` FOREIGN KEY (`blogs_categoria_id`) REFERENCES `blogs_categorias` (`id`)
) ENGINE=InnoDB DEFAULT CHARSET=utf8mb4 COLLATE=utf8mb4_unicode_ci;

--
-- Dumping data for table `blogs_categorias_sub`
--


--
-- Table structure for table `bs_per_alicuotas`
--

CREATE TABLE `bs_per_alicuotas` (
  `id` int(10) unsigned NOT NULL AUTO_INCREMENT,
  `anio` int(10) unsigned NOT NULL,
  `min_no_imponible` decimal(16,2) NOT NULL DEFAULT '0.00',
  `desde` decimal(16,2) NOT NULL DEFAULT '0.00',
  `hasta` decimal(16,2) NOT NULL DEFAULT '0.00',
  `impuesto` decimal(16,2) NOT NULL DEFAULT '0.00',
  `mas_porcentaje` decimal(16,4) NOT NULL DEFAULT '0.0000',
  `excedente` decimal(16,2) NOT NULL DEFAULT '0.00',
  `created_at` timestamp NULL DEFAULT NULL,
  `updated_at` timestamp NULL DEFAULT NULL,
  `deleted_at` timestamp NULL DEFAULT NULL,
  PRIMARY KEY (`id`)
) ENGINE=InnoDB AUTO_INCREMENT=21 DEFAULT CHARSET=utf8mb4 COLLATE=utf8mb4_unicode_ci;

--
-- Dumping data for table `bs_per_alicuotas`
--

INSERT INTO `bs_per_alicuotas` VALUES (1,2017,950000.00,0.00,999999999.99,0.00,0.0050,950000.00,'2019-11-19 21:09:50','2019-11-19 21:09:50',NULL),(2,2018,1050000.00,0.00,999999999.99,0.00,0.0025,1050000.00,'2019-11-19 21:09:50','2019-11-19 21:09:50',NULL),(3,2019,2000000.00,0.00,3000000.00,0.00,0.0050,0.00,'2019-11-19 21:09:50','2021-03-04 13:31:49',NULL),(4,2019,2000000.00,3000000.00,6500000.00,15000.00,0.0075,3000000.00,'2019-11-19 21:09:50','2021-03-04 13:31:49',NULL),(5,2019,2000000.00,6500000.00,18000000.00,41250.00,0.0100,6500000.00,'2019-11-19 21:09:50','2021-03-04 13:31:49',NULL),(6,2019,2000000.00,18000000.00,999999999.99,156250.00,0.0125,18000000.00,'2021-03-04 13:31:49','2021-03-04 13:31:49',NULL),(7,2020,2000000.00,0.00,3000000.00,0.00,0.0050,0.00,'2021-06-15 20:40:54','2021-06-30 13:10:51',NULL),(8,2020,2000000.00,3000000.00,6500000.00,15000.00,0.0075,3000000.00,'2021-06-15 20:40:54','2021-06-30 13:10:51',NULL),(9,2020,2000000.00,6500000.00,18000000.00,41250.00,0.0100,6500000.00,'2021-06-15 20:40:54','2021-06-30 13:10:51',NULL),(10,2020,2000000.00,18000000.00,999999999.99,156250.00,0.0125,18000000.00,'2021-06-15 20:40:54','2021-06-30 13:10:51',NULL),(11,2021,6000000.00,0.00,3000000.00,0.00,0.0050,0.00,'2022-05-17 16:44:12','2022-05-17 16:44:12',NULL),(12,2021,6000000.00,3000000.00,6500000.00,15000.00,0.0075,3000000.00,'2022-05-17 16:44:13','2022-05-17 16:44:13',NULL),(13,2021,6000000.00,6500000.00,18000000.00,41250.00,0.0100,6500000.00,'2022-05-17 16:44:13','2022-05-17 16:44:13',NULL),(14,2021,6000000.00,18000000.00,999999999.99,156250.00,0.0125,18000000.00,'2022-05-17 16:44:13','2022-05-17 16:44:13',NULL),(15,2022,11282141.08,0.00,5641070.54,0.00,0.0050,0.00,'2023-05-30 15:03:11','2023-05-30 15:03:11',NULL),(16,2022,11282141.08,5641070.54,12222319.51,28205.35,0.0075,5641070.54,'2023-05-30 15:03:11','2023-05-30 15:03:11',NULL),(17,2022,11282141.08,12222319.51,33846423.25,77564.72,0.0100,12222319.51,'2023-05-30 15:03:11','2023-05-30 15:03:11',NULL),(18,2022,11282141.08,33846423.25,188035684.71,293802.76,0.0125,33846423.25,'2023-05-30 15:03:11','2023-05-30 15:03:11',NULL),(19,2022,11282141.08,188035684.71,564107054.14,2221171.53,0.0150,188035684.71,'2023-05-30 15:03:11','2023-05-30 15:03:11',NULL),(20,2022,11282141.08,564107054.14,999999999999.00,7682242.07,0.0175,564107054.14,'2023-05-30 15:03:11','2023-05-30 15:03:11',NULL);

--
-- Table structure for table `bs_per_ddjjs`
--

CREATE TABLE `bs_per_ddjjs` (
  `id` int(10) unsigned NOT NULL AUTO_INCREMENT,
  `user_id` int(10) unsigned DEFAULT NULL,
  `anio` int(10) unsigned NOT NULL,
  `person_id` int(10) unsigned NOT NULL,
  `total_bienes_gravados` decimal(16,2) NOT NULL DEFAULT '0.00',
  `total_bienes_exentos` decimal(16,2) NOT NULL DEFAULT '0.00',
  `min_no_imponible` decimal(16,2) NOT NULL DEFAULT '0.00',
  `base_imponible` decimal(16,2) NOT NULL DEFAULT '0.00',
  `impuesto_determinado` decimal(16,2) NOT NULL DEFAULT '0.00',
  `saldo_a_pagar` decimal(16,2) NOT NULL DEFAULT '0.00',
  `saldo_a_favor` decimal(16,2) NOT NULL DEFAULT '0.00',
  `comentario` varchar(191) COLLATE utf8mb4_unicode_ci DEFAULT NULL,
  `created_at` timestamp NULL DEFAULT NULL,
  `updated_at` timestamp NULL DEFAULT NULL,
  `deleted_at` timestamp NULL DEFAULT NULL,
  PRIMARY KEY (`id`),
  KEY `bs_per_ddjjs_person_id_foreign` (`person_id`),
  CONSTRAINT `bs_per_ddjjs_person_id_foreign` FOREIGN KEY (`person_id`) REFERENCES `persons` (`id`)
) ENGINE=InnoDB AUTO_INCREMENT=2 DEFAULT CHARSET=utf8mb4 COLLATE=utf8mb4_unicode_ci;

--
-- Dumping data for table `bs_per_ddjjs`
--

INSERT INTO `bs_per_ddjjs` VALUES (1,3022,2019,40720,0.00,0.00,2000000.00,0.00,0.00,0.00,0.00,NULL,'2021-05-25 19:54:23','2021-05-25 19:54:23',NULL);

--
-- Table structure for table `bs_pers_conceptos`
--

CREATE TABLE `bs_pers_conceptos` (
  `id` int(10) unsigned NOT NULL AUTO_INCREMENT,
  `nombre` varchar(191) COLLATE utf8mb4_unicode_ci NOT NULL,
  `status` tinyint(1) NOT NULL DEFAULT '1',
  `created_at` timestamp NULL DEFAULT NULL,
  `updated_at` timestamp NULL DEFAULT NULL,
  `deleted_at` timestamp NULL DEFAULT NULL,
  PRIMARY KEY (`id`)
) ENGINE=InnoDB AUTO_INCREMENT=12 DEFAULT CHARSET=utf8mb4 COLLATE=utf8mb4_unicode_ci;

--
-- Dumping data for table `bs_pers_conceptos`
--

INSERT INTO `bs_pers_conceptos` VALUES (1,'Inmuebles',1,'2019-11-19 21:09:50','2019-11-19 21:09:50',NULL),(2,'Derechos Reales',1,'2019-11-19 21:09:50','2019-11-19 21:09:50',NULL),(3,'Naves y Aeronaves',1,'2019-11-19 21:09:50','2019-11-19 21:09:50',NULL),(4,'Automotores y otros rodados',1,'2019-11-19 21:09:50','2019-11-19 21:09:50',NULL),(5,'Dinero y depósitos en dinero',1,'2019-11-19 21:09:50','2019-11-19 21:09:50',NULL),(6,'Títulos, acciones, cuotas o participaciones sociales y otros títulos valores',1,'2019-11-19 21:09:50','2019-11-19 21:09:50',NULL),(7,'Patrimonio de empresas o explotaciones unipersonales',1,'2019-11-19 21:09:50','2019-11-19 21:09:50',NULL),(8,'Créditos y debentures',1,'2019-11-19 21:09:50','2019-11-19 21:09:50',NULL),(9,'Derechos de propiedad científica, literaria o artística, marcas, patentes y sus licencias',1,'2019-11-19 21:09:50','2019-11-19 21:09:50',NULL),(10,'Otros Bienes (incluye semovientes, antigüedades, objetos de colección, objetos de arte, ...)',1,'2019-11-19 21:09:50','2019-11-19 21:09:50',NULL),(11,'Objetos Personales y del Hogar',1,'2019-11-19 21:09:50','2019-11-19 21:09:50',NULL);

--
-- Table structure for table `bs_pers_detail_anticipos`
--

CREATE TABLE `bs_pers_detail_anticipos` (
  `id` int(10) unsigned NOT NULL AUTO_INCREMENT,
  `bs_per_ddjj_id` int(10) unsigned NOT NULL,
  `person_id` int(10) unsigned NOT NULL,
  `ganan_concepto_anticipo_id` int(10) unsigned NOT NULL,
  `importe` decimal(16,2) NOT NULL DEFAULT '0.00',
  `created_at` timestamp NULL DEFAULT NULL,
  `updated_at` timestamp NULL DEFAULT NULL,
  `deleted_at` timestamp NULL DEFAULT NULL,
  PRIMARY KEY (`id`),
  KEY `bs_pers_detail_anticipos_bs_per_ddjj_id_foreign` (`bs_per_ddjj_id`),
  KEY `bs_pers_detail_anticipos_person_id_foreign` (`person_id`),
  KEY `bs_pers_detail_anticipos_ganan_concepto_anticipo_id_foreign` (`ganan_concepto_anticipo_id`),
  CONSTRAINT `bs_pers_detail_anticipos_bs_per_ddjj_id_foreign` FOREIGN KEY (`bs_per_ddjj_id`) REFERENCES `bs_per_ddjjs` (`id`),
  CONSTRAINT `bs_pers_detail_anticipos_ganan_concepto_anticipo_id_foreign` FOREIGN KEY (`ganan_concepto_anticipo_id`) REFERENCES `ganan_conceptos_anticipos` (`id`),
  CONSTRAINT `bs_pers_detail_anticipos_person_id_foreign` FOREIGN KEY (`person_id`) REFERENCES `persons` (`id`)
) ENGINE=InnoDB AUTO_INCREMENT=4 DEFAULT CHARSET=utf8mb4 COLLATE=utf8mb4_unicode_ci;

--
-- Dumping data for table `bs_pers_detail_anticipos`
--

INSERT INTO `bs_pers_detail_anticipos` VALUES (1,1,40720,1,0.00,'2021-05-25 19:54:23','2021-05-25 19:54:23',NULL),(2,1,40720,2,0.00,'2021-05-25 19:54:23','2021-05-25 19:54:23',NULL),(3,1,40720,3,0.00,'2021-05-25 19:54:23','2021-05-25 19:54:23',NULL);

--
-- Table structure for table `bs_pers_detail_bienes`
--

CREATE TABLE `bs_pers_detail_bienes` (
  `id` int(10) unsigned NOT NULL AUTO_INCREMENT,
  `bs_per_ddjj_id` int(10) unsigned NOT NULL,
  `person_id` int(10) unsigned NOT NULL,
  `bs_pers_concepto_id` int(10) unsigned NOT NULL,
  `concepto` varchar(191) COLLATE utf8mb4_unicode_ci DEFAULT NULL,
  `importe_gravado` decimal(16,2) NOT NULL DEFAULT '0.00',
  `importe_exento` decimal(16,2) NOT NULL DEFAULT '0.00',
  `comentario` varchar(191) COLLATE utf8mb4_unicode_ci DEFAULT NULL,
  `created_at` timestamp NULL DEFAULT NULL,
  `updated_at` timestamp NULL DEFAULT NULL,
  `deleted_at` timestamp NULL DEFAULT NULL,
  PRIMARY KEY (`id`),
  KEY `bs_pers_detail_bienes_bs_per_ddjj_id_foreign` (`bs_per_ddjj_id`),
  KEY `bs_pers_detail_bienes_person_id_foreign` (`person_id`),
  KEY `bs_pers_detail_bienes_bs_pers_concepto_id_foreign` (`bs_pers_concepto_id`),
  CONSTRAINT `bs_pers_detail_bienes_bs_per_ddjj_id_foreign` FOREIGN KEY (`bs_per_ddjj_id`) REFERENCES `bs_per_ddjjs` (`id`),
  CONSTRAINT `bs_pers_detail_bienes_bs_pers_concepto_id_foreign` FOREIGN KEY (`bs_pers_concepto_id`) REFERENCES `bs_pers_conceptos` (`id`),
  CONSTRAINT `bs_pers_detail_bienes_person_id_foreign` FOREIGN KEY (`person_id`) REFERENCES `persons` (`id`)
) ENGINE=InnoDB AUTO_INCREMENT=2 DEFAULT CHARSET=utf8mb4 COLLATE=utf8mb4_unicode_ci;

--
-- Dumping data for table `bs_pers_detail_bienes`
--

INSERT INTO `bs_pers_detail_bienes` VALUES (1,1,40720,11,'',0.00,0.00,'','2021-05-25 19:54:23','2021-05-25 19:54:23',NULL);

--
-- Table structure for table `calendar`
--

CREATE TABLE `calendar` (
  `id` bigint(20) unsigned NOT NULL AUTO_INCREMENT,
  `user_id` int(10) unsigned DEFAULT NULL,
  `person_id` int(10) unsigned NOT NULL,
  `person_id_relationed` int(10) unsigned DEFAULT NULL,
  `ws_telefono_id` bigint(20) unsigned DEFAULT NULL,
  `inv_ot_id` bigint(20) unsigned DEFAULT NULL,
  `calendar_tur_dispo_dato_id` bigint(20) unsigned DEFAULT NULL,
  `title` longtext COLLATE utf8mb4_unicode_ci,
  `descripcion` longtext COLLATE utf8mb4_unicode_ci,
  `descripcion_text` longtext COLLATE utf8mb4_unicode_ci,
  `url` text COLLATE utf8mb4_unicode_ci,
  `start` datetime DEFAULT NULL,
  `startEditable` tinyint(1) NOT NULL DEFAULT '1',
  `startStr` text COLLATE utf8mb4_unicode_ci,
  `end` datetime DEFAULT NULL,
  `endStr` text COLLATE utf8mb4_unicode_ci,
  `allDay` tinyint(1) NOT NULL DEFAULT '1',
  `allow` tinyint(1) DEFAULT NULL,
  `backgroundColor` text COLLATE utf8mb4_unicode_ci,
  `borderColor` text COLLATE utf8mb4_unicode_ci,
  `classNames` longtext COLLATE utf8mb4_unicode_ci,
  `constraint` text COLLATE utf8mb4_unicode_ci,
  `display` text COLLATE utf8mb4_unicode_ci,
  `durationEditable` tinyint(1) NOT NULL DEFAULT '1',
  `extendedProps` longtext COLLATE utf8mb4_unicode_ci,
  `groupId` text COLLATE utf8mb4_unicode_ci,
  `overlap` text COLLATE utf8mb4_unicode_ci,
  `source` longtext COLLATE utf8mb4_unicode_ci,
  `textColor` text COLLATE utf8mb4_unicode_ci,
  `is_impuesto_from_taxes` tinyint(1) NOT NULL DEFAULT '0',
  `created_at` timestamp NULL DEFAULT NULL,
  `updated_at` timestamp NULL DEFAULT NULL,
  `deleted_at` timestamp NULL DEFAULT NULL,
  PRIMARY KEY (`id`),
  KEY `calendar_person_id_foreign` (`person_id`),
  KEY `calendar_person_id_relationed_foreign` (`person_id_relationed`),
  KEY `calendar_ws_telefono_id_foreign` (`ws_telefono_id`),
  KEY `calendar_calendar_tur_dispo_dato_id_foreign` (`calendar_tur_dispo_dato_id`),
  KEY `calendar_inv_ot_id_foreign` (`inv_ot_id`),
  CONSTRAINT `calendar_calendar_tur_dispo_dato_id_foreign` FOREIGN KEY (`calendar_tur_dispo_dato_id`) REFERENCES `calendar_tur_dispo_datos` (`id`),
  CONSTRAINT `calendar_inv_ot_id_foreign` FOREIGN KEY (`inv_ot_id`) REFERENCES `inv_orden_trabajos` (`id`),
  CONSTRAINT `calendar_person_id_foreign` FOREIGN KEY (`person_id`) REFERENCES `persons` (`id`),
  CONSTRAINT `calendar_person_id_relationed_foreign` FOREIGN KEY (`person_id_relationed`) REFERENCES `persons` (`id`),
  CONSTRAINT `calendar_ws_telefono_id_foreign` FOREIGN KEY (`ws_telefono_id`) REFERENCES `ws_telefonos` (`id`)
) ENGINE=InnoDB AUTO_INCREMENT=55 DEFAULT CHARSET=utf8mb4 COLLATE=utf8mb4_unicode_ci;

--
-- Dumping data for table `calendar`
--

INSERT INTO `calendar` VALUES (1,NULL,40720,NULL,NULL,NULL,NULL,'Autonomos',NULL,NULL,'','2023-01-06 10:00:00',1,NULL,'2023-01-06 10:30:00',NULL,0,NULL,'#FF0000',NULL,NULL,NULL,'auto',1,NULL,NULL,NULL,NULL,'#FFFFFF',1,NULL,NULL,NULL),(2,NULL,40720,NULL,NULL,NULL,NULL,'Autonomos',NULL,NULL,'','2023-02-07 10:00:00',1,NULL,'2023-02-07 10:30:00',NULL,0,NULL,'#FF0000',NULL,NULL,NULL,'auto',1,NULL,NULL,NULL,NULL,'#FFFFFF',1,NULL,NULL,NULL),(3,NULL,40720,NULL,NULL,NULL,NULL,'Autonomos',NULL,NULL,'','2023-03-07 10:00:00',1,NULL,'2023-03-07 10:30:00',NULL,0,NULL,'#FF0000',NULL,NULL,NULL,'auto',1,NULL,NULL,NULL,NULL,'#FFFFFF',1,NULL,NULL,NULL),(4,NULL,40720,NULL,NULL,NULL,NULL,'Autonomos',NULL,NULL,'','2023-04-06 10:00:00',1,NULL,'2023-04-06 10:30:00',NULL,0,NULL,'#FF0000',NULL,NULL,NULL,'auto',1,NULL,NULL,NULL,NULL,'#FFFFFF',1,NULL,NULL,NULL),(5,NULL,40720,NULL,NULL,NULL,NULL,'Autonomos',NULL,NULL,'','2023-05-08 10:00:00',1,NULL,'2023-05-08 10:30:00',NULL,0,NULL,'#FF0000',NULL,NULL,NULL,'auto',1,NULL,NULL,NULL,NULL,'#FFFFFF',1,NULL,NULL,NULL),(6,NULL,40720,NULL,NULL,NULL,NULL,'Autonomos',NULL,NULL,'','2023-06-06 10:00:00',1,NULL,'2023-06-06 10:30:00',NULL,0,NULL,'#FF0000',NULL,NULL,NULL,'auto',1,NULL,NULL,NULL,NULL,'#FFFFFF',1,NULL,NULL,NULL),(7,NULL,40720,NULL,NULL,NULL,NULL,'Autonomos',NULL,NULL,'','2023-07-06 10:00:00',1,NULL,'2023-07-06 10:30:00',NULL,0,NULL,'#FF0000',NULL,NULL,NULL,'auto',1,NULL,NULL,NULL,NULL,'#FFFFFF',1,NULL,NULL,NULL),(8,NULL,40720,NULL,NULL,NULL,NULL,'Autonomos',NULL,NULL,'','2023-08-08 10:00:00',1,NULL,'2023-08-08 10:30:00',NULL,0,NULL,'#FF0000',NULL,NULL,NULL,'auto',1,NULL,NULL,NULL,NULL,'#FFFFFF',1,NULL,NULL,NULL),(9,NULL,40720,NULL,NULL,NULL,NULL,'Autonomos',NULL,NULL,'','2023-09-06 10:00:00',1,NULL,'2023-09-06 10:30:00',NULL,0,NULL,'#FF0000',NULL,NULL,NULL,'auto',1,NULL,NULL,NULL,NULL,'#FFFFFF',1,NULL,NULL,NULL),(10,NULL,40720,NULL,NULL,NULL,NULL,'Autonomos',NULL,NULL,'','2023-10-06 10:00:00',1,NULL,'2023-10-06 10:30:00',NULL,0,NULL,'#FF0000',NULL,NULL,NULL,'auto',1,NULL,NULL,NULL,NULL,'#FFFFFF',1,NULL,NULL,NULL),(11,NULL,40720,NULL,NULL,NULL,NULL,'Autonomos',NULL,NULL,'','2023-11-07 10:00:00',1,NULL,'2023-11-07 10:30:00',NULL,0,NULL,'#FF0000',NULL,NULL,NULL,'auto',1,NULL,NULL,NULL,NULL,'#FFFFFF',1,NULL,NULL,NULL),(12,NULL,40720,NULL,NULL,NULL,NULL,'Autonomos',NULL,NULL,'','2023-12-06 10:00:00',1,NULL,'2023-12-06 10:30:00',NULL,0,NULL,'#FF0000',NULL,NULL,NULL,'auto',1,NULL,NULL,NULL,NULL,'#FFFFFF',1,NULL,NULL,NULL),(13,NULL,40720,NULL,NULL,NULL,NULL,'IIBB ARBA - DDJJ',NULL,NULL,'','2023-03-02 10:00:00',1,NULL,'2023-03-02 10:30:00',NULL,0,NULL,'#FF0000',NULL,NULL,NULL,'auto',1,NULL,NULL,NULL,NULL,'#FFFFFF',1,NULL,NULL,NULL),(14,NULL,40720,NULL,NULL,NULL,NULL,'IIBB ARBA - DDJJ',NULL,NULL,'','2023-03-29 10:00:00',1,NULL,'2023-03-29 10:30:00',NULL,0,NULL,'#FF0000',NULL,NULL,NULL,'auto',1,NULL,NULL,NULL,NULL,'#FFFFFF',1,NULL,NULL,NULL),(15,NULL,40720,NULL,NULL,NULL,NULL,'IIBB ARBA - DDJJ',NULL,NULL,'','2023-04-26 10:00:00',1,NULL,'2023-04-26 10:30:00',NULL,0,NULL,'#FF0000',NULL,NULL,NULL,'auto',1,NULL,NULL,NULL,NULL,'#FFFFFF',1,NULL,NULL,NULL),(16,NULL,40720,NULL,NULL,NULL,NULL,'IIBB ARBA - DDJJ',NULL,NULL,'','2023-05-30 10:00:00',1,NULL,'2023-05-30 10:30:00',NULL,0,NULL,'#FF0000',NULL,NULL,NULL,'auto',1,NULL,NULL,NULL,NULL,'#FFFFFF',1,NULL,NULL,NULL),(17,NULL,40720,NULL,NULL,NULL,NULL,'IIBB ARBA - DDJJ',NULL,NULL,'','2023-06-29 10:00:00',1,NULL,'2023-06-29 10:30:00',NULL,0,NULL,'#FF0000',NULL,NULL,NULL,'auto',1,NULL,NULL,NULL,NULL,'#FFFFFF',1,NULL,NULL,NULL),(18,NULL,40720,NULL,NULL,NULL,NULL,'IIBB ARBA - DDJJ',NULL,NULL,'','2023-07-26 10:00:00',1,NULL,'2023-07-26 10:30:00',NULL,0,NULL,'#FF0000',NULL,NULL,NULL,'auto',1,NULL,NULL,NULL,NULL,'#FFFFFF',1,NULL,NULL,NULL),(19,NULL,40720,NULL,NULL,NULL,NULL,'IIBB ARBA - DDJJ',NULL,NULL,'','2023-08-29 10:00:00',1,NULL,'2023-08-29 10:30:00',NULL,0,NULL,'#FF0000',NULL,NULL,NULL,'auto',1,NULL,NULL,NULL,NULL,'#FFFFFF',1,NULL,NULL,NULL);
INSERT INTO `calendar` VALUES (20,NULL,40720,NULL,NULL,NULL,NULL,'IIBB ARBA - DDJJ',NULL,NULL,'','2023-09-26 10:00:00',1,NULL,'2023-09-26 10:30:00',NULL,0,NULL,'#FF0000',NULL,NULL,NULL,'auto',1,NULL,NULL,NULL,NULL,'#FFFFFF',1,NULL,NULL,NULL),(21,NULL,40720,NULL,NULL,NULL,NULL,'IIBB ARBA - DDJJ',NULL,NULL,'','2023-10-27 10:00:00',1,NULL,'2023-10-27 10:30:00',NULL,0,NULL,'#FF0000',NULL,NULL,NULL,'auto',1,NULL,NULL,NULL,NULL,'#FFFFFF',1,NULL,NULL,NULL),(22,NULL,40720,NULL,NULL,NULL,NULL,'IIBB ARBA - DDJJ',NULL,NULL,'','2023-11-29 10:00:00',1,NULL,'2023-11-29 10:30:00',NULL,0,NULL,'#FF0000',NULL,NULL,NULL,'auto',1,NULL,NULL,NULL,NULL,'#FFFFFF',1,NULL,NULL,NULL),(23,NULL,40720,NULL,NULL,NULL,NULL,'IIBB ARBA - DDJJ',NULL,NULL,'','2023-12-27 10:00:00',1,NULL,'2023-12-27 10:30:00',NULL,0,NULL,'#FF0000',NULL,NULL,NULL,'auto',1,NULL,NULL,NULL,NULL,'#FFFFFF',1,NULL,NULL,NULL),(24,NULL,40720,NULL,NULL,NULL,NULL,'IIBB ARBA - DDJJ',NULL,NULL,'','2024-01-26 10:00:00',1,NULL,'2024-01-26 10:30:00',NULL,0,NULL,'#FF0000',NULL,NULL,NULL,'auto',1,NULL,NULL,NULL,NULL,'#FFFFFF',1,NULL,NULL,NULL),(25,NULL,40720,NULL,NULL,NULL,NULL,'IVA',NULL,NULL,'','2023-01-23 10:00:00',1,NULL,'2023-01-23 10:30:00',NULL,0,NULL,'#FF0000',NULL,NULL,NULL,'auto',1,NULL,NULL,NULL,NULL,'#FFFFFF',1,NULL,NULL,NULL),(26,NULL,40720,NULL,NULL,NULL,NULL,'IVA',NULL,NULL,'','2023-02-27 10:00:00',1,NULL,'2023-02-27 10:30:00',NULL,0,NULL,'#FF0000',NULL,NULL,NULL,'auto',1,NULL,NULL,NULL,NULL,'#FFFFFF',1,NULL,NULL,NULL),(27,NULL,40720,NULL,NULL,NULL,NULL,'IVA',NULL,NULL,'','2023-03-23 10:00:00',1,NULL,'2023-03-23 10:30:00',NULL,0,NULL,'#FF0000',NULL,NULL,NULL,'auto',1,NULL,NULL,NULL,NULL,'#FFFFFF',1,NULL,NULL,NULL),(28,NULL,40720,NULL,NULL,NULL,NULL,'IVA',NULL,NULL,'','2023-04-21 10:00:00',1,NULL,'2023-04-21 10:30:00',NULL,0,NULL,'#FF0000',NULL,NULL,NULL,'auto',1,NULL,NULL,NULL,NULL,'#FFFFFF',1,NULL,NULL,NULL),(29,NULL,40720,NULL,NULL,NULL,NULL,'IVA',NULL,NULL,'','2023-05-23 10:00:00',1,NULL,'2023-05-23 10:30:00',NULL,0,NULL,'#FF0000',NULL,NULL,NULL,'auto',1,NULL,NULL,NULL,NULL,'#FFFFFF',1,NULL,NULL,NULL),(30,NULL,40720,NULL,NULL,NULL,NULL,'IVA',NULL,NULL,'','2023-06-26 10:00:00',1,NULL,'2023-06-26 10:30:00',NULL,0,NULL,'#FF0000',NULL,NULL,NULL,'auto',1,NULL,NULL,NULL,NULL,'#FFFFFF',1,NULL,NULL,NULL),(31,NULL,40720,NULL,NULL,NULL,NULL,'IVA',NULL,NULL,'','2023-07-21 10:00:00',1,NULL,'2023-07-21 10:30:00',NULL,0,NULL,'#FF0000',NULL,NULL,NULL,'auto',1,NULL,NULL,NULL,NULL,'#FFFFFF',1,NULL,NULL,NULL),(32,NULL,40720,NULL,NULL,NULL,NULL,'IVA',NULL,NULL,'','2023-08-24 10:00:00',1,NULL,'2023-08-24 10:30:00',NULL,0,NULL,'#FF0000',NULL,NULL,NULL,'auto',1,NULL,NULL,NULL,NULL,'#FFFFFF',1,NULL,NULL,NULL),(33,NULL,40720,NULL,NULL,NULL,NULL,'IVA',NULL,NULL,'','2023-09-21 10:00:00',1,NULL,'2023-09-21 10:30:00',NULL,0,NULL,'#FF0000',NULL,NULL,NULL,'auto',1,NULL,NULL,NULL,NULL,'#FFFFFF',1,NULL,NULL,NULL),(34,NULL,40720,NULL,NULL,NULL,NULL,'IVA',NULL,NULL,'','2023-10-23 10:00:00',1,NULL,'2023-10-23 10:30:00',NULL,0,NULL,'#FF0000',NULL,NULL,NULL,'auto',1,NULL,NULL,NULL,NULL,'#FFFFFF',1,NULL,NULL,NULL),(35,NULL,40720,NULL,NULL,NULL,NULL,'IVA',NULL,NULL,'','2023-11-24 10:00:00',1,NULL,'2023-11-24 10:30:00',NULL,0,NULL,'#FF0000',NULL,NULL,NULL,'auto',1,NULL,NULL,NULL,NULL,'#FFFFFF',1,NULL,NULL,NULL),(36,NULL,40720,NULL,NULL,NULL,NULL,'IVA',NULL,NULL,'','2023-12-21 10:00:00',1,NULL,'2023-12-21 10:30:00',NULL,0,NULL,'#FF0000',NULL,NULL,NULL,'auto',1,NULL,NULL,NULL,NULL,'#FFFFFF',1,NULL,NULL,NULL),(37,NULL,40720,NULL,NULL,NULL,NULL,'IVA - CITI - Regimen Informativo',NULL,NULL,'','2023-01-23 10:00:00',1,NULL,'2023-01-23 10:30:00',NULL,0,NULL,'#FF0000',NULL,NULL,NULL,'auto',1,NULL,NULL,NULL,NULL,'#FFFFFF',1,NULL,NULL,NULL),(38,NULL,40720,NULL,NULL,NULL,NULL,'IVA - CITI - Regimen Informativo',NULL,NULL,'','2023-02-27 10:00:00',1,NULL,'2023-02-27 10:30:00',NULL,0,NULL,'#FF0000',NULL,NULL,NULL,'auto',1,NULL,NULL,NULL,NULL,'#FFFFFF',1,NULL,NULL,NULL);
INSERT INTO `calendar` VALUES (39,NULL,40720,NULL,NULL,NULL,NULL,'IVA - CITI - Regimen Informativo',NULL,NULL,'','2023-03-23 10:00:00',1,NULL,'2023-03-23 10:30:00',NULL,0,NULL,'#FF0000',NULL,NULL,NULL,'auto',1,NULL,NULL,NULL,NULL,'#FFFFFF',1,NULL,NULL,NULL),(40,NULL,40720,NULL,NULL,NULL,NULL,'IVA - CITI - Regimen Informativo',NULL,NULL,'','2023-04-21 10:00:00',1,NULL,'2023-04-21 10:30:00',NULL,0,NULL,'#FF0000',NULL,NULL,NULL,'auto',1,NULL,NULL,NULL,NULL,'#FFFFFF',1,NULL,NULL,NULL),(41,NULL,40720,NULL,NULL,NULL,NULL,'IVA - CITI - Regimen Informativo',NULL,NULL,'','2023-05-23 10:00:00',1,NULL,'2023-05-23 10:30:00',NULL,0,NULL,'#FF0000',NULL,NULL,NULL,'auto',1,NULL,NULL,NULL,NULL,'#FFFFFF',1,NULL,NULL,NULL),(42,NULL,40720,NULL,NULL,NULL,NULL,'IVA - CITI - Regimen Informativo',NULL,NULL,'','2023-06-26 10:00:00',1,NULL,'2023-06-26 10:30:00',NULL,0,NULL,'#FF0000',NULL,NULL,NULL,'auto',1,NULL,NULL,NULL,NULL,'#FFFFFF',1,NULL,NULL,NULL),(43,NULL,40720,NULL,NULL,NULL,NULL,'IVA - CITI - Regimen Informativo',NULL,NULL,'','2023-07-21 10:00:00',1,NULL,'2023-07-21 10:30:00',NULL,0,NULL,'#FF0000',NULL,NULL,NULL,'auto',1,NULL,NULL,NULL,NULL,'#FFFFFF',1,NULL,NULL,NULL),(44,NULL,40720,NULL,NULL,NULL,NULL,'IVA - CITI - Regimen Informativo',NULL,NULL,'','2023-08-24 10:00:00',1,NULL,'2023-08-24 10:30:00',NULL,0,NULL,'#FF0000',NULL,NULL,NULL,'auto',1,NULL,NULL,NULL,NULL,'#FFFFFF',1,NULL,NULL,NULL),(45,NULL,40720,NULL,NULL,NULL,NULL,'IVA - CITI - Regimen Informativo',NULL,NULL,'','2023-09-21 10:00:00',1,NULL,'2023-09-21 10:30:00',NULL,0,NULL,'#FF0000',NULL,NULL,NULL,'auto',1,NULL,NULL,NULL,NULL,'#FFFFFF',1,NULL,NULL,NULL),(46,NULL,40720,NULL,NULL,NULL,NULL,'IVA - CITI - Regimen Informativo',NULL,NULL,'','2023-10-23 10:00:00',1,NULL,'2023-10-23 10:30:00',NULL,0,NULL,'#FF0000',NULL,NULL,NULL,'auto',1,NULL,NULL,NULL,NULL,'#FFFFFF',1,NULL,NULL,NULL),(47,NULL,40720,NULL,NULL,NULL,NULL,'IVA - CITI - Regimen Informativo',NULL,NULL,'','2023-11-24 10:00:00',1,NULL,'2023-11-24 10:30:00',NULL,0,NULL,'#FF0000',NULL,NULL,NULL,'auto',1,NULL,NULL,NULL,NULL,'#FFFFFF',1,NULL,NULL,NULL),(48,NULL,40720,NULL,NULL,NULL,NULL,'IVA - CITI - Regimen Informativo',NULL,NULL,'','2023-12-21 10:00:00',1,NULL,'2023-12-21 10:30:00',NULL,0,NULL,'#FF0000',NULL,NULL,NULL,'auto',1,NULL,NULL,NULL,NULL,'#FFFFFF',1,NULL,NULL,NULL),(49,NULL,40720,NULL,NULL,NULL,NULL,'Ganancia Pers. Hum. Anticipos',NULL,NULL,'','2023-02-14 10:00:00',1,NULL,'2023-02-14 10:30:00',NULL,0,NULL,'#FF0000',NULL,NULL,NULL,'auto',1,NULL,NULL,NULL,NULL,'#FFFFFF',1,NULL,NULL,NULL),(50,NULL,40720,NULL,NULL,NULL,NULL,'Ganancia Pers. Hum. Anticipos',NULL,NULL,'','2023-04-14 10:00:00',1,NULL,'2023-04-14 10:30:00',NULL,0,NULL,'#FF0000',NULL,NULL,NULL,'auto',1,NULL,NULL,NULL,NULL,'#FFFFFF',1,NULL,NULL,NULL),(51,NULL,40720,NULL,NULL,NULL,NULL,'Ganancia Pers. Hum. Anticipos',NULL,NULL,'','2023-08-15 10:00:00',1,NULL,'2023-08-15 10:30:00',NULL,0,NULL,'#FF0000',NULL,NULL,NULL,'auto',1,NULL,NULL,NULL,NULL,'#FFFFFF',1,NULL,NULL,NULL),(52,NULL,40720,NULL,NULL,NULL,NULL,'Ganancia Pers. Hum. Anticipos',NULL,NULL,'','2023-10-18 10:00:00',1,NULL,'2023-10-18 10:30:00',NULL,0,NULL,'#FF0000',NULL,NULL,NULL,'auto',1,NULL,NULL,NULL,NULL,'#FFFFFF',1,NULL,NULL,NULL),(53,NULL,40720,NULL,NULL,NULL,NULL,'Ganancia Pers. Hum. Anticipos',NULL,NULL,'','2023-12-13 10:00:00',1,NULL,'2023-12-13 10:30:00',NULL,0,NULL,'#FF0000',NULL,NULL,NULL,'auto',1,NULL,NULL,NULL,NULL,'#FFFFFF',1,NULL,NULL,NULL),(54,NULL,40720,NULL,NULL,NULL,NULL,'Ganancia Personas Humanas',NULL,NULL,'','2023-06-13 10:00:00',1,NULL,'2023-06-13 10:30:00',NULL,0,NULL,'#FF0000',NULL,NULL,NULL,'auto',1,NULL,NULL,NULL,NULL,'#FFFFFF',1,NULL,NULL,NULL);

--
-- Table structure for table `calendar_emails_telefonos`
--

CREATE TABLE `calendar_emails_telefonos` (
  `id` bigint(20) unsigned NOT NULL AUTO_INCREMENT,
  `user_id` int(10) unsigned DEFAULT NULL,
  `calendar_id` bigint(20) unsigned NOT NULL,
  `email` text COLLATE utf8mb4_unicode_ci,
  `celular` text COLLATE utf8mb4_unicode_ci,
  `created_at` timestamp NULL DEFAULT NULL,
  `updated_at` timestamp NULL DEFAULT NULL,
  `deleted_at` timestamp NULL DEFAULT NULL,
  PRIMARY KEY (`id`),
  KEY `calendar_emails_telefonos_calendar_id_foreign` (`calendar_id`),
  CONSTRAINT `calendar_emails_telefonos_calendar_id_foreign` FOREIGN KEY (`calendar_id`) REFERENCES `calendar` (`id`)
) ENGINE=InnoDB DEFAULT CHARSET=utf8mb4 COLLATE=utf8mb4_unicode_ci;

--
-- Dumping data for table `calendar_emails_telefonos`
--


--
-- Table structure for table `calendar_files`
--

CREATE TABLE `calendar_files` (
  `id` bigint(20) unsigned NOT NULL AUTO_INCREMENT,
  `user_id` int(10) unsigned DEFAULT NULL,
  `calendar_id` bigint(20) unsigned NOT NULL,
  `path` text COLLATE utf8mb4_unicode_ci NOT NULL,
  `original_name` text COLLATE utf8mb4_unicode_ci NOT NULL,
  `created_at` timestamp NULL DEFAULT NULL,
  `updated_at` timestamp NULL DEFAULT NULL,
  `deleted_at` timestamp NULL DEFAULT NULL,
  PRIMARY KEY (`id`),
  KEY `calendar_files_calendar_id_foreign` (`calendar_id`),
  CONSTRAINT `calendar_files_calendar_id_foreign` FOREIGN KEY (`calendar_id`) REFERENCES `calendar` (`id`)
) ENGINE=InnoDB DEFAULT CHARSET=utf8mb4 COLLATE=utf8mb4_unicode_ci;

--
-- Dumping data for table `calendar_files`
--


--
-- Table structure for table `calendar_niv_1`
--

CREATE TABLE `calendar_niv_1` (
  `id` bigint(20) unsigned NOT NULL AUTO_INCREMENT,
  `user_id` int(10) unsigned DEFAULT NULL,
  `person_id` int(10) unsigned NOT NULL,
  `descripcion` longtext COLLATE utf8mb4_unicode_ci,
  `detalle` text COLLATE utf8mb4_unicode_ci,
  `habilitado` tinyint(1) NOT NULL DEFAULT '1',
  `created_at` timestamp NULL DEFAULT NULL,
  `updated_at` timestamp NULL DEFAULT NULL,
  `deleted_at` timestamp NULL DEFAULT NULL,
  PRIMARY KEY (`id`),
  KEY `calendar_niv_1_person_id_foreign` (`person_id`),
  CONSTRAINT `calendar_niv_1_person_id_foreign` FOREIGN KEY (`person_id`) REFERENCES `persons` (`id`)
) ENGINE=InnoDB DEFAULT CHARSET=utf8mb4 COLLATE=utf8mb4_unicode_ci;

--
-- Dumping data for table `calendar_niv_1`
--


--
-- Table structure for table `calendar_niv_1_2`
--

CREATE TABLE `calendar_niv_1_2` (
  `id` bigint(20) unsigned NOT NULL AUTO_INCREMENT,
  `user_id` int(10) unsigned DEFAULT NULL,
  `person_id` int(10) unsigned NOT NULL,
  `calendar_niv_1_id` bigint(20) unsigned NOT NULL,
  `calendar_niv_2_id` bigint(20) unsigned NOT NULL,
  `created_at` timestamp NULL DEFAULT NULL,
  `updated_at` timestamp NULL DEFAULT NULL,
  `deleted_at` timestamp NULL DEFAULT NULL,
  PRIMARY KEY (`id`),
  KEY `calendar_niv_1_2_person_id_foreign` (`person_id`),
  KEY `calendar_niv_1_2_calendar_niv_1_id_foreign` (`calendar_niv_1_id`),
  KEY `calendar_niv_1_2_calendar_niv_2_id_foreign` (`calendar_niv_2_id`),
  CONSTRAINT `calendar_niv_1_2_calendar_niv_1_id_foreign` FOREIGN KEY (`calendar_niv_1_id`) REFERENCES `calendar_niv_1` (`id`),
  CONSTRAINT `calendar_niv_1_2_calendar_niv_2_id_foreign` FOREIGN KEY (`calendar_niv_2_id`) REFERENCES `calendar_niv_2` (`id`),
  CONSTRAINT `calendar_niv_1_2_person_id_foreign` FOREIGN KEY (`person_id`) REFERENCES `persons` (`id`)
) ENGINE=InnoDB DEFAULT CHARSET=utf8mb4 COLLATE=utf8mb4_unicode_ci;

--
-- Dumping data for table `calendar_niv_1_2`
--


--
-- Table structure for table `calendar_niv_2`
--

CREATE TABLE `calendar_niv_2` (
  `id` bigint(20) unsigned NOT NULL AUTO_INCREMENT,
  `user_id` int(10) unsigned DEFAULT NULL,
  `person_id` int(10) unsigned NOT NULL,
  `descripcion` longtext COLLATE utf8mb4_unicode_ci,
  `detalle` text COLLATE utf8mb4_unicode_ci,
  `habilitado` tinyint(1) NOT NULL DEFAULT '1',
  `created_at` timestamp NULL DEFAULT NULL,
  `updated_at` timestamp NULL DEFAULT NULL,
  `deleted_at` timestamp NULL DEFAULT NULL,
  PRIMARY KEY (`id`),
  KEY `calendar_niv_2_person_id_foreign` (`person_id`),
  CONSTRAINT `calendar_niv_2_person_id_foreign` FOREIGN KEY (`person_id`) REFERENCES `persons` (`id`)
) ENGINE=InnoDB DEFAULT CHARSET=utf8mb4 COLLATE=utf8mb4_unicode_ci;

--
-- Dumping data for table `calendar_niv_2`
--


--
-- Table structure for table `calendar_notificaciones`
--

CREATE TABLE `calendar_notificaciones` (
  `id` bigint(20) unsigned NOT NULL AUTO_INCREMENT,
  `user_id` int(10) unsigned DEFAULT NULL,
  `calendar_id` bigint(20) unsigned NOT NULL,
  `start` datetime DEFAULT NULL,
  `tipo_de_notificacion_id` int(10) unsigned NOT NULL,
  `cantidad` int(10) unsigned NOT NULL,
  `unidad_de_tiempo_id` int(10) unsigned NOT NULL,
  `created_at` timestamp NULL DEFAULT NULL,
  `updated_at` timestamp NULL DEFAULT NULL,
  `deleted_at` timestamp NULL DEFAULT NULL,
  PRIMARY KEY (`id`),
  KEY `calendar_notificaciones_calendar_id_foreign` (`calendar_id`),
  CONSTRAINT `calendar_notificaciones_calendar_id_foreign` FOREIGN KEY (`calendar_id`) REFERENCES `calendar` (`id`)
) ENGINE=InnoDB DEFAULT CHARSET=utf8mb4 COLLATE=utf8mb4_unicode_ci;

--
-- Dumping data for table `calendar_notificaciones`
--


--
-- Table structure for table `calendar_tur_dispo`
--

CREATE TABLE `calendar_tur_dispo` (
  `id` bigint(20) unsigned NOT NULL AUTO_INCREMENT,
  `user_id` int(10) unsigned DEFAULT NULL,
  `person_id` int(10) unsigned NOT NULL,
  `calendar_niv_1_id` bigint(20) unsigned NOT NULL,
  `calendar_niv_2_id` bigint(20) unsigned NOT NULL,
  `dia_hora` datetime(5) DEFAULT NULL,
  `duracion` varchar(191) COLLATE utf8mb4_unicode_ci NOT NULL DEFAULT '00:30',
  `created_at` timestamp NULL DEFAULT NULL,
  `updated_at` timestamp NULL DEFAULT NULL,
  `deleted_at` timestamp NULL DEFAULT NULL,
  PRIMARY KEY (`id`),
  KEY `calendar_tur_dispo_person_id_foreign` (`person_id`),
  KEY `calendar_tur_dispo_calendar_niv_1_id_foreign` (`calendar_niv_1_id`),
  KEY `calendar_tur_dispo_calendar_niv_2_id_foreign` (`calendar_niv_2_id`),
  CONSTRAINT `calendar_tur_dispo_calendar_niv_1_id_foreign` FOREIGN KEY (`calendar_niv_1_id`) REFERENCES `calendar_niv_1` (`id`),
  CONSTRAINT `calendar_tur_dispo_calendar_niv_2_id_foreign` FOREIGN KEY (`calendar_niv_2_id`) REFERENCES `calendar_niv_2` (`id`),
  CONSTRAINT `calendar_tur_dispo_person_id_foreign` FOREIGN KEY (`person_id`) REFERENCES `persons` (`id`)
) ENGINE=InnoDB DEFAULT CHARSET=utf8mb4 COLLATE=utf8mb4_unicode_ci;

--
-- Dumping data for table `calendar_tur_dispo`
--


--
-- Table structure for table `calendar_tur_dispo_datos`
--

CREATE TABLE `calendar_tur_dispo_datos` (
  `id` bigint(20) unsigned NOT NULL AUTO_INCREMENT,
  `user_id` int(10) unsigned DEFAULT NULL,
  `person_id` int(10) unsigned NOT NULL,
  `calendar_tur_dispo_id` bigint(20) unsigned NOT NULL,
  `email` text COLLATE utf8mb4_unicode_ci NOT NULL,
  `nombre_ape` text COLLATE utf8mb4_unicode_ci NOT NULL,
  `celular` text COLLATE utf8mb4_unicode_ci NOT NULL,
  `created_at` timestamp NULL DEFAULT NULL,
  `updated_at` timestamp NULL DEFAULT NULL,
  `deleted_at` timestamp NULL DEFAULT NULL,
  PRIMARY KEY (`id`),
  KEY `calendar_tur_dispo_datos_person_id_foreign` (`person_id`),
  KEY `calendar_tur_dispo_datos_calendar_tur_dispo_id_foreign` (`calendar_tur_dispo_id`),
  CONSTRAINT `calendar_tur_dispo_datos_calendar_tur_dispo_id_foreign` FOREIGN KEY (`calendar_tur_dispo_id`) REFERENCES `calendar_tur_dispo` (`id`),
  CONSTRAINT `calendar_tur_dispo_datos_person_id_foreign` FOREIGN KEY (`person_id`) REFERENCES `persons` (`id`)
) ENGINE=InnoDB DEFAULT CHARSET=utf8mb4 COLLATE=utf8mb4_unicode_ci;

--
-- Dumping data for table `calendar_tur_dispo_datos`
--


--
-- Table structure for table `calle`
--

CREATE TABLE `calle` (
  `id` int(10) unsigned NOT NULL AUTO_INCREMENT,
  `user_id` int(10) unsigned DEFAULT NULL,
  `localidad_id` int(10) unsigned NOT NULL,
  `descripcion` varchar(191) COLLATE utf8mb4_unicode_ci NOT NULL,
  `desdealt` int(10) unsigned DEFAULT NULL,
  `hastaalt` int(10) unsigned DEFAULT NULL,
  `codpostal` int(10) unsigned DEFAULT NULL,
  `habilitado` tinyint(1) NOT NULL DEFAULT '1',
  `created_at` timestamp NULL DEFAULT NULL,
  `updated_at` timestamp NULL DEFAULT NULL,
  `deleted_at` timestamp NULL DEFAULT NULL,
  PRIMARY KEY (`id`),
  KEY `calle_localidad_id_foreign` (`localidad_id`),
  CONSTRAINT `calle_localidad_id_foreign` FOREIGN KEY (`localidad_id`) REFERENCES `localidad` (`id`)
) ENGINE=InnoDB AUTO_INCREMENT=2 DEFAULT CHARSET=utf8mb4 COLLATE=utf8mb4_unicode_ci;

--
-- Dumping data for table `calle`
--

INSERT INTO `calle` VALUES (1,NULL,1,'Ramon Falcon',6800,7500,1408,1,'2020-05-28 20:55:23','2020-05-28 20:55:23',NULL);

--
-- Table structure for table `categorias_iibb`
--

CREATE TABLE `categorias_iibb` (
  `id` int(10) unsigned NOT NULL AUTO_INCREMENT,
  `categoria` varchar(255) COLLATE utf8mb4_unicode_ci DEFAULT NULL,
  `impuesto` decimal(16,2) DEFAULT NULL,
  `anual` decimal(16,2) DEFAULT NULL,
  `facAnual` decimal(16,2) DEFAULT NULL,
  `superficie` int(11) DEFAULT NULL,
  `energia` int(11) DEFAULT NULL,
  `comentario` varchar(255) COLLATE utf8mb4_unicode_ci DEFAULT NULL,
  `vigente` varchar(255) COLLATE utf8mb4_unicode_ci NOT NULL DEFAULT '1',
  `created_at` timestamp NULL DEFAULT NULL,
  `updated_at` timestamp NULL DEFAULT NULL,
  `deleted_at` timestamp NULL DEFAULT NULL,
  PRIMARY KEY (`id`)
) ENGINE=InnoDB AUTO_INCREMENT=9 DEFAULT CHARSET=utf8mb4 COLLATE=utf8mb4_unicode_ci;

--
-- Dumping data for table `categorias_iibb`
--

INSERT INTO `categorias_iibb` VALUES (1,'A',1850.00,11100.00,370000.00,30,3300,NULL,'1',NULL,'2022-10-23 23:32:21',NULL),(2,'B',2750.00,16500.00,550000.00,45,5000,NULL,'1',NULL,'2022-10-23 23:32:21',NULL),(3,'C',3850.00,23100.00,770000.00,60,6700,NULL,'1',NULL,'2022-10-23 23:32:21',NULL),(4,'D',5300.00,31800.00,1060000.00,85,10000,NULL,'1',NULL,'2022-10-23 23:32:21',NULL),(5,'E',7000.00,42000.00,1400000.00,110,13000,NULL,'1',NULL,'2022-10-23 23:32:21',NULL),(6,'F',8750.00,52500.00,1750000.00,150,16500,NULL,'1',NULL,'2022-10-23 23:32:21',NULL),(7,'G',10500.00,63000.00,2100000.00,200,20000,NULL,'1',NULL,'2022-10-23 23:32:21',NULL),(8,'H',13000.00,78000.00,2600000.00,200,20000,NULL,'1',NULL,'2022-10-23 23:32:21',NULL);

--
-- Table structure for table `categorias_monotributo`
--

CREATE TABLE `categorias_monotributo` (
  `id` int(10) unsigned NOT NULL AUTO_INCREMENT,
  `categoria` varchar(255) COLLATE utf8mb4_unicode_ci DEFAULT NULL,
  `facAnual` decimal(16,2) DEFAULT NULL,
  `facMensual` decimal(16,2) DEFAULT NULL,
  `actividad` varchar(255) COLLATE utf8mb4_unicode_ci DEFAULT NULL,
  `empleados` varchar(255) COLLATE utf8mb4_unicode_ci DEFAULT NULL,
  `superficie` int(11) DEFAULT NULL,
  `energia` int(11) DEFAULT NULL,
  `alquileres` decimal(16,2) DEFAULT NULL,
  `impuesto_servicio` decimal(16,2) DEFAULT NULL,
  `impuesto_venta` decimal(16,2) DEFAULT NULL,
  `sipa` decimal(16,2) DEFAULT NULL,
  `obraSocial` decimal(16,2) DEFAULT NULL,
  `totalServicio` decimal(16,2) DEFAULT NULL,
  `totalVenta` decimal(16,2) DEFAULT NULL,
  `comentario` varchar(255) COLLATE utf8mb4_unicode_ci DEFAULT NULL,
  `desde` date DEFAULT NULL,
  `hasta` date DEFAULT NULL,
  `vigente` varchar(255) COLLATE utf8mb4_unicode_ci NOT NULL DEFAULT '0',
  `created_at` timestamp NULL DEFAULT NULL,
  `updated_at` timestamp NULL DEFAULT NULL,
  `deleted_at` timestamp NULL DEFAULT NULL,
  PRIMARY KEY (`id`)
) ENGINE=InnoDB AUTO_INCREMENT=15 DEFAULT CHARSET=utf8mb4 COLLATE=utf8mb4_unicode_ci;

--
-- Dumping data for table `categorias_monotributo`
--

INSERT INTO `categorias_monotributo` VALUES (1,'A',8992597.87,749383.16,'No Excluida','0',30,3330,2091301.83,4182.60,4182.60,13663.17,19239.97,37085.74,37085.74,NULL,'2018-01-01',NULL,'1',NULL,NULL,NULL),(2,'B',13175201.52,1097933.46,'No Excluida','0',45,5000,2091301.83,7946.95,7946.95,15029.49,19239.97,42216.41,42216.41,NULL,'2018-01-01',NULL,'1',NULL,NULL,NULL),(3,'C',18473166.15,1539430.51,'No Excluida','0',60,6700,2858112.50,13663.17,12547.81,16532.44,19239.97,49435.58,48320.22,NULL,'2018-01-01',NULL,'1',NULL,NULL,NULL),(4,'D',22934610.05,1911217.50,'No Excluida','0',85,10000,2858112.50,22307.22,20773.60,18185.68,22864.90,63357.80,61824.18,NULL,'2018-01-01',NULL,'1',NULL,NULL,NULL),(5,'E',26977793.60,2248149.47,'No Excluida','0',110,13000,3624923.17,41826.04,33181.99,20004.25,27884.02,89714.31,81070.26,NULL,'2018-01-01',NULL,'1',NULL,NULL,NULL),(6,'F',33809379.57,2817448.30,'No Excluida','0',150,16500,3624923.17,58835.29,43220.24,22004.67,32066.63,112906.59,97291.54,NULL,'2018-01-01',NULL,'1',NULL,NULL,NULL),(7,'G',40431835.35,3369319.61,'No Excluida','0',200,20000,4322023.77,107074.65,53537.32,30806.54,34576.19,172457.38,118920.05,NULL,'2018-01-01',NULL,'1',NULL,NULL,NULL),(8,'H',61344853.64,5112071.14,'No Excluida','0',200,20000,6273905.49,306724.27,153362.13,43129.16,41547.19,391400.62,238038.48,NULL,'2018-01-01',NULL,'1',NULL,NULL,NULL),(9,'I',68664410.05,5722034.17,'Venta de Bs Muebles','0',200,20000,6273905.49,609963.03,243985.21,60380.82,51306.61,721650.46,355672.64,NULL,'2018-01-01',NULL,'1',NULL,NULL,NULL),(10,'J',78632948.76,6552745.73,'Venta de Bs Muebles','0',200,20000,6273905.49,731955.63,292782.26,84533.15,57580.51,874069.29,434895.92,NULL,'2018-01-01',NULL,'1',NULL,NULL,NULL),(11,'K',94805682.90,7900473.58,'Venta de Bs Muebles','0',200,20000,6273905.49,1024737.89,341579.30,118346.41,65806.30,1208890.60,525732.01,NULL,'2018-01-01',NULL,'1',NULL,NULL,NULL),(12,'Monotributo Social',1414762.00,117896.00,'No Excluida','0',0,0,0.00,0.00,0.00,0.00,0.00,0.00,0.00,NULL,'2018-01-01',NULL,'1','2020-02-27 02:46:40','2020-02-27 02:46:40',NULL),(13,'A Exento',1414762.00,117896.00,NULL,NULL,NULL,NULL,230178.48,0.00,0.00,2192.15,3061.75,5253.90,5253.90,'',NULL,NULL,'0',NULL,NULL,NULL),(14,'B Exento',2103025.00,175252.00,NULL,NULL,NULL,NULL,230178.48,0.00,0.00,2411.36,3061.75,5473.11,5473.11,'',NULL,NULL,'0',NULL,NULL,NULL);

--
-- Table structure for table `charlas_details`
--

CREATE TABLE `charlas_details` (
  `id` int(10) unsigned NOT NULL AUTO_INCREMENT,
  `user_id` int(10) unsigned DEFAULT NULL,
  `charla` longtext COLLATE utf8mb4_unicode_ci NOT NULL,
  `person_id` int(10) unsigned NOT NULL,
  `status` int(10) unsigned NOT NULL DEFAULT '1',
  `created_at` timestamp NULL DEFAULT NULL,
  `updated_at` timestamp NULL DEFAULT NULL,
  `deleted_at` timestamp NULL DEFAULT NULL,
  PRIMARY KEY (`id`),
  KEY `charlas_details_person_id_foreign` (`person_id`),
  CONSTRAINT `charlas_details_person_id_foreign` FOREIGN KEY (`person_id`) REFERENCES `persons` (`id`)
) ENGINE=InnoDB DEFAULT CHARSET=utf8mb4 COLLATE=utf8mb4_unicode_ci;

--
-- Dumping data for table `charlas_details`
--

DELIMITER ;;
/*!50003 CREATE*/ /*!50017 DEFINER=`forge`@`%`*/ /*!50003 TRIGGER `CharlaDetail_BD` BEFORE DELETE ON `charlas_details` FOR EACH ROW insert into back_up_charlas_details (charla,person_id,modificado)
values(old.charla,old.person_id,now()) */;;
DELIMITER ;

--
-- Table structure for table `chequeras_tipos`
--

CREATE TABLE `chequeras_tipos` (
  `id` int(10) unsigned NOT NULL AUTO_INCREMENT,
  `user_id` int(10) unsigned DEFAULT NULL,
  `descripcion` text COLLATE utf8mb4_unicode_ci NOT NULL,
  `habilitado` tinyint(1) NOT NULL DEFAULT '1',
  `created_at` timestamp NULL DEFAULT NULL,
  `updated_at` timestamp NULL DEFAULT NULL,
  `deleted_at` timestamp NULL DEFAULT NULL,
  PRIMARY KEY (`id`)
) ENGINE=InnoDB AUTO_INCREMENT=4 DEFAULT CHARSET=utf8mb4 COLLATE=utf8mb4_unicode_ci;

--
-- Dumping data for table `chequeras_tipos`
--

INSERT INTO `chequeras_tipos` VALUES (1,NULL,'Fisica',1,NULL,NULL,NULL),(2,NULL,'Electronica',1,NULL,NULL,NULL),(3,NULL,'Transferencias',1,NULL,NULL,NULL);

--
-- Table structure for table `cheques_transfer_emitidas`
--

CREATE TABLE `cheques_transfer_emitidas` (
  `id` bigint(20) unsigned NOT NULL AUTO_INCREMENT,
  `user_id` int(10) unsigned DEFAULT NULL,
  `person_id` int(10) unsigned NOT NULL,
  `cta_cte_cliente_detail_id` int(10) unsigned DEFAULT NULL,
  `cta_cte_tesoreria_detail_id` int(10) unsigned DEFAULT NULL,
  `cta_cte_tesoreria_cuenta_id` int(10) unsigned NOT NULL,
  `cta_cte_tesoreria_banco_cheq_id` int(10) unsigned NOT NULL,
  `fecha_emision` date NOT NULL,
  `fecha_cobro` date NOT NULL,
  `numero_cheque` int(11) NOT NULL,
  `importe` decimal(16,2) NOT NULL DEFAULT '0.00',
  `created_at` timestamp NULL DEFAULT NULL,
  `updated_at` timestamp NULL DEFAULT NULL,
  `deleted_at` timestamp NULL DEFAULT NULL,
  PRIMARY KEY (`id`),
  KEY `cheques_transfer_emitidas_person_id_foreign` (`person_id`),
  KEY `cheques_transfer_emitidas_cta_cte_cliente_detail_id_foreign` (`cta_cte_cliente_detail_id`),
  KEY `cheques_transfer_emitidas_cta_cte_tesoreria_detail_id_foreign` (`cta_cte_tesoreria_detail_id`),
  KEY `cheques_transfer_emitidas_cta_cte_tesoreria_cuenta_id_foreign` (`cta_cte_tesoreria_cuenta_id`),
  KEY `cte_tes_ban_che_id_foreign` (`cta_cte_tesoreria_banco_cheq_id`),
  CONSTRAINT `cheques_transfer_emitidas_cta_cte_cliente_detail_id_foreign` FOREIGN KEY (`cta_cte_cliente_detail_id`) REFERENCES `cta_cte_cliente_details` (`id`),
  CONSTRAINT `cheques_transfer_emitidas_cta_cte_tesoreria_cuenta_id_foreign` FOREIGN KEY (`cta_cte_tesoreria_cuenta_id`) REFERENCES `cta_cte_tesoreria_cuentas` (`id`),
  CONSTRAINT `cheques_transfer_emitidas_cta_cte_tesoreria_detail_id_foreign` FOREIGN KEY (`cta_cte_tesoreria_detail_id`) REFERENCES `cta_cte_tesoreria_detail` (`id`),
  CONSTRAINT `cheques_transfer_emitidas_person_id_foreign` FOREIGN KEY (`person_id`) REFERENCES `persons` (`id`),
  CONSTRAINT `cte_tes_ban_che_id_foreign` FOREIGN KEY (`cta_cte_tesoreria_banco_cheq_id`) REFERENCES `cta_cte_tesoreria_banco_cheq` (`id`)
) ENGINE=InnoDB DEFAULT CHARSET=utf8mb4 COLLATE=utf8mb4_unicode_ci;

--
-- Dumping data for table `cheques_transfer_emitidas`
--


--
-- Table structure for table `claves`
--

CREATE TABLE `claves` (
  `id` int(10) unsigned NOT NULL AUTO_INCREMENT,
  `user_id` int(10) unsigned DEFAULT NULL,
  `name` varchar(255) COLLATE utf8mb4_unicode_ci NOT NULL,
  `created_at` timestamp NULL DEFAULT NULL,
  `updated_at` timestamp NULL DEFAULT NULL,
  `deleted_at` timestamp NULL DEFAULT NULL,
  PRIMARY KEY (`id`)
) ENGINE=InnoDB AUTO_INCREMENT=44 DEFAULT CHARSET=utf8mb4 COLLATE=utf8mb4_unicode_ci;

--
-- Dumping data for table `claves`
--

INSERT INTO `claves` VALUES (1,NULL,'Clave Fiscal',NULL,NULL,NULL),(2,NULL,'Clave Ciudad',NULL,NULL,NULL),(3,NULL,'Clave ARBA',NULL,NULL,NULL),(4,NULL,'Clave ANSES',NULL,NULL,NULL),(5,NULL,'Catedral',NULL,NULL,NULL),(6,NULL,'CEMIBA',NULL,NULL,NULL),(7,NULL,'COMPRA ARG',NULL,NULL,NULL),(8,NULL,'Consejo Ciencias Economicas',NULL,NULL,NULL),(9,NULL,'Correo',NULL,NULL,NULL),(10,NULL,'CUR',NULL,NULL,NULL),(11,NULL,'Firma Digital',NULL,NULL,NULL),(12,NULL,'Interbanking',NULL,NULL,NULL),(13,NULL,'Banco Citibank',NULL,NULL,NULL),(14,NULL,'Banco Ciudad',NULL,NULL,NULL),(15,NULL,'Banco Frances',NULL,NULL,NULL),(16,NULL,'Banco Galicia',NULL,NULL,NULL),(17,NULL,'Banco HSBC',NULL,NULL,NULL),(18,NULL,'Banco Itau',NULL,NULL,NULL),(19,NULL,'Banco Nacion',NULL,NULL,NULL),(20,NULL,'Banco Macro',NULL,NULL,NULL),(21,NULL,'Banco Patagonia',NULL,NULL,NULL),(22,NULL,'Banco Provincia',NULL,NULL,NULL),(23,NULL,'Banco Santander',NULL,NULL,NULL),(24,NULL,'Banco Supervielle',NULL,NULL,NULL),(25,NULL,'Seguridad e Higiene',NULL,NULL,NULL),(26,NULL,'Sindicato - ANSES',NULL,NULL,NULL),(27,NULL,'Sindicato - AOT',NULL,NULL,NULL),(28,NULL,'Sindicato - ATSA',NULL,NULL,NULL),(29,NULL,'Sindicato - Camioneros',NULL,NULL,NULL),(30,NULL,'Sindicato - Guinchero',NULL,NULL,NULL),(31,NULL,'Sindicato - IERIC',NULL,NULL,NULL),(32,NULL,'Sindicato - La Estrella',NULL,NULL,NULL),(33,NULL,'Sindicato - Nemesis',NULL,NULL,NULL),(34,NULL,'Sindicato - Pasta',NULL,NULL,NULL),(35,NULL,'Sindicato - SEC',NULL,NULL,NULL),(36,NULL,'Sindicato - SICOP',NULL,NULL,NULL),(37,NULL,'Sindicato - SOCAYA',NULL,NULL,NULL),(38,NULL,'Sindicato - UTHGRA',NULL,NULL,NULL),(39,NULL,'Sindicato - INACAP',NULL,NULL,NULL),(40,NULL,'Sindicato - Otro',NULL,NULL,NULL),(41,NULL,'Otra',NULL,NULL,NULL),(42,NULL,'Prisma - Firma Digital',NULL,NULL,NULL),(43,NULL,'Sindicato - FATSA',NULL,NULL,NULL);

--
-- Table structure for table `claves_details`
--

CREATE TABLE `claves_details` (
  `id` int(10) unsigned NOT NULL AUTO_INCREMENT,
  `user_id` int(10) unsigned DEFAULT NULL,
  `clave` varchar(255) COLLATE utf8mb4_unicode_ci DEFAULT NULL,
  `valor` varchar(255) COLLATE utf8mb4_unicode_ci NOT NULL,
  `comentario` varchar(255) COLLATE utf8mb4_unicode_ci DEFAULT NULL,
  `clave_id` int(10) unsigned NOT NULL,
  `person_id` int(10) unsigned NOT NULL,
  `status` int(10) unsigned NOT NULL DEFAULT '1',
  `created_at` timestamp NULL DEFAULT NULL,
  `updated_at` timestamp NULL DEFAULT NULL,
  `deleted_at` timestamp NULL DEFAULT NULL,
  PRIMARY KEY (`id`),
  KEY `claves_details_clave_id_foreign` (`clave_id`),
  KEY `claves_details_person_id_foreign` (`person_id`),
  CONSTRAINT `claves_details_clave_id_foreign` FOREIGN KEY (`clave_id`) REFERENCES `claves` (`id`),
  CONSTRAINT `claves_details_person_id_foreign` FOREIGN KEY (`person_id`) REFERENCES `persons` (`id`)
) ENGINE=InnoDB AUTO_INCREMENT=114 DEFAULT CHARSET=utf8mb4 COLLATE=utf8mb4_unicode_ci;

--
-- Dumping data for table `claves_details`
--

INSERT INTO `claves_details` VALUES (5,3022,NULL,'Ect391474ec',NULL,1,40818,1,'2021-05-26 15:47:54','2021-05-26 15:47:54',NULL),(6,3022,NULL,'Ec391474',NULL,3,40818,1,'2021-05-26 15:47:54','2021-05-26 15:47:54',NULL),(15,3022,NULL,'Mariela2021',NULL,1,40822,1,'2021-05-27 20:09:10','2021-05-27 20:09:10',NULL),(16,3022,NULL,'Ec208410',NULL,3,40822,1,'2021-05-27 20:09:10','2021-05-27 20:09:10',NULL),(24,3022,NULL,'Et015261te',NULL,1,40849,1,'2021-06-04 15:36:46','2021-06-04 15:36:46',NULL),(25,3022,NULL,'Et15261te',NULL,3,40849,1,'2021-06-04 15:36:46','2021-06-04 15:36:46',NULL),(67,3022,NULL,'Holanda2021',NULL,1,40817,1,'2021-09-03 17:09:09','2021-09-03 17:09:09',NULL),(68,3022,NULL,'123456',NULL,3,40817,1,'2021-09-03 17:09:09','2021-09-03 17:09:09',NULL),(72,3022,NULL,'Cesar18757',NULL,1,40819,1,'2021-10-14 13:16:25','2021-10-14 13:16:25',NULL),(73,3022,NULL,'Caliuru17',NULL,3,40819,1,'2021-10-14 13:16:25','2021-10-14 13:16:25',NULL),(80,3022,NULL,'Ect337306ec',NULL,1,40720,1,'2021-11-24 19:21:30','2021-11-24 19:21:30',NULL),(81,3022,NULL,'Ect337306ec',NULL,3,40720,1,'2021-11-24 19:21:30','2021-11-24 19:21:30',NULL),(92,3022,NULL,'Fucmil7523',NULL,1,40847,1,'2023-03-01 19:08:33','2023-03-01 19:08:33',NULL),(93,3022,NULL,'Ect850996ec',NULL,1,40848,1,'2023-03-01 19:08:42','2023-03-01 19:08:42',NULL),(94,3022,NULL,'Ect318509',NULL,3,40848,1,'2023-03-01 19:08:42','2023-03-01 19:08:42',NULL),(95,3022,NULL,'Ect343007ec',NULL,1,40850,1,'2023-03-01 19:08:54','2023-03-01 19:08:54',NULL),(96,3022,NULL,'Ect343007ec',NULL,3,40850,1,'2023-03-01 19:08:54','2023-03-01 19:08:54',NULL),(97,3022,NULL,'Eclaura2021',NULL,1,40851,1,'2023-03-01 19:09:01','2023-03-01 19:09:01',NULL),(98,3022,NULL,'Ec144910',NULL,3,40851,1,'2023-03-01 19:09:01','2023-03-01 19:09:01',NULL),(99,3022,NULL,'Ect360944ec',NULL,1,40852,1,'2023-03-01 19:09:10','2023-03-01 19:09:10',NULL),(100,3022,NULL,'Ect360944ec',NULL,3,40852,1,'2023-03-01 19:09:10','2023-03-01 19:09:10',NULL),(101,3022,NULL,'Vismargarita2021',NULL,1,40853,1,'2023-03-01 19:09:20','2023-03-01 19:09:20',NULL),(102,3022,NULL,'Ect148490',NULL,3,40853,1,'2023-03-01 19:09:20','2023-03-01 19:09:20',NULL),(103,3022,NULL,'Ec624165',NULL,3,40854,1,'2023-03-01 19:09:29','2023-03-01 19:09:29',NULL),(104,3022,NULL,'Ect141568ec',NULL,1,40846,1,'2023-03-01 19:10:43','2023-03-01 19:10:43',NULL),(105,3022,NULL,'Maria080960',NULL,3,40846,1,'2023-03-01 19:10:43','2023-03-01 19:10:43',NULL),(108,3022,NULL,'Ect832271ec',NULL,1,40820,1,'2023-03-01 19:11:32','2023-03-01 19:11:32',NULL),(109,3022,NULL,'Mati2806',NULL,3,40820,1,'2023-03-01 19:11:32','2023-03-01 19:11:32',NULL),(110,3022,NULL,'Ect851002ec',NULL,1,40845,1,'2023-03-01 19:12:26','2023-03-01 19:12:26',NULL),(111,3022,NULL,'Ect851002ec',NULL,3,40845,1,'2023-03-01 19:12:26','2023-03-01 19:12:26',NULL),(112,3022,NULL,'Etmiguel424',NULL,1,40821,1,'2023-03-01 19:13:15','2023-03-01 19:13:15',NULL),(113,3022,NULL,'Miguel424',NULL,3,40821,1,'2023-03-01 19:13:15','2023-03-01 19:13:15',NULL);
DELIMITER ;;
/*!50003 CREATE*/ /*!50017 DEFINER=`forge`@`%`*/ /*!50003 TRIGGER `ClavesDetail_BD` BEFORE DELETE ON `claves_details` FOR EACH ROW insert into back_up_claves_details (clave,valor,comentario,clave_id,person_id,modificado)
values(old.clave,old.valor,old.comentario,old.clave_id,old.person_id,now()) */;;
DELIMITER ;

--
-- Table structure for table `claves_mails`
--

CREATE TABLE `claves_mails` (
  `id` int(10) unsigned NOT NULL AUTO_INCREMENT,
  `description` varchar(180) COLLATE utf8mb4_unicode_ci NOT NULL,
  `class` int(10) unsigned NOT NULL,
  `class_description` varchar(180) COLLATE utf8mb4_unicode_ci NOT NULL,
  `path` varchar(255) COLLATE utf8mb4_unicode_ci DEFAULT NULL,
  `created_at` timestamp NULL DEFAULT NULL,
  `updated_at` timestamp NULL DEFAULT NULL,
  PRIMARY KEY (`id`)
) ENGINE=InnoDB AUTO_INCREMENT=6 DEFAULT CHARSET=utf8mb4 COLLATE=utf8mb4_unicode_ci;

--
-- Dumping data for table `claves_mails`
--

INSERT INTO `claves_mails` VALUES (1,'Listado de Claves',1,'Claves','claves_mails/claves_listado',NULL,NULL),(3,'Listado de Mails',2,'Mails','claves_mails/mails_listado',NULL,NULL),(5,'Listado de Charlas',3,'Charlas','claves_mails/charlas_listado',NULL,NULL);

--
-- Table structure for table `cm_articulos_regimenes`
--

CREATE TABLE `cm_articulos_regimenes` (
  `id` int(10) unsigned NOT NULL AUTO_INCREMENT,
  `user_id` int(11) DEFAULT NULL,
  `descripcion` longtext COLLATE utf8mb4_unicode_ci,
  `codigo` int(11) DEFAULT NULL,
  `habilitado` tinyint(1) NOT NULL DEFAULT '0',
  `created_at` timestamp NULL DEFAULT NULL,
  `updated_at` timestamp NULL DEFAULT NULL,
  `deleted_at` timestamp NULL DEFAULT NULL,
  PRIMARY KEY (`id`)
) ENGINE=InnoDB AUTO_INCREMENT=11 DEFAULT CHARSET=utf8mb4 COLLATE=utf8mb4_unicode_ci;

--
-- Dumping data for table `cm_articulos_regimenes`
--

INSERT INTO `cm_articulos_regimenes` VALUES (1,NULL,'Articulo 2',2,1,'2021-07-26 03:44:55','2021-07-29 08:40:55',NULL),(2,NULL,'Articulo 6',6,0,'2021-07-26 03:44:55','2021-07-29 08:40:55',NULL),(3,NULL,'Articulo 7',7,0,'2021-07-26 03:44:55','2021-07-29 08:40:55',NULL),(4,NULL,'Articulo 8',8,0,'2021-07-26 03:44:55','2021-07-29 08:40:55',NULL),(5,NULL,'Articulo 9',9,0,'2021-07-26 03:44:55','2021-07-29 08:40:55',NULL),(6,NULL,'Articulo 10',10,0,'2021-07-26 03:44:55','2021-07-29 08:40:55',NULL),(7,NULL,'Articulo 11',11,0,'2021-07-26 03:44:55','2021-07-29 08:40:55',NULL),(8,NULL,'Articulo 12',12,0,'2021-07-26 03:44:55','2021-07-29 08:40:55',NULL),(9,NULL,'Articulo 13',13,0,'2021-07-26 03:44:55','2021-07-29 08:40:55',NULL),(10,NULL,'Articulo 14',14,1,'2021-07-26 03:44:55','2021-07-29 08:40:55',NULL);

--
-- Table structure for table `cobradores`
--

CREATE TABLE `cobradores` (
  `id` bigint(20) unsigned NOT NULL AUTO_INCREMENT,
  `person_id` int(10) unsigned NOT NULL,
  `descripcion` text COLLATE utf8mb4_unicode_ci NOT NULL,
  `telefono` text COLLATE utf8mb4_unicode_ci NOT NULL,
  `habilitado` tinyint(1) NOT NULL DEFAULT '1',
  `created_at` timestamp NULL DEFAULT NULL,
  `updated_at` timestamp NULL DEFAULT NULL,
  `deleted_at` timestamp NULL DEFAULT NULL,
  PRIMARY KEY (`id`),
  KEY `cobradores_person_id_foreign` (`person_id`),
  CONSTRAINT `cobradores_person_id_foreign` FOREIGN KEY (`person_id`) REFERENCES `persons` (`id`)
) ENGINE=InnoDB DEFAULT CHARSET=utf8mb4 COLLATE=utf8mb4_unicode_ci;

--
-- Dumping data for table `cobradores`
--


--
-- Table structure for table `cobradores_datos`
--

CREATE TABLE `cobradores_datos` (
  `id` bigint(20) unsigned NOT NULL AUTO_INCREMENT,
  `user_id` int(10) unsigned DEFAULT NULL,
  `cobrador_id` bigint(20) unsigned NOT NULL,
  `url_panel` longtext COLLATE utf8mb4_unicode_ci,
  `usuario` text COLLATE utf8mb4_unicode_ci,
  `clave` text COLLATE utf8mb4_unicode_ci,
  `numero_de_soporte` text COLLATE utf8mb4_unicode_ci,
  `inicial_create_user` text COLLATE utf8mb4_unicode_ci,
  `imp_min_p_retirar` int(11) DEFAULT NULL,
  `secret_recarga` text COLLATE utf8mb4_unicode_ci,
  `secret_on_off` text COLLATE utf8mb4_unicode_ci,
  `clave_new_user` text COLLATE utf8mb4_unicode_ci,
  `created_at` timestamp NULL DEFAULT NULL,
  `updated_at` timestamp NULL DEFAULT NULL,
  `deleted_at` timestamp NULL DEFAULT NULL,
  PRIMARY KEY (`id`),
  KEY `cobradores_datos_cobrador_id_foreign` (`cobrador_id`),
  CONSTRAINT `cobradores_datos_cobrador_id_foreign` FOREIGN KEY (`cobrador_id`) REFERENCES `cobradores` (`id`)
) ENGINE=InnoDB DEFAULT CHARSET=utf8mb4 COLLATE=utf8mb4_unicode_ci;

--
-- Dumping data for table `cobradores_datos`
--


--
-- Table structure for table `cobradores_metodos`
--

CREATE TABLE `cobradores_metodos` (
  `id` bigint(20) unsigned NOT NULL AUTO_INCREMENT,
  `user_id` int(10) unsigned DEFAULT NULL,
  `person_id` int(10) unsigned NOT NULL,
  `descripcion` varchar(255) COLLATE utf8mb4_unicode_ci NOT NULL,
  `habilitado` tinyint(1) NOT NULL DEFAULT '1',
  `created_at` timestamp NULL DEFAULT NULL,
  `updated_at` timestamp NULL DEFAULT NULL,
  `deleted_at` timestamp NULL DEFAULT NULL,
  PRIMARY KEY (`id`),
  UNIQUE KEY `cobradores_metodos_descripcion_unique` (`descripcion`),
  KEY `cobradores_metodos_person_id_foreign` (`person_id`),
  CONSTRAINT `cobradores_metodos_person_id_foreign` FOREIGN KEY (`person_id`) REFERENCES `persons` (`id`)
) ENGINE=InnoDB DEFAULT CHARSET=utf8mb4 COLLATE=utf8mb4_unicode_ci;

--
-- Dumping data for table `cobradores_metodos`
--


--
-- Table structure for table `cobradores_on_off`
--

CREATE TABLE `cobradores_on_off` (
  `id` bigint(20) unsigned NOT NULL AUTO_INCREMENT,
  `user_id` int(10) unsigned DEFAULT NULL,
  `cobrador_id` bigint(20) unsigned NOT NULL,
  `on_off` tinyint(1) NOT NULL,
  `created_at` timestamp NULL DEFAULT NULL,
  `updated_at` timestamp NULL DEFAULT NULL,
  `deleted_at` timestamp NULL DEFAULT NULL,
  PRIMARY KEY (`id`),
  KEY `cobradores_on_off_cobrador_id_foreign` (`cobrador_id`),
  CONSTRAINT `cobradores_on_off_cobrador_id_foreign` FOREIGN KEY (`cobrador_id`) REFERENCES `cobradores` (`id`)
) ENGINE=InnoDB DEFAULT CHARSET=utf8mb4 COLLATE=utf8mb4_unicode_ci;

--
-- Dumping data for table `cobradores_on_off`
--


--
-- Table structure for table `conciliaciones`
--

CREATE TABLE `conciliaciones` (
  `id` bigint(20) unsigned NOT NULL AUTO_INCREMENT,
  `user_id` int(10) unsigned DEFAULT NULL,
  `person_id` int(10) unsigned NOT NULL,
  `fecha` datetime NOT NULL,
  `cta_cte_tesoreria_cuenta_id` int(10) unsigned NOT NULL,
  `saldo_conciliado` decimal(13,2) NOT NULL DEFAULT '0.00',
  `created_at` timestamp NULL DEFAULT NULL,
  `updated_at` timestamp NULL DEFAULT NULL,
  `deleted_at` timestamp NULL DEFAULT NULL,
  PRIMARY KEY (`id`),
  KEY `conciliaciones_person_id_foreign` (`person_id`),
  CONSTRAINT `conciliaciones_person_id_foreign` FOREIGN KEY (`person_id`) REFERENCES `persons` (`id`) ON DELETE CASCADE
) ENGINE=InnoDB DEFAULT CHARSET=utf8mb4 COLLATE=utf8mb4_unicode_ci;

--
-- Dumping data for table `conciliaciones`
--


--
-- Table structure for table `conciliaciones_details`
--

CREATE TABLE `conciliaciones_details` (
  `id` bigint(20) unsigned NOT NULL AUTO_INCREMENT,
  `user_id` int(10) unsigned DEFAULT NULL,
  `conciliacion_id` bigint(20) unsigned NOT NULL,
  `person_id` int(10) unsigned NOT NULL,
  `cta_cte_tesoreria_detail_id` int(10) unsigned DEFAULT NULL,
  `created_at` timestamp NULL DEFAULT NULL,
  `updated_at` timestamp NULL DEFAULT NULL,
  `deleted_at` timestamp NULL DEFAULT NULL,
  PRIMARY KEY (`id`),
  KEY `conciliaciones_details_person_id_foreign` (`person_id`),
  KEY `conciliaciones_details_cta_cte_tesoreria_detail_id_foreign` (`cta_cte_tesoreria_detail_id`),
  CONSTRAINT `conciliaciones_details_cta_cte_tesoreria_detail_id_foreign` FOREIGN KEY (`cta_cte_tesoreria_detail_id`) REFERENCES `cta_cte_tesoreria_detail` (`id`),
  CONSTRAINT `conciliaciones_details_person_id_foreign` FOREIGN KEY (`person_id`) REFERENCES `persons` (`id`) ON DELETE CASCADE
) ENGINE=InnoDB DEFAULT CHARSET=utf8mb4 COLLATE=utf8mb4_unicode_ci;

--
-- Dumping data for table `conciliaciones_details`
--


--
-- Table structure for table `condicion_frente_al_iva`
--

CREATE TABLE `condicion_frente_al_iva` (
  `id` int(10) unsigned NOT NULL AUTO_INCREMENT,
  `user_id` int(10) unsigned DEFAULT NULL,
  `codigo_afip` int(11) DEFAULT NULL,
  `descripcion` text COLLATE utf8mb4_unicode_ci NOT NULL,
  `show_comprobantes_a` tinyint(1) NOT NULL DEFAULT '0',
  `show_comprobantes_b` tinyint(1) NOT NULL DEFAULT '0',
  `habilitado` tinyint(1) NOT NULL DEFAULT '1',
  `created_at` timestamp NULL DEFAULT NULL,
  `updated_at` timestamp NULL DEFAULT NULL,
  `deleted_at` timestamp NULL DEFAULT NULL,
  PRIMARY KEY (`id`)
) ENGINE=InnoDB AUTO_INCREMENT=17 DEFAULT CHARSET=utf8mb4 COLLATE=utf8mb4_unicode_ci;

--
-- Dumping data for table `condicion_frente_al_iva`
--

INSERT INTO `condicion_frente_al_iva` VALUES (1,NULL,1,'IVA Responsable Inscripto',1,0,1,NULL,NULL,NULL),(2,NULL,2,'IVA Responsable no Inscripto',0,0,1,NULL,'2025-02-11 16:37:25','2025-02-11 16:37:25'),(3,NULL,3,'IVA no Responsable',0,0,1,NULL,'2025-02-11 16:37:25','2025-02-11 16:37:25'),(4,NULL,4,'IVA Sujeto Exento',0,1,1,NULL,NULL,NULL),(5,NULL,5,'Consumidor Final',0,1,1,NULL,NULL,NULL),(6,NULL,6,'Responsable Monotributo',1,0,1,NULL,NULL,NULL),(7,NULL,7,'Sujeto no Categorizado',0,1,1,NULL,NULL,NULL),(8,NULL,8,'Proveedor del Exterior',0,1,1,NULL,NULL,NULL),(9,NULL,9,'Cliente del Exterior',0,1,1,NULL,NULL,NULL),(10,NULL,10,'IVA Liberado – Ley Nº 19.640',0,1,1,NULL,NULL,NULL),(11,NULL,11,'IVA Responsable Inscripto – Agente de Percepción',0,0,1,NULL,'2025-02-11 16:37:25','2025-02-11 16:37:25'),(12,NULL,12,'Pequeño Contribuyente Eventual',0,0,1,NULL,'2025-02-11 16:37:25','2025-02-11 16:37:25'),(13,NULL,13,'Monotributista Social',1,0,1,NULL,NULL,NULL),(14,NULL,14,'Pequeño Contribuyente Eventual Social',0,0,1,NULL,'2025-02-11 16:37:25','2025-02-11 16:37:25'),(15,NULL,15,'IVA No Alcanzado',0,1,1,NULL,'2025-02-11 19:37:25',NULL),(16,NULL,NULL,'Monotributista Trabajador Independiente Promovido',1,0,1,NULL,'2025-02-11 16:37:25','2025-02-11 16:37:25');

--
-- Table structure for table `condiciones_venta`
--

CREATE TABLE `condiciones_venta` (
  `id` int(10) unsigned NOT NULL AUTO_INCREMENT,
  `descripcion` varchar(100) COLLATE utf8mb4_unicode_ci NOT NULL,
  `created_at` timestamp NULL DEFAULT NULL,
  `updated_at` timestamp NULL DEFAULT NULL,
  PRIMARY KEY (`id`)
) ENGINE=InnoDB AUTO_INCREMENT=9 DEFAULT CHARSET=utf8mb4 COLLATE=utf8mb4_unicode_ci;

--
-- Dumping data for table `condiciones_venta`
--

INSERT INTO `condiciones_venta` VALUES (1,'Contado',NULL,NULL),(2,'Tarjeta de Debito',NULL,NULL),(3,'Tarjeta de Credito',NULL,NULL),(4,'Cuenta Corriente',NULL,NULL),(5,'Cheque',NULL,NULL),(6,'Ticket',NULL,NULL),(7,'Transferencia',NULL,NULL),(8,'Otra',NULL,NULL);

--
-- Table structure for table `consultas`
--

CREATE TABLE `consultas` (
  `id` int(10) unsigned NOT NULL AUTO_INCREMENT,
  `user_id` int(11) DEFAULT NULL,
  `descripcion` varchar(191) COLLATE utf8mb4_unicode_ci DEFAULT NULL,
  `habilitado` tinyint(1) NOT NULL DEFAULT '1',
  `created_at` timestamp NULL DEFAULT NULL,
  `updated_at` timestamp NULL DEFAULT NULL,
  `deleted_at` timestamp NULL DEFAULT NULL,
  PRIMARY KEY (`id`)
) ENGINE=InnoDB AUTO_INCREMENT=5 DEFAULT CHARSET=utf8mb4 COLLATE=utf8mb4_unicode_ci;

--
-- Dumping data for table `consultas`
--

INSERT INTO `consultas` VALUES (1,NULL,'Estado Liquidaciones',1,NULL,NULL,NULL),(2,NULL,'Consumo',1,NULL,NULL,NULL),(3,NULL,'Resultado Liquidacion Hijas',1,'2023-03-12 23:41:58','2023-03-12 23:41:58',NULL),(4,NULL,'Tablero Control',1,NULL,NULL,NULL);

--
-- Table structure for table `consultas_aux`
--

CREATE TABLE `consultas_aux` (
  `id` int(10) unsigned NOT NULL AUTO_INCREMENT,
  `user_id` int(11) DEFAULT NULL,
  `consulta_id` int(10) unsigned NOT NULL,
  `person_id` int(10) unsigned DEFAULT NULL,
  `descripcion` longtext COLLATE utf8mb4_unicode_ci,
  `estado` tinyint(1) NOT NULL DEFAULT '0',
  `created_at` timestamp NULL DEFAULT NULL,
  `updated_at` timestamp NULL DEFAULT NULL,
  `deleted_at` timestamp NULL DEFAULT NULL,
  PRIMARY KEY (`id`),
  KEY `consultas_aux_consulta_id_foreign` (`consulta_id`),
  KEY `consultas_aux_person_id_foreign` (`person_id`),
  CONSTRAINT `consultas_aux_consulta_id_foreign` FOREIGN KEY (`consulta_id`) REFERENCES `consultas` (`id`),
  CONSTRAINT `consultas_aux_person_id_foreign` FOREIGN KEY (`person_id`) REFERENCES `persons` (`id`)
) ENGINE=InnoDB DEFAULT CHARSET=utf8mb4 COLLATE=utf8mb4_unicode_ci;

--
-- Dumping data for table `consultas_aux`
--


--
-- Table structure for table `conta_asientos`
--

CREATE TABLE `conta_asientos` (
  `id` int(10) unsigned NOT NULL AUTO_INCREMENT,
  `user_id` int(10) unsigned DEFAULT NULL,
  `person_id` int(10) unsigned DEFAULT NULL,
  `period_id` int(10) unsigned DEFAULT NULL,
  `tipo_asiento_id` int(10) unsigned NOT NULL,
  `debe_cta_cte_tesoreria_cuenta_id` int(10) unsigned DEFAULT NULL,
  `haber_cta_cte_tesoreria_cuenta_id` int(10) unsigned DEFAULT NULL,
  `ctactecheque_id` int(10) unsigned DEFAULT NULL,
  `num_asiento` int(11) DEFAULT NULL,
  `fecha_registracion` date DEFAULT NULL,
  `fecha_vencimiento` date DEFAULT NULL,
  `total` decimal(16,2) NOT NULL,
  `adjunto` text COLLATE utf8mb4_unicode_ci,
  `comentario` varchar(255) COLLATE utf8mb4_unicode_ci DEFAULT NULL,
  `radioChecked` int(11) DEFAULT NULL,
  `status` int(11) NOT NULL DEFAULT '1',
  `CuentaTipo_id` int(10) unsigned DEFAULT NULL,
  `CentroCosto_id` int(10) unsigned DEFAULT NULL,
  `pagado` int(10) unsigned DEFAULT NULL,
  `created_at` timestamp NULL DEFAULT NULL,
  `updated_at` timestamp NULL DEFAULT NULL,
  `deleted_at` timestamp NULL DEFAULT NULL,
  PRIMARY KEY (`id`),
  KEY `conta_asientos_person_id_foreign` (`person_id`),
  KEY `conta_asientos_period_id_foreign` (`period_id`),
  KEY `conta_asientos_tipo_asiento_id_foreign` (`tipo_asiento_id`),
  KEY `conta_asientos_cuentatipo_id_foreign` (`CuentaTipo_id`),
  KEY `conta_asientos_centrocosto_id_foreign` (`CentroCosto_id`),
  KEY `conta_asientos_ctactecheque_id_foreign` (`ctactecheque_id`),
  KEY `conta_asientos_haber_cta_cte_tesoreria_cuenta_id_foreign` (`haber_cta_cte_tesoreria_cuenta_id`),
  KEY `conta_asientos_debe_cta_cte_tesoreria_cuenta_id_foreign` (`debe_cta_cte_tesoreria_cuenta_id`),
  CONSTRAINT `conta_asientos_centrocosto_id_foreign` FOREIGN KEY (`CentroCosto_id`) REFERENCES `ctactegastos_centrocosto` (`id`),
  CONSTRAINT `conta_asientos_ctactecheque_id_foreign` FOREIGN KEY (`ctactecheque_id`) REFERENCES `ctacte_cheques` (`id`),
  CONSTRAINT `conta_asientos_cuentatipo_id_foreign` FOREIGN KEY (`CuentaTipo_id`) REFERENCES `ctactegastos_cuenta_tipo` (`idCuentaTipo`),
  CONSTRAINT `conta_asientos_debe_cta_cte_tesoreria_cuenta_id_foreign` FOREIGN KEY (`debe_cta_cte_tesoreria_cuenta_id`) REFERENCES `cta_cte_tesoreria_cuentas` (`id`),
  CONSTRAINT `conta_asientos_haber_cta_cte_tesoreria_cuenta_id_foreign` FOREIGN KEY (`haber_cta_cte_tesoreria_cuenta_id`) REFERENCES `cta_cte_tesoreria_cuentas` (`id`),
  CONSTRAINT `conta_asientos_period_id_foreign` FOREIGN KEY (`period_id`) REFERENCES `periods` (`id`),
  CONSTRAINT `conta_asientos_person_id_foreign` FOREIGN KEY (`person_id`) REFERENCES `persons` (`id`),
  CONSTRAINT `conta_asientos_tipo_asiento_id_foreign` FOREIGN KEY (`tipo_asiento_id`) REFERENCES `conta_tipo_asientos` (`id`)
) ENGINE=InnoDB AUTO_INCREMENT=14 DEFAULT CHARSET=utf8mb4 COLLATE=utf8mb4_unicode_ci;

--
-- Dumping data for table `conta_asientos`
--

INSERT INTO `conta_asientos` VALUES (1,3022,40850,NULL,2,NULL,NULL,NULL,NULL,'2021-06-07','2021-06-07',1700.00,NULL,'Honorario Mensual',1,1,NULL,NULL,NULL,'2021-06-09 15:03:54','2022-05-19 12:34:54','2022-05-19 12:34:54'),(2,3022,40818,NULL,2,NULL,NULL,NULL,NULL,'2022-08-11','2022-08-11',5000.00,NULL,'Honorario Mensual',1,1,NULL,NULL,NULL,'2022-08-11 12:23:42','2022-08-11 13:36:03','2022-08-11 13:36:03'),(3,3022,40818,NULL,2,NULL,NULL,NULL,NULL,'2022-08-11','2022-08-11',5000.00,NULL,'Honorario Mensual',1,1,NULL,NULL,NULL,'2022-08-11 12:53:51','2022-08-11 12:54:07','2022-08-11 12:54:07'),(4,3022,40846,NULL,2,NULL,NULL,NULL,NULL,'2022-08-11','2022-08-11',5000.00,NULL,'Honorario Mensual',1,1,NULL,NULL,NULL,'2022-08-11 13:01:38','2022-08-11 13:36:08','2022-08-11 13:36:08'),(5,3022,41253,NULL,2,NULL,NULL,NULL,NULL,'2022-08-11','2022-08-11',5000.00,NULL,'Honorario Mensual',1,1,NULL,NULL,NULL,'2022-08-11 13:01:38','2022-08-11 13:36:13','2022-08-11 13:36:13'),(6,3022,41260,NULL,2,NULL,NULL,NULL,NULL,'2022-08-11','2022-08-11',5000.00,NULL,'5',1,1,NULL,NULL,NULL,'2022-08-11 13:01:38','2022-08-11 13:36:15','2022-08-11 13:36:15'),(7,3022,41261,NULL,2,NULL,NULL,NULL,NULL,'2022-08-11','2022-08-11',0.05,NULL,'Honorario Mensual',1,1,NULL,NULL,NULL,'2022-08-11 13:01:38','2022-08-11 13:36:04','2022-08-11 13:36:04'),(8,3022,40854,NULL,2,NULL,NULL,NULL,NULL,'2022-08-11','2022-08-11',5000.00,NULL,'Honorario Mensual',1,1,NULL,NULL,NULL,'2022-08-11 13:01:38','2022-08-11 13:36:17','2022-08-11 13:36:17'),(9,3022,40818,NULL,2,NULL,NULL,NULL,NULL,'2022-08-11','2022-08-11',5000.00,NULL,'Honorario Mensual',1,1,NULL,NULL,NULL,'2022-08-11 13:01:38','2022-08-11 13:36:23','2022-08-11 13:36:23'),(10,3022,40818,NULL,2,NULL,NULL,NULL,NULL,'2022-08-11','2022-08-11',5000.00,NULL,'Honorario Mensual',1,1,NULL,NULL,NULL,'2022-08-11 13:03:27','2022-08-11 13:36:10','2022-08-11 13:36:10'),(11,3022,41255,NULL,2,NULL,NULL,NULL,NULL,'2022-08-11','2022-08-11',6000.00,NULL,'Honorario Mensual',1,1,NULL,NULL,NULL,'2022-08-11 13:03:27','2022-08-11 13:36:25','2022-08-11 13:36:25'),(12,3022,40846,NULL,2,NULL,NULL,NULL,NULL,'2022-08-31','2022-08-31',5000.00,NULL,'Honorario Mensual',1,1,NULL,NULL,NULL,'2022-08-11 13:35:48','2022-08-11 13:36:21','2022-08-11 13:36:21'),(13,3022,40818,NULL,2,NULL,NULL,NULL,NULL,'2022-08-31','2022-08-31',5000.00,NULL,'Honorario Mensual',1,1,NULL,NULL,NULL,'2022-08-11 13:35:48','2022-08-11 13:36:00','2022-08-11 13:36:00');

--
-- Table structure for table `conta_asientos_details`
--

CREATE TABLE `conta_asientos_details` (
  `id` int(10) unsigned NOT NULL AUTO_INCREMENT,
  `user_id` int(10) unsigned DEFAULT NULL,
  `conta_asiento_id` int(10) unsigned NOT NULL,
  `person_id` int(10) unsigned DEFAULT NULL,
  `period_id` int(10) unsigned DEFAULT NULL,
  `tipo_asiento_id` int(10) unsigned NOT NULL,
  `cta_cte_tesoreria_cuenta_id` int(10) unsigned DEFAULT NULL,
  `saldo_id` int(10) unsigned NOT NULL,
  `monto` decimal(16,2) NOT NULL,
  `created_at` timestamp NULL DEFAULT NULL,
  `updated_at` timestamp NULL DEFAULT NULL,
  `deleted_at` timestamp NULL DEFAULT NULL,
  PRIMARY KEY (`id`),
  KEY `conta_asientos_details_conta_asiento_id_foreign` (`conta_asiento_id`),
  KEY `conta_asientos_details_person_id_foreign` (`person_id`),
  KEY `conta_asientos_details_period_id_foreign` (`period_id`),
  KEY `conta_asientos_details_tipo_asiento_id_foreign` (`tipo_asiento_id`),
  KEY `conta_asientos_details_saldo_id_foreign` (`saldo_id`),
  KEY `conta_asientos_details_cta_cte_tesoreria_cuenta_id_foreign` (`cta_cte_tesoreria_cuenta_id`),
  CONSTRAINT `conta_asientos_details_conta_asiento_id_foreign` FOREIGN KEY (`conta_asiento_id`) REFERENCES `conta_asientos` (`id`),
  CONSTRAINT `conta_asientos_details_cta_cte_tesoreria_cuenta_id_foreign` FOREIGN KEY (`cta_cte_tesoreria_cuenta_id`) REFERENCES `cta_cte_tesoreria_cuentas` (`id`),
  CONSTRAINT `conta_asientos_details_period_id_foreign` FOREIGN KEY (`period_id`) REFERENCES `periods` (`id`),
  CONSTRAINT `conta_asientos_details_person_id_foreign` FOREIGN KEY (`person_id`) REFERENCES `persons` (`id`),
  CONSTRAINT `conta_asientos_details_saldo_id_foreign` FOREIGN KEY (`saldo_id`) REFERENCES `conta_tipo_saldos` (`id`),
  CONSTRAINT `conta_asientos_details_tipo_asiento_id_foreign` FOREIGN KEY (`tipo_asiento_id`) REFERENCES `conta_tipo_asientos` (`id`)
) ENGINE=InnoDB AUTO_INCREMENT=27 DEFAULT CHARSET=utf8mb4 COLLATE=utf8mb4_unicode_ci;

--
-- Dumping data for table `conta_asientos_details`
--

INSERT INTO `conta_asientos_details` VALUES (1,3022,1,40850,NULL,2,13,1,1700.00,'2021-06-09 15:03:54','2022-05-19 12:34:54','2022-05-19 12:34:54'),(2,3022,1,40850,NULL,2,480,2,1700.00,'2021-06-09 15:03:54','2022-05-19 12:34:54','2022-05-19 12:34:54'),(3,3022,2,40818,NULL,2,13,1,5000.00,'2022-08-11 12:23:42','2022-08-11 13:36:03','2022-08-11 13:36:03'),(4,3022,2,40818,NULL,2,480,2,5000.00,'2022-08-11 12:23:42','2022-08-11 13:36:03','2022-08-11 13:36:03'),(5,3022,3,40818,NULL,2,13,1,5000.00,'2022-08-11 12:53:51','2022-08-11 12:54:07','2022-08-11 12:54:07'),(6,3022,3,40818,NULL,2,480,2,5000.00,'2022-08-11 12:53:51','2022-08-11 12:54:07','2022-08-11 12:54:07'),(7,3022,4,40846,NULL,2,13,1,5000.00,'2022-08-11 13:01:38','2022-08-11 13:36:08','2022-08-11 13:36:08'),(8,3022,4,40846,NULL,2,480,2,5000.00,'2022-08-11 13:01:38','2022-08-11 13:36:08','2022-08-11 13:36:08'),(9,3022,5,41253,NULL,2,13,1,5000.00,'2022-08-11 13:01:38','2022-08-11 13:36:13','2022-08-11 13:36:13'),(10,3022,5,41253,NULL,2,480,2,5000.00,'2022-08-11 13:01:38','2022-08-11 13:36:13','2022-08-11 13:36:13'),(11,3022,6,41260,NULL,2,13,1,5000.00,'2022-08-11 13:01:38','2022-08-11 13:36:15','2022-08-11 13:36:15'),(12,3022,6,41260,NULL,2,480,2,5000.00,'2022-08-11 13:01:38','2022-08-11 13:36:15','2022-08-11 13:36:15'),(13,3022,7,41261,NULL,2,13,1,0.05,'2022-08-11 13:01:38','2022-08-11 13:36:04','2022-08-11 13:36:04'),(14,3022,7,41261,NULL,2,480,2,0.05,'2022-08-11 13:01:38','2022-08-11 13:36:04','2022-08-11 13:36:04'),(15,3022,8,40854,NULL,2,13,1,5000.00,'2022-08-11 13:01:38','2022-08-11 13:36:17','2022-08-11 13:36:17'),(16,3022,8,40854,NULL,2,480,2,5000.00,'2022-08-11 13:01:38','2022-08-11 13:36:17','2022-08-11 13:36:17'),(17,3022,9,40818,NULL,2,13,1,5000.00,'2022-08-11 13:01:38','2022-08-11 13:36:23','2022-08-11 13:36:23'),(18,3022,9,40818,NULL,2,480,2,5000.00,'2022-08-11 13:01:38','2022-08-11 13:36:23','2022-08-11 13:36:23'),(19,3022,10,40818,NULL,2,13,1,5000.00,'2022-08-11 13:03:27','2022-08-11 13:36:10','2022-08-11 13:36:10'),(20,3022,10,40818,NULL,2,480,2,5000.00,'2022-08-11 13:03:27','2022-08-11 13:36:10','2022-08-11 13:36:10'),(21,3022,11,41255,NULL,2,13,1,6000.00,'2022-08-11 13:03:27','2022-08-11 13:36:25','2022-08-11 13:36:25'),(22,3022,11,41255,NULL,2,480,2,6000.00,'2022-08-11 13:03:27','2022-08-11 13:36:25','2022-08-11 13:36:25'),(23,3022,12,40846,NULL,2,13,1,5000.00,'2022-08-11 13:35:48','2022-08-11 13:36:21','2022-08-11 13:36:21'),(24,3022,12,40846,NULL,2,480,2,5000.00,'2022-08-11 13:35:48','2022-08-11 13:36:21','2022-08-11 13:36:21'),(25,3022,13,40818,NULL,2,13,1,5000.00,'2022-08-11 13:35:48','2022-08-11 13:36:00','2022-08-11 13:36:00'),(26,3022,13,40818,NULL,2,480,2,5000.00,'2022-08-11 13:35:48','2022-08-11 13:36:00','2022-08-11 13:36:00');

--
-- Table structure for table `conta_centro_costo_plan_cuenta`
--

CREATE TABLE `conta_centro_costo_plan_cuenta` (
  `id` bigint(20) unsigned NOT NULL AUTO_INCREMENT,
  `user_id` int(10) unsigned DEFAULT NULL,
  `conta_centro_costo_id` bigint(20) unsigned DEFAULT NULL,
  `conta_plan_cuenta_id` int(10) unsigned NOT NULL,
  `created_at` timestamp NULL DEFAULT NULL,
  `updated_at` timestamp NULL DEFAULT NULL,
  `deleted_at` timestamp NULL DEFAULT NULL,
  PRIMARY KEY (`id`),
  KEY `conta_centro_costo_plan_cuenta_conta_centro_costo_id_foreign` (`conta_centro_costo_id`),
  KEY `conta_centro_costo_plan_cuenta_conta_plan_cuenta_id_foreign` (`conta_plan_cuenta_id`),
  CONSTRAINT `conta_centro_costo_plan_cuenta_conta_centro_costo_id_foreign` FOREIGN KEY (`conta_centro_costo_id`) REFERENCES `conta_centro_costos` (`id`),
  CONSTRAINT `conta_centro_costo_plan_cuenta_conta_plan_cuenta_id_foreign` FOREIGN KEY (`conta_plan_cuenta_id`) REFERENCES `conta_plan_cuenta` (`id`)
) ENGINE=InnoDB DEFAULT CHARSET=utf8mb4 COLLATE=utf8mb4_unicode_ci;

--
-- Dumping data for table `conta_centro_costo_plan_cuenta`
--


--
-- Table structure for table `conta_centro_costos`
--

CREATE TABLE `conta_centro_costos` (
  `id` bigint(20) unsigned NOT NULL AUTO_INCREMENT,
  `user_id` int(10) unsigned DEFAULT NULL,
  `person_id` int(10) unsigned NOT NULL,
  `descripcion` text COLLATE utf8mb4_unicode_ci NOT NULL,
  `habilitado` tinyint(1) NOT NULL DEFAULT '1',
  `created_at` timestamp NULL DEFAULT NULL,
  `updated_at` timestamp NULL DEFAULT NULL,
  `deleted_at` timestamp NULL DEFAULT NULL,
  PRIMARY KEY (`id`),
  KEY `conta_centro_costos_person_id_foreign` (`person_id`),
  CONSTRAINT `conta_centro_costos_person_id_foreign` FOREIGN KEY (`person_id`) REFERENCES `persons` (`id`)
) ENGINE=InnoDB DEFAULT CHARSET=utf8mb4 COLLATE=utf8mb4_unicode_ci;

--
-- Dumping data for table `conta_centro_costos`
--


--
-- Table structure for table `conta_plan_cuenta`
--

CREATE TABLE `conta_plan_cuenta` (
  `id` int(10) unsigned NOT NULL AUTO_INCREMENT,
  `user_id` int(10) unsigned DEFAULT NULL,
  `codigo` int(11) NOT NULL,
  `tipo_cuenta_id` int(10) unsigned NOT NULL,
  `saldo_id` int(10) unsigned NOT NULL,
  `padre` int(11) NOT NULL,
  `nombre` varchar(255) COLLATE utf8mb4_unicode_ci NOT NULL,
  `rubro` varchar(255) COLLATE utf8mb4_unicode_ci DEFAULT NULL,
  `cpcuenta_type_tc_id` bigint(20) unsigned DEFAULT NULL,
  `comentario` varchar(255) COLLATE utf8mb4_unicode_ci DEFAULT NULL,
  `status` int(10) unsigned NOT NULL DEFAULT '1',
  `no_editable` int(11) NOT NULL DEFAULT '1',
  `tes_cta_cte` tinyint(1) NOT NULL DEFAULT '0',
  `tes_cuenta_origen` tinyint(1) NOT NULL DEFAULT '0',
  `tes_cuenta_destino` tinyint(1) NOT NULL DEFAULT '0',
  `conta_asientos` tinyint(1) NOT NULL DEFAULT '0',
  `deleted_at` timestamp NULL DEFAULT NULL,
  PRIMARY KEY (`id`),
  KEY `conta_plan_cuenta_tipo_cuenta_id_foreign` (`tipo_cuenta_id`),
  KEY `conta_plan_cuenta_saldo_id_foreign` (`saldo_id`),
  KEY `conta_plan_cuenta_cpcuenta_type_tc_id_foreign` (`cpcuenta_type_tc_id`),
  CONSTRAINT `conta_plan_cuenta_cpcuenta_type_tc_id_foreign` FOREIGN KEY (`cpcuenta_type_tc_id`) REFERENCES `cpcuenta_types_tc` (`id`),
  CONSTRAINT `conta_plan_cuenta_saldo_id_foreign` FOREIGN KEY (`saldo_id`) REFERENCES `conta_tipo_saldos` (`id`),
  CONSTRAINT `conta_plan_cuenta_tipo_cuenta_id_foreign` FOREIGN KEY (`tipo_cuenta_id`) REFERENCES `conta_tipo_cuentas` (`id`)
) ENGINE=InnoDB AUTO_INCREMENT=1433 DEFAULT CHARSET=utf8mb4 COLLATE=utf8mb4_unicode_ci;

--
-- Dumping data for table `conta_plan_cuenta`
--

INSERT INTO `conta_plan_cuenta` VALUES (1,NULL,1000000,1,1,0,'ACTIVO','Activo',NULL,NULL,1,1,0,0,0,0,NULL),(2,NULL,1100000,2,1,1000000,'ACTIVO CORRIENTE','Activo',NULL,NULL,1,1,0,0,0,0,NULL),(3,NULL,1110000,3,1,1100000,'CAJA Y BANCOS','Activo',NULL,NULL,1,1,0,0,0,0,NULL),(4,NULL,1110100,4,1,1110000,'CAJAS','Activo',NULL,NULL,1,1,0,0,0,0,NULL),(5,NULL,1110101,5,1,1110100,'Caja Oficina','Activo',NULL,NULL,0,1,0,0,0,0,NULL),(6,NULL,1110102,5,1,1110100,'Caja Casa','Activo',NULL,NULL,0,1,0,0,0,0,NULL),(7,NULL,1110103,5,1,1110100,'Caja Dolares Casa','Activo',NULL,NULL,0,1,0,0,0,0,NULL),(8,NULL,1110104,5,1,1110100,'Banco Santander 015-372795/5','Activo',NULL,NULL,0,1,0,0,0,0,NULL),(9,NULL,1110200,4,1,1110000,'BANCOS','Activo',NULL,NULL,1,1,0,0,0,0,NULL),(10,NULL,1110201,5,1,1110200,'Banco Santander Rio Cta Corriente','Activo',NULL,NULL,1,2,1,1,1,0,NULL),(11,NULL,1110202,5,1,1110200,'Banco Santander Rio Cta Corriente DOLARES','Activo',NULL,NULL,1,2,1,1,1,0,NULL),(12,NULL,1130000,3,1,1100000,'CREDITOS POR VENTAS','Activo',NULL,NULL,1,1,0,0,0,0,NULL),(13,NULL,1130101,5,1,1130100,'Clientes - Deudores','Activo',NULL,NULL,1,2,0,0,0,1,NULL),(14,NULL,1130102,5,1,1130100,'Deudores por ventas comunes','Activo',NULL,NULL,1,1,0,0,0,1,NULL),(15,NULL,1130103,5,1,1130100,'Deudores por ventas morosos','Activo',NULL,NULL,1,1,0,0,0,1,NULL),(16,NULL,1130104,5,1,1130100,'Deudores en gestión judicial','Activo',NULL,NULL,1,1,0,0,0,1,NULL),(17,NULL,1130105,5,1,1130100,'Previsión deudores incobrables','Activo',NULL,NULL,1,1,0,0,0,1,NULL),(18,NULL,1140000,3,1,1100000,'OTROS CREDITOS','Activo',NULL,NULL,1,1,0,0,0,0,NULL),(19,NULL,1140100,4,1,1140000,'Retenciones Sufridas','Activo',NULL,NULL,1,1,0,0,0,0,NULL),(20,NULL,1140301,5,1,1140300,'Anticipos Impuesto a las Ganancias','Activo',4,NULL,1,2,0,0,1,1,NULL),(21,NULL,1140102,5,1,1140100,'Retenciones Ingr. Brutos','Activo',NULL,NULL,0,1,0,0,0,0,NULL),(22,NULL,1140329,5,1,1140300,'Anticipo Impto.Ganancia Mínima Presunta','Activo',NULL,NULL,1,1,0,0,0,1,NULL),(23,NULL,1140105,5,1,1140100,'Retenciones Impuesto a las Ganancias','Activo',3,NULL,1,2,1,0,0,1,NULL),(24,NULL,1140106,5,1,1140100,'Impuesto a las Ganancias (Saldo a favor)','Activo',NULL,NULL,1,1,0,0,0,1,NULL),(25,NULL,1140107,5,1,1140100,'Retenciones de IVA','Activo',NULL,NULL,1,2,1,0,0,1,NULL),(26,NULL,1140200,4,1,1140000,'CREDITOS DIVERSOS','Activo',NULL,NULL,1,1,0,0,0,0,NULL),(27,NULL,1140201,5,1,1140200,'Anticipos de proveedores','Activo',NULL,NULL,1,1,0,0,0,1,NULL),(28,NULL,1140205,5,1,1140200,'Depósito en garantía alquileres','Activo',NULL,NULL,1,1,0,0,0,1,NULL),(29,NULL,1140206,5,1,1140200,'Derechos adquiridos a devengar','Activo',NULL,NULL,1,1,0,0,0,1,NULL),(30,NULL,1140207,5,1,1140200,'Intereses a devengar','Activo',NULL,NULL,1,1,0,0,0,1,NULL),(31,NULL,1140208,5,1,1140200,'Cuentas a rendir - Directores','Activo',NULL,NULL,1,1,0,0,0,1,NULL),(32,NULL,1140210,5,1,1140200,'Alquileres no devengados','Activo',NULL,NULL,1,1,0,0,0,1,NULL),(33,NULL,1150000,3,1,1100000,'BIENES DE CAMBIO','Activo',5,NULL,1,1,0,0,0,0,NULL),(34,NULL,1150400,4,1,1150000,'MERCADERIA DE REVENTA','Activo',5,NULL,1,1,0,0,0,0,NULL),(35,NULL,1200000,2,1,1000000,'ACTIVO NO CORRIENTE','Activo',5,NULL,1,1,0,0,0,0,NULL),(36,NULL,1220000,3,1,1200000,'BIENES DE USO','Activo',5,NULL,1,1,0,0,0,0,NULL),(37,NULL,1220100,4,1,1220000,'EQUIPOS DE COMPUTACION','Activo',5,NULL,1,1,0,0,0,0,NULL),(38,NULL,1220101,5,1,1220100,'Equipos de computación valores históricos','Activo',5,NULL,1,1,0,0,0,1,NULL),(39,NULL,1220102,5,1,1220100,'Equipos de computación ajuste','Activo',5,NULL,1,1,0,0,0,1,NULL),(40,NULL,1220108,5,1,1220100,'Amortización Acumulada Equipos de comput.','Activo',5,NULL,1,1,0,0,0,1,NULL),(41,NULL,1220200,4,1,1220000,'INSTALACIONES','Activo',5,NULL,1,1,0,0,0,0,NULL),(42,NULL,1220201,5,1,1220200,'Instalaciones valores históricos','Activo',5,NULL,1,1,0,0,0,1,NULL),(43,NULL,1220202,5,1,1220200,'Instalaciones ajuste','Activo',5,NULL,1,1,0,0,0,1,NULL);
INSERT INTO `conta_plan_cuenta` VALUES (44,NULL,1220206,5,1,1220200,'Amortización Acumulada Instalaciones','Activo',5,NULL,1,1,0,0,0,1,NULL),(45,NULL,1220300,4,1,1220000,'MUEBLES Y UTILES','Activo',5,NULL,1,1,0,0,0,0,NULL),(46,NULL,1220301,5,1,1220300,'Muebles y utiles valores históricos','Activo',5,NULL,1,1,0,0,0,1,NULL),(47,NULL,1220302,5,1,1220300,'Muebles y utiles ajuste','Activo',5,NULL,1,1,0,0,0,1,NULL),(48,NULL,1220306,5,1,1220300,'Amortización Acumulada Muebles y Útiles','Activo',5,NULL,1,1,0,0,0,1,NULL),(49,NULL,1230000,3,1,1200000,'ACTIVOS INTANGIBLES','Activo',5,NULL,1,1,0,0,0,0,NULL),(50,NULL,1230101,5,1,1230100,'Gastos de organización valores historicos','Activo',5,NULL,1,1,0,0,0,1,NULL),(51,NULL,1230102,5,1,1230100,'Gastos de organización ajuste','Activo',5,NULL,1,1,0,0,0,1,NULL),(52,NULL,1230103,5,1,1230100,'Amortización acumulada gs. de organización','Activo',5,NULL,1,1,0,0,0,1,NULL),(53,NULL,2000000,1,2,0,'PASIVO','Pasivo',NULL,NULL,1,1,0,0,0,0,NULL),(54,NULL,2100000,2,2,2000000,'PASIVO CORRIENTE','Pasivo',NULL,NULL,1,1,0,0,0,0,NULL),(55,NULL,2110000,3,2,2100000,'Deudas','Pasivo',NULL,NULL,1,1,0,0,0,0,NULL),(56,NULL,2110100,4,2,2110000,'Comerciales','Pasivo',NULL,NULL,1,1,0,0,0,0,NULL),(57,NULL,2110101,5,2,2110100,'Proveedores en Cta. Cte. locales','Pasivo',NULL,NULL,1,2,0,0,0,1,NULL),(58,NULL,2110102,5,2,2110100,'Proveedores en cta. cte. exterior','Pasivo',NULL,NULL,1,1,0,0,0,1,NULL),(59,NULL,2110103,5,2,2110100,'Derechos de exhibición a devengar','Pasivo',NULL,NULL,1,1,0,0,0,1,NULL),(60,NULL,2110104,5,2,2110100,'Cheques emitidos ','Pasivo',NULL,NULL,1,2,1,1,1,1,NULL),(61,NULL,2110200,4,2,2110000,'REMUNERACIONES Y CARGAS SOCIALES','Pasivo',NULL,NULL,1,1,0,0,0,0,NULL),(62,NULL,2110201,5,2,2110200,'Sueldos y Jornales a pagar','Pasivo',NULL,NULL,1,2,0,0,1,1,NULL),(63,NULL,2110202,5,2,2110200,'Cargas sociales a pagar','Pasivo',NULL,NULL,1,2,0,0,0,1,NULL),(64,NULL,2110203,5,2,2110200,'Sindicatos a Pagar','Pasivo',NULL,NULL,1,2,0,0,0,1,NULL),(65,NULL,2110300,4,2,2110000,'CARGAS FISCALES','Pasivo',NULL,NULL,1,1,0,0,0,0,NULL),(67,NULL,2110301,5,2,2110300,'IVA Debito Fiscal','Pasivo',NULL,NULL,1,2,0,0,0,1,NULL),(68,NULL,1140222,5,1,1140200,'IVA Credito Fiscal','Activo',NULL,NULL,1,2,0,0,0,1,NULL),(69,NULL,2110303,5,2,2110300,'Impuestos Internos','Pasivo',NULL,NULL,1,1,0,0,0,1,NULL),(70,NULL,2110304,5,2,2110300,'Impuestos al Combustible','Pasivo',NULL,NULL,1,1,0,0,0,1,NULL),(71,NULL,2110601,5,2,2110600,'IVA Retenciones de terceros','Pasivo',NULL,NULL,1,1,0,0,0,1,NULL),(72,NULL,2110306,5,2,2110300,'IVA Percepciones realiz.por terceros','Pasivo',NULL,NULL,1,2,0,0,0,1,NULL),(73,NULL,2110307,5,2,2110300,'IVA Saldo a favor','Pasivo',NULL,NULL,1,1,0,0,0,1,NULL),(74,NULL,2110308,5,2,2110300,'IVA a pagar','Pasivo',NULL,NULL,1,2,0,0,0,1,NULL),(75,NULL,2110309,5,2,2110300,'Percepciones Ingresos Brutos','Pasivo',NULL,NULL,1,1,0,0,0,1,NULL),(76,NULL,2110310,5,2,2110300,'Otros Pagos AFIP','Pasivo',NULL,NULL,1,1,0,0,0,1,NULL),(78,NULL,2110350,5,2,2110300,'Impuesto a los Ingresos Brutos Pasivo','Pasivo',NULL,NULL,1,1,0,0,0,1,NULL),(79,NULL,2110313,5,2,2110300,'Impuesto a las Ganancias','Pasivo',NULL,NULL,1,1,0,0,0,1,NULL),(80,NULL,2110314,5,2,2110300,'Impuesto a la Ganancia Mínima Presunta','Pasivo',NULL,NULL,1,1,0,0,0,1,NULL),(81,NULL,2110602,5,2,2110600,'AFIP - Retenciones Impuesto a las Ganancias','Pasivo',NULL,NULL,1,1,0,0,0,1,NULL),(82,NULL,2110316,5,2,2110300,'AFIP - Plan de Facilidades Decreto 338/02','Pasivo',NULL,NULL,1,1,0,0,0,1,NULL),(83,NULL,2200000,2,2,2000000,'PASIVO NO CORRIENTE','Pasivo',NULL,NULL,1,1,0,0,0,0,NULL),(84,NULL,3000000,1,2,0,'PATRIMONIO NETO','Patrimonio Neto',NULL,NULL,1,1,0,0,0,0,NULL),(85,NULL,3100000,2,2,3000000,'APORTE DE LOS PROPIETARIOS','Patrimonio Neto',NULL,NULL,1,1,0,0,0,0,NULL),(86,NULL,3110100,4,2,3110000,'CAPITAL SOCIAL','Patrimonio Neto',NULL,NULL,1,1,0,0,0,0,NULL),(87,NULL,3110101,5,2,3110100,'Acciones en circulación','Patrimonio Neto',NULL,NULL,1,1,0,0,0,1,NULL);
INSERT INTO `conta_plan_cuenta` VALUES (88,NULL,3110102,5,2,3110100,'Ajuste del Capital','Patrimonio Neto',NULL,NULL,1,2,0,0,0,1,NULL),(89,NULL,3110103,5,2,3110100,'Aportes Irrevocables Futuras Suscripciones','Patrimonio Neto',NULL,NULL,1,1,0,0,0,1,NULL),(90,NULL,3400000,2,2,3000000,'RESULTADOS','Patrimonio Neto',NULL,NULL,1,1,0,0,0,0,NULL),(91,NULL,3410101,5,2,3410100,'Resultado del ejercicio','Patrimonio Neto',NULL,NULL,1,1,0,0,0,1,NULL),(92,NULL,3410102,5,2,3410100,'Resultado ejercicios anteriores','Patrimonio Neto',NULL,NULL,1,1,0,0,0,1,NULL),(93,NULL,3410103,5,2,3410100,'A.R.E.A.','Patrimonio Neto',NULL,NULL,1,1,0,0,0,1,NULL),(94,NULL,4000000,1,2,0,'INGRESOS','Result. Positivo',NULL,NULL,1,1,0,0,0,0,NULL),(95,NULL,4100000,2,2,4000000,'INGRESOS ORDINARIOS','Result. Positivo',NULL,NULL,1,1,0,0,0,0,NULL),(96,NULL,4110101,5,2,4110100,'VENTAS','Result. Positivo',NULL,NULL,1,2,0,0,0,1,NULL),(97,NULL,4110102,5,2,4110100,'Honorarios','Result. Positivo',NULL,NULL,1,1,0,0,0,1,NULL),(98,NULL,4110103,5,2,4110100,'Sueldo Vane','Result. Positivo',NULL,NULL,0,1,0,0,0,0,NULL),(99,NULL,4110104,5,2,4110100,'Descuentos obtenidos','Result. Positivo',NULL,NULL,1,1,0,0,0,1,NULL),(100,NULL,4110105,5,2,4110100,'Reintegros por exportaciones','Result. Positivo',NULL,NULL,1,1,0,0,0,1,NULL),(101,NULL,4120000,3,2,4100000,'OTROS INGRESOS','Result. Positivo',NULL,NULL,1,1,0,0,0,0,NULL),(102,NULL,4120101,5,2,4120100,'Intereses Cobrados','Result. Positivo',NULL,NULL,1,1,0,0,0,1,NULL),(103,NULL,4120102,5,2,4120100,'Diferencias de cambio','Result. Positivo',NULL,NULL,1,1,0,0,0,1,NULL),(104,NULL,4120103,5,2,4120100,'Descuentos obtenidos','Result. Positivo',NULL,NULL,1,1,0,0,0,1,NULL),(107,NULL,5000000,1,1,0,'GASTOS','Result. Negativo',NULL,NULL,1,1,0,0,0,0,NULL),(108,NULL,5100000,2,1,5000000,'GASTOS ORDINARIOS','Result. Negativo',NULL,NULL,1,1,0,0,0,0,NULL),(109,NULL,5110100,4,1,5110000,'ASIENTO DE SUELDO','Result. Negativo',NULL,NULL,1,1,0,0,0,0,NULL),(110,NULL,5110101,5,1,5110100,'Sueldos','Result. Negativo',2,NULL,1,2,0,0,0,1,NULL),(111,NULL,5110102,5,1,5110100,'Contribuciones','Result. Negativo',2,NULL,1,2,0,0,0,1,NULL),(112,NULL,5110103,5,1,5110100,'Sindicato','Result. Negativo',2,NULL,1,2,0,0,0,1,NULL),(113,NULL,5120100,4,1,5120000,'GASTOS DE OPERACION','Result. Negativo',NULL,NULL,1,1,0,0,0,0,NULL),(114,NULL,5120101,5,1,5120100,'ACA','Result. Negativo',NULL,NULL,1,1,0,0,0,1,NULL),(115,NULL,5120102,5,1,5120100,'Aereos','Result. Negativo',NULL,NULL,1,1,0,0,0,1,NULL),(116,NULL,5120103,5,1,5120100,'Alquiler','Result. Negativo',NULL,NULL,1,1,0,0,0,1,NULL),(117,NULL,5120104,5,1,5120100,'AGUA AYSA','Result. Negativo',NULL,NULL,1,1,0,0,0,1,NULL),(118,NULL,5120105,5,1,5120100,'TV Cablevision','Result. Negativo',NULL,NULL,1,1,0,0,0,1,NULL),(119,NULL,5120106,5,1,5120100,'Caja Jubilacion Consejo','Result. Negativo',NULL,NULL,1,1,0,0,0,1,NULL),(120,NULL,5120107,5,1,5120100,'Celulares','Result. Negativo',NULL,NULL,1,1,0,0,0,1,NULL),(121,NULL,5120108,5,1,5120100,'Cheques','Result. Negativo',NULL,NULL,1,1,0,0,0,1,NULL),(122,NULL,5120109,5,1,5120100,'Club la Nacion','Result. Negativo',NULL,NULL,0,1,0,0,0,0,NULL),(123,NULL,5120110,5,1,5120100,'Comida','Result. Negativo',NULL,NULL,1,1,0,0,0,1,NULL),(124,NULL,5120111,5,1,5120100,'Diario Clarin','Result. Negativo',NULL,NULL,0,1,0,0,0,0,NULL),(125,NULL,5120112,5,1,5120100,'Digital Ocean','Result. Negativo',NULL,NULL,0,1,0,0,0,0,NULL),(126,NULL,5120113,5,1,5120100,'Fletes y acarreos','Result. Negativo',NULL,NULL,1,1,0,0,0,1,NULL),(127,NULL,5120114,5,1,5120100,'Luz Edesur','Result. Negativo',NULL,NULL,1,1,0,0,0,1,NULL),(128,NULL,5120115,5,1,5120100,'Movilidad y Viáticos','Result. Negativo',NULL,NULL,1,1,0,0,0,1,NULL),(129,NULL,5120116,5,1,5120100,'Mantenimiento','Result. Negativo',NULL,NULL,1,1,0,0,0,1,NULL),(130,NULL,5120117,5,1,5120100,'IVA No Computable','Result. Negativo',NULL,NULL,1,1,0,0,0,1,NULL),(131,NULL,5120118,5,1,5120100,'Entretenimiento','Result. Negativo',NULL,NULL,1,1,0,0,0,1,NULL);
INSERT INTO `conta_plan_cuenta` VALUES (132,NULL,5120119,5,1,5120100,'Amortización Bienes de Uso','Result. Negativo',NULL,NULL,1,1,0,0,0,1,NULL),(133,NULL,5120120,5,1,5120100,'Errepar','Result. Negativo',NULL,NULL,0,1,0,0,0,0,NULL),(134,NULL,5120121,5,1,5120100,'Hosting Página Web To Webs','Result. Negativo',NULL,NULL,0,1,0,0,0,0,NULL),(135,NULL,5120122,5,1,5120100,'Gastos varios','Result. Negativo',NULL,NULL,1,1,0,0,0,1,NULL),(136,NULL,5120123,5,1,5120100,'Ajuste por redondeo','Result. Negativo',NULL,NULL,1,2,0,0,0,1,NULL),(137,NULL,5120124,5,1,5120100,'Deudores Incobrables','Result. Negativo',NULL,NULL,1,1,0,0,0,1,NULL),(138,NULL,5120125,5,1,5120100,'Faby Goncalves','Result. Negativo',NULL,NULL,0,1,0,0,0,0,NULL),(139,NULL,5130100,4,1,5130000,'GASTOS FINANCIEROS','Result. Negativo',NULL,NULL,1,1,0,0,0,0,NULL),(140,NULL,5130101,5,1,5130100,'Intereses y Gastos bancarios','Result. Negativo',NULL,NULL,1,2,0,0,1,1,NULL),(141,NULL,5130102,5,1,5130100,'Intereses Proveedores','Result. Negativo',NULL,NULL,1,1,0,0,0,1,NULL),(142,NULL,5130103,5,1,5130100,'Damian Financiera','Result. Negativo',NULL,NULL,0,1,0,0,0,0,NULL),(143,NULL,5130104,5,1,5130100,'Diferencias de cambio','Result. Negativo',NULL,NULL,1,1,0,0,0,1,NULL),(144,NULL,5130105,5,1,5130100,'Diferencia de Cambio Bces. en M.Extranjera','Result. Negativo',NULL,NULL,1,1,0,0,0,1,NULL),(145,NULL,5130106,5,1,5130100,'Diferencia tipo cambio Vendedor/Comprador','Result. Negativo',NULL,NULL,1,1,0,0,0,1,NULL),(146,NULL,5130107,5,1,5130100,'Diferencia por conversion en Bce. en Mon. Extranj.','Result. Negativo',NULL,NULL,1,1,0,0,0,1,NULL),(147,NULL,5130108,5,1,5130100,'Diferencia de cambio CMV','Result. Negativo',NULL,NULL,1,1,0,0,0,1,NULL),(148,NULL,5130109,5,1,5130100,'Diferencia de cambio PT','Result. Negativo',NULL,NULL,1,1,0,0,0,1,NULL),(149,NULL,5130110,5,1,5130100,'Resultado por Exposición a la Inflación','Result. Negativo',NULL,NULL,1,1,0,0,0,1,NULL),(150,NULL,5130111,5,1,5130100,'Diferencia de cambio PE','Result. Negativo',NULL,NULL,1,1,0,0,0,1,NULL),(151,NULL,5130112,5,1,5130100,'Diferencia de cambio Ds.Vtas.','Result. Negativo',NULL,NULL,1,1,0,0,0,1,NULL),(152,NULL,5130113,5,1,5130100,'Diferencia de cambio ME','Result. Negativo',NULL,NULL,1,1,0,0,0,1,NULL),(153,NULL,5130114,5,1,5130100,'Descuentos otorgados','Result. Negativo',NULL,NULL,1,1,0,0,0,1,NULL),(154,NULL,5140100,4,1,5140000,'IMPUESTOS','Result. Negativo',NULL,NULL,1,1,0,0,0,0,NULL),(155,NULL,5140101,5,1,5140100,'Impuesto a las Ganancias','Result. Negativo',NULL,NULL,1,1,0,0,0,1,NULL),(156,NULL,5140164,5,1,5140100,'Impuesto a los Ingresos Brutos','Result. Negativo',NULL,NULL,1,2,0,0,0,1,NULL),(157,NULL,5140102,5,1,5140100,'Impuesto al Debito y Credito Bancario','Result. Negativo',NULL,NULL,1,1,0,0,0,1,NULL),(158,NULL,5200000,2,1,5000000,'GASTOS EXTRAORDINARIOS','Result. Negativo',NULL,NULL,1,1,0,0,0,0,NULL),(159,NULL,5210101,5,1,5210100,'Pérdida por venta bienes de uso','Result. Negativo',NULL,NULL,1,1,0,0,0,1,NULL),(160,NULL,5210102,5,1,5210100,'Inversiones','Result. Negativo',NULL,NULL,1,1,0,0,0,1,NULL),(161,NULL,5210103,5,1,5210100,'Amortizaciones extraordinarias','Result. Negativo',NULL,NULL,1,1,0,0,0,1,NULL),(162,NULL,1140103,5,1,1140100,'Retenciones SUSS','Activo',NULL,NULL,1,2,1,0,0,1,NULL),(163,NULL,1110122,5,1,1110100,'Banco Patagonia Cta. Cte.','Activo',NULL,NULL,0,1,0,0,0,0,NULL),(164,NULL,1110106,5,1,1110100,'Banco HSBC','Activo',NULL,NULL,0,1,0,0,0,0,NULL),(165,NULL,1110123,5,1,1110100,'Banco Ciudad Cta. Cte.','Activo',NULL,NULL,0,1,0,0,0,0,NULL),(166,NULL,1110124,5,1,1110100,'Banco Nacion Cta. Cte.','Activo',NULL,NULL,0,1,0,0,0,0,NULL),(167,NULL,1110109,5,1,1110100,'Banco Galicia Vane','Activo',NULL,NULL,0,1,0,0,0,0,NULL),(168,NULL,1110110,5,1,1110100,'Banco Frances Vane','Activo',NULL,NULL,0,1,0,0,0,0,NULL),(169,NULL,1110111,5,1,1110100,'Banco Patagonia In Time SRL','Activo',NULL,NULL,0,1,0,0,0,0,NULL),(170,NULL,1110112,5,1,1110100,'Banco Ciudad In Time SRL','Activo',NULL,NULL,0,1,0,0,0,0,NULL);
INSERT INTO `conta_plan_cuenta` VALUES (171,NULL,1110113,5,1,1110100,'Banco Provincia In Time SRL','Activo',NULL,NULL,0,1,0,0,0,0,NULL),(172,NULL,1110114,5,1,1110100,'Banco Macro PedimeOnline','Activo',NULL,NULL,0,1,0,0,0,0,NULL),(173,NULL,1110115,5,1,1110100,'Banco Patagonia Problema Resuelto','Activo',NULL,NULL,0,1,0,0,0,0,NULL),(174,NULL,1110116,5,1,1110100,'Banco Patagonia Graciela','Activo',NULL,NULL,0,1,0,0,0,0,NULL),(175,NULL,1110117,5,1,1110100,'Banco Patagonia Omar','Activo',NULL,NULL,0,1,0,0,0,0,NULL),(176,NULL,1110118,5,1,1110100,'Cheques','Activo',NULL,NULL,1,2,1,1,1,0,NULL),(177,NULL,5120126,5,1,5120100,'Gisela Larzabal','Result. Negativo',NULL,NULL,0,1,0,0,0,0,NULL),(178,NULL,5120127,5,1,5120100,'Google','Result. Negativo',NULL,NULL,1,1,0,0,0,1,NULL),(179,NULL,5120128,5,1,5120100,'Seguro Moto','Result. Negativo',NULL,NULL,0,1,0,0,0,0,NULL),(180,NULL,5120129,5,1,5120100,'Sueldo Agustina','Result. Negativo',NULL,NULL,0,1,0,0,0,0,NULL),(181,NULL,5120130,5,1,5120100,'Sueldo Betty','Result. Negativo',NULL,NULL,0,1,0,0,0,0,NULL),(182,NULL,5120131,5,1,5120100,'Sueldo Elizabet','Result. Negativo',NULL,NULL,0,1,0,0,0,0,NULL),(183,NULL,5120132,5,1,5120100,'Sueldo Florencia','Result. Negativo',NULL,NULL,0,1,0,0,0,0,NULL),(184,NULL,5120133,5,1,5120100,'Sueldo Graciela','Result. Negativo',NULL,NULL,0,1,0,0,0,0,NULL),(185,NULL,5120134,5,1,5120100,'Sueldo Franco Sanchez','Result. Negativo',NULL,NULL,0,1,0,0,0,0,NULL),(186,NULL,5120135,5,1,5120100,'Sueldo Santiago Sanchez','Result. Negativo',NULL,NULL,0,1,0,0,0,0,NULL),(187,NULL,5120136,5,1,5120100,'Sueldo Jose Luis','Result. Negativo',NULL,NULL,0,1,0,0,0,0,NULL),(188,NULL,5120137,5,1,5120100,'Publicidad','Result. Negativo',NULL,NULL,1,1,0,0,0,1,NULL),(189,NULL,5120138,5,1,5120100,'Las Nieves','Result. Negativo',NULL,NULL,0,1,0,0,0,0,NULL),(190,NULL,5120139,5,1,5120100,'Sueldo Lidia','Result. Negativo',NULL,NULL,0,1,0,0,0,0,NULL),(191,NULL,5120140,5,1,5120100,'Cargas Sociales','Result. Negativo',NULL,NULL,1,1,0,0,0,1,NULL),(192,NULL,5120141,5,1,5120100,'Honorarios','Result. Negativo',NULL,NULL,1,1,0,0,0,1,NULL),(193,NULL,5120142,5,1,5120100,'Telefono Fijo','Result. Negativo',NULL,NULL,1,1,0,0,0,1,NULL),(194,NULL,5120143,5,1,5120100,'ONE DRIVE','Result. Negativo',NULL,NULL,0,1,0,0,0,0,NULL),(195,NULL,5120144,5,1,5120100,'OSDE','Result. Negativo',NULL,NULL,0,1,0,0,0,0,NULL),(196,NULL,5120145,5,1,5120100,'SAS Constitucion','Result. Negativo',NULL,NULL,0,1,0,0,0,0,NULL),(197,NULL,5120146,5,1,5120100,'Seguro de Vida Zurich','Result. Negativo',NULL,NULL,0,1,0,0,0,0,NULL),(198,NULL,5120147,5,1,5120100,'Seguros','Result. Negativo',NULL,NULL,1,1,0,0,0,1,NULL),(199,NULL,5120148,5,1,5120100,'Internet','Result. Negativo',NULL,NULL,1,1,0,0,0,1,NULL),(200,NULL,5120149,5,1,5120100,'Seguro de Retiro Zurich','Result. Negativo',NULL,NULL,0,1,0,0,0,0,NULL),(201,NULL,5140165,5,1,5140100,'Monotributo','Result. Negativo',NULL,NULL,1,2,0,0,1,1,NULL),(202,NULL,5140104,5,1,5140100,'IVA In Time SRL','Result. Negativo',NULL,NULL,0,1,0,0,0,0,NULL),(203,NULL,5140105,5,1,5140100,'Autonomos','Result. Negativo',NULL,NULL,1,2,0,0,1,1,NULL),(204,NULL,5140106,5,1,5140100,'Multas Impositivas','Result. Negativo',NULL,NULL,1,1,0,0,0,1,NULL),(207,NULL,5120150,5,1,5120100,'Vanesa Gastos','Result. Negativo',NULL,NULL,0,1,0,0,0,0,NULL),(208,NULL,5140166,5,1,5140100,'Impuesto a los Ingresos Brutos - BS AS','Result. Negativo',NULL,NULL,1,1,0,0,0,1,NULL),(209,NULL,5140107,5,1,5140100,'SIRCREB','Result. Negativo',NULL,NULL,1,1,0,0,0,1,NULL),(210,NULL,5140108,5,1,5140100,'Consejo Ciencias Economicas','Result. Negativo',NULL,NULL,0,1,0,0,0,0,NULL),(211,NULL,5120152,5,1,5120100,'Albano Andres','Result. Negativo',NULL,NULL,0,1,0,0,0,0,NULL),(212,NULL,5120153,5,1,5120100,'Tarjeta Visa','Result. Negativo',NULL,NULL,1,1,0,0,0,1,NULL),(213,NULL,5120154,5,1,5120100,'Tarjeta American Express','Result. Negativo',NULL,NULL,1,1,0,0,0,1,NULL),(214,NULL,5120155,5,1,5120100,'Tarjeta Mastercard','Result. Negativo',NULL,NULL,1,1,0,0,0,1,NULL);
INSERT INTO `conta_plan_cuenta` VALUES (215,NULL,5120156,5,1,5120100,'Imp. Municipales Sufrida','Result. Negativo',NULL,NULL,1,2,0,0,0,1,NULL),(216,NULL,5120157,5,1,5120100,'Perc/Ret. Imp. Ganancias Sufrida','Result. Negativo',NULL,NULL,1,2,0,0,0,1,NULL),(217,NULL,5120158,5,1,5120100,'Compras','Result. Negativo',NULL,NULL,1,2,0,0,0,1,NULL),(218,NULL,4110106,5,2,4110100,'Ventas No Gravadas','Result. Positivo',1,NULL,1,2,0,0,0,1,NULL),(219,NULL,6110103,5,1,6110100,'Pagos AFIP','Movimiento',NULL,NULL,1,2,0,0,1,1,NULL),(220,NULL,5140167,5,1,5140100,'Perc IVA -RG3337 Sufrida','Result. Negativo',6,NULL,1,2,0,0,0,1,NULL),(221,NULL,5140109,5,1,5140100,'Imps. Internos Sufrida','Result. Negativo',NULL,NULL,1,2,0,0,0,1,NULL),(222,NULL,5140110,5,1,5140100,'Imp. Gasoil Sufrida','Result. Negativo',NULL,NULL,1,2,0,0,0,1,NULL),(223,NULL,5140111,5,1,5140100,'Imp. Hídricos Sufrida','Result. Negativo',NULL,NULL,1,2,0,0,0,1,NULL),(224,NULL,5140112,5,1,5140100,'ITC Sufrida','Result. Negativo',NULL,NULL,1,2,0,0,0,1,NULL),(225,NULL,5140113,5,1,5140100,'Perc IIBB  Buenos Aires Sufrida','Result. Negativo',7,NULL,1,2,0,0,0,1,NULL),(226,NULL,5140114,5,1,5140100,'Perc IIBB  Capital Federal Sufrida','Result. Negativo',7,NULL,1,2,0,0,0,1,NULL),(227,NULL,5140115,5,1,5140100,'Perc IIBB  Catamarca Sufrida','Result. Negativo',7,NULL,1,2,0,0,0,1,NULL),(228,NULL,5140116,5,1,5140100,'Perc IIBB  Chaco Sufrida','Result. Negativo',7,NULL,1,2,0,0,0,1,NULL),(229,NULL,5140117,5,1,5140100,'Perc IIBB  Chubut Sufrida','Result. Negativo',7,NULL,1,2,0,0,0,1,NULL),(230,NULL,5140118,5,1,5140100,'Perc IIBB  Córdoba Sufrida','Result. Negativo',7,NULL,1,2,0,0,0,1,NULL),(231,NULL,5140119,5,1,5140100,'Perc IIBB  Corrientes Sufrida','Result. Negativo',7,NULL,1,2,0,0,0,1,NULL),(232,NULL,5140120,5,1,5140100,'Perc IIBB  Entre Ríos Sufrida','Result. Negativo',7,NULL,1,2,0,0,0,1,NULL),(233,NULL,5140121,5,1,5140100,'Perc IIBB  Formosa Sufrida','Result. Negativo',7,NULL,1,2,0,0,0,1,NULL),(234,NULL,5140122,5,1,5140100,'Perc IIBB  Jujuy Sufrida','Result. Negativo',7,NULL,1,2,0,0,0,1,NULL),(235,NULL,5140123,5,1,5140100,'Perc IIBB  La Pampa Sufrida','Result. Negativo',7,NULL,1,2,0,0,0,1,NULL),(236,NULL,5140124,5,1,5140100,'Perc IIBB  La Rioja Sufrida','Result. Negativo',7,NULL,1,2,0,0,0,1,NULL),(237,NULL,5140125,5,1,5140100,'Perc IIBB  Mendoza Sufrida','Result. Negativo',7,NULL,1,2,0,0,0,1,NULL),(238,NULL,5140126,5,1,5140100,'Perc IIBB  Misiones Sufrida','Result. Negativo',7,NULL,1,2,0,0,0,1,NULL),(239,NULL,5140127,5,1,5140100,'Perc IIBB  Neuquén Sufrida','Result. Negativo',7,NULL,1,2,0,0,0,1,NULL),(240,NULL,5140128,5,1,5140100,'Perc IIBB  Pascua Lama Sufrida','Result. Negativo',7,NULL,1,2,0,0,0,1,NULL),(241,NULL,5140129,5,1,5140100,'Perc IIBB  Río Negro Sufrida','Result. Negativo',7,NULL,1,2,0,0,0,1,NULL),(242,NULL,5140130,5,1,5140100,'Perc IIBB  Salta Sufrida','Result. Negativo',7,NULL,1,2,0,0,0,1,NULL),(243,NULL,5140131,5,1,5140100,'Perc IIBB  San Juan Sufrida','Result. Negativo',7,NULL,1,2,0,0,0,1,NULL),(244,NULL,5140132,5,1,5140100,'Perc IIBB  San Luis Sufrida','Result. Negativo',7,NULL,1,2,0,0,0,1,NULL),(245,NULL,5140133,5,1,5140100,'Perc IIBB  Santa Cruz Sufrida','Result. Negativo',7,NULL,1,2,0,0,0,1,NULL),(246,NULL,5140134,5,1,5140100,'Perc IIBB  Santa Fe Sufrida','Result. Negativo',7,NULL,1,2,0,0,0,1,NULL),(247,NULL,5140135,5,1,5140100,'Perc IIBB  Santiago del Estero Sufrida','Result. Negativo',7,NULL,1,2,0,0,0,1,NULL),(248,NULL,5140136,5,1,5140100,'Perc IIBB  Tierra del Fuego Sufrida','Result. Negativo',7,NULL,1,2,0,0,0,1,NULL),(249,NULL,5140137,5,1,5140100,'Perc IIBB  Tucuman Sufrida','Result. Negativo',7,NULL,1,2,0,0,0,1,NULL),(250,NULL,5140138,5,1,5140100,'Compras No Gravadas','Result. Negativo',NULL,NULL,1,2,0,0,0,1,NULL),(251,NULL,1140108,5,1,1140100,'Retenciones de IIBB Buenos Aires','Activo',NULL,NULL,1,2,1,0,0,1,NULL),(252,NULL,1140109,5,1,1140100,'Retenciones de IIBB Capital Federal','Activo',NULL,NULL,1,2,1,0,0,1,NULL),(253,NULL,1140110,5,1,1140100,'Retenciones de IIBB Catamarca','Activo',NULL,NULL,1,2,1,0,0,1,NULL);
INSERT INTO `conta_plan_cuenta` VALUES (254,NULL,1140111,5,1,1140100,'Retenciones de IIBB Chaco','Activo',NULL,NULL,1,2,1,0,0,1,NULL),(255,NULL,1140112,5,1,1140100,'Retenciones de IIBB Chubut','Activo',NULL,NULL,1,2,1,0,0,1,NULL),(256,NULL,1140113,5,1,1140100,'Retenciones de IIBB Córdoba','Activo',NULL,NULL,1,2,1,0,0,1,NULL),(257,NULL,1140114,5,1,1140100,'Retenciones de IIBB Corrientes','Activo',NULL,NULL,1,2,1,0,0,1,NULL),(258,NULL,1140115,5,1,1140100,'Retenciones de IIBB Entre Ríos','Activo',NULL,NULL,1,2,1,0,0,1,NULL),(259,NULL,1140116,5,1,1140100,'Retenciones de IIBB Formosa','Activo',NULL,NULL,1,2,1,0,0,1,NULL),(260,NULL,1140117,5,1,1140100,'Retenciones de IIBB Jujuy','Activo',NULL,NULL,1,2,1,0,0,1,NULL),(261,NULL,1140118,5,1,1140100,'Retenciones de IIBB La Pampa','Activo',NULL,NULL,1,2,1,0,0,1,NULL),(262,NULL,1140119,5,1,1140100,'Retenciones de IIBB La Rioja','Activo',NULL,NULL,1,2,1,0,0,1,NULL),(263,NULL,1140120,5,1,1140100,'Retenciones de IIBB Mendoza','Activo',NULL,NULL,1,2,1,0,0,1,NULL),(264,NULL,1140121,5,1,1140100,'Retenciones de IIBB Misiones','Activo',NULL,NULL,1,2,1,0,0,1,NULL),(265,NULL,1140122,5,1,1140100,'Retenciones de IIBB Neuquén','Activo',NULL,NULL,1,2,1,0,0,1,NULL),(266,NULL,1140123,5,1,1140100,'Retenciones de IIBB Pascua Lama','Activo',NULL,NULL,1,2,1,0,0,1,NULL),(267,NULL,1140124,5,1,1140100,'Retenciones de IIBB Río Negro','Activo',NULL,NULL,1,2,1,0,0,1,NULL),(268,NULL,1140125,5,1,1140100,'Retenciones de IIBB Salta','Activo',NULL,NULL,1,2,1,0,0,1,NULL),(269,NULL,1140126,5,1,1140100,'Retenciones de IIBB San Juan','Activo',NULL,NULL,1,2,1,0,0,1,NULL),(270,NULL,1140127,5,1,1140100,'Retenciones de IIBB San Luis','Activo',NULL,NULL,1,2,1,0,0,1,NULL),(271,NULL,1140128,5,1,1140100,'Retenciones de IIBB Santa Cruz','Activo',NULL,NULL,1,2,1,0,0,1,NULL),(272,NULL,1140129,5,1,1140100,'Retenciones de IIBB Santa Fe','Activo',NULL,NULL,1,2,1,0,0,1,NULL),(273,NULL,1140130,5,1,1140100,'Retenciones de IIBB Santiago del Estero','Activo',NULL,NULL,1,2,1,0,0,1,NULL),(274,NULL,1140131,5,1,1140100,'Retenciones de IIBB Tierra del Fuego','Activo',NULL,NULL,1,2,1,0,0,1,NULL),(275,NULL,1140132,5,1,1140100,'Retenciones de IIBB Tucuman','Activo',NULL,NULL,1,2,1,0,0,1,NULL),(276,NULL,5140168,5,1,5140100,'SIRCREB Buenos Aires','Result. Negativo',NULL,NULL,1,2,0,0,0,1,NULL),(277,NULL,5140139,5,1,5140100,'SIRCREB Capital Federal','Result. Negativo',NULL,NULL,1,2,0,0,0,1,NULL),(278,NULL,5140140,5,1,5140100,'SIRCREB Catamarca','Result. Negativo',NULL,NULL,1,2,0,0,0,1,NULL),(279,NULL,5140141,5,1,5140100,'SIRCREB Chaco','Result. Negativo',NULL,NULL,1,2,0,0,0,1,NULL),(280,NULL,5140142,5,1,5140100,'SIRCREB Chubut','Result. Negativo',NULL,NULL,1,2,0,0,0,1,NULL),(281,NULL,5140143,5,1,5140100,'SIRCREB Córdoba','Result. Negativo',NULL,NULL,1,2,0,0,0,1,NULL),(282,NULL,5140144,5,1,5140100,'SIRCREB Corrientes','Result. Negativo',NULL,NULL,1,2,0,0,0,1,NULL),(283,NULL,5140145,5,1,5140100,'SIRCREB Entre Ríos','Result. Negativo',NULL,NULL,1,2,0,0,0,1,NULL),(284,NULL,5140146,5,1,5140100,'SIRCREB Formosa','Result. Negativo',NULL,NULL,1,2,0,0,0,1,NULL),(285,NULL,5140147,5,1,5140100,'SIRCREB Jujuy','Result. Negativo',NULL,NULL,1,2,0,0,0,1,NULL),(286,NULL,5140148,5,1,5140100,'SIRCREB La Pampa','Result. Negativo',NULL,NULL,1,2,0,0,0,1,NULL),(287,NULL,5140149,5,1,5140100,'SIRCREB La Rioja','Result. Negativo',NULL,NULL,1,2,0,0,0,1,NULL),(288,NULL,5140150,5,1,5140100,'SIRCREB Mendoza','Result. Negativo',NULL,NULL,1,2,0,0,0,1,NULL),(289,NULL,5140151,5,1,5140100,'SIRCREB Misiones','Result. Negativo',NULL,NULL,1,2,0,0,0,1,NULL),(290,NULL,5140152,5,1,5140100,'SIRCREB Neuquén','Result. Negativo',NULL,NULL,1,2,0,0,0,1,NULL),(291,NULL,5140153,5,1,5140100,'SIRCREB Pascua Lama','Result. Negativo',NULL,NULL,1,2,0,0,0,1,NULL),(292,NULL,5140154,5,1,5140100,'SIRCREB Río Negro','Result. Negativo',NULL,NULL,1,2,0,0,0,1,NULL),(293,NULL,5140155,5,1,5140100,'SIRCREB Salta','Result. Negativo',NULL,NULL,1,2,0,0,0,1,NULL),(294,NULL,5140156,5,1,5140100,'SIRCREB San Juan','Result. Negativo',NULL,NULL,1,2,0,0,0,1,NULL);
INSERT INTO `conta_plan_cuenta` VALUES (295,NULL,5140157,5,1,5140100,'SIRCREB San Luis','Result. Negativo',NULL,NULL,1,2,0,0,0,1,NULL),(296,NULL,5140158,5,1,5140100,'SIRCREB Santa Cruz','Result. Negativo',NULL,NULL,1,2,0,0,0,1,NULL),(297,NULL,5140159,5,1,5140100,'SIRCREB Santa Fe','Result. Negativo',NULL,NULL,1,2,0,0,0,1,NULL),(298,NULL,5140160,5,1,5140100,'SIRCREB Santiago del Estero','Result. Negativo',NULL,NULL,1,2,0,0,0,1,NULL),(299,NULL,5140161,5,1,5140100,'SIRCREB Tierra del Fuego','Result. Negativo',NULL,NULL,1,2,0,0,0,1,NULL),(300,NULL,5140162,5,1,5140100,'SIRCREB Tucuman','Result. Negativo',NULL,NULL,1,2,0,0,0,1,NULL),(301,NULL,1140326,5,1,1140300,'IIBB a Favor Buenos Aires','Activo',NULL,NULL,1,2,0,0,0,1,NULL),(302,NULL,1140302,5,1,1140300,'IIBB a Favor Capital Federal','Activo',NULL,NULL,1,2,0,0,0,1,NULL),(303,NULL,1140303,5,1,1140300,'IIBB a Favor Catamarca','Activo',NULL,NULL,1,2,0,0,0,1,NULL),(304,NULL,1140304,5,1,1140300,'IIBB a Favor Chaco','Activo',NULL,NULL,1,2,0,0,0,1,NULL),(305,NULL,1140305,5,1,1140300,'IIBB a Favor Chubut','Activo',NULL,NULL,1,2,0,0,0,1,NULL),(306,NULL,1140306,5,1,1140300,'IIBB a Favor Córdoba','Activo',NULL,NULL,1,2,0,0,0,1,NULL),(307,NULL,1140307,5,1,1140300,'IIBB a Favor Corrientes','Activo',NULL,NULL,1,2,0,0,0,1,NULL),(308,NULL,1140308,5,1,1140300,'IIBB a Favor Entre Ríos','Activo',NULL,NULL,1,2,0,0,0,1,NULL),(309,NULL,1140309,5,1,1140300,'IIBB a Favor Formosa','Activo',NULL,NULL,1,2,0,0,0,1,NULL),(310,NULL,1140310,5,1,1140300,'IIBB a Favor Jujuy','Activo',NULL,NULL,1,2,0,0,0,1,NULL),(311,NULL,1140311,5,1,1140300,'IIBB a Favor La Pampa','Activo',NULL,NULL,1,2,0,0,0,1,NULL),(312,NULL,1140312,5,1,1140300,'IIBB a Favor La Rioja','Activo',NULL,NULL,1,2,0,0,0,1,NULL),(313,NULL,1140313,5,1,1140300,'IIBB a Favor Mendoza','Activo',NULL,NULL,1,2,0,0,0,1,NULL),(314,NULL,1140314,5,1,1140300,'IIBB a Favor Misiones','Activo',NULL,NULL,1,2,0,0,0,1,NULL),(315,NULL,1140315,5,1,1140300,'IIBB a Favor Neuquén','Activo',NULL,NULL,1,2,0,0,0,1,NULL),(316,NULL,1140316,5,1,1140300,'IIBB a Favor Pascua Lama','Activo',NULL,NULL,1,2,0,0,0,1,NULL),(317,NULL,1140317,5,1,1140300,'IIBB a Favor Río Negro','Activo',NULL,NULL,1,2,0,0,0,1,NULL),(318,NULL,1140318,5,1,1140300,'IIBB a Favor Salta','Activo',NULL,NULL,1,2,0,0,0,1,NULL),(319,NULL,1140319,5,1,1140300,'IIBB a Favor San Juan','Activo',NULL,NULL,1,2,0,0,0,1,NULL),(320,NULL,1140320,5,1,1140300,'IIBB a Favor San Luis','Activo',NULL,NULL,1,2,0,0,0,1,NULL),(321,NULL,1140321,5,1,1140300,'IIBB a Favor Santa Cruz','Activo',NULL,NULL,1,2,0,0,0,1,NULL),(322,NULL,1140322,5,1,1140300,'IIBB a Favor Santa Fe','Activo',NULL,NULL,1,2,0,0,0,1,NULL),(323,NULL,1140323,5,1,1140300,'IIBB a Favor Santiago del Estero','Activo',NULL,NULL,1,2,0,0,0,1,NULL),(324,NULL,1140324,5,1,1140300,'IIBB a Favor Tierra del Fuego','Activo',NULL,NULL,1,2,0,0,0,1,NULL),(325,NULL,1140325,5,1,1140300,'IIBB a Favor Tucuman','Activo',NULL,NULL,1,2,0,0,0,1,NULL),(326,NULL,2110317,5,2,2110300,'IIBB a Pagar Buenos Aires','Pasivo',NULL,NULL,1,2,0,0,0,1,NULL),(327,NULL,2110318,5,2,2110300,'IIBB a Pagar Capital Federal','Pasivo',NULL,NULL,1,2,0,0,0,1,NULL),(328,NULL,2110319,5,2,2110300,'IIBB a Pagar Catamarca','Pasivo',NULL,NULL,1,2,0,0,0,1,NULL),(329,NULL,2110320,5,2,2110300,'IIBB a Pagar Chaco','Pasivo',NULL,NULL,1,2,0,0,0,1,NULL),(330,NULL,2110321,5,2,2110300,'IIBB a Pagar Chubut','Pasivo',NULL,NULL,1,2,0,0,0,1,NULL),(331,NULL,2110322,5,2,2110300,'IIBB a Pagar Córdoba','Pasivo',NULL,NULL,1,2,0,0,0,1,NULL),(332,NULL,2110323,5,2,2110300,'IIBB a Pagar Corrientes','Pasivo',NULL,NULL,1,2,0,0,0,1,NULL),(333,NULL,2110324,5,2,2110300,'IIBB a Pagar Entre Ríos','Pasivo',NULL,NULL,1,2,0,0,0,1,NULL),(334,NULL,2110325,5,2,2110300,'IIBB a Pagar Formosa','Pasivo',NULL,NULL,1,2,0,0,0,1,NULL),(335,NULL,2110326,5,2,2110300,'IIBB a Pagar Jujuy','Pasivo',NULL,NULL,1,2,0,0,0,1,NULL),(336,NULL,2110327,5,2,2110300,'IIBB a Pagar La Pampa','Pasivo',NULL,NULL,1,2,0,0,0,1,NULL),(337,NULL,2110328,5,2,2110300,'IIBB a Pagar La Rioja','Pasivo',NULL,NULL,1,2,0,0,0,1,NULL);
INSERT INTO `conta_plan_cuenta` VALUES (338,NULL,2110329,5,2,2110300,'IIBB a Pagar Mendoza','Pasivo',NULL,NULL,1,2,0,0,0,1,NULL),(339,NULL,2110330,5,2,2110300,'IIBB a Pagar Misiones','Pasivo',NULL,NULL,1,2,0,0,0,1,NULL),(340,NULL,2110331,5,2,2110300,'IIBB a Pagar Neuquén','Pasivo',NULL,NULL,1,2,0,0,0,1,NULL),(341,NULL,2110332,5,2,2110300,'IIBB a Pagar Pascua Lama','Pasivo',NULL,NULL,1,2,0,0,0,1,NULL),(342,NULL,2110333,5,2,2110300,'IIBB a Pagar Río Negro','Pasivo',NULL,NULL,1,2,0,0,0,1,NULL),(343,NULL,2110334,5,2,2110300,'IIBB a Pagar Salta','Pasivo',NULL,NULL,1,2,0,0,0,1,NULL),(344,NULL,2110335,5,2,2110300,'IIBB a Pagar San Juan','Pasivo',NULL,NULL,1,2,0,0,0,1,NULL),(345,NULL,2110336,5,2,2110300,'IIBB a Pagar San Luis','Pasivo',NULL,NULL,1,2,0,0,0,1,NULL),(346,NULL,2110337,5,2,2110300,'IIBB a Pagar Santa Cruz','Pasivo',NULL,NULL,1,2,0,0,0,1,NULL),(347,NULL,2110338,5,2,2110300,'IIBB a Pagar Santa Fe','Pasivo',NULL,NULL,1,2,0,0,0,1,NULL),(348,NULL,2110339,5,2,2110300,'IIBB a Pagar Santiago del Estero','Pasivo',NULL,NULL,1,2,0,0,0,1,NULL),(349,NULL,2110340,5,2,2110300,'IIBB a Pagar Tierra del Fuego','Pasivo',NULL,NULL,1,2,0,0,0,1,NULL),(350,NULL,2110341,5,2,2110300,'IIBB a Pagar Tucuman','Pasivo',NULL,NULL,1,2,0,0,0,1,NULL),(351,NULL,6110101,5,1,6110100,'BANCO SIRCREB','Movimiento',NULL,NULL,1,2,0,0,1,1,NULL),(352,NULL,6110102,5,1,6110100,'Compensacion','Movimiento',NULL,NULL,1,2,0,0,0,1,NULL),(353,NULL,1140327,5,1,1140300,'IVA Saldo Tecnico','Activo',NULL,NULL,1,2,0,0,0,1,NULL),(354,NULL,1140328,5,1,1140300,'IVA Saldo Libre Disponibilidad','Activo',NULL,NULL,1,2,0,0,0,1,NULL),(355,NULL,6000000,1,1,0,'Movimiento','Movimiento',NULL,NULL,1,1,0,0,0,0,NULL),(356,NULL,6100000,2,1,6000000,'Movimiento','Movimiento',NULL,NULL,1,1,0,0,0,0,NULL),(357,NULL,6110000,3,1,6100000,'Movimiento','Movimiento',NULL,NULL,1,1,0,0,0,0,NULL),(358,NULL,4110000,3,2,4100000,'Ingresos Operativos','Result. Positivo',NULL,NULL,1,1,0,0,0,0,NULL),(359,NULL,1110120,5,1,1110100,'Caja en Pesos','Activo',NULL,NULL,1,2,1,1,1,0,NULL),(360,NULL,1140211,5,1,1140200,'Retenciones Bancarias de Ganancias a Favor','Activo',3,NULL,1,2,0,0,1,1,NULL),(361,NULL,1220104,5,1,1220100,'Equipos de Computación','Activo',5,NULL,1,1,0,0,0,1,NULL),(362,NULL,1220105,5,1,1220100,'Computadoras','Activo',5,NULL,1,1,0,0,0,1,NULL),(363,NULL,1220304,5,1,1220300,'Muebles y Utiles','Activo',5,NULL,1,1,0,0,0,1,NULL),(364,NULL,2110105,5,2,2110100,'Anticipo de Clientes','Pasivo',NULL,NULL,1,2,0,0,1,1,NULL),(365,NULL,2110401,5,2,2110400,'Provision Honorarios','Pasivo',NULL,NULL,1,1,0,0,0,1,NULL),(366,NULL,2110106,5,2,2110100,'Cta. Cte Directores','Pasivo',NULL,NULL,1,1,0,0,0,1,NULL),(367,NULL,2110107,5,2,2110100,'Provisión Honorarios Directores','Pasivo',NULL,NULL,1,1,0,0,0,1,NULL),(368,NULL,2110110,5,2,2110100,'Cuenta Particular Socio 1','Pasivo',NULL,NULL,1,1,0,0,0,1,NULL),(369,NULL,3110104,5,2,3110100,'Capital','Patrimonio Neto',NULL,NULL,1,1,0,0,0,1,NULL),(370,NULL,1120000,3,1,1100000,'INVERSIONES','Activo',NULL,NULL,1,1,0,0,0,0,NULL),(371,NULL,1160000,3,1,1100000,'OTROS ACTIVOS','Activo',5,NULL,1,1,0,0,0,0,NULL),(372,NULL,1160100,4,1,1160000,'OTROS','Activo',5,NULL,1,1,0,0,0,0,NULL),(373,NULL,2110400,4,2,2110000,'Provision de Honorarios','Pasivo',NULL,NULL,1,1,0,0,0,0,NULL),(374,NULL,3410100,4,1,3410000,'RESULTADOS ACUMULADOS','Patrimonio Neto',NULL,NULL,1,1,0,0,0,0,NULL),(375,NULL,3420000,3,1,3400000,'GANACIAS RESERVADAS','Patrimonio Neto',NULL,NULL,1,1,0,0,0,0,NULL),(376,NULL,3420100,4,1,3420000,'Rerva Legal','Patrimonio Neto',NULL,NULL,1,1,0,0,0,0,NULL),(377,NULL,1220400,4,1,1220000,'INMUEBLES','Activo',5,NULL,1,1,0,0,0,0,NULL),(378,NULL,1220500,4,1,1220000,'RODADOS','Activo',5,NULL,1,1,0,0,0,0,NULL),(379,NULL,1220600,4,1,1220000,'MAQUINARIAS','Activo',5,NULL,1,1,0,0,0,0,NULL),(380,NULL,1220204,5,1,1220200,'Instalaciones','Activo',5,NULL,1,1,0,0,0,1,NULL),(381,NULL,3420101,5,2,3420100,'Reserva Legal','Patrimonio Neto',NULL,NULL,1,1,0,0,0,1,NULL);
INSERT INTO `conta_plan_cuenta` VALUES (382,NULL,3420102,5,2,3420100,'Reserva Legal','Patrimonio Neto',NULL,NULL,1,1,0,0,0,1,NULL),(383,NULL,3410105,5,2,3410100,'Resultado no asignado','Patrimonio Neto',NULL,NULL,1,1,0,0,0,1,NULL),(384,NULL,1110121,5,1,1110100,'Caja en Dolares','Activo',NULL,NULL,1,2,1,1,1,0,NULL),(385,NULL,1120100,4,1,1120000,'TEMPORARIAS','Activo',NULL,NULL,1,1,0,0,0,0,NULL),(386,NULL,1120101,5,1,1120100,'PLAZO FIJO','Activo',NULL,NULL,1,1,0,0,0,1,NULL),(387,NULL,1120200,4,1,1120000,'PERMANENTES','Activo',NULL,NULL,1,1,0,0,0,0,NULL),(388,NULL,1120201,5,1,1120200,'ACCIONES','Activo',NULL,NULL,1,1,0,0,0,1,NULL),(389,NULL,1220401,5,1,1220400,'Inmuebles','Activo',5,NULL,1,1,0,0,0,1,NULL),(390,NULL,1220501,5,1,1220500,'Vehiculos','Activo',5,NULL,1,1,0,0,0,1,NULL),(391,NULL,1220601,5,1,1220600,'Maquinarias','Activo',5,NULL,1,1,0,0,0,1,NULL),(392,NULL,1150401,5,1,1150400,'MERCADERIAS','Activo',5,NULL,1,1,0,0,0,1,NULL),(393,NULL,1160101,5,1,1160100,'OTROS','Activo',5,NULL,1,1,0,0,0,1,NULL),(394,NULL,1230100,4,1,1230000,'INTANGIBLES','Activo',5,NULL,1,1,0,0,0,0,NULL),(395,NULL,2110119,5,2,2110100,'Cuenta Particular Socio 2','Pasivo',NULL,NULL,1,1,0,0,0,1,NULL),(396,NULL,5120160,5,1,5120100,'Comisiones Y gastos Bancarios','Result. Negativo',NULL,NULL,1,1,0,0,0,1,NULL),(397,NULL,4110100,4,2,4110000,'Ingresos Operativos','Result. Positivo',NULL,NULL,1,1,0,0,0,0,NULL),(398,NULL,4120100,4,2,4120000,'OTROS INGRESOS','Result. Positivo',NULL,NULL,1,1,0,0,0,0,NULL),(399,NULL,5110000,3,1,5100000,'GASTOS ORDINARIOS','Result. Negativo',NULL,NULL,1,1,0,0,0,0,NULL),(400,NULL,5120000,3,1,5100000,'GASTOS DE OPERACION','Result. Negativo',NULL,NULL,1,1,0,0,0,0,NULL),(401,NULL,5130000,3,1,5100000,'GASTOS DE OPERACION','Result. Negativo',NULL,NULL,1,1,0,0,0,0,NULL),(402,NULL,5140000,3,1,5100000,'GASTOS DE OPERACION','Result. Negativo',NULL,NULL,1,1,0,0,0,0,NULL),(403,NULL,5210000,3,1,5200000,'GASTOS EXTRAORDINARIOS','Result. Negativo',NULL,NULL,1,1,0,0,0,0,NULL),(404,NULL,5210100,4,1,5210000,'GASTOS EXTRAORDINARIOS','Result. Negativo',NULL,NULL,1,1,0,0,0,0,NULL),(405,NULL,6110100,4,1,6110000,'Movimiento','Movimiento',NULL,NULL,1,1,0,0,0,0,NULL),(406,NULL,1130100,4,1,1130000,'Operaciones Ordinarias','Activo',NULL,NULL,1,1,0,0,0,0,NULL),(407,NULL,3110000,3,2,3100000,'CAPITAL SOCIAL','Patrimonio Neto',NULL,NULL,1,1,0,0,0,0,NULL),(408,NULL,3410000,3,2,3400000,'RESULTADOS ANTERIORES','Patrimonio Neto',NULL,NULL,1,1,0,0,0,0,NULL),(409,NULL,5110101,5,2,5110000,'IVA Crédito Fiscal No computable','Result. Negativo',NULL,NULL,1,2,0,0,1,1,NULL),(410,NULL,1110203,5,1,1110200,'Banco ICBC Cta. Cte.','Activo',NULL,NULL,1,2,1,1,1,0,NULL),(411,NULL,2110342,5,2,2110300,'Provisión Impuesto a las Ganancias','Pasivo',NULL,NULL,1,1,0,0,0,1,NULL),(412,NULL,5120107,5,2,5120000,'Amortización Muebles y Útiles','Result. Negativo',NULL,NULL,1,1,0,0,0,1,NULL),(413,NULL,5120102,5,2,5120000,'Amortización Equipos','Result. Negativo',NULL,NULL,1,1,0,0,0,1,NULL),(414,NULL,1220109,5,1,1220100,'Amortizacion Acumulada Equipos','Activo',5,NULL,1,1,0,0,0,1,NULL),(415,NULL,1220602,5,1,1220600,'Amortización Acumulada Maquinarias','Activo',5,NULL,1,1,0,0,0,1,NULL),(416,NULL,1160102,5,1,1160100,'Materias Primas','Activo',5,NULL,1,1,0,0,0,1,NULL),(417,NULL,1110204,5,1,1110200,'Banco Itaú Cta. Cte.','Activo',NULL,NULL,1,2,1,1,1,0,NULL),(418,NULL,2110113,5,2,2110100,'Deudas Bancarias','Pasivo',NULL,NULL,1,2,0,1,1,1,NULL),(419,NULL,1220502,5,1,1220500,'Rodados','Activo',5,NULL,1,1,0,0,0,1,NULL),(420,NULL,1220503,5,1,1220500,'Amortización Acumulada Rodados','Activo',5,NULL,1,1,0,0,0,1,NULL),(421,NULL,5120105,5,2,5120000,'Amortización Rodados','Result. Negativo',NULL,NULL,1,1,0,0,0,1,NULL),(422,NULL,5120109,5,2,5120000,'Amortización Maquinarias','Result. Negativo',NULL,NULL,1,1,0,0,0,1,NULL),(423,NULL,1220504,5,1,1220500,'Accesorios','Activo',5,NULL,1,1,0,0,0,1,NULL),(424,NULL,1220505,5,1,1220500,'Amortización Acumulada Accesorios','Activo',5,NULL,1,1,0,0,0,1,NULL);
INSERT INTO `conta_plan_cuenta` VALUES (425,NULL,1110205,5,1,1110200,'Banco Galicia Cta. Cte.','Activo',NULL,NULL,1,2,1,1,1,0,NULL),(426,NULL,3420101,5,2,3420000,'Reserva Facultativa','Patrimonio Neto',NULL,NULL,1,1,0,0,0,1,NULL),(427,NULL,1140212,5,1,1140200,'Créditos por Impuestos Diferidos','Activo',NULL,NULL,1,1,0,0,0,1,NULL),(428,NULL,1160103,5,1,1160100,'Fondo de Comercio','Activo',5,NULL,1,1,0,0,0,1,NULL),(429,NULL,1160104,5,1,1160100,'Amortizacion Acumulada Fondo de Comercio','Activo',5,NULL,1,1,0,0,0,1,NULL),(430,NULL,1140213,5,1,1140200,'Intereses a devengar AGIP','Activo',NULL,NULL,1,1,0,0,0,1,NULL),(431,NULL,2110343,5,2,2110300,'PFP IIBB','Pasivo',NULL,NULL,1,1,0,0,0,1,NULL),(432,NULL,1140330,5,1,1140300,'Pago a Cuenta ITC','Activo',NULL,NULL,1,2,0,0,0,1,NULL),(433,NULL,2110114,5,2,2110100,'Préstamo','Pasivo',NULL,NULL,1,2,0,1,1,1,NULL),(434,NULL,1160106,5,1,1160100,'Productos','Activo',5,NULL,1,1,0,0,0,1,NULL),(435,NULL,2110345,5,2,2110300,'Intereses a devengar PFP','Pasivo',NULL,NULL,1,1,0,0,0,1,NULL),(436,NULL,1110206,5,1,1110200,'Banco Provincia Cta. Cte.','Activo',NULL,NULL,1,2,1,1,1,0,NULL),(437,NULL,1140215,5,1,1140200,'Imp. Ley 25413 Cred 0.6%','Activo',NULL,NULL,1,1,0,0,0,1,NULL),(438,NULL,2110402,5,2,2110400,'Honorarios Directorio a Pagar','Pasivo',NULL,NULL,1,1,0,0,0,1,NULL),(439,NULL,3110101,5,2,3110100,'Reserva para Futuras Inversiones','Patrimonio Neto',NULL,NULL,1,1,0,0,0,1,NULL),(440,NULL,1130106,5,1,1130100,'TEAC - Trabajos Ejecutados a Certificar','Activo',NULL,NULL,1,1,0,0,0,1,NULL),(441,NULL,2110115,5,2,2110100,'Leasing','Pasivo',NULL,NULL,1,2,0,1,1,1,NULL),(442,NULL,1110207,5,1,1110200,'Banco Comafi Cta. Cte','Activo',NULL,NULL,1,2,1,1,1,0,NULL),(443,NULL,2110500,4,2,2110000,'Deudas Financieras','Pasivo',NULL,NULL,1,1,0,0,0,0,NULL),(444,NULL,2110501,5,2,2110500,'Banco Santander Rio Cta Cte','Pasivo',NULL,NULL,1,1,0,0,0,1,NULL),(446,NULL,2210000,3,2,2200000,'Deudas','Pasivo',NULL,NULL,1,1,0,0,0,0,NULL),(447,NULL,2210100,4,2,2210000,'Otras Deudas','Pasivo',NULL,NULL,1,1,0,0,0,0,NULL),(448,NULL,2210101,5,2,2210100,'Planes de Pagos AFIP','Pasivo',NULL,NULL,1,2,0,1,1,1,NULL),(449,NULL,2110502,5,2,2110500,'Leasing','Pasivo',NULL,NULL,1,1,0,0,0,1,NULL),(450,NULL,6110101,5,1,6110000,'Cheques Rechazados','Movimiento',NULL,NULL,1,2,0,0,1,1,NULL),(451,NULL,1110208,5,1,1110200,'Banco Patagonia Taxes Software','Activo',NULL,NULL,1,2,1,1,1,0,NULL),(452,NULL,1110209,5,1,1110200,'Banco Macro Cta. Cte.','Activo',NULL,NULL,1,2,1,1,1,0,NULL),(453,NULL,1120202,5,1,1120200,'Inversión Central Caribe','Activo',NULL,NULL,1,1,0,0,0,1,NULL),(454,NULL,1120102,5,1,1120100,'Otras Inversiones','Activo',NULL,NULL,1,1,0,0,0,1,NULL),(455,NULL,1140216,5,1,1140200,'Otros Créditos','Activo',NULL,NULL,1,1,0,0,0,1,NULL),(456,NULL,2110403,5,2,2110400,'Provisión Honorarios Socio Gerente','Pasivo',NULL,NULL,1,1,0,0,0,1,NULL),(457,NULL,1110210,5,1,1110200,'Cheque Diferido Banco Santander Rio','Activo',NULL,NULL,1,2,1,1,1,0,NULL),(458,NULL,1110211,5,1,1110200,'Cheque Diferido Banco Macro','Activo',NULL,NULL,1,2,1,1,1,0,NULL),(459,NULL,2110204,5,2,2110200,'Moratoria SUSS a pagar','Pasivo',NULL,NULL,1,1,0,0,0,1,NULL),(460,NULL,2110344,5,2,2110300,'Impuestos Municipales a Pagar','Pasivo',NULL,NULL,1,1,0,0,0,1,NULL),(461,NULL,5110103,5,2,5110000,'Amortización Instalaciones','Result. Negativo',NULL,NULL,1,1,0,0,0,1,NULL),(462,NULL,5120110,5,2,5120000,'Amortización Equipos de comput.','Result. Negativo',NULL,NULL,1,1,0,0,0,1,NULL),(463,NULL,2110118,5,2,2110100,'Cuenta Particular Socio 3','Pasivo',NULL,NULL,1,1,0,0,0,1,NULL),(464,NULL,2110120,5,2,2110100,'Cuenta Particular Socio 4','Pasivo',NULL,NULL,1,1,0,0,0,1,NULL),(465,NULL,3110102,5,2,3110100,'Otras Reservas','Patrimonio Neto',NULL,NULL,1,1,0,0,0,1,NULL),(466,NULL,1140331,5,1,1140300,'IGMP (Saldo a Favor)','Activo',NULL,NULL,1,1,0,0,0,1,NULL),(467,NULL,5110104,5,2,5110000,'Interés','Result. Negativo',NULL,NULL,1,2,0,0,1,1,NULL),(468,NULL,1150402,5,1,1150400,'Productos en Proceso','Activo',5,NULL,1,1,0,0,0,1,NULL);
INSERT INTO `conta_plan_cuenta` VALUES (469,NULL,2110205,5,2,2110200,'Depósitos en Garantía Socio Gerente','Pasivo',NULL,NULL,1,1,0,0,0,1,NULL),(470,NULL,2110346,5,2,2110300,'Fondos Embargados','Pasivo',NULL,NULL,1,1,0,0,0,1,NULL),(471,NULL,2110347,5,2,2110300,'Cuota Solid.','Pasivo',NULL,NULL,1,1,0,0,0,1,NULL),(472,NULL,1140332,5,1,1140300,'Anticipo Honorarios Directores','Activo',NULL,NULL,1,1,0,0,0,1,NULL),(473,NULL,2110348,5,2,2110300,'SICORE a Pagar','Pasivo',NULL,NULL,1,1,0,0,0,1,NULL),(474,NULL,1110212,5,1,1110200,'Banco Credicoop Cta. Cte.','Activo',NULL,NULL,1,2,1,1,1,0,NULL),(475,NULL,1110213,5,1,1110200,'Banco Superville Cta. Cte.','Activo',NULL,NULL,1,2,1,1,1,0,NULL),(476,NULL,5110105,5,2,5110000,'RECPAM','Result. Negativo',NULL,NULL,1,2,0,0,0,1,NULL),(477,NULL,1110125,5,1,1110100,'Caja Reales','Activo',NULL,NULL,1,2,1,1,1,0,NULL),(478,NULL,5140169,5,1,5140100,'CO2 - Imp. Al Carbono Sufrida','Result. Negativo',NULL,NULL,1,2,0,0,0,1,NULL),(479,NULL,1140300,4,1,1140000,'Anticipo de Impuestos','Activo',NULL,NULL,1,1,0,0,0,0,NULL),(480,NULL,2110600,4,2,2110000,'Retenciones Efectuadas','Pasivo',NULL,NULL,1,1,0,0,0,0,NULL),(481,NULL,4200000,2,2,4000000,'INGRESOS EXTRAORDINARIOS','Result. Positivo',NULL,NULL,1,1,0,0,0,0,NULL),(1001,NULL,5140170,5,1,5140100,'SIRTAC Córdoba','Result. Negativo',NULL,NULL,1,2,0,0,0,1,NULL),(1002,NULL,5140171,5,1,5140100,'SIRTAC Corrientes','Result. Negativo',NULL,NULL,1,2,0,0,0,1,NULL),(1003,NULL,5140172,5,1,5140100,'SIRTAC Chaco','Result. Negativo',NULL,NULL,1,2,0,0,0,1,NULL),(1004,NULL,5140173,5,1,5140100,'SIRTAC Chubut','Result. Negativo',NULL,NULL,1,2,0,0,0,1,NULL),(1005,NULL,5140174,5,1,5140100,'SIRTAC Entre Ríos','Result. Negativo',NULL,NULL,1,2,0,0,0,1,NULL),(1006,NULL,5140175,5,1,5140100,'SIRTAC Formosa','Result. Negativo',NULL,NULL,1,2,0,0,0,1,NULL),(1007,NULL,5140176,5,1,5140100,'SIRTAC Jujuy','Result. Negativo',NULL,NULL,1,2,0,0,0,1,NULL),(1008,NULL,5140177,5,1,5140100,'SIRTAC La Pampa','Result. Negativo',NULL,NULL,1,2,0,0,0,1,NULL),(1009,NULL,5140178,5,1,5140100,'SIRTAC La Rioja','Result. Negativo',NULL,NULL,1,2,0,0,0,1,NULL),(1010,NULL,5140179,5,1,5140100,'SIRTAC Mendoza','Result. Negativo',NULL,NULL,1,2,0,0,0,1,NULL),(1011,NULL,5140180,5,1,5140100,'SIRTAC Misiones','Result. Negativo',NULL,NULL,1,2,0,0,0,1,NULL),(1012,NULL,5140181,5,1,5140100,'SIRTAC Neuquén','Result. Negativo',NULL,NULL,1,2,0,0,0,1,NULL),(1013,NULL,5140182,5,1,5140100,'SIRTAC Río Negro','Result. Negativo',NULL,NULL,1,2,0,0,0,1,NULL),(1014,NULL,5140183,5,1,5140100,'SIRTAC Salta','Result. Negativo',NULL,NULL,1,2,0,0,0,1,NULL),(1015,NULL,5140184,5,1,5140100,'SIRTAC San Juan','Result. Negativo',NULL,NULL,1,2,0,0,0,1,NULL),(1016,NULL,5140185,5,1,5140100,'SIRTAC San Luis','Result. Negativo',NULL,NULL,1,2,0,0,0,1,NULL),(1017,NULL,5140186,5,1,5140100,'SIRTAC Santa Cruz','Result. Negativo',NULL,NULL,1,2,0,0,0,1,NULL),(1018,NULL,5140187,5,1,5140100,'SIRTAC Santa Fe','Result. Negativo',NULL,NULL,1,2,0,0,0,1,NULL),(1019,NULL,5140188,5,1,5140100,'SIRTAC Santiago del Estero','Result. Negativo',NULL,NULL,1,2,0,0,0,1,NULL),(1020,NULL,5140189,5,1,5140100,'SIRTAC Tierra del Fuego','Result. Negativo',NULL,NULL,1,2,0,0,0,1,NULL),(1021,NULL,5140190,5,1,5140100,'SIRTAC Tucuman','Result. Negativo',NULL,NULL,1,2,0,0,0,1,NULL),(1022,NULL,5140191,5,1,5140100,'SIRTAC Capital Federal','Result. Negativo',NULL,NULL,1,2,0,0,0,1,NULL),(1023,NULL,5140192,5,1,5140100,'SIRTAC Buenos Aires','Result. Negativo',NULL,NULL,1,2,0,0,0,1,NULL),(1024,NULL,5140193,5,1,5140100,'SIRTAC Catamarca','Result. Negativo',NULL,NULL,1,2,0,0,0,1,NULL),(1025,NULL,5140194,5,1,5140100,'SIRTAC Pascua Lama','Result. Negativo',NULL,NULL,1,2,0,0,0,1,NULL),(1026,NULL,6110104,5,1,6110100,'BANCO SIRTAC','Movimiento',NULL,NULL,1,2,0,0,1,1,NULL),(1400,NULL,5140267,5,1,5140100,'Perc IVA -RG3337 Efectuada','Result. Negativo',NULL,NULL,1,2,0,0,0,1,NULL),(1401,NULL,5140209,5,1,5140100,'Imps. Internos Efectuada','Result. Negativo',NULL,NULL,1,2,0,0,0,1,NULL);
INSERT INTO `conta_plan_cuenta` VALUES (1402,NULL,5140210,5,1,5140100,'Imp. Gasoil Efectuada','Result. Negativo',NULL,NULL,1,2,0,0,0,1,NULL),(1403,NULL,5140211,5,1,5140100,'Imp. Hídricos Efectuada','Result. Negativo',NULL,NULL,1,2,0,0,0,1,NULL),(1404,NULL,5140212,5,1,5140100,'ITC Efectuada','Result. Negativo',NULL,NULL,1,2,0,0,0,1,NULL),(1405,NULL,5140213,5,1,5140100,'Perc IIBB  Buenos Aires Efectuada','Result. Negativo',NULL,NULL,1,2,0,0,0,1,NULL),(1406,NULL,5140214,5,1,5140100,'Perc IIBB  Capital Federal Efectuada','Result. Negativo',NULL,NULL,1,2,0,0,0,1,NULL),(1407,NULL,5140215,5,1,5140100,'Perc IIBB  Catamarca Efectuada','Result. Negativo',NULL,NULL,1,2,0,0,0,1,NULL),(1408,NULL,5140216,5,1,5140100,'Perc IIBB  Chaco Efectuada','Result. Negativo',NULL,NULL,1,2,0,0,0,1,NULL),(1409,NULL,5140217,5,1,5140100,'Perc IIBB  Chubut Efectuada','Result. Negativo',NULL,NULL,1,2,0,0,0,1,NULL),(1410,NULL,5140218,5,1,5140100,'Perc IIBB  Córdoba Efectuada','Result. Negativo',NULL,NULL,1,2,0,0,0,1,NULL),(1411,NULL,5140219,5,1,5140100,'Perc IIBB  Corrientes Efectuada','Result. Negativo',NULL,NULL,1,2,0,0,0,1,NULL),(1412,NULL,5140220,5,1,5140100,'Perc IIBB  Entre Ríos Efectuada','Result. Negativo',NULL,NULL,1,2,0,0,0,1,NULL),(1413,NULL,5140221,5,1,5140100,'Perc IIBB  Formosa Efectuada','Result. Negativo',NULL,NULL,1,2,0,0,0,1,NULL),(1414,NULL,5140222,5,1,5140100,'Perc IIBB  Jujuy Efectuada','Result. Negativo',NULL,NULL,1,2,0,0,0,1,NULL),(1415,NULL,5140223,5,1,5140100,'Perc IIBB  La Pampa Efectuada','Result. Negativo',NULL,NULL,1,2,0,0,0,1,NULL),(1416,NULL,5140224,5,1,5140100,'Perc IIBB  La Rioja Efectuada','Result. Negativo',NULL,NULL,1,2,0,0,0,1,NULL),(1417,NULL,5140225,5,1,5140100,'Perc IIBB  Mendoza Efectuada','Result. Negativo',NULL,NULL,1,2,0,0,0,1,NULL),(1418,NULL,5140226,5,1,5140100,'Perc IIBB  Misiones Efectuada','Result. Negativo',NULL,NULL,1,2,0,0,0,1,NULL),(1419,NULL,5140227,5,1,5140100,'Perc IIBB  Neuquén Efectuada','Result. Negativo',NULL,NULL,1,2,0,0,0,1,NULL),(1420,NULL,5140228,5,1,5140100,'Perc IIBB  Pascua Lama Efectuada','Result. Negativo',NULL,NULL,1,2,0,0,0,1,NULL),(1421,NULL,5140229,5,1,5140100,'Perc IIBB  Río Negro Efectuada','Result. Negativo',NULL,NULL,1,2,0,0,0,1,NULL),(1422,NULL,5140230,5,1,5140100,'Perc IIBB  Salta Efectuada','Result. Negativo',NULL,NULL,1,2,0,0,0,1,NULL),(1423,NULL,5140231,5,1,5140100,'Perc IIBB  San Juan Efectuada','Result. Negativo',NULL,NULL,1,2,0,0,0,1,NULL),(1424,NULL,5140232,5,1,5140100,'Perc IIBB  San Luis Efectuada','Result. Negativo',NULL,NULL,1,2,0,0,0,1,NULL),(1425,NULL,5140233,5,1,5140100,'Perc IIBB  Santa Cruz Efectuada','Result. Negativo',NULL,NULL,1,2,0,0,0,1,NULL),(1426,NULL,5140234,5,1,5140100,'Perc IIBB  Santa Fe Efectuada','Result. Negativo',NULL,NULL,1,2,0,0,0,1,NULL),(1427,NULL,5140235,5,1,5140100,'Perc IIBB  Santiago del Estero Efectuada','Result. Negativo',NULL,NULL,1,2,0,0,0,1,NULL),(1428,NULL,5140236,5,1,5140100,'Perc IIBB  Tierra del Fuego Efectuada','Result. Negativo',NULL,NULL,1,2,0,0,0,1,NULL),(1429,NULL,5140237,5,1,5140100,'Perc IIBB  Tucuman Efectuada','Result. Negativo',NULL,NULL,1,2,0,0,0,1,NULL),(1430,NULL,5140269,5,1,5140100,'CO2 - Imp. Al Carbono Efectuada','Result. Negativo',NULL,NULL,1,2,0,0,0,1,NULL),(1431,NULL,5120256,5,1,5120100,'Imp. Municipales Efectuada','Result. Negativo',NULL,NULL,1,2,0,0,0,1,NULL),(1432,NULL,5120257,5,1,5120100,'Perc/Ret. Imp. Ganancias Efectuada','Result. Negativo',NULL,NULL,1,2,0,0,0,1,NULL);

--
-- Table structure for table `conta_tipo_asientos`
--

CREATE TABLE `conta_tipo_asientos` (
  `id` int(10) unsigned NOT NULL AUTO_INCREMENT,
  `nombre` varchar(255) COLLATE utf8mb4_unicode_ci DEFAULT NULL,
  `created_at` timestamp NULL DEFAULT NULL,
  `updated_at` timestamp NULL DEFAULT NULL,
  `deleted_at` timestamp NULL DEFAULT NULL,
  `orden` int(11) DEFAULT NULL,
  PRIMARY KEY (`id`)
) ENGINE=InnoDB AUTO_INCREMENT=27 DEFAULT CHARSET=utf8mb4 COLLATE=utf8mb4_unicode_ci;

--
-- Dumping data for table `conta_tipo_asientos`
--

INSERT INTO `conta_tipo_asientos` VALUES (1,'Sueldos',NULL,NULL,NULL,11),(2,'Ingresos',NULL,NULL,NULL,9),(3,'Egresos',NULL,NULL,NULL,10),(4,'Amortizaciones',NULL,NULL,NULL,4),(5,'Banco',NULL,NULL,NULL,15),(6,'Ganancias',NULL,NULL,NULL,12),(7,'Retenciones',NULL,NULL,NULL,13),(8,'SIRCREB',NULL,NULL,NULL,14),(9,'Compensaciones',NULL,NULL,NULL,16),(10,'Pagos AFIP',NULL,NULL,NULL,17),(11,'Ajustes',NULL,NULL,NULL,3),(12,'Saldos Iniciales',NULL,NULL,NULL,1),(13,'Cancelacion de Iniciales',NULL,NULL,NULL,2),(14,'Patrimonio Neto',NULL,NULL,NULL,8),(15,'Liquidaciones IVA',NULL,NULL,NULL,18),(16,'Liquidacion IIBB',NULL,NULL,NULL,19),(17,'Asientos de Cierre',NULL,NULL,NULL,5),(18,'Reclasificacion',NULL,NULL,NULL,6),(19,'Otros',NULL,NULL,NULL,7),(20,'Cobranzas','2019-10-02 03:20:37','2019-10-02 03:20:37',NULL,NULL),(21,'Pagos','2019-10-02 03:20:37','2019-10-02 03:20:37',NULL,NULL),(22,'Tesoreria','2019-10-19 02:10:24','2019-10-19 02:10:24',NULL,NULL),(23,'Ajuste por Inflacion','2020-03-01 06:39:20','2020-03-01 06:39:20',NULL,NULL),(24,'SIRTAC','2023-10-16 21:13:47','2023-10-16 21:13:47',NULL,20),(25,'Compensaciones Compras',NULL,NULL,NULL,NULL),(26,'Compensaciones Ventas',NULL,NULL,NULL,NULL);

--
-- Table structure for table `conta_tipo_cuentas`
--

CREATE TABLE `conta_tipo_cuentas` (
  `id` int(10) unsigned NOT NULL AUTO_INCREMENT,
  `tipo_cuenta` varchar(255) COLLATE utf8mb4_unicode_ci DEFAULT NULL,
  `created_at` timestamp NULL DEFAULT NULL,
  `updated_at` timestamp NULL DEFAULT NULL,
  `deleted_at` timestamp NULL DEFAULT NULL,
  PRIMARY KEY (`id`)
) ENGINE=InnoDB AUTO_INCREMENT=6 DEFAULT CHARSET=utf8mb4 COLLATE=utf8mb4_unicode_ci;

--
-- Dumping data for table `conta_tipo_cuentas`
--

INSERT INTO `conta_tipo_cuentas` VALUES (1,'Rubro',NULL,NULL,NULL),(2,'SubRubro',NULL,NULL,NULL),(3,'Grupo',NULL,NULL,NULL),(4,'SubGrupo',NULL,NULL,NULL),(5,'Cuenta',NULL,NULL,NULL);

--
-- Table structure for table `conta_tipo_saldos`
--

CREATE TABLE `conta_tipo_saldos` (
  `id` int(10) unsigned NOT NULL AUTO_INCREMENT,
  `saldo` varchar(255) COLLATE utf8mb4_unicode_ci DEFAULT NULL,
  `created_at` timestamp NULL DEFAULT NULL,
  `updated_at` timestamp NULL DEFAULT NULL,
  `deleted_at` timestamp NULL DEFAULT NULL,
  PRIMARY KEY (`id`)
) ENGINE=InnoDB AUTO_INCREMENT=3 DEFAULT CHARSET=utf8mb4 COLLATE=utf8mb4_unicode_ci;

--
-- Dumping data for table `conta_tipo_saldos`
--

INSERT INTO `conta_tipo_saldos` VALUES (1,'Deudor',NULL,NULL,NULL),(2,'Acreedor',NULL,NULL,NULL);

--
-- Table structure for table `control_cuits_afip`
--

CREATE TABLE `control_cuits_afip` (
  `id` int(10) unsigned NOT NULL AUTO_INCREMENT,
  `user_id` int(10) unsigned DEFAULT NULL,
  `person_id` int(10) unsigned NOT NULL,
  `field_name1` varchar(191) COLLATE utf8mb4_unicode_ci DEFAULT NULL,
  `cuit` varchar(191) COLLATE utf8mb4_unicode_ci DEFAULT NULL,
  `error` varchar(191) COLLATE utf8mb4_unicode_ci DEFAULT NULL,
  `created_at` timestamp NULL DEFAULT NULL,
  `updated_at` timestamp NULL DEFAULT NULL,
  `deleted_at` timestamp NULL DEFAULT NULL,
  PRIMARY KEY (`id`),
  KEY `control_cuits_afip_person_id_foreign` (`person_id`),
  CONSTRAINT `control_cuits_afip_person_id_foreign` FOREIGN KEY (`person_id`) REFERENCES `persons` (`id`)
) ENGINE=InnoDB DEFAULT CHARSET=utf8mb4 COLLATE=utf8mb4_unicode_ci;

--
-- Dumping data for table `control_cuits_afip`
--


--
-- Table structure for table `control_general`
--

CREATE TABLE `control_general` (
  `id` int(10) unsigned NOT NULL AUTO_INCREMENT,
  `description` varchar(180) COLLATE utf8mb4_unicode_ci NOT NULL,
  `class` int(10) unsigned NOT NULL,
  `class_description` varchar(180) COLLATE utf8mb4_unicode_ci NOT NULL,
  `path` varchar(255) COLLATE utf8mb4_unicode_ci DEFAULT NULL,
  `created_at` timestamp NULL DEFAULT NULL,
  `updated_at` timestamp NULL DEFAULT NULL,
  PRIMARY KEY (`id`),
  UNIQUE KEY `control_general_description_unique` (`description`)
) ENGINE=InnoDB AUTO_INCREMENT=6 DEFAULT CHARSET=utf8mb4 COLLATE=utf8mb4_unicode_ci;

--
-- Dumping data for table `control_general`
--

INSERT INTO `control_general` VALUES (1,'Ingresos - Egresos - Resultado',1,'Proyeccion Ganancias','control_general/proyecGanancias',NULL,NULL),(2,'IVA',2,'IVA','control_general/iva',NULL,NULL),(3,'IIBB',3,'IIBB','control_general/iibb',NULL,NULL),(4,'Por Mes',4,'Vto. Impuestos','control_general/vto',NULL,NULL),(5,'Por Impuesto',4,'Vto. Impuestos','control_general/vtoPorImpuestos',NULL,NULL);

--
-- Table structure for table `cpc_nivel_1`
--

CREATE TABLE `cpc_nivel_1` (
  `id` bigint(20) unsigned NOT NULL AUTO_INCREMENT,
  `user_id` int(10) unsigned DEFAULT NULL,
  `person_id` int(10) unsigned NOT NULL,
  `descripcion` varchar(191) COLLATE utf8mb4_unicode_ci NOT NULL,
  `habilitado` tinyint(1) NOT NULL DEFAULT '1',
  `created_at` timestamp NULL DEFAULT NULL,
  `updated_at` timestamp NULL DEFAULT NULL,
  `deleted_at` timestamp NULL DEFAULT NULL,
  PRIMARY KEY (`id`),
  KEY `cpc_nivel_1_person_id_foreign` (`person_id`),
  CONSTRAINT `cpc_nivel_1_person_id_foreign` FOREIGN KEY (`person_id`) REFERENCES `persons` (`id`) ON DELETE CASCADE
) ENGINE=InnoDB DEFAULT CHARSET=utf8mb4 COLLATE=utf8mb4_unicode_ci;

--
-- Dumping data for table `cpc_nivel_1`
--


--
-- Table structure for table `cpc_nivel_2`
--

CREATE TABLE `cpc_nivel_2` (
  `id` bigint(20) unsigned NOT NULL AUTO_INCREMENT,
  `user_id` int(10) unsigned DEFAULT NULL,
  `person_id` int(10) unsigned NOT NULL,
  `cpc_nivel_1_id` bigint(20) unsigned NOT NULL,
  `descripcion` varchar(191) COLLATE utf8mb4_unicode_ci NOT NULL,
  `habilitado` tinyint(1) NOT NULL DEFAULT '1',
  `created_at` timestamp NULL DEFAULT NULL,
  `updated_at` timestamp NULL DEFAULT NULL,
  `deleted_at` timestamp NULL DEFAULT NULL,
  PRIMARY KEY (`id`),
  KEY `cpc_nivel_2_person_id_foreign` (`person_id`),
  KEY `cpc_nivel_2_cpc_nivel_1_id_foreign` (`cpc_nivel_1_id`),
  CONSTRAINT `cpc_nivel_2_cpc_nivel_1_id_foreign` FOREIGN KEY (`cpc_nivel_1_id`) REFERENCES `cpc_nivel_1` (`id`),
  CONSTRAINT `cpc_nivel_2_person_id_foreign` FOREIGN KEY (`person_id`) REFERENCES `persons` (`id`)
) ENGINE=InnoDB DEFAULT CHARSET=utf8mb4 COLLATE=utf8mb4_unicode_ci;

--
-- Dumping data for table `cpc_nivel_2`
--


--
-- Table structure for table `cpc_nivel_2_details`
--

CREATE TABLE `cpc_nivel_2_details` (
  `id` bigint(20) unsigned NOT NULL AUTO_INCREMENT,
  `user_id` int(10) unsigned DEFAULT NULL,
  `person_id` int(10) unsigned NOT NULL,
  `cpc_nivel_2_id` bigint(20) unsigned NOT NULL,
  `cuenta_contable_id` int(10) unsigned NOT NULL,
  `created_at` timestamp NULL DEFAULT NULL,
  `updated_at` timestamp NULL DEFAULT NULL,
  `deleted_at` timestamp NULL DEFAULT NULL,
  PRIMARY KEY (`id`),
  KEY `cpc_nivel_2_details_person_id_foreign` (`person_id`),
  KEY `cpc_nivel_2_details_cpc_nivel_2_id_foreign` (`cpc_nivel_2_id`),
  KEY `cpc_nivel_2_details_cuenta_contable_id_foreign` (`cuenta_contable_id`),
  CONSTRAINT `cpc_nivel_2_details_cpc_nivel_2_id_foreign` FOREIGN KEY (`cpc_nivel_2_id`) REFERENCES `cpc_nivel_2` (`id`),
  CONSTRAINT `cpc_nivel_2_details_cuenta_contable_id_foreign` FOREIGN KEY (`cuenta_contable_id`) REFERENCES `conta_plan_cuenta` (`id`),
  CONSTRAINT `cpc_nivel_2_details_person_id_foreign` FOREIGN KEY (`person_id`) REFERENCES `persons` (`id`)
) ENGINE=InnoDB DEFAULT CHARSET=utf8mb4 COLLATE=utf8mb4_unicode_ci;

--
-- Dumping data for table `cpc_nivel_2_details`
--


--
-- Table structure for table `cpcuenta_types_tc`
--

CREATE TABLE `cpcuenta_types_tc` (
  `id` bigint(20) unsigned NOT NULL AUTO_INCREMENT,
  `user_id` int(10) unsigned DEFAULT NULL,
  `descripcion` text COLLATE utf8mb4_unicode_ci NOT NULL,
  `habilitado` tinyint(1) NOT NULL DEFAULT '1',
  `created_at` timestamp NULL DEFAULT NULL,
  `updated_at` timestamp NULL DEFAULT NULL,
  `deleted_at` timestamp NULL DEFAULT NULL,
  PRIMARY KEY (`id`)
) ENGINE=InnoDB AUTO_INCREMENT=8 DEFAULT CHARSET=utf8mb4 COLLATE=utf8mb4_unicode_ci;

--
-- Dumping data for table `cpcuenta_types_tc`
--

INSERT INTO `cpcuenta_types_tc` VALUES (1,NULL,'Ingresos No Gravados',1,NULL,NULL,NULL),(2,NULL,'Sueldos',1,NULL,NULL,NULL),(3,NULL,'Retenciones de Ganancias',1,NULL,NULL,NULL),(4,NULL,'Anticipos de Ganancias',1,NULL,NULL,NULL),(5,NULL,'Bienes Activados',1,NULL,NULL,NULL),(6,NULL,'Percepciones de IVA',1,NULL,NULL,NULL),(7,NULL,'Percepciones de IIBB',1,NULL,NULL,NULL);

--
-- Table structure for table `cta_cte_cliente`
--

CREATE TABLE `cta_cte_cliente` (
  `id` int(10) unsigned NOT NULL AUTO_INCREMENT,
  `user_id` int(10) unsigned DEFAULT NULL,
  `is_no_fiscal` tinyint(1) DEFAULT '0',
  `user_id_que_firma` int(10) unsigned DEFAULT NULL,
  `numero` bigint(20) DEFAULT NULL,
  `tipo_asiento_id` int(10) unsigned NOT NULL,
  `person_id` int(10) unsigned NOT NULL,
  `person_id_relationed` int(10) unsigned NOT NULL,
  `cta_cte_tesoreria_cuenta_id` int(10) unsigned DEFAULT NULL,
  `period_id` int(10) unsigned NOT NULL,
  `saldo_id` int(10) unsigned NOT NULL,
  `compensado` tinyint(1) NOT NULL DEFAULT '0',
  `fecha` date DEFAULT NULL,
  `fecha_vencimiento` date DEFAULT NULL,
  `total` decimal(16,2) NOT NULL,
  `moneda_id` int(10) unsigned NOT NULL DEFAULT '1',
  `cotizacion` decimal(9,2) NOT NULL DEFAULT '1.00',
  `comentario` varchar(191) COLLATE utf8mb4_unicode_ci DEFAULT NULL,
  `file` varchar(191) COLLATE utf8mb4_unicode_ci DEFAULT NULL,
  `user_cta_cte_id` int(10) unsigned DEFAULT NULL,
  `created_at` timestamp NULL DEFAULT NULL,
  `updated_at` timestamp NULL DEFAULT NULL,
  `deleted_at` timestamp NULL DEFAULT NULL,
  PRIMARY KEY (`id`),
  KEY `cta_cte_cliente_person_id_foreign` (`person_id`),
  KEY `cta_cte_cliente_person_id_relationed_foreign` (`person_id_relationed`),
  KEY `cta_cte_cliente_period_id_foreign` (`period_id`),
  KEY `cta_cte_cliente_saldo_id_foreign` (`saldo_id`),
  KEY `cta_cte_cliente_tipo_asiento_id_foreign` (`tipo_asiento_id`),
  KEY `cta_cte_cliente_cta_cte_tesoreria_cuenta_id_foreign` (`cta_cte_tesoreria_cuenta_id`),
  KEY `cta_cte_cliente_moneda_id_foreign` (`moneda_id`),
  CONSTRAINT `cta_cte_cliente_cta_cte_tesoreria_cuenta_id_foreign` FOREIGN KEY (`cta_cte_tesoreria_cuenta_id`) REFERENCES `cta_cte_tesoreria_cuentas` (`id`),
  CONSTRAINT `cta_cte_cliente_moneda_id_foreign` FOREIGN KEY (`moneda_id`) REFERENCES `monedas` (`id`),
  CONSTRAINT `cta_cte_cliente_period_id_foreign` FOREIGN KEY (`period_id`) REFERENCES `periods` (`id`),
  CONSTRAINT `cta_cte_cliente_person_id_foreign` FOREIGN KEY (`person_id`) REFERENCES `persons` (`id`),
  CONSTRAINT `cta_cte_cliente_person_id_relationed_foreign` FOREIGN KEY (`person_id_relationed`) REFERENCES `persons` (`id`),
  CONSTRAINT `cta_cte_cliente_saldo_id_foreign` FOREIGN KEY (`saldo_id`) REFERENCES `conta_tipo_saldos` (`id`),
  CONSTRAINT `cta_cte_cliente_tipo_asiento_id_foreign` FOREIGN KEY (`tipo_asiento_id`) REFERENCES `conta_tipo_asientos` (`id`)
) ENGINE=InnoDB AUTO_INCREMENT=5786 DEFAULT CHARSET=utf8mb4 COLLATE=utf8mb4_unicode_ci;

--
-- Dumping data for table `cta_cte_cliente`
--

INSERT INTO `cta_cte_cliente` VALUES (1,3022,0,NULL,1,3,40720,40823,57,1530,2,0,'2021-04-13','2021-04-13',6629.76,1,1.00,'Factura A N°: 0124-00011392',NULL,NULL,'2021-05-28 13:27:19','2021-05-28 13:27:19',NULL),(2,3022,0,NULL,2,3,40720,40824,57,1530,2,0,'2021-04-01','2021-04-01',2002.00,1,1.00,'Factura B N°: 0005-00117071',NULL,NULL,'2021-05-28 14:46:15','2021-05-28 14:46:15',NULL),(3,3022,0,NULL,3,3,40720,40825,57,1530,2,0,'2021-04-01','2021-04-01',2994.83,1,1.00,'Factura A N°: 1007-03162260',NULL,NULL,'2021-05-28 14:46:15','2021-05-28 14:46:15',NULL),(4,3022,0,NULL,4,3,40720,40826,57,1530,1,0,'2021-04-01','2021-04-01',225.06,1,1.00,'Nota de crédito A N°: 0001-00001399',NULL,NULL,'2021-05-28 14:46:15','2021-05-28 14:46:15',NULL),(5,3022,0,NULL,5,3,40720,40827,57,1530,2,0,'2021-04-05','2021-04-05',1649.85,1,1.00,'Factura A N°: 0020-00001222',NULL,NULL,'2021-05-28 14:46:15','2021-05-28 14:46:15',NULL),(6,3022,0,NULL,6,3,40720,40828,57,1530,2,0,'2021-04-05','2021-04-05',32276.09,1,1.00,'Factura A N°: 0011-00173180',NULL,NULL,'2021-05-28 14:46:15','2021-05-28 14:46:15',NULL),(7,3022,0,NULL,7,3,40720,40829,57,1530,2,0,'2021-04-05','2021-04-05',1377.65,1,1.00,'Factura A N°: 0005-00003574',NULL,NULL,'2021-05-28 14:46:15','2021-05-28 14:46:15',NULL),(8,3022,0,NULL,8,3,40720,40830,57,1530,2,0,'2021-04-05','2021-04-05',2279.99,1,1.00,'Factura A N°: 0002-00024670',NULL,NULL,'2021-05-28 14:46:15','2021-05-28 14:46:15',NULL),(9,3022,0,NULL,9,3,40720,40831,57,1530,2,0,'2021-04-06','2021-04-06',23481.25,1,1.00,'Factura A N°: 0008-00000631',NULL,NULL,'2021-05-28 14:46:15','2021-05-28 14:46:15',NULL),(10,3022,0,NULL,10,3,40720,40832,57,1530,2,0,'2021-04-06','2021-04-06',822.19,1,1.00,'Factura A N°: 0003-00118201',NULL,NULL,'2021-05-28 14:46:15','2021-05-28 14:46:15',NULL),(11,3022,0,NULL,11,3,40720,40833,57,1530,2,0,'2021-04-07','2021-04-07',1847.39,1,1.00,'Factura A N°: 0003-00093586',NULL,NULL,'2021-05-28 14:46:15','2021-05-28 14:46:15',NULL),(12,3022,0,NULL,12,3,40720,40832,57,1530,1,0,'2021-04-08','2021-04-08',265.50,1,1.00,'Nota de crédito A N°: 0003-00008350',NULL,NULL,'2021-05-28 14:46:15','2021-05-28 14:46:15',NULL),(13,3022,0,NULL,13,3,40720,40832,57,1530,2,0,'2021-04-09','2021-04-09',15631.68,1,1.00,'Factura A N°: 0003-00118609',NULL,NULL,'2021-05-28 14:46:15','2021-05-28 14:46:15',NULL),(14,3022,0,NULL,14,3,40720,40829,57,1530,2,0,'2021-04-09','2021-04-09',562.83,1,1.00,'Factura A N°: 0005-00003583',NULL,NULL,'2021-05-28 14:46:15','2021-05-28 14:46:15',NULL),(15,3022,0,NULL,15,3,40720,40833,57,1530,2,0,'2021-04-09','2021-04-09',2013.99,1,1.00,'Factura A N°: 0003-00093721',NULL,NULL,'2021-05-28 14:46:15','2021-05-28 14:46:15',NULL),(16,3022,0,NULL,16,3,40720,40834,57,1530,2,0,'2021-04-10','2021-04-10',2246.29,1,1.00,'Factura A N°: 0010-00063340',NULL,NULL,'2021-05-28 14:46:15','2021-05-28 14:46:15',NULL),(17,3022,0,NULL,17,3,40720,40827,57,1530,2,0,'2021-04-12','2021-04-12',4808.16,1,1.00,'Factura A N°: 0020-00001253',NULL,NULL,'2021-05-28 14:46:15','2021-05-28 14:46:15',NULL),(18,3022,0,NULL,18,3,40720,40828,57,1530,2,0,'2021-04-12','2021-04-12',20779.07,1,1.00,'Factura A N°: 0011-00173872',NULL,NULL,'2021-05-28 14:46:15','2021-05-28 14:46:15',NULL),(19,3022,0,NULL,19,3,40720,40830,57,1530,2,0,'2021-04-12','2021-04-12',2568.55,1,1.00,'Factura A N°: 0002-00024776',NULL,NULL,'2021-05-28 14:46:15','2021-05-28 14:46:15',NULL),(20,3022,0,NULL,20,3,40720,40831,57,1530,2,0,'2021-04-13','2021-04-13',27072.50,1,1.00,'Factura A N°: 0008-00000727',NULL,NULL,'2021-05-28 14:46:15','2021-05-28 14:46:15',NULL),(21,3022,0,NULL,21,3,40720,40832,57,1530,2,0,'2021-04-13','2021-04-13',1308.81,1,1.00,'Factura A N°: 0003-00118822',NULL,NULL,'2021-05-28 14:46:15','2021-05-28 14:46:15',NULL),(22,3022,0,NULL,22,3,40720,40832,57,1530,2,0,'2021-04-13','2021-04-13',885.55,1,1.00,'Factura A N°: 0003-00118828',NULL,NULL,'2021-05-28 14:46:15','2021-05-28 14:46:15',NULL);
INSERT INTO `cta_cte_cliente` VALUES (23,3022,0,NULL,23,3,40720,40826,57,1530,2,0,'2021-04-14','2021-04-14',2570.00,1,1.00,'Factura A N°: 0001-00005801',NULL,NULL,'2021-05-28 14:46:15','2021-05-28 14:46:15',NULL),(24,3022,0,NULL,24,3,40720,40835,57,1530,2,0,'2021-04-14','2021-04-14',1084.31,1,1.00,'Factura A N°: 0004-00035650',NULL,NULL,'2021-05-28 14:46:16','2021-05-28 14:46:16',NULL),(25,3022,0,NULL,25,3,40720,40829,57,1530,2,0,'2021-04-14','2021-04-14',1700.65,1,1.00,'Factura A N°: 0005-00003587',NULL,NULL,'2021-05-28 14:46:16','2021-05-28 14:46:16',NULL),(26,3022,0,NULL,26,3,40720,40832,57,1530,2,0,'2021-04-14','2021-04-14',1240.48,1,1.00,'Factura A N°: 0003-00118940',NULL,NULL,'2021-05-28 14:46:16','2021-05-28 14:46:16',NULL),(27,3022,0,NULL,27,3,40720,40832,57,1530,2,0,'2021-04-14','2021-04-14',4533.74,1,1.00,'Factura A N°: 0003-00118941',NULL,NULL,'2021-05-28 14:46:16','2021-05-28 14:46:16',NULL),(28,3022,0,NULL,28,3,40720,40836,57,1530,2,0,'2021-04-14','2021-04-14',2799.97,1,1.00,'Factura A N°: 0010-00083377',NULL,NULL,'2021-05-28 14:46:16','2021-05-28 14:46:16',NULL),(29,3022,0,NULL,29,3,40720,40834,57,1530,1,0,'2021-04-14','2021-04-14',6842.76,1,1.00,'Nota de crédito A N°: 0010-00006241',NULL,NULL,'2021-05-28 14:46:16','2021-05-28 14:46:16',NULL),(30,3022,0,NULL,30,3,40720,40834,57,1530,2,0,'2021-04-14','2021-04-14',6842.76,1,1.00,'Factura A N°: 0010-00063439',NULL,NULL,'2021-05-28 14:46:16','2021-05-28 14:46:16',NULL),(31,3022,0,NULL,31,3,40720,40833,57,1530,2,0,'2021-04-14','2021-04-14',2179.74,1,1.00,'Factura A N°: 0003-00093859',NULL,NULL,'2021-05-28 14:46:16','2021-05-28 14:46:16',NULL),(32,3022,0,NULL,32,3,40720,40832,57,1530,2,0,'2021-04-15','2021-04-15',2379.39,1,1.00,'Factura A N°: 0003-00119088',NULL,NULL,'2021-05-28 14:46:16','2021-05-28 14:46:16',NULL),(33,3022,0,NULL,33,3,40720,40837,57,1530,2,0,'2021-04-15','2021-04-15',1181.70,1,1.00,'Factura A N°: 0005-00132338',NULL,NULL,'2021-05-28 14:46:16','2021-05-28 14:46:16',NULL),(34,3022,0,NULL,34,3,40720,40834,57,1530,2,0,'2021-04-17','2021-04-17',7094.91,1,1.00,'Factura A N°: 0010-00063599',NULL,NULL,'2021-05-28 14:46:16','2021-05-28 14:46:16',NULL),(35,3022,0,NULL,35,3,40720,40827,57,1530,2,0,'2021-04-19','2021-04-19',1692.00,1,1.00,'Factura A N°: 0020-00001285',NULL,NULL,'2021-05-28 14:46:16','2021-05-28 14:46:16',NULL),(36,3022,0,NULL,36,3,40720,40828,57,1530,2,0,'2021-04-19','2021-04-19',46471.53,1,1.00,'Factura A N°: 0011-00174567',NULL,NULL,'2021-05-28 14:46:16','2021-05-28 14:46:16',NULL),(37,3022,0,NULL,37,3,40720,40830,57,1530,2,0,'2021-04-19','2021-04-19',3917.00,1,1.00,'Factura A N°: 0002-00024880',NULL,NULL,'2021-05-28 14:46:16','2021-05-28 14:46:16',NULL),(38,3022,0,NULL,38,3,40720,40823,57,1530,2,0,'2021-04-19','2021-04-19',1861.85,1,1.00,'Factura A N°: 0123-00057085',NULL,NULL,'2021-05-28 14:46:16','2021-05-28 14:46:16',NULL),(39,3022,0,NULL,39,3,40720,40837,57,1530,2,0,'2021-04-19','2021-04-19',913.25,1,1.00,'Factura A N°: 0005-00132506',NULL,NULL,'2021-05-28 14:46:16','2021-05-28 14:46:16',NULL),(40,3022,0,NULL,40,3,40720,40832,57,1530,2,0,'2021-04-20','2021-04-20',4496.92,1,1.00,'Factura A N°: 0003-00119387',NULL,NULL,'2021-05-28 14:46:16','2021-05-28 14:46:16',NULL),(41,3022,0,NULL,41,3,40720,40838,57,1530,2,0,'2021-04-21','2021-04-21',2761.51,1,1.00,'Factura A N°: 0002-00054294',NULL,NULL,'2021-05-28 14:46:16','2021-05-28 14:46:16',NULL),(42,3022,0,NULL,42,3,40720,40838,57,1530,2,0,'2021-04-21','2021-04-21',0.01,1,1.00,'Factura A N°: 0002-00054295',NULL,NULL,'2021-05-28 14:46:16','2021-05-28 14:46:16',NULL),(43,3022,0,NULL,43,3,40720,40839,57,1530,2,0,'2021-04-21','2021-04-21',2132.02,1,1.00,'Factura A N°: 0021-00018132',NULL,NULL,'2021-05-28 14:46:16','2021-05-28 14:46:16',NULL),(44,3022,0,NULL,44,3,40720,40836,57,1530,2,0,'2021-04-21','2021-04-21',2789.73,1,1.00,'Factura A N°: 0010-00083714',NULL,NULL,'2021-05-28 14:46:16','2021-05-28 14:46:16',NULL);
INSERT INTO `cta_cte_cliente` VALUES (45,3022,0,NULL,45,3,40720,40836,57,1530,2,0,'2021-04-21','2021-04-21',2743.95,1,1.00,'Factura A N°: 0010-00083713',NULL,NULL,'2021-05-28 14:46:16','2021-05-28 14:56:07','2021-05-28 14:56:07'),(46,3022,0,NULL,46,3,40720,40837,57,1530,1,0,'2021-04-21','2021-04-21',913.25,1,1.00,'Nota de crédito A N°: 0005-00009808',NULL,NULL,'2021-05-28 14:46:16','2021-05-28 14:46:16',NULL),(47,3022,0,NULL,47,3,40720,40833,57,1530,2,0,'2021-04-21','2021-04-21',9312.49,1,1.00,'Factura A N°: 0003-00094135',NULL,NULL,'2021-05-28 14:46:16','2021-05-28 14:46:16',NULL),(48,3022,0,NULL,48,3,40720,40838,57,1530,1,0,'2021-04-22','2021-04-22',228.61,1,1.00,'Nota de crédito A N°: 0002-00007555',NULL,NULL,'2021-05-28 14:46:16','2021-05-28 14:46:16',NULL),(49,3022,0,NULL,49,3,40720,40830,57,1530,2,0,'2021-04-22','2021-04-22',2231.02,1,1.00,'Factura A N°: 0002-00024950',NULL,NULL,'2021-05-28 14:46:16','2021-05-28 14:46:16',NULL),(50,3022,0,NULL,50,3,40720,40829,57,1530,2,0,'2021-04-23','2021-04-23',1407.71,1,1.00,'Factura A N°: 0005-00003607',NULL,NULL,'2021-05-28 14:46:16','2021-05-28 14:46:16',NULL),(51,3022,0,NULL,51,3,40720,40832,57,1530,2,0,'2021-04-23','2021-04-23',4659.65,1,1.00,'Factura A N°: 0003-00119774',NULL,NULL,'2021-05-28 14:46:16','2021-05-28 14:46:16',NULL),(52,3022,0,NULL,52,3,40720,40832,57,1530,2,0,'2021-04-23','2021-04-23',1679.90,1,1.00,'Factura A N°: 0003-00119775',NULL,NULL,'2021-05-28 14:46:16','2021-05-28 14:46:16',NULL),(53,3022,0,NULL,53,3,40720,40834,57,1530,2,0,'2021-04-24','2021-04-24',3317.72,1,1.00,'Factura A N°: 0010-00063879',NULL,NULL,'2021-05-28 14:46:16','2021-05-28 14:46:16',NULL),(54,3022,0,NULL,54,3,40720,40828,57,1530,2,0,'2021-04-26','2021-04-26',48694.28,1,1.00,'Factura A N°: 0011-00175262',NULL,NULL,'2021-05-28 14:46:16','2021-05-28 14:46:16',NULL),(55,3022,0,NULL,55,3,40720,40830,57,1530,2,0,'2021-04-26','2021-04-26',859.51,1,1.00,'Factura A N°: 0002-00024979',NULL,NULL,'2021-05-28 14:46:16','2021-05-28 14:46:16',NULL),(56,3022,0,NULL,56,3,40720,40827,57,1530,2,0,'2021-04-27','2021-04-27',775.00,1,1.00,'Factura A N°: 0020-00001318',NULL,NULL,'2021-05-28 14:46:16','2021-05-28 14:46:16',NULL),(57,3022,0,NULL,57,3,40720,40832,57,1530,2,0,'2021-04-27','2021-04-27',5441.55,1,1.00,'Factura A N°: 0003-00119983',NULL,NULL,'2021-05-28 14:46:16','2021-05-28 14:46:16',NULL),(58,3022,0,NULL,58,3,40720,40839,57,1530,2,0,'2021-04-28','2021-04-28',3392.22,1,1.00,'Factura A N°: 0021-00018199',NULL,NULL,'2021-05-28 14:46:16','2021-05-28 14:46:16',NULL),(59,3022,0,NULL,59,3,40720,40840,57,1530,2,0,'2021-04-28','2021-04-28',5214.96,1,1.00,'Factura A N°: 0002-00119668',NULL,NULL,'2021-05-28 14:46:16','2021-05-28 14:46:16',NULL),(60,3022,0,NULL,60,3,40720,40835,57,1530,2,0,'2021-04-28','2021-04-28',3175.42,1,1.00,'Factura A N°: 0004-00036065',NULL,NULL,'2021-05-28 14:46:16','2021-05-28 14:46:16',NULL),(61,3022,0,NULL,61,3,40720,40836,57,1530,2,0,'2021-04-28','2021-04-28',8192.97,1,1.00,'Factura A N°: 0010-00084054',NULL,NULL,'2021-05-28 14:46:16','2021-05-28 14:46:16',NULL),(62,3022,0,NULL,62,3,40720,40833,57,1530,2,0,'2021-04-28','2021-04-28',6898.34,1,1.00,'Factura A N°: 0003-00094442',NULL,NULL,'2021-05-28 14:46:16','2021-05-28 14:46:16',NULL),(63,3022,0,NULL,63,3,40720,40834,57,1530,1,0,'2021-04-28','2021-04-28',411.40,1,1.00,'Nota de crédito A N°: 0010-00006281',NULL,NULL,'2021-05-28 14:46:16','2021-05-28 14:46:16',NULL),(64,3022,0,NULL,64,3,40720,40834,57,1530,2,0,'2021-04-28','2021-04-28',2460.37,1,1.00,'Factura A N°: 0010-00064014',NULL,NULL,'2021-05-28 14:46:16','2021-05-28 14:46:16',NULL),(65,3022,0,NULL,65,3,40720,40832,57,1530,2,0,'2021-04-29','2021-04-29',214.71,1,1.00,'Factura A N°: 0003-00120241',NULL,NULL,'2021-05-28 14:46:17','2021-05-28 14:46:17',NULL),(66,3022,0,NULL,66,3,40720,40832,57,1530,2,0,'2021-04-29','2021-04-29',1108.26,1,1.00,'Factura A N°: 0003-00120242',NULL,NULL,'2021-05-28 14:46:17','2021-05-28 14:46:17',NULL);
INSERT INTO `cta_cte_cliente` VALUES (67,3022,0,NULL,67,3,40720,40841,57,1530,2,0,'2021-04-29','2021-04-29',3500.00,1,1.00,'Factura B N°: 0008-00000673',NULL,NULL,'2021-05-28 14:46:17','2021-05-28 14:46:17',NULL),(68,3022,0,NULL,68,3,40720,40842,57,1530,2,0,'2021-04-30','2021-04-30',1066.28,1,1.00,'Factura A N°: 0003-00001867',NULL,NULL,'2021-05-28 14:46:17','2021-05-28 14:46:17',NULL),(69,3022,0,NULL,69,3,40720,40843,57,1530,2,0,'2021-04-30','2021-04-30',40028.62,1,1.00,'Factura A N°: 0004-00002859',NULL,NULL,'2021-05-28 14:46:17','2021-05-28 14:46:17',NULL),(70,3022,0,NULL,70,3,40720,40829,57,1530,2,0,'2021-04-30','2021-04-30',853.05,1,1.00,'Factura A N°: 0005-00003625',NULL,NULL,'2021-05-28 14:46:17','2021-05-28 14:46:17',NULL),(71,3022,0,NULL,71,3,40720,40832,57,1530,2,0,'2021-04-30','2021-04-30',5046.73,1,1.00,'Factura A N°: 0003-00120322',NULL,NULL,'2021-05-28 14:46:17','2021-05-28 14:46:17',NULL),(72,3022,0,NULL,72,3,40720,40844,57,1530,2,0,'2021-04-30','2021-04-30',1149.00,1,1.00,'Factura C N°: 0003-00000616',NULL,NULL,'2021-05-28 14:46:17','2021-05-28 14:46:17',NULL),(73,3022,0,NULL,73,3,40720,40836,57,1530,2,0,'2021-04-21','2021-04-21',2743.96,1,1.00,'Factura A N°: 0010-00083713',NULL,NULL,'2021-05-28 14:56:07','2021-05-28 14:56:07',NULL),(74,3022,0,NULL,74,2,40720,40718,13,1530,1,0,'2021-04-01','2021-04-01',17146.34,1,1.00,'Tique (Informe Diario Z) N°: 0004-00000220',NULL,NULL,'2021-05-28 15:10:20','2021-05-28 20:37:45','2021-05-28 20:37:45'),(75,3022,0,NULL,75,2,40720,40718,13,1530,1,0,'2021-04-04','2021-04-04',8460.66,1,1.00,'Tique (Informe Diario Z) N°: 0004-00000221',NULL,NULL,'2021-05-28 15:12:37','2021-05-28 20:38:06','2021-05-28 20:38:06'),(76,3022,0,NULL,76,2,40720,40718,13,1530,1,0,'2021-04-06','2021-04-06',17096.67,1,1.00,'Tique (Informe Diario Z) N°: 0004-00000222',NULL,NULL,'2021-05-28 15:16:05','2021-05-28 20:38:12','2021-05-28 20:38:12'),(77,3022,0,NULL,77,2,40720,40718,13,1530,1,0,'2021-04-07','2021-04-07',16148.80,1,1.00,'Tique (Informe Diario Z) N°: 0004-00000223',NULL,NULL,'2021-05-28 15:17:23','2021-05-28 20:41:16','2021-05-28 20:41:16'),(78,3022,0,NULL,78,2,40720,40718,13,1530,1,0,'2021-04-08','2021-04-08',18196.43,1,1.00,'Tique (Informe Diario Z) N°: 0004-00000224',NULL,NULL,'2021-05-28 15:18:24','2021-05-28 20:41:22','2021-05-28 20:41:22'),(79,3022,0,NULL,79,2,40720,40718,13,1530,1,0,'2021-04-09','2021-04-09',17611.00,1,1.00,'Tique (Informe Diario Z) N°: 0004-00000225',NULL,NULL,'2021-05-28 15:19:42','2021-05-28 20:42:06','2021-05-28 20:42:06'),(80,3022,0,NULL,80,2,40720,40718,13,1530,1,0,'2021-04-11','2021-04-11',12233.59,1,1.00,'Tique (Informe Diario Z) N°: 0004-00000226',NULL,NULL,'2021-05-28 15:21:51','2021-05-28 20:42:00','2021-05-28 20:42:00'),(81,3022,0,NULL,81,2,40720,40718,13,1530,1,0,'2021-04-12','2021-04-12',8875.46,1,1.00,'Tique (Informe Diario Z) N°: 0004-00000227',NULL,NULL,'2021-05-28 15:22:49','2021-05-28 20:42:19','2021-05-28 20:42:19'),(82,3022,0,NULL,82,2,40720,40718,13,1530,1,0,'2021-04-14','2021-04-14',19574.38,1,1.00,'Tique (Informe Diario Z) N°: 0004-00000228',NULL,NULL,'2021-05-28 15:24:11','2021-05-28 15:52:21','2021-05-28 15:52:21'),(83,3022,0,NULL,83,2,40720,40718,13,1530,1,0,'2021-04-15','2021-04-15',11616.71,1,1.00,'Tique (Informe Diario Z) N°: 0004-00000229',NULL,NULL,'2021-05-28 15:25:02','2021-05-28 15:53:16','2021-05-28 15:53:16'),(84,3022,0,NULL,84,2,40720,40718,13,1530,1,0,'2021-04-16','2021-04-16',17165.99,1,1.00,'Tique (Informe Diario Z) N°: 0004-00000230',NULL,NULL,'2021-05-28 15:26:43','2021-05-28 15:54:32','2021-05-28 15:54:32'),(85,3022,0,NULL,85,2,40720,40718,13,1530,1,0,'2021-04-17','2021-04-17',11005.73,1,1.00,'Tique (Informe Diario Z) N°: 0004-00000231',NULL,NULL,'2021-05-28 15:27:35','2021-05-28 20:39:47','2021-05-28 20:39:47'),(86,3022,0,NULL,86,2,40720,40718,13,1530,1,0,'2021-04-18','2021-04-18',16514.76,1,1.00,'Tique (Informe Diario Z) N°: 0004-00000232',NULL,NULL,'2021-05-28 15:28:42','2021-05-28 20:40:53','2021-05-28 20:40:53');
INSERT INTO `cta_cte_cliente` VALUES (87,3022,0,NULL,87,2,40720,40718,13,1530,1,0,'2021-04-20','2021-04-20',17239.62,1,1.00,'Tique (Informe Diario Z) N°: 0004-00000233',NULL,NULL,'2021-05-28 15:29:53','2021-05-28 20:40:48','2021-05-28 20:40:48'),(88,3022,0,NULL,88,2,40720,40718,13,1530,1,0,'2021-04-21','2021-04-21',15214.39,1,1.00,'Tique (Informe Diario Z) N°: 0004-00000234',NULL,NULL,'2021-05-28 15:31:10','2021-05-28 20:40:43','2021-05-28 20:40:43'),(89,3022,0,NULL,89,2,40720,40718,13,1530,1,0,'2021-04-22','2021-04-22',17593.25,1,1.00,'Tique (Informe Diario Z) N°: 0004-00000235',NULL,NULL,'2021-05-28 15:32:15','2021-05-28 20:39:39','2021-05-28 20:39:39'),(90,3022,0,NULL,90,2,40720,40718,13,1530,1,0,'2021-04-24','2021-04-24',18228.03,1,1.00,'Tique (Informe Diario Z) N°: 0004-00000236',NULL,NULL,'2021-05-28 15:33:12','2021-05-28 20:40:38','2021-05-28 20:40:38'),(91,3022,0,NULL,91,2,40720,40718,13,1530,1,0,'2021-04-27','2021-04-27',19688.20,1,1.00,'Tique (Informe Diario Z) N°: 0004-00000237',NULL,NULL,'2021-05-28 15:34:11','2021-05-28 20:39:29','2021-05-28 20:39:29'),(92,3022,0,NULL,92,2,40720,40718,13,1530,1,0,'2021-04-29','2021-04-29',16893.24,1,1.00,'Tique (Informe Diario Z) N°: 0004-00000238',NULL,NULL,'2021-05-28 15:35:11','2021-05-28 20:39:23','2021-05-28 20:39:23'),(93,3022,0,NULL,93,2,40720,40718,13,1530,1,0,'2021-04-30','2021-04-30',17573.05,1,1.00,'Tique (Informe Diario Z) N°: 0004-00000239',NULL,NULL,'2021-05-28 15:36:09','2021-05-28 20:39:17','2021-05-28 20:39:17'),(94,3022,0,NULL,94,2,40720,40718,13,1530,1,0,'2021-04-14','2021-04-14',0.01,1,1.00,'Tique (Informe Diario Z) N°: 0004-00000228',NULL,NULL,'2021-05-28 15:52:21','2021-05-28 20:41:48','2021-05-28 20:41:48'),(95,3022,0,NULL,95,2,40720,40718,13,1530,1,0,'2021-04-15','2021-04-15',12012.24,1,1.00,'Tique (Informe Diario Z) N°: 0004-00000229',NULL,NULL,'2021-05-28 15:53:16','2021-05-28 15:53:39','2021-05-28 15:53:39'),(96,3022,0,NULL,96,2,40720,40718,13,1530,1,0,'2021-04-15','2021-04-15',19574.38,1,1.00,'Tique (Informe Diario Z) N°: 0004-00000229',NULL,NULL,'2021-05-28 15:53:39','2021-05-28 20:40:58','2021-05-28 20:40:58'),(97,3022,0,NULL,97,2,40720,40718,13,1530,1,0,'2021-04-16','2021-04-16',11616.71,1,1.00,'Tique (Informe Diario Z) N°: 0004-00000230',NULL,NULL,'2021-05-28 15:54:32','2021-05-28 20:39:55','2021-05-28 20:39:55'),(98,3022,0,NULL,98,2,40720,40718,13,1530,1,0,'2021-04-01','2021-04-01',3405.74,1,1.00,'Tique (Informe Diario Z) N°: 0003-00000220',NULL,NULL,'2021-05-28 20:44:51','2021-05-28 21:12:45','2021-05-28 21:12:45'),(99,3022,0,NULL,99,2,40720,40718,13,1530,1,0,'2021-04-04','2021-04-04',1662.42,1,1.00,'Tique (Informe Diario Z) N°: 0003-00000221',NULL,NULL,'2021-05-28 20:45:45','2021-05-28 21:13:53','2021-05-28 21:13:53'),(100,3022,0,NULL,100,2,40720,40718,13,1530,1,0,'2021-04-06','2021-04-06',3526.35,1,1.00,'Tique (Informe Diario Z) N°: 0003-00000222',NULL,NULL,'2021-05-28 20:46:23','2021-05-28 21:14:51','2021-05-28 21:14:51'),(101,3022,0,NULL,101,2,40720,40718,13,1530,1,0,'2021-04-07','2021-04-07',3086.32,1,1.00,'Tique (Informe Diario Z) N°: 0003-00000223',NULL,NULL,'2021-05-28 20:48:14','2021-05-28 21:15:41','2021-05-28 21:15:41'),(102,3022,0,NULL,102,2,40720,40718,13,1530,1,0,'2021-04-08','2021-04-08',3728.60,1,1.00,'Tique (Informe Diario Z) N°: 0003-00000224',NULL,NULL,'2021-05-28 20:48:53','2021-05-28 21:16:27','2021-05-28 21:16:27'),(103,3022,0,NULL,103,2,40720,40718,13,1530,1,0,'2021-04-09','2021-04-09',3559.12,1,1.00,'Tique (Informe Diario Z) N°: 0003-00000225',NULL,NULL,'2021-05-28 20:49:12','2021-05-28 21:17:06','2021-05-28 21:17:06'),(104,3022,0,NULL,104,2,40720,40718,13,1530,1,0,'2021-04-11','2021-04-11',2390.50,1,1.00,'Tique (Informe Diario Z) N°: 0003-00000226',NULL,NULL,'2021-05-28 20:49:52','2021-05-28 21:17:50','2021-05-28 21:17:50'),(105,3022,0,NULL,105,2,40720,40718,13,1530,1,0,'2021-04-12','2021-04-12',1765.60,1,1.00,'Tique (Informe Diario Z) N°: 0003-00000227',NULL,NULL,'2021-05-28 20:50:28','2021-05-28 21:18:24','2021-05-28 21:18:24');
INSERT INTO `cta_cte_cliente` VALUES (106,3022,0,NULL,106,2,40720,40718,13,1530,1,0,'2021-04-12','2021-04-12',0.01,1,1.00,'Tique (Informe Diario Z) N°: 0003-00000228',NULL,NULL,'2021-05-28 20:50:48','2021-05-28 20:52:13','2021-05-28 20:52:13'),(107,3022,0,NULL,107,2,40720,40718,13,1530,1,0,'2021-04-13','2021-04-13',0.01,1,1.00,'Tique (Informe Diario Z) N°: 0003-00000228',NULL,NULL,'2021-05-28 20:52:13','2021-05-28 21:19:17','2021-05-28 21:19:17'),(108,3022,0,NULL,108,2,40720,40718,13,1530,1,0,'2021-04-14','2021-04-14',3961.72,1,1.00,'Tique (Informe Diario Z) N°: 0003-00000229',NULL,NULL,'2021-05-28 20:53:53','2021-05-28 21:20:32','2021-05-28 21:20:32'),(109,3022,0,NULL,109,2,40720,40718,13,1530,1,0,'2021-04-15','2021-04-15',2332.14,1,1.00,'Tique (Informe Diario Z) N°: 0003-00000230',NULL,NULL,'2021-05-28 20:55:57','2021-05-28 21:21:10','2021-05-28 21:21:10'),(110,3022,0,NULL,110,2,40720,40718,13,1530,1,0,'2021-04-16','2021-04-16',3389.15,1,1.00,'Tique (Informe Diario Z) N°: 0003-00000231',NULL,NULL,'2021-05-28 20:56:36','2021-05-28 21:21:48','2021-05-28 21:21:48'),(111,3022,0,NULL,111,2,40720,40718,13,1530,1,0,'2021-04-17','2021-04-17',2259.41,1,1.00,'Tique (Informe Diario Z) N°: 0003-00000232',NULL,NULL,'2021-05-28 20:57:08','2021-05-28 21:23:17','2021-05-28 21:23:17'),(112,3022,0,NULL,112,2,40720,40718,13,1530,1,0,'2021-04-18','2021-04-18',3351.41,1,1.00,'Tique (Informe Diario Z) N°: 0003-00000233',NULL,NULL,'2021-05-28 20:58:31','2021-05-28 21:24:25','2021-05-28 21:24:25'),(113,3022,0,NULL,113,2,40720,40718,13,1530,1,0,'2021-04-20','2021-04-20',3507.34,1,1.00,'Tique (Informe Diario Z) N°: 0003-00000234',NULL,NULL,'2021-05-28 20:58:57','2021-05-28 21:25:12','2021-05-28 21:25:12'),(114,3022,0,NULL,114,2,40720,40718,13,1530,1,0,'2021-04-21','2021-04-21',3170.70,1,1.00,'Tique (Informe Diario Z) N°: 0003-00000235',NULL,NULL,'2021-05-28 20:59:14','2021-05-28 21:25:45','2021-05-28 21:25:45'),(115,3022,0,NULL,115,2,40720,40718,13,1530,1,0,'2021-04-22','2021-04-22',3632.82,1,1.00,'Tique (Informe Diario Z) N°: 0003-00000236',NULL,NULL,'2021-05-28 20:59:50','2021-05-28 21:26:32','2021-05-28 21:26:32'),(116,3022,0,NULL,116,2,40720,40718,13,1530,1,0,'2021-04-24','2021-04-24',3584.15,1,1.00,'Tique (Informe Diario Z) N°: 0003-00000237',NULL,NULL,'2021-05-28 21:00:18','2021-05-28 21:27:00','2021-05-28 21:27:00'),(117,3022,0,NULL,117,2,40720,40718,13,1530,1,0,'2021-04-27','2021-04-27',3743.03,1,1.00,'Tique (Informe Diario Z) N°: 0003-00000238',NULL,NULL,'2021-05-28 21:00:50','2021-05-28 21:27:49','2021-05-28 21:27:49'),(118,3022,0,NULL,118,2,40720,40718,13,1530,1,0,'2021-04-28','2021-04-28',36.07,1,1.00,'Tique (Informe Diario Z) N°: 0003-00000239',NULL,NULL,'2021-05-28 21:01:00','2021-05-28 21:01:26','2021-05-28 21:01:26'),(119,3022,0,NULL,119,2,40720,40718,13,1530,1,0,'2021-04-28','2021-04-28',3828.42,1,1.00,'Tique (Informe Diario Z) N°: 0003-00000239',NULL,NULL,'2021-05-28 21:01:26','2021-05-28 21:29:27','2021-05-28 21:29:27'),(120,3022,0,NULL,120,2,40720,40718,13,1530,1,0,'2021-04-29','2021-04-29',3431.75,1,1.00,'Tique (Informe Diario Z) N°: 0003-00000240',NULL,NULL,'2021-05-28 21:03:18','2021-05-28 21:29:59','2021-05-28 21:29:59'),(121,3022,0,NULL,121,2,40720,40718,13,1530,1,0,'2021-04-30','2021-04-30',3425.03,1,1.00,'Tique (Informe Diario Z) N°: 0003-00000241',NULL,NULL,'2021-05-28 21:03:45','2021-05-28 21:09:26','2021-05-28 21:09:26'),(122,3022,0,NULL,122,2,40720,40718,13,1530,1,0,'2021-04-30','2021-04-30',15311.60,1,1.00,'Tique (Informe Diario Z) N°: 0003-00000241',NULL,NULL,'2021-05-28 21:09:26','2021-05-28 21:09:46','2021-05-28 21:09:46'),(123,3022,0,NULL,123,2,40720,40718,13,1530,1,0,'2021-04-30','2021-04-30',17573.05,1,1.00,'Tique (Informe Diario Z) N°: 0003-00000241',NULL,NULL,'2021-05-28 21:09:46','2021-05-28 22:09:06','2021-05-28 22:09:06'),(124,3022,0,NULL,124,2,40720,40718,13,1530,1,0,'2021-04-01','2021-04-01',17086.95,1,1.00,'Tique (Informe Diario Z) N°: 0003-00000220',NULL,NULL,'2021-05-28 21:12:45','2021-05-31 12:49:53','2021-05-31 12:49:53');
INSERT INTO `cta_cte_cliente` VALUES (125,3022,0,NULL,125,2,40720,40718,13,1530,1,0,'2021-04-04','2021-04-04',8460.66,1,1.00,'Tique (Informe Diario Z) N°: 0003-00000221',NULL,NULL,'2021-05-28 21:13:53','2021-05-31 12:55:33','2021-05-31 12:55:33'),(126,3022,0,NULL,126,2,40720,40718,13,1530,1,0,'2021-04-06','2021-04-06',17096.67,1,1.00,'Tique (Informe Diario Z) N°: 0003-00000222',NULL,NULL,'2021-05-28 21:14:51','2021-05-31 12:56:43','2021-05-31 12:56:43'),(127,3022,0,NULL,127,2,40720,40718,13,1530,1,0,'2021-04-07','2021-04-07',16148.80,1,1.00,'Tique (Informe Diario Z) N°: 0003-00000223',NULL,NULL,'2021-05-28 21:15:41','2021-05-31 12:57:44','2021-05-31 12:57:44'),(128,3022,0,NULL,128,2,40720,40718,13,1530,1,0,'2021-04-08','2021-04-08',18196.42,1,1.00,'Tique (Informe Diario Z) N°: 0003-00000224',NULL,NULL,'2021-05-28 21:16:27','2021-05-31 12:58:25','2021-05-31 12:58:25'),(129,3022,0,NULL,129,2,40720,40718,13,1530,1,0,'2021-04-09','2021-04-09',17611.00,1,1.00,'Tique (Informe Diario Z) N°: 0003-00000225',NULL,NULL,'2021-05-28 21:17:06','2021-05-31 13:02:00','2021-05-31 13:02:00'),(130,3022,0,NULL,130,2,40720,40718,13,1530,1,0,'2021-04-11','2021-04-11',12233.58,1,1.00,'Tique (Informe Diario Z) N°: 0003-00000226',NULL,NULL,'2021-05-28 21:17:50','2021-05-31 13:03:10','2021-05-31 13:03:10'),(131,3022,0,NULL,131,2,40720,40718,13,1530,1,0,'2021-04-12','2021-04-12',8875.48,1,1.00,'Tique (Informe Diario Z) N°: 0003-00000227',NULL,NULL,'2021-05-28 21:18:24','2021-05-31 13:03:49','2021-05-31 13:03:49'),(132,3022,0,NULL,132,2,40720,40718,13,1530,1,0,'2021-04-13','2021-04-13',0.01,1,1.00,'Tique (Informe Diario Z) N°: 0003-00000228',NULL,NULL,'2021-05-28 21:19:17','2021-05-28 21:19:17',NULL),(133,3022,0,NULL,133,2,40720,40718,13,1530,1,0,'2021-04-14','2021-04-14',19574.39,1,1.00,'Tique (Informe Diario Z) N°: 0003-00000229',NULL,NULL,'2021-05-28 21:20:32','2021-05-31 13:07:53','2021-05-31 13:07:53'),(134,3022,0,NULL,134,2,40720,40718,13,1530,1,0,'2021-04-15','2021-04-15',11616.71,1,1.00,'Tique (Informe Diario Z) N°: 0003-00000230',NULL,NULL,'2021-05-28 21:21:10','2021-05-28 21:57:33','2021-05-28 21:57:33'),(135,3022,0,NULL,135,2,40720,40718,13,1530,1,0,'2021-04-16','2021-04-16',17166.00,1,1.00,'Tique (Informe Diario Z) N°: 0003-00000231',NULL,NULL,'2021-05-28 21:21:48','2021-05-28 21:50:46','2021-05-28 21:50:46'),(136,3022,0,NULL,136,2,40720,40718,13,1530,1,0,'2021-04-17','2021-04-17',11005.72,1,1.00,'Tique (Informe Diario Z) N°: 0003-00000232',NULL,NULL,'2021-05-28 21:23:17','2021-05-31 13:09:49','2021-05-31 13:09:49'),(137,3022,0,NULL,137,2,40720,40718,13,1530,1,0,'2021-04-18','2021-04-18',16514.76,1,1.00,'Tique (Informe Diario Z) N°: 0003-00000233',NULL,NULL,'2021-05-28 21:24:25','2021-05-31 13:10:40','2021-05-31 13:10:40'),(138,3022,0,NULL,138,2,40720,40718,13,1530,1,0,'2021-04-20','2021-04-20',17239.62,1,1.00,'Tique (Informe Diario Z) N°: 0003-00000234',NULL,NULL,'2021-05-28 21:25:12','2021-05-31 13:11:21','2021-05-31 13:11:21'),(139,3022,0,NULL,139,2,40720,40718,13,1530,1,0,'2021-04-21','2021-04-21',15214.38,1,1.00,'Tique (Informe Diario Z) N°: 0003-00000235',NULL,NULL,'2021-05-28 21:25:45','2021-05-28 22:18:09','2021-05-28 22:18:09'),(140,3022,0,NULL,140,2,40720,40718,13,1530,1,0,'2021-04-22','2021-04-22',17593.24,1,1.00,'Tique (Informe Diario Z) N°: 0003-00000236',NULL,NULL,'2021-05-28 21:26:32','2021-05-28 22:16:50','2021-05-28 22:16:50'),(141,3022,0,NULL,141,2,40720,40718,13,1530,1,0,'2021-04-24','2021-04-24',18228.04,1,1.00,'Tique (Informe Diario Z) N°: 0003-00000237',NULL,NULL,'2021-05-28 21:27:00','2021-05-28 22:16:14','2021-05-28 22:16:14'),(142,3022,0,NULL,142,2,40720,40718,13,1530,1,0,'2021-04-27','2021-04-27',18118.05,1,1.00,'Tique (Informe Diario Z) N°: 0003-00000238',NULL,NULL,'2021-05-28 21:27:49','2021-05-28 22:15:30','2021-05-28 22:15:30'),(143,3022,0,NULL,143,2,40720,40718,13,1530,1,0,'2021-04-28','2021-04-28',19100.00,1,1.00,'Tique (Informe Diario Z) N°: 0003-00000239',NULL,NULL,'2021-05-28 21:29:27','2021-05-31 13:13:18','2021-05-31 13:13:18');
INSERT INTO `cta_cte_cliente` VALUES (144,3022,0,NULL,144,2,40720,40718,13,1530,1,0,'2021-04-29','2021-04-29',16893.24,1,1.00,'Tique (Informe Diario Z) N°: 0003-00000240',NULL,NULL,'2021-05-28 21:29:59','2021-05-28 22:10:01','2021-05-28 22:10:01'),(145,3022,0,NULL,145,2,40720,40718,13,1530,1,0,'2021-04-16','2021-04-16',20554.75,1,1.00,'Tique (Informe Diario Z) N°: 0003-00000231',NULL,NULL,'2021-05-28 21:50:46','2021-05-28 21:52:36','2021-05-28 21:52:36'),(146,3022,0,NULL,146,2,40720,40718,13,1530,1,0,'2021-04-16','2021-04-16',20554.75,1,1.00,'Tique (Informe Diario Z) N°: 0003-00000231',NULL,NULL,'2021-05-28 21:52:36','2021-05-28 21:52:36',NULL),(147,3022,0,NULL,147,2,40720,40718,13,1530,1,0,'2021-04-15','2021-04-15',13948.85,1,1.00,'Tique (Informe Diario Z) N°: 0003-00000230',NULL,NULL,'2021-05-28 21:57:33','2021-05-28 21:57:33',NULL),(148,3022,0,NULL,148,2,40720,40718,13,1530,1,0,'2021-04-30','2021-04-30',20998.08,1,1.00,'Tique (Informe Diario Z) N°: 0003-00000241',NULL,NULL,'2021-05-28 22:09:06','2021-05-31 18:17:10','2021-05-31 18:17:10'),(149,3022,0,NULL,149,2,40720,40718,13,1530,1,0,'2021-04-29','2021-04-29',20324.99,1,1.00,'Tique (Informe Diario Z) N°: 0003-00000240',NULL,NULL,'2021-05-28 22:10:01','2021-05-31 18:20:02','2021-05-31 18:20:02'),(150,3022,0,NULL,150,2,40720,40718,13,1530,1,0,'2021-04-27','2021-04-27',21861.08,1,1.00,'Tique (Informe Diario Z) N°: 0003-00000238',NULL,NULL,'2021-05-28 22:15:30','2021-05-31 19:08:39','2021-05-31 19:08:39'),(151,3022,0,NULL,151,2,40720,40718,13,1530,1,0,'2021-04-24','2021-04-24',21812.19,1,1.00,'Tique (Informe Diario Z) N°: 0003-00000237',NULL,NULL,'2021-05-28 22:16:14','2021-05-31 19:10:26','2021-05-31 19:10:26'),(152,3022,0,NULL,152,2,40720,40718,13,1530,1,0,'2021-04-22','2021-04-22',21226.06,1,1.00,'Tique (Informe Diario Z) N°: 0003-00000236',NULL,NULL,'2021-05-28 22:16:50','2021-05-31 19:31:36','2021-05-31 19:31:36'),(153,3022,0,NULL,153,2,40720,40718,13,1530,1,0,'2021-04-21','2021-04-21',18385.07,1,1.00,'Tique (Informe Diario Z) N°: 0003-00000235',NULL,NULL,'2021-05-28 22:18:09','2021-05-31 19:35:53','2021-05-31 19:35:53'),(154,3022,0,NULL,154,2,40720,40718,13,1530,1,0,'2021-04-01','2021-04-01',20480.21,1,1.00,'Tique (Informe Diario Z) N°: 0003-00000220',NULL,NULL,'2021-05-31 12:49:53','2021-05-31 12:50:47','2021-05-31 12:50:47'),(155,3022,0,NULL,155,2,40720,40718,13,1530,1,0,'2021-04-01','2021-04-01',20479.48,1,1.00,'Tique (Informe Diario Z) N°: 0003-00000220',NULL,NULL,'2021-05-31 12:50:47','2021-05-31 12:52:17','2021-05-31 12:52:17'),(156,3022,0,NULL,156,2,40720,40718,13,1530,1,0,'2021-04-01','2021-04-01',20552.08,1,1.00,'Tique (Informe Diario Z) N°: 0003-00000220',NULL,NULL,'2021-05-31 12:52:17','2021-05-31 12:52:17',NULL),(157,3022,0,NULL,157,2,40720,40718,13,1530,1,0,'2021-04-04','2021-04-04',10123.08,1,1.00,'Tique (Informe Diario Z) N°: 0003-00000221',NULL,NULL,'2021-05-31 12:55:33','2021-05-31 12:55:33',NULL),(158,3022,0,NULL,158,2,40720,40718,13,1530,1,0,'2021-04-06','2021-04-06',20623.02,1,1.00,'Tique (Informe Diario Z) N°: 0003-00000222',NULL,NULL,'2021-05-31 12:56:43','2021-05-31 12:56:43',NULL),(159,3022,0,NULL,159,2,40720,40718,13,1530,1,0,'2021-04-07','2021-04-07',19235.12,1,1.00,'Tique (Informe Diario Z) N°: 0003-00000223',NULL,NULL,'2021-05-31 12:57:44','2021-05-31 12:57:44',NULL),(160,3022,0,NULL,160,2,40720,40718,13,1530,1,0,'2021-04-08','2021-04-08',21925.03,1,1.00,'Tique (Informe Diario Z) N°: 0003-00000224',NULL,NULL,'2021-05-31 12:58:25','2021-05-31 12:59:07','2021-05-31 12:59:07'),(161,3022,0,NULL,161,2,40720,40718,13,1530,1,0,'2021-04-08','2021-04-08',26426.91,1,1.00,'Tique (Informe Diario Z) N°: 0003-00000224',NULL,NULL,'2021-05-31 12:59:07','2021-05-31 13:00:52','2021-05-31 13:00:52'),(162,3022,0,NULL,162,2,40720,40718,13,1530,1,0,'2021-04-08','2021-04-08',21925.03,1,1.00,'Tique (Informe Diario Z) N°: 0003-00000224',NULL,NULL,'2021-05-31 13:00:52','2021-05-31 13:00:52',NULL);
INSERT INTO `cta_cte_cliente` VALUES (163,3022,0,NULL,163,2,40720,40718,13,1530,1,0,'2021-04-09','2021-04-09',21170.09,1,1.00,'Tique (Informe Diario Z) N°: 0003-00000225',NULL,NULL,'2021-05-31 13:02:00','2021-05-31 13:02:00',NULL),(164,3022,0,NULL,164,2,40720,40718,13,1530,1,0,'2021-04-11','2021-04-11',14624.08,1,1.00,'Tique (Informe Diario Z) N°: 0003-00000226',NULL,NULL,'2021-05-31 13:03:10','2021-05-31 13:03:10',NULL),(165,3022,0,NULL,165,2,40720,40718,13,1530,1,0,'2021-04-12','2021-04-12',10641.08,1,1.00,'Tique (Informe Diario Z) N°: 0003-00000227',NULL,NULL,'2021-05-31 13:03:49','2021-05-31 13:03:49',NULL),(166,3022,0,NULL,166,2,40720,40718,13,1530,1,0,'2021-04-14','2021-04-14',23536.11,1,1.00,'Tique (Informe Diario Z) N°: 0003-00000229',NULL,NULL,'2021-05-31 13:07:53','2021-05-31 13:07:53',NULL),(167,3022,0,NULL,167,2,40720,40718,13,1530,1,0,'2021-04-17','2021-04-17',13265.13,1,1.00,'Tique (Informe Diario Z) N°: 0003-00000232',NULL,NULL,'2021-05-31 13:09:49','2021-05-31 13:09:49',NULL),(168,3022,0,NULL,168,2,40720,40718,13,1530,1,0,'2021-04-18','2021-04-18',19866.17,1,1.00,'Tique (Informe Diario Z) N°: 0003-00000233',NULL,NULL,'2021-05-31 13:10:40','2021-05-31 13:10:40',NULL),(169,3022,0,NULL,169,2,40720,40718,13,1530,1,0,'2021-04-20','2021-04-20',20746.96,1,1.00,'Tique (Informe Diario Z) N°: 0003-00000234',NULL,NULL,'2021-05-31 13:11:21','2021-06-01 17:58:46','2021-06-01 17:58:46'),(170,3022,0,NULL,170,2,40720,40718,13,1530,1,0,'2021-04-28','2021-04-28',23111.00,1,1.00,'Tique (Informe Diario Z) N°: 0003-00000239',NULL,NULL,'2021-05-31 13:13:18','2021-05-31 19:21:58','2021-05-31 19:21:58'),(171,3022,0,NULL,171,2,40720,40718,13,1530,1,0,'2021-04-30','2021-04-30',34832.16,1,1.00,'Tique (Informe Diario Z) N°: 0003-00000241',NULL,NULL,'2021-05-31 18:17:10','2021-05-31 18:17:36','2021-05-31 18:17:36'),(172,3022,0,NULL,172,2,40720,40718,13,1530,1,0,'2021-04-30','2021-04-30',19683.53,1,1.00,'Tique (Informe Diario Z) N°: 0003-00000241',NULL,NULL,'2021-05-31 18:17:36','2021-05-31 18:19:34','2021-05-31 18:19:34'),(173,3022,0,NULL,173,2,40720,40718,13,1530,1,0,'2021-04-30','2021-04-30',19683.53,1,1.00,'Tique (Informe Diario Z) N°: 0003-00000241',NULL,NULL,'2021-05-31 18:19:34','2021-06-01 17:45:51','2021-06-01 17:45:51'),(174,3022,0,NULL,174,2,40720,40718,13,1530,1,0,'2021-04-29','2021-04-29',18782.86,1,1.00,'Tique (Informe Diario Z) N°: 0003-00000240',NULL,NULL,'2021-05-31 18:20:02','2021-06-01 17:46:48','2021-06-01 17:46:48'),(175,3022,0,NULL,175,2,40720,40718,13,1530,1,0,'2021-04-27','2021-04-27',40581.63,1,1.00,'Tique (Informe Diario Z) N°: 0003-00000238',NULL,NULL,'2021-05-31 19:08:39','2021-05-31 19:09:27','2021-05-31 19:09:27'),(176,3022,0,NULL,176,2,40720,40718,13,1530,1,0,'2021-04-27','2021-04-27',21861.08,1,1.00,'Tique (Informe Diario Z) N°: 0003-00000238',NULL,NULL,'2021-05-31 19:09:27','2021-06-01 17:52:07','2021-06-01 17:52:07'),(177,3022,0,NULL,177,2,40720,40718,13,1530,1,0,'2021-04-24','2021-04-24',20385.72,1,1.00,'Tique (Informe Diario Z) N°: 0003-00000237',NULL,NULL,'2021-05-31 19:10:26','2021-05-31 19:31:02','2021-05-31 19:31:02'),(178,3022,0,NULL,178,2,40720,40718,13,1530,1,0,'2021-04-28','2021-04-28',666.03,1,1.00,'Tique (Informe Diario Z) N°: 0003-00000239',NULL,NULL,'2021-05-31 19:21:58','2021-05-31 19:22:22','2021-05-31 19:22:22'),(179,3022,0,NULL,179,2,40720,40718,13,1530,1,0,'2021-04-28','2021-04-28',4253.69,1,1.00,'Tique (Informe Diario Z) N°: 0003-00000239',NULL,NULL,'2021-05-31 19:22:22','2021-06-01 17:48:30','2021-06-01 17:48:30'),(180,3022,0,NULL,180,2,40720,40718,13,1530,1,0,'2021-04-24','2021-04-24',20385.72,1,1.00,'Tique (Informe Diario Z) N°: 0003-00000237',NULL,NULL,'2021-05-31 19:31:02','2021-06-01 17:53:09','2021-06-01 17:53:09'),(181,3022,0,NULL,181,2,40720,40718,13,1530,1,0,'2021-04-22','2021-04-22',19502.29,1,1.00,'Tique (Informe Diario Z) N°: 0003-00000236',NULL,NULL,'2021-05-31 19:31:36','2021-05-31 19:35:07','2021-05-31 19:35:07');
INSERT INTO `cta_cte_cliente` VALUES (182,3022,0,NULL,182,2,40720,40718,13,1530,1,0,'2021-04-22','2021-04-22',19502.29,1,1.00,'Tique (Informe Diario Z) N°: 0003-00000236',NULL,NULL,'2021-05-31 19:35:07','2021-06-01 17:57:57','2021-06-01 17:57:57'),(183,3022,0,NULL,183,2,40720,40718,13,1530,1,0,'2021-04-21','2021-04-21',16836.22,1,1.00,'Tique (Informe Diario Z) N°: 0003-00000235',NULL,NULL,'2021-05-31 19:35:53','2021-06-01 17:57:33','2021-06-01 17:57:33'),(184,3022,0,NULL,184,2,40720,40718,13,1530,1,0,'2021-04-30','2021-04-30',19683.53,1,1.00,'Tique (Informe Diario Z) N°: 0003-00000241',NULL,NULL,'2021-06-01 17:45:51','2021-06-01 17:45:51',NULL),(185,3022,0,NULL,185,2,40720,40718,13,1530,1,0,'2021-04-29','2021-04-29',18782.86,1,1.00,'Tique (Informe Diario Z) N°: 0003-00000240',NULL,NULL,'2021-06-01 17:46:48','2021-06-01 17:46:48',NULL),(186,3022,0,NULL,186,2,40720,40718,13,1530,1,0,'2021-04-28','2021-04-28',21436.92,1,1.00,'Tique (Informe Diario Z) N°: 0003-00000239',NULL,NULL,'2021-06-01 17:48:30','2021-06-01 17:50:46','2021-06-01 17:50:46'),(187,3022,0,NULL,187,2,40720,40718,13,1530,1,0,'2021-04-28','2021-04-28',21436.92,1,1.00,'Tique (Informe Diario Z) N°: 0003-00000239',NULL,NULL,'2021-06-01 17:50:46','2021-06-01 17:50:46',NULL),(188,3022,0,NULL,188,2,40720,40718,13,1530,1,0,'2021-04-27','2021-04-27',40581.63,1,1.00,'Tique (Informe Diario Z) N°: 0003-00000238',NULL,NULL,'2021-06-01 17:52:07','2021-06-01 17:52:31','2021-06-01 17:52:31'),(189,3022,0,NULL,189,2,40720,40718,13,1530,1,0,'2021-04-27','2021-04-27',20082.21,1,1.00,'Tique (Informe Diario Z) N°: 0003-00000238',NULL,NULL,'2021-06-01 17:52:31','2021-06-01 17:52:31',NULL),(190,3022,0,NULL,190,2,40720,40718,13,1530,1,0,'2021-04-24','2021-04-24',20385.72,1,1.00,'Tique (Informe Diario Z) N°: 0003-00000237',NULL,NULL,'2021-06-01 17:53:09','2021-06-01 17:53:09',NULL),(191,3022,0,NULL,191,2,40720,40718,13,1530,1,0,'2021-04-21','2021-04-21',16836.22,1,1.00,'Tique (Informe Diario Z) N°: 0003-00000235',NULL,NULL,'2021-06-01 17:57:33','2021-06-01 17:57:33',NULL),(192,3022,0,NULL,192,2,40720,40718,13,1530,1,0,'2021-04-22','2021-04-22',19502.29,1,1.00,'Tique (Informe Diario Z) N°: 0003-00000236',NULL,NULL,'2021-06-01 17:57:57','2021-06-01 17:57:57',NULL),(193,3022,0,NULL,193,2,40720,40718,13,1530,1,0,'2021-04-20','2021-04-20',20746.96,1,1.00,'Tique (Informe Diario Z) N°: 0003-00000234',NULL,NULL,'2021-06-01 17:58:46','2021-06-01 17:58:46',NULL),(194,3022,0,NULL,194,2,40817,40855,13,148486,1,0,'2021-05-04','2021-05-04',4635.00,1,1.00,'Factura C N°: 0003-00002414',NULL,NULL,'2021-06-09 15:40:03','2021-06-09 15:40:03',NULL),(195,3022,0,NULL,195,2,40817,40855,13,148486,1,0,'2021-05-04','2021-05-04',3740.00,1,1.00,'Factura C N°: 0003-00002415',NULL,NULL,'2021-06-09 15:40:03','2021-06-09 15:40:03',NULL),(196,3022,0,NULL,196,2,40817,40855,13,148486,1,0,'2021-05-04','2021-05-04',2000.00,1,1.00,'Factura C N°: 0003-00002416',NULL,NULL,'2021-06-09 15:40:03','2021-06-09 15:40:03',NULL),(197,3022,0,NULL,197,2,40817,40855,13,148486,1,0,'2021-05-04','2021-05-04',6634.00,1,1.00,'Factura C N°: 0003-00002417',NULL,NULL,'2021-06-09 15:40:03','2021-06-09 15:40:03',NULL),(198,3022,0,NULL,198,2,40817,40855,13,148486,1,0,'2021-05-04','2021-05-04',7830.00,1,1.00,'Factura C N°: 0003-00002418',NULL,NULL,'2021-06-09 15:40:03','2021-06-09 15:40:03',NULL),(199,3022,0,NULL,199,2,40817,40855,13,148486,1,0,'2021-05-05','2021-05-05',5615.00,1,1.00,'Factura C N°: 0003-00002419',NULL,NULL,'2021-06-09 15:40:03','2021-06-09 15:40:03',NULL),(200,3022,0,NULL,200,2,40817,40855,13,148486,1,0,'2021-05-06','2021-05-06',1078.00,1,1.00,'Factura C N°: 0003-00002420',NULL,NULL,'2021-06-09 15:40:03','2021-06-09 15:40:03',NULL),(201,3022,0,NULL,201,2,40817,40855,13,148486,1,0,'2021-05-06','2021-05-06',5530.00,1,1.00,'Factura C N°: 0003-00002421',NULL,NULL,'2021-06-09 15:40:03','2021-06-09 15:40:03',NULL);
INSERT INTO `cta_cte_cliente` VALUES (202,3022,0,NULL,202,2,40817,40855,13,148486,1,0,'2021-05-06','2021-05-06',3680.00,1,1.00,'Factura C N°: 0003-00002422',NULL,NULL,'2021-06-09 15:40:03','2021-06-09 15:40:03',NULL),(203,3022,0,NULL,203,2,40817,40855,13,148486,1,0,'2021-05-07','2021-05-07',1900.00,1,1.00,'Factura C N°: 0003-00002423',NULL,NULL,'2021-06-09 15:40:03','2021-06-09 15:40:03',NULL),(204,3022,0,NULL,204,2,40817,40855,13,148486,1,0,'2021-05-07','2021-05-07',6000.00,1,1.00,'Factura C N°: 0003-00002424',NULL,NULL,'2021-06-09 15:40:03','2021-06-09 15:40:03',NULL),(205,3022,0,NULL,205,2,40817,40855,13,148486,1,0,'2021-05-07','2021-05-07',2290.00,1,1.00,'Factura C N°: 0003-00002425',NULL,NULL,'2021-06-09 15:40:03','2021-06-09 15:40:03',NULL),(206,3022,0,NULL,206,2,40817,40855,13,148486,1,0,'2021-05-11','2021-05-11',5615.00,1,1.00,'Factura C N°: 0003-00002426',NULL,NULL,'2021-06-09 15:40:03','2021-06-09 15:40:03',NULL),(207,3022,0,NULL,207,2,40817,40855,13,148486,1,0,'2021-05-11','2021-05-11',2470.00,1,1.00,'Factura C N°: 0003-00002427',NULL,NULL,'2021-06-09 15:40:03','2021-06-09 15:40:03',NULL),(208,3022,0,NULL,208,2,40817,40855,13,148486,1,0,'2021-05-11','2021-05-11',913.00,1,1.00,'Factura C N°: 0003-00002428',NULL,NULL,'2021-06-09 15:40:03','2021-06-09 15:40:03',NULL),(209,3022,0,NULL,209,2,40817,40855,13,148486,1,0,'2021-05-11','2021-05-11',6150.00,1,1.00,'Factura C N°: 0003-00002429',NULL,NULL,'2021-06-09 15:40:03','2021-06-09 15:40:03',NULL),(210,3022,0,NULL,210,2,40817,40855,13,148486,1,0,'2021-05-11','2021-05-11',3000.00,1,1.00,'Factura C N°: 0003-00002430',NULL,NULL,'2021-06-09 15:40:03','2021-06-09 15:40:03',NULL),(211,3022,0,NULL,211,2,40817,40855,13,148486,1,0,'2021-05-11','2021-05-11',2377.00,1,1.00,'Factura C N°: 0003-00002431',NULL,NULL,'2021-06-09 15:40:03','2021-06-09 15:40:03',NULL),(212,3022,0,NULL,212,2,40817,40855,13,148486,1,0,'2021-05-11','2021-05-11',5000.00,1,1.00,'Factura C N°: 0003-00002432',NULL,NULL,'2021-06-09 15:40:03','2021-06-09 15:40:03',NULL),(213,3022,0,NULL,213,2,40817,40855,13,148486,1,0,'2021-05-11','2021-05-11',5000.00,1,1.00,'Factura C N°: 0003-00002433',NULL,NULL,'2021-06-09 15:40:03','2021-06-09 15:40:03',NULL),(214,3022,0,NULL,214,2,40817,40855,13,148486,1,0,'2021-05-11','2021-05-11',7000.00,1,1.00,'Factura C N°: 0003-00002434',NULL,NULL,'2021-06-09 15:40:03','2021-06-09 15:40:03',NULL),(215,3022,0,NULL,215,2,40817,40855,13,148486,1,0,'2021-05-11','2021-05-11',3000.00,1,1.00,'Factura C N°: 0003-00002435',NULL,NULL,'2021-06-09 15:40:03','2021-06-09 15:40:03',NULL),(216,3022,0,NULL,216,2,40817,40855,13,148486,1,0,'2021-05-11','2021-05-11',440.00,1,1.00,'Factura C N°: 0003-00002436',NULL,NULL,'2021-06-09 15:40:03','2021-06-09 15:40:03',NULL),(217,3022,0,NULL,217,2,40817,40855,13,148486,1,0,'2021-05-11','2021-05-11',1630.00,1,1.00,'Factura C N°: 0003-00002437',NULL,NULL,'2021-06-09 15:40:03','2021-06-09 15:40:03',NULL),(218,3022,0,NULL,218,2,40817,40855,13,148486,1,0,'2021-05-11','2021-05-11',6700.00,1,1.00,'Factura C N°: 0003-00002438',NULL,NULL,'2021-06-09 15:40:03','2021-06-09 15:40:03',NULL),(219,3022,0,NULL,219,2,40817,40856,13,148486,1,0,'2021-05-13','2021-05-13',1078.00,1,1.00,'Factura C N°: 0003-00002439',NULL,NULL,'2021-06-09 15:40:03','2021-06-09 15:40:03',NULL),(220,3022,0,NULL,220,2,40817,40855,13,148486,1,0,'2021-05-18','2021-05-18',4365.00,1,1.00,'Factura C N°: 0003-00002440',NULL,NULL,'2021-06-09 15:40:03','2021-06-09 15:40:03',NULL),(221,3022,0,NULL,221,2,40817,40855,13,148486,1,0,'2021-05-18','2021-05-18',820.00,1,1.00,'Factura C N°: 0003-00002441',NULL,NULL,'2021-06-09 15:40:03','2021-06-09 15:40:03',NULL),(222,3022,0,NULL,222,2,40817,40855,13,148486,1,0,'2021-05-18','2021-05-18',7600.00,1,1.00,'Factura C N°: 0003-00002442',NULL,NULL,'2021-06-09 15:40:04','2021-06-09 15:40:04',NULL),(223,3022,0,NULL,223,2,40817,40855,13,148486,1,0,'2021-05-18','2021-05-18',4740.00,1,1.00,'Factura C N°: 0003-00002443',NULL,NULL,'2021-06-09 15:40:04','2021-06-09 15:40:04',NULL);
INSERT INTO `cta_cte_cliente` VALUES (224,3022,0,NULL,224,2,40817,40855,13,148486,1,0,'2021-05-18','2021-05-18',3890.00,1,1.00,'Factura C N°: 0003-00002444',NULL,NULL,'2021-06-09 15:40:04','2021-06-09 15:40:04',NULL),(225,3022,0,NULL,225,2,40817,40855,13,148486,1,0,'2021-05-18','2021-05-18',7404.00,1,1.00,'Factura C N°: 0003-00002445',NULL,NULL,'2021-06-09 15:40:04','2021-06-09 15:40:04',NULL),(226,3022,0,NULL,226,2,40817,40855,13,148486,1,0,'2021-05-18','2021-05-18',2810.00,1,1.00,'Factura C N°: 0003-00002446',NULL,NULL,'2021-06-09 15:40:04','2021-06-09 15:40:04',NULL),(227,3022,0,NULL,227,2,40817,40855,13,148486,1,0,'2021-05-18','2021-05-18',6000.00,1,1.00,'Factura C N°: 0003-00002447',NULL,NULL,'2021-06-09 15:40:04','2021-06-09 15:40:04',NULL),(228,3022,0,NULL,228,2,40817,40855,13,148486,1,0,'2021-05-18','2021-05-18',2818.00,1,1.00,'Factura C N°: 0003-00002448',NULL,NULL,'2021-06-09 15:40:04','2021-06-09 15:40:04',NULL),(229,3022,0,NULL,229,2,40817,40855,13,148486,1,0,'2021-05-19','2021-05-19',840.00,1,1.00,'Factura C N°: 0003-00002449',NULL,NULL,'2021-06-09 15:40:04','2021-06-09 15:40:04',NULL),(230,3022,0,NULL,230,2,40817,40855,13,148486,1,0,'2021-05-19','2021-05-19',3740.00,1,1.00,'Factura C N°: 0003-00002450',NULL,NULL,'2021-06-09 15:40:04','2021-06-09 15:40:04',NULL),(231,3022,0,NULL,231,2,40817,40855,13,148486,1,0,'2021-05-19','2021-05-19',4890.00,1,1.00,'Factura C N°: 0003-00002451',NULL,NULL,'2021-06-09 15:40:04','2021-06-09 15:40:04',NULL),(232,3022,0,NULL,232,2,40817,40855,13,148486,1,0,'2021-05-19','2021-05-19',3470.00,1,1.00,'Factura C N°: 0003-00002452',NULL,NULL,'2021-06-09 15:40:04','2021-06-09 15:40:04',NULL),(233,3022,0,NULL,233,2,40817,40855,13,148486,1,0,'2021-05-19','2021-05-19',7820.00,1,1.00,'Factura C N°: 0003-00002453',NULL,NULL,'2021-06-09 15:40:04','2021-06-09 15:40:04',NULL),(234,3022,0,NULL,234,2,40817,40855,13,148486,1,0,'2021-05-19','2021-05-19',2220.00,1,1.00,'Factura C N°: 0003-00002454',NULL,NULL,'2021-06-09 15:40:04','2021-06-09 15:40:04',NULL),(235,3022,0,NULL,235,2,40817,40855,13,148486,1,0,'2021-05-21','2021-05-21',2570.00,1,1.00,'Factura C N°: 0003-00002455',NULL,NULL,'2021-06-09 15:40:04','2021-06-09 15:40:04',NULL),(236,3022,0,NULL,236,2,40817,40855,13,148486,1,0,'2021-05-21','2021-05-21',3980.00,1,1.00,'Factura C N°: 0003-00002456',NULL,NULL,'2021-06-09 15:40:04','2021-06-09 15:40:04',NULL),(237,3022,0,NULL,237,2,40817,40855,13,148486,1,0,'2021-05-27','2021-05-27',3840.00,1,1.00,'Factura C N°: 0003-00002457',NULL,NULL,'2021-06-09 15:40:04','2021-06-09 15:40:04',NULL),(238,3022,0,NULL,238,2,40817,40855,13,148486,1,0,'2021-05-27','2021-05-27',1130.00,1,1.00,'Factura C N°: 0003-00002458',NULL,NULL,'2021-06-09 15:40:04','2021-06-09 15:40:04',NULL),(239,3022,0,NULL,239,2,40817,40855,13,148486,1,0,'2021-05-27','2021-05-27',1730.00,1,1.00,'Factura C N°: 0003-00002459',NULL,NULL,'2021-06-09 15:40:04','2021-06-09 15:40:04',NULL),(240,3022,0,NULL,240,2,40817,40855,13,148486,1,0,'2021-05-27','2021-05-27',6465.00,1,1.00,'Factura C N°: 0003-00002460',NULL,NULL,'2021-06-09 15:40:04','2021-06-09 15:40:04',NULL),(241,3022,0,NULL,241,2,40817,40855,13,148486,1,0,'2021-05-27','2021-05-27',3265.00,1,1.00,'Factura C N°: 0003-00002461',NULL,NULL,'2021-06-09 15:40:04','2021-06-09 15:40:04',NULL),(242,3022,0,NULL,242,2,40817,40855,13,148486,1,0,'2021-05-28','2021-05-28',5641.00,1,1.00,'Factura C N°: 0003-00002462',NULL,NULL,'2021-06-09 15:40:04','2021-06-09 15:40:04',NULL),(243,3022,0,NULL,243,2,40817,40855,13,148486,1,0,'2021-05-28','2021-05-28',1625.00,1,1.00,'Factura C N°: 0003-00002463',NULL,NULL,'2021-06-09 15:40:04','2021-06-09 15:40:04',NULL),(244,3022,0,NULL,244,2,40720,40718,13,1531,1,0,'2021-05-31','2021-05-31',20322.99,1,1.00,'Tique (Informe Diario Z) N°: 0003-00000242',NULL,NULL,'2021-06-11 15:30:31','2021-06-11 15:31:26','2021-06-11 15:31:26'),(245,3022,0,NULL,245,2,40720,40718,13,1531,1,0,'2021-05-01','2021-05-01',20322.99,1,1.00,'Tique (Informe Diario Z) N°: 0003-00000242',NULL,NULL,'2021-06-11 15:31:26','2021-06-11 15:31:26',NULL);
INSERT INTO `cta_cte_cliente` VALUES (246,3022,0,NULL,246,2,40720,40718,13,1531,1,0,'2021-05-02','2021-05-02',12611.08,1,1.00,'Tique (Informe Diario Z) N°: 0003-00000243',NULL,NULL,'2021-06-11 15:54:28','2021-06-11 15:54:28',NULL),(247,3022,0,NULL,247,2,40720,40718,13,1531,1,0,'2021-05-03','2021-05-03',22241.55,1,1.00,'Tique (Informe Diario Z) N°: 0003-00000244',NULL,NULL,'2021-06-11 15:56:20','2021-06-11 15:56:20',NULL),(248,3022,0,NULL,248,2,40720,40718,13,1531,1,0,'2021-05-04','2021-05-04',22885.71,1,1.00,'Tique (Informe Diario Z) N°: 0003-00000245',NULL,NULL,'2021-06-11 15:58:05','2021-06-11 15:58:05',NULL),(249,3022,0,NULL,249,2,40720,40718,13,1531,1,0,'2021-05-05','2021-05-05',21734.14,1,1.00,'Tique (Informe Diario Z) N°: 0003-00000246',NULL,NULL,'2021-06-11 15:59:23','2021-06-11 15:59:23',NULL),(250,3022,0,NULL,250,2,40720,40718,13,1531,1,0,'2021-05-06','2021-05-06',20064.91,1,1.00,'Tique (Informe Diario Z) N°: 0003-00000247',NULL,NULL,'2021-06-11 16:01:29','2021-06-11 16:01:29',NULL),(251,3022,0,NULL,251,2,40720,40718,13,1531,1,0,'2021-05-07','2021-05-07',21427.39,1,1.00,'Tique (Informe Diario Z) N°: 0003-00000249',NULL,NULL,'2021-06-11 16:03:39','2021-06-11 16:03:39',NULL),(252,3022,0,NULL,252,2,40720,40718,13,1531,1,0,'2021-05-08','2021-05-08',22568.83,1,1.00,'Tique (Informe Diario Z) N°: 0003-00000250',NULL,NULL,'2021-06-11 16:36:20','2021-06-11 16:36:20',NULL),(253,3022,0,NULL,253,2,40720,40718,13,1531,1,0,'2021-05-09','2021-05-09',20356.85,1,1.00,'Tique (Informe Diario Z) N°: 0003-00000251',NULL,NULL,'2021-06-11 16:38:31','2021-06-11 16:38:31',NULL),(254,3022,0,NULL,254,2,40720,40718,13,1531,1,0,'2021-05-11','2021-05-11',20307.97,1,1.00,'Tique (Informe Diario Z) N°: 0003-00000252',NULL,NULL,'2021-06-11 16:39:53','2021-06-11 16:39:53',NULL),(255,3022,0,NULL,255,2,40720,40718,13,1531,1,0,'2021-05-12','2021-05-12',20954.97,1,1.00,'Tique (Informe Diario Z) N°: 0003-00000253',NULL,NULL,'2021-06-11 16:41:22','2021-06-11 16:41:22',NULL),(256,3022,0,NULL,256,2,40720,40718,13,1531,1,0,'2021-05-14','2021-05-14',24219.99,1,1.00,'Tique (Informe Diario Z) N°: 0003-00000254',NULL,NULL,'2021-06-11 16:42:51','2021-06-11 16:42:51',NULL),(257,3022,0,NULL,257,2,40720,40718,13,1531,1,0,'2021-05-15','2021-05-15',20734.22,1,1.00,'Tique (Informe Diario Z) N°: 0003-00000255',NULL,NULL,'2021-06-11 16:44:12','2021-06-11 16:44:12',NULL),(258,3022,0,NULL,258,2,40720,40718,13,1531,1,0,'2021-05-16','2021-05-16',15693.08,1,1.00,'Tique (Informe Diario Z) N°: 0003-00000256',NULL,NULL,'2021-06-11 16:45:33','2021-06-11 16:45:33',NULL),(259,3022,0,NULL,259,2,40720,40718,13,1531,1,0,'2021-05-18','2021-05-18',23879.16,1,1.00,'Tique (Informe Diario Z) N°: 0003-00000257',NULL,NULL,'2021-06-11 16:46:36','2021-06-11 16:46:36',NULL),(260,3022,0,NULL,260,2,40720,40718,13,1531,1,0,'2021-05-20','2021-05-20',7504.02,1,1.00,'Tique (Informe Diario Z) N°: 0003-00000258',NULL,NULL,'2021-06-11 16:48:18','2021-06-11 16:48:18',NULL),(261,3022,0,NULL,261,2,40720,40718,13,1531,1,0,'2021-05-21','2021-05-21',24169.81,1,1.00,'Tique (Informe Diario Z) N°: 0003-00000259',NULL,NULL,'2021-06-11 16:49:35','2021-06-11 16:49:35',NULL),(262,3022,0,NULL,262,2,40720,40718,13,1531,1,0,'2021-05-22','2021-05-22',18800.92,1,1.00,'Tique (Informe Diario Z) N°: 0003-00000260',NULL,NULL,'2021-06-11 16:50:45','2021-06-11 16:50:45',NULL),(263,3022,0,NULL,263,2,40720,40718,13,1531,1,0,'2021-05-23','2021-05-23',22511.79,1,1.00,'Tique (Informe Diario Z) N°: 0003-00000261',NULL,NULL,'2021-06-11 16:52:58','2021-06-11 16:52:58',NULL),(264,3022,0,NULL,264,2,40720,40718,13,1531,1,0,'2021-05-24','2021-05-24',0.01,1,1.00,'Tique (Informe Diario Z) N°: 0003-00000262',NULL,NULL,'2021-06-11 16:53:20','2021-06-11 16:53:20',NULL),(265,3022,0,NULL,265,2,40720,40718,13,1531,1,0,'2021-05-24','2021-05-24',20233.10,1,1.00,'Tique (Informe Diario Z) N°: 0003-00000263',NULL,NULL,'2021-06-11 16:54:40','2021-06-11 16:54:40',NULL);
INSERT INTO `cta_cte_cliente` VALUES (266,3022,0,NULL,266,2,40720,40718,13,1531,1,0,'2021-05-25','2021-05-25',21313.05,1,1.00,'Tique (Informe Diario Z) N°: 0003-00000264',NULL,NULL,'2021-06-11 16:55:47','2021-06-11 16:55:47',NULL),(267,3022,0,NULL,267,2,40720,40718,13,1531,1,0,'2021-05-27','2021-05-27',20063.15,1,1.00,'Tique (Informe Diario Z) N°: 0003-00000265',NULL,NULL,'2021-06-11 16:57:04','2021-06-11 16:57:04',NULL),(268,3022,0,NULL,268,2,40720,40718,13,1531,1,0,'2021-05-28','2021-05-28',11999.94,1,1.00,'Tique (Informe Diario Z) N°: 0003-00000266',NULL,NULL,'2021-06-11 16:58:34','2021-06-11 16:58:34',NULL),(269,3022,0,NULL,269,2,40720,40718,13,1531,1,0,'2021-05-29','2021-05-29',19678.87,1,1.00,'Tique (Informe Diario Z) N°: 0003-00000267',NULL,NULL,'2021-06-11 16:59:30','2021-06-11 16:59:30',NULL),(270,3022,0,NULL,270,2,40720,40718,13,1531,1,0,'2021-05-30','2021-05-30',22013.96,1,1.00,'Tique (Informe Diario Z) N°: 0003-00000268',NULL,NULL,'2021-06-11 17:00:44','2021-06-11 17:00:44',NULL),(271,3022,0,NULL,271,2,40720,40718,13,1531,1,0,'2021-05-31','2021-05-31',8416.06,1,1.00,'Tique (Informe Diario Z) N°: 0003-00000269',NULL,NULL,'2021-06-11 17:01:32','2021-06-11 17:01:32',NULL),(272,3022,0,NULL,272,2,40720,40718,13,1532,1,0,'2021-06-01','2021-06-01',20244.89,1,1.00,'Tique (Informe Diario Z) N°: 0003-00000270',NULL,NULL,'2021-06-11 18:03:57','2021-07-23 14:21:05','2021-07-23 14:21:05'),(273,3022,0,NULL,273,3,40720,40825,57,1531,2,0,'2021-05-01','2021-05-01',3232.44,1,1.00,'Factura A N°: 1007-03180093',NULL,NULL,'2021-06-22 14:01:33','2021-06-22 14:01:33',NULL),(274,3022,0,NULL,274,3,40720,40827,57,1531,2,0,'2021-05-03','2021-05-03',3290.90,1,1.00,'Factura A N°: 0020-00001355',NULL,NULL,'2021-06-22 14:01:33','2021-06-22 14:01:33',NULL),(275,3022,0,NULL,275,3,40720,40857,57,1531,2,0,'2021-05-03','2021-05-03',89.00,1,1.00,'Factura A N°: 0002-00005411',NULL,NULL,'2021-06-22 14:01:34','2021-06-22 14:01:34',NULL),(276,3022,0,NULL,276,3,40720,40830,57,1531,2,0,'2021-05-03','2021-05-03',2525.00,1,1.00,'Factura A N°: 0002-00025067',NULL,NULL,'2021-06-22 14:01:34','2021-06-22 14:01:34',NULL),(277,3022,0,NULL,277,3,40720,40832,57,1531,2,0,'2021-05-04','2021-05-04',3576.88,1,1.00,'Factura A N°: 0003-00120553',NULL,NULL,'2021-06-22 14:01:34','2021-06-22 14:01:34',NULL),(278,3022,0,NULL,278,3,40720,40839,57,1531,2,0,'2021-05-05','2021-05-05',414.69,1,1.00,'Factura A N°: 0021-00018270',NULL,NULL,'2021-06-22 14:01:34','2021-06-22 14:01:34',NULL),(279,3022,0,NULL,279,3,40720,40835,57,1531,2,0,'2021-05-05','2021-05-05',425.70,1,1.00,'Factura A N°: 0004-00036269',NULL,NULL,'2021-06-22 14:01:34','2021-06-22 14:01:34',NULL),(280,3022,0,NULL,280,3,40720,40836,57,1531,2,0,'2021-05-05','2021-05-05',9236.95,1,1.00,'Factura A N°: 0010-00084262',NULL,NULL,'2021-06-22 14:01:34','2021-06-22 14:01:34',NULL),(281,3022,0,NULL,281,3,40720,40834,57,1531,2,0,'2021-05-05','2021-05-05',3756.70,1,1.00,'Factura A N°: 0010-00064252',NULL,NULL,'2021-06-22 14:01:34','2021-06-22 14:01:34',NULL),(282,3022,0,NULL,282,3,40720,40833,57,1531,2,0,'2021-05-05','2021-05-05',12704.40,1,1.00,'Factura A N°: 0003-00094709',NULL,NULL,'2021-06-22 14:01:34','2021-06-22 14:01:34',NULL),(283,3022,0,NULL,283,3,40720,40828,57,1531,2,0,'2021-05-06','2021-05-06',23745.38,1,1.00,'Factura A N°: 0011-00176348',NULL,NULL,'2021-06-22 14:01:34','2021-06-22 14:01:34',NULL),(284,3022,0,NULL,284,3,40720,40832,57,1531,2,0,'2021-05-06','2021-05-06',2679.08,1,1.00,'Factura A N°: 0003-00120790',NULL,NULL,'2021-06-22 14:01:34','2021-06-22 14:01:34',NULL),(285,3022,0,NULL,285,3,40720,40837,57,1531,2,0,'2021-05-06','2021-05-06',4781.94,1,1.00,'Factura A N°: 0005-00133322',NULL,NULL,'2021-06-22 14:01:34','2021-06-22 14:01:34',NULL),(286,3022,0,NULL,286,3,40720,40834,57,1531,1,0,'2021-05-06','2021-05-06',3756.70,1,1.00,'Nota de crédito A N°: 0010-00006298',NULL,NULL,'2021-06-22 14:01:34','2021-06-22 14:01:34',NULL);
INSERT INTO `cta_cte_cliente` VALUES (287,3022,0,NULL,287,3,40720,40834,57,1531,2,0,'2021-05-08','2021-05-08',2004.20,1,1.00,'Factura A N°: 0010-00064417',NULL,NULL,'2021-06-22 14:01:34','2021-06-22 14:01:34',NULL),(288,3022,0,NULL,288,3,40720,40827,57,1531,2,0,'2021-05-10','2021-05-10',6043.10,1,1.00,'Factura A N°: 0020-00001383',NULL,NULL,'2021-06-22 14:01:34','2021-06-22 14:01:34',NULL),(289,3022,0,NULL,289,3,40720,40828,57,1531,2,0,'2021-05-10','2021-05-10',6261.69,1,1.00,'Factura A N°: 0011-00176681',NULL,NULL,'2021-06-22 14:01:34','2021-06-22 14:01:34',NULL),(290,3022,0,NULL,290,3,40720,40830,57,1531,2,0,'2021-05-10','2021-05-10',6957.90,1,1.00,'Factura A N°: 0002-00025162',NULL,NULL,'2021-06-22 14:01:34','2021-06-22 14:01:34',NULL),(291,3022,0,NULL,291,3,40720,40829,57,1531,2,0,'2021-05-10','2021-05-10',2149.64,1,1.00,'Factura A N°: 0005-00003637',NULL,NULL,'2021-06-22 14:01:34','2021-06-22 14:01:34',NULL),(292,3022,0,NULL,292,3,40720,40837,57,1531,2,0,'2021-05-10','2021-05-10',2015.98,1,1.00,'Factura A N°: 0005-00133485',NULL,NULL,'2021-06-22 14:01:34','2021-06-22 14:01:34',NULL),(293,3022,0,NULL,293,3,40720,40823,57,1531,2,0,'2021-05-10','2021-05-10',205.23,1,1.00,'Factura A N°: 0123-00058074',NULL,NULL,'2021-06-22 14:01:34','2021-06-22 14:01:34',NULL),(294,3022,0,NULL,294,3,40720,40834,57,1531,1,0,'2021-05-10','2021-05-10',2004.20,1,1.00,'Nota de crédito A N°: 0010-00006310',NULL,NULL,'2021-06-22 14:01:34','2021-06-22 14:01:34',NULL),(295,3022,0,NULL,295,3,40720,40858,57,1531,2,0,'2021-05-11','2021-05-11',10922.70,1,1.00,'Factura A N°: 0003-00106207',NULL,NULL,'2021-06-22 14:01:34','2021-06-22 14:01:34',NULL),(296,3022,0,NULL,296,3,40720,40832,57,1531,2,0,'2021-05-11','2021-05-11',13016.66,1,1.00,'Factura A N°: 0003-00121119',NULL,NULL,'2021-06-22 14:01:34','2021-06-22 14:01:34',NULL),(297,3022,0,NULL,297,3,40720,40832,57,1531,2,0,'2021-05-11','2021-05-11',803.92,1,1.00,'Factura A N°: 0003-00121120',NULL,NULL,'2021-06-22 14:01:34','2021-06-22 14:01:34',NULL),(298,3022,0,NULL,298,3,40720,40823,57,1531,2,0,'2021-05-11','2021-05-11',8872.85,1,1.00,'Factura A N°: 0123-00058105',NULL,NULL,'2021-06-22 14:01:34','2021-06-22 14:01:34',NULL),(299,3022,0,NULL,299,3,40720,40859,57,1531,2,0,'2021-05-12','2021-05-12',6419.66,1,1.00,'Factura A N°: 0178-00491462',NULL,NULL,'2021-06-22 14:01:34','2021-06-22 14:01:34',NULL),(300,3022,0,NULL,300,3,40720,40839,57,1531,2,0,'2021-05-12','2021-05-12',5493.82,1,1.00,'Factura A N°: 0021-00018345',NULL,NULL,'2021-06-22 14:01:34','2021-06-22 14:01:34',NULL),(301,3022,0,NULL,301,3,40720,40836,57,1531,2,0,'2021-05-12','2021-05-12',5495.43,1,1.00,'Factura A N°: 0010-00084541',NULL,NULL,'2021-06-22 14:01:34','2021-06-22 14:01:34',NULL),(302,3022,0,NULL,302,3,40720,40834,57,1531,2,0,'2021-05-12','2021-05-12',2991.80,1,1.00,'Factura A N°: 0010-00064519',NULL,NULL,'2021-06-22 14:01:34','2021-06-22 14:01:34',NULL),(303,3022,0,NULL,303,3,40720,40840,57,1531,2,0,'2021-05-13','2021-05-13',10096.51,1,1.00,'Factura A N°: 0002-00120375',NULL,NULL,'2021-06-22 14:01:34','2021-06-22 14:01:34',NULL),(304,3022,0,NULL,304,3,40720,40860,57,1531,2,0,'2021-05-13','2021-05-13',4999.00,1,1.00,'Factura B N°: 0001-00018084',NULL,NULL,'2021-06-22 14:01:34','2021-06-22 14:01:34',NULL),(305,3022,0,NULL,305,3,40720,40858,57,1531,1,0,'2021-05-14','2021-05-14',1112.35,1,1.00,'Nota de crédito A N°: 0003-00022382',NULL,NULL,'2021-06-22 14:01:34','2021-06-22 14:01:34',NULL),(306,3022,0,NULL,306,3,40720,40834,57,1531,2,0,'2021-05-14','2021-05-14',3310.16,1,1.00,'Factura A N°: 0010-00064615',NULL,NULL,'2021-06-22 14:01:34','2021-06-22 14:01:34',NULL),(307,3022,0,NULL,307,3,40720,40859,57,1531,1,0,'2021-05-15','2021-05-15',992.91,1,1.00,'Nota de crédito A N°: 0178-00152397',NULL,NULL,'2021-06-22 14:01:34','2021-06-22 14:01:34',NULL),(308,3022,0,NULL,308,3,40720,40834,57,1531,2,0,'2021-05-15','2021-05-15',1116.43,1,1.00,'Factura A N°: 0010-00064691',NULL,NULL,'2021-06-22 14:01:34','2021-06-22 14:01:34',NULL);
INSERT INTO `cta_cte_cliente` VALUES (309,3022,0,NULL,309,3,40720,40827,57,1531,2,0,'2021-05-17','2021-05-17',3497.75,1,1.00,'Factura A N°: 0020-00001417',NULL,NULL,'2021-06-22 14:01:34','2021-06-22 14:01:34',NULL),(310,3022,0,NULL,310,3,40720,40830,57,1531,2,0,'2021-05-17','2021-05-17',920.00,1,1.00,'Factura A N°: 0002-00025253',NULL,NULL,'2021-06-22 14:01:34','2021-06-22 14:01:34',NULL),(311,3022,0,NULL,311,3,40720,40858,57,1531,2,0,'2021-05-18','2021-05-18',5728.11,1,1.00,'Factura A N°: 0003-00106878',NULL,NULL,'2021-06-22 14:01:34','2021-06-22 14:01:34',NULL),(312,3022,0,NULL,312,3,40720,40832,57,1531,2,0,'2021-05-18','2021-05-18',663.81,1,1.00,'Factura A N°: 0003-00121742',NULL,NULL,'2021-06-22 14:01:34','2021-06-22 14:01:34',NULL),(313,3022,0,NULL,313,3,40720,40832,57,1531,2,0,'2021-05-18','2021-05-18',4177.06,1,1.00,'Factura A N°: 0003-00121743',NULL,NULL,'2021-06-22 14:01:34','2021-06-22 14:01:34',NULL),(314,3022,0,NULL,314,3,40720,40832,57,1531,2,0,'2021-05-18','2021-05-18',336.13,1,1.00,'Factura A N°: 0003-00121744',NULL,NULL,'2021-06-22 14:01:34','2021-06-22 14:01:34',NULL),(315,3022,0,NULL,315,3,40720,40838,57,1531,2,0,'2021-05-19','2021-05-19',4382.54,1,1.00,'Factura A N°: 0002-00055401',NULL,NULL,'2021-06-22 14:01:34','2021-06-22 14:01:34',NULL),(316,3022,0,NULL,316,3,40720,40839,57,1531,2,0,'2021-05-19','2021-05-19',873.49,1,1.00,'Factura A N°: 0021-00018444',NULL,NULL,'2021-06-22 14:01:34','2021-06-22 14:01:34',NULL),(317,3022,0,NULL,317,3,40720,40838,57,1531,1,0,'2021-05-20','2021-05-20',213.03,1,1.00,'Nota de crédito A N°: 0002-00007677',NULL,NULL,'2021-06-22 14:01:34','2021-06-22 14:01:34',NULL),(318,3022,0,NULL,318,3,40720,40835,57,1531,2,0,'2021-05-20','2021-05-20',802.50,1,1.00,'Factura A N°: 0004-00036681',NULL,NULL,'2021-06-22 14:01:34','2021-06-22 14:01:34',NULL),(319,3022,0,NULL,319,3,40720,40832,57,1531,2,0,'2021-05-20','2021-05-20',235.01,1,1.00,'Factura A N°: 0003-00121979',NULL,NULL,'2021-06-22 14:01:34','2021-06-22 14:01:34',NULL),(320,3022,0,NULL,320,3,40720,40833,57,1531,2,0,'2021-05-20','2021-05-20',4461.07,1,1.00,'Factura A N°: 0003-00095407',NULL,NULL,'2021-06-22 14:01:34','2021-06-22 14:01:34',NULL),(321,3022,0,NULL,321,3,40720,40830,57,1531,2,0,'2021-05-21','2021-05-21',410.00,1,1.00,'Factura A N°: 0002-00025333',NULL,NULL,'2021-06-22 14:01:34','2021-06-22 14:01:34',NULL),(322,3022,0,NULL,322,3,40720,40861,57,1531,2,0,'2021-05-22','2021-05-22',1306.28,1,1.00,'Factura B N°: 0029-03812056',NULL,NULL,'2021-06-22 14:01:34','2021-06-22 14:01:34',NULL),(323,3022,0,NULL,323,3,40720,40833,57,1531,1,0,'2021-05-22','2021-05-22',528.98,1,1.00,'Nota de crédito A N°: 0003-00016150',NULL,NULL,'2021-06-22 14:01:34','2021-06-22 14:01:34',NULL),(324,3022,0,NULL,324,3,40720,40828,57,1531,2,0,'2021-05-24','2021-05-24',48200.74,1,1.00,'Factura A N°: 0011-00178064',NULL,NULL,'2021-06-22 14:01:35','2021-06-22 14:01:35',NULL),(325,3022,0,NULL,325,3,40720,40827,57,1531,2,0,'2021-05-25','2021-05-25',2479.00,1,1.00,'Factura A N°: 0020-00001431',NULL,NULL,'2021-06-22 14:01:35','2021-06-22 14:01:35',NULL),(326,3022,0,NULL,326,3,40720,40838,57,1531,2,0,'2021-05-26','2021-05-26',1379.29,1,1.00,'Factura A N°: 0002-00055649',NULL,NULL,'2021-06-22 14:01:35','2021-06-22 14:01:35',NULL),(327,3022,0,NULL,327,3,40720,40839,57,1531,2,0,'2021-05-26','2021-05-26',967.85,1,1.00,'Factura A N°: 0021-00018505',NULL,NULL,'2021-06-22 14:01:35','2021-06-22 14:01:35',NULL),(328,3022,0,NULL,328,3,40720,40838,57,1531,1,0,'2021-05-27','2021-05-27',1379.29,1,1.00,'Nota de crédito A N°: 0002-00007702',NULL,NULL,'2021-06-22 14:01:35','2021-06-22 14:01:35',NULL),(329,3022,0,NULL,329,3,40720,40835,57,1531,2,0,'2021-05-27','2021-05-27',1381.50,1,1.00,'Factura A N°: 0004-00036837',NULL,NULL,'2021-06-22 14:01:35','2021-06-22 14:01:35',NULL),(330,3022,0,NULL,330,3,40720,40832,57,1531,2,0,'2021-05-27','2021-05-27',1037.96,1,1.00,'Factura A N°: 0003-00122521',NULL,NULL,'2021-06-22 14:01:35','2021-06-22 14:01:35',NULL);
INSERT INTO `cta_cte_cliente` VALUES (331,3022,0,NULL,331,3,40720,40830,57,1531,2,0,'2021-05-27','2021-05-27',4057.04,1,1.00,'Factura A N°: 0002-00025415',NULL,NULL,'2021-06-22 14:01:35','2021-06-22 14:01:35',NULL),(332,3022,0,NULL,332,3,40720,40833,57,1531,2,0,'2021-05-27','2021-05-27',1094.00,1,1.00,'Factura A N°: 0003-00095617',NULL,NULL,'2021-06-22 14:01:35','2021-06-22 14:01:35',NULL),(333,3022,0,NULL,333,3,40720,40837,57,1531,2,0,'2021-05-27','2021-05-27',5703.25,1,1.00,'Factura A N°: 0005-00134213',NULL,NULL,'2021-06-22 14:01:35','2021-06-22 14:01:35',NULL),(334,3022,0,NULL,334,3,40720,40862,57,1531,2,0,'2021-05-28','2021-05-28',2475.00,1,1.00,'Factura B N°: 0031-00787631',NULL,NULL,'2021-06-22 14:01:35','2021-06-22 14:01:35',NULL),(335,3022,0,NULL,335,3,40720,40863,57,1531,2,0,'2021-05-28','2021-05-28',13829.20,1,1.00,'Factura A N°: 0035-00019858',NULL,NULL,'2021-06-22 14:01:35','2021-06-22 14:01:35',NULL),(336,3022,0,NULL,336,3,40720,40836,57,1531,2,0,'2021-05-29','2021-05-29',1469.52,1,1.00,'Factura A N°: 0010-00085097',NULL,NULL,'2021-06-22 14:01:35','2021-06-22 14:01:35',NULL),(337,3022,0,NULL,337,3,40720,40834,57,1531,2,0,'2021-05-29','2021-05-29',2917.30,1,1.00,'Factura A N°: 0010-00065218',NULL,NULL,'2021-06-22 14:01:35','2021-06-22 14:01:35',NULL),(338,3022,0,NULL,338,3,40720,40844,57,1531,2,0,'2021-05-31','2021-05-31',1149.00,1,1.00,'Factura C N°: 0003-00000709',NULL,NULL,'2021-06-22 14:01:35','2021-06-22 14:01:35',NULL),(339,3022,0,NULL,339,3,40720,40864,57,1531,2,0,'2021-05-31','2021-05-31',2299.99,1,1.00,'Factura B N°: 0003-00081425',NULL,NULL,'2021-06-22 14:01:35','2021-06-22 14:01:35',NULL),(340,3022,0,NULL,340,3,40720,40859,57,1531,2,0,'2021-05-31','2021-05-31',12105.18,1,1.00,'Factura A N°: 0178-00495164',NULL,NULL,'2021-06-22 14:01:35','2021-06-22 14:01:35',NULL),(341,3022,0,NULL,341,3,40720,40842,57,1531,2,0,'2021-05-31','2021-05-31',677.17,1,1.00,'Factura A N°: 0003-00002067',NULL,NULL,'2021-06-22 14:01:35','2021-06-22 14:01:35',NULL),(342,3022,0,NULL,342,3,40720,40827,57,1531,2,0,'2021-05-31','2021-05-31',2573.40,1,1.00,'Factura A N°: 0020-00001463',NULL,NULL,'2021-06-22 14:01:35','2021-06-22 14:01:35',NULL),(343,3022,0,NULL,343,3,40720,40828,57,1531,2,0,'2021-05-31','2021-05-31',24167.06,1,1.00,'Factura A N°: 0011-00178619',NULL,NULL,'2021-06-22 14:01:35','2021-06-22 14:01:35',NULL),(344,3022,0,NULL,344,3,40720,40857,57,1531,2,0,'2021-05-31','2021-05-31',1647.91,1,1.00,'Factura A N°: 0003-00019798',NULL,NULL,'2021-06-22 14:01:35','2021-06-22 14:01:35',NULL),(345,3022,0,NULL,345,3,40720,40843,57,1531,2,0,'2021-05-31','2021-05-31',65920.43,1,1.00,'Factura A N°: 0004-00002872',NULL,NULL,'2021-06-22 14:01:35','2021-06-22 14:01:35',NULL),(346,3022,0,NULL,346,3,40720,40830,57,1531,2,0,'2021-05-31','2021-05-31',2230.76,1,1.00,'Factura A N°: 0002-00025448',NULL,NULL,'2021-06-22 14:01:35','2021-06-22 14:01:35',NULL),(347,3022,0,NULL,347,3,40720,40829,57,1531,2,0,'2021-05-31','2021-05-31',1322.48,1,1.00,'Factura A N°: 0005-00003689',NULL,NULL,'2021-06-22 14:01:35','2021-06-22 14:01:35',NULL),(348,3022,0,NULL,348,3,40819,40867,57,151516,2,0,'2021-03-29','2021-03-29',28263.71,1,1.00,'Factura A N°: 0001-00000077',NULL,NULL,'2021-06-22 19:12:18','2021-06-22 19:15:57','2021-06-22 19:15:57'),(349,3022,0,NULL,349,3,40819,40867,57,151516,2,0,'2021-03-29','2021-03-29',12729.38,1,1.00,'Factura A N°: 0001-00000056',NULL,NULL,'2021-06-22 19:13:27','2021-06-22 19:15:40','2021-06-22 19:15:40'),(350,3022,0,NULL,350,3,40819,40867,57,151516,2,0,'2021-03-29','2021-03-29',10819.99,1,1.00,'Factura A N°: 0001-00000056',NULL,NULL,'2021-06-22 19:15:40','2021-06-22 19:15:40',NULL),(351,3022,0,NULL,351,3,40819,40867,57,151516,2,0,'2021-04-06','2021-04-06',28263.71,1,1.00,'Factura A N°: 0001-00000077',NULL,NULL,'2021-06-22 19:15:57','2021-06-22 19:15:57',NULL),(352,3022,0,NULL,352,3,40819,40868,57,151516,2,0,'2021-05-06','2021-05-06',599.98,1,1.00,'Factura A N°: 0003-00003569',NULL,NULL,'2021-06-22 19:20:26','2021-06-22 19:20:26',NULL);
INSERT INTO `cta_cte_cliente` VALUES (353,3022,0,NULL,353,2,40819,40869,13,151516,1,0,'2021-05-03','2021-05-03',176939.99,1,1.00,'Factura B N°: 0005-00000138',NULL,NULL,'2021-06-22 19:24:45','2021-10-14 12:53:29','2021-10-14 12:53:29'),(354,3022,0,NULL,354,2,40817,40855,13,148482,1,0,'2021-01-04','2021-01-04',2048.00,1,1.00,'Factura C N°: 0003-00002192',NULL,NULL,'2021-06-24 13:22:56','2021-06-24 13:22:56',NULL),(355,3022,0,NULL,355,2,40817,40855,13,148482,1,0,'2021-01-04','2021-01-04',6045.00,1,1.00,'Factura C N°: 0003-00002193',NULL,NULL,'2021-06-24 13:22:56','2021-06-24 13:22:56',NULL),(356,3022,0,NULL,356,2,40817,40855,13,148482,1,0,'2021-01-04','2021-01-04',470.00,1,1.00,'Factura C N°: 0003-00002194',NULL,NULL,'2021-06-24 13:22:56','2021-06-24 13:22:56',NULL),(357,3022,0,NULL,357,2,40817,40855,13,148482,1,0,'2021-01-04','2021-01-04',970.00,1,1.00,'Factura C N°: 0003-00002195',NULL,NULL,'2021-06-24 13:22:56','2021-06-24 13:22:56',NULL),(358,3022,0,NULL,358,2,40817,40855,13,148482,1,0,'2021-01-04','2021-01-04',7530.00,1,1.00,'Factura C N°: 0003-00002196',NULL,NULL,'2021-06-24 13:22:56','2021-06-24 13:22:56',NULL),(359,3022,0,NULL,359,2,40817,40855,13,148482,1,0,'2021-01-05','2021-01-05',1220.00,1,1.00,'Factura C N°: 0003-00002197',NULL,NULL,'2021-06-24 13:22:56','2021-06-24 13:22:56',NULL),(360,3022,0,NULL,360,2,40817,40855,13,148482,1,0,'2021-01-05','2021-01-05',429.00,1,1.00,'Factura C N°: 0003-00002198',NULL,NULL,'2021-06-24 13:22:56','2021-06-24 13:22:56',NULL),(361,3022,0,NULL,361,2,40817,40855,13,148482,1,0,'2021-01-05','2021-01-05',4000.00,1,1.00,'Factura C N°: 0003-00002199',NULL,NULL,'2021-06-24 13:22:56','2021-06-24 13:22:56',NULL),(362,3022,0,NULL,362,2,40817,40855,13,148482,1,0,'2021-01-05','2021-01-05',4354.00,1,1.00,'Factura C N°: 0003-00002200',NULL,NULL,'2021-06-24 13:22:56','2021-06-24 13:22:56',NULL),(363,3022,0,NULL,363,2,40817,40855,13,148482,1,0,'2021-01-05','2021-01-05',920.00,1,1.00,'Factura C N°: 0003-00002201',NULL,NULL,'2021-06-24 13:22:56','2021-06-24 13:22:56',NULL),(364,3022,0,NULL,364,2,40817,40855,13,148482,1,0,'2021-01-05','2021-01-05',5143.00,1,1.00,'Factura C N°: 0003-00002202',NULL,NULL,'2021-06-24 13:22:56','2021-06-24 13:22:56',NULL),(365,3022,0,NULL,365,2,40817,40855,13,148482,1,0,'2021-01-05','2021-01-05',7000.00,1,1.00,'Factura C N°: 0003-00002203',NULL,NULL,'2021-06-24 13:22:56','2021-06-24 13:22:56',NULL),(366,3022,0,NULL,366,2,40817,40855,13,148482,1,0,'2021-01-05','2021-01-05',7374.00,1,1.00,'Factura C N°: 0003-00002204',NULL,NULL,'2021-06-24 13:22:56','2021-06-24 13:22:56',NULL),(367,3022,0,NULL,367,2,40817,40855,13,148482,1,0,'2021-01-06','2021-01-06',1745.00,1,1.00,'Factura C N°: 0003-00002205',NULL,NULL,'2021-06-24 13:22:56','2021-06-24 13:22:56',NULL),(368,3022,0,NULL,368,2,40817,40855,13,148482,1,0,'2021-01-06','2021-01-06',6805.00,1,1.00,'Factura C N°: 0003-00002206',NULL,NULL,'2021-06-24 13:22:56','2021-06-24 13:22:56',NULL),(369,3022,0,NULL,369,2,40817,40855,13,148482,1,0,'2021-01-07','2021-01-07',340.00,1,1.00,'Factura C N°: 0003-00002207',NULL,NULL,'2021-06-24 13:22:56','2021-06-24 13:22:56',NULL),(370,3022,0,NULL,370,2,40817,40855,13,148482,1,0,'2021-01-07','2021-01-07',1199.00,1,1.00,'Factura C N°: 0003-00002208',NULL,NULL,'2021-06-24 13:22:56','2021-06-24 13:22:56',NULL),(371,3022,0,NULL,371,2,40817,40855,13,148482,1,0,'2021-01-07','2021-01-07',4500.00,1,1.00,'Factura C N°: 0003-00002209',NULL,NULL,'2021-06-24 13:22:56','2021-06-24 13:22:56',NULL),(372,3022,0,NULL,372,2,40817,40855,13,148482,1,0,'2021-01-07','2021-01-07',5210.00,1,1.00,'Factura C N°: 0003-00002210',NULL,NULL,'2021-06-24 13:22:56','2021-06-24 13:22:56',NULL),(373,3022,0,NULL,373,2,40817,40855,13,148482,1,0,'2021-01-08','2021-01-08',620.00,1,1.00,'Factura C N°: 0003-00002211',NULL,NULL,'2021-06-24 13:22:57','2021-06-24 13:22:57',NULL),(374,3022,0,NULL,374,2,40817,40855,13,148482,1,0,'2021-01-08','2021-01-08',803.00,1,1.00,'Factura C N°: 0003-00002212',NULL,NULL,'2021-06-24 13:22:57','2021-06-24 13:22:57',NULL);
INSERT INTO `cta_cte_cliente` VALUES (375,3022,0,NULL,375,2,40817,40855,13,148482,1,0,'2021-01-08','2021-01-08',5000.00,1,1.00,'Factura C N°: 0003-00002213',NULL,NULL,'2021-06-24 13:22:57','2021-06-24 13:22:57',NULL),(376,3022,0,NULL,376,2,40817,40855,13,148482,1,0,'2021-01-08','2021-01-08',5075.00,1,1.00,'Factura C N°: 0003-00002214',NULL,NULL,'2021-06-24 13:22:57','2021-06-24 13:22:57',NULL),(377,3022,0,NULL,377,2,40817,40855,13,148482,1,0,'2021-01-11','2021-01-11',2300.00,1,1.00,'Factura C N°: 0003-00002215',NULL,NULL,'2021-06-24 13:22:57','2021-06-24 13:22:57',NULL),(378,3022,0,NULL,378,2,40817,40855,13,148482,1,0,'2021-01-11','2021-01-11',1122.00,1,1.00,'Factura C N°: 0003-00002216',NULL,NULL,'2021-06-24 13:22:57','2021-06-24 13:22:57',NULL),(379,3022,0,NULL,379,2,40817,40855,13,148482,1,0,'2021-01-11','2021-01-11',2420.00,1,1.00,'Factura C N°: 0003-00002217',NULL,NULL,'2021-06-24 13:22:57','2021-06-24 13:22:57',NULL),(380,3022,0,NULL,380,2,40817,40855,13,148482,1,0,'2021-01-11','2021-01-11',1749.00,1,1.00,'Factura C N°: 0003-00002218',NULL,NULL,'2021-06-24 13:22:57','2021-06-24 13:22:57',NULL),(381,3022,0,NULL,381,2,40817,40855,13,148482,1,0,'2021-01-11','2021-01-11',528.00,1,1.00,'Factura C N°: 0003-00002219',NULL,NULL,'2021-06-24 13:22:57','2021-06-24 13:22:57',NULL),(382,3022,0,NULL,382,2,40817,40855,13,148482,1,0,'2021-01-11','2021-01-11',4745.00,1,1.00,'Factura C N°: 0003-00002220',NULL,NULL,'2021-06-24 13:22:57','2021-06-24 13:22:57',NULL),(383,3022,0,NULL,383,2,40817,40855,13,148482,1,0,'2021-01-12','2021-01-12',600.00,1,1.00,'Factura C N°: 0003-00002221',NULL,NULL,'2021-06-24 13:22:57','2021-06-24 13:22:57',NULL),(384,3022,0,NULL,384,2,40817,40855,13,148482,1,0,'2021-01-12','2021-01-12',7000.00,1,1.00,'Factura C N°: 0003-00002222',NULL,NULL,'2021-06-24 13:22:57','2021-06-24 13:22:57',NULL),(385,3022,0,NULL,385,2,40817,40855,13,148482,1,0,'2021-01-12','2021-01-12',1598.00,1,1.00,'Factura C N°: 0003-00002223',NULL,NULL,'2021-06-24 13:22:57','2021-06-24 13:22:57',NULL),(386,3022,0,NULL,386,2,40817,40855,13,148482,1,0,'2021-01-13','2021-01-13',160.00,1,1.00,'Factura C N°: 0003-00002224',NULL,NULL,'2021-06-24 13:22:57','2021-06-24 13:22:57',NULL),(387,3022,0,NULL,387,2,40817,40855,13,148482,1,0,'2021-01-13','2021-01-13',5000.00,1,1.00,'Factura C N°: 0003-00002225',NULL,NULL,'2021-06-24 13:22:57','2021-06-24 13:22:57',NULL),(388,3022,0,NULL,388,2,40817,40855,13,148482,1,0,'2021-01-13','2021-01-13',6285.00,1,1.00,'Factura C N°: 0003-00002226',NULL,NULL,'2021-06-24 13:22:57','2021-06-24 13:22:57',NULL),(389,3022,0,NULL,389,2,40817,40855,13,148482,1,0,'2021-01-15','2021-01-15',836.00,1,1.00,'Factura C N°: 0003-00002227',NULL,NULL,'2021-06-24 13:22:57','2021-06-24 13:22:57',NULL),(390,3022,0,NULL,390,2,40817,40855,13,148482,1,0,'2021-01-15','2021-01-15',980.00,1,1.00,'Factura C N°: 0003-00002228',NULL,NULL,'2021-06-24 13:22:57','2021-06-24 13:22:57',NULL),(391,3022,0,NULL,391,2,40817,40855,13,148482,1,0,'2021-01-15','2021-01-15',1480.00,1,1.00,'Factura C N°: 0003-00002229',NULL,NULL,'2021-06-24 13:22:57','2021-06-24 13:22:57',NULL),(392,3022,0,NULL,392,2,40817,40855,13,148482,1,0,'2021-01-15','2021-01-15',5690.00,1,1.00,'Factura C N°: 0003-00002230',NULL,NULL,'2021-06-24 13:22:57','2021-06-24 13:22:57',NULL),(393,3022,0,NULL,393,2,40817,40855,13,148482,1,0,'2021-01-15','2021-01-15',5733.00,1,1.00,'Factura C N°: 0003-00002231',NULL,NULL,'2021-06-24 13:22:57','2021-06-24 13:22:57',NULL),(394,3022,0,NULL,394,2,40817,40855,13,148482,1,0,'2021-01-15','2021-01-15',230.00,1,1.00,'Factura C N°: 0003-00002232',NULL,NULL,'2021-06-24 13:22:57','2021-06-24 13:22:57',NULL),(395,3022,0,NULL,395,2,40817,40855,13,148482,1,0,'2021-01-15','2021-01-15',7000.00,1,1.00,'Factura C N°: 0003-00002233',NULL,NULL,'2021-06-24 13:22:57','2021-06-24 13:22:57',NULL),(396,3022,0,NULL,396,2,40817,40855,13,148482,1,0,'2021-01-15','2021-01-15',2115.00,1,1.00,'Factura C N°: 0003-00002234',NULL,NULL,'2021-06-24 13:22:57','2021-06-24 13:22:57',NULL);
INSERT INTO `cta_cte_cliente` VALUES (397,3022,0,NULL,397,2,40817,40855,13,148482,1,0,'2021-01-15','2021-01-15',836.00,1,1.00,'Factura C N°: 0003-00002235',NULL,NULL,'2021-06-24 13:22:57','2021-06-24 13:22:57',NULL),(398,3022,0,NULL,398,2,40817,40856,13,148482,1,0,'2021-01-16','2021-01-16',1775.00,1,1.00,'Factura C N°: 0003-00002236',NULL,NULL,'2021-06-24 13:22:57','2021-06-24 13:22:57',NULL),(399,3022,0,NULL,399,2,40817,40855,13,148482,1,0,'2021-01-20','2021-01-20',6430.00,1,1.00,'Factura C N°: 0003-00002237',NULL,NULL,'2021-06-24 13:22:57','2021-06-24 13:22:57',NULL),(400,3022,0,NULL,400,2,40817,40855,13,148482,1,0,'2021-01-20','2021-01-20',1934.00,1,1.00,'Factura C N°: 0003-00002238',NULL,NULL,'2021-06-24 13:22:57','2021-06-24 13:22:57',NULL),(401,3022,0,NULL,401,2,40817,40855,13,148482,1,0,'2021-01-20','2021-01-20',4340.00,1,1.00,'Factura C N°: 0003-00002239',NULL,NULL,'2021-06-24 13:22:57','2021-06-24 13:22:57',NULL),(402,3022,0,NULL,402,2,40817,40870,13,148483,1,0,'2021-02-02','2021-02-02',910.00,1,1.00,'Factura C N°: 0003-00002240',NULL,NULL,'2021-06-24 13:28:40','2021-06-24 13:28:40',NULL),(403,3022,0,NULL,403,2,40817,40855,13,148483,1,0,'2021-02-02','2021-02-02',6825.00,1,1.00,'Factura C N°: 0003-00002241',NULL,NULL,'2021-06-24 13:28:40','2021-06-24 13:28:40',NULL),(404,3022,0,NULL,404,2,40817,40855,13,148483,1,0,'2021-02-02','2021-02-02',7570.00,1,1.00,'Factura C N°: 0003-00002242',NULL,NULL,'2021-06-24 13:28:40','2021-06-24 13:28:40',NULL),(405,3022,0,NULL,405,2,40817,40855,13,148483,1,0,'2021-02-03','2021-02-03',780.00,1,1.00,'Factura C N°: 0003-00002243',NULL,NULL,'2021-06-24 13:28:40','2021-06-24 13:28:40',NULL),(406,3022,0,NULL,406,2,40817,40855,13,148483,1,0,'2021-02-03','2021-02-03',745.00,1,1.00,'Factura C N°: 0003-00002244',NULL,NULL,'2021-06-24 13:28:40','2021-06-24 13:28:40',NULL),(407,3022,0,NULL,407,2,40817,40855,13,148483,1,0,'2021-02-03','2021-02-03',7719.00,1,1.00,'Factura C N°: 0003-00002245',NULL,NULL,'2021-06-24 13:28:40','2021-06-24 13:28:40',NULL),(408,3022,0,NULL,408,2,40817,40855,13,148483,1,0,'2021-02-04','2021-02-04',1199.00,1,1.00,'Factura C N°: 0003-00002246',NULL,NULL,'2021-06-24 13:28:40','2021-06-24 13:28:40',NULL),(409,3022,0,NULL,409,2,40817,40855,13,148483,1,0,'2021-02-04','2021-02-04',7373.00,1,1.00,'Factura C N°: 0003-00002247',NULL,NULL,'2021-06-24 13:28:40','2021-06-24 13:28:40',NULL),(410,3022,0,NULL,410,2,40817,40855,13,148483,1,0,'2021-02-05','2021-02-05',3079.00,1,1.00,'Factura C N°: 0003-00002248',NULL,NULL,'2021-06-24 13:28:40','2021-06-24 13:28:40',NULL),(411,3022,0,NULL,411,2,40817,40855,13,148483,1,0,'2021-02-05','2021-02-05',880.00,1,1.00,'Factura C N°: 0003-00002249',NULL,NULL,'2021-06-24 13:28:40','2021-06-24 13:28:40',NULL),(412,3022,0,NULL,412,2,40817,40855,13,148483,1,0,'2021-02-05','2021-02-05',5000.00,1,1.00,'Factura C N°: 0003-00002250',NULL,NULL,'2021-06-24 13:28:40','2021-06-24 13:28:40',NULL),(413,3022,0,NULL,413,2,40817,40855,13,148483,1,0,'2021-02-05','2021-02-05',5000.00,1,1.00,'Factura C N°: 0003-00002251',NULL,NULL,'2021-06-24 13:28:40','2021-06-24 13:28:40',NULL),(414,3022,0,NULL,414,2,40817,40855,13,148483,1,0,'2021-02-05','2021-02-05',7532.00,1,1.00,'Factura C N°: 0003-00002252',NULL,NULL,'2021-06-24 13:28:40','2021-06-24 13:28:40',NULL),(415,3022,0,NULL,415,2,40817,40855,13,148483,1,0,'2021-02-05','2021-02-05',710.00,1,1.00,'Factura C N°: 0003-00002253',NULL,NULL,'2021-06-24 13:28:40','2021-06-24 13:28:40',NULL),(416,3022,0,NULL,416,2,40817,40855,13,148483,1,0,'2021-02-05','2021-02-05',5000.00,1,1.00,'Factura C N°: 0003-00002254',NULL,NULL,'2021-06-24 13:28:40','2021-06-24 13:28:40',NULL),(417,3022,0,NULL,417,2,40817,40855,13,148483,1,0,'2021-02-05','2021-02-05',7885.00,1,1.00,'Factura C N°: 0003-00002255',NULL,NULL,'2021-06-24 13:28:40','2021-06-24 13:28:40',NULL),(418,3022,0,NULL,418,2,40817,40855,13,148483,1,0,'2021-02-08','2021-02-08',2265.00,1,1.00,'Factura C N°: 0003-00002256',NULL,NULL,'2021-06-24 13:28:40','2021-06-24 13:28:40',NULL);
INSERT INTO `cta_cte_cliente` VALUES (419,3022,0,NULL,419,2,40817,40855,13,148483,1,0,'2021-02-08','2021-02-08',2736.00,1,1.00,'Factura C N°: 0003-00002257',NULL,NULL,'2021-06-24 13:28:40','2021-06-24 13:28:40',NULL),(420,3022,0,NULL,420,2,40817,40855,13,148483,1,0,'2021-02-08','2021-02-08',5000.00,1,1.00,'Factura C N°: 0003-00002258',NULL,NULL,'2021-06-24 13:28:40','2021-06-24 13:28:40',NULL),(421,3022,0,NULL,421,2,40817,40855,13,148483,1,0,'2021-02-08','2021-02-08',6034.00,1,1.00,'Factura C N°: 0003-00002259',NULL,NULL,'2021-06-24 13:28:40','2021-06-24 13:28:40',NULL),(422,3022,0,NULL,422,2,40817,40855,13,148483,1,0,'2021-02-09','2021-02-09',580.00,1,1.00,'Factura C N°: 0003-00002260',NULL,NULL,'2021-06-24 13:28:40','2021-06-24 13:28:40',NULL),(423,3022,0,NULL,423,2,40817,40855,13,148483,1,0,'2021-02-09','2021-02-09',5000.00,1,1.00,'Factura C N°: 0003-00002261',NULL,NULL,'2021-06-24 13:28:40','2021-06-24 13:28:40',NULL),(424,3022,0,NULL,424,2,40817,40855,13,148483,1,0,'2021-02-09','2021-02-09',6614.00,1,1.00,'Factura C N°: 0003-00002262',NULL,NULL,'2021-06-24 13:28:40','2021-06-24 13:28:40',NULL),(425,3022,0,NULL,425,2,40817,40855,13,148483,1,0,'2021-02-09','2021-02-09',1311.00,1,1.00,'Factura C N°: 0003-00002263',NULL,NULL,'2021-06-24 13:28:40','2021-06-24 13:28:40',NULL),(426,3022,0,NULL,426,2,40817,40855,13,148483,1,0,'2021-02-09','2021-02-09',3600.00,1,1.00,'Factura C N°: 0003-00002264',NULL,NULL,'2021-06-24 13:28:40','2021-06-24 13:28:40',NULL),(427,3022,0,NULL,427,2,40817,40855,13,148483,1,0,'2021-02-09','2021-02-09',7730.00,1,1.00,'Factura C N°: 0003-00002265',NULL,NULL,'2021-06-24 13:28:40','2021-06-24 13:28:40',NULL),(428,3022,0,NULL,428,2,40817,40856,13,148483,1,0,'2021-02-10','2021-02-10',1350.00,1,1.00,'Factura C N°: 0003-00002266',NULL,NULL,'2021-06-24 13:28:40','2021-06-24 13:28:40',NULL),(429,3022,0,NULL,429,2,40817,40855,13,148483,1,0,'2021-02-10','2021-02-10',975.00,1,1.00,'Factura C N°: 0003-00002267',NULL,NULL,'2021-06-24 13:28:40','2021-06-24 13:28:40',NULL),(430,3022,0,NULL,430,2,40817,40855,13,148483,1,0,'2021-02-10','2021-02-10',730.00,1,1.00,'Factura C N°: 0003-00002268',NULL,NULL,'2021-06-24 13:28:40','2021-06-24 13:28:40',NULL),(431,3022,0,NULL,431,2,40817,40855,13,148483,1,0,'2021-02-10','2021-02-10',2244.00,1,1.00,'Factura C N°: 0003-00002269',NULL,NULL,'2021-06-24 13:28:40','2021-06-24 13:28:40',NULL),(432,3022,0,NULL,432,2,40817,40855,13,148483,1,0,'2021-02-10','2021-02-10',6680.00,1,1.00,'Factura C N°: 0003-00002270',NULL,NULL,'2021-06-24 13:28:40','2021-06-24 13:28:40',NULL),(433,3022,0,NULL,433,2,40817,40855,13,148483,1,0,'2021-02-10','2021-02-10',7000.00,1,1.00,'Factura C N°: 0003-00002271',NULL,NULL,'2021-06-24 13:28:40','2021-06-24 13:28:40',NULL),(434,3022,0,NULL,434,2,40817,40855,13,148483,1,0,'2021-02-10','2021-02-10',1865.00,1,1.00,'Factura C N°: 0003-00002272',NULL,NULL,'2021-06-24 13:28:40','2021-06-24 13:28:40',NULL),(435,3022,0,NULL,435,2,40817,40855,13,148483,1,0,'2021-02-11','2021-02-11',6195.00,1,1.00,'Factura C N°: 0003-00002273',NULL,NULL,'2021-06-24 13:28:40','2021-06-24 13:28:40',NULL),(436,3022,0,NULL,436,2,40817,40855,13,148483,1,0,'2021-02-11','2021-02-11',4215.00,1,1.00,'Factura C N°: 0003-00002274',NULL,NULL,'2021-06-24 13:28:40','2021-06-24 13:28:40',NULL),(437,3022,0,NULL,437,2,40817,40855,13,148483,1,0,'2021-02-11','2021-02-11',5000.00,1,1.00,'Factura C N°: 0003-00002275',NULL,NULL,'2021-06-24 13:28:40','2021-06-24 13:28:40',NULL),(438,3022,0,NULL,438,2,40817,40855,13,148483,1,0,'2021-02-11','2021-02-11',6085.00,1,1.00,'Factura C N°: 0003-00002276',NULL,NULL,'2021-06-24 13:28:40','2021-06-24 13:28:40',NULL),(439,3022,0,NULL,439,2,40817,40855,13,148483,1,0,'2021-02-12','2021-02-12',2479.00,1,1.00,'Factura C N°: 0003-00002277',NULL,NULL,'2021-06-24 13:28:40','2021-06-24 13:28:40',NULL),(440,3022,0,NULL,440,2,40817,40855,13,148483,1,0,'2021-02-12','2021-02-12',5905.00,1,1.00,'Factura C N°: 0003-00002278',NULL,NULL,'2021-06-24 13:28:40','2021-06-24 13:28:40',NULL);
INSERT INTO `cta_cte_cliente` VALUES (441,3022,0,NULL,441,2,40817,40855,13,148483,1,0,'2021-02-15','2021-02-15',370.00,1,1.00,'Factura C N°: 0003-00002279',NULL,NULL,'2021-06-24 13:28:40','2021-06-24 13:28:40',NULL),(442,3022,0,NULL,442,2,40817,40855,13,148483,1,0,'2021-02-15','2021-02-15',3410.00,1,1.00,'Factura C N°: 0003-00002280',NULL,NULL,'2021-06-24 13:28:40','2021-06-24 13:28:40',NULL),(443,3022,0,NULL,443,2,40817,40855,13,148483,1,0,'2021-02-17','2021-02-17',4705.00,1,1.00,'Factura C N°: 0003-00002281',NULL,NULL,'2021-06-24 13:28:40','2021-06-24 13:28:40',NULL),(444,3022,0,NULL,444,2,40817,40855,13,148483,1,0,'2021-02-17','2021-02-17',1620.00,1,1.00,'Factura C N°: 0003-00002282',NULL,NULL,'2021-06-24 13:28:41','2021-06-24 13:28:41',NULL),(445,3022,0,NULL,445,2,40817,40855,13,148483,1,0,'2021-02-17','2021-02-17',1012.00,1,1.00,'Factura C N°: 0003-00002283',NULL,NULL,'2021-06-24 13:28:41','2021-06-24 13:28:41',NULL),(446,3022,0,NULL,446,2,40817,40855,13,148483,1,0,'2021-02-17','2021-02-17',7080.00,1,1.00,'Factura C N°: 0003-00002284',NULL,NULL,'2021-06-24 13:28:41','2021-06-24 13:28:41',NULL),(447,3022,0,NULL,447,2,40817,40855,13,148483,1,0,'2021-02-17','2021-02-17',5000.00,1,1.00,'Factura C N°: 0003-00002285',NULL,NULL,'2021-06-24 13:28:41','2021-06-24 13:28:41',NULL),(448,3022,0,NULL,448,2,40817,40855,13,148483,1,0,'2021-02-17','2021-02-17',3000.00,1,1.00,'Factura C N°: 0003-00002286',NULL,NULL,'2021-06-24 13:28:41','2021-06-24 13:28:41',NULL),(449,3022,0,NULL,449,2,40817,40855,13,148483,1,0,'2021-02-18','2021-02-18',2638.00,1,1.00,'Factura C N°: 0003-00002287',NULL,NULL,'2021-06-24 13:28:41','2021-06-24 13:28:41',NULL),(450,3022,0,NULL,450,2,40817,40855,13,148483,1,0,'2021-02-18','2021-02-18',1551.00,1,1.00,'Factura C N°: 0003-00002288',NULL,NULL,'2021-06-24 13:28:41','2021-06-24 13:28:41',NULL),(451,3022,0,NULL,451,2,40817,40855,13,148483,1,0,'2021-02-18','2021-02-18',5240.00,1,1.00,'Factura C N°: 0003-00002289',NULL,NULL,'2021-06-24 13:28:41','2021-06-24 13:28:41',NULL),(452,3022,0,NULL,452,2,40817,40870,13,148483,1,0,'2021-02-19','2021-02-19',410.00,1,1.00,'Factura C N°: 0003-00002290',NULL,NULL,'2021-06-24 13:28:41','2021-06-24 13:28:41',NULL),(453,3022,0,NULL,453,2,40817,40855,13,148483,1,0,'2021-02-23','2021-02-23',1665.00,1,1.00,'Factura C N°: 0003-00002291',NULL,NULL,'2021-06-24 13:28:41','2021-06-24 13:28:41',NULL),(454,3022,0,NULL,454,2,40817,40855,13,148483,1,0,'2021-02-23','2021-02-23',5000.00,1,1.00,'Factura C N°: 0003-00002292',NULL,NULL,'2021-06-24 13:28:41','2021-06-24 13:28:41',NULL),(455,3022,0,NULL,455,2,40817,40855,13,148483,1,0,'2021-02-23','2021-02-23',3670.00,1,1.00,'Factura C N°: 0003-00002293',NULL,NULL,'2021-06-24 13:28:41','2021-06-24 13:28:41',NULL),(456,3022,0,NULL,456,2,40817,40855,13,148483,1,0,'2021-02-23','2021-02-23',4315.00,1,1.00,'Factura C N°: 0003-00002294',NULL,NULL,'2021-06-24 13:28:41','2021-06-24 13:28:41',NULL),(457,3022,0,NULL,457,2,40817,40855,13,148483,1,0,'2021-02-23','2021-02-23',3589.00,1,1.00,'Factura C N°: 0003-00002295',NULL,NULL,'2021-06-24 13:28:41','2021-06-24 13:28:41',NULL),(458,3022,0,NULL,458,2,40817,40855,13,148483,1,0,'2021-02-23','2021-02-23',3750.00,1,1.00,'Factura C N°: 0003-00002296',NULL,NULL,'2021-06-24 13:28:41','2021-06-24 13:28:41',NULL),(459,3022,0,NULL,459,2,40817,40855,13,148483,1,0,'2021-02-23','2021-02-23',1400.00,1,1.00,'Factura C N°: 0003-00002297',NULL,NULL,'2021-06-24 13:28:41','2021-06-24 13:28:41',NULL),(460,3022,0,NULL,460,2,40817,40855,13,148483,1,0,'2021-02-23','2021-02-23',940.00,1,1.00,'Factura C N°: 0003-00002298',NULL,NULL,'2021-06-24 13:28:41','2021-06-24 13:28:41',NULL),(461,3022,0,NULL,461,2,40817,40855,13,148483,1,0,'2021-02-23','2021-02-23',4700.00,1,1.00,'Factura C N°: 0003-00002299',NULL,NULL,'2021-06-24 13:28:41','2021-06-24 13:28:41',NULL),(462,3022,0,NULL,462,2,40817,40855,13,148483,1,0,'2021-02-25','2021-02-25',3700.00,1,1.00,'Factura C N°: 0003-00002300',NULL,NULL,'2021-06-24 13:28:41','2021-06-24 13:28:41',NULL);
INSERT INTO `cta_cte_cliente` VALUES (463,3022,0,NULL,463,2,40817,40855,13,148483,1,0,'2021-02-25','2021-02-25',2324.00,1,1.00,'Factura C N°: 0003-00002301',NULL,NULL,'2021-06-24 13:28:41','2021-06-24 13:28:41',NULL),(464,3022,0,NULL,464,2,40817,40855,13,148483,1,0,'2021-02-25','2021-02-25',5300.00,1,1.00,'Factura C N°: 0003-00002302',NULL,NULL,'2021-06-24 13:28:41','2021-06-24 13:28:41',NULL),(465,3022,0,NULL,465,2,40817,40855,13,148483,1,0,'2021-02-25','2021-02-25',2094.00,1,1.00,'Factura C N°: 0003-00002303',NULL,NULL,'2021-06-24 13:28:41','2021-06-24 13:28:41',NULL),(466,3022,0,NULL,466,2,40817,40855,13,148483,1,0,'2021-02-28','2021-02-28',450.00,1,1.00,'Factura C N°: 0003-00002304',NULL,NULL,'2021-06-24 13:28:41','2021-06-24 13:28:41',NULL),(467,3022,0,NULL,467,2,40817,40855,13,148483,1,0,'2021-02-28','2021-02-28',2329.00,1,1.00,'Factura C N°: 0003-00002305',NULL,NULL,'2021-06-24 13:28:41','2021-06-24 13:28:41',NULL),(468,3022,0,NULL,468,2,40817,40855,13,148483,1,0,'2021-02-28','2021-02-28',990.00,1,1.00,'Factura C N°: 0003-00002306',NULL,NULL,'2021-06-24 13:28:41','2021-06-24 13:28:41',NULL),(469,3022,0,NULL,469,2,40817,40855,13,148483,1,0,'2021-02-28','2021-02-28',4190.00,1,1.00,'Factura C N°: 0003-00002307',NULL,NULL,'2021-06-24 13:28:41','2021-06-24 13:28:41',NULL),(470,3022,0,NULL,470,2,40817,40855,13,148483,1,0,'2021-02-28','2021-02-28',1880.00,1,1.00,'Factura C N°: 0003-00002308',NULL,NULL,'2021-06-24 13:28:41','2021-06-24 13:28:41',NULL),(471,3022,0,NULL,471,2,40817,40855,13,148483,1,0,'2021-02-28','2021-02-28',4930.00,1,1.00,'Factura C N°: 0003-00002309',NULL,NULL,'2021-06-24 13:28:41','2021-06-24 13:28:41',NULL),(472,3022,0,NULL,472,2,40817,40855,13,148484,1,0,'2021-03-04','2021-03-04',5029.00,1,1.00,'Factura C N°: 0003-00002310',NULL,NULL,'2021-06-24 13:32:19','2021-06-24 13:32:19',NULL),(473,3022,0,NULL,473,2,40817,40855,13,148484,1,0,'2021-03-04','2021-03-04',1739.00,1,1.00,'Factura C N°: 0003-00002311',NULL,NULL,'2021-06-24 13:32:19','2021-06-24 13:32:19',NULL),(474,3022,0,NULL,474,2,40817,40855,13,148484,1,0,'2021-03-04','2021-03-04',1936.00,1,1.00,'Factura C N°: 0003-00002312',NULL,NULL,'2021-06-24 13:32:19','2021-06-24 13:32:19',NULL),(475,3022,0,NULL,475,2,40817,40855,13,148484,1,0,'2021-03-04','2021-03-04',3155.00,1,1.00,'Factura C N°: 0003-00002313',NULL,NULL,'2021-06-24 13:32:19','2021-06-24 13:32:19',NULL),(476,3022,0,NULL,476,2,40817,40855,13,148484,1,0,'2021-03-04','2021-03-04',420.00,1,1.00,'Factura C N°: 0003-00002314',NULL,NULL,'2021-06-24 13:32:19','2021-06-24 13:32:19',NULL),(477,3022,0,NULL,477,2,40817,40855,13,148484,1,0,'2021-03-04','2021-03-04',340.00,1,1.00,'Factura C N°: 0003-00002315',NULL,NULL,'2021-06-24 13:32:19','2021-06-24 13:32:19',NULL),(478,3022,0,NULL,478,2,40817,40855,13,148484,1,0,'2021-03-04','2021-03-04',6095.00,1,1.00,'Factura C N°: 0003-00002316',NULL,NULL,'2021-06-24 13:32:19','2021-06-24 13:32:19',NULL),(479,3022,0,NULL,479,2,40817,40855,13,148484,1,0,'2021-03-05','2021-03-05',5452.00,1,1.00,'Factura C N°: 0003-00002317',NULL,NULL,'2021-06-24 13:32:19','2021-06-24 13:32:19',NULL),(480,3022,0,NULL,480,2,40817,40856,13,148484,1,0,'2021-03-05','2021-03-05',2220.00,1,1.00,'Factura C N°: 0003-00002318',NULL,NULL,'2021-06-24 13:32:19','2021-06-24 13:32:19',NULL),(481,3022,0,NULL,481,2,40817,40855,13,148484,1,0,'2021-03-05','2021-03-05',8599.00,1,1.00,'Factura C N°: 0003-00002319',NULL,NULL,'2021-06-24 13:32:19','2021-06-24 13:32:19',NULL),(482,3022,0,NULL,482,2,40817,40855,13,148484,1,0,'2021-03-10','2021-03-10',5000.00,1,1.00,'Factura C N°: 0003-00002320',NULL,NULL,'2021-06-24 13:32:19','2021-06-24 13:32:19',NULL),(483,3022,0,NULL,483,2,40817,40855,13,148484,1,0,'2021-03-10','2021-03-10',5320.00,1,1.00,'Factura C N°: 0003-00002321',NULL,NULL,'2021-06-24 13:32:19','2021-06-24 13:32:19',NULL),(484,3022,0,NULL,484,2,40817,40855,13,148484,1,0,'2021-03-10','2021-03-10',7717.00,1,1.00,'Factura C N°: 0003-00002322',NULL,NULL,'2021-06-24 13:32:19','2021-06-24 13:32:19',NULL);
INSERT INTO `cta_cte_cliente` VALUES (485,3022,0,NULL,485,2,40817,40855,13,148484,1,0,'2021-03-10','2021-03-10',1700.00,1,1.00,'Factura C N°: 0003-00002323',NULL,NULL,'2021-06-24 13:32:19','2021-06-24 13:32:19',NULL),(486,3022,0,NULL,486,2,40817,40855,13,148484,1,0,'2021-03-10','2021-03-10',5000.00,1,1.00,'Factura C N°: 0003-00002324',NULL,NULL,'2021-06-24 13:32:19','2021-06-24 13:32:19',NULL),(487,3022,0,NULL,487,2,40817,40855,13,148484,1,0,'2021-03-10','2021-03-10',5140.00,1,1.00,'Factura C N°: 0003-00002325',NULL,NULL,'2021-06-24 13:32:19','2021-06-24 13:32:19',NULL),(488,3022,0,NULL,488,2,40817,40855,13,148484,1,0,'2021-03-11','2021-03-11',2090.00,1,1.00,'Factura C N°: 0003-00002326',NULL,NULL,'2021-06-24 13:32:19','2021-06-24 13:32:19',NULL),(489,3022,0,NULL,489,2,40817,40855,13,148484,1,0,'2021-03-11','2021-03-11',3138.00,1,1.00,'Factura C N°: 0003-00002327',NULL,NULL,'2021-06-24 13:32:19','2021-06-24 13:32:19',NULL),(490,3022,0,NULL,490,2,40817,40855,13,148484,1,0,'2021-03-11','2021-03-11',2662.00,1,1.00,'Factura C N°: 0003-00002328',NULL,NULL,'2021-06-24 13:32:20','2021-06-24 13:32:20',NULL),(491,3022,0,NULL,491,2,40817,40855,13,148484,1,0,'2021-03-11','2021-03-11',7745.00,1,1.00,'Factura C N°: 0003-00002329',NULL,NULL,'2021-06-24 13:32:20','2021-06-24 13:32:20',NULL),(492,3022,0,NULL,492,2,40817,40855,13,148484,1,0,'2021-03-12','2021-03-12',6500.00,1,1.00,'Factura C N°: 0003-00002330',NULL,NULL,'2021-06-24 13:32:20','2021-06-24 13:32:20',NULL),(493,3022,0,NULL,493,2,40817,40855,13,148484,1,0,'2021-03-17','2021-03-17',3620.00,1,1.00,'Factura C N°: 0003-00002331',NULL,NULL,'2021-06-24 13:32:20','2021-06-24 13:32:20',NULL),(494,3022,0,NULL,494,2,40817,40855,13,148484,1,0,'2021-03-17','2021-03-17',858.00,1,1.00,'Factura C N°: 0003-00002332',NULL,NULL,'2021-06-24 13:32:20','2021-06-24 13:32:20',NULL),(495,3022,0,NULL,495,2,40817,40855,13,148484,1,0,'2021-03-17','2021-03-17',3495.00,1,1.00,'Factura C N°: 0003-00002333',NULL,NULL,'2021-06-24 13:32:20','2021-06-24 13:32:20',NULL),(496,3022,0,NULL,496,2,40817,40855,13,148484,1,0,'2021-03-17','2021-03-17',5185.00,1,1.00,'Factura C N°: 0003-00002334',NULL,NULL,'2021-06-24 13:32:20','2021-06-24 13:32:20',NULL),(497,3022,0,NULL,497,2,40817,40855,13,148484,1,0,'2021-03-17','2021-03-17',1610.00,1,1.00,'Factura C N°: 0003-00002335',NULL,NULL,'2021-06-24 13:32:20','2021-06-24 13:32:20',NULL),(498,3022,0,NULL,498,2,40817,40855,13,148484,1,0,'2021-03-17','2021-03-17',5925.00,1,1.00,'Factura C N°: 0003-00002336',NULL,NULL,'2021-06-24 13:32:20','2021-06-24 13:32:20',NULL),(499,3022,0,NULL,499,2,40817,40855,13,148484,1,0,'2021-03-19','2021-03-19',4515.00,1,1.00,'Factura C N°: 0003-00002337',NULL,NULL,'2021-06-24 13:32:20','2021-06-24 13:32:20',NULL),(500,3022,0,NULL,500,2,40817,40855,13,148484,1,0,'2021-03-19','2021-03-19',6659.00,1,1.00,'Factura C N°: 0003-00002338',NULL,NULL,'2021-06-24 13:32:20','2021-06-24 13:32:20',NULL),(501,3022,0,NULL,501,2,40817,40855,13,148484,1,0,'2021-03-19','2021-03-19',4933.00,1,1.00,'Factura C N°: 0003-00002339',NULL,NULL,'2021-06-24 13:32:20','2021-06-24 13:32:20',NULL),(502,3022,0,NULL,502,2,40817,40855,13,148484,1,0,'2021-03-21','2021-03-21',6140.00,1,1.00,'Factura C N°: 0003-00002340',NULL,NULL,'2021-06-24 13:32:20','2021-06-24 13:32:20',NULL),(503,3022,0,NULL,503,2,40817,40855,13,148484,1,0,'2021-03-22','2021-03-22',1190.00,1,1.00,'Factura C N°: 0003-00002341',NULL,NULL,'2021-06-24 13:32:20','2021-06-24 13:32:20',NULL),(504,3022,0,NULL,504,2,40817,40855,13,148484,1,0,'2021-03-22','2021-03-22',5000.00,1,1.00,'Factura C N°: 0003-00002342',NULL,NULL,'2021-06-24 13:32:20','2021-06-24 13:32:20',NULL),(505,3022,0,NULL,505,2,40817,40855,13,148484,1,0,'2021-03-22','2021-03-22',5575.00,1,1.00,'Factura C N°: 0003-00002343',NULL,NULL,'2021-06-24 13:32:20','2021-06-24 13:32:20',NULL),(506,3022,0,NULL,506,2,40817,40855,13,148484,1,0,'2021-03-22','2021-03-22',1408.00,1,1.00,'Factura C N°: 0003-00002344',NULL,NULL,'2021-06-24 13:32:20','2021-06-24 13:32:20',NULL);
INSERT INTO `cta_cte_cliente` VALUES (507,3022,0,NULL,507,2,40817,40871,13,148484,1,0,'2021-03-23','2021-03-23',10040.00,1,1.00,'Factura C N°: 0003-00002345',NULL,NULL,'2021-06-24 13:32:20','2021-06-24 13:32:20',NULL),(508,3022,0,NULL,508,2,40817,40855,13,148484,1,0,'2021-03-25','2021-03-25',3630.00,1,1.00,'Factura C N°: 0003-00002346',NULL,NULL,'2021-06-24 13:32:20','2021-06-24 13:32:20',NULL),(509,3022,0,NULL,509,2,40817,40855,13,148484,1,0,'2021-03-25','2021-03-25',1560.00,1,1.00,'Factura C N°: 0003-00002347',NULL,NULL,'2021-06-24 13:32:20','2021-06-24 13:32:20',NULL),(510,3022,0,NULL,510,2,40817,40855,13,148484,1,0,'2021-03-26','2021-03-26',1560.00,1,1.00,'Factura C N°: 0003-00002348',NULL,NULL,'2021-06-24 13:32:20','2021-06-24 13:32:20',NULL),(511,3022,0,NULL,511,2,40817,40855,13,148484,1,0,'2021-03-26','2021-03-26',3630.00,1,1.00,'Factura C N°: 0003-00002349',NULL,NULL,'2021-06-24 13:32:20','2021-06-24 13:32:20',NULL),(512,3022,0,NULL,512,2,40817,40855,13,148484,1,0,'2021-03-26','2021-03-26',5485.00,1,1.00,'Factura C N°: 0003-00002350',NULL,NULL,'2021-06-24 13:32:20','2021-06-24 13:32:20',NULL),(513,3022,0,NULL,513,2,40817,40855,13,148484,1,0,'2021-03-29','2021-03-29',4515.00,1,1.00,'Factura C N°: 0003-00002351',NULL,NULL,'2021-06-24 13:32:20','2021-06-24 13:32:20',NULL),(514,3022,0,NULL,514,2,40817,40855,13,148484,1,0,'2021-03-29','2021-03-29',5968.00,1,1.00,'Factura C N°: 0003-00002352',NULL,NULL,'2021-06-24 13:32:20','2021-06-24 13:32:20',NULL),(515,3022,0,NULL,515,2,40817,40855,13,148484,1,0,'2021-03-29','2021-03-29',3430.00,1,1.00,'Factura C N°: 0003-00002353',NULL,NULL,'2021-06-24 13:32:20','2021-06-24 13:32:20',NULL),(516,3022,0,NULL,516,2,40817,40855,13,148484,1,0,'2021-03-30','2021-03-30',1507.00,1,1.00,'Factura C N°: 0003-00002354',NULL,NULL,'2021-06-24 13:32:20','2021-06-24 13:32:20',NULL),(517,3022,0,NULL,517,2,40817,40855,13,148484,1,0,'2021-03-30','2021-03-30',4150.00,1,1.00,'Factura C N°: 0003-00002355',NULL,NULL,'2021-06-24 13:32:20','2021-06-24 13:32:20',NULL),(518,3022,0,NULL,518,2,40817,40855,13,148485,1,0,'2021-04-01','2021-04-01',4253.00,1,1.00,'Factura C N°: 0003-00002356',NULL,NULL,'2021-06-24 13:33:19','2021-06-24 13:33:19',NULL),(519,3022,0,NULL,519,2,40817,40855,13,148485,1,0,'2021-04-01','2021-04-01',4404.00,1,1.00,'Factura C N°: 0003-00002357',NULL,NULL,'2021-06-24 13:33:19','2021-06-24 13:33:19',NULL),(520,3022,0,NULL,520,2,40817,40855,13,148485,1,0,'2021-04-01','2021-04-01',6200.00,1,1.00,'Factura C N°: 0003-00002358',NULL,NULL,'2021-06-24 13:33:19','2021-06-24 13:33:19',NULL),(521,3022,0,NULL,521,2,40817,40855,13,148485,1,0,'2021-04-01','2021-04-01',1342.00,1,1.00,'Factura C N°: 0003-00002359',NULL,NULL,'2021-06-24 13:33:19','2021-06-24 13:33:19',NULL),(522,3022,0,NULL,522,2,40817,40855,13,148485,1,0,'2021-04-01','2021-04-01',7720.00,1,1.00,'Factura C N°: 0003-00002360',NULL,NULL,'2021-06-24 13:33:19','2021-06-24 13:33:19',NULL),(523,3022,0,NULL,523,2,40817,40856,13,148485,1,0,'2021-04-03','2021-04-03',2020.00,1,1.00,'Factura C N°: 0003-00002361',NULL,NULL,'2021-06-24 13:33:19','2021-06-24 13:33:19',NULL),(524,3022,0,NULL,524,2,40817,40855,13,148485,1,0,'2021-04-07','2021-04-07',4318.00,1,1.00,'Factura C N°: 0003-00002362',NULL,NULL,'2021-06-24 13:33:19','2021-06-24 13:33:19',NULL),(525,3022,0,NULL,525,2,40817,40855,13,148485,1,0,'2021-04-07','2021-04-07',2460.00,1,1.00,'Factura C N°: 0003-00002363',NULL,NULL,'2021-06-24 13:33:19','2021-06-24 13:33:19',NULL),(526,3022,0,NULL,526,2,40817,40855,13,148485,1,0,'2021-04-07','2021-04-07',6970.00,1,1.00,'Factura C N°: 0003-00002364',NULL,NULL,'2021-06-24 13:33:19','2021-06-24 13:33:19',NULL),(527,3022,0,NULL,527,2,40817,40855,13,148485,1,0,'2021-04-08','2021-04-08',1507.00,1,1.00,'Factura C N°: 0003-00002365',NULL,NULL,'2021-06-24 13:33:19','2021-06-24 13:33:19',NULL),(528,3022,0,NULL,528,2,40817,40855,13,148485,1,0,'2021-04-08','2021-04-08',4150.00,1,1.00,'Factura C N°: 0003-00002366',NULL,NULL,'2021-06-24 13:33:19','2021-06-24 13:33:19',NULL);
INSERT INTO `cta_cte_cliente` VALUES (529,3022,0,NULL,529,2,40817,40855,13,148485,1,0,'2021-04-08','2021-04-08',4100.00,1,1.00,'Factura C N°: 0003-00002367',NULL,NULL,'2021-06-24 13:33:19','2021-06-24 13:33:19',NULL),(530,3022,0,NULL,530,2,40817,40855,13,148485,1,0,'2021-04-08','2021-04-08',2110.00,1,1.00,'Factura C N°: 0003-00002368',NULL,NULL,'2021-06-24 13:33:19','2021-06-24 13:33:19',NULL),(531,3022,0,NULL,531,2,40817,40855,13,148485,1,0,'2021-04-08','2021-04-08',6000.00,1,1.00,'Factura C N°: 0003-00002369',NULL,NULL,'2021-06-24 13:33:19','2021-06-24 13:33:19',NULL),(532,3022,0,NULL,532,2,40817,40855,13,148485,1,0,'2021-04-08','2021-04-08',5450.00,1,1.00,'Factura C N°: 0003-00002370',NULL,NULL,'2021-06-24 13:33:19','2021-06-24 13:33:19',NULL),(533,3022,0,NULL,533,2,40817,40855,13,148485,1,0,'2021-04-09','2021-04-09',7060.00,1,1.00,'Factura C N°: 0003-00002371',NULL,NULL,'2021-06-24 13:33:19','2021-06-24 13:33:19',NULL),(534,3022,0,NULL,534,2,40817,40855,13,148485,1,0,'2021-04-09','2021-04-09',5055.00,1,1.00,'Factura C N°: 0003-00002372',NULL,NULL,'2021-06-24 13:33:19','2021-06-24 13:33:19',NULL),(535,3022,0,NULL,535,2,40817,40855,13,148485,1,0,'2021-04-09','2021-04-09',6535.00,1,1.00,'Factura C N°: 0003-00002373',NULL,NULL,'2021-06-24 13:33:19','2021-06-24 13:33:19',NULL),(536,3022,0,NULL,536,2,40817,40855,13,148485,1,0,'2021-04-09','2021-04-09',1438.00,1,1.00,'Factura C N°: 0003-00002374',NULL,NULL,'2021-06-24 13:33:19','2021-06-24 13:33:19',NULL),(537,3022,0,NULL,537,2,40817,40855,13,148485,1,0,'2021-04-12','2021-04-12',6667.00,1,1.00,'Factura C N°: 0003-00002375',NULL,NULL,'2021-06-24 13:33:19','2021-06-24 13:33:19',NULL),(538,3022,0,NULL,538,2,40817,40855,13,148485,1,0,'2021-04-13','2021-04-13',300.00,1,1.00,'Factura C N°: 0003-00002376',NULL,NULL,'2021-06-24 13:33:19','2021-06-24 13:33:19',NULL),(539,3022,0,NULL,539,2,40817,40855,13,148485,1,0,'2021-04-13','2021-04-13',2288.00,1,1.00,'Factura C N°: 0003-00002377',NULL,NULL,'2021-06-24 13:33:19','2021-06-24 13:33:19',NULL),(540,3022,0,NULL,540,2,40817,40855,13,148485,1,0,'2021-04-13','2021-04-13',7190.00,1,1.00,'Factura C N°: 0003-00002378',NULL,NULL,'2021-06-24 13:33:19','2021-06-24 13:33:19',NULL),(541,3022,0,NULL,541,2,40817,40855,13,148485,1,0,'2021-04-14','2021-04-14',1330.00,1,1.00,'Factura C N°: 0003-00002379',NULL,NULL,'2021-06-24 13:33:19','2021-06-24 13:33:19',NULL),(542,3022,0,NULL,542,2,40817,40855,13,148485,1,0,'2021-04-14','2021-04-14',5000.00,1,1.00,'Factura C N°: 0003-00002380',NULL,NULL,'2021-06-24 13:33:19','2021-06-24 13:33:19',NULL),(543,3022,0,NULL,543,2,40817,40855,13,148485,1,0,'2021-04-14','2021-04-14',5530.00,1,1.00,'Factura C N°: 0003-00002381',NULL,NULL,'2021-06-24 13:33:19','2021-06-24 13:33:19',NULL),(544,3022,0,NULL,544,2,40817,40855,13,148485,1,0,'2021-04-15','2021-04-15',2799.00,1,1.00,'Factura C N°: 0003-00002382',NULL,NULL,'2021-06-24 13:33:19','2021-06-24 13:33:19',NULL),(545,3022,0,NULL,545,2,40817,40855,13,148485,1,0,'2021-04-15','2021-04-15',530.00,1,1.00,'Factura C N°: 0003-00002383',NULL,NULL,'2021-06-24 13:33:19','2021-06-24 13:33:19',NULL),(546,3022,0,NULL,546,2,40817,40855,13,148485,1,0,'2021-04-15','2021-04-15',7000.00,1,1.00,'Factura C N°: 0003-00002384',NULL,NULL,'2021-06-24 13:33:19','2021-06-24 13:33:19',NULL),(547,3022,0,NULL,547,2,40817,40855,13,148485,1,0,'2021-04-15','2021-04-15',7005.00,1,1.00,'Factura C N°: 0003-00002385',NULL,NULL,'2021-06-24 13:33:19','2021-06-24 13:33:19',NULL),(548,3022,0,NULL,548,2,40817,40855,13,148485,1,0,'2021-04-17','2021-04-17',4380.00,1,1.00,'Factura C N°: 0003-00002386',NULL,NULL,'2021-06-24 13:33:19','2021-06-24 13:33:19',NULL),(549,3022,0,NULL,549,2,40817,40855,13,148485,1,0,'2021-04-17','2021-04-17',1199.00,1,1.00,'Factura C N°: 0003-00002387',NULL,NULL,'2021-06-24 13:33:19','2021-06-24 13:33:19',NULL),(550,3022,0,NULL,550,2,40817,40855,13,148485,1,0,'2021-04-17','2021-04-17',6310.00,1,1.00,'Factura C N°: 0003-00002388',NULL,NULL,'2021-06-24 13:33:19','2021-06-24 13:33:19',NULL);
INSERT INTO `cta_cte_cliente` VALUES (551,3022,0,NULL,551,2,40817,40855,13,148485,1,0,'2021-04-20','2021-04-20',1200.00,1,1.00,'Factura C N°: 0003-00002389',NULL,NULL,'2021-06-24 13:33:19','2021-06-24 13:33:19',NULL),(552,3022,0,NULL,552,2,40817,40855,13,148485,1,0,'2021-04-20','2021-04-20',6000.00,1,1.00,'Factura C N°: 0003-00002390',NULL,NULL,'2021-06-24 13:33:20','2021-06-24 13:33:20',NULL),(553,3022,0,NULL,553,2,40817,40855,13,148485,1,0,'2021-04-20','2021-04-20',2870.00,1,1.00,'Factura C N°: 0003-00002391',NULL,NULL,'2021-06-24 13:33:20','2021-06-24 13:33:20',NULL),(554,3022,0,NULL,554,2,40817,40855,13,148485,1,0,'2021-04-20','2021-04-20',1440.00,1,1.00,'Factura C N°: 0003-00002392',NULL,NULL,'2021-06-24 13:33:20','2021-06-24 13:33:20',NULL),(555,3022,0,NULL,555,2,40817,40855,13,148485,1,0,'2021-04-20','2021-04-20',2255.00,1,1.00,'Factura C N°: 0003-00002393',NULL,NULL,'2021-06-24 13:33:20','2021-06-24 13:33:20',NULL),(556,3022,0,NULL,556,2,40817,40855,13,148485,1,0,'2021-04-20','2021-04-20',6309.00,1,1.00,'Factura C N°: 0003-00002394',NULL,NULL,'2021-06-24 13:33:20','2021-06-24 13:33:20',NULL),(557,3022,0,NULL,557,2,40817,40855,13,148485,1,0,'2021-04-20','2021-04-20',6309.00,1,1.00,'Factura C N°: 0003-00002395',NULL,NULL,'2021-06-24 13:33:20','2021-06-24 13:33:20',NULL),(558,3022,0,NULL,558,2,40817,40855,13,148485,1,0,'2021-04-20','2021-04-20',5250.00,1,1.00,'Factura C N°: 0003-00002396',NULL,NULL,'2021-06-24 13:33:20','2021-06-24 13:33:20',NULL),(559,3022,0,NULL,559,2,40817,40871,13,148485,1,0,'2021-04-24','2021-04-24',2520.00,1,1.00,'Factura C N°: 0003-00002397',NULL,NULL,'2021-06-24 13:33:20','2021-06-24 13:33:20',NULL),(560,3022,0,NULL,560,2,40817,40855,13,148485,1,0,'2021-04-26','2021-04-26',1287.00,1,1.00,'Factura C N°: 0003-00002398',NULL,NULL,'2021-06-24 13:33:20','2021-06-24 13:33:20',NULL),(561,3022,0,NULL,561,2,40817,40855,13,148485,1,0,'2021-04-27','2021-04-27',6050.00,1,1.00,'Factura C N°: 0003-00002399',NULL,NULL,'2021-06-24 13:33:20','2021-06-24 13:33:20',NULL),(562,3022,0,NULL,562,2,40817,40855,13,148485,1,0,'2021-04-27','2021-04-27',4109.00,1,1.00,'Factura C N°: 0003-00002400',NULL,NULL,'2021-06-24 13:33:20','2021-06-24 13:33:20',NULL),(563,3022,0,NULL,563,2,40817,40855,13,148485,1,0,'2021-04-27','2021-04-27',3170.00,1,1.00,'Factura C N°: 0003-00002401',NULL,NULL,'2021-06-24 13:33:20','2021-06-24 13:33:20',NULL),(564,3022,0,NULL,564,2,40817,40855,13,148485,1,0,'2021-04-27','2021-04-27',3790.00,1,1.00,'Factura C N°: 0003-00002402',NULL,NULL,'2021-06-24 13:33:20','2021-06-24 13:33:20',NULL),(565,3022,0,NULL,565,2,40817,40855,13,148485,1,0,'2021-04-27','2021-04-27',3409.00,1,1.00,'Factura C N°: 0003-00002403',NULL,NULL,'2021-06-24 13:33:20','2021-06-24 13:33:20',NULL),(566,3022,0,NULL,566,2,40817,40855,13,148485,1,0,'2021-04-27','2021-04-27',8080.00,1,1.00,'Factura C N°: 0003-00002404',NULL,NULL,'2021-06-24 13:33:20','2021-06-24 13:33:20',NULL),(567,3022,0,NULL,567,2,40817,40855,13,148485,1,0,'2021-04-27','2021-04-27',1660.00,1,1.00,'Factura C N°: 0003-00002405',NULL,NULL,'2021-06-24 13:33:20','2021-06-24 13:33:20',NULL),(568,3022,0,NULL,568,2,40817,40855,13,148485,1,0,'2021-04-27','2021-04-27',5010.00,1,1.00,'Factura C N°: 0003-00002406',NULL,NULL,'2021-06-24 13:33:20','2021-06-24 13:33:20',NULL),(569,3022,0,NULL,569,2,40817,40855,13,148485,1,0,'2021-04-27','2021-04-27',6619.00,1,1.00,'Factura C N°: 0003-00002407',NULL,NULL,'2021-06-24 13:33:20','2021-06-24 13:33:20',NULL),(570,3022,0,NULL,570,2,40817,40855,13,148485,1,0,'2021-04-27','2021-04-27',4890.00,1,1.00,'Factura C N°: 0003-00002408',NULL,NULL,'2021-06-24 13:33:20','2021-06-24 13:33:20',NULL),(571,3022,0,NULL,571,2,40817,40855,13,148485,1,0,'2021-04-27','2021-04-27',1880.00,1,1.00,'Factura C N°: 0003-00002409',NULL,NULL,'2021-06-24 13:33:20','2021-06-24 13:33:20',NULL),(572,3022,0,NULL,572,2,40817,40855,13,148485,1,0,'2021-04-27','2021-04-27',2684.00,1,1.00,'Factura C N°: 0003-00002410',NULL,NULL,'2021-06-24 13:33:20','2021-06-24 13:33:20',NULL);
INSERT INTO `cta_cte_cliente` VALUES (573,3022,0,NULL,573,2,40817,40870,13,148485,1,0,'2021-04-29','2021-04-29',280.00,1,1.00,'Factura C N°: 0003-00002411',NULL,NULL,'2021-06-24 13:33:20','2021-06-24 13:33:20',NULL),(574,3022,0,NULL,574,2,40817,40855,13,148485,1,0,'2021-04-30','2021-04-30',5351.00,1,1.00,'Factura C N°: 0003-00002412',NULL,NULL,'2021-06-24 13:33:20','2021-06-24 13:33:20',NULL),(575,3022,0,NULL,575,2,40817,40855,13,148485,1,0,'2021-04-30','2021-04-30',4328.00,1,1.00,'Factura C N°: 0003-00002413',NULL,NULL,'2021-06-24 13:33:20','2021-06-24 13:33:20',NULL),(576,3022,0,NULL,576,3,40720,40872,57,1531,2,0,'2021-04-14','2021-04-14',24098.79,1,1.00,'Factura A N°: 0100-01730237',NULL,NULL,'2021-06-25 19:23:05','2021-06-25 19:23:05',NULL),(577,3022,0,NULL,577,3,40720,40872,57,1531,2,0,'2021-04-14','2021-04-14',19835.53,1,1.00,'Factura A N°: 0100-01730236',NULL,NULL,'2021-06-25 19:23:42','2021-06-25 19:35:01','2021-06-25 19:35:01'),(578,3022,0,NULL,578,3,40720,40872,57,1531,2,0,'2021-02-10','2021-02-10',26175.71,1,1.00,'Factura A N°: 0100-01680483',NULL,NULL,'2021-06-25 19:29:16','2021-06-25 19:33:58','2021-06-25 19:33:58'),(579,3022,0,NULL,579,3,40720,40872,57,1531,2,0,'2021-02-10','2021-02-10',26165.62,1,1.00,'Factura A N°: 0100-01680483',NULL,NULL,'2021-06-25 19:33:58','2021-06-25 19:33:58',NULL),(580,3022,0,NULL,580,3,40720,40825,57,1527,2,0,'2021-01-01','2021-01-01',2636.59,1,1.00,'Factura A N°: 1007-03108498',NULL,NULL,'2021-06-28 15:35:54','2021-07-28 14:55:51','2021-07-28 14:55:51'),(581,3022,0,NULL,581,3,40720,40838,57,1527,1,0,'2021-01-04','2021-01-04',107.98,1,1.00,'Nota de crédito A N°: 0002-00006875',NULL,NULL,'2021-06-28 15:35:54','2021-07-28 14:55:52','2021-07-28 14:55:52'),(582,3022,0,NULL,582,3,40720,40827,57,1527,2,0,'2021-01-04','2021-01-04',2980.20,1,1.00,'Factura A N°: 0020-00000745',NULL,NULL,'2021-06-28 15:35:54','2021-07-28 14:55:52','2021-07-28 14:55:52'),(583,3022,0,NULL,583,3,40720,40830,57,1527,2,0,'2021-01-04','2021-01-04',892.21,1,1.00,'Factura A N°: 0002-00023355',NULL,NULL,'2021-06-28 15:35:54','2021-07-28 14:55:52','2021-07-28 14:55:52'),(584,3022,0,NULL,584,3,40720,40831,57,1527,2,0,'2021-01-05','2021-01-05',101173.80,1,1.00,'Factura A N°: 0002-00006973',NULL,NULL,'2021-06-28 15:35:54','2021-07-28 14:55:52','2021-07-28 14:55:52'),(585,3022,0,NULL,585,3,40720,40832,57,1527,2,0,'2021-01-05','2021-01-05',2809.68,1,1.00,'Factura A N°: 0003-00111091',NULL,NULL,'2021-06-28 15:35:54','2021-07-28 14:55:52','2021-07-28 14:55:52'),(586,3022,0,NULL,586,3,40720,40826,57,1527,2,0,'2021-01-06','2021-01-06',3014.33,1,1.00,'Factura A N°: 0001-00004835',NULL,NULL,'2021-06-28 15:35:54','2021-07-28 14:55:52','2021-07-28 14:55:52'),(587,3022,0,NULL,587,3,40720,40839,57,1527,2,0,'2021-01-06','2021-01-06',2261.14,1,1.00,'Factura A N°: 0025-00004782',NULL,NULL,'2021-06-28 15:35:54','2021-07-28 14:55:52','2021-07-28 14:55:52'),(588,3022,0,NULL,588,3,40720,40835,57,1527,2,0,'2021-01-06','2021-01-06',858.71,1,1.00,'Factura A N°: 0004-00032801',NULL,NULL,'2021-06-28 15:35:54','2021-07-28 14:55:52','2021-07-28 14:55:52'),(589,3022,0,NULL,589,3,40720,40836,57,1527,2,0,'2021-01-06','2021-01-06',3966.74,1,1.00,'Factura A N°: 0010-00078556',NULL,NULL,'2021-06-28 15:35:54','2021-07-28 14:55:52','2021-07-28 14:55:52'),(590,3022,0,NULL,590,3,40720,40833,57,1527,2,0,'2021-01-06','2021-01-06',2624.73,1,1.00,'Factura A N°: 0003-00089760',NULL,NULL,'2021-06-28 15:35:54','2021-07-28 14:55:52','2021-07-28 14:55:52'),(591,3022,0,NULL,591,3,40720,40834,57,1527,2,0,'2021-01-06','2021-01-06',5724.77,1,1.00,'Factura A N°: 0010-00059418',NULL,NULL,'2021-06-28 15:35:54','2021-07-28 14:55:52','2021-07-28 14:55:52'),(592,3022,0,NULL,592,3,40720,40834,57,1527,2,0,'2021-01-06','2021-01-06',1741.02,1,1.00,'Factura A N°: 0010-00059419',NULL,NULL,'2021-06-28 15:35:54','2021-07-28 14:55:52','2021-07-28 14:55:52');
INSERT INTO `cta_cte_cliente` VALUES (593,3022,0,NULL,593,3,40720,40873,57,1527,2,0,'2021-01-07','2021-01-07',44253.33,1,1.00,'Factura A N°: 0002-00000298',NULL,NULL,'2021-06-28 15:35:54','2021-07-28 14:55:52','2021-07-28 14:55:52'),(594,3022,0,NULL,594,3,40720,40837,57,1527,2,0,'2021-01-07','2021-01-07',6593.30,1,1.00,'Factura A N°: 0005-00126789',NULL,NULL,'2021-06-28 15:35:54','2021-07-28 14:55:52','2021-07-28 14:55:52'),(595,3022,0,NULL,595,3,40720,40874,57,1527,2,0,'2021-01-08','2021-01-08',3100.02,1,1.00,'Factura A N°: 0010-00000035',NULL,NULL,'2021-06-28 15:35:54','2021-07-28 14:55:52','2021-07-28 14:55:52'),(596,3022,0,NULL,596,3,40720,40829,57,1527,2,0,'2021-01-08','2021-01-08',807.12,1,1.00,'Factura A N°: 0005-00003414',NULL,NULL,'2021-06-28 15:35:54','2021-07-28 14:55:52','2021-07-28 14:55:52'),(597,3022,0,NULL,597,3,40720,40831,57,1527,2,0,'2021-01-12','2021-01-12',113591.79,1,1.00,'Factura A N°: 0002-00007101',NULL,NULL,'2021-06-28 15:35:54','2021-07-28 14:55:52','2021-07-28 14:55:52'),(598,3022,0,NULL,598,3,40720,40829,57,1527,2,0,'2021-01-12','2021-01-12',504.45,1,1.00,'Factura A N°: 0005-00003417',NULL,NULL,'2021-06-28 15:35:54','2021-07-28 14:55:52','2021-07-28 14:55:52'),(599,3022,0,NULL,599,3,40720,40838,57,1527,2,0,'2021-01-13','2021-01-13',875.62,1,1.00,'Factura A N°: 0002-00049796',NULL,NULL,'2021-06-28 15:35:54','2021-07-28 14:55:52','2021-07-28 14:55:52'),(600,3022,0,NULL,600,3,40720,40839,57,1527,2,0,'2021-01-13','2021-01-13',915.21,1,1.00,'Factura A N°: 0021-00016832',NULL,NULL,'2021-06-28 15:35:54','2021-07-28 14:55:52','2021-07-28 14:55:52'),(601,3022,0,NULL,601,3,40720,40835,57,1527,2,0,'2021-01-13','2021-01-13',3686.74,1,1.00,'Factura A N°: 0004-00033002',NULL,NULL,'2021-06-28 15:35:54','2021-07-28 14:55:52','2021-07-28 14:55:52'),(602,3022,0,NULL,602,3,40720,40836,57,1527,2,0,'2021-01-13','2021-01-13',615.95,1,1.00,'Factura A N°: 0010-00078921',NULL,NULL,'2021-06-28 15:35:54','2021-07-28 14:55:52','2021-07-28 14:55:52'),(603,3022,0,NULL,603,3,40720,40836,57,1527,2,0,'2021-01-13','2021-01-13',13041.26,1,1.00,'Factura A N°: 0010-00078922',NULL,NULL,'2021-06-28 15:35:54','2021-07-28 14:55:52','2021-07-28 14:55:52'),(604,3022,0,NULL,604,3,40720,40836,57,1527,2,0,'2021-01-13','2021-01-13',2347.42,1,1.00,'Factura A N°: 0010-00078923',NULL,NULL,'2021-06-28 15:35:54','2021-07-28 14:55:52','2021-07-28 14:55:52'),(605,3022,0,NULL,605,3,40720,40836,57,1527,2,0,'2021-01-13','2021-01-13',7821.32,1,1.00,'Factura A N°: 0010-00078924',NULL,NULL,'2021-06-28 15:35:54','2021-07-28 14:55:52','2021-07-28 14:55:52'),(606,3022,0,NULL,606,3,40720,40833,57,1527,2,0,'2021-01-13','2021-01-13',3888.27,1,1.00,'Factura A N°: 0003-00090052',NULL,NULL,'2021-06-28 15:35:54','2021-07-28 14:55:52','2021-07-28 14:55:52'),(607,3022,0,NULL,607,3,40720,40834,57,1527,1,0,'2021-01-13','2021-01-13',180.24,1,1.00,'Nota de crédito A N°: 0010-00005785',NULL,NULL,'2021-06-28 15:35:54','2021-07-28 14:55:52','2021-07-28 14:55:52'),(608,3022,0,NULL,608,3,40720,40834,57,1527,2,0,'2021-01-13','2021-01-13',3983.54,1,1.00,'Factura A N°: 0010-00059721',NULL,NULL,'2021-06-28 15:35:54','2021-07-28 14:55:52','2021-07-28 14:55:52'),(609,3022,0,NULL,609,3,40720,40830,57,1527,2,0,'2021-01-14','2021-01-14',5623.88,1,1.00,'Factura A N°: 0002-00023525',NULL,NULL,'2021-06-28 15:35:54','2021-07-28 14:55:52','2021-07-28 14:55:52'),(610,3022,0,NULL,610,3,40720,40832,57,1527,2,0,'2021-01-14','2021-01-14',6474.65,1,1.00,'Factura A N°: 0003-00111813',NULL,NULL,'2021-06-28 15:35:55','2021-07-28 14:55:52','2021-07-28 14:55:52'),(611,3022,0,NULL,611,3,40720,40837,57,1527,2,0,'2021-01-14','2021-01-14',6699.66,1,1.00,'Factura A N°: 0005-00127222',NULL,NULL,'2021-06-28 15:35:55','2021-07-28 14:55:52','2021-07-28 14:55:52'),(612,3022,0,NULL,612,3,40720,40834,57,1527,2,0,'2021-01-14','2021-01-14',4103.46,1,1.00,'Factura A N°: 0010-00059826',NULL,NULL,'2021-06-28 15:35:55','2021-07-28 14:55:52','2021-07-28 14:55:52');
INSERT INTO `cta_cte_cliente` VALUES (613,3022,0,NULL,613,3,40720,40834,57,1527,1,0,'2021-01-14','2021-01-14',424.25,1,1.00,'Nota de crédito A N°: 0010-00005803',NULL,NULL,'2021-06-28 15:35:55','2021-07-28 14:55:52','2021-07-28 14:55:52'),(614,3022,0,NULL,614,3,40720,40834,57,1527,2,0,'2021-01-14','2021-01-14',180.24,1,1.00,'Factura A N°: 0010-00059825',NULL,NULL,'2021-06-28 15:35:55','2021-07-28 14:55:52','2021-07-28 14:55:52'),(615,3022,0,NULL,615,3,40720,40834,57,1527,1,0,'2021-01-14','2021-01-14',3983.54,1,1.00,'Nota de crédito A N°: 0010-00005798',NULL,NULL,'2021-06-28 15:35:55','2021-07-28 14:55:52','2021-07-28 14:55:52'),(616,3022,0,NULL,616,3,40720,40838,57,1527,1,0,'2021-01-15','2021-01-15',219.94,1,1.00,'Nota de crédito A N°: 0002-00006967',NULL,NULL,'2021-06-28 15:35:55','2021-07-28 14:55:52','2021-07-28 14:55:52'),(617,3022,0,NULL,617,3,40720,40829,57,1527,2,0,'2021-01-15','2021-01-15',682.82,1,1.00,'Factura A N°: 0005-00003428',NULL,NULL,'2021-06-28 15:35:55','2021-07-28 14:55:52','2021-07-28 14:55:52'),(618,3022,0,NULL,618,3,40720,40875,57,1527,2,0,'2021-01-16','2021-01-16',26639.17,1,1.00,'Factura A N°: 0002-00000465',NULL,NULL,'2021-06-28 15:35:55','2021-07-28 14:55:52','2021-07-28 14:55:52'),(619,3022,0,NULL,619,3,40720,40834,57,1527,2,0,'2021-01-16','2021-01-16',2270.45,1,1.00,'Factura A N°: 0010-00059923',NULL,NULL,'2021-06-28 15:35:55','2021-07-28 14:55:52','2021-07-28 14:55:52'),(620,3022,0,NULL,620,3,40720,40873,57,1527,2,0,'2021-01-18','2021-01-18',82377.88,1,1.00,'Factura A N°: 0002-00000330',NULL,NULL,'2021-06-28 15:35:55','2021-07-28 14:55:52','2021-07-28 14:55:52'),(621,3022,0,NULL,621,3,40720,40827,57,1527,2,0,'2021-01-18','2021-01-18',1192.90,1,1.00,'Factura A N°: 0020-00000806',NULL,NULL,'2021-06-28 15:35:55','2021-07-28 14:55:52','2021-07-28 14:55:52'),(622,3022,0,NULL,622,3,40720,40840,57,1527,2,0,'2021-01-18','2021-01-18',1388.65,1,1.00,'Factura A N°: 0002-00114112',NULL,NULL,'2021-06-28 15:35:55','2021-07-28 14:55:52','2021-07-28 14:55:52'),(623,3022,0,NULL,623,3,40720,40840,57,1527,2,0,'2021-01-18','2021-01-18',783.22,1,1.00,'Factura A N°: 0002-00114113',NULL,NULL,'2021-06-28 15:35:55','2021-07-28 14:55:52','2021-07-28 14:55:52'),(624,3022,0,NULL,624,3,40720,40830,57,1527,2,0,'2021-01-18','2021-01-18',2759.00,1,1.00,'Factura A N°: 0002-00023565',NULL,NULL,'2021-06-28 15:35:55','2021-07-28 14:55:52','2021-07-28 14:55:52'),(625,3022,0,NULL,625,3,40720,40837,57,1527,2,0,'2021-01-18','2021-01-18',1661.28,1,1.00,'Factura A N°: 0005-00127437',NULL,NULL,'2021-06-28 15:35:55','2021-07-28 14:55:52','2021-07-28 14:55:52'),(626,3022,0,NULL,626,3,40720,40832,57,1527,2,0,'2021-01-19','2021-01-19',4205.60,1,1.00,'Factura A N°: 0003-00112035',NULL,NULL,'2021-06-28 15:35:55','2021-07-28 14:55:52','2021-07-28 14:55:52'),(627,3022,0,NULL,627,3,40720,40832,57,1527,2,0,'2021-01-19','2021-01-19',1141.11,1,1.00,'Factura A N°: 0003-00112036',NULL,NULL,'2021-06-28 15:35:55','2021-07-28 14:55:52','2021-07-28 14:55:52'),(628,3022,0,NULL,628,3,40720,40837,57,1527,1,0,'2021-01-19','2021-01-19',1661.28,1,1.00,'Nota de crédito A N°: 0005-00009399',NULL,NULL,'2021-06-28 15:35:55','2021-07-28 14:55:52','2021-07-28 14:55:52'),(629,3022,0,NULL,629,3,40720,40826,57,1527,2,0,'2021-01-20','2021-01-20',2232.99,1,1.00,'Factura A N°: 0001-00004996',NULL,NULL,'2021-06-28 15:35:55','2021-07-28 14:55:52','2021-07-28 14:55:52'),(630,3022,0,NULL,630,3,40720,40839,57,1527,2,0,'2021-01-20','2021-01-20',1447.91,1,1.00,'Factura A N°: 0021-00016898',NULL,NULL,'2021-06-28 15:35:55','2021-07-28 14:55:52','2021-07-28 14:55:52'),(631,3022,0,NULL,631,3,40720,40839,57,1527,2,0,'2021-01-20','2021-01-20',788.72,1,1.00,'Factura A N°: 0021-00016899',NULL,NULL,'2021-06-28 15:35:55','2021-07-28 14:55:52','2021-07-28 14:55:52'),(632,3022,0,NULL,632,3,40720,40836,57,1527,2,0,'2021-01-20','2021-01-20',1413.35,1,1.00,'Factura A N°: 0010-00079253',NULL,NULL,'2021-06-28 15:35:55','2021-07-28 14:55:52','2021-07-28 14:55:52');
INSERT INTO `cta_cte_cliente` VALUES (633,3022,0,NULL,633,3,40720,40833,57,1527,2,0,'2021-01-20','2021-01-20',2572.25,1,1.00,'Factura A N°: 0003-00090362',NULL,NULL,'2021-06-28 15:35:55','2021-07-28 14:55:52','2021-07-28 14:55:52'),(634,3022,0,NULL,634,3,40720,40834,57,1527,2,0,'2021-01-20','2021-01-20',2037.88,1,1.00,'Factura A N°: 0010-00060062',NULL,NULL,'2021-06-28 15:35:55','2021-07-28 14:55:52','2021-07-28 14:55:52'),(635,3022,0,NULL,635,3,40720,40830,57,1527,2,0,'2021-01-21','2021-01-21',4835.83,1,1.00,'Factura A N°: 0002-00023637',NULL,NULL,'2021-06-28 15:35:55','2021-07-28 14:55:52','2021-07-28 14:55:52'),(636,3022,0,NULL,636,3,40720,40837,57,1527,2,0,'2021-01-21','2021-01-21',2423.90,1,1.00,'Factura A N°: 0005-00127604',NULL,NULL,'2021-06-28 15:35:55','2021-07-28 14:55:52','2021-07-28 14:55:52'),(637,3022,0,NULL,637,3,40720,40876,57,1527,2,0,'2021-01-21','2021-01-21',4199.99,1,1.00,'Factura B N°: 0001-00368613',NULL,NULL,'2021-06-28 15:35:55','2021-07-28 14:55:52','2021-07-28 14:55:52'),(638,3022,0,NULL,638,3,40720,40831,57,1527,2,0,'2021-01-22','2021-01-22',53504.10,1,1.00,'Factura A N°: 0002-00007336',NULL,NULL,'2021-06-28 15:35:55','2021-07-28 14:55:52','2021-07-28 14:55:52'),(639,3022,0,NULL,639,3,40720,40829,57,1527,2,0,'2021-01-22','2021-01-22',425.58,1,1.00,'Factura A N°: 0005-00003442',NULL,NULL,'2021-06-28 15:35:55','2021-07-28 14:55:52','2021-07-28 14:55:52'),(640,3022,0,NULL,640,3,40720,40837,57,1527,1,0,'2021-01-22','2021-01-22',2423.90,1,1.00,'Nota de crédito A N°: 0005-00009428',NULL,NULL,'2021-06-28 15:35:55','2021-07-28 14:55:52','2021-07-28 14:55:52'),(641,3022,0,NULL,641,3,40720,40834,57,1527,2,0,'2021-01-23','2021-01-23',4022.78,1,1.00,'Factura A N°: 0010-00060249',NULL,NULL,'2021-06-28 15:35:55','2021-07-28 14:55:52','2021-07-28 14:55:52'),(642,3022,0,NULL,642,3,40720,40873,57,1527,2,0,'2021-01-25','2021-01-25',44111.75,1,1.00,'Factura A N°: 0002-00000356',NULL,NULL,'2021-06-28 15:35:55','2021-07-28 14:55:52','2021-07-28 14:55:52'),(643,3022,0,NULL,643,3,40720,40827,57,1527,2,0,'2021-01-25','2021-01-25',1184.90,1,1.00,'Factura A N°: 0020-00000849',NULL,NULL,'2021-06-28 15:35:55','2021-07-28 14:55:52','2021-07-28 14:55:52'),(644,3022,0,NULL,644,3,40720,40827,57,1527,2,0,'2021-01-25','2021-01-25',1630.00,1,1.00,'Factura A N°: 0020-00000844',NULL,NULL,'2021-06-28 15:35:55','2021-07-28 14:55:52','2021-07-28 14:55:52'),(645,3022,0,NULL,645,3,40720,40830,57,1527,2,0,'2021-01-25','2021-01-25',1099.24,1,1.00,'Factura A N°: 0002-00023669',NULL,NULL,'2021-06-28 15:35:56','2021-07-28 14:55:52','2021-07-28 14:55:52'),(646,3022,0,NULL,646,3,40720,40837,57,1527,2,0,'2021-01-25','2021-01-25',11494.75,1,1.00,'Factura A N°: 0005-00127846',NULL,NULL,'2021-06-28 15:35:56','2021-07-28 14:55:52','2021-07-28 14:55:52'),(647,3022,0,NULL,647,3,40720,40858,57,1527,2,0,'2021-01-26','2021-01-26',1650.97,1,1.00,'Factura A N°: 0003-00097299',NULL,NULL,'2021-06-28 15:35:56','2021-07-28 14:55:52','2021-07-28 14:55:52'),(648,3022,0,NULL,648,3,40720,40859,57,1527,2,0,'2021-01-27','2021-01-27',4390.58,1,1.00,'Factura A N°: 0178-00474040',NULL,NULL,'2021-06-28 15:35:56','2021-07-28 14:55:52','2021-07-28 14:55:52'),(649,3022,0,NULL,649,3,40720,40838,57,1527,2,0,'2021-01-27','2021-01-27',2199.42,1,1.00,'Factura A N°: 0002-00050532',NULL,NULL,'2021-06-28 15:35:56','2021-07-28 14:55:52','2021-07-28 14:55:52'),(650,3022,0,NULL,650,3,40720,40839,57,1527,2,0,'2021-01-27','2021-01-27',418.40,1,1.00,'Factura A N°: 0021-00017003',NULL,NULL,'2021-06-28 15:35:56','2021-07-28 14:55:52','2021-07-28 14:55:52'),(651,3022,0,NULL,651,3,40720,40826,57,1527,2,0,'2021-01-27','2021-01-27',1585.50,1,1.00,'Factura A N°: 0001-00005087',NULL,NULL,'2021-06-28 15:35:56','2021-07-28 14:55:52','2021-07-28 14:55:52'),(652,3022,0,NULL,652,3,40720,40835,57,1527,2,0,'2021-01-27','2021-01-27',2183.61,1,1.00,'Factura A N°: 0004-00033427',NULL,NULL,'2021-06-28 15:35:56','2021-07-28 14:55:52','2021-07-28 14:55:52');
INSERT INTO `cta_cte_cliente` VALUES (653,3022,0,NULL,653,3,40720,40836,57,1527,2,0,'2021-01-27','2021-01-27',7283.21,1,1.00,'Factura A N°: 0010-00079674',NULL,NULL,'2021-06-28 15:35:56','2021-07-28 14:55:52','2021-07-28 14:55:52'),(654,3022,0,NULL,654,3,40720,40834,57,1527,2,0,'2021-01-27','2021-01-27',3555.64,1,1.00,'Factura A N°: 0010-00060366',NULL,NULL,'2021-06-28 15:35:56','2021-07-28 14:55:52','2021-07-28 14:55:52'),(655,3022,0,NULL,655,3,40720,40833,57,1527,2,0,'2021-01-27','2021-01-27',3818.26,1,1.00,'Factura A N°: 0003-00090650',NULL,NULL,'2021-06-28 15:35:56','2021-07-28 14:55:52','2021-07-28 14:55:52'),(656,3022,0,NULL,656,3,40720,40838,57,1527,1,0,'2021-01-28','2021-01-28',2199.42,1,1.00,'Nota de crédito A N°: 0002-00007086',NULL,NULL,'2021-06-28 15:35:56','2021-07-28 14:55:52','2021-07-28 14:55:52'),(657,3022,0,NULL,657,3,40720,40843,57,1527,1,0,'2021-01-28','2021-01-28',323792.62,1,1.00,'Nota de crédito A N°: 0004-00000030',NULL,NULL,'2021-06-28 15:35:56','2021-07-28 14:55:52','2021-07-28 14:55:52'),(658,3022,0,NULL,658,3,40720,40843,57,1527,2,0,'2021-01-28','2021-01-28',323792.62,1,1.00,'Factura A N°: 0004-00002784',NULL,NULL,'2021-06-28 15:35:56','2021-07-28 14:55:52','2021-07-28 14:55:52'),(659,3022,0,NULL,659,3,40720,40843,57,1527,2,0,'2021-01-28','2021-01-28',64758.52,1,1.00,'Factura A N°: 0004-00002787',NULL,NULL,'2021-06-28 15:35:56','2021-07-28 14:55:52','2021-07-28 14:55:52'),(660,3022,0,NULL,660,3,40720,40837,57,1527,2,0,'2021-01-28','2021-01-28',2039.18,1,1.00,'Factura A N°: 0005-00128074',NULL,NULL,'2021-06-28 15:35:56','2021-07-28 14:55:52','2021-07-28 14:55:52'),(661,3022,0,NULL,661,3,40720,40834,57,1527,1,0,'2021-01-28','2021-01-28',64.40,1,1.00,'Nota de crédito A N°: 0010-00005872',NULL,NULL,'2021-06-28 15:35:56','2021-07-28 14:55:52','2021-07-28 14:55:52'),(662,3022,0,NULL,662,3,40720,40876,57,1527,2,0,'2021-01-28','2021-01-28',1232.10,1,1.00,'Factura B N°: 0001-00383034',NULL,NULL,'2021-06-28 15:35:56','2021-07-28 14:55:52','2021-07-28 14:55:52'),(663,3022,0,NULL,663,3,40720,40858,57,1527,1,0,'2021-01-29','2021-01-29',354.51,1,1.00,'Nota de crédito A N°: 0003-00020835',NULL,NULL,'2021-06-28 15:35:56','2021-07-28 14:55:52','2021-07-28 14:55:52'),(664,3022,0,NULL,664,3,40720,40839,57,1527,1,0,'2021-01-29','2021-01-29',269.27,1,1.00,'Nota de crédito A N°: 0025-00000380',NULL,NULL,'2021-06-28 15:35:56','2021-07-28 14:55:52','2021-07-28 14:55:52'),(665,3022,0,NULL,665,3,40720,40875,57,1527,1,0,'2021-01-30','2021-01-30',415.31,1,1.00,'Nota de crédito A N°: 0002-00000168',NULL,NULL,'2021-06-28 15:35:56','2021-07-28 14:55:52','2021-07-28 14:55:52'),(666,3022,0,NULL,666,3,40720,40834,57,1527,2,0,'2021-01-30','2021-01-30',577.09,1,1.00,'Factura A N°: 0010-00060550',NULL,NULL,'2021-06-28 15:35:56','2021-07-28 14:55:52','2021-07-28 14:55:52'),(667,3022,0,NULL,667,3,40720,40842,57,1527,2,0,'2021-01-31','2021-01-31',879.46,1,1.00,'Factura A N°: 0003-00001350',NULL,NULL,'2021-06-28 15:35:56','2021-07-28 14:55:52','2021-07-28 14:55:52'),(668,3022,0,NULL,668,3,40720,40877,57,1531,2,0,'2021-05-30','2021-05-30',8369.99,1,1.00,'Factura A N°: 0116-01020304',NULL,NULL,'2021-06-30 18:02:15','2021-06-30 18:02:15',NULL),(669,3022,0,NULL,669,2,40720,40718,13,1532,1,0,'2021-06-03','2021-06-03',22368.18,1,1.00,'Tique (Informe Diario Z) N°: 0003-00000271',NULL,NULL,'2021-07-08 15:51:58','2021-07-08 15:51:58',NULL),(670,3022,0,NULL,670,2,40720,40718,13,1532,1,0,'2021-06-04','2021-06-04',20566.88,1,1.00,'Tique (Informe Diario Z) N°: 0003-00000273',NULL,NULL,'2021-07-08 15:53:31','2021-07-08 15:53:31',NULL),(671,3022,0,NULL,671,2,40720,40718,13,1532,1,0,'2021-06-04','2021-06-04',0.01,1,1.00,'Tique (Informe Diario Z) N°: 0003-00000272',NULL,NULL,'2021-07-08 15:53:52','2021-07-08 15:53:52',NULL),(672,3022,0,NULL,672,2,40720,40718,13,1532,1,0,'2021-06-05','2021-06-05',21684.89,1,1.00,'Tique (Informe Diario Z) N°: 0003-00000274',NULL,NULL,'2021-07-08 15:55:06','2021-07-08 15:55:06',NULL);
INSERT INTO `cta_cte_cliente` VALUES (673,3022,0,NULL,673,2,40720,40718,13,1532,1,0,'2021-06-06','2021-06-06',19423.00,1,1.00,'Tique (Informe Diario Z) N°: 0003-00000275',NULL,NULL,'2021-07-08 15:56:54','2021-07-08 15:56:54',NULL),(674,3022,0,NULL,674,2,40720,40718,13,1532,1,0,'2021-06-08','2021-06-08',21003.99,1,1.00,'Tique (Informe Diario Z) N°: 0003-00000276',NULL,NULL,'2021-07-08 15:58:07','2021-07-08 15:58:07',NULL),(675,3022,0,NULL,675,2,40720,40718,13,1532,1,0,'2021-06-10','2021-06-10',22274.63,1,1.00,'Tique (Informe Diario Z) N°: 0003-00000277',NULL,NULL,'2021-07-08 16:00:19','2021-07-08 16:00:19',NULL),(676,3022,0,NULL,676,2,40720,40718,13,1532,1,0,'2021-06-12','2021-06-12',21871.00,1,1.00,'Tique (Informe Diario Z) N°: 0003-00000278',NULL,NULL,'2021-07-08 16:01:48','2021-07-08 16:01:48',NULL),(677,3022,0,NULL,677,2,40720,40718,13,1532,1,0,'2021-06-13','2021-06-13',18406.10,1,1.00,'Tique (Informe Diario Z) N°: 0003-00000279',NULL,NULL,'2021-07-08 16:04:24','2021-07-08 16:04:24',NULL),(678,3022,0,NULL,678,2,40720,40718,13,1532,1,0,'2021-06-14','2021-06-14',18234.01,1,1.00,'Tique (Informe Diario Z) N°: 0003-00000280',NULL,NULL,'2021-07-08 16:05:35','2021-07-08 16:05:35',NULL),(679,3022,0,NULL,679,2,40720,40718,13,1532,1,0,'2021-06-15','2021-06-15',23243.05,1,1.00,'Tique (Informe Diario Z) N°: 0003-00000281',NULL,NULL,'2021-07-08 16:07:51','2021-07-08 16:07:51',NULL),(680,3022,0,NULL,680,2,40720,40718,13,1532,1,0,'2021-06-16','2021-06-16',529.97,1,1.00,'Tique (Informe Diario Z) N°: 0003-00000282',NULL,NULL,'2021-07-08 16:08:46','2021-07-08 16:08:46',NULL),(681,3022,0,NULL,681,2,40720,40718,13,1532,1,0,'2021-06-17','2021-06-17',16956.18,1,1.00,'Tique (Informe Diario Z) N°: 0003-00000283',NULL,NULL,'2021-07-08 16:10:52','2021-07-08 16:10:52',NULL),(682,3022,0,NULL,682,2,40720,40718,13,1532,1,0,'2021-06-18','2021-06-18',31896.07,1,1.00,'Tique (Informe Diario Z) N°: 0003-00000284',NULL,NULL,'2021-07-08 16:13:15','2021-07-08 16:13:15',NULL),(683,3022,0,NULL,683,2,40720,40718,13,1532,1,0,'2021-06-19','2021-06-19',31269.93,1,1.00,'Tique (Informe Diario Z) N°: 0003-00000285',NULL,NULL,'2021-07-08 16:15:37','2021-07-08 16:15:37',NULL),(684,3022,0,NULL,684,2,40720,40718,13,1532,1,0,'2021-06-20','2021-06-20',12064.03,1,1.00,'Tique (Informe Diario Z) N°: 0003-00000286',NULL,NULL,'2021-07-08 16:16:59','2021-07-08 16:16:59',NULL),(685,3022,0,NULL,685,2,40720,40718,13,1532,1,0,'2021-06-21','2021-06-21',0.01,1,1.00,'Tique (Informe Diario Z) N°: 0003-00000287',NULL,NULL,'2021-07-08 16:17:18','2021-07-08 16:17:18',NULL),(686,3022,0,NULL,686,2,40720,40718,13,1532,1,0,'2021-06-22','2021-06-22',20272.02,1,1.00,'Tique (Informe Diario Z) N°: 0003-00000288',NULL,NULL,'2021-07-08 16:18:59','2021-07-08 16:18:59',NULL),(687,3022,0,NULL,687,2,40720,40718,13,1532,1,0,'2021-06-23','2021-06-23',21412.05,1,1.00,'Tique (Informe Diario Z) N°: 0003-00000289',NULL,NULL,'2021-07-08 16:20:27','2021-07-08 16:20:27',NULL),(688,3022,0,NULL,688,2,40720,40718,13,1532,1,0,'2021-06-24','2021-06-24',20519.11,1,1.00,'Tique (Informe Diario Z) N°: 0003-00000290',NULL,NULL,'2021-07-08 16:21:51','2021-07-08 16:21:51',NULL),(689,3022,0,NULL,689,2,40720,40718,13,1532,1,0,'2021-06-25','2021-06-25',24367.99,1,1.00,'Tique (Informe Diario Z) N°: 0003-00000291',NULL,NULL,'2021-07-08 16:23:38','2021-07-08 16:23:38',NULL),(690,3022,0,NULL,690,2,40720,40718,13,1532,1,0,'2021-06-26','2021-06-26',20054.95,1,1.00,'Tique (Informe Diario Z) N°: 0003-00000292',NULL,NULL,'2021-07-08 16:24:36','2021-07-08 16:24:36',NULL),(691,3022,0,NULL,691,2,40720,40718,13,1532,1,0,'2021-06-27','2021-06-27',16016.97,1,1.00,'Tique (Informe Diario Z) N°: 0003-00000293',NULL,NULL,'2021-07-08 16:26:02','2021-07-08 16:26:02',NULL),(692,3022,0,NULL,692,2,40720,40718,13,1532,1,0,'2021-06-28','2021-06-28',21252.99,1,1.00,'Tique (Informe Diario Z) N°: 0003-00000294',NULL,NULL,'2021-07-08 16:27:06','2021-07-08 16:27:06',NULL);
INSERT INTO `cta_cte_cliente` VALUES (693,3022,0,NULL,693,2,40720,40718,13,1532,1,0,'2021-06-29','2021-06-29',20549.09,1,1.00,'Tique (Informe Diario Z) N°: 0003-00000295',NULL,NULL,'2021-07-08 16:28:07','2021-07-08 16:28:07',NULL),(694,3022,0,NULL,694,2,40720,40718,13,1532,1,0,'2021-06-30','2021-06-30',14405.09,1,1.00,'Tique (Informe Diario Z) N°: 0003-00000296',NULL,NULL,'2021-07-08 16:28:54','2021-07-08 16:28:54',NULL),(695,3022,0,NULL,695,2,40720,40718,13,1533,1,0,'2021-07-01','2021-07-01',20748.04,1,1.00,'Tique (Informe Diario Z) N°: 0003-00000297',NULL,NULL,'2021-07-08 16:36:27','2021-07-08 16:36:27',NULL),(696,3022,0,NULL,696,2,40720,40718,13,1533,1,0,'2021-07-02','2021-07-02',20316.09,1,1.00,'Tique (Informe Diario Z) N°: 0003-00000298',NULL,NULL,'2021-07-08 16:37:44','2021-07-08 16:37:44',NULL),(697,3022,0,NULL,697,2,40720,40718,13,1533,1,0,'2021-07-03','2021-07-03',21557.91,1,1.00,'Tique (Informe Diario Z) N°: 0003-00000299',NULL,NULL,'2021-07-08 16:39:02','2021-07-08 16:39:02',NULL),(698,3022,0,NULL,698,2,40720,40718,13,1533,1,0,'2021-07-04','2021-07-04',16244.86,1,1.00,'Tique (Informe Diario Z) N°: 0003-00000300',NULL,NULL,'2021-07-08 16:39:57','2021-07-08 16:39:57',NULL),(699,3022,0,NULL,699,3,40720,40858,57,1532,2,0,'2021-06-01','2021-06-01',7096.43,1,1.00,'Factura A N°: 0003-00108500',NULL,NULL,'2021-07-22 16:29:39','2021-07-22 16:29:39',NULL),(700,3022,0,NULL,700,3,40720,40825,57,1532,2,0,'2021-06-01','2021-06-01',3232.44,1,1.00,'Factura A N°: 1007-03197931',NULL,NULL,'2021-07-22 16:29:39','2021-07-22 16:29:39',NULL),(701,3022,0,NULL,701,3,40720,40832,57,1532,2,0,'2021-06-01','2021-06-01',383.57,1,1.00,'Factura A N°: 0003-00122868',NULL,NULL,'2021-07-22 16:29:40','2021-07-22 16:29:40',NULL),(702,3022,0,NULL,702,3,40720,40832,57,1532,2,0,'2021-06-01','2021-06-01',4081.62,1,1.00,'Factura A N°: 0003-00122869',NULL,NULL,'2021-07-22 16:29:40','2021-07-22 16:29:40',NULL),(703,3022,0,NULL,703,3,40720,40838,57,1532,2,0,'2021-06-02','2021-06-02',1487.01,1,1.00,'Factura A N°: 0002-00055865',NULL,NULL,'2021-07-22 16:29:40','2021-07-22 16:29:40',NULL),(704,3022,0,NULL,704,3,40720,40839,57,1532,2,0,'2021-06-02','2021-06-02',1318.52,1,1.00,'Factura A N°: 0021-00018593',NULL,NULL,'2021-07-22 16:29:40','2021-07-22 16:29:40',NULL),(705,3022,0,NULL,705,3,40720,40835,57,1532,2,0,'2021-06-02','2021-06-02',1916.85,1,1.00,'Factura A N°: 0004-00037006',NULL,NULL,'2021-07-22 16:29:40','2021-07-22 16:29:40',NULL),(706,3022,0,NULL,706,3,40720,40833,57,1532,2,0,'2021-06-02','2021-06-02',11307.98,1,1.00,'Factura A N°: 0003-00095912',NULL,NULL,'2021-07-22 16:29:40','2021-07-22 16:29:40',NULL),(707,3022,0,NULL,707,3,40720,40838,57,1532,1,0,'2021-06-03','2021-06-03',221.55,1,1.00,'Nota de crédito A N°: 0002-00007718',NULL,NULL,'2021-07-22 16:29:40','2021-07-22 16:29:40',NULL),(708,3022,0,NULL,708,3,40720,40840,57,1532,2,0,'2021-06-03','2021-06-03',1872.66,1,1.00,'Factura A N°: 0002-00121546',NULL,NULL,'2021-07-22 16:29:40','2021-07-22 16:29:40',NULL),(709,3022,0,NULL,709,3,40720,40837,57,1532,2,0,'2021-06-03','2021-06-03',4766.21,1,1.00,'Factura A N°: 0005-00134484',NULL,NULL,'2021-07-22 16:29:40','2021-07-22 16:29:40',NULL),(710,3022,0,NULL,710,3,40720,40828,57,1532,2,0,'2021-06-04','2021-06-04',4235.95,1,1.00,'Factura A N°: 0011-00179118',NULL,NULL,'2021-07-22 16:29:40','2021-07-22 16:29:40',NULL),(711,3022,0,NULL,711,3,40720,40839,57,1532,1,0,'2021-06-04','2021-06-04',310.03,1,1.00,'Nota de crédito A N°: 0025-00000447',NULL,NULL,'2021-07-22 16:29:40','2021-07-22 16:29:40',NULL),(712,3022,0,NULL,712,3,40720,40834,57,1532,1,0,'2021-06-05','2021-06-05',1146.79,1,1.00,'Nota de crédito A N°: 0010-00006375',NULL,NULL,'2021-07-22 16:29:40','2021-07-22 16:29:40',NULL),(713,3022,0,NULL,713,3,40720,40827,57,1532,2,0,'2021-06-07','2021-06-07',3779.60,1,1.00,'Factura A N°: 0020-00001498',NULL,NULL,'2021-07-22 16:29:40','2021-07-22 16:29:40',NULL);
INSERT INTO `cta_cte_cliente` VALUES (714,3022,0,NULL,714,3,40720,40858,57,1532,2,0,'2021-06-08','2021-06-08',2242.72,1,1.00,'Factura A N°: 0003-00109191',NULL,NULL,'2021-07-22 16:29:40','2021-07-22 16:29:40',NULL),(715,3022,0,NULL,715,3,40720,40838,57,1532,1,0,'2021-06-08','2021-06-08',520.07,1,1.00,'Nota de crédito A N°: 0002-00007730',NULL,NULL,'2021-07-22 16:29:40','2021-07-22 16:29:40',NULL),(716,3022,0,NULL,716,3,40720,40828,57,1532,2,0,'2021-06-08','2021-06-08',77512.94,1,1.00,'Factura A N°: 0011-00179266',NULL,NULL,'2021-07-22 16:29:40','2021-07-22 16:29:40',NULL),(717,3022,0,NULL,717,3,40720,40832,57,1532,2,0,'2021-06-08','2021-06-08',2077.51,1,1.00,'Factura A N°: 0003-00123469',NULL,NULL,'2021-07-22 16:29:40','2021-07-22 16:29:40',NULL),(718,3022,0,NULL,718,3,40720,40832,57,1532,2,0,'2021-06-08','2021-06-08',8421.93,1,1.00,'Factura A N°: 0003-00123430',NULL,NULL,'2021-07-22 16:29:40','2021-07-22 16:29:40',NULL),(719,3022,0,NULL,719,3,40720,40832,57,1532,2,0,'2021-06-08','2021-06-08',2923.55,1,1.00,'Factura A N°: 0003-00123431',NULL,NULL,'2021-07-22 16:29:40','2021-07-22 16:29:40',NULL),(720,3022,0,NULL,720,3,40720,40838,57,1532,2,0,'2021-06-09','2021-06-09',2048.46,1,1.00,'Factura A N°: 0002-00056129',NULL,NULL,'2021-07-22 16:29:40','2021-07-22 16:29:40',NULL),(721,3022,0,NULL,721,3,40720,40839,57,1532,2,0,'2021-06-09','2021-06-09',1207.69,1,1.00,'Factura A N°: 0021-00018661',NULL,NULL,'2021-07-22 16:29:40','2021-07-22 16:29:40',NULL),(722,3022,0,NULL,722,3,40720,40832,57,1532,2,0,'2021-06-09','2021-06-09',1717.94,1,1.00,'Factura A N°: 0003-00123527',NULL,NULL,'2021-07-22 16:29:40','2021-07-22 16:29:40',NULL),(723,3022,0,NULL,723,3,40720,40836,57,1532,2,0,'2021-06-09','2021-06-09',8275.65,1,1.00,'Factura A N°: 0010-00085447',NULL,NULL,'2021-07-22 16:29:40','2021-07-22 16:29:40',NULL),(724,3022,0,NULL,724,3,40720,40834,57,1532,2,0,'2021-06-09','2021-06-09',3911.25,1,1.00,'Factura A N°: 0010-00065584',NULL,NULL,'2021-07-22 16:29:40','2021-07-22 16:29:40',NULL),(725,3022,0,NULL,725,3,40720,40833,57,1532,2,0,'2021-06-09','2021-06-09',4794.80,1,1.00,'Factura A N°: 0003-00096198',NULL,NULL,'2021-07-22 16:29:40','2021-07-22 16:29:40',NULL),(726,3022,0,NULL,726,3,40720,40830,57,1532,2,0,'2021-06-10','2021-06-10',7029.97,1,1.00,'Factura A N°: 0002-00025624',NULL,NULL,'2021-07-22 16:29:40','2021-07-22 16:29:40',NULL),(727,3022,0,NULL,727,3,40720,40837,57,1532,2,0,'2021-06-10','2021-06-10',1030.60,1,1.00,'Factura A N°: 0005-00134747',NULL,NULL,'2021-07-22 16:29:40','2021-07-22 16:29:40',NULL),(728,3022,0,NULL,728,3,40720,40829,57,1532,2,0,'2021-06-11','2021-06-11',1985.11,1,1.00,'Factura A N°: 0005-00003703',NULL,NULL,'2021-07-22 16:29:40','2021-07-22 16:29:40',NULL),(729,3022,0,NULL,729,3,40720,40829,57,1532,2,0,'2021-06-12','2021-06-12',970.15,1,1.00,'Factura A N°: 0005-00003710',NULL,NULL,'2021-07-22 16:29:40','2021-07-22 16:29:40',NULL),(730,3022,0,NULL,730,3,40720,40834,57,1532,2,0,'2021-06-12','2021-06-12',8939.96,1,1.00,'Factura A N°: 0010-00065738',NULL,NULL,'2021-07-22 16:29:40','2021-07-22 16:29:40',NULL),(731,3022,0,NULL,731,3,40720,40827,57,1532,2,0,'2021-06-14','2021-06-14',3963.60,1,1.00,'Factura A N°: 0020-00001527',NULL,NULL,'2021-07-22 16:29:40','2021-07-22 16:29:40',NULL),(732,3022,0,NULL,732,3,40720,40830,57,1532,2,0,'2021-06-14','2021-06-14',1628.35,1,1.00,'Factura A N°: 0002-00025650',NULL,NULL,'2021-07-22 16:29:40','2021-07-22 16:29:40',NULL),(733,3022,0,NULL,733,3,40720,40837,57,1532,2,0,'2021-06-14','2021-06-14',3798.26,1,1.00,'Factura A N°: 0005-00134921',NULL,NULL,'2021-07-22 16:29:40','2021-07-22 16:29:40',NULL),(734,3022,0,NULL,734,3,40720,40858,57,1532,2,0,'2021-06-15','2021-06-15',1245.06,1,1.00,'Factura A N°: 0003-00109853',NULL,NULL,'2021-07-22 16:29:40','2021-07-22 16:29:40',NULL),(735,3022,0,NULL,735,3,40720,40832,57,1532,2,0,'2021-06-15','2021-06-15',10146.12,1,1.00,'Factura A N°: 0003-00123998',NULL,NULL,'2021-07-22 16:29:40','2021-07-22 16:29:40',NULL);
INSERT INTO `cta_cte_cliente` VALUES (736,3022,0,NULL,736,3,40720,40832,57,1532,2,0,'2021-06-15','2021-06-15',1052.52,1,1.00,'Factura A N°: 0003-00123999',NULL,NULL,'2021-07-22 16:29:40','2021-07-22 16:29:40',NULL),(737,3022,0,NULL,737,3,40720,40832,57,1532,2,0,'2021-06-15','2021-06-15',314.27,1,1.00,'Factura A N°: 0003-00124000',NULL,NULL,'2021-07-22 16:29:40','2021-07-22 16:29:40',NULL),(738,3022,0,NULL,738,3,40720,40839,57,1532,2,0,'2021-06-16','2021-06-16',1455.76,1,1.00,'Factura A N°: 0021-00018750',NULL,NULL,'2021-07-22 16:29:40','2021-07-22 16:29:40',NULL),(739,3022,0,NULL,739,3,40720,40826,57,1532,2,0,'2021-06-16','2021-06-16',1040.00,1,1.00,'Factura A N°: 0001-00006309',NULL,NULL,'2021-07-22 16:29:40','2021-07-22 16:29:40',NULL),(740,3022,0,NULL,740,3,40720,40836,57,1532,2,0,'2021-06-16','2021-06-16',2483.23,1,1.00,'Factura A N°: 0010-00085716',NULL,NULL,'2021-07-22 16:29:40','2021-07-22 16:29:40',NULL),(741,3022,0,NULL,741,3,40720,40834,57,1532,2,0,'2021-06-16','2021-06-16',5458.78,1,1.00,'Factura A N°: 0010-00065852',NULL,NULL,'2021-07-22 16:29:40','2021-07-22 16:29:40',NULL),(742,3022,0,NULL,742,3,40720,40833,57,1532,2,0,'2021-06-16','2021-06-16',2222.85,1,1.00,'Factura A N°: 0003-00096509',NULL,NULL,'2021-07-22 16:29:40','2021-07-22 16:29:40',NULL),(743,3022,0,NULL,743,3,40720,40830,57,1532,2,0,'2021-06-17','2021-06-17',3432.16,1,1.00,'Factura A N°: 0002-00025718',NULL,NULL,'2021-07-22 16:29:40','2021-07-22 16:29:40',NULL),(744,3022,0,NULL,744,3,40720,40832,57,1532,2,0,'2021-06-17','2021-06-17',2706.88,1,1.00,'Factura A N°: 0003-00124234',NULL,NULL,'2021-07-22 16:29:40','2021-07-22 16:29:40',NULL),(745,3022,0,NULL,745,3,40720,40837,57,1532,2,0,'2021-06-17','2021-06-17',1953.66,1,1.00,'Factura A N°: 0005-00135072',NULL,NULL,'2021-07-22 16:29:40','2021-07-22 16:29:40',NULL),(746,3022,0,NULL,746,3,40720,40859,57,1532,2,0,'2021-06-18','2021-06-18',3959.66,1,1.00,'Factura A N°: 0178-00499306',NULL,NULL,'2021-07-22 16:29:41','2021-07-22 16:29:41',NULL),(747,3022,0,NULL,747,3,40720,40834,57,1532,2,0,'2021-06-19','2021-06-19',6718.69,1,1.00,'Factura A N°: 0010-00066018',NULL,NULL,'2021-07-22 16:29:41','2021-07-22 16:29:41',NULL),(748,3022,0,NULL,748,3,40720,40828,57,1532,2,0,'2021-06-21','2021-06-21',51312.48,1,1.00,'Factura A N°: 0011-00180534',NULL,NULL,'2021-07-22 16:29:41','2021-07-22 16:29:41',NULL),(749,3022,0,NULL,749,3,40720,40832,57,1532,2,0,'2021-06-22','2021-06-22',7482.43,1,1.00,'Factura A N°: 0003-00124497',NULL,NULL,'2021-07-22 16:29:41','2021-07-22 16:29:41',NULL),(750,3022,0,NULL,750,3,40720,40832,57,1532,2,0,'2021-06-22','2021-06-22',4287.97,1,1.00,'Factura A N°: 0003-00124498',NULL,NULL,'2021-07-22 16:29:41','2021-07-22 16:29:41',NULL),(751,3022,0,NULL,751,3,40720,40858,57,1532,2,0,'2021-06-23','2021-06-23',3671.17,1,1.00,'Factura A N°: 0003-00110528',NULL,NULL,'2021-07-22 16:29:41','2021-07-22 16:29:41',NULL),(752,3022,0,NULL,752,3,40720,40835,57,1532,2,0,'2021-06-23','2021-06-23',2105.67,1,1.00,'Factura A N°: 0004-00037586',NULL,NULL,'2021-07-22 16:29:41','2021-07-22 16:29:41',NULL),(753,3022,0,NULL,753,3,40720,40834,57,1532,2,0,'2021-06-23','2021-06-23',3257.45,1,1.00,'Factura A N°: 0010-00066113',NULL,NULL,'2021-07-22 16:29:41','2021-07-22 16:29:41',NULL),(754,3022,0,NULL,754,3,40720,40833,57,1532,2,0,'2021-06-23','2021-06-23',2462.60,1,1.00,'Factura A N°: 0003-00096803',NULL,NULL,'2021-07-22 16:29:41','2021-07-22 16:29:41',NULL),(755,3022,0,NULL,755,3,40720,40878,57,1532,2,0,'2021-06-24','2021-06-24',1468.00,1,1.00,'Factura C N°: 0400-04335774',NULL,NULL,'2021-07-22 16:29:41','2021-07-22 16:29:41',NULL),(756,3022,0,NULL,756,3,40720,40830,57,1532,2,0,'2021-06-24','2021-06-24',1370.00,1,1.00,'Factura A N°: 0002-00025812',NULL,NULL,'2021-07-22 16:29:41','2021-07-22 16:29:41',NULL),(757,3022,0,NULL,757,3,40720,40837,57,1532,2,0,'2021-06-24','2021-06-24',3479.76,1,1.00,'Factura A N°: 0005-00135320',NULL,NULL,'2021-07-22 16:29:41','2021-07-22 16:29:41',NULL);
INSERT INTO `cta_cte_cliente` VALUES (758,3022,0,NULL,758,3,40720,40875,57,1532,2,0,'2021-06-25','2021-06-25',21055.29,1,1.00,'Factura A N°: 0002-00000622',NULL,NULL,'2021-07-22 16:29:41','2021-07-22 16:29:41',NULL),(759,3022,0,NULL,759,3,40720,40840,57,1532,2,0,'2021-06-26','2021-06-26',11014.03,1,1.00,'Factura A N°: 0002-00122819',NULL,NULL,'2021-07-22 16:29:41','2021-07-22 16:29:41',NULL),(760,3022,0,NULL,760,3,40720,40834,57,1532,2,0,'2021-06-26','2021-06-26',1195.20,1,1.00,'Factura A N°: 0010-00066272',NULL,NULL,'2021-07-22 16:29:41','2021-07-22 16:29:41',NULL),(761,3022,0,NULL,761,3,40720,40827,57,1532,2,0,'2021-06-28','2021-06-28',2522.60,1,1.00,'Factura A N°: 0020-00001598',NULL,NULL,'2021-07-22 16:29:41','2021-07-22 16:29:41',NULL),(762,3022,0,NULL,762,3,40720,40830,57,1532,2,0,'2021-06-28','2021-06-28',1581.99,1,1.00,'Factura A N°: 0002-00025833',NULL,NULL,'2021-07-22 16:29:41','2021-07-22 16:29:41',NULL),(763,3022,0,NULL,763,3,40720,40832,57,1532,2,0,'2021-06-29','2021-06-29',4109.95,1,1.00,'Factura A N°: 0003-00125156',NULL,NULL,'2021-07-22 16:29:41','2021-07-22 16:29:41',NULL),(764,3022,0,NULL,764,3,40720,40823,57,1532,2,0,'2021-06-29','2021-06-29',1798.71,1,1.00,'Factura A N°: 0128-00025736',NULL,NULL,'2021-07-22 16:29:41','2021-07-22 16:29:41',NULL),(765,3022,0,NULL,765,3,40720,40823,57,1532,2,0,'2021-06-29','2021-06-29',1101.14,1,1.00,'Factura A N°: 0128-00025737',NULL,NULL,'2021-07-22 16:29:41','2021-07-22 16:29:41',NULL),(766,3022,0,NULL,766,3,40720,40842,57,1532,2,0,'2021-06-30','2021-06-30',270.59,1,1.00,'Factura A N°: 0003-00002238',NULL,NULL,'2021-07-22 16:29:41','2021-07-22 16:29:41',NULL),(767,3022,0,NULL,767,3,40720,40857,57,1532,2,0,'2021-06-30','2021-06-30',6735.31,1,1.00,'Factura A N°: 0003-00027734',NULL,NULL,'2021-07-22 16:29:41','2021-07-22 16:29:41',NULL),(768,3022,0,NULL,768,3,40720,40843,57,1532,2,0,'2021-06-30','2021-06-30',68405.02,1,1.00,'Factura A N°: 0004-00002898',NULL,NULL,'2021-07-22 16:29:41','2021-07-22 16:29:41',NULL),(769,3022,0,NULL,769,3,40720,40826,57,1532,2,0,'2021-06-30','2021-06-30',3560.00,1,1.00,'Factura A N°: 0001-00006413',NULL,NULL,'2021-07-22 16:29:41','2021-07-22 16:29:41',NULL),(770,3022,0,NULL,770,3,40720,40839,57,1532,2,0,'2021-06-30','2021-06-30',1658.05,1,1.00,'Factura A N°: 0021-00018934',NULL,NULL,'2021-07-22 16:29:41','2021-07-22 16:29:41',NULL),(771,3022,0,NULL,771,3,40720,40835,57,1532,2,0,'2021-06-30','2021-06-30',2982.26,1,1.00,'Factura A N°: 0004-00037792',NULL,NULL,'2021-07-22 16:29:41','2021-07-22 16:29:41',NULL),(772,3022,0,NULL,772,3,40720,40875,57,1532,1,0,'2021-06-30','2021-06-30',328.26,1,1.00,'Nota de crédito A N°: 0002-00000223',NULL,NULL,'2021-07-22 16:29:41','2021-07-22 16:29:41',NULL),(773,3022,0,NULL,773,3,40720,40834,57,1532,2,0,'2021-06-30','2021-06-30',3591.72,1,1.00,'Factura A N°: 0010-00066395',NULL,NULL,'2021-07-22 16:29:41','2021-07-22 16:29:41',NULL),(774,3022,0,NULL,774,3,40720,40823,57,1532,2,0,'2021-06-30','2021-06-30',3898.30,1,1.00,'Factura A N°: 0123-00060732',NULL,NULL,'2021-07-22 16:29:41','2021-07-22 16:29:41',NULL),(775,3022,0,NULL,775,3,40720,40833,57,1532,2,0,'2021-06-30','2021-06-30',7280.20,1,1.00,'Factura A N°: 0003-00097077',NULL,NULL,'2021-07-22 16:29:41','2021-07-22 16:29:41',NULL),(776,3022,0,NULL,776,2,40720,40718,13,1532,1,0,'2021-06-01','2021-06-01',20244.89,1,1.00,'Tique (Informe Diario Z) N°: 0003-00000270',NULL,NULL,'2021-07-23 14:21:05','2021-07-23 14:21:05',NULL),(777,3022,0,NULL,777,3,40720,40872,57,1532,2,0,'2021-06-10','2021-06-10',14681.35,1,1.00,'Factura A N°: 0100-01776277',NULL,NULL,'2021-07-23 14:59:27','2021-07-23 15:12:16','2021-07-23 15:12:16'),(778,3022,0,NULL,778,3,40720,40872,57,1532,2,0,'2021-06-10','2021-06-10',14820.45,1,1.00,'Factura A N°: 0100-01776276',NULL,NULL,'2021-07-23 15:11:40','2021-07-23 15:11:40',NULL),(779,3022,0,NULL,779,3,40720,40872,57,1532,2,0,'2021-06-10','2021-06-10',14681.35,1,1.00,'Factura A N°: 0100-01776277',NULL,NULL,'2021-07-23 15:12:16','2021-07-23 15:12:16',NULL);
INSERT INTO `cta_cte_cliente` VALUES (780,3022,0,NULL,780,3,40720,40825,57,1527,2,0,'2019-01-01','2019-01-01',1069.00,1,1.00,'Factura B N°: 1007-19964770',NULL,NULL,'2021-07-28 14:10:33','2021-07-28 14:55:52','2021-07-28 14:55:52'),(781,3022,0,NULL,781,3,40720,40825,57,1527,2,0,'2019-01-01','2019-01-01',1565.00,1,1.00,'Factura B N°: 1007-19964771',NULL,NULL,'2021-07-28 14:10:33','2021-07-28 14:55:52','2021-07-28 14:55:52'),(782,3022,0,NULL,782,3,40720,40835,57,1527,2,0,'2019-01-04','2019-01-04',250.54,1,1.00,'Factura B N°: 0004-00010354',NULL,NULL,'2021-07-28 14:10:33','2021-07-28 14:55:52','2021-07-28 14:55:52'),(783,3022,0,NULL,783,3,40720,40833,57,1527,2,0,'2019-01-04','2019-01-04',1905.92,1,1.00,'Factura B N°: 0003-00048131',NULL,NULL,'2021-07-28 14:10:33','2021-07-28 14:55:52','2021-07-28 14:55:52'),(784,3022,0,NULL,784,3,40720,40828,57,1527,2,0,'2019-01-10','2019-01-10',16060.25,1,1.00,'Factura B N°: 0011-00039723',NULL,NULL,'2021-07-28 14:10:33','2021-07-28 14:55:52','2021-07-28 14:55:52'),(785,3022,0,NULL,785,3,40720,40879,57,1527,2,0,'2019-01-15','2019-01-15',1010.01,1,1.00,'Factura B N°: 8340-43801965',NULL,NULL,'2021-07-28 14:10:33','2021-07-28 14:55:52','2021-07-28 14:55:52'),(786,3022,0,NULL,786,3,40720,40880,57,1527,2,0,'2019-01-25','2019-01-25',7861.52,1,1.00,'Factura B N°: 0003-00016144',NULL,NULL,'2021-07-28 14:10:33','2021-07-28 14:55:52','2021-07-28 14:55:52'),(787,3022,0,NULL,787,3,40720,40832,57,1527,2,0,'2019-01-25','2019-01-25',721.12,1,1.00,'Factura B N°: 0003-00090849',NULL,NULL,'2021-07-28 14:10:33','2021-07-28 14:55:52','2021-07-28 14:55:52'),(788,3022,0,NULL,788,3,40720,40880,57,1527,2,0,'2019-01-28','2019-01-28',8446.18,1,1.00,'Factura B N°: 0003-00016159',NULL,NULL,'2021-07-28 14:10:33','2021-07-28 14:55:52','2021-07-28 14:55:52'),(789,3022,0,NULL,789,3,40720,40881,57,1527,2,0,'2019-01-29','2019-01-29',569.20,1,1.00,'Factura B N°: 0001-00023823',NULL,NULL,'2021-07-28 14:10:33','2021-07-28 14:55:52','2021-07-28 14:55:52'),(790,3022,0,NULL,790,3,40720,40828,57,1527,2,0,'2019-01-31','2019-01-31',7682.96,1,1.00,'Factura B N°: 0011-00040211',NULL,NULL,'2021-07-28 14:10:33','2021-07-28 14:55:52','2021-07-28 14:55:52'),(791,3022,0,NULL,791,3,40720,40882,57,1527,2,0,'2019-01-31','2019-01-31',4187.99,1,1.00,'Factura B N°: 0015-00003063',NULL,NULL,'2021-07-28 14:10:33','2021-07-28 14:55:52','2021-07-28 14:55:52'),(792,3022,0,NULL,792,3,40720,40825,57,1527,2,0,'2019-02-01','2019-02-01',1069.00,1,1.00,'Factura B N°: 1007-20160629',NULL,NULL,'2021-07-28 14:11:49','2021-07-28 14:55:52','2021-07-28 14:55:52'),(793,3022,0,NULL,793,3,40720,40825,57,1527,2,0,'2019-02-01','2019-02-01',1565.00,1,1.00,'Factura B N°: 1007-20160630',NULL,NULL,'2021-07-28 14:11:49','2021-07-28 14:55:52','2021-07-28 14:55:52'),(794,3022,0,NULL,794,3,40720,40832,57,1527,2,0,'2019-02-01','2019-02-01',1369.85,1,1.00,'Factura B N°: 0003-00091274',NULL,NULL,'2021-07-28 14:11:49','2021-07-28 14:55:52','2021-07-28 14:55:52'),(795,3022,0,NULL,795,3,40720,40832,57,1527,1,0,'2019-02-05','2019-02-05',105.60,1,1.00,'Nota de crédito B N°: 0003-00004359',NULL,NULL,'2021-07-28 14:11:49','2021-07-28 14:55:52','2021-07-28 14:55:52'),(796,3022,0,NULL,796,3,40720,40881,57,1527,2,0,'2019-02-05','2019-02-05',134.60,1,1.00,'Factura B N°: 0001-00024445',NULL,NULL,'2021-07-28 14:11:49','2021-07-28 14:55:52','2021-07-28 14:55:52'),(797,3022,0,NULL,797,3,40720,40882,57,1527,2,0,'2019-02-06','2019-02-06',1732.98,1,1.00,'Factura B N°: 0015-00003076',NULL,NULL,'2021-07-28 14:11:49','2021-07-28 14:55:52','2021-07-28 14:55:52'),(798,3022,0,NULL,798,3,40720,40832,57,1527,2,0,'2019-02-06','2019-02-06',0.17,1,1.00,'Factura B N°: 0003-00091589',NULL,NULL,'2021-07-28 14:11:49','2021-07-28 14:55:52','2021-07-28 14:55:52'),(799,3022,0,NULL,799,3,40720,40832,57,1527,2,0,'2019-02-11','2019-02-11',318.64,1,1.00,'Factura B N°: 0003-00091862',NULL,NULL,'2021-07-28 14:11:49','2021-07-28 14:55:52','2021-07-28 14:55:52');
INSERT INTO `cta_cte_cliente` VALUES (800,3022,0,NULL,800,3,40720,40828,57,1527,2,0,'2019-02-14','2019-02-14',17659.84,1,1.00,'Factura B N°: 0011-00040527',NULL,NULL,'2021-07-28 14:11:49','2021-07-28 14:55:52','2021-07-28 14:55:52'),(801,3022,0,NULL,801,3,40720,40879,57,1527,2,0,'2019-02-15','2019-02-15',1650.02,1,1.00,'Factura B N°: 8340-47319878',NULL,NULL,'2021-07-28 14:11:49','2021-07-28 14:55:52','2021-07-28 14:55:52'),(802,3022,0,NULL,802,3,40720,40832,57,1527,2,0,'2019-02-15','2019-02-15',952.17,1,1.00,'Factura B N°: 0003-00092258',NULL,NULL,'2021-07-28 14:11:49','2021-07-28 14:55:52','2021-07-28 14:55:52'),(803,3022,0,NULL,803,3,40720,40825,57,1527,2,0,'2019-02-20','2019-02-20',0.00,1,1.00,'Factura B N°: 1008-01164799',NULL,NULL,'2021-07-28 14:11:49','2021-07-28 14:55:52','2021-07-28 14:55:52'),(804,3022,0,NULL,804,3,40720,40825,57,1527,2,0,'2019-02-20','2019-02-20',0.00,1,1.00,'Factura B N°: 1008-01164800',NULL,NULL,'2021-07-28 14:11:49','2021-07-28 14:55:52','2021-07-28 14:55:52'),(805,3022,0,NULL,805,3,40720,40833,57,1527,2,0,'2019-02-21','2019-02-21',940.83,1,1.00,'Factura B N°: 0003-00049441',NULL,NULL,'2021-07-28 14:11:49','2021-07-28 14:55:52','2021-07-28 14:55:52'),(806,3022,0,NULL,806,3,40720,40832,57,1527,2,0,'2019-02-22','2019-02-22',1872.64,1,1.00,'Factura B N°: 0003-00092714',NULL,NULL,'2021-07-28 14:11:49','2021-07-28 14:55:52','2021-07-28 14:55:52'),(807,3022,0,NULL,807,3,40720,40881,57,1527,2,0,'2019-02-26','2019-02-26',269.20,1,1.00,'Factura B N°: 0001-00025987',NULL,NULL,'2021-07-28 14:11:49','2021-07-28 14:55:52','2021-07-28 14:55:52'),(808,3022,0,NULL,808,3,40720,40833,57,1527,2,0,'2019-02-26','2019-02-26',1859.32,1,1.00,'Factura B N°: 0003-00049580',NULL,NULL,'2021-07-28 14:11:49','2021-07-28 14:55:53','2021-07-28 14:55:53'),(809,3022,0,NULL,809,3,40720,40825,57,1527,2,0,'2019-03-01','2019-03-01',801.75,1,1.00,'Factura B N°: 1007-20355147',NULL,NULL,'2021-07-28 14:12:09','2021-07-28 14:55:53','2021-07-28 14:55:53'),(810,3022,0,NULL,810,3,40720,40825,57,1527,2,0,'2019-03-01','2019-03-01',1173.75,1,1.00,'Factura B N°: 1007-20355148',NULL,NULL,'2021-07-28 14:12:09','2021-07-28 14:55:53','2021-07-28 14:55:53'),(811,3022,0,NULL,811,3,40720,40832,57,1527,2,0,'2019-03-01','2019-03-01',155.75,1,1.00,'Factura B N°: 0003-00093206',NULL,NULL,'2021-07-28 14:12:09','2021-07-28 14:55:53','2021-07-28 14:55:53'),(812,3022,0,NULL,812,3,40720,40883,57,1527,2,0,'2019-03-04','2019-03-04',12173.36,1,1.00,'Factura B N°: 0006-00000402',NULL,NULL,'2021-07-28 14:12:09','2021-07-28 14:55:53','2021-07-28 14:55:53'),(813,3022,0,NULL,813,3,40720,40828,57,1527,2,0,'2019-03-06','2019-03-06',25706.82,1,1.00,'Factura B N°: 0011-00040900',NULL,NULL,'2021-07-28 14:12:09','2021-07-28 14:55:53','2021-07-28 14:55:53'),(814,3022,0,NULL,814,3,40720,40832,57,1527,2,0,'2019-03-08','2019-03-08',362.75,1,1.00,'Factura B N°: 0003-00093654',NULL,NULL,'2021-07-28 14:12:09','2021-07-28 14:55:53','2021-07-28 14:55:53'),(815,3022,0,NULL,815,3,40720,40835,57,1527,2,0,'2019-03-13','2019-03-13',253.83,1,1.00,'Factura B N°: 0004-00011600',NULL,NULL,'2021-07-28 14:12:09','2021-07-28 14:55:53','2021-07-28 14:55:53'),(816,3022,0,NULL,816,3,40720,40833,57,1527,2,0,'2019-03-13','2019-03-13',1843.01,1,1.00,'Factura B N°: 0003-00050003',NULL,NULL,'2021-07-28 14:12:09','2021-07-28 14:55:53','2021-07-28 14:55:53'),(817,3022,0,NULL,817,3,40720,40828,57,1527,2,0,'2019-03-14','2019-03-14',7408.88,1,1.00,'Factura B N°: 0011-00041081',NULL,NULL,'2021-07-28 14:12:09','2021-07-28 14:55:53','2021-07-28 14:55:53'),(818,3022,0,NULL,818,3,40720,40879,57,1527,2,0,'2019-03-15','2019-03-15',1650.02,1,1.00,'Factura B N°: 8340-50825389',NULL,NULL,'2021-07-28 14:12:09','2021-07-28 14:55:53','2021-07-28 14:55:53'),(819,3022,0,NULL,819,3,40720,40884,57,1527,2,0,'2019-03-15','2019-03-15',8580.16,1,1.00,'Factura B N°: 0002-00000391',NULL,NULL,'2021-07-28 14:12:09','2021-07-28 14:55:53','2021-07-28 14:55:53');
INSERT INTO `cta_cte_cliente` VALUES (820,3022,0,NULL,820,3,40720,40832,57,1527,2,0,'2019-03-15','2019-03-15',332.31,1,1.00,'Factura B N°: 0003-00094171',NULL,NULL,'2021-07-28 14:12:09','2021-07-28 14:55:53','2021-07-28 14:55:53'),(821,3022,0,NULL,821,3,40720,40828,57,1527,2,0,'2019-03-25','2019-03-25',16441.62,1,1.00,'Factura B N°: 0011-00041320',NULL,NULL,'2021-07-28 14:12:09','2021-07-28 14:55:53','2021-07-28 14:55:53'),(822,3022,0,NULL,822,3,40720,40832,57,1527,2,0,'2019-03-29','2019-03-29',1453.13,1,1.00,'Factura B N°: 0003-00095266',NULL,NULL,'2021-07-28 14:12:09','2021-07-28 14:55:53','2021-07-28 14:55:53'),(823,3022,0,NULL,823,3,40720,40825,57,1527,2,0,'2019-04-01','2019-04-01',801.75,1,1.00,'Factura B N°: 1007-20548542',NULL,NULL,'2021-07-28 14:12:29','2021-07-28 14:55:53','2021-07-28 14:55:53'),(824,3022,0,NULL,824,3,40720,40825,57,1527,2,0,'2019-04-01','2019-04-01',1173.75,1,1.00,'Factura B N°: 1007-20548543',NULL,NULL,'2021-07-28 14:12:29','2021-07-28 14:55:53','2021-07-28 14:55:53'),(825,3022,0,NULL,825,3,40720,40828,57,1527,2,0,'2019-04-04','2019-04-04',8106.89,1,1.00,'Factura B N°: 0011-00041529',NULL,NULL,'2021-07-28 14:12:29','2021-07-28 14:55:53','2021-07-28 14:55:53'),(826,3022,0,NULL,826,3,40720,40832,57,1527,2,0,'2019-04-05','2019-04-05',361.96,1,1.00,'Factura B N°: 0003-00095714',NULL,NULL,'2021-07-28 14:12:29','2021-07-28 14:55:53','2021-07-28 14:55:53'),(827,3022,0,NULL,827,3,40720,40828,57,1527,2,0,'2019-04-08','2019-04-08',23029.86,1,1.00,'Factura B N°: 0011-00041617',NULL,NULL,'2021-07-28 14:12:29','2021-07-28 14:55:53','2021-07-28 14:55:53'),(828,3022,0,NULL,828,3,40720,40833,57,1527,2,0,'2019-04-09','2019-04-09',1707.76,1,1.00,'Factura B N°: 0003-00050842',NULL,NULL,'2021-07-28 14:12:29','2021-07-28 14:55:53','2021-07-28 14:55:53'),(829,3022,0,NULL,829,3,40720,40832,57,1527,2,0,'2019-04-12','2019-04-12',1797.52,1,1.00,'Factura B N°: 0003-00096248',NULL,NULL,'2021-07-28 14:12:29','2021-07-28 14:55:53','2021-07-28 14:55:53'),(830,3022,0,NULL,830,3,40720,40879,57,1527,2,0,'2019-04-14','2019-04-14',1664.42,1,1.00,'Factura B N°: 8340-54339596',NULL,NULL,'2021-07-28 14:12:29','2021-07-28 14:55:53','2021-07-28 14:55:53'),(831,3022,0,NULL,831,3,40720,40835,57,1527,2,0,'2019-04-16','2019-04-16',179.03,1,1.00,'Factura B N°: 0004-00012288',NULL,NULL,'2021-07-28 14:12:29','2021-07-28 14:55:53','2021-07-28 14:55:53'),(832,3022,0,NULL,832,3,40720,40833,57,1527,2,0,'2019-04-16','2019-04-16',860.59,1,1.00,'Factura B N°: 0003-00051071',NULL,NULL,'2021-07-28 14:12:29','2021-07-28 14:55:53','2021-07-28 14:55:53'),(833,3022,0,NULL,833,3,40720,40828,57,1527,2,0,'2019-04-17','2019-04-17',8133.04,1,1.00,'Factura B N°: 0011-00041833',NULL,NULL,'2021-07-28 14:12:29','2021-07-28 14:55:53','2021-07-28 14:55:53'),(834,3022,0,NULL,834,3,40720,40885,57,1527,2,0,'2019-04-17','2019-04-17',700.00,1,1.00,'Factura C N°: 0002-00000235',NULL,NULL,'2021-07-28 14:12:29','2021-07-28 14:55:53','2021-07-28 14:55:53'),(835,3022,0,NULL,835,3,40720,40838,57,1527,2,0,'2019-04-23','2019-04-23',235.89,1,1.00,'Factura B N°: 0002-00049878',NULL,NULL,'2021-07-28 14:12:29','2021-07-28 14:55:53','2021-07-28 14:55:53'),(836,3022,0,NULL,836,3,40720,40828,57,1527,2,0,'2019-04-25','2019-04-25',20161.32,1,1.00,'Factura B N°: 0011-00041954',NULL,NULL,'2021-07-28 14:12:29','2021-07-28 14:55:53','2021-07-28 14:55:53'),(837,3022,0,NULL,837,3,40720,40832,57,1527,2,0,'2019-04-26','2019-04-26',897.20,1,1.00,'Factura B N°: 0003-00097210',NULL,NULL,'2021-07-28 14:12:29','2021-07-28 14:55:53','2021-07-28 14:55:53'),(838,3022,0,NULL,838,3,40720,40886,57,1527,2,0,'2019-04-29','2019-04-29',9865.44,1,1.00,'Factura B N°: 0008-00000390',NULL,NULL,'2021-07-28 14:12:29','2021-07-28 14:55:53','2021-07-28 14:55:53'),(839,3022,0,NULL,839,3,40720,40825,57,1527,2,0,'2019-05-01','2019-05-01',801.75,1,1.00,'Factura B N°: 1007-20741984',NULL,NULL,'2021-07-28 14:12:55','2021-07-28 14:55:53','2021-07-28 14:55:53');
INSERT INTO `cta_cte_cliente` VALUES (840,3022,0,NULL,840,3,40720,40825,57,1527,2,0,'2019-05-01','2019-05-01',1173.75,1,1.00,'Factura B N°: 1007-20741985',NULL,NULL,'2021-07-28 14:12:55','2021-07-28 14:55:53','2021-07-28 14:55:53'),(841,3022,0,NULL,841,3,40720,40828,57,1527,2,0,'2019-05-02','2019-05-02',9362.23,1,1.00,'Factura B N°: 0011-00042093',NULL,NULL,'2021-07-28 14:12:55','2021-07-28 14:55:53','2021-07-28 14:55:53'),(842,3022,0,NULL,842,3,40720,40832,57,1527,2,0,'2019-05-03','2019-05-03',493.91,1,1.00,'Factura B N°: 0003-00097623',NULL,NULL,'2021-07-28 14:12:55','2021-07-28 14:55:53','2021-07-28 14:55:53'),(843,3022,0,NULL,843,3,40720,40884,57,1527,2,0,'2019-05-06','2019-05-06',11762.15,1,1.00,'Factura B N°: 0002-00000863',NULL,NULL,'2021-07-28 14:12:55','2021-07-28 14:55:53','2021-07-28 14:55:53'),(844,3022,0,NULL,844,3,40720,40835,57,1527,2,0,'2019-05-07','2019-05-07',119.35,1,1.00,'Factura B N°: 0004-00012691',NULL,NULL,'2021-07-28 14:12:55','2021-07-28 14:55:53','2021-07-28 14:55:53'),(845,3022,0,NULL,845,3,40720,40881,57,1527,2,0,'2019-05-07','2019-05-07',53.84,1,1.00,'Factura B N°: 0001-00031120',NULL,NULL,'2021-07-28 14:12:55','2021-07-28 14:55:53','2021-07-28 14:55:53'),(846,3022,0,NULL,846,3,40720,40881,57,1527,1,0,'2019-05-07','2019-05-07',26.92,1,1.00,'Nota de crédito B N°: 0001-00003736',NULL,NULL,'2021-07-28 14:12:55','2021-07-28 14:55:53','2021-07-28 14:55:53'),(847,3022,0,NULL,847,3,40720,40881,57,1527,2,0,'2019-05-07','2019-05-07',417.40,1,1.00,'Factura B N°: 0001-00031121',NULL,NULL,'2021-07-28 14:12:55','2021-07-28 14:55:53','2021-07-28 14:55:53'),(848,3022,0,NULL,848,3,40720,40833,57,1527,2,0,'2019-05-07','2019-05-07',2736.82,1,1.00,'Factura B N°: 0003-00051698',NULL,NULL,'2021-07-28 14:12:55','2021-07-28 14:55:53','2021-07-28 14:55:53'),(849,3022,0,NULL,849,3,40720,40825,57,1527,2,0,'2019-05-10','2019-05-10',1390.00,1,1.00,'Factura B N°: 1008-01196690',NULL,NULL,'2021-07-28 14:12:55','2021-07-28 14:55:53','2021-07-28 14:55:53'),(850,3022,0,NULL,850,3,40720,40832,57,1527,2,0,'2019-05-10','2019-05-10',2264.63,1,1.00,'Factura B N°: 0003-00098146',NULL,NULL,'2021-07-28 14:12:55','2021-07-28 14:55:53','2021-07-28 14:55:53'),(851,3022,0,NULL,851,3,40720,40828,57,1527,2,0,'2019-05-13','2019-05-13',9059.95,1,1.00,'Factura B N°: 0011-00042309',NULL,NULL,'2021-07-28 14:12:55','2021-07-28 14:55:53','2021-07-28 14:55:53'),(852,3022,0,NULL,852,3,40720,40881,57,1527,2,0,'2019-05-14','2019-05-14',607.68,1,1.00,'Factura B N°: 0001-00031659',NULL,NULL,'2021-07-28 14:12:55','2021-07-28 14:55:53','2021-07-28 14:55:53'),(853,3022,0,NULL,853,3,40720,40879,57,1527,2,0,'2019-05-15','2019-05-15',1860.80,1,1.00,'Factura B N°: 8340-57829312',NULL,NULL,'2021-07-28 14:12:55','2021-07-28 14:55:53','2021-07-28 14:55:53'),(854,3022,0,NULL,854,3,40720,40832,57,1527,2,0,'2019-05-17','2019-05-17',445.47,1,1.00,'Factura B N°: 0003-00098646',NULL,NULL,'2021-07-28 14:12:55','2021-07-28 14:55:53','2021-07-28 14:55:53'),(855,3022,0,NULL,855,3,40720,40832,57,1527,2,0,'2019-05-17','2019-05-17',310.24,1,1.00,'Factura B N°: 0003-00098650',NULL,NULL,'2021-07-28 14:12:55','2021-07-28 14:55:53','2021-07-28 14:55:53'),(856,3022,0,NULL,856,3,40720,40832,57,1527,2,0,'2019-05-24','2019-05-24',1922.72,1,1.00,'Factura B N°: 0003-00099177',NULL,NULL,'2021-07-28 14:12:55','2021-07-28 14:55:53','2021-07-28 14:55:53'),(857,3022,0,NULL,857,3,40720,40832,57,1527,2,0,'2019-05-31','2019-05-31',360.14,1,1.00,'Factura B N°: 0003-00099708',NULL,NULL,'2021-07-28 14:12:55','2021-07-28 14:55:53','2021-07-28 14:55:53'),(858,3022,0,NULL,858,3,40720,40825,57,1527,2,0,'2019-06-01','2019-06-01',801.75,1,1.00,'Factura B N°: 1007-20934959',NULL,NULL,'2021-07-28 14:13:06','2021-07-28 14:55:53','2021-07-28 14:55:53'),(859,3022,0,NULL,859,3,40720,40825,57,1527,2,0,'2019-06-01','2019-06-01',1173.75,1,1.00,'Factura B N°: 1007-20934960',NULL,NULL,'2021-07-28 14:13:06','2021-07-28 14:55:53','2021-07-28 14:55:53');
INSERT INTO `cta_cte_cliente` VALUES (860,3022,0,NULL,860,3,40720,40828,57,1527,2,0,'2019-06-03','2019-06-03',13145.06,1,1.00,'Factura B N°: 0011-00042692',NULL,NULL,'2021-07-28 14:13:07','2021-07-28 14:55:53','2021-07-28 14:55:53'),(861,3022,0,NULL,861,3,40720,40833,57,1527,2,0,'2019-06-05','2019-06-05',1076.53,1,1.00,'Factura B N°: 0003-00053216',NULL,NULL,'2021-07-28 14:13:07','2021-07-28 14:55:53','2021-07-28 14:55:53'),(862,3022,0,NULL,862,3,40720,40828,57,1527,2,0,'2019-06-06','2019-06-06',12836.98,1,1.00,'Factura B N°: 0011-00042754',NULL,NULL,'2021-07-28 14:13:07','2021-07-28 14:55:53','2021-07-28 14:55:53'),(863,3022,0,NULL,863,3,40720,40832,57,1527,2,0,'2019-06-07','2019-06-07',0.05,1,1.00,'Factura B N°: 0003-00100216',NULL,NULL,'2021-07-28 14:13:07','2021-07-28 14:55:53','2021-07-28 14:55:53'),(864,3022,0,NULL,864,3,40720,40832,57,1527,2,0,'2019-06-07','2019-06-07',782.19,1,1.00,'Factura B N°: 0003-00100201',NULL,NULL,'2021-07-28 14:13:07','2021-07-28 14:55:53','2021-07-28 14:55:53'),(865,3022,0,NULL,865,3,40720,40825,57,1527,2,0,'2019-06-12','2019-06-12',0.00,1,1.00,'Factura B N°: 1008-01209677',NULL,NULL,'2021-07-28 14:13:07','2021-07-28 14:55:53','2021-07-28 14:55:53'),(866,3022,0,NULL,866,3,40720,40887,57,1527,2,0,'2019-06-12','2019-06-12',310000.00,1,1.00,'Factura B N°: 0003-00000291',NULL,NULL,'2021-07-28 14:13:07','2021-07-28 14:55:53','2021-07-28 14:55:53'),(867,3022,0,NULL,867,3,40720,40835,57,1527,2,0,'2019-06-13','2019-06-13',182.95,1,1.00,'Factura B N°: 0004-00013899',NULL,NULL,'2021-07-28 14:13:07','2021-07-28 14:55:53','2021-07-28 14:55:53'),(868,3022,0,NULL,868,3,40720,40833,57,1527,2,0,'2019-06-13','2019-06-13',522.28,1,1.00,'Factura B N°: 0003-00053762',NULL,NULL,'2021-07-28 14:13:07','2021-07-28 14:55:53','2021-07-28 14:55:53'),(869,3022,0,NULL,869,3,40720,40832,57,1527,2,0,'2019-06-14','2019-06-14',778.19,1,1.00,'Factura B N°: 0003-00100729',NULL,NULL,'2021-07-28 14:13:07','2021-07-28 14:55:53','2021-07-28 14:55:53'),(870,3022,0,NULL,870,3,40720,40879,57,1527,2,0,'2019-06-15','2019-06-15',2215.73,1,1.00,'Factura B N°: 8340-61339973',NULL,NULL,'2021-07-28 14:13:07','2021-07-28 14:55:53','2021-07-28 14:55:53'),(871,3022,0,NULL,871,3,40720,40828,57,1527,2,0,'2019-06-18','2019-06-18',10508.30,1,1.00,'Factura B N°: 0011-00042977',NULL,NULL,'2021-07-28 14:13:07','2021-07-28 14:55:53','2021-07-28 14:55:53'),(872,3022,0,NULL,872,3,40720,40881,57,1527,2,0,'2019-06-18','2019-06-18',418.64,1,1.00,'Factura B N°: 0001-00034407',NULL,NULL,'2021-07-28 14:13:07','2021-07-28 14:55:53','2021-07-28 14:55:53'),(873,3022,0,NULL,873,3,40720,40833,57,1527,2,0,'2019-06-18','2019-06-18',1272.78,1,1.00,'Factura B N°: 0003-00054089',NULL,NULL,'2021-07-28 14:13:07','2021-07-28 14:55:53','2021-07-28 14:55:53'),(874,3022,0,NULL,874,3,40720,40888,57,1527,2,0,'2019-06-19','2019-06-19',16523.20,1,1.00,'Factura B N°: 0010-00000612',NULL,NULL,'2021-07-28 14:13:07','2021-07-28 14:55:53','2021-07-28 14:55:53'),(875,3022,0,NULL,875,3,40720,40832,57,1527,2,0,'2019-06-21','2019-06-21',609.43,1,1.00,'Factura B N°: 0003-00101173',NULL,NULL,'2021-07-28 14:13:07','2021-07-28 14:55:53','2021-07-28 14:55:53'),(876,3022,0,NULL,876,3,40720,40878,57,1527,2,0,'2019-06-26','2019-06-26',1345.00,1,1.00,'Factura C N°: 0400-02439964',NULL,NULL,'2021-07-28 14:13:07','2021-07-28 14:55:53','2021-07-28 14:55:53'),(877,3022,0,NULL,877,3,40720,40878,57,1527,2,0,'2019-06-26','2019-06-26',1345.00,1,1.00,'Factura C N°: 0400-02457682',NULL,NULL,'2021-07-28 14:13:07','2021-07-28 14:55:53','2021-07-28 14:55:53'),(878,3022,0,NULL,878,3,40720,40833,57,1527,2,0,'2019-06-26','2019-06-26',2122.45,1,1.00,'Factura B N°: 0003-00054502',NULL,NULL,'2021-07-28 14:13:07','2021-07-28 14:55:53','2021-07-28 14:55:53'),(879,3022,0,NULL,879,3,40720,40832,57,1527,2,0,'2019-06-28','2019-06-28',1421.34,1,1.00,'Factura B N°: 0003-00101699',NULL,NULL,'2021-07-28 14:13:07','2021-07-28 14:55:53','2021-07-28 14:55:53');
INSERT INTO `cta_cte_cliente` VALUES (880,3022,0,NULL,880,3,40720,40832,57,1527,1,0,'2019-06-28','2019-06-28',18.84,1,1.00,'Nota de crédito B N°: 0003-00004964',NULL,NULL,'2021-07-28 14:13:07','2021-07-28 14:55:53','2021-07-28 14:55:53'),(881,3022,0,NULL,881,3,40720,40825,57,1527,2,0,'2019-07-01','2019-07-01',1069.00,1,1.00,'Factura B N°: 1007-21126885',NULL,NULL,'2021-07-28 14:13:19','2021-07-28 14:55:53','2021-07-28 14:55:53'),(882,3022,0,NULL,882,3,40720,40825,57,1527,2,0,'2019-07-01','2019-07-01',1565.00,1,1.00,'Factura B N°: 1007-21126886',NULL,NULL,'2021-07-28 14:13:19','2021-07-28 14:55:53','2021-07-28 14:55:53'),(883,3022,0,NULL,883,3,40720,40828,57,1527,2,0,'2019-07-01','2019-07-01',9484.27,1,1.00,'Factura B N°: 0011-00043220',NULL,NULL,'2021-07-28 14:13:19','2021-07-28 14:55:53','2021-07-28 14:55:53'),(884,3022,0,NULL,884,3,40720,40886,57,1527,2,0,'2019-07-02','2019-07-02',13049.06,1,1.00,'Factura B N°: 0008-00000432',NULL,NULL,'2021-07-28 14:13:19','2021-07-28 14:55:53','2021-07-28 14:55:53'),(885,3022,0,NULL,885,3,40720,40828,57,1527,2,0,'2019-07-04','2019-07-04',9684.82,1,1.00,'Factura B N°: 0011-00043296',NULL,NULL,'2021-07-28 14:13:19','2021-07-28 14:55:53','2021-07-28 14:55:53'),(886,3022,0,NULL,886,3,40720,40832,57,1527,2,0,'2019-07-05','2019-07-05',854.01,1,1.00,'Factura B N°: 0003-00102233',NULL,NULL,'2021-07-28 14:13:19','2021-07-28 14:55:53','2021-07-28 14:55:53'),(887,3022,0,NULL,887,3,40720,40832,57,1527,2,0,'2019-07-05','2019-07-05',773.20,1,1.00,'Factura B N°: 0003-00102253',NULL,NULL,'2021-07-28 14:13:19','2021-07-28 14:55:53','2021-07-28 14:55:53'),(888,3022,0,NULL,888,3,40720,40875,57,1527,2,0,'2019-07-10','2019-07-10',14769.85,1,1.00,'Factura B N°: 0002-00000121',NULL,NULL,'2021-07-28 14:13:19','2021-07-28 14:55:53','2021-07-28 14:55:53'),(889,3022,0,NULL,889,3,40720,40884,57,1527,2,0,'2019-07-11','2019-07-11',11864.48,1,1.00,'Factura B N°: 0002-00001508',NULL,NULL,'2021-07-28 14:13:19','2021-07-28 14:55:53','2021-07-28 14:55:53'),(890,3022,0,NULL,890,3,40720,40833,57,1527,2,0,'2019-07-11','2019-07-11',1232.57,1,1.00,'Factura B N°: 0003-00055451',NULL,NULL,'2021-07-28 14:13:19','2021-07-28 14:55:53','2021-07-28 14:55:53'),(891,3022,0,NULL,891,3,40720,40832,57,1527,2,0,'2019-07-12','2019-07-12',1311.46,1,1.00,'Factura B N°: 0003-00102722',NULL,NULL,'2021-07-28 14:13:19','2021-07-28 14:55:53','2021-07-28 14:55:53'),(892,3022,0,NULL,892,3,40720,40875,57,1527,2,0,'2019-07-12','2019-07-12',23926.09,1,1.00,'Factura B N°: 0002-00000122',NULL,NULL,'2021-07-28 14:13:19','2021-07-28 14:55:53','2021-07-28 14:55:53'),(893,3022,0,NULL,893,3,40720,40878,57,1527,1,0,'2019-07-13','2019-07-13',1345.00,1,1.00,'Nota de crédito C N°: 0400-00056456',NULL,NULL,'2021-07-28 14:13:19','2021-07-28 14:55:53','2021-07-28 14:55:53'),(894,3022,0,NULL,894,3,40720,40879,57,1527,2,0,'2019-07-14','2019-07-14',2071.31,1,1.00,'Factura B N°: 8340-64874278',NULL,NULL,'2021-07-28 14:13:19','2021-07-28 14:55:53','2021-07-28 14:55:53'),(895,3022,0,NULL,895,3,40720,40884,57,1527,2,0,'2019-07-16','2019-07-16',8635.66,1,1.00,'Factura B N°: 0002-00001570',NULL,NULL,'2021-07-28 14:13:19','2021-07-28 14:55:53','2021-07-28 14:55:53'),(896,3022,0,NULL,896,3,40720,40835,57,1527,2,0,'2019-07-16','2019-07-16',310.26,1,1.00,'Factura B N°: 0004-00015122',NULL,NULL,'2021-07-28 14:13:19','2021-07-28 14:55:53','2021-07-28 14:55:53'),(897,3022,0,NULL,897,3,40720,40881,57,1527,2,0,'2019-07-16','2019-07-16',138.46,1,1.00,'Factura B N°: 0001-00036595',NULL,NULL,'2021-07-28 14:13:19','2021-07-28 14:55:53','2021-07-28 14:55:53'),(898,3022,0,NULL,898,3,40720,40833,57,1527,2,0,'2019-07-16','2019-07-16',2537.42,1,1.00,'Factura B N°: 0003-00055834',NULL,NULL,'2021-07-28 14:13:19','2021-07-28 14:55:53','2021-07-28 14:55:53'),(899,3022,0,NULL,899,3,40720,40884,57,1527,2,0,'2019-07-19','2019-07-19',10655.74,1,1.00,'Factura B N°: 0002-00001616',NULL,NULL,'2021-07-28 14:13:19','2021-07-28 14:55:53','2021-07-28 14:55:53');
INSERT INTO `cta_cte_cliente` VALUES (900,3022,0,NULL,900,3,40720,40863,57,1527,2,0,'2019-07-19','2019-07-19',4786.34,1,1.00,'Factura B N°: 0035-00000677',NULL,NULL,'2021-07-28 14:13:19','2021-07-28 14:55:53','2021-07-28 14:55:53'),(901,3022,0,NULL,901,3,40720,40832,57,1527,2,0,'2019-07-19','2019-07-19',2439.31,1,1.00,'Factura B N°: 0003-00103208',NULL,NULL,'2021-07-28 14:13:19','2021-07-28 14:55:53','2021-07-28 14:55:53'),(902,3022,0,NULL,902,3,40720,40832,57,1527,2,0,'2019-07-19','2019-07-19',192.80,1,1.00,'Factura B N°: 0003-00103209',NULL,NULL,'2021-07-28 14:13:19','2021-07-28 14:55:53','2021-07-28 14:55:53'),(903,3022,0,NULL,903,3,40720,40884,57,1527,2,0,'2019-07-23','2019-07-23',26479.23,1,1.00,'Factura B N°: 0002-00001695',NULL,NULL,'2021-07-28 14:13:19','2021-07-28 14:55:53','2021-07-28 14:55:53'),(904,3022,0,NULL,904,3,40720,40881,57,1527,2,0,'2019-07-23','2019-07-23',92.31,1,1.00,'Factura B N°: 0001-00037210',NULL,NULL,'2021-07-28 14:13:19','2021-07-28 14:55:53','2021-07-28 14:55:53'),(905,3022,0,NULL,905,3,40720,40833,57,1527,2,0,'2019-07-23','2019-07-23',399.24,1,1.00,'Factura B N°: 0003-00056255',NULL,NULL,'2021-07-28 14:13:19','2021-07-28 14:55:53','2021-07-28 14:55:53'),(906,3022,0,NULL,906,3,40720,40829,57,1527,2,0,'2019-07-25','2019-07-25',577.34,1,1.00,'Factura B N°: 0005-00009270',NULL,NULL,'2021-07-28 14:13:19','2021-07-28 14:55:53','2021-07-28 14:55:53'),(907,3022,0,NULL,907,3,40720,40889,57,1527,2,0,'2019-07-26','2019-07-26',10650.29,1,1.00,'Factura B N°: 0003-00000255',NULL,NULL,'2021-07-28 14:13:19','2021-07-28 14:55:53','2021-07-28 14:55:53'),(908,3022,0,NULL,908,3,40720,40884,57,1527,2,0,'2019-07-26','2019-07-26',12853.91,1,1.00,'Factura B N°: 0002-00001730',NULL,NULL,'2021-07-28 14:13:19','2021-07-28 14:55:53','2021-07-28 14:55:53'),(909,3022,0,NULL,909,3,40720,40884,57,1527,2,0,'2019-07-30','2019-07-30',25448.15,1,1.00,'Factura B N°: 0002-00001791',NULL,NULL,'2021-07-28 14:13:19','2021-07-28 14:55:53','2021-07-28 14:55:53'),(910,3022,0,NULL,910,3,40720,40875,57,1527,1,0,'2019-07-31','2019-07-31',603.28,1,1.00,'Nota de crédito B N°: 0002-00000011',NULL,NULL,'2021-07-28 14:13:19','2021-07-28 14:55:53','2021-07-28 14:55:53'),(911,3022,0,NULL,911,3,40720,40825,57,1527,2,0,'2019-08-01','2019-08-01',1069.00,1,1.00,'Factura B N°: 1007-21319235',NULL,NULL,'2021-07-28 14:13:30','2021-07-28 14:55:53','2021-07-28 14:55:53'),(912,3022,0,NULL,912,3,40720,40825,57,1527,2,0,'2019-08-01','2019-08-01',1565.00,1,1.00,'Factura B N°: 1007-21319236',NULL,NULL,'2021-07-28 14:13:30','2021-07-28 14:55:53','2021-07-28 14:55:53'),(913,3022,0,NULL,913,3,40720,40829,57,1527,2,0,'2019-08-02','2019-08-02',335.10,1,1.00,'Factura B N°: 0005-00009311',NULL,NULL,'2021-07-28 14:13:30','2021-07-28 14:55:53','2021-07-28 14:55:53'),(914,3022,0,NULL,914,3,40720,40884,57,1527,2,0,'2019-08-06','2019-08-06',39561.32,1,1.00,'Factura B N°: 0002-00001885',NULL,NULL,'2021-07-28 14:13:30','2021-07-28 14:55:53','2021-07-28 14:55:53'),(915,3022,0,NULL,915,3,40720,40833,57,1527,2,0,'2019-08-06','2019-08-06',636.71,1,1.00,'Factura B N°: 0003-00057158',NULL,NULL,'2021-07-28 14:13:30','2021-07-28 14:55:53','2021-07-28 14:55:53'),(916,3022,0,NULL,916,3,40720,40884,57,1527,2,0,'2019-08-09','2019-08-09',12572.80,1,1.00,'Factura B N°: 0002-00001927',NULL,NULL,'2021-07-28 14:13:30','2021-07-28 14:55:53','2021-07-28 14:55:53'),(917,3022,0,NULL,917,3,40720,40875,57,1527,2,0,'2019-08-09','2019-08-09',1592.83,1,1.00,'Factura B N°: 0002-00000129',NULL,NULL,'2021-07-28 14:13:30','2021-07-28 14:55:53','2021-07-28 14:55:53'),(918,3022,0,NULL,918,3,40720,40884,57,1527,2,0,'2019-08-13','2019-08-13',50045.17,1,1.00,'Factura B N°: 0002-00001948',NULL,NULL,'2021-07-28 14:13:30','2021-07-28 14:55:53','2021-07-28 14:55:53'),(919,3022,0,NULL,919,3,40720,40863,57,1527,2,0,'2019-08-14','2019-08-14',4903.08,1,1.00,'Factura B N°: 0035-00000717',NULL,NULL,'2021-07-28 14:13:30','2021-07-28 14:55:53','2021-07-28 14:55:53');
INSERT INTO `cta_cte_cliente` VALUES (920,3022,0,NULL,920,3,40720,40879,57,1527,2,0,'2019-08-15','2019-08-15',1964.00,1,1.00,'Factura B N°: 8340-68397806',NULL,NULL,'2021-07-28 14:13:30','2021-07-28 14:55:53','2021-07-28 14:55:53'),(921,3022,0,NULL,921,3,40720,40829,57,1527,2,0,'2019-08-15','2019-08-15',425.04,1,1.00,'Factura B N°: 0005-00009371',NULL,NULL,'2021-07-28 14:13:30','2021-07-28 14:55:53','2021-07-28 14:55:53'),(922,3022,0,NULL,922,3,40720,40832,57,1527,2,0,'2019-08-16','2019-08-16',355.91,1,1.00,'Factura B N°: 0003-00105162',NULL,NULL,'2021-07-28 14:13:30','2021-07-28 14:55:53','2021-07-28 14:55:53'),(923,3022,0,NULL,923,3,40720,40835,57,1527,2,0,'2019-08-20','2019-08-20',362.26,1,1.00,'Factura B N°: 0004-00016434',NULL,NULL,'2021-07-28 14:13:30','2021-07-28 14:55:53','2021-07-28 14:55:53'),(924,3022,0,NULL,924,3,40720,40833,57,1527,2,0,'2019-08-20','2019-08-20',2717.25,1,1.00,'Factura B N°: 0003-00057993',NULL,NULL,'2021-07-28 14:13:30','2021-07-28 14:55:53','2021-07-28 14:55:53'),(925,3022,0,NULL,925,3,40720,40863,57,1527,2,0,'2019-08-22','2019-08-22',10389.86,1,1.00,'Factura B N°: 0035-00000731',NULL,NULL,'2021-07-28 14:13:30','2021-07-28 14:55:53','2021-07-28 14:55:53'),(926,3022,0,NULL,926,3,40720,40832,57,1527,2,0,'2019-08-23','2019-08-23',597.07,1,1.00,'Factura B N°: 0003-00105612',NULL,NULL,'2021-07-28 14:13:30','2021-07-28 14:55:53','2021-07-28 14:55:53'),(927,3022,0,NULL,927,3,40720,40831,57,1527,2,0,'2019-08-27','2019-08-27',53482.55,1,1.00,'Factura B N°: 0002-00000070',NULL,NULL,'2021-07-28 14:13:30','2021-07-28 14:55:53','2021-07-28 14:55:53'),(928,3022,0,NULL,928,3,40720,40831,57,1527,2,0,'2019-08-27','2019-08-27',50548.45,1,1.00,'Factura B N°: 0002-00000044',NULL,NULL,'2021-07-28 14:13:30','2021-07-28 14:55:53','2021-07-28 14:55:53'),(929,3022,0,NULL,929,3,40720,40832,57,1527,2,0,'2019-08-28','2019-08-28',431.03,1,1.00,'Factura B N°: 0003-00105908',NULL,NULL,'2021-07-28 14:13:30','2021-07-28 14:55:53','2021-07-28 14:55:53'),(930,3022,0,NULL,930,3,40720,40831,57,1527,2,0,'2019-08-30','2019-08-30',26466.93,1,1.00,'Factura B N°: 0002-00000096',NULL,NULL,'2021-07-28 14:13:30','2021-07-28 14:55:53','2021-07-28 14:55:53'),(931,3022,0,NULL,931,3,40720,40832,57,1527,2,0,'2019-08-30','2019-08-30',494.85,1,1.00,'Factura B N°: 0003-00106102',NULL,NULL,'2021-07-28 14:13:30','2021-07-28 14:55:53','2021-07-28 14:55:53'),(932,3022,0,NULL,932,3,40720,40825,57,1527,2,0,'2019-09-01','2019-09-01',855.20,1,1.00,'Factura B N°: 1007-21511185',NULL,NULL,'2021-07-28 14:13:44','2021-07-28 14:55:53','2021-07-28 14:55:53'),(933,3022,0,NULL,933,3,40720,40825,57,1527,2,0,'2019-09-01','2019-09-01',1252.00,1,1.00,'Factura B N°: 1007-21511186',NULL,NULL,'2021-07-28 14:13:44','2021-07-28 14:55:53','2021-07-28 14:55:53'),(934,3022,0,NULL,934,3,40720,40831,57,1527,2,0,'2019-09-03','2019-09-03',50679.72,1,1.00,'Factura B N°: 0002-00000121',NULL,NULL,'2021-07-28 14:13:44','2021-07-28 14:55:53','2021-07-28 14:55:53'),(935,3022,0,NULL,935,3,40720,40833,57,1527,2,0,'2019-09-03','2019-09-03',543.84,1,1.00,'Factura B N°: 0003-00058752',NULL,NULL,'2021-07-28 14:13:44','2021-07-28 14:55:53','2021-07-28 14:55:53'),(936,3022,0,NULL,936,3,40720,40829,57,1527,2,0,'2019-09-05','2019-09-05',223.68,1,1.00,'Factura B N°: 0005-00009433',NULL,NULL,'2021-07-28 14:13:44','2021-07-28 14:55:53','2021-07-28 14:55:53'),(937,3022,0,NULL,937,3,40720,40832,57,1527,2,0,'2019-09-06','2019-09-06',1111.14,1,1.00,'Factura B N°: 0003-00106622',NULL,NULL,'2021-07-28 14:13:44','2021-07-28 14:55:53','2021-07-28 14:55:53'),(938,3022,0,NULL,938,3,40720,40875,57,1527,2,0,'2019-09-06','2019-09-06',10666.29,1,1.00,'Factura B N°: 0002-00000131',NULL,NULL,'2021-07-28 14:13:44','2021-07-28 14:55:53','2021-07-28 14:55:53'),(939,3022,0,NULL,939,3,40720,40831,57,1527,2,0,'2019-09-10','2019-09-10',31810.19,1,1.00,'Factura B N°: 0002-00000194',NULL,NULL,'2021-07-28 14:13:44','2021-07-28 14:55:53','2021-07-28 14:55:53');
INSERT INTO `cta_cte_cliente` VALUES (940,3022,0,NULL,940,3,40720,40890,57,1527,2,0,'2019-09-10','2019-09-10',3360.51,1,1.00,'Factura B N°: 3302-00011759',NULL,NULL,'2021-07-28 14:13:44','2021-07-28 14:55:53','2021-07-28 14:55:53'),(941,3022,0,NULL,941,3,40720,40890,57,1527,2,0,'2019-09-10','2019-09-10',3690.65,1,1.00,'Factura B N°: 3302-00011758',NULL,NULL,'2021-07-28 14:13:44','2021-07-28 14:55:53','2021-07-28 14:55:53'),(942,3022,0,NULL,942,3,40720,40890,57,1527,2,0,'2019-09-10','2019-09-10',79.96,1,1.00,'Factura B N°: 3302-00011760',NULL,NULL,'2021-07-28 14:13:44','2021-07-28 14:55:54','2021-07-28 14:55:54'),(943,3022,0,NULL,943,3,40720,40832,57,1527,2,0,'2019-09-13','2019-09-13',92.32,1,1.00,'Factura B N°: 0003-00107134',NULL,NULL,'2021-07-28 14:13:44','2021-07-28 14:55:54','2021-07-28 14:55:54'),(944,3022,0,NULL,944,3,40720,40832,57,1527,2,0,'2019-09-13','2019-09-13',0.34,1,1.00,'Factura B N°: 0003-00107141',NULL,NULL,'2021-07-28 14:13:44','2021-07-28 14:55:54','2021-07-28 14:55:54'),(945,3022,0,NULL,945,3,40720,40831,57,1527,2,0,'2019-09-17','2019-09-17',40722.34,1,1.00,'Factura B N°: 0002-00000248',NULL,NULL,'2021-07-28 14:13:44','2021-07-28 14:55:54','2021-07-28 14:55:54'),(946,3022,0,NULL,946,3,40720,40878,57,1527,2,0,'2019-09-19','2019-09-19',622.00,1,1.00,'Factura C N°: 0400-02752944',NULL,NULL,'2021-07-28 14:13:44','2021-07-28 14:55:54','2021-07-28 14:55:54'),(947,3022,0,NULL,947,3,40720,40831,57,1527,2,0,'2019-09-20','2019-09-20',39294.35,1,1.00,'Factura B N°: 0002-00000277',NULL,NULL,'2021-07-28 14:13:44','2021-07-28 14:55:54','2021-07-28 14:55:54'),(948,3022,0,NULL,948,3,40720,40832,57,1527,2,0,'2019-09-20','2019-09-20',659.18,1,1.00,'Factura B N°: 0003-00107658',NULL,NULL,'2021-07-28 14:13:44','2021-07-28 14:55:54','2021-07-28 14:55:54'),(949,3022,0,NULL,949,3,40720,40875,57,1527,2,0,'2019-09-20','2019-09-20',10346.30,1,1.00,'Factura B N°: 0002-00000133',NULL,NULL,'2021-07-28 14:13:44','2021-07-28 14:55:54','2021-07-28 14:55:54'),(950,3022,0,NULL,950,3,40720,40831,57,1527,2,0,'2019-09-24','2019-09-24',36354.50,1,1.00,'Factura B N°: 0002-00000314',NULL,NULL,'2021-07-28 14:13:44','2021-07-28 14:55:54','2021-07-28 14:55:54'),(951,3022,0,NULL,951,3,40720,40833,57,1527,2,0,'2019-09-24','2019-09-24',906.09,1,1.00,'Factura B N°: 0003-00059665',NULL,NULL,'2021-07-28 14:13:44','2021-07-28 14:55:54','2021-07-28 14:55:54'),(952,3022,0,NULL,952,3,40720,40837,57,1527,2,0,'2019-09-26','2019-09-26',1581.57,1,1.00,'Factura B N°: 0005-00133140',NULL,NULL,'2021-07-28 14:13:44','2021-07-28 14:55:54','2021-07-28 14:55:54'),(953,3022,0,NULL,953,3,40720,40884,57,1527,2,0,'2019-09-27','2019-09-27',24487.08,1,1.00,'Factura B N°: 0002-00002264',NULL,NULL,'2021-07-28 14:13:44','2021-07-28 14:55:54','2021-07-28 14:55:54'),(954,3022,0,NULL,954,3,40720,40832,57,1527,2,0,'2019-09-27','2019-09-27',196.83,1,1.00,'Factura B N°: 0003-00108156',NULL,NULL,'2021-07-28 14:13:44','2021-07-28 14:55:54','2021-07-28 14:55:54'),(955,3022,0,NULL,955,3,40720,40832,57,1527,2,0,'2019-09-27','2019-09-27',1040.39,1,1.00,'Factura B N°: 0003-00108157',NULL,NULL,'2021-07-28 14:13:44','2021-07-28 14:55:54','2021-07-28 14:55:54'),(956,3022,0,NULL,956,3,40720,40875,57,1527,1,0,'2019-09-30','2019-09-30',327.59,1,1.00,'Nota de crédito B N°: 0002-00000017',NULL,NULL,'2021-07-28 14:13:44','2021-07-28 14:55:54','2021-07-28 14:55:54'),(957,3022,0,NULL,957,3,40720,40825,57,1527,2,0,'2019-01-01','2019-01-01',1069.00,1,1.00,'Factura B N°: 1007-19964770',NULL,NULL,'2021-07-28 14:58:54','2021-07-28 15:09:55','2021-07-28 15:09:55'),(958,3022,0,NULL,958,3,40720,40825,57,1527,2,0,'2019-01-01','2019-01-01',1565.00,1,1.00,'Factura B N°: 1007-19964771',NULL,NULL,'2021-07-28 14:58:54','2021-07-28 15:09:45','2021-07-28 15:09:45'),(959,3022,0,NULL,959,3,40720,40835,57,1527,2,0,'2019-01-04','2019-01-04',250.54,1,1.00,'Factura B N°: 0004-00010354',NULL,NULL,'2021-07-28 14:58:54','2021-07-28 15:05:29','2021-07-28 15:05:29');
INSERT INTO `cta_cte_cliente` VALUES (960,3022,0,NULL,960,3,40720,40833,57,1527,2,0,'2019-01-04','2019-01-04',1905.92,1,1.00,'Factura B N°: 0003-00048131',NULL,NULL,'2021-07-28 14:58:54','2021-07-28 15:05:39','2021-07-28 15:05:39'),(961,3022,0,NULL,961,3,40720,40828,57,1527,2,0,'2019-01-10','2019-01-10',16060.25,1,1.00,'Factura B N°: 0011-00039723',NULL,NULL,'2021-07-28 14:58:54','2021-07-28 15:05:50','2021-07-28 15:05:50'),(962,3022,0,NULL,962,3,40720,40879,57,1527,2,0,'2019-01-15','2019-01-15',1010.01,1,1.00,'Factura B N°: 8340-43801965',NULL,NULL,'2021-07-28 14:58:55','2021-07-28 14:58:55',NULL),(963,3022,0,NULL,963,3,40720,40880,57,1527,2,0,'2019-01-25','2019-01-25',7861.52,1,1.00,'Factura B N°: 0003-00016144',NULL,NULL,'2021-07-28 14:58:55','2021-07-28 14:58:55',NULL),(964,3022,0,NULL,964,3,40720,40832,57,1527,2,0,'2019-01-25','2019-01-25',721.12,1,1.00,'Factura B N°: 0003-00090849',NULL,NULL,'2021-07-28 14:58:55','2021-07-28 14:58:55',NULL),(965,3022,0,NULL,965,3,40720,40880,57,1527,2,0,'2019-01-28','2019-01-28',8446.18,1,1.00,'Factura B N°: 0003-00016159',NULL,NULL,'2021-07-28 14:58:55','2021-07-28 14:58:55',NULL),(966,3022,0,NULL,966,3,40720,40881,57,1527,2,0,'2019-01-29','2019-01-29',569.20,1,1.00,'Factura B N°: 0001-00023823',NULL,NULL,'2021-07-28 14:58:55','2021-07-28 14:58:55',NULL),(967,3022,0,NULL,967,3,40720,40828,57,1527,2,0,'2019-01-31','2019-01-31',7682.96,1,1.00,'Factura B N°: 0011-00040211',NULL,NULL,'2021-07-28 14:58:55','2021-07-28 14:58:55',NULL),(968,3022,0,NULL,968,3,40720,40882,57,1527,2,0,'2019-01-31','2019-01-31',4187.99,1,1.00,'Factura B N°: 0015-00003063',NULL,NULL,'2021-07-28 14:58:55','2021-07-28 14:59:58','2021-07-28 14:59:58'),(969,3022,0,NULL,969,3,40720,40882,57,1527,2,0,'2019-01-31','2019-01-31',4150.55,1,1.00,'Factura B N°: 0015-00003063',NULL,NULL,'2021-07-28 14:59:58','2021-07-28 15:02:41','2021-07-28 15:02:41'),(970,3022,0,NULL,970,3,40720,40882,57,1527,2,0,'2019-01-31','2019-01-31',4150.55,1,1.00,'Factura B N°: 0015-00003063',NULL,NULL,'2021-07-28 15:02:41','2021-07-28 15:02:41',NULL),(971,3022,0,NULL,971,3,40720,40825,57,1527,2,0,'2021-01-01','2021-01-01',2636.59,1,1.00,'Factura A N°: 1007-03108498',NULL,NULL,'2021-07-28 15:38:15','2021-07-28 15:38:15',NULL),(972,3022,0,NULL,972,3,40720,40838,57,1527,1,0,'2021-01-04','2021-01-04',107.98,1,1.00,'Nota de crédito A N°: 0002-00006875',NULL,NULL,'2021-07-28 15:38:15','2021-07-28 15:38:15',NULL),(973,3022,0,NULL,973,3,40720,40827,57,1527,2,0,'2021-01-04','2021-01-04',2980.20,1,1.00,'Factura A N°: 0020-00000745',NULL,NULL,'2021-07-28 15:38:15','2021-07-28 15:38:15',NULL),(974,3022,0,NULL,974,3,40720,40830,57,1527,2,0,'2021-01-04','2021-01-04',892.21,1,1.00,'Factura A N°: 0002-00023355',NULL,NULL,'2021-07-28 15:38:15','2021-07-28 15:38:15',NULL),(975,3022,0,NULL,975,3,40720,40831,57,1527,2,0,'2021-01-05','2021-01-05',101173.80,1,1.00,'Factura A N°: 0002-00006973',NULL,NULL,'2021-07-28 15:38:15','2021-07-28 15:38:15',NULL),(976,3022,0,NULL,976,3,40720,40832,57,1527,2,0,'2021-01-05','2021-01-05',2809.68,1,1.00,'Factura A N°: 0003-00111091',NULL,NULL,'2021-07-28 15:38:15','2021-07-28 15:38:15',NULL),(977,3022,0,NULL,977,3,40720,40826,57,1527,2,0,'2021-01-06','2021-01-06',3014.33,1,1.00,'Factura A N°: 0001-00004835',NULL,NULL,'2021-07-28 15:38:15','2021-07-28 15:38:15',NULL),(978,3022,0,NULL,978,3,40720,40839,57,1527,2,0,'2021-01-06','2021-01-06',2261.14,1,1.00,'Factura A N°: 0025-00004782',NULL,NULL,'2021-07-28 15:38:15','2021-07-28 15:38:15',NULL),(979,3022,0,NULL,979,3,40720,40835,57,1527,2,0,'2021-01-06','2021-01-06',858.71,1,1.00,'Factura A N°: 0004-00032801',NULL,NULL,'2021-07-28 15:38:15','2021-07-28 15:38:15',NULL),(980,3022,0,NULL,980,3,40720,40836,57,1527,2,0,'2021-01-06','2021-01-06',3966.74,1,1.00,'Factura A N°: 0010-00078556',NULL,NULL,'2021-07-28 15:38:15','2021-07-28 15:38:15',NULL),(981,3022,0,NULL,981,3,40720,40833,57,1527,2,0,'2021-01-06','2021-01-06',2624.73,1,1.00,'Factura A N°: 0003-00089760',NULL,NULL,'2021-07-28 15:38:15','2021-07-28 15:38:15',NULL);
INSERT INTO `cta_cte_cliente` VALUES (982,3022,0,NULL,982,3,40720,40834,57,1527,2,0,'2021-01-06','2021-01-06',5724.77,1,1.00,'Factura A N°: 0010-00059418',NULL,NULL,'2021-07-28 15:38:15','2021-07-28 15:38:15',NULL),(983,3022,0,NULL,983,3,40720,40834,57,1527,2,0,'2021-01-06','2021-01-06',1741.02,1,1.00,'Factura A N°: 0010-00059419',NULL,NULL,'2021-07-28 15:38:15','2021-07-28 15:38:15',NULL),(984,3022,0,NULL,984,3,40720,40873,57,1527,2,0,'2021-01-07','2021-01-07',44253.33,1,1.00,'Factura A N°: 0002-00000298',NULL,NULL,'2021-07-28 15:38:15','2021-07-28 15:38:15',NULL),(985,3022,0,NULL,985,3,40720,40837,57,1527,2,0,'2021-01-07','2021-01-07',6593.30,1,1.00,'Factura A N°: 0005-00126789',NULL,NULL,'2021-07-28 15:38:15','2021-07-28 15:38:15',NULL),(986,3022,0,NULL,986,3,40720,40874,57,1527,2,0,'2021-01-08','2021-01-08',3100.02,1,1.00,'Factura A N°: 0010-00000035',NULL,NULL,'2021-07-28 15:38:15','2021-07-28 15:38:15',NULL),(987,3022,0,NULL,987,3,40720,40829,57,1527,2,0,'2021-01-08','2021-01-08',807.12,1,1.00,'Factura A N°: 0005-00003414',NULL,NULL,'2021-07-28 15:38:15','2021-07-28 15:38:15',NULL),(988,3022,0,NULL,988,3,40720,40831,57,1527,2,0,'2021-01-12','2021-01-12',113591.79,1,1.00,'Factura A N°: 0002-00007101',NULL,NULL,'2021-07-28 15:38:15','2021-07-28 15:38:15',NULL),(989,3022,0,NULL,989,3,40720,40829,57,1527,2,0,'2021-01-12','2021-01-12',504.45,1,1.00,'Factura A N°: 0005-00003417',NULL,NULL,'2021-07-28 15:38:15','2021-07-28 15:38:15',NULL),(990,3022,0,NULL,990,3,40720,40838,57,1527,2,0,'2021-01-13','2021-01-13',875.62,1,1.00,'Factura A N°: 0002-00049796',NULL,NULL,'2021-07-28 15:38:15','2021-07-28 15:38:15',NULL),(991,3022,0,NULL,991,3,40720,40839,57,1527,2,0,'2021-01-13','2021-01-13',915.21,1,1.00,'Factura A N°: 0021-00016832',NULL,NULL,'2021-07-28 15:38:15','2021-07-28 15:38:15',NULL),(992,3022,0,NULL,992,3,40720,40835,57,1527,2,0,'2021-01-13','2021-01-13',3686.74,1,1.00,'Factura A N°: 0004-00033002',NULL,NULL,'2021-07-28 15:38:15','2021-07-28 15:38:15',NULL),(993,3022,0,NULL,993,3,40720,40836,57,1527,2,0,'2021-01-13','2021-01-13',615.95,1,1.00,'Factura A N°: 0010-00078921',NULL,NULL,'2021-07-28 15:38:15','2021-07-28 15:38:15',NULL),(994,3022,0,NULL,994,3,40720,40836,57,1527,2,0,'2021-01-13','2021-01-13',13041.26,1,1.00,'Factura A N°: 0010-00078922',NULL,NULL,'2021-07-28 15:38:15','2021-07-28 15:38:15',NULL),(995,3022,0,NULL,995,3,40720,40836,57,1527,2,0,'2021-01-13','2021-01-13',2347.42,1,1.00,'Factura A N°: 0010-00078923',NULL,NULL,'2021-07-28 15:38:15','2021-07-28 15:38:15',NULL),(996,3022,0,NULL,996,3,40720,40836,57,1527,2,0,'2021-01-13','2021-01-13',7821.32,1,1.00,'Factura A N°: 0010-00078924',NULL,NULL,'2021-07-28 15:38:15','2021-07-28 15:38:15',NULL),(997,3022,0,NULL,997,3,40720,40833,57,1527,2,0,'2021-01-13','2021-01-13',3888.27,1,1.00,'Factura A N°: 0003-00090052',NULL,NULL,'2021-07-28 15:38:15','2021-07-28 15:38:15',NULL),(998,3022,0,NULL,998,3,40720,40834,57,1527,1,0,'2021-01-13','2021-01-13',180.24,1,1.00,'Nota de crédito A N°: 0010-00005785',NULL,NULL,'2021-07-28 15:38:15','2021-07-28 15:38:15',NULL),(999,3022,0,NULL,999,3,40720,40834,57,1527,2,0,'2021-01-13','2021-01-13',3983.54,1,1.00,'Factura A N°: 0010-00059721',NULL,NULL,'2021-07-28 15:38:15','2021-07-28 15:38:15',NULL),(1000,3022,0,NULL,1000,3,40720,40830,57,1527,2,0,'2021-01-14','2021-01-14',5623.88,1,1.00,'Factura A N°: 0002-00023525',NULL,NULL,'2021-07-28 15:38:15','2021-07-28 15:38:15',NULL),(1001,3022,0,NULL,1001,3,40720,40832,57,1527,2,0,'2021-01-14','2021-01-14',6474.65,1,1.00,'Factura A N°: 0003-00111813',NULL,NULL,'2021-07-28 15:38:15','2021-07-28 15:38:15',NULL),(1002,3022,0,NULL,1002,3,40720,40837,57,1527,2,0,'2021-01-14','2021-01-14',6699.66,1,1.00,'Factura A N°: 0005-00127222',NULL,NULL,'2021-07-28 15:38:15','2021-07-28 15:38:15',NULL),(1003,3022,0,NULL,1003,3,40720,40834,57,1527,2,0,'2021-01-14','2021-01-14',4103.46,1,1.00,'Factura A N°: 0010-00059826',NULL,NULL,'2021-07-28 15:38:15','2021-07-28 15:38:15',NULL);
INSERT INTO `cta_cte_cliente` VALUES (1004,3022,0,NULL,1004,3,40720,40834,57,1527,1,0,'2021-01-14','2021-01-14',424.25,1,1.00,'Nota de crédito A N°: 0010-00005803',NULL,NULL,'2021-07-28 15:38:15','2021-07-28 15:38:15',NULL),(1005,3022,0,NULL,1005,3,40720,40834,57,1527,2,0,'2021-01-14','2021-01-14',180.24,1,1.00,'Factura A N°: 0010-00059825',NULL,NULL,'2021-07-28 15:38:16','2021-07-28 15:38:16',NULL),(1006,3022,0,NULL,1006,3,40720,40834,57,1527,1,0,'2021-01-14','2021-01-14',3983.54,1,1.00,'Nota de crédito A N°: 0010-00005798',NULL,NULL,'2021-07-28 15:38:16','2021-07-28 15:38:16',NULL),(1007,3022,0,NULL,1007,3,40720,40829,57,1527,2,0,'2021-01-15','2021-01-15',682.82,1,1.00,'Factura A N°: 0005-00003428',NULL,NULL,'2021-07-28 15:38:16','2021-07-28 15:38:16',NULL),(1008,3022,0,NULL,1008,3,40720,40838,57,1527,1,0,'2021-01-15','2021-01-15',219.94,1,1.00,'Nota de crédito A N°: 0002-00006967',NULL,NULL,'2021-07-28 15:38:16','2021-07-28 15:38:16',NULL),(1009,3022,0,NULL,1009,3,40720,40875,57,1527,2,0,'2021-01-16','2021-01-16',26639.17,1,1.00,'Factura A N°: 0002-00000465',NULL,NULL,'2021-07-28 15:38:16','2021-07-28 15:38:16',NULL),(1010,3022,0,NULL,1010,3,40720,40834,57,1527,2,0,'2021-01-16','2021-01-16',2270.45,1,1.00,'Factura A N°: 0010-00059923',NULL,NULL,'2021-07-28 15:38:16','2021-07-28 15:38:16',NULL),(1011,3022,0,NULL,1011,3,40720,40873,57,1527,2,0,'2021-01-18','2021-01-18',82377.88,1,1.00,'Factura A N°: 0002-00000330',NULL,NULL,'2021-07-28 15:38:16','2021-07-28 15:38:16',NULL),(1012,3022,0,NULL,1012,3,40720,40827,57,1527,2,0,'2021-01-18','2021-01-18',1192.90,1,1.00,'Factura A N°: 0020-00000806',NULL,NULL,'2021-07-28 15:38:16','2021-07-28 15:38:16',NULL),(1013,3022,0,NULL,1013,3,40720,40840,57,1527,2,0,'2021-01-18','2021-01-18',1388.65,1,1.00,'Factura A N°: 0002-00114112',NULL,NULL,'2021-07-28 15:38:16','2021-07-28 15:38:16',NULL),(1014,3022,0,NULL,1014,3,40720,40840,57,1527,2,0,'2021-01-18','2021-01-18',783.22,1,1.00,'Factura A N°: 0002-00114113',NULL,NULL,'2021-07-28 15:38:16','2021-07-28 15:38:16',NULL),(1015,3022,0,NULL,1015,3,40720,40830,57,1527,2,0,'2021-01-18','2021-01-18',2759.00,1,1.00,'Factura A N°: 0002-00023565',NULL,NULL,'2021-07-28 15:38:16','2021-07-28 15:38:16',NULL),(1016,3022,0,NULL,1016,3,40720,40837,57,1527,2,0,'2021-01-18','2021-01-18',1661.28,1,1.00,'Factura A N°: 0005-00127437',NULL,NULL,'2021-07-28 15:38:16','2021-07-28 15:38:16',NULL),(1017,3022,0,NULL,1017,3,40720,40832,57,1527,2,0,'2021-01-19','2021-01-19',4205.60,1,1.00,'Factura A N°: 0003-00112035',NULL,NULL,'2021-07-28 15:38:16','2021-07-28 15:38:16',NULL),(1018,3022,0,NULL,1018,3,40720,40832,57,1527,2,0,'2021-01-19','2021-01-19',1141.11,1,1.00,'Factura A N°: 0003-00112036',NULL,NULL,'2021-07-28 15:38:16','2021-07-28 15:38:16',NULL),(1019,3022,0,NULL,1019,3,40720,40837,57,1527,1,0,'2021-01-19','2021-01-19',1661.28,1,1.00,'Nota de crédito A N°: 0005-00009399',NULL,NULL,'2021-07-28 15:38:16','2021-07-28 15:38:16',NULL),(1020,3022,0,NULL,1020,3,40720,40826,57,1527,2,0,'2021-01-20','2021-01-20',2232.99,1,1.00,'Factura A N°: 0001-00004996',NULL,NULL,'2021-07-28 15:38:16','2021-07-28 15:38:16',NULL),(1021,3022,0,NULL,1021,3,40720,40839,57,1527,2,0,'2021-01-20','2021-01-20',1447.91,1,1.00,'Factura A N°: 0021-00016898',NULL,NULL,'2021-07-28 15:38:16','2021-07-28 15:38:16',NULL),(1022,3022,0,NULL,1022,3,40720,40839,57,1527,2,0,'2021-01-20','2021-01-20',788.72,1,1.00,'Factura A N°: 0021-00016899',NULL,NULL,'2021-07-28 15:38:16','2021-07-28 15:38:16',NULL),(1023,3022,0,NULL,1023,3,40720,40836,57,1527,2,0,'2021-01-20','2021-01-20',1413.35,1,1.00,'Factura A N°: 0010-00079253',NULL,NULL,'2021-07-28 15:38:16','2021-07-28 15:38:16',NULL),(1024,3022,0,NULL,1024,3,40720,40833,57,1527,2,0,'2021-01-20','2021-01-20',2572.25,1,1.00,'Factura A N°: 0003-00090362',NULL,NULL,'2021-07-28 15:38:16','2021-07-28 15:38:16',NULL),(1025,3022,0,NULL,1025,3,40720,40834,57,1527,2,0,'2021-01-20','2021-01-20',2037.88,1,1.00,'Factura A N°: 0010-00060062',NULL,NULL,'2021-07-28 15:38:16','2021-07-28 15:38:16',NULL);
INSERT INTO `cta_cte_cliente` VALUES (1026,3022,0,NULL,1026,3,40720,40830,57,1527,2,0,'2021-01-21','2021-01-21',4835.83,1,1.00,'Factura A N°: 0002-00023637',NULL,NULL,'2021-07-28 15:38:16','2021-07-28 15:38:16',NULL),(1027,3022,0,NULL,1027,3,40720,40837,57,1527,2,0,'2021-01-21','2021-01-21',2423.90,1,1.00,'Factura A N°: 0005-00127604',NULL,NULL,'2021-07-28 15:38:16','2021-07-28 15:38:16',NULL),(1028,3022,0,NULL,1028,3,40720,40876,57,1527,2,0,'2021-01-21','2021-01-21',4199.99,1,1.00,'Factura B N°: 0001-00368613',NULL,NULL,'2021-07-28 15:38:16','2021-07-28 15:38:16',NULL),(1029,3022,0,NULL,1029,3,40720,40831,57,1527,2,0,'2021-01-22','2021-01-22',53504.10,1,1.00,'Factura A N°: 0002-00007336',NULL,NULL,'2021-07-28 15:38:16','2021-07-28 15:38:16',NULL),(1030,3022,0,NULL,1030,3,40720,40829,57,1527,2,0,'2021-01-22','2021-01-22',425.58,1,1.00,'Factura A N°: 0005-00003442',NULL,NULL,'2021-07-28 15:38:16','2021-07-28 15:38:16',NULL),(1031,3022,0,NULL,1031,3,40720,40837,57,1527,1,0,'2021-01-22','2021-01-22',2423.90,1,1.00,'Nota de crédito A N°: 0005-00009428',NULL,NULL,'2021-07-28 15:38:16','2021-07-28 15:38:16',NULL),(1032,3022,0,NULL,1032,3,40720,40834,57,1527,2,0,'2021-01-23','2021-01-23',4022.78,1,1.00,'Factura A N°: 0010-00060249',NULL,NULL,'2021-07-28 15:38:16','2021-07-28 15:38:16',NULL),(1033,3022,0,NULL,1033,3,40720,40873,57,1527,2,0,'2021-01-25','2021-01-25',44111.75,1,1.00,'Factura A N°: 0002-00000356',NULL,NULL,'2021-07-28 15:38:16','2021-07-28 15:38:16',NULL),(1034,3022,0,NULL,1034,3,40720,40827,57,1527,2,0,'2021-01-25','2021-01-25',1184.90,1,1.00,'Factura A N°: 0020-00000849',NULL,NULL,'2021-07-28 15:38:16','2021-07-28 15:38:16',NULL),(1035,3022,0,NULL,1035,3,40720,40827,57,1527,2,0,'2021-01-25','2021-01-25',1630.00,1,1.00,'Factura A N°: 0020-00000844',NULL,NULL,'2021-07-28 15:38:16','2021-07-28 15:38:16',NULL),(1036,3022,0,NULL,1036,3,40720,40830,57,1527,2,0,'2021-01-25','2021-01-25',1099.24,1,1.00,'Factura A N°: 0002-00023669',NULL,NULL,'2021-07-28 15:38:16','2021-07-28 15:38:16',NULL),(1037,3022,0,NULL,1037,3,40720,40837,57,1527,2,0,'2021-01-25','2021-01-25',11494.75,1,1.00,'Factura A N°: 0005-00127846',NULL,NULL,'2021-07-28 15:38:16','2021-07-28 15:38:16',NULL),(1038,3022,0,NULL,1038,3,40720,40858,57,1527,2,0,'2021-01-26','2021-01-26',1650.97,1,1.00,'Factura A N°: 0003-00097299',NULL,NULL,'2021-07-28 15:38:16','2021-07-28 15:38:16',NULL),(1039,3022,0,NULL,1039,3,40720,40859,57,1527,2,0,'2021-01-27','2021-01-27',4390.58,1,1.00,'Factura A N°: 0178-00474040',NULL,NULL,'2021-07-28 15:38:16','2021-07-28 15:38:16',NULL),(1040,3022,0,NULL,1040,3,40720,40838,57,1527,2,0,'2021-01-27','2021-01-27',2199.42,1,1.00,'Factura A N°: 0002-00050532',NULL,NULL,'2021-07-28 15:38:16','2021-07-28 15:38:16',NULL),(1041,3022,0,NULL,1041,3,40720,40839,57,1527,2,0,'2021-01-27','2021-01-27',418.40,1,1.00,'Factura A N°: 0021-00017003',NULL,NULL,'2021-07-28 15:38:16','2021-07-28 15:38:16',NULL),(1042,3022,0,NULL,1042,3,40720,40826,57,1527,2,0,'2021-01-27','2021-01-27',1585.50,1,1.00,'Factura A N°: 0001-00005087',NULL,NULL,'2021-07-28 15:38:16','2021-07-28 15:38:16',NULL),(1043,3022,0,NULL,1043,3,40720,40835,57,1527,2,0,'2021-01-27','2021-01-27',2183.61,1,1.00,'Factura A N°: 0004-00033427',NULL,NULL,'2021-07-28 15:38:16','2021-07-28 15:38:16',NULL),(1044,3022,0,NULL,1044,3,40720,40836,57,1527,2,0,'2021-01-27','2021-01-27',7283.21,1,1.00,'Factura A N°: 0010-00079674',NULL,NULL,'2021-07-28 15:38:16','2021-07-28 15:38:16',NULL),(1045,3022,0,NULL,1045,3,40720,40834,57,1527,2,0,'2021-01-27','2021-01-27',3555.64,1,1.00,'Factura A N°: 0010-00060366',NULL,NULL,'2021-07-28 15:38:16','2021-07-28 15:38:16',NULL),(1046,3022,0,NULL,1046,3,40720,40833,57,1527,2,0,'2021-01-27','2021-01-27',3818.26,1,1.00,'Factura A N°: 0003-00090650',NULL,NULL,'2021-07-28 15:38:16','2021-07-28 15:38:16',NULL),(1047,3022,0,NULL,1047,3,40720,40838,57,1527,1,0,'2021-01-28','2021-01-28',2199.42,1,1.00,'Nota de crédito A N°: 0002-00007086',NULL,NULL,'2021-07-28 15:38:16','2021-07-28 15:38:16',NULL);
INSERT INTO `cta_cte_cliente` VALUES (1048,3022,0,NULL,1048,3,40720,40843,57,1527,1,0,'2021-01-28','2021-01-28',323792.62,1,1.00,'Nota de crédito A N°: 0004-00000030',NULL,NULL,'2021-07-28 15:38:16','2021-07-28 15:38:16',NULL),(1049,3022,0,NULL,1049,3,40720,40843,57,1527,2,0,'2021-01-28','2021-01-28',323792.62,1,1.00,'Factura A N°: 0004-00002784',NULL,NULL,'2021-07-28 15:38:16','2021-07-28 15:38:16',NULL),(1050,3022,0,NULL,1050,3,40720,40843,57,1527,2,0,'2021-01-28','2021-01-28',64758.52,1,1.00,'Factura A N°: 0004-00002787',NULL,NULL,'2021-07-28 15:38:16','2021-07-28 15:38:16',NULL),(1051,3022,0,NULL,1051,3,40720,40837,57,1527,2,0,'2021-01-28','2021-01-28',2039.18,1,1.00,'Factura A N°: 0005-00128074',NULL,NULL,'2021-07-28 15:38:17','2021-07-28 15:38:17',NULL),(1052,3022,0,NULL,1052,3,40720,40834,57,1527,1,0,'2021-01-28','2021-01-28',64.40,1,1.00,'Nota de crédito A N°: 0010-00005872',NULL,NULL,'2021-07-28 15:38:17','2021-07-28 15:38:17',NULL),(1053,3022,0,NULL,1053,3,40720,40876,57,1527,2,0,'2021-01-28','2021-01-28',1232.10,1,1.00,'Factura B N°: 0001-00383034',NULL,NULL,'2021-07-28 15:38:17','2021-07-28 15:38:17',NULL),(1054,3022,0,NULL,1054,3,40720,40858,57,1527,1,0,'2021-01-29','2021-01-29',354.51,1,1.00,'Nota de crédito A N°: 0003-00020835',NULL,NULL,'2021-07-28 15:38:17','2021-07-28 15:38:17',NULL),(1055,3022,0,NULL,1055,3,40720,40839,57,1527,1,0,'2021-01-29','2021-01-29',269.27,1,1.00,'Nota de crédito A N°: 0025-00000380',NULL,NULL,'2021-07-28 15:38:17','2021-07-28 15:38:17',NULL),(1056,3022,0,NULL,1056,3,40720,40875,57,1527,1,0,'2021-01-30','2021-01-30',415.31,1,1.00,'Nota de crédito A N°: 0002-00000168',NULL,NULL,'2021-07-28 15:38:17','2021-07-28 15:38:17',NULL),(1057,3022,0,NULL,1057,3,40720,40834,57,1527,2,0,'2021-01-30','2021-01-30',577.09,1,1.00,'Factura A N°: 0010-00060550',NULL,NULL,'2021-07-28 15:38:17','2021-07-28 15:38:17',NULL),(1058,3022,0,NULL,1058,3,40720,40842,57,1527,2,0,'2021-01-31','2021-01-31',879.46,1,1.00,'Factura A N°: 0003-00001350',NULL,NULL,'2021-07-28 15:38:17','2021-07-28 15:38:17',NULL),(1059,3022,0,NULL,1059,3,40720,40825,57,1528,2,0,'2021-02-01','2021-02-01',2934.94,1,1.00,'Factura A N°: 1007-03126453',NULL,NULL,'2021-07-28 15:38:31','2021-07-28 15:38:31',NULL),(1060,3022,0,NULL,1060,3,40720,40890,57,1528,2,0,'2021-02-01','2021-02-01',304.90,1,1.00,'Factura B N°: 3303-00114432',NULL,NULL,'2021-07-28 15:38:31','2021-07-28 15:38:31',NULL),(1061,3022,0,NULL,1061,3,40720,40890,57,1528,2,0,'2021-02-01','2021-02-01',8206.17,1,1.00,'Factura A N°: 3302-00043673',NULL,NULL,'2021-07-28 15:38:31','2021-07-28 15:38:31',NULL),(1062,3022,0,NULL,1062,3,40720,40890,57,1528,2,0,'2021-02-01','2021-02-01',15235.56,1,1.00,'Factura A N°: 3302-00043674',NULL,NULL,'2021-07-28 15:38:31','2021-07-28 15:38:31',NULL),(1063,3022,0,NULL,1063,3,40720,40873,57,1528,2,0,'2021-02-01','2021-02-01',71302.56,1,1.00,'Factura A N°: 0002-00000375',NULL,NULL,'2021-07-28 15:38:31','2021-07-28 15:38:31',NULL),(1064,3022,0,NULL,1064,3,40720,40827,57,1528,2,0,'2021-02-01','2021-02-01',2820.10,1,1.00,'Factura A N°: 0020-00000910',NULL,NULL,'2021-07-28 15:38:31','2021-07-28 15:38:31',NULL),(1065,3022,0,NULL,1065,3,40720,40838,57,1528,2,0,'2021-02-03','2021-02-03',3932.80,1,1.00,'Factura A N°: 0002-00050870',NULL,NULL,'2021-07-28 15:38:31','2021-07-28 15:38:31',NULL),(1066,3022,0,NULL,1066,3,40720,40838,57,1528,2,0,'2021-02-03','2021-02-03',566.15,1,1.00,'Factura A N°: 0002-00050871',NULL,NULL,'2021-07-28 15:38:31','2021-07-28 15:38:31',NULL),(1067,3022,0,NULL,1067,3,40720,40839,57,1528,2,0,'2021-02-03','2021-02-03',1061.46,1,1.00,'Factura A N°: 0021-00017112',NULL,NULL,'2021-07-28 15:38:31','2021-07-28 15:38:31',NULL),(1068,3022,0,NULL,1068,3,40720,40835,57,1528,2,0,'2021-02-03','2021-02-03',788.94,1,1.00,'Factura A N°: 0004-00033631',NULL,NULL,'2021-07-28 15:38:31','2021-07-28 15:38:31',NULL),(1069,3022,0,NULL,1069,3,40720,40836,57,1528,2,0,'2021-02-03','2021-02-03',3093.00,1,1.00,'Factura A N°: 0010-00080006',NULL,NULL,'2021-07-28 15:38:31','2021-07-28 15:38:31',NULL);
INSERT INTO `cta_cte_cliente` VALUES (1070,3022,0,NULL,1070,3,40720,40836,57,1528,2,0,'2021-02-03','2021-02-03',2482.07,1,1.00,'Factura A N°: 0010-00080007',NULL,NULL,'2021-07-28 15:38:31','2021-07-28 15:38:31',NULL),(1071,3022,0,NULL,1071,3,40720,40833,57,1528,2,0,'2021-02-03','2021-02-03',6685.57,1,1.00,'Factura A N°: 0003-00090941',NULL,NULL,'2021-07-28 15:38:31','2021-07-28 15:38:31',NULL),(1072,3022,0,NULL,1072,3,40720,40834,57,1528,2,0,'2021-02-03','2021-02-03',3751.56,1,1.00,'Factura A N°: 0010-00060660',NULL,NULL,'2021-07-28 15:38:31','2021-07-28 15:38:31',NULL),(1073,3022,0,NULL,1073,3,40720,40891,57,1528,2,0,'2021-02-03','2021-02-03',1554.99,1,1.00,'Factura B N°: 0009-00006475',NULL,NULL,'2021-07-28 15:38:31','2021-07-28 15:38:31',NULL),(1074,3022,0,NULL,1074,3,40720,40832,57,1528,2,0,'2021-02-04','2021-02-04',3600.76,1,1.00,'Factura A N°: 0003-00113298',NULL,NULL,'2021-07-28 15:38:31','2021-07-28 15:38:31',NULL),(1075,3022,0,NULL,1075,3,40720,40832,57,1528,2,0,'2021-02-04','2021-02-04',6160.18,1,1.00,'Factura A N°: 0003-00113299',NULL,NULL,'2021-07-28 15:38:31','2021-07-28 15:38:31',NULL),(1076,3022,0,NULL,1076,3,40720,40832,57,1528,2,0,'2021-02-04','2021-02-04',437.20,1,1.00,'Factura A N°: 0003-00113300',NULL,NULL,'2021-07-28 15:38:31','2021-07-28 15:38:31',NULL),(1077,3022,0,NULL,1077,3,40720,40837,57,1528,2,0,'2021-02-04','2021-02-04',1186.88,1,1.00,'Factura A N°: 0005-00128489',NULL,NULL,'2021-07-28 15:38:32','2021-07-28 15:38:32',NULL),(1078,3022,0,NULL,1078,3,40720,40840,57,1528,2,0,'2021-02-05','2021-02-05',2491.10,1,1.00,'Factura A N°: 0002-00115195',NULL,NULL,'2021-07-28 15:38:32','2021-07-28 15:38:32',NULL),(1079,3022,0,NULL,1079,3,40720,40840,57,1528,2,0,'2021-02-05','2021-02-05',6578.14,1,1.00,'Factura A N°: 0002-00115194',NULL,NULL,'2021-07-28 15:38:32','2021-07-28 15:38:32',NULL),(1080,3022,0,NULL,1080,3,40720,40832,57,1528,1,0,'2021-02-06','2021-02-06',298.28,1,1.00,'Nota de crédito A N°: 0003-00008079',NULL,NULL,'2021-07-28 15:38:32','2021-07-28 15:38:32',NULL),(1081,3022,0,NULL,1081,3,40720,40873,57,1528,2,0,'2021-02-08','2021-02-08',20676.75,1,1.00,'Factura A N°: 0002-00000403',NULL,NULL,'2021-07-28 15:38:32','2021-07-28 15:38:32',NULL),(1082,3022,0,NULL,1082,3,40720,40827,57,1528,2,0,'2021-02-08','2021-02-08',3210.00,1,1.00,'Factura A N°: 0020-00000941',NULL,NULL,'2021-07-28 15:38:32','2021-07-28 15:38:32',NULL),(1083,3022,0,NULL,1083,3,40720,40830,57,1528,2,0,'2021-02-08','2021-02-08',4440.31,1,1.00,'Factura A N°: 0002-00023872',NULL,NULL,'2021-07-28 15:38:32','2021-07-28 15:38:32',NULL),(1084,3022,0,NULL,1084,3,40720,40829,57,1528,2,0,'2021-02-08','2021-02-08',1588.85,1,1.00,'Factura A N°: 0005-00003468',NULL,NULL,'2021-07-28 15:38:32','2021-07-28 15:38:32',NULL),(1085,3022,0,NULL,1085,3,40720,40837,57,1528,2,0,'2021-02-08','2021-02-08',2605.67,1,1.00,'Factura A N°: 0005-00128683',NULL,NULL,'2021-07-28 15:38:32','2021-07-28 15:38:32',NULL),(1086,3022,0,NULL,1086,3,40720,40824,57,1528,2,0,'2021-02-08','2021-02-08',1590.00,1,1.00,'Factura B N°: 0005-00112153',NULL,NULL,'2021-07-28 15:38:32','2021-07-28 15:38:32',NULL),(1087,3022,0,NULL,1087,3,40720,40884,57,1528,2,0,'2021-02-09','2021-02-09',58995.95,1,1.00,'Factura A N°: 0002-00013222',NULL,NULL,'2021-07-28 15:38:32','2021-07-28 15:38:32',NULL),(1088,3022,0,NULL,1088,3,40720,40858,57,1528,2,0,'2021-02-09','2021-02-09',2703.00,1,1.00,'Factura A N°: 0003-00098786',NULL,NULL,'2021-07-28 15:38:32','2021-07-28 15:38:32',NULL),(1089,3022,0,NULL,1089,3,40720,40827,57,1528,2,0,'2021-02-09','2021-02-09',2589.00,1,1.00,'Factura A N°: 0020-00000950',NULL,NULL,'2021-07-28 15:38:32','2021-07-28 15:38:32',NULL),(1090,3022,0,NULL,1090,3,40720,40840,57,1528,1,0,'2021-02-09','2021-02-09',392.97,1,1.00,'Nota de crédito A N°: 0002-00021868',NULL,NULL,'2021-07-28 15:38:32','2021-07-28 15:38:32',NULL),(1091,3022,0,NULL,1091,3,40720,40837,57,1528,1,0,'2021-02-09','2021-02-09',2605.67,1,1.00,'Nota de crédito A N°: 0005-00009520',NULL,NULL,'2021-07-28 15:38:32','2021-07-28 15:38:32',NULL);
INSERT INTO `cta_cte_cliente` VALUES (1092,3022,0,NULL,1092,3,40720,40838,57,1528,2,0,'2021-02-10','2021-02-10',692.02,1,1.00,'Factura A N°: 0002-00051197',NULL,NULL,'2021-07-28 15:38:32','2021-07-28 15:38:32',NULL),(1093,3022,0,NULL,1093,3,40720,40839,57,1528,2,0,'2021-02-10','2021-02-10',1022.12,1,1.00,'Factura A N°: 0021-00017220',NULL,NULL,'2021-07-28 15:38:32','2021-07-28 15:38:32',NULL),(1094,3022,0,NULL,1094,3,40720,40835,57,1528,2,0,'2021-02-10','2021-02-10',3710.13,1,1.00,'Factura A N°: 0004-00033816',NULL,NULL,'2021-07-28 15:38:32','2021-07-28 15:38:32',NULL),(1095,3022,0,NULL,1095,3,40720,40836,57,1528,2,0,'2021-02-10','2021-02-10',8799.86,1,1.00,'Factura A N°: 0010-00080315',NULL,NULL,'2021-07-28 15:38:32','2021-07-28 15:38:32',NULL),(1096,3022,0,NULL,1096,3,40720,40833,57,1528,2,0,'2021-02-10','2021-02-10',14961.68,1,1.00,'Factura A N°: 0003-00091231',NULL,NULL,'2021-07-28 15:38:32','2021-07-28 15:38:32',NULL),(1097,3022,0,NULL,1097,3,40720,40834,57,1528,2,0,'2021-02-10','2021-02-10',8630.01,1,1.00,'Factura A N°: 0010-00060993',NULL,NULL,'2021-07-28 15:38:32','2021-07-28 15:38:32',NULL),(1098,3022,0,NULL,1098,3,40720,40830,57,1528,2,0,'2021-02-11','2021-02-11',1438.50,1,1.00,'Factura A N°: 0002-00023945',NULL,NULL,'2021-07-28 15:38:32','2021-07-28 15:38:32',NULL),(1099,3022,0,NULL,1099,3,40720,40832,57,1528,2,0,'2021-02-11','2021-02-11',1150.83,1,1.00,'Factura A N°: 0003-00113869',NULL,NULL,'2021-07-28 15:38:32','2021-07-28 15:38:32',NULL),(1100,3022,0,NULL,1100,3,40720,40832,57,1528,2,0,'2021-02-11','2021-02-11',3794.04,1,1.00,'Factura A N°: 0003-00113870',NULL,NULL,'2021-07-28 15:38:32','2021-07-28 15:38:32',NULL),(1101,3022,0,NULL,1101,3,40720,40837,57,1528,2,0,'2021-02-11','2021-02-11',5657.82,1,1.00,'Factura A N°: 0005-00128887',NULL,NULL,'2021-07-28 15:38:32','2021-07-28 15:38:32',NULL),(1102,3022,0,NULL,1102,3,40720,40833,57,1528,1,0,'2021-02-11','2021-02-11',521.85,1,1.00,'Nota de crédito A N°: 0003-00015523',NULL,NULL,'2021-07-28 15:38:32','2021-07-28 15:38:32',NULL),(1103,3022,0,NULL,1103,3,40720,40834,57,1528,1,0,'2021-02-11','2021-02-11',8630.01,1,1.00,'Nota de crédito A N°: 0010-00005972',NULL,NULL,'2021-07-28 15:38:32','2021-07-28 15:38:32',NULL),(1104,3022,0,NULL,1104,3,40720,40859,57,1528,2,0,'2021-02-12','2021-02-12',4253.45,1,1.00,'Factura A N°: 0178-00476230',NULL,NULL,'2021-07-28 15:38:32','2021-07-28 15:38:32',NULL),(1105,3022,0,NULL,1105,3,40720,40829,57,1528,2,0,'2021-02-12','2021-02-12',569.47,1,1.00,'Factura A N°: 0005-00003480',NULL,NULL,'2021-07-28 15:38:32','2021-07-28 15:38:32',NULL),(1106,3022,0,NULL,1106,3,40720,40837,57,1528,1,0,'2021-02-12','2021-02-12',5657.82,1,1.00,'Nota de crédito A N°: 0005-00009536',NULL,NULL,'2021-07-28 15:38:32','2021-07-28 15:38:32',NULL),(1107,3022,0,NULL,1107,3,40720,40834,57,1528,2,0,'2021-02-12','2021-02-12',8718.51,1,1.00,'Factura A N°: 0010-00061088',NULL,NULL,'2021-07-28 15:38:32','2021-07-28 15:38:32',NULL),(1108,3022,0,NULL,1108,3,40720,40837,57,1528,2,0,'2021-02-13','2021-02-13',6594.22,1,1.00,'Factura A N°: 0005-00129047',NULL,NULL,'2021-07-28 15:38:32','2021-07-28 15:38:32',NULL),(1109,3022,0,NULL,1109,3,40720,40834,57,1528,2,0,'2021-02-13','2021-02-13',842.95,1,1.00,'Factura A N°: 0010-00061165',NULL,NULL,'2021-07-28 15:38:32','2021-07-28 15:38:32',NULL),(1110,3022,0,NULL,1110,3,40720,40834,57,1528,1,0,'2021-02-15','2021-02-15',842.95,1,1.00,'Nota de crédito A N°: 0010-00005987',NULL,NULL,'2021-07-28 15:38:32','2021-07-28 15:38:32',NULL),(1111,3022,0,NULL,1111,3,40720,40827,57,1528,2,0,'2021-02-16','2021-02-16',2860.20,1,1.00,'Factura A N°: 0020-00000979',NULL,NULL,'2021-07-28 15:38:32','2021-07-28 15:38:32',NULL),(1112,3022,0,NULL,1112,3,40720,40858,57,1528,2,0,'2021-02-17','2021-02-17',6982.83,1,1.00,'Factura A N°: 0003-00099112',NULL,NULL,'2021-07-28 15:38:32','2021-07-28 15:38:32',NULL),(1113,3022,0,NULL,1113,3,40720,40837,57,1528,1,0,'2021-02-17','2021-02-17',6594.22,1,1.00,'Nota de crédito A N°: 0005-00009552',NULL,NULL,'2021-07-28 15:38:32','2021-07-28 15:38:32',NULL);
INSERT INTO `cta_cte_cliente` VALUES (1114,3022,0,NULL,1114,3,40720,40873,57,1528,2,0,'2021-02-18','2021-02-18',43980.44,1,1.00,'Factura A N°: 0002-00000462',NULL,NULL,'2021-07-28 15:38:32','2021-07-28 15:38:32',NULL),(1115,3022,0,NULL,1115,3,40720,40832,57,1528,2,0,'2021-02-18','2021-02-18',1504.76,1,1.00,'Factura A N°: 0003-00114350',NULL,NULL,'2021-07-28 15:38:32','2021-07-28 15:38:32',NULL),(1116,3022,0,NULL,1116,3,40720,40837,57,1528,2,0,'2021-02-18','2021-02-18',3212.56,1,1.00,'Factura A N°: 0005-00129169',NULL,NULL,'2021-07-28 15:38:32','2021-07-28 15:38:32',NULL),(1117,3022,0,NULL,1117,3,40720,40892,57,1528,2,0,'2021-02-19','2021-02-19',9867.01,1,1.00,'Factura A N°: 0005-00013430',NULL,NULL,'2021-07-28 15:38:32','2021-07-28 15:38:32',NULL),(1118,3022,0,NULL,1118,3,40720,40832,57,1528,1,0,'2021-02-19','2021-02-19',165.26,1,1.00,'Nota de crédito A N°: 0003-00008137',NULL,NULL,'2021-07-28 15:38:32','2021-07-28 15:38:32',NULL),(1119,3022,0,NULL,1119,3,40720,40829,57,1528,2,0,'2021-02-19','2021-02-19',1112.93,1,1.00,'Factura A N°: 0005-00003487',NULL,NULL,'2021-07-28 15:38:32','2021-07-28 15:38:32',NULL),(1120,3022,0,NULL,1120,3,40720,40893,57,1528,2,0,'2021-02-19','2021-02-19',2095.74,1,1.00,'Factura B N°: 0003-00071028',NULL,NULL,'2021-07-28 15:38:33','2021-07-28 15:38:33',NULL),(1121,3022,0,NULL,1121,3,40720,40834,57,1528,1,0,'2021-02-20','2021-02-20',3238.98,1,1.00,'Nota de crédito A N°: 0010-00006018',NULL,NULL,'2021-07-28 15:38:33','2021-07-28 15:38:33',NULL),(1122,3022,0,NULL,1122,3,40720,40834,57,1528,2,0,'2021-02-20','2021-02-20',3238.98,1,1.00,'Factura A N°: 0010-00061466',NULL,NULL,'2021-07-28 15:38:33','2021-07-28 15:38:33',NULL),(1123,3022,0,NULL,1123,3,40720,40894,57,1528,1,0,'2021-02-20','2021-02-20',50.34,1,1.00,'Nota de crédito B N°: 2524-31453516',NULL,NULL,'2021-07-28 15:38:33','2021-07-28 15:38:33',NULL),(1124,3022,0,NULL,1124,3,40720,40894,57,1528,1,0,'2021-02-20','2021-02-20',120.64,1,1.00,'Nota de crédito B N°: 2524-31453517',NULL,NULL,'2021-07-28 15:38:33','2021-07-28 15:38:33',NULL),(1125,3022,0,NULL,1125,3,40720,40873,57,1528,2,0,'2021-02-22','2021-02-22',40136.76,1,1.00,'Factura A N°: 0002-00000475',NULL,NULL,'2021-07-28 15:38:33','2021-07-28 15:38:33',NULL),(1126,3022,0,NULL,1126,3,40720,40834,57,1528,2,0,'2021-02-22','2021-02-22',3334.31,1,1.00,'Factura A N°: 0010-00061522',NULL,NULL,'2021-07-28 15:38:33','2021-07-28 15:38:33',NULL),(1127,3022,0,NULL,1127,3,40720,40858,57,1528,2,0,'2021-02-23','2021-02-23',2064.19,1,1.00,'Factura A N°: 0003-00099357',NULL,NULL,'2021-07-28 15:38:33','2021-07-28 15:38:33',NULL),(1128,3022,0,NULL,1128,3,40720,40827,57,1528,2,0,'2021-02-23','2021-02-23',2360.00,1,1.00,'Factura A N°: 0020-00001025',NULL,NULL,'2021-07-28 15:38:33','2021-07-28 15:38:33',NULL),(1129,3022,0,NULL,1129,3,40720,40835,57,1528,2,0,'2021-02-23','2021-02-23',1269.53,1,1.00,'Factura A N°: 0004-00034180',NULL,NULL,'2021-07-28 15:38:33','2021-07-28 15:38:33',NULL),(1130,3022,0,NULL,1130,3,40720,40832,57,1528,2,0,'2021-02-23','2021-02-23',2043.72,1,1.00,'Factura A N°: 0003-00114662',NULL,NULL,'2021-07-28 15:38:33','2021-07-28 15:38:33',NULL),(1131,3022,0,NULL,1131,3,40720,40832,57,1528,2,0,'2021-02-23','2021-02-23',663.87,1,1.00,'Factura A N°: 0003-00114663',NULL,NULL,'2021-07-28 15:38:33','2021-07-28 15:38:33',NULL),(1132,3022,0,NULL,1132,3,40720,40832,57,1528,2,0,'2021-02-23','2021-02-23',1428.23,1,1.00,'Factura A N°: 0003-00114664',NULL,NULL,'2021-07-28 15:38:33','2021-07-28 15:38:33',NULL),(1133,3022,0,NULL,1133,3,40720,40833,57,1528,2,0,'2021-02-23','2021-02-23',2699.72,1,1.00,'Factura A N°: 0003-00091771',NULL,NULL,'2021-07-28 15:38:33','2021-07-28 15:38:33',NULL),(1134,3022,0,NULL,1134,3,40720,40838,57,1528,2,0,'2021-02-24','2021-02-24',1134.91,1,1.00,'Factura A N°: 0002-00051882',NULL,NULL,'2021-07-28 15:38:33','2021-07-28 15:38:33',NULL),(1135,3022,0,NULL,1135,3,40720,40839,57,1528,2,0,'2021-02-24','2021-02-24',4655.12,1,1.00,'Factura A N°: 0021-00017385',NULL,NULL,'2021-07-28 15:38:33','2021-07-28 15:38:33',NULL);
INSERT INTO `cta_cte_cliente` VALUES (1136,3022,0,NULL,1136,3,40720,40836,57,1528,2,0,'2021-02-24','2021-02-24',2185.48,1,1.00,'Factura A N°: 0010-00080991',NULL,NULL,'2021-07-28 15:38:33','2021-07-28 15:38:33',NULL),(1137,3022,0,NULL,1137,3,40720,40836,57,1528,2,0,'2021-02-24','2021-02-24',4463.22,1,1.00,'Factura A N°: 0010-00080992',NULL,NULL,'2021-07-28 15:38:33','2021-07-28 15:38:33',NULL),(1138,3022,0,NULL,1138,3,40720,40834,57,1528,2,0,'2021-02-24','2021-02-24',2817.93,1,1.00,'Factura A N°: 0010-00061592',NULL,NULL,'2021-07-28 15:38:33','2021-07-28 15:38:33',NULL),(1139,3022,0,NULL,1139,3,40720,40838,57,1528,1,0,'2021-02-25','2021-02-25',140.11,1,1.00,'Nota de crédito A N°: 0002-00007288',NULL,NULL,'2021-07-28 15:38:33','2021-07-28 15:38:33',NULL),(1140,3022,0,NULL,1140,3,40720,40873,57,1528,2,0,'2021-02-25','2021-02-25',42977.02,1,1.00,'Factura A N°: 0002-00000504',NULL,NULL,'2021-07-28 15:38:33','2021-07-28 15:38:33',NULL),(1141,3022,0,NULL,1141,3,40720,40843,57,1528,2,0,'2021-02-25','2021-02-25',28820.61,1,1.00,'Factura A N°: 0004-00002811',NULL,NULL,'2021-07-28 15:38:33','2021-07-28 15:38:33',NULL),(1142,3022,0,NULL,1142,3,40720,40843,57,1528,2,0,'2021-02-25','2021-02-25',47473.45,1,1.00,'Factura A N°: 0004-00002799',NULL,NULL,'2021-07-28 15:38:33','2021-07-28 15:38:33',NULL),(1143,3022,0,NULL,1143,3,40720,40830,57,1528,2,0,'2021-02-25','2021-02-25',4503.51,1,1.00,'Factura A N°: 0002-00024134',NULL,NULL,'2021-07-28 15:38:33','2021-07-28 15:38:33',NULL),(1144,3022,0,NULL,1144,3,40720,40832,57,1528,2,0,'2021-02-25','2021-02-25',1076.53,1,1.00,'Factura A N°: 0003-00114947',NULL,NULL,'2021-07-28 15:38:33','2021-07-28 15:38:33',NULL),(1145,3022,0,NULL,1145,3,40720,40832,57,1528,2,0,'2021-02-25','2021-02-25',3732.35,1,1.00,'Factura A N°: 0003-00114948',NULL,NULL,'2021-07-28 15:38:33','2021-07-28 15:38:33',NULL),(1146,3022,0,NULL,1146,3,40720,40832,57,1528,2,0,'2021-02-25','2021-02-25',1928.61,1,1.00,'Factura A N°: 0003-00114949',NULL,NULL,'2021-07-28 15:38:33','2021-07-28 15:38:33',NULL),(1147,3022,0,NULL,1147,3,40720,40833,57,1528,2,0,'2021-02-25','2021-02-25',1653.80,1,1.00,'Factura A N°: 0003-00091858',NULL,NULL,'2021-07-28 15:38:33','2021-07-28 15:38:33',NULL),(1148,3022,0,NULL,1148,3,40720,40837,57,1528,2,0,'2021-02-25','2021-02-25',5855.89,1,1.00,'Factura A N°: 0005-00129600',NULL,NULL,'2021-07-28 15:38:33','2021-07-28 15:38:33',NULL),(1149,3022,0,NULL,1149,3,40720,40824,57,1528,2,0,'2021-02-26','2021-02-26',2389.00,1,1.00,'Factura B N°: 0005-00113289',NULL,NULL,'2021-07-28 15:38:33','2021-07-28 15:38:33',NULL),(1150,3022,0,NULL,1150,3,40720,40895,57,1528,2,0,'2021-02-26','2021-02-26',3819.00,1,1.00,'Factura B N°: 0202-01286581',NULL,NULL,'2021-07-28 15:38:33','2021-07-28 15:38:33',NULL),(1151,3022,0,NULL,1151,3,40720,40834,57,1528,2,0,'2021-02-27','2021-02-27',1227.81,1,1.00,'Factura A N°: 0010-00061800',NULL,NULL,'2021-07-28 15:38:33','2021-07-28 15:38:33',NULL),(1152,3022,0,NULL,1152,3,40720,40883,57,1528,2,0,'2021-02-28','2021-02-28',29398.28,1,1.00,'Factura A N°: 0006-00001887',NULL,NULL,'2021-07-28 15:38:33','2021-07-28 15:38:33',NULL),(1153,3022,0,NULL,1153,3,40720,40842,57,1528,2,0,'2021-02-28','2021-02-28',1381.03,1,1.00,'Factura A N°: 0003-00001377',NULL,NULL,'2021-07-28 15:38:33','2021-07-28 15:38:33',NULL),(1154,3022,0,NULL,1154,3,40720,40827,57,1529,2,0,'2021-03-01','2021-03-01',7300.20,1,1.00,'Factura A N°: 0020-00001065',NULL,NULL,'2021-07-28 15:38:47','2021-07-28 15:38:47',NULL),(1155,3022,0,NULL,1155,3,40720,40825,57,1529,2,0,'2021-03-01','2021-03-01',2937.33,1,1.00,'Factura A N°: 1007-03144408',NULL,NULL,'2021-07-28 15:38:47','2021-07-28 15:38:47',NULL),(1156,3022,0,NULL,1156,3,40720,40830,57,1529,2,0,'2021-03-01','2021-03-01',8116.66,1,1.00,'Factura A N°: 0002-00024164',NULL,NULL,'2021-07-28 15:38:47','2021-07-28 15:38:47',NULL),(1157,3022,0,NULL,1157,3,40720,40832,57,1529,2,0,'2021-03-02','2021-03-02',10693.62,1,1.00,'Factura A N°: 0003-00115217',NULL,NULL,'2021-07-28 15:38:47','2021-07-28 15:38:47',NULL);
INSERT INTO `cta_cte_cliente` VALUES (1158,3022,0,NULL,1158,3,40720,40837,57,1529,1,0,'2021-03-02','2021-03-02',969.94,1,1.00,'Nota de crédito A N°: 0005-00009616',NULL,NULL,'2021-07-28 15:38:47','2021-07-28 15:38:47',NULL),(1159,3022,0,NULL,1159,3,40720,40837,57,1529,2,0,'2021-03-02','2021-03-02',969.94,1,1.00,'Factura A N°: 0005-00129836',NULL,NULL,'2021-07-28 15:38:47','2021-07-28 15:38:47',NULL),(1160,3022,0,NULL,1160,3,40720,40838,57,1529,2,0,'2021-03-03','2021-03-03',489.97,1,1.00,'Factura A N°: 0002-00052204',NULL,NULL,'2021-07-28 15:38:47','2021-07-28 15:38:47',NULL),(1161,3022,0,NULL,1161,3,40720,40873,57,1529,2,0,'2021-03-03','2021-03-03',37803.13,1,1.00,'Factura A N°: 0002-00000536',NULL,NULL,'2021-07-28 15:38:47','2021-07-28 15:38:47',NULL),(1162,3022,0,NULL,1162,3,40720,40826,57,1529,2,0,'2021-03-03','2021-03-03',3000.90,1,1.00,'Factura A N°: 0001-00005447',NULL,NULL,'2021-07-28 15:38:47','2021-07-28 15:38:47',NULL),(1163,3022,0,NULL,1163,3,40720,40839,57,1529,2,0,'2021-03-03','2021-03-03',3367.54,1,1.00,'Factura A N°: 0021-00017486',NULL,NULL,'2021-07-28 15:38:47','2021-07-28 15:38:47',NULL),(1164,3022,0,NULL,1164,3,40720,40835,57,1529,2,0,'2021-03-03','2021-03-03',2966.40,1,1.00,'Factura A N°: 0004-00034451',NULL,NULL,'2021-07-28 15:38:47','2021-07-28 15:38:47',NULL),(1165,3022,0,NULL,1165,3,40720,40832,57,1529,1,0,'2021-03-03','2021-03-03',337.56,1,1.00,'Nota de crédito A N°: 0003-00008203',NULL,NULL,'2021-07-28 15:38:47','2021-07-28 15:38:47',NULL),(1166,3022,0,NULL,1166,3,40720,40834,57,1529,2,0,'2021-03-03','2021-03-03',2832.33,1,1.00,'Factura A N°: 0010-00061922',NULL,NULL,'2021-07-28 15:38:47','2021-07-28 15:38:47',NULL),(1167,3022,0,NULL,1167,3,40720,40833,57,1529,2,0,'2021-03-03','2021-03-03',6020.67,1,1.00,'Factura A N°: 0003-00092127',NULL,NULL,'2021-07-28 15:38:47','2021-07-28 15:38:47',NULL),(1168,3022,0,NULL,1168,3,40720,40828,57,1529,2,0,'2021-03-04','2021-03-04',10349.76,1,1.00,'Factura A N°: 0011-00170759',NULL,NULL,'2021-07-28 15:38:47','2021-07-28 15:38:47',NULL),(1169,3022,0,NULL,1169,3,40720,40837,57,1529,2,0,'2021-03-04','2021-03-04',7530.52,1,1.00,'Factura A N°: 0005-00130049',NULL,NULL,'2021-07-28 15:38:47','2021-07-28 15:38:47',NULL),(1170,3022,0,NULL,1170,3,40720,40863,57,1529,2,0,'2021-03-05','2021-03-05',30004.43,1,1.00,'Factura A N°: 0025-00033333',NULL,NULL,'2021-07-28 15:38:47','2021-07-28 15:38:47',NULL),(1171,3022,0,NULL,1171,3,40720,40858,57,1529,2,0,'2021-03-08','2021-03-08',2404.76,1,1.00,'Factura A N°: 0003-00100765',NULL,NULL,'2021-07-28 15:38:47','2021-07-28 15:38:47',NULL),(1172,3022,0,NULL,1172,3,40720,40827,57,1529,2,0,'2021-03-08','2021-03-08',2647.35,1,1.00,'Factura A N°: 0020-00001097',NULL,NULL,'2021-07-28 15:38:47','2021-07-28 15:38:47',NULL),(1173,3022,0,NULL,1173,3,40720,40830,57,1529,2,0,'2021-03-08','2021-03-08',3484.02,1,1.00,'Factura A N°: 0002-00024273',NULL,NULL,'2021-07-28 15:38:47','2021-07-28 15:38:47',NULL),(1174,3022,0,NULL,1174,3,40720,40829,57,1529,2,0,'2021-03-08','2021-03-08',1086.57,1,1.00,'Factura A N°: 0005-00003530',NULL,NULL,'2021-07-28 15:38:48','2021-07-28 15:38:48',NULL),(1175,3022,0,NULL,1175,3,40720,40876,57,1529,2,0,'2021-03-09','2021-03-09',3586.58,1,1.00,'Factura B N°: 0001-00436219',NULL,NULL,'2021-07-28 15:38:48','2021-07-28 15:38:48',NULL),(1176,3022,0,NULL,1176,3,40720,40832,57,1529,2,0,'2021-03-09','2021-03-09',5932.10,1,1.00,'Factura A N°: 0003-00115830',NULL,NULL,'2021-07-28 15:38:48','2021-07-28 15:38:48',NULL),(1177,3022,0,NULL,1177,3,40720,40832,57,1529,2,0,'2021-03-09','2021-03-09',3061.42,1,1.00,'Factura A N°: 0003-00115833',NULL,NULL,'2021-07-28 15:38:48','2021-07-28 15:38:48',NULL),(1178,3022,0,NULL,1178,3,40720,40837,57,1529,2,0,'2021-03-09','2021-03-09',4326.77,1,1.00,'Factura A N°: 0005-00130276',NULL,NULL,'2021-07-28 15:38:48','2021-07-28 15:38:48',NULL),(1179,3022,0,NULL,1179,3,40720,40838,57,1529,2,0,'2021-03-10','2021-03-10',1780.30,1,1.00,'Factura A N°: 0002-00052525',NULL,NULL,'2021-07-28 15:38:48','2021-07-28 15:38:48',NULL);
