INSERT INTO `period_liquidation_iva_details` VALUES (6285,2368,53,26,1529,40719,1,10,2,3,0.00,0.00,'2021-01-25 15:39:31','2021-01-25 15:39:31',6,NULL),(6286,2368,53,26,1529,40719,1,13,2,3,0.00,0.00,'2021-01-25 15:39:31','2021-01-25 15:39:31',6,NULL),(6287,2368,53,26,1529,40719,1,3,2,3,0.00,0.00,'2021-01-25 15:39:31','2021-01-25 15:39:31',6,NULL),(6288,2368,53,26,1529,40719,1,6,2,3,0.00,0.00,'2021-01-25 15:39:31','2021-01-25 15:39:31',6,NULL),(6289,2368,53,26,1529,40719,1,9,2,3,0.00,0.00,'2021-01-25 15:39:31','2021-01-25 15:39:31',6,NULL),(6290,2368,53,26,1529,40719,1,12,2,3,0.00,0.00,'2021-01-25 15:39:31','2021-01-25 15:39:31',6,NULL),(6291,2368,53,26,1529,40719,1,2,2,3,0.00,0.00,'2021-01-25 15:39:31','2021-01-25 15:39:31',6,NULL),(6292,2368,53,26,1529,40719,1,5,2,3,0.00,0.00,'2021-01-25 15:39:31','2021-01-25 15:39:31',6,NULL),(6293,2368,53,26,1529,40719,1,8,2,3,0.00,0.00,'2021-01-25 15:39:31','2021-01-25 15:39:31',6,NULL),(6294,2368,53,26,1529,40719,1,11,2,3,0.00,0.00,'2021-01-25 15:39:31','2021-01-25 15:39:31',6,NULL),(6295,2368,53,26,1529,40719,1,14,2,3,0.00,0.00,'2021-01-25 15:39:31','2021-01-25 15:39:31',6,NULL),(6296,2368,53,26,1529,40719,1,1,2,3,0.00,0.00,'2021-01-25 15:39:31','2021-01-25 15:39:31',6,NULL),(6297,2368,53,26,1529,40719,1,4,2,3,0.00,0.00,'2021-01-25 15:39:31','2021-01-25 15:39:31',6,NULL),(6298,2368,53,26,1529,40719,1,7,2,3,0.00,0.00,'2021-01-25 15:39:31','2021-01-25 15:39:31',6,NULL),(6299,2368,53,26,1529,40719,1,9,2,2,0.00,0.00,'2021-01-25 15:39:31','2021-01-25 15:39:31',6,NULL),(6300,2368,53,26,1529,40719,1,12,2,2,0.00,0.00,'2021-01-25 15:39:31','2021-01-25 15:39:31',6,NULL),(6301,2368,53,26,1529,40719,1,2,2,2,0.00,0.00,'2021-01-25 15:39:31','2021-01-25 15:39:31',6,NULL),(6302,2368,53,26,1529,40719,1,5,2,2,0.00,0.00,'2021-01-25 15:39:31','2021-01-25 15:39:31',6,NULL),(6303,2368,53,26,1529,40719,1,8,2,2,0.00,0.00,'2021-01-25 15:39:31','2021-01-25 15:39:31',6,NULL),(6304,2368,53,26,1529,40719,1,11,2,2,0.00,0.00,'2021-01-25 15:39:31','2021-01-25 15:39:31',6,NULL),(6305,2368,53,26,1529,40719,1,14,2,2,0.00,0.00,'2021-01-25 15:39:31','2021-01-25 15:39:31',6,NULL),(6306,2368,53,26,1529,40719,1,1,2,2,56566.95,11879.06,'2021-01-25 15:39:31','2021-01-25 15:39:31',6,NULL),(6307,2368,53,26,1529,40719,1,4,2,2,0.00,0.00,'2021-01-25 15:39:31','2021-01-25 15:39:31',6,NULL),(6308,2368,53,26,1529,40719,1,7,2,2,0.00,0.00,'2021-01-25 15:39:31','2021-01-25 15:39:31',6,NULL),(6309,2368,53,26,1529,40719,1,10,2,2,0.00,0.00,'2021-01-25 15:39:31','2021-01-25 15:39:31',6,NULL),(6310,2368,53,26,1529,40719,1,13,2,2,0.00,0.00,'2021-01-25 15:39:31','2021-01-25 15:39:31',6,NULL),(6311,2368,53,26,1529,40719,1,3,2,2,0.00,0.00,'2021-01-25 15:39:31','2021-01-25 15:39:31',6,NULL),(6312,2368,53,26,1529,40719,1,6,2,2,0.00,0.00,'2021-01-25 15:39:31','2021-01-25 15:39:31',6,NULL),(6313,2368,53,26,1529,40719,1,5,2,1,0.00,0.00,'2021-01-25 15:39:31','2021-01-25 15:39:31',6,NULL),(6314,2368,53,26,1529,40719,1,8,2,1,0.00,0.00,'2021-01-25 15:39:31','2021-01-25 15:39:31',6,NULL),(6315,2368,53,26,1529,40719,1,11,2,1,0.00,0.00,'2021-01-25 15:39:31','2021-01-25 15:39:31',6,NULL),(6316,2368,53,26,1529,40719,1,14,2,1,0.00,0.00,'2021-01-25 15:39:31','2021-01-25 15:39:31',6,NULL),(6317,2368,53,26,1529,40719,1,1,2,1,20157.46,2116.53,'2021-01-25 15:39:31','2021-01-25 15:39:31',6,NULL),(6318,2368,53,26,1529,40719,1,4,2,1,0.00,0.00,'2021-01-25 15:39:31','2021-01-25 15:39:31',6,NULL),(6319,2368,53,26,1529,40719,1,7,2,1,0.00,0.00,'2021-01-25 15:39:31','2021-01-25 15:39:31',6,NULL),(6320,2368,53,26,1529,40719,1,10,2,1,0.00,0.00,'2021-01-25 15:39:31','2021-01-25 15:39:31',6,NULL),(6321,2368,53,26,1529,40719,1,13,2,1,0.00,0.00,'2021-01-25 15:39:31','2021-01-25 15:39:31',6,NULL),(6322,2368,53,26,1529,40719,1,3,2,1,0.00,0.00,'2021-01-25 15:39:31','2021-01-25 15:39:31',6,NULL),(6323,2368,53,26,1529,40719,1,6,2,1,0.00,0.00,'2021-01-25 15:39:31','2021-01-25 15:39:31',6,NULL),(6324,2368,53,26,1529,40719,1,9,2,1,0.00,0.00,'2021-01-25 15:39:31','2021-01-25 15:39:31',6,NULL);
INSERT INTO `period_liquidation_iva_details` VALUES (6325,2368,53,26,1529,40719,1,12,2,1,0.00,0.00,'2021-01-25 15:39:31','2021-01-25 15:39:31',6,NULL),(6326,2368,53,26,1529,40719,1,2,2,1,0.00,0.00,'2021-01-25 15:39:31','2021-01-25 15:39:31',6,NULL),(6327,2368,53,26,1529,40719,1,2,2,5,0.00,0.00,'2021-01-25 15:39:31','2021-01-25 15:39:31',6,NULL),(6328,2368,53,26,1529,40719,1,5,2,5,0.00,0.00,'2021-01-25 15:39:31','2021-01-25 15:39:31',6,NULL),(6329,2368,53,26,1529,40719,1,8,2,5,0.00,0.00,'2021-01-25 15:39:31','2021-01-25 15:39:31',6,NULL),(6330,2368,53,26,1529,40719,1,11,2,5,0.00,0.00,'2021-01-25 15:39:31','2021-01-25 15:39:31',6,NULL),(6331,2368,53,26,1529,40719,1,14,2,5,0.00,0.00,'2021-01-25 15:39:31','2021-01-25 15:39:31',6,NULL),(6332,2368,53,26,1529,40719,1,1,2,5,0.00,0.00,'2021-01-25 15:39:31','2021-01-25 15:39:31',6,NULL),(6333,2368,53,26,1529,40719,1,4,2,5,0.00,0.00,'2021-01-25 15:39:31','2021-01-25 15:39:31',6,NULL),(6334,2368,53,26,1529,40719,1,7,2,5,0.00,0.00,'2021-01-25 15:39:31','2021-01-25 15:39:31',6,NULL),(6335,2368,53,26,1529,40719,1,10,2,5,0.00,0.00,'2021-01-25 15:39:31','2021-01-25 15:39:31',6,NULL),(6336,2368,53,26,1529,40719,1,13,2,5,0.00,0.00,'2021-01-25 15:39:31','2021-01-25 15:39:31',6,NULL),(6337,2368,53,26,1529,40719,1,3,2,5,0.00,0.00,'2021-01-25 15:39:31','2021-01-25 15:39:31',6,NULL),(6338,2368,53,26,1529,40719,1,6,2,5,0.00,0.00,'2021-01-25 15:39:31','2021-01-25 15:39:31',6,NULL),(6339,2368,53,26,1529,40719,1,9,2,5,0.00,0.00,'2021-01-25 15:39:31','2021-01-25 15:39:31',6,NULL),(6340,2368,53,26,1529,40719,1,12,2,5,0.00,0.00,'2021-01-25 15:39:31','2021-01-25 15:39:31',6,NULL),(6341,2368,53,26,1529,40719,1,14,2,4,0.00,0.00,'2021-01-25 15:39:31','2021-01-25 15:39:31',6,NULL),(6342,2368,53,26,1529,40719,1,1,2,4,0.00,0.00,'2021-01-25 15:39:31','2021-01-25 15:39:31',6,NULL),(6343,2368,53,26,1529,40719,1,4,2,4,0.00,0.00,'2021-01-25 15:39:31','2021-01-25 15:39:31',6,NULL),(6344,2368,53,26,1529,40719,1,7,2,4,0.00,0.00,'2021-01-25 15:39:31','2021-01-25 15:39:31',6,NULL),(6345,2368,53,26,1529,40719,1,10,2,4,0.00,0.00,'2021-01-25 15:39:31','2021-01-25 15:39:31',6,NULL),(6346,2368,53,26,1529,40719,1,13,2,4,0.00,0.00,'2021-01-25 15:39:31','2021-01-25 15:39:31',6,NULL),(6347,2368,53,26,1529,40719,1,3,2,4,0.00,0.00,'2021-01-25 15:39:31','2021-01-25 15:39:31',6,NULL),(6348,2368,53,26,1529,40719,1,6,2,4,0.00,0.00,'2021-01-25 15:39:31','2021-01-25 15:39:31',6,NULL),(6349,2368,53,26,1529,40719,1,9,2,4,0.00,0.00,'2021-01-25 15:39:31','2021-01-25 15:39:31',6,NULL),(6350,2368,53,26,1529,40719,1,12,2,4,0.00,0.00,'2021-01-25 15:39:31','2021-01-25 15:39:31',6,NULL),(6351,2368,53,26,1529,40719,1,2,2,4,0.00,0.00,'2021-01-25 15:39:31','2021-01-25 15:39:31',6,NULL),(6352,2368,53,26,1529,40719,1,5,2,4,0.00,0.00,'2021-01-25 15:39:31','2021-01-25 15:39:31',6,NULL),(6353,2368,53,26,1529,40719,1,8,2,4,0.00,0.00,'2021-01-25 15:39:31','2021-01-25 15:39:31',6,NULL),(6354,2368,53,26,1529,40719,1,11,2,4,0.00,0.00,'2021-01-25 15:39:31','2021-01-25 15:39:31',6,NULL),(6355,2368,53,26,1529,40719,1,3,2,8,0.00,0.00,'2021-01-25 15:39:31','2021-01-25 15:39:31',6,NULL),(6356,2368,53,26,1529,40719,1,6,2,8,0.00,0.00,'2021-01-25 15:39:31','2021-01-25 15:39:31',6,NULL),(6357,2368,53,26,1529,40719,1,9,2,8,0.00,0.00,'2021-01-25 15:39:31','2021-01-25 15:39:31',6,NULL),(6358,2368,53,26,1529,40719,1,12,2,8,0.00,0.00,'2021-01-25 15:39:31','2021-01-25 15:39:31',6,NULL),(6359,2368,53,26,1529,40719,1,2,2,8,0.00,0.00,'2021-01-25 15:39:31','2021-01-25 15:39:31',6,NULL),(6360,2368,53,26,1529,40719,1,5,2,8,0.00,0.00,'2021-01-25 15:39:31','2021-01-25 15:39:31',6,NULL),(6361,2368,53,26,1529,40719,1,8,2,8,0.00,0.00,'2021-01-25 15:39:31','2021-01-25 15:39:31',6,NULL),(6362,2368,53,26,1529,40719,1,11,2,8,0.00,0.00,'2021-01-25 15:39:31','2021-01-25 15:39:31',6,NULL),(6363,2368,53,26,1529,40719,1,14,2,8,0.00,0.00,'2021-01-25 15:39:31','2021-01-25 15:39:31',6,NULL),(6364,2368,53,26,1529,40719,1,1,2,8,0.00,0.00,'2021-01-25 15:39:31','2021-01-25 15:39:31',6,NULL);
INSERT INTO `period_liquidation_iva_details` VALUES (6365,2368,53,26,1529,40719,1,4,2,8,0.00,0.00,'2021-01-25 15:39:31','2021-01-25 15:39:31',6,NULL),(6366,2368,53,26,1529,40719,1,7,2,8,0.00,0.00,'2021-01-25 15:39:31','2021-01-25 15:39:31',6,NULL),(6367,2368,53,26,1529,40719,1,10,2,8,0.00,0.00,'2021-01-25 15:39:31','2021-01-25 15:39:31',6,NULL),(6368,2368,53,26,1529,40719,1,13,2,8,0.00,0.00,'2021-01-25 15:39:31','2021-01-25 15:39:31',6,NULL),(6369,2368,53,26,1529,40719,1,14,2,6,0.00,0.00,'2021-01-25 15:39:31','2021-01-25 15:39:31',7,NULL),(6370,2368,53,26,1529,40719,1,10,2,7,0.00,0.00,'2021-01-25 15:39:31','2021-01-25 15:39:31',7,NULL),(6371,2368,53,26,1529,40719,1,7,2,6,0.00,0.00,'2021-01-25 15:39:31','2021-01-25 15:39:31',7,NULL),(6372,2368,53,26,1529,40719,1,3,2,7,0.00,0.00,'2021-01-25 15:39:31','2021-01-25 15:39:31',7,NULL),(6373,2368,53,26,1529,40719,1,12,2,7,0.00,0.00,'2021-01-25 15:39:31','2021-01-25 15:39:31',7,NULL),(6374,2368,53,26,1529,40719,1,9,2,6,0.00,0.00,'2021-01-25 15:39:31','2021-01-25 15:39:31',7,NULL),(6375,2368,53,26,1529,40719,1,5,2,7,0.00,0.00,'2021-01-25 15:39:31','2021-01-25 15:39:31',7,NULL),(6376,2368,53,26,1529,40719,1,2,2,6,0.00,0.00,'2021-01-25 15:39:31','2021-01-25 15:39:31',7,NULL),(6377,2368,53,26,1529,40719,1,14,2,7,0.00,0.00,'2021-01-25 15:39:31','2021-01-25 15:39:31',7,NULL),(6378,2368,53,26,1529,40719,1,11,2,6,0.00,0.00,'2021-01-25 15:39:31','2021-01-25 15:39:31',7,NULL),(6379,2368,53,26,1529,40719,1,7,2,7,0.00,0.00,'2021-01-25 15:39:31','2021-01-25 15:39:31',7,NULL),(6380,2368,53,26,1529,40719,1,4,2,6,0.00,0.00,'2021-01-25 15:39:31','2021-01-25 15:39:31',7,NULL),(6381,2368,53,26,1529,40719,1,13,2,6,0.00,0.00,'2021-01-25 15:39:31','2021-01-25 15:39:31',7,NULL),(6382,2368,53,26,1529,40719,1,9,2,7,0.00,0.00,'2021-01-25 15:39:31','2021-01-25 15:39:31',7,NULL),(6383,2368,53,26,1529,40719,1,6,2,6,0.00,0.00,'2021-01-25 15:39:31','2021-01-25 15:39:31',7,NULL),(6384,2368,53,26,1529,40719,1,2,2,7,0.00,0.00,'2021-01-25 15:39:31','2021-01-25 15:39:31',7,NULL),(6385,2368,53,26,1529,40719,1,11,2,7,0.00,0.00,'2021-01-25 15:39:31','2021-01-25 15:39:31',7,NULL),(6386,2368,53,26,1529,40719,1,8,2,6,0.00,0.00,'2021-01-25 15:39:31','2021-01-25 15:39:31',7,NULL),(6387,2368,53,26,1529,40719,1,4,2,7,0.00,0.00,'2021-01-25 15:39:31','2021-01-25 15:39:31',7,NULL),(6388,2368,53,26,1529,40719,1,1,2,6,0.00,0.00,'2021-01-25 15:39:31','2021-01-25 15:39:31',7,NULL),(6389,2368,53,26,1529,40719,1,13,2,7,0.00,0.00,'2021-01-25 15:39:31','2021-01-25 15:39:31',7,NULL),(6390,2368,53,26,1529,40719,1,10,2,6,0.00,0.00,'2021-01-25 15:39:31','2021-01-25 15:39:31',7,NULL),(6391,2368,53,26,1529,40719,1,6,2,7,0.00,0.00,'2021-01-25 15:39:31','2021-01-25 15:39:31',7,NULL),(6392,2368,53,26,1529,40719,1,3,2,6,0.00,0.00,'2021-01-25 15:39:31','2021-01-25 15:39:31',7,NULL),(6393,2368,53,26,1529,40719,1,12,2,6,0.00,0.00,'2021-01-25 15:39:31','2021-01-25 15:39:31',7,NULL),(6394,2368,53,26,1529,40719,1,8,2,7,0.00,0.00,'2021-01-25 15:39:31','2021-01-25 15:39:31',7,NULL),(6395,2368,53,26,1529,40719,1,5,2,6,0.00,0.00,'2021-01-25 15:39:31','2021-01-25 15:39:31',7,NULL),(6396,2368,53,26,1529,40719,1,1,2,7,2140.00,0.00,'2021-01-25 15:39:31','2021-01-25 15:39:31',7,NULL);

--
-- Table structure for table `period_liquidations`
--

CREATE TABLE `period_liquidations` (
  `id` int(10) unsigned NOT NULL AUTO_INCREMENT,
  `user_id` int(10) unsigned DEFAULT NULL,
  `apply_to` varchar(100) COLLATE utf8mb4_unicode_ci NOT NULL,
  `period_id` int(10) unsigned NOT NULL,
  `person_id` int(10) unsigned DEFAULT NULL,
  `status` int(10) unsigned NOT NULL DEFAULT '1',
  `auxiliar_id` bigint(20) DEFAULT NULL,
  `created_at` timestamp NULL DEFAULT NULL,
  `updated_at` timestamp NULL DEFAULT NULL,
  `deleted_at` timestamp NULL DEFAULT NULL,
  PRIMARY KEY (`id`),
  KEY `period_liquidations_period_id_foreign` (`period_id`),
  KEY `period_liquidations_person_id_foreign` (`person_id`),
  CONSTRAINT `period_liquidations_period_id_foreign` FOREIGN KEY (`period_id`) REFERENCES `periods` (`id`),
  CONSTRAINT `period_liquidations_person_id_foreign` FOREIGN KEY (`person_id`) REFERENCES `persons` (`id`)
) ENGINE=InnoDB AUTO_INCREMENT=55 DEFAULT CHARSET=utf8mb4 COLLATE=utf8mb4_unicode_ci;

--
-- Dumping data for table `period_liquidations`
--

INSERT INTO `period_liquidations` VALUES (1,2368,'iva',1518,40719,1,NULL,'2021-01-22 21:34:26','2021-01-22 21:38:41','2021-01-22 21:38:41'),(2,2368,'iibb',1518,40719,1,NULL,'2021-01-22 21:34:26','2021-01-22 21:38:41','2021-01-22 21:38:41'),(3,2368,'iva',1519,40719,1,NULL,'2021-01-22 21:35:53','2021-01-22 21:38:51','2021-01-22 21:38:51'),(4,2368,'iibb',1519,40719,1,NULL,'2021-01-22 21:35:53','2021-01-22 21:38:51','2021-01-22 21:38:51'),(5,2368,'iva',1520,40719,1,NULL,'2021-01-22 21:36:33','2021-01-22 21:38:59','2021-01-22 21:38:59'),(6,2368,'iibb',1520,40719,1,NULL,'2021-01-22 21:36:33','2021-01-22 21:39:00','2021-01-22 21:39:00'),(7,2368,'iva',1521,40719,1,NULL,'2021-01-22 21:36:44','2021-01-22 21:39:08','2021-01-22 21:39:08'),(8,2368,'iibb',1521,40719,1,NULL,'2021-01-22 21:36:44','2021-01-22 21:39:08','2021-01-22 21:39:08'),(9,2368,'iva',1522,40719,1,NULL,'2021-01-22 21:36:53','2021-01-22 21:39:18','2021-01-22 21:39:18'),(10,2368,'iibb',1522,40719,1,NULL,'2021-01-22 21:36:54','2021-01-22 21:39:18','2021-01-22 21:39:18'),(11,2368,'iva',1523,40719,1,NULL,'2021-01-22 21:37:06','2021-01-22 21:39:26','2021-01-22 21:39:26'),(12,2368,'iibb',1523,40719,1,NULL,'2021-01-22 21:37:06','2021-01-22 21:39:27','2021-01-22 21:39:27'),(13,2368,'iva',1524,40719,1,NULL,'2021-01-22 21:37:15','2021-01-22 21:39:34','2021-01-22 21:39:34'),(14,2368,'iibb',1524,40719,1,NULL,'2021-01-22 21:37:15','2021-01-22 21:39:35','2021-01-22 21:39:35'),(15,2368,'iva',1525,40719,1,NULL,'2021-01-22 21:37:32','2021-01-22 21:39:50','2021-01-22 21:39:50'),(16,2368,'iibb',1525,40719,1,NULL,'2021-01-22 21:37:32','2021-01-22 21:39:50','2021-01-22 21:39:50'),(17,2368,'iva',1526,40719,1,NULL,'2021-01-22 21:37:42','2021-01-22 21:40:03','2021-01-22 21:40:03'),(18,2368,'iibb',1526,40719,1,NULL,'2021-01-22 21:37:42','2021-01-22 21:40:03','2021-01-22 21:40:03'),(19,2368,'iva',1527,40719,1,NULL,'2021-01-22 21:37:51','2021-01-22 21:40:12','2021-01-22 21:40:12'),(20,2368,'iibb',1527,40719,1,NULL,'2021-01-22 21:37:51','2021-01-22 21:40:13','2021-01-22 21:40:13'),(21,2368,'iva',1528,40719,1,NULL,'2021-01-22 21:37:59','2021-01-22 21:40:26','2021-01-22 21:40:26'),(22,2368,'iibb',1528,40719,1,NULL,'2021-01-22 21:38:00','2021-01-22 21:40:26','2021-01-22 21:40:26'),(23,2368,'iva',1518,40719,1,NULL,'2021-01-22 21:38:41','2021-01-22 21:38:41',NULL),(24,2368,'iibb',1518,40719,1,NULL,'2021-01-22 21:38:41','2021-01-22 21:38:41',NULL),(25,2368,'iva',1519,40719,1,NULL,'2021-01-22 21:38:51','2021-01-22 21:38:51',NULL),(26,2368,'iibb',1519,40719,1,NULL,'2021-01-22 21:38:51','2021-01-22 21:38:51',NULL),(27,2368,'iva',1520,40719,1,NULL,'2021-01-22 21:38:59','2021-01-22 21:38:59',NULL),(28,2368,'iibb',1520,40719,1,NULL,'2021-01-22 21:39:00','2021-01-22 21:39:00',NULL),(29,2368,'iva',1521,40719,1,NULL,'2021-01-22 21:39:08','2021-01-22 21:39:08',NULL),(30,2368,'iibb',1521,40719,1,NULL,'2021-01-22 21:39:08','2021-01-22 21:39:08',NULL),(31,2368,'iva',1522,40719,1,NULL,'2021-01-22 21:39:18','2021-01-22 21:39:18',NULL),(32,2368,'iibb',1522,40719,1,NULL,'2021-01-22 21:39:18','2021-01-22 21:39:18',NULL),(33,2368,'iva',1523,40719,1,NULL,'2021-01-22 21:39:26','2021-01-22 21:39:26',NULL),(34,2368,'iibb',1523,40719,1,NULL,'2021-01-22 21:39:27','2021-01-22 21:39:27',NULL),(35,2368,'iva',1524,40719,1,NULL,'2021-01-22 21:39:34','2021-01-22 21:39:34',NULL),(36,2368,'iibb',1524,40719,1,NULL,'2021-01-22 21:39:35','2021-01-22 21:39:35',NULL),(37,2368,'iva',1525,40719,1,NULL,'2021-01-22 21:39:50','2021-01-22 21:39:50',NULL),(38,2368,'iibb',1525,40719,1,NULL,'2021-01-22 21:39:50','2021-01-22 21:39:50',NULL),(39,2368,'iva',1526,40719,1,NULL,'2021-01-22 21:40:03','2021-01-22 21:40:03',NULL),(40,2368,'iibb',1526,40719,1,NULL,'2021-01-22 21:40:03','2021-01-22 21:40:03',NULL),(41,2368,'iva',1527,40719,1,NULL,'2021-01-22 21:40:12','2021-01-22 21:40:12',NULL),(42,2368,'iibb',1527,40719,1,NULL,'2021-01-22 21:40:13','2021-01-22 21:40:13',NULL),(43,2368,'iva',1528,40719,1,NULL,'2021-01-22 21:40:26','2021-01-22 21:40:26',NULL);
INSERT INTO `period_liquidations` VALUES (44,2368,'iibb',1528,40719,1,NULL,'2021-01-22 21:40:26','2021-01-22 21:40:26',NULL),(45,2368,'iva',1529,40719,1,NULL,'2021-01-22 21:41:31','2021-01-22 21:41:44','2021-01-22 21:41:44'),(46,2368,'iibb',1529,40719,1,NULL,'2021-01-22 21:41:31','2021-01-22 21:41:44','2021-01-22 21:41:44'),(47,2368,'iva',1529,40719,1,NULL,'2021-01-22 21:41:44','2021-01-25 15:39:01','2021-01-25 15:39:01'),(48,2368,'iibb',1529,40719,1,NULL,'2021-01-22 21:41:44','2021-01-22 21:56:00','2021-01-22 21:56:00'),(49,2368,'iibb',1529,40719,1,NULL,'2021-01-22 21:56:00','2021-01-22 21:59:42','2021-01-22 21:59:42'),(50,2368,'iibb',1529,40719,1,NULL,'2021-01-22 21:59:42','2021-01-25 15:39:02','2021-01-25 15:39:02'),(51,2368,'iva',1529,40719,1,NULL,'2021-01-25 15:39:01','2021-01-25 15:39:31','2021-01-25 15:39:31'),(52,2368,'iibb',1529,40719,1,NULL,'2021-01-25 15:39:02','2021-01-25 15:39:31','2021-01-25 15:39:31'),(53,2368,'iva',1529,40719,1,NULL,'2021-01-25 15:39:31','2021-01-25 15:39:31',NULL),(54,2368,'iibb',1529,40719,1,NULL,'2021-01-25 15:39:31','2021-01-25 15:39:31',NULL);

--
-- Table structure for table `periods`
--

CREATE TABLE `periods` (
  `id` int(10) unsigned NOT NULL AUTO_INCREMENT,
  `user_id` int(10) unsigned DEFAULT NULL,
  `code` varchar(20) COLLATE utf8mb4_unicode_ci NOT NULL,
  `year` int(10) unsigned NOT NULL,
  `period_number` int(10) unsigned NOT NULL,
  `date_from` date NOT NULL,
  `date_to` date NOT NULL,
  `created_at` timestamp NULL DEFAULT NULL,
  `updated_at` timestamp NULL DEFAULT NULL,
  `person_id` int(10) unsigned NOT NULL,
  `conta_status` int(10) unsigned NOT NULL DEFAULT '0',
  `deleted_at` timestamp NULL DEFAULT NULL,
  `syj_periods_status_id` int(10) unsigned NOT NULL DEFAULT '1',
  `syj_sin_asiento` tinyint(1) NOT NULL DEFAULT '0',
  `syj_asiento_modificado` tinyint(1) NOT NULL DEFAULT '0',
  `syj_periods_status_emp_dom_id` int(10) unsigned NOT NULL DEFAULT '1',
  PRIMARY KEY (`id`),
  KEY `periods_person_id_foreign` (`person_id`),
  KEY `idx_periods_year_month` (`year`,`period_number`) USING BTREE,
  KEY `idx_periods_code` (`code`) USING BTREE,
  KEY `periods_syj_periods_status_id_foreign` (`syj_periods_status_id`),
  KEY `periods_syj_periods_status_emp_dom_id_foreign` (`syj_periods_status_emp_dom_id`),
  CONSTRAINT `periods_person_id_foreign` FOREIGN KEY (`person_id`) REFERENCES `persons` (`id`),
  CONSTRAINT `periods_syj_periods_status_emp_dom_id_foreign` FOREIGN KEY (`syj_periods_status_emp_dom_id`) REFERENCES `syj_periods_status` (`id`),
  CONSTRAINT `periods_syj_periods_status_id_foreign` FOREIGN KEY (`syj_periods_status_id`) REFERENCES `syj_periods_status` (`id`)
) ENGINE=InnoDB AUTO_INCREMENT=1530 DEFAULT CHARSET=utf8mb4 COLLATE=utf8mb4_unicode_ci;

--
-- Dumping data for table `periods`
--

INSERT INTO `periods` VALUES (2,1,'2018-01',2018,1,'2018-01-01','2018-01-31',NULL,NULL,3,0,NULL,1,0,0,1),(3,NULL,'2021-01',2021,1,'2021-01-01','2021-01-31',NULL,NULL,40719,0,NULL,1,0,0,1),(4,NULL,'2021-02',2021,2,'2021-02-01','2021-02-28',NULL,NULL,40719,0,NULL,1,0,0,1),(5,NULL,'2021-03',2021,3,'2021-03-01','2021-03-31',NULL,NULL,40719,0,NULL,1,0,0,1),(6,NULL,'2021-04',2021,4,'2021-04-01','2021-04-30',NULL,NULL,40719,0,NULL,1,0,0,1),(7,NULL,'2021-05',2021,5,'2021-05-01','2021-05-31',NULL,NULL,40719,0,NULL,1,0,0,1),(8,NULL,'2021-06',2021,6,'2021-06-01','2021-06-30',NULL,NULL,40719,0,NULL,1,0,0,1),(9,NULL,'2021-07',2021,7,'2021-07-01','2021-07-31',NULL,NULL,40719,0,NULL,1,0,0,1),(10,NULL,'2021-08',2021,8,'2021-08-01','2021-08-31',NULL,NULL,40719,0,NULL,1,0,0,1),(11,NULL,'2021-09',2021,9,'2021-09-01','2021-09-30',NULL,NULL,40719,0,NULL,1,0,0,1),(12,NULL,'2021-10',2021,10,'2021-10-01','2021-10-31',NULL,NULL,40719,0,NULL,1,0,0,1),(13,NULL,'2021-11',2021,11,'2021-11-01','2021-11-30',NULL,NULL,40719,0,NULL,1,0,0,1),(14,NULL,'2021-12',2021,12,'2021-12-01','2021-12-31',NULL,NULL,40719,0,NULL,1,0,0,1),(18,NULL,'2022-01',2022,1,'2022-01-01','2022-01-31',NULL,NULL,40719,0,NULL,1,0,0,1),(19,NULL,'2022-02',2022,2,'2022-02-01','2022-02-28',NULL,NULL,40719,0,NULL,1,0,0,1),(20,NULL,'2022-03',2022,3,'2022-03-01','2022-03-31',NULL,NULL,40719,0,NULL,1,0,0,1),(21,NULL,'2022-04',2022,4,'2022-04-01','2022-04-30',NULL,NULL,40719,0,NULL,1,0,0,1),(22,NULL,'2022-05',2022,5,'2022-05-01','2022-05-31',NULL,NULL,40719,0,NULL,1,0,0,1),(23,NULL,'2022-06',2022,6,'2022-06-01','2022-06-30',NULL,NULL,40719,0,NULL,1,0,0,1),(24,NULL,'2022-07',2022,7,'2022-07-01','2022-07-31',NULL,NULL,40719,0,NULL,1,0,0,1),(25,NULL,'2022-08',2022,8,'2022-08-01','2022-08-31',NULL,NULL,40719,0,NULL,1,0,0,1),(26,NULL,'2022-09',2022,9,'2022-09-01','2022-09-30',NULL,NULL,40719,0,NULL,1,0,0,1),(27,NULL,'2022-10',2022,10,'2022-10-01','2022-10-31',NULL,NULL,40719,0,NULL,1,0,0,1),(28,NULL,'2022-11',2022,11,'2022-11-01','2022-11-30',NULL,NULL,40719,0,NULL,1,0,0,1),(29,NULL,'2022-12',2022,12,'2022-12-01','2022-12-31',NULL,NULL,40719,0,NULL,1,0,0,1),(33,NULL,'2023-01',2023,1,'2023-01-01','2023-01-31',NULL,NULL,40719,0,NULL,1,0,0,1),(34,NULL,'2023-02',2023,2,'2023-02-01','2023-02-28',NULL,NULL,40719,0,NULL,1,0,0,1),(35,NULL,'2023-03',2023,3,'2023-03-01','2023-03-31',NULL,NULL,40719,0,NULL,1,0,0,1),(36,NULL,'2023-04',2023,4,'2023-04-01','2023-04-30',NULL,NULL,40719,0,NULL,1,0,0,1),(37,NULL,'2023-05',2023,5,'2023-05-01','2023-05-31',NULL,NULL,40719,0,NULL,1,0,0,1),(38,NULL,'2023-06',2023,6,'2023-06-01','2023-06-30',NULL,NULL,40719,0,NULL,1,0,0,1),(39,NULL,'2023-07',2023,7,'2023-07-01','2023-07-31',NULL,NULL,40719,0,NULL,1,0,0,1),(40,NULL,'2023-08',2023,8,'2023-08-01','2023-08-31',NULL,NULL,40719,0,NULL,1,0,0,1),(41,NULL,'2023-09',2023,9,'2023-09-01','2023-09-30',NULL,NULL,40719,0,NULL,1,0,0,1),(42,NULL,'2023-10',2023,10,'2023-10-01','2023-10-31',NULL,NULL,40719,0,NULL,1,0,0,1),(43,NULL,'2023-11',2023,11,'2023-11-01','2023-11-30',NULL,NULL,40719,0,NULL,1,0,0,1),(44,NULL,'2023-12',2023,12,'2023-12-01','2023-12-31',NULL,NULL,40719,0,NULL,1,0,0,1),(48,NULL,'2024-01',2024,1,'2024-01-01','2024-01-31',NULL,NULL,40719,0,NULL,1,0,0,1),(49,NULL,'2024-02',2024,2,'2024-02-01','2024-02-28',NULL,NULL,40719,0,NULL,1,0,0,1),(50,NULL,'2024-03',2024,3,'2024-03-01','2024-03-31',NULL,NULL,40719,0,NULL,1,0,0,1),(51,NULL,'2024-04',2024,4,'2024-04-01','2024-04-30',NULL,NULL,40719,0,NULL,1,0,0,1),(52,NULL,'2024-05',2024,5,'2024-05-01','2024-05-31',NULL,NULL,40719,0,NULL,1,0,0,1),(53,NULL,'2024-06',2024,6,'2024-06-01','2024-06-30',NULL,NULL,40719,0,NULL,1,0,0,1),(54,NULL,'2024-07',2024,7,'2024-07-01','2024-07-31',NULL,NULL,40719,0,NULL,1,0,0,1),(55,NULL,'2024-08',2024,8,'2024-08-01','2024-08-31',NULL,NULL,40719,0,NULL,1,0,0,1),(56,NULL,'2024-09',2024,9,'2024-09-01','2024-09-30',NULL,NULL,40719,0,NULL,1,0,0,1),(57,NULL,'2024-10',2024,10,'2024-10-01','2024-10-31',NULL,NULL,40719,0,NULL,1,0,0,1);
INSERT INTO `periods` VALUES (58,NULL,'2024-11',2024,11,'2024-11-01','2024-11-30',NULL,NULL,40719,0,NULL,1,0,0,1),(59,NULL,'2024-12',2024,12,'2024-12-01','2024-12-31',NULL,NULL,40719,0,NULL,1,0,0,1),(63,NULL,'2025-01',2025,1,'2025-01-01','2025-01-31',NULL,NULL,40719,0,NULL,1,0,0,1),(64,NULL,'2025-02',2025,2,'2025-02-01','2025-02-28',NULL,NULL,40719,0,NULL,1,0,0,1),(65,NULL,'2025-03',2025,3,'2025-03-01','2025-03-31',NULL,NULL,40719,0,NULL,1,0,0,1),(66,NULL,'2025-04',2025,4,'2025-04-01','2025-04-30',NULL,NULL,40719,0,NULL,1,0,0,1),(67,NULL,'2025-05',2025,5,'2025-05-01','2025-05-31',NULL,NULL,40719,0,NULL,1,0,0,1),(68,NULL,'2025-06',2025,6,'2025-06-01','2025-06-30',NULL,NULL,40719,0,NULL,1,0,0,1),(69,NULL,'2025-07',2025,7,'2025-07-01','2025-07-31',NULL,NULL,40719,0,NULL,1,0,0,1),(70,NULL,'2025-08',2025,8,'2025-08-01','2025-08-31',NULL,NULL,40719,0,NULL,1,0,0,1),(71,NULL,'2025-09',2025,9,'2025-09-01','2025-09-30',NULL,NULL,40719,0,NULL,1,0,0,1),(72,NULL,'2025-10',2025,10,'2025-10-01','2025-10-31',NULL,NULL,40719,0,NULL,1,0,0,1),(73,NULL,'2025-11',2025,11,'2025-11-01','2025-11-30',NULL,NULL,40719,0,NULL,1,0,0,1),(74,NULL,'2025-12',2025,12,'2025-12-01','2025-12-31',NULL,NULL,40719,0,NULL,1,0,0,1),(78,NULL,'2026-01',2026,1,'2026-01-01','2026-01-31',NULL,NULL,40719,0,NULL,1,0,0,1),(79,NULL,'2026-02',2026,2,'2026-02-01','2026-02-28',NULL,NULL,40719,0,NULL,1,0,0,1),(80,NULL,'2026-03',2026,3,'2026-03-01','2026-03-31',NULL,NULL,40719,0,NULL,1,0,0,1),(81,NULL,'2026-04',2026,4,'2026-04-01','2026-04-30',NULL,NULL,40719,0,NULL,1,0,0,1),(82,NULL,'2026-05',2026,5,'2026-05-01','2026-05-31',NULL,NULL,40719,0,NULL,1,0,0,1),(83,NULL,'2026-06',2026,6,'2026-06-01','2026-06-30',NULL,NULL,40719,0,NULL,1,0,0,1),(84,NULL,'2026-07',2026,7,'2026-07-01','2026-07-31',NULL,NULL,40719,0,NULL,1,0,0,1),(85,NULL,'2026-08',2026,8,'2026-08-01','2026-08-31',NULL,NULL,40719,0,NULL,1,0,0,1),(86,NULL,'2026-09',2026,9,'2026-09-01','2026-09-30',NULL,NULL,40719,0,NULL,1,0,0,1),(87,NULL,'2026-10',2026,10,'2026-10-01','2026-10-31',NULL,NULL,40719,0,NULL,1,0,0,1),(88,NULL,'2026-11',2026,11,'2026-11-01','2026-11-30',NULL,NULL,40719,0,NULL,1,0,0,1),(89,NULL,'2026-12',2026,12,'2026-12-01','2026-12-31',NULL,NULL,40719,0,NULL,1,0,0,1),(93,NULL,'2027-01',2027,1,'2027-01-01','2027-01-31',NULL,NULL,40719,0,NULL,1,0,0,1),(94,NULL,'2027-02',2027,2,'2027-02-01','2027-02-28',NULL,NULL,40719,0,NULL,1,0,0,1),(95,NULL,'2027-03',2027,3,'2027-03-01','2027-03-31',NULL,NULL,40719,0,NULL,1,0,0,1),(96,NULL,'2027-04',2027,4,'2027-04-01','2027-04-30',NULL,NULL,40719,0,NULL,1,0,0,1),(97,NULL,'2027-05',2027,5,'2027-05-01','2027-05-31',NULL,NULL,40719,0,NULL,1,0,0,1),(98,NULL,'2027-06',2027,6,'2027-06-01','2027-06-30',NULL,NULL,40719,0,NULL,1,0,0,1),(99,NULL,'2027-07',2027,7,'2027-07-01','2027-07-31',NULL,NULL,40719,0,NULL,1,0,0,1),(100,NULL,'2027-08',2027,8,'2027-08-01','2027-08-31',NULL,NULL,40719,0,NULL,1,0,0,1),(101,NULL,'2027-09',2027,9,'2027-09-01','2027-09-30',NULL,NULL,40719,0,NULL,1,0,0,1),(102,NULL,'2027-10',2027,10,'2027-10-01','2027-10-31',NULL,NULL,40719,0,NULL,1,0,0,1),(103,NULL,'2027-11',2027,11,'2027-11-01','2027-11-30',NULL,NULL,40719,0,NULL,1,0,0,1),(104,NULL,'2027-12',2027,12,'2027-12-01','2027-12-31',NULL,NULL,40719,0,NULL,1,0,0,1),(108,NULL,'2028-01',2028,1,'2028-01-01','2028-01-31',NULL,NULL,40719,0,NULL,1,0,0,1),(109,NULL,'2028-02',2028,2,'2028-02-01','2028-02-28',NULL,NULL,40719,0,NULL,1,0,0,1),(110,NULL,'2028-03',2028,3,'2028-03-01','2028-03-31',NULL,NULL,40719,0,NULL,1,0,0,1),(111,NULL,'2028-04',2028,4,'2028-04-01','2028-04-30',NULL,NULL,40719,0,NULL,1,0,0,1),(112,NULL,'2028-05',2028,5,'2028-05-01','2028-05-31',NULL,NULL,40719,0,NULL,1,0,0,1),(113,NULL,'2028-06',2028,6,'2028-06-01','2028-06-30',NULL,NULL,40719,0,NULL,1,0,0,1),(114,NULL,'2028-07',2028,7,'2028-07-01','2028-07-31',NULL,NULL,40719,0,NULL,1,0,0,1),(115,NULL,'2028-08',2028,8,'2028-08-01','2028-08-31',NULL,NULL,40719,0,NULL,1,0,0,1),(116,NULL,'2028-09',2028,9,'2028-09-01','2028-09-30',NULL,NULL,40719,0,NULL,1,0,0,1);
INSERT INTO `periods` VALUES (117,NULL,'2028-10',2028,10,'2028-10-01','2028-10-31',NULL,NULL,40719,0,NULL,1,0,0,1),(118,NULL,'2028-11',2028,11,'2028-11-01','2028-11-30',NULL,NULL,40719,0,NULL,1,0,0,1),(119,NULL,'2028-12',2028,12,'2028-12-01','2028-12-31',NULL,NULL,40719,0,NULL,1,0,0,1),(123,NULL,'2029-01',2029,1,'2029-01-01','2029-01-31',NULL,NULL,40719,0,NULL,1,0,0,1),(124,NULL,'2029-02',2029,2,'2029-02-01','2029-02-28',NULL,NULL,40719,0,NULL,1,0,0,1),(125,NULL,'2029-03',2029,3,'2029-03-01','2029-03-31',NULL,NULL,40719,0,NULL,1,0,0,1),(126,NULL,'2029-04',2029,4,'2029-04-01','2029-04-30',NULL,NULL,40719,0,NULL,1,0,0,1),(127,NULL,'2029-05',2029,5,'2029-05-01','2029-05-31',NULL,NULL,40719,0,NULL,1,0,0,1),(128,NULL,'2029-06',2029,6,'2029-06-01','2029-06-30',NULL,NULL,40719,0,NULL,1,0,0,1),(129,NULL,'2029-07',2029,7,'2029-07-01','2029-07-31',NULL,NULL,40719,0,NULL,1,0,0,1),(130,NULL,'2029-08',2029,8,'2029-08-01','2029-08-31',NULL,NULL,40719,0,NULL,1,0,0,1),(131,NULL,'2029-09',2029,9,'2029-09-01','2029-09-30',NULL,NULL,40719,0,NULL,1,0,0,1),(132,NULL,'2029-10',2029,10,'2029-10-01','2029-10-31',NULL,NULL,40719,0,NULL,1,0,0,1),(133,NULL,'2029-11',2029,11,'2029-11-01','2029-11-30',NULL,NULL,40719,0,NULL,1,0,0,1),(134,NULL,'2029-12',2029,12,'2029-12-01','2029-12-31',NULL,NULL,40719,0,NULL,1,0,0,1),(138,NULL,'2030-01',2030,1,'2030-01-01','2030-01-31',NULL,NULL,40719,0,NULL,1,0,0,1),(139,NULL,'2030-02',2030,2,'2030-02-01','2030-02-28',NULL,NULL,40719,0,NULL,1,0,0,1),(140,NULL,'2030-03',2030,3,'2030-03-01','2030-03-31',NULL,NULL,40719,0,NULL,1,0,0,1),(141,NULL,'2030-04',2030,4,'2030-04-01','2030-04-30',NULL,NULL,40719,0,NULL,1,0,0,1),(142,NULL,'2030-05',2030,5,'2030-05-01','2030-05-31',NULL,NULL,40719,0,NULL,1,0,0,1),(143,NULL,'2030-06',2030,6,'2030-06-01','2030-06-30',NULL,NULL,40719,0,NULL,1,0,0,1),(144,NULL,'2030-07',2030,7,'2030-07-01','2030-07-31',NULL,NULL,40719,0,NULL,1,0,0,1),(145,NULL,'2030-08',2030,8,'2030-08-01','2030-08-31',NULL,NULL,40719,0,NULL,1,0,0,1),(146,NULL,'2030-09',2030,9,'2030-09-01','2030-09-30',NULL,NULL,40719,0,NULL,1,0,0,1),(147,NULL,'2030-10',2030,10,'2030-10-01','2030-10-31',NULL,NULL,40719,0,NULL,1,0,0,1),(148,NULL,'2030-11',2030,11,'2030-11-01','2030-11-30',NULL,NULL,40719,0,NULL,1,0,0,1),(149,NULL,'2030-12',2030,12,'2030-12-01','2030-12-31',NULL,NULL,40719,0,NULL,1,0,0,1),(153,NULL,'2031-01',2031,1,'2031-01-01','2031-01-31',NULL,NULL,40719,0,NULL,1,0,0,1),(154,NULL,'2031-02',2031,2,'2031-02-01','2031-02-28',NULL,NULL,40719,0,NULL,1,0,0,1),(155,NULL,'2031-03',2031,3,'2031-03-01','2031-03-31',NULL,NULL,40719,0,NULL,1,0,0,1),(156,NULL,'2031-04',2031,4,'2031-04-01','2031-04-30',NULL,NULL,40719,0,NULL,1,0,0,1),(157,NULL,'2031-05',2031,5,'2031-05-01','2031-05-31',NULL,NULL,40719,0,NULL,1,0,0,1),(158,NULL,'2031-06',2031,6,'2031-06-01','2031-06-30',NULL,NULL,40719,0,NULL,1,0,0,1),(159,NULL,'2031-07',2031,7,'2031-07-01','2031-07-31',NULL,NULL,40719,0,NULL,1,0,0,1),(160,NULL,'2031-08',2031,8,'2031-08-01','2031-08-31',NULL,NULL,40719,0,NULL,1,0,0,1),(161,NULL,'2031-09',2031,9,'2031-09-01','2031-09-30',NULL,NULL,40719,0,NULL,1,0,0,1),(162,NULL,'2031-10',2031,10,'2031-10-01','2031-10-31',NULL,NULL,40719,0,NULL,1,0,0,1),(163,NULL,'2031-11',2031,11,'2031-11-01','2031-11-30',NULL,NULL,40719,0,NULL,1,0,0,1),(164,NULL,'2031-12',2031,12,'2031-12-01','2031-12-31',NULL,NULL,40719,0,NULL,1,0,0,1),(168,NULL,'2032-01',2032,1,'2032-01-01','2032-01-31',NULL,NULL,40719,0,NULL,1,0,0,1),(169,NULL,'2032-02',2032,2,'2032-02-01','2032-02-28',NULL,NULL,40719,0,NULL,1,0,0,1),(170,NULL,'2032-03',2032,3,'2032-03-01','2032-03-31',NULL,NULL,40719,0,NULL,1,0,0,1),(171,NULL,'2032-04',2032,4,'2032-04-01','2032-04-30',NULL,NULL,40719,0,NULL,1,0,0,1),(172,NULL,'2032-05',2032,5,'2032-05-01','2032-05-31',NULL,NULL,40719,0,NULL,1,0,0,1),(173,NULL,'2032-06',2032,6,'2032-06-01','2032-06-30',NULL,NULL,40719,0,NULL,1,0,0,1),(174,NULL,'2032-07',2032,7,'2032-07-01','2032-07-31',NULL,NULL,40719,0,NULL,1,0,0,1),(175,NULL,'2032-08',2032,8,'2032-08-01','2032-08-31',NULL,NULL,40719,0,NULL,1,0,0,1);
INSERT INTO `periods` VALUES (176,NULL,'2032-09',2032,9,'2032-09-01','2032-09-30',NULL,NULL,40719,0,NULL,1,0,0,1),(177,NULL,'2032-10',2032,10,'2032-10-01','2032-10-31',NULL,NULL,40719,0,NULL,1,0,0,1),(178,NULL,'2032-11',2032,11,'2032-11-01','2032-11-30',NULL,NULL,40719,0,NULL,1,0,0,1),(179,NULL,'2032-12',2032,12,'2032-12-01','2032-12-31',NULL,NULL,40719,0,NULL,1,0,0,1),(183,NULL,'2033-01',2033,1,'2033-01-01','2033-01-31',NULL,NULL,40719,0,NULL,1,0,0,1),(184,NULL,'2033-02',2033,2,'2033-02-01','2033-02-28',NULL,NULL,40719,0,NULL,1,0,0,1),(185,NULL,'2033-03',2033,3,'2033-03-01','2033-03-31',NULL,NULL,40719,0,NULL,1,0,0,1),(186,NULL,'2033-04',2033,4,'2033-04-01','2033-04-30',NULL,NULL,40719,0,NULL,1,0,0,1),(187,NULL,'2033-05',2033,5,'2033-05-01','2033-05-31',NULL,NULL,40719,0,NULL,1,0,0,1),(188,NULL,'2033-06',2033,6,'2033-06-01','2033-06-30',NULL,NULL,40719,0,NULL,1,0,0,1),(189,NULL,'2033-07',2033,7,'2033-07-01','2033-07-31',NULL,NULL,40719,0,NULL,1,0,0,1),(190,NULL,'2033-08',2033,8,'2033-08-01','2033-08-31',NULL,NULL,40719,0,NULL,1,0,0,1),(191,NULL,'2033-09',2033,9,'2033-09-01','2033-09-30',NULL,NULL,40719,0,NULL,1,0,0,1),(192,NULL,'2033-10',2033,10,'2033-10-01','2033-10-31',NULL,NULL,40719,0,NULL,1,0,0,1),(193,NULL,'2033-11',2033,11,'2033-11-01','2033-11-30',NULL,NULL,40719,0,NULL,1,0,0,1),(194,NULL,'2033-12',2033,12,'2033-12-01','2033-12-31',NULL,NULL,40719,0,NULL,1,0,0,1),(198,NULL,'2034-01',2034,1,'2034-01-01','2034-01-31',NULL,NULL,40719,0,NULL,1,0,0,1),(199,NULL,'2034-02',2034,2,'2034-02-01','2034-02-28',NULL,NULL,40719,0,NULL,1,0,0,1),(200,NULL,'2034-03',2034,3,'2034-03-01','2034-03-31',NULL,NULL,40719,0,NULL,1,0,0,1),(201,NULL,'2034-04',2034,4,'2034-04-01','2034-04-30',NULL,NULL,40719,0,NULL,1,0,0,1),(202,NULL,'2034-05',2034,5,'2034-05-01','2034-05-31',NULL,NULL,40719,0,NULL,1,0,0,1),(203,NULL,'2034-06',2034,6,'2034-06-01','2034-06-30',NULL,NULL,40719,0,NULL,1,0,0,1),(204,NULL,'2034-07',2034,7,'2034-07-01','2034-07-31',NULL,NULL,40719,0,NULL,1,0,0,1),(205,NULL,'2034-08',2034,8,'2034-08-01','2034-08-31',NULL,NULL,40719,0,NULL,1,0,0,1),(206,NULL,'2034-09',2034,9,'2034-09-01','2034-09-30',NULL,NULL,40719,0,NULL,1,0,0,1),(207,NULL,'2034-10',2034,10,'2034-10-01','2034-10-31',NULL,NULL,40719,0,NULL,1,0,0,1),(208,NULL,'2034-11',2034,11,'2034-11-01','2034-11-30',NULL,NULL,40719,0,NULL,1,0,0,1),(209,NULL,'2034-12',2034,12,'2034-12-01','2034-12-31',NULL,NULL,40719,0,NULL,1,0,0,1),(213,NULL,'2035-01',2035,1,'2035-01-01','2035-01-31',NULL,NULL,40719,0,NULL,1,0,0,1),(214,NULL,'2035-02',2035,2,'2035-02-01','2035-02-28',NULL,NULL,40719,0,NULL,1,0,0,1),(215,NULL,'2035-03',2035,3,'2035-03-01','2035-03-31',NULL,NULL,40719,0,NULL,1,0,0,1),(216,NULL,'2035-04',2035,4,'2035-04-01','2035-04-30',NULL,NULL,40719,0,NULL,1,0,0,1),(217,NULL,'2035-05',2035,5,'2035-05-01','2035-05-31',NULL,NULL,40719,0,NULL,1,0,0,1),(218,NULL,'2035-06',2035,6,'2035-06-01','2035-06-30',NULL,NULL,40719,0,NULL,1,0,0,1),(219,NULL,'2035-07',2035,7,'2035-07-01','2035-07-31',NULL,NULL,40719,0,NULL,1,0,0,1),(220,NULL,'2035-08',2035,8,'2035-08-01','2035-08-31',NULL,NULL,40719,0,NULL,1,0,0,1),(221,NULL,'2035-09',2035,9,'2035-09-01','2035-09-30',NULL,NULL,40719,0,NULL,1,0,0,1),(222,NULL,'2035-10',2035,10,'2035-10-01','2035-10-31',NULL,NULL,40719,0,NULL,1,0,0,1),(223,NULL,'2035-11',2035,11,'2035-11-01','2035-11-30',NULL,NULL,40719,0,NULL,1,0,0,1),(224,NULL,'2035-12',2035,12,'2035-12-01','2035-12-31',NULL,NULL,40719,0,NULL,1,0,0,1),(228,NULL,'2036-01',2036,1,'2036-01-01','2036-01-31',NULL,NULL,40719,0,NULL,1,0,0,1),(229,NULL,'2036-02',2036,2,'2036-02-01','2036-02-28',NULL,NULL,40719,0,NULL,1,0,0,1),(230,NULL,'2036-03',2036,3,'2036-03-01','2036-03-31',NULL,NULL,40719,0,NULL,1,0,0,1),(231,NULL,'2036-04',2036,4,'2036-04-01','2036-04-30',NULL,NULL,40719,0,NULL,1,0,0,1),(232,NULL,'2036-05',2036,5,'2036-05-01','2036-05-31',NULL,NULL,40719,0,NULL,1,0,0,1),(233,NULL,'2036-06',2036,6,'2036-06-01','2036-06-30',NULL,NULL,40719,0,NULL,1,0,0,1),(234,NULL,'2036-07',2036,7,'2036-07-01','2036-07-31',NULL,NULL,40719,0,NULL,1,0,0,1);
INSERT INTO `periods` VALUES (235,NULL,'2036-08',2036,8,'2036-08-01','2036-08-31',NULL,NULL,40719,0,NULL,1,0,0,1),(236,NULL,'2036-09',2036,9,'2036-09-01','2036-09-30',NULL,NULL,40719,0,NULL,1,0,0,1),(237,NULL,'2036-10',2036,10,'2036-10-01','2036-10-31',NULL,NULL,40719,0,NULL,1,0,0,1),(238,NULL,'2036-11',2036,11,'2036-11-01','2036-11-30',NULL,NULL,40719,0,NULL,1,0,0,1),(239,NULL,'2036-12',2036,12,'2036-12-01','2036-12-31',NULL,NULL,40719,0,NULL,1,0,0,1),(243,NULL,'2037-01',2037,1,'2037-01-01','2037-01-31',NULL,NULL,40719,0,NULL,1,0,0,1),(244,NULL,'2037-02',2037,2,'2037-02-01','2037-02-28',NULL,NULL,40719,0,NULL,1,0,0,1),(245,NULL,'2037-03',2037,3,'2037-03-01','2037-03-31',NULL,NULL,40719,0,NULL,1,0,0,1),(246,NULL,'2037-04',2037,4,'2037-04-01','2037-04-30',NULL,NULL,40719,0,NULL,1,0,0,1),(247,NULL,'2037-05',2037,5,'2037-05-01','2037-05-31',NULL,NULL,40719,0,NULL,1,0,0,1),(248,NULL,'2037-06',2037,6,'2037-06-01','2037-06-30',NULL,NULL,40719,0,NULL,1,0,0,1),(249,NULL,'2037-07',2037,7,'2037-07-01','2037-07-31',NULL,NULL,40719,0,NULL,1,0,0,1),(250,NULL,'2037-08',2037,8,'2037-08-01','2037-08-31',NULL,NULL,40719,0,NULL,1,0,0,1),(251,NULL,'2037-09',2037,9,'2037-09-01','2037-09-30',NULL,NULL,40719,0,NULL,1,0,0,1),(252,NULL,'2037-10',2037,10,'2037-10-01','2037-10-31',NULL,NULL,40719,0,NULL,1,0,0,1),(253,NULL,'2037-11',2037,11,'2037-11-01','2037-11-30',NULL,NULL,40719,0,NULL,1,0,0,1),(254,NULL,'2037-12',2037,12,'2037-12-01','2037-12-31',NULL,NULL,40719,0,NULL,1,0,0,1),(258,NULL,'2038-01',2038,1,'2038-01-01','2038-01-31',NULL,NULL,40719,0,NULL,1,0,0,1),(259,NULL,'2038-02',2038,2,'2038-02-01','2038-02-28',NULL,NULL,40719,0,NULL,1,0,0,1),(260,NULL,'2038-03',2038,3,'2038-03-01','2038-03-31',NULL,NULL,40719,0,NULL,1,0,0,1),(261,NULL,'2038-04',2038,4,'2038-04-01','2038-04-30',NULL,NULL,40719,0,NULL,1,0,0,1),(262,NULL,'2038-05',2038,5,'2038-05-01','2038-05-31',NULL,NULL,40719,0,NULL,1,0,0,1),(263,NULL,'2038-06',2038,6,'2038-06-01','2038-06-30',NULL,NULL,40719,0,NULL,1,0,0,1),(264,NULL,'2038-07',2038,7,'2038-07-01','2038-07-31',NULL,NULL,40719,0,NULL,1,0,0,1),(265,NULL,'2038-08',2038,8,'2038-08-01','2038-08-31',NULL,NULL,40719,0,NULL,1,0,0,1),(266,NULL,'2038-09',2038,9,'2038-09-01','2038-09-30',NULL,NULL,40719,0,NULL,1,0,0,1),(267,NULL,'2038-10',2038,10,'2038-10-01','2038-10-31',NULL,NULL,40719,0,NULL,1,0,0,1),(268,NULL,'2038-11',2038,11,'2038-11-01','2038-11-30',NULL,NULL,40719,0,NULL,1,0,0,1),(269,NULL,'2038-12',2038,12,'2038-12-01','2038-12-31',NULL,NULL,40719,0,NULL,1,0,0,1),(273,NULL,'2039-01',2039,1,'2039-01-01','2039-01-31',NULL,NULL,40719,0,NULL,1,0,0,1),(274,NULL,'2039-02',2039,2,'2039-02-01','2039-02-28',NULL,NULL,40719,0,NULL,1,0,0,1),(275,NULL,'2039-03',2039,3,'2039-03-01','2039-03-31',NULL,NULL,40719,0,NULL,1,0,0,1),(276,NULL,'2039-04',2039,4,'2039-04-01','2039-04-30',NULL,NULL,40719,0,NULL,1,0,0,1),(277,NULL,'2039-05',2039,5,'2039-05-01','2039-05-31',NULL,NULL,40719,0,NULL,1,0,0,1),(278,NULL,'2039-06',2039,6,'2039-06-01','2039-06-30',NULL,NULL,40719,0,NULL,1,0,0,1),(279,NULL,'2039-07',2039,7,'2039-07-01','2039-07-31',NULL,NULL,40719,0,NULL,1,0,0,1),(280,NULL,'2039-08',2039,8,'2039-08-01','2039-08-31',NULL,NULL,40719,0,NULL,1,0,0,1),(281,NULL,'2039-09',2039,9,'2039-09-01','2039-09-30',NULL,NULL,40719,0,NULL,1,0,0,1),(282,NULL,'2039-10',2039,10,'2039-10-01','2039-10-31',NULL,NULL,40719,0,NULL,1,0,0,1),(283,NULL,'2039-11',2039,11,'2039-11-01','2039-11-30',NULL,NULL,40719,0,NULL,1,0,0,1),(284,NULL,'2039-12',2039,12,'2039-12-01','2039-12-31',NULL,NULL,40719,0,NULL,1,0,0,1),(288,NULL,'2040-01',2040,1,'2040-01-01','2040-01-31',NULL,NULL,40719,0,NULL,1,0,0,1),(289,NULL,'2040-02',2040,2,'2040-02-01','2040-02-28',NULL,NULL,40719,0,NULL,1,0,0,1),(290,NULL,'2040-03',2040,3,'2040-03-01','2040-03-31',NULL,NULL,40719,0,NULL,1,0,0,1),(291,NULL,'2040-04',2040,4,'2040-04-01','2040-04-30',NULL,NULL,40719,0,NULL,1,0,0,1),(292,NULL,'2040-05',2040,5,'2040-05-01','2040-05-31',NULL,NULL,40719,0,NULL,1,0,0,1),(293,NULL,'2040-06',2040,6,'2040-06-01','2040-06-30',NULL,NULL,40719,0,NULL,1,0,0,1);
INSERT INTO `periods` VALUES (294,NULL,'2040-07',2040,7,'2040-07-01','2040-07-31',NULL,NULL,40719,0,NULL,1,0,0,1),(295,NULL,'2040-08',2040,8,'2040-08-01','2040-08-31',NULL,NULL,40719,0,NULL,1,0,0,1),(296,NULL,'2040-09',2040,9,'2040-09-01','2040-09-30',NULL,NULL,40719,0,NULL,1,0,0,1),(297,NULL,'2040-10',2040,10,'2040-10-01','2040-10-31',NULL,NULL,40719,0,NULL,1,0,0,1),(298,NULL,'2040-11',2040,11,'2040-11-01','2040-11-30',NULL,NULL,40719,0,NULL,1,0,0,1),(299,NULL,'2040-12',2040,12,'2040-12-01','2040-12-31',NULL,NULL,40719,0,NULL,1,0,0,1),(303,NULL,'2041-01',2041,1,'2041-01-01','2041-01-31',NULL,NULL,40719,0,NULL,1,0,0,1),(304,NULL,'2041-02',2041,2,'2041-02-01','2041-02-28',NULL,NULL,40719,0,NULL,1,0,0,1),(305,NULL,'2041-03',2041,3,'2041-03-01','2041-03-31',NULL,NULL,40719,0,NULL,1,0,0,1),(306,NULL,'2041-04',2041,4,'2041-04-01','2041-04-30',NULL,NULL,40719,0,NULL,1,0,0,1),(307,NULL,'2041-05',2041,5,'2041-05-01','2041-05-31',NULL,NULL,40719,0,NULL,1,0,0,1),(308,NULL,'2041-06',2041,6,'2041-06-01','2041-06-30',NULL,NULL,40719,0,NULL,1,0,0,1),(309,NULL,'2041-07',2041,7,'2041-07-01','2041-07-31',NULL,NULL,40719,0,NULL,1,0,0,1),(310,NULL,'2041-08',2041,8,'2041-08-01','2041-08-31',NULL,NULL,40719,0,NULL,1,0,0,1),(311,NULL,'2041-09',2041,9,'2041-09-01','2041-09-30',NULL,NULL,40719,0,NULL,1,0,0,1),(312,NULL,'2041-10',2041,10,'2041-10-01','2041-10-31',NULL,NULL,40719,0,NULL,1,0,0,1),(313,NULL,'2041-11',2041,11,'2041-11-01','2041-11-30',NULL,NULL,40719,0,NULL,1,0,0,1),(314,NULL,'2041-12',2041,12,'2041-12-01','2041-12-31',NULL,NULL,40719,0,NULL,1,0,0,1),(318,NULL,'2042-01',2042,1,'2042-01-01','2042-01-31',NULL,NULL,40719,0,NULL,1,0,0,1),(319,NULL,'2042-02',2042,2,'2042-02-01','2042-02-28',NULL,NULL,40719,0,NULL,1,0,0,1),(320,NULL,'2042-03',2042,3,'2042-03-01','2042-03-31',NULL,NULL,40719,0,NULL,1,0,0,1),(321,NULL,'2042-04',2042,4,'2042-04-01','2042-04-30',NULL,NULL,40719,0,NULL,1,0,0,1),(322,NULL,'2042-05',2042,5,'2042-05-01','2042-05-31',NULL,NULL,40719,0,NULL,1,0,0,1),(323,NULL,'2042-06',2042,6,'2042-06-01','2042-06-30',NULL,NULL,40719,0,NULL,1,0,0,1),(324,NULL,'2042-07',2042,7,'2042-07-01','2042-07-31',NULL,NULL,40719,0,NULL,1,0,0,1),(325,NULL,'2042-08',2042,8,'2042-08-01','2042-08-31',NULL,NULL,40719,0,NULL,1,0,0,1),(326,NULL,'2042-09',2042,9,'2042-09-01','2042-09-30',NULL,NULL,40719,0,NULL,1,0,0,1),(327,NULL,'2042-10',2042,10,'2042-10-01','2042-10-31',NULL,NULL,40719,0,NULL,1,0,0,1),(328,NULL,'2042-11',2042,11,'2042-11-01','2042-11-30',NULL,NULL,40719,0,NULL,1,0,0,1),(329,NULL,'2042-12',2042,12,'2042-12-01','2042-12-31',NULL,NULL,40719,0,NULL,1,0,0,1),(333,NULL,'2043-01',2043,1,'2043-01-01','2043-01-31',NULL,NULL,40719,0,NULL,1,0,0,1),(334,NULL,'2043-02',2043,2,'2043-02-01','2043-02-28',NULL,NULL,40719,0,NULL,1,0,0,1),(335,NULL,'2043-03',2043,3,'2043-03-01','2043-03-31',NULL,NULL,40719,0,NULL,1,0,0,1),(336,NULL,'2043-04',2043,4,'2043-04-01','2043-04-30',NULL,NULL,40719,0,NULL,1,0,0,1),(337,NULL,'2043-05',2043,5,'2043-05-01','2043-05-31',NULL,NULL,40719,0,NULL,1,0,0,1),(338,NULL,'2043-06',2043,6,'2043-06-01','2043-06-30',NULL,NULL,40719,0,NULL,1,0,0,1),(339,NULL,'2043-07',2043,7,'2043-07-01','2043-07-31',NULL,NULL,40719,0,NULL,1,0,0,1),(340,NULL,'2043-08',2043,8,'2043-08-01','2043-08-31',NULL,NULL,40719,0,NULL,1,0,0,1),(341,NULL,'2043-09',2043,9,'2043-09-01','2043-09-30',NULL,NULL,40719,0,NULL,1,0,0,1),(342,NULL,'2043-10',2043,10,'2043-10-01','2043-10-31',NULL,NULL,40719,0,NULL,1,0,0,1),(343,NULL,'2043-11',2043,11,'2043-11-01','2043-11-30',NULL,NULL,40719,0,NULL,1,0,0,1),(344,NULL,'2043-12',2043,12,'2043-12-01','2043-12-31',NULL,NULL,40719,0,NULL,1,0,0,1),(348,NULL,'2044-01',2044,1,'2044-01-01','2044-01-31',NULL,NULL,40719,0,NULL,1,0,0,1),(349,NULL,'2044-02',2044,2,'2044-02-01','2044-02-28',NULL,NULL,40719,0,NULL,1,0,0,1),(350,NULL,'2044-03',2044,3,'2044-03-01','2044-03-31',NULL,NULL,40719,0,NULL,1,0,0,1),(351,NULL,'2044-04',2044,4,'2044-04-01','2044-04-30',NULL,NULL,40719,0,NULL,1,0,0,1),(352,NULL,'2044-05',2044,5,'2044-05-01','2044-05-31',NULL,NULL,40719,0,NULL,1,0,0,1);
INSERT INTO `periods` VALUES (353,NULL,'2044-06',2044,6,'2044-06-01','2044-06-30',NULL,NULL,40719,0,NULL,1,0,0,1),(354,NULL,'2044-07',2044,7,'2044-07-01','2044-07-31',NULL,NULL,40719,0,NULL,1,0,0,1),(355,NULL,'2044-08',2044,8,'2044-08-01','2044-08-31',NULL,NULL,40719,0,NULL,1,0,0,1),(356,NULL,'2044-09',2044,9,'2044-09-01','2044-09-30',NULL,NULL,40719,0,NULL,1,0,0,1),(357,NULL,'2044-10',2044,10,'2044-10-01','2044-10-31',NULL,NULL,40719,0,NULL,1,0,0,1),(358,NULL,'2044-11',2044,11,'2044-11-01','2044-11-30',NULL,NULL,40719,0,NULL,1,0,0,1),(359,NULL,'2044-12',2044,12,'2044-12-01','2044-12-31',NULL,NULL,40719,0,NULL,1,0,0,1),(363,NULL,'2045-01',2045,1,'2045-01-01','2045-01-31',NULL,NULL,40719,0,NULL,1,0,0,1),(364,NULL,'2045-02',2045,2,'2045-02-01','2045-02-28',NULL,NULL,40719,0,NULL,1,0,0,1),(365,NULL,'2045-03',2045,3,'2045-03-01','2045-03-31',NULL,NULL,40719,0,NULL,1,0,0,1),(366,NULL,'2045-04',2045,4,'2045-04-01','2045-04-30',NULL,NULL,40719,0,NULL,1,0,0,1),(367,NULL,'2045-05',2045,5,'2045-05-01','2045-05-31',NULL,NULL,40719,0,NULL,1,0,0,1),(368,NULL,'2045-06',2045,6,'2045-06-01','2045-06-30',NULL,NULL,40719,0,NULL,1,0,0,1),(369,NULL,'2045-07',2045,7,'2045-07-01','2045-07-31',NULL,NULL,40719,0,NULL,1,0,0,1),(370,NULL,'2045-08',2045,8,'2045-08-01','2045-08-31',NULL,NULL,40719,0,NULL,1,0,0,1),(371,NULL,'2045-09',2045,9,'2045-09-01','2045-09-30',NULL,NULL,40719,0,NULL,1,0,0,1),(372,NULL,'2045-10',2045,10,'2045-10-01','2045-10-31',NULL,NULL,40719,0,NULL,1,0,0,1),(373,NULL,'2045-11',2045,11,'2045-11-01','2045-11-30',NULL,NULL,40719,0,NULL,1,0,0,1),(374,NULL,'2045-12',2045,12,'2045-12-01','2045-12-31',NULL,NULL,40719,0,NULL,1,0,0,1),(378,NULL,'2046-01',2046,1,'2046-01-01','2046-01-31',NULL,NULL,40719,0,NULL,1,0,0,1),(379,NULL,'2046-02',2046,2,'2046-02-01','2046-02-28',NULL,NULL,40719,0,NULL,1,0,0,1),(380,NULL,'2046-03',2046,3,'2046-03-01','2046-03-31',NULL,NULL,40719,0,NULL,1,0,0,1),(381,NULL,'2046-04',2046,4,'2046-04-01','2046-04-30',NULL,NULL,40719,0,NULL,1,0,0,1),(382,NULL,'2046-05',2046,5,'2046-05-01','2046-05-31',NULL,NULL,40719,0,NULL,1,0,0,1),(383,NULL,'2046-06',2046,6,'2046-06-01','2046-06-30',NULL,NULL,40719,0,NULL,1,0,0,1),(384,NULL,'2046-07',2046,7,'2046-07-01','2046-07-31',NULL,NULL,40719,0,NULL,1,0,0,1),(385,NULL,'2046-08',2046,8,'2046-08-01','2046-08-31',NULL,NULL,40719,0,NULL,1,0,0,1),(386,NULL,'2046-09',2046,9,'2046-09-01','2046-09-30',NULL,NULL,40719,0,NULL,1,0,0,1),(387,NULL,'2046-10',2046,10,'2046-10-01','2046-10-31',NULL,NULL,40719,0,NULL,1,0,0,1),(388,NULL,'2046-11',2046,11,'2046-11-01','2046-11-30',NULL,NULL,40719,0,NULL,1,0,0,1),(389,NULL,'2046-12',2046,12,'2046-12-01','2046-12-31',NULL,NULL,40719,0,NULL,1,0,0,1),(393,NULL,'2047-01',2047,1,'2047-01-01','2047-01-31',NULL,NULL,40719,0,NULL,1,0,0,1),(394,NULL,'2047-02',2047,2,'2047-02-01','2047-02-28',NULL,NULL,40719,0,NULL,1,0,0,1),(395,NULL,'2047-03',2047,3,'2047-03-01','2047-03-31',NULL,NULL,40719,0,NULL,1,0,0,1),(396,NULL,'2047-04',2047,4,'2047-04-01','2047-04-30',NULL,NULL,40719,0,NULL,1,0,0,1),(397,NULL,'2047-05',2047,5,'2047-05-01','2047-05-31',NULL,NULL,40719,0,NULL,1,0,0,1),(398,NULL,'2047-06',2047,6,'2047-06-01','2047-06-30',NULL,NULL,40719,0,NULL,1,0,0,1),(399,NULL,'2047-07',2047,7,'2047-07-01','2047-07-31',NULL,NULL,40719,0,NULL,1,0,0,1),(400,NULL,'2047-08',2047,8,'2047-08-01','2047-08-31',NULL,NULL,40719,0,NULL,1,0,0,1),(401,NULL,'2047-09',2047,9,'2047-09-01','2047-09-30',NULL,NULL,40719,0,NULL,1,0,0,1),(402,NULL,'2047-10',2047,10,'2047-10-01','2047-10-31',NULL,NULL,40719,0,NULL,1,0,0,1),(403,NULL,'2047-11',2047,11,'2047-11-01','2047-11-30',NULL,NULL,40719,0,NULL,1,0,0,1),(404,NULL,'2047-12',2047,12,'2047-12-01','2047-12-31',NULL,NULL,40719,0,NULL,1,0,0,1),(408,NULL,'2048-01',2048,1,'2048-01-01','2048-01-31',NULL,NULL,40719,0,NULL,1,0,0,1),(409,NULL,'2048-02',2048,2,'2048-02-01','2048-02-28',NULL,NULL,40719,0,NULL,1,0,0,1),(410,NULL,'2048-03',2048,3,'2048-03-01','2048-03-31',NULL,NULL,40719,0,NULL,1,0,0,1),(411,NULL,'2048-04',2048,4,'2048-04-01','2048-04-30',NULL,NULL,40719,0,NULL,1,0,0,1);
INSERT INTO `periods` VALUES (412,NULL,'2048-05',2048,5,'2048-05-01','2048-05-31',NULL,NULL,40719,0,NULL,1,0,0,1),(413,NULL,'2048-06',2048,6,'2048-06-01','2048-06-30',NULL,NULL,40719,0,NULL,1,0,0,1),(414,NULL,'2048-07',2048,7,'2048-07-01','2048-07-31',NULL,NULL,40719,0,NULL,1,0,0,1),(415,NULL,'2048-08',2048,8,'2048-08-01','2048-08-31',NULL,NULL,40719,0,NULL,1,0,0,1),(416,NULL,'2048-09',2048,9,'2048-09-01','2048-09-30',NULL,NULL,40719,0,NULL,1,0,0,1),(417,NULL,'2048-10',2048,10,'2048-10-01','2048-10-31',NULL,NULL,40719,0,NULL,1,0,0,1),(418,NULL,'2048-11',2048,11,'2048-11-01','2048-11-30',NULL,NULL,40719,0,NULL,1,0,0,1),(419,NULL,'2048-12',2048,12,'2048-12-01','2048-12-31',NULL,NULL,40719,0,NULL,1,0,0,1),(423,NULL,'2049-01',2049,1,'2049-01-01','2049-01-31',NULL,NULL,40719,0,NULL,1,0,0,1),(424,NULL,'2049-02',2049,2,'2049-02-01','2049-02-28',NULL,NULL,40719,0,NULL,1,0,0,1),(425,NULL,'2049-03',2049,3,'2049-03-01','2049-03-31',NULL,NULL,40719,0,NULL,1,0,0,1),(426,NULL,'2049-04',2049,4,'2049-04-01','2049-04-30',NULL,NULL,40719,0,NULL,1,0,0,1),(427,NULL,'2049-05',2049,5,'2049-05-01','2049-05-31',NULL,NULL,40719,0,NULL,1,0,0,1),(428,NULL,'2049-06',2049,6,'2049-06-01','2049-06-30',NULL,NULL,40719,0,NULL,1,0,0,1),(429,NULL,'2049-07',2049,7,'2049-07-01','2049-07-31',NULL,NULL,40719,0,NULL,1,0,0,1),(430,NULL,'2049-08',2049,8,'2049-08-01','2049-08-31',NULL,NULL,40719,0,NULL,1,0,0,1),(431,NULL,'2049-09',2049,9,'2049-09-01','2049-09-30',NULL,NULL,40719,0,NULL,1,0,0,1),(432,NULL,'2049-10',2049,10,'2049-10-01','2049-10-31',NULL,NULL,40719,0,NULL,1,0,0,1),(433,NULL,'2049-11',2049,11,'2049-11-01','2049-11-30',NULL,NULL,40719,0,NULL,1,0,0,1),(434,NULL,'2049-12',2049,12,'2049-12-01','2049-12-31',NULL,NULL,40719,0,NULL,1,0,0,1),(438,NULL,'2050-01',2050,1,'2050-01-01','2050-01-31',NULL,NULL,40719,0,NULL,1,0,0,1),(439,NULL,'2050-02',2050,2,'2050-02-01','2050-02-28',NULL,NULL,40719,0,NULL,1,0,0,1),(440,NULL,'2050-03',2050,3,'2050-03-01','2050-03-31',NULL,NULL,40719,0,NULL,1,0,0,1),(441,NULL,'2050-04',2050,4,'2050-04-01','2050-04-30',NULL,NULL,40719,0,NULL,1,0,0,1),(442,NULL,'2050-05',2050,5,'2050-05-01','2050-05-31',NULL,NULL,40719,0,NULL,1,0,0,1),(443,NULL,'2050-06',2050,6,'2050-06-01','2050-06-30',NULL,NULL,40719,0,NULL,1,0,0,1),(444,NULL,'2050-07',2050,7,'2050-07-01','2050-07-31',NULL,NULL,40719,0,NULL,1,0,0,1),(445,NULL,'2050-08',2050,8,'2050-08-01','2050-08-31',NULL,NULL,40719,0,NULL,1,0,0,1),(446,NULL,'2050-09',2050,9,'2050-09-01','2050-09-30',NULL,NULL,40719,0,NULL,1,0,0,1),(447,NULL,'2050-10',2050,10,'2050-10-01','2050-10-31',NULL,NULL,40719,0,NULL,1,0,0,1),(448,NULL,'2050-11',2050,11,'2050-11-01','2050-11-30',NULL,NULL,40719,0,NULL,1,0,0,1),(449,NULL,'2050-12',2050,12,'2050-12-01','2050-12-31',NULL,NULL,40719,0,NULL,1,0,0,1),(453,NULL,'2051-01',2051,1,'2051-01-01','2051-01-31',NULL,NULL,40719,0,NULL,1,0,0,1),(454,NULL,'2051-02',2051,2,'2051-02-01','2051-02-28',NULL,NULL,40719,0,NULL,1,0,0,1),(455,NULL,'2051-03',2051,3,'2051-03-01','2051-03-31',NULL,NULL,40719,0,NULL,1,0,0,1),(456,NULL,'2051-04',2051,4,'2051-04-01','2051-04-30',NULL,NULL,40719,0,NULL,1,0,0,1),(457,NULL,'2051-05',2051,5,'2051-05-01','2051-05-31',NULL,NULL,40719,0,NULL,1,0,0,1),(458,NULL,'2051-06',2051,6,'2051-06-01','2051-06-30',NULL,NULL,40719,0,NULL,1,0,0,1),(459,NULL,'2051-07',2051,7,'2051-07-01','2051-07-31',NULL,NULL,40719,0,NULL,1,0,0,1),(460,NULL,'2051-08',2051,8,'2051-08-01','2051-08-31',NULL,NULL,40719,0,NULL,1,0,0,1),(461,NULL,'2051-09',2051,9,'2051-09-01','2051-09-30',NULL,NULL,40719,0,NULL,1,0,0,1),(462,NULL,'2051-10',2051,10,'2051-10-01','2051-10-31',NULL,NULL,40719,0,NULL,1,0,0,1),(463,NULL,'2051-11',2051,11,'2051-11-01','2051-11-30',NULL,NULL,40719,0,NULL,1,0,0,1),(464,NULL,'2051-12',2051,12,'2051-12-01','2051-12-31',NULL,NULL,40719,0,NULL,1,0,0,1),(468,NULL,'2052-01',2052,1,'2052-01-01','2052-01-31',NULL,NULL,40719,0,NULL,1,0,0,1),(469,NULL,'2052-02',2052,2,'2052-02-01','2052-02-28',NULL,NULL,40719,0,NULL,1,0,0,1),(470,NULL,'2052-03',2052,3,'2052-03-01','2052-03-31',NULL,NULL,40719,0,NULL,1,0,0,1);
INSERT INTO `periods` VALUES (471,NULL,'2052-04',2052,4,'2052-04-01','2052-04-30',NULL,NULL,40719,0,NULL,1,0,0,1),(472,NULL,'2052-05',2052,5,'2052-05-01','2052-05-31',NULL,NULL,40719,0,NULL,1,0,0,1),(473,NULL,'2052-06',2052,6,'2052-06-01','2052-06-30',NULL,NULL,40719,0,NULL,1,0,0,1),(474,NULL,'2052-07',2052,7,'2052-07-01','2052-07-31',NULL,NULL,40719,0,NULL,1,0,0,1),(475,NULL,'2052-08',2052,8,'2052-08-01','2052-08-31',NULL,NULL,40719,0,NULL,1,0,0,1),(476,NULL,'2052-09',2052,9,'2052-09-01','2052-09-30',NULL,NULL,40719,0,NULL,1,0,0,1),(477,NULL,'2052-10',2052,10,'2052-10-01','2052-10-31',NULL,NULL,40719,0,NULL,1,0,0,1),(478,NULL,'2052-11',2052,11,'2052-11-01','2052-11-30',NULL,NULL,40719,0,NULL,1,0,0,1),(479,NULL,'2052-12',2052,12,'2052-12-01','2052-12-31',NULL,NULL,40719,0,NULL,1,0,0,1),(483,NULL,'2053-01',2053,1,'2053-01-01','2053-01-31',NULL,NULL,40719,0,NULL,1,0,0,1),(484,NULL,'2053-02',2053,2,'2053-02-01','2053-02-28',NULL,NULL,40719,0,NULL,1,0,0,1),(485,NULL,'2053-03',2053,3,'2053-03-01','2053-03-31',NULL,NULL,40719,0,NULL,1,0,0,1),(486,NULL,'2053-04',2053,4,'2053-04-01','2053-04-30',NULL,NULL,40719,0,NULL,1,0,0,1),(487,NULL,'2053-05',2053,5,'2053-05-01','2053-05-31',NULL,NULL,40719,0,NULL,1,0,0,1),(488,NULL,'2053-06',2053,6,'2053-06-01','2053-06-30',NULL,NULL,40719,0,NULL,1,0,0,1),(489,NULL,'2053-07',2053,7,'2053-07-01','2053-07-31',NULL,NULL,40719,0,NULL,1,0,0,1),(490,NULL,'2053-08',2053,8,'2053-08-01','2053-08-31',NULL,NULL,40719,0,NULL,1,0,0,1),(491,NULL,'2053-09',2053,9,'2053-09-01','2053-09-30',NULL,NULL,40719,0,NULL,1,0,0,1),(492,NULL,'2053-10',2053,10,'2053-10-01','2053-10-31',NULL,NULL,40719,0,NULL,1,0,0,1),(493,NULL,'2053-11',2053,11,'2053-11-01','2053-11-30',NULL,NULL,40719,0,NULL,1,0,0,1),(494,NULL,'2053-12',2053,12,'2053-12-01','2053-12-31',NULL,NULL,40719,0,NULL,1,0,0,1),(498,NULL,'2054-01',2054,1,'2054-01-01','2054-01-31',NULL,NULL,40719,0,NULL,1,0,0,1),(499,NULL,'2054-02',2054,2,'2054-02-01','2054-02-28',NULL,NULL,40719,0,NULL,1,0,0,1),(500,NULL,'2054-03',2054,3,'2054-03-01','2054-03-31',NULL,NULL,40719,0,NULL,1,0,0,1),(501,NULL,'2054-04',2054,4,'2054-04-01','2054-04-30',NULL,NULL,40719,0,NULL,1,0,0,1),(502,NULL,'2054-05',2054,5,'2054-05-01','2054-05-31',NULL,NULL,40719,0,NULL,1,0,0,1),(503,NULL,'2054-06',2054,6,'2054-06-01','2054-06-30',NULL,NULL,40719,0,NULL,1,0,0,1),(504,NULL,'2054-07',2054,7,'2054-07-01','2054-07-31',NULL,NULL,40719,0,NULL,1,0,0,1),(505,NULL,'2054-08',2054,8,'2054-08-01','2054-08-31',NULL,NULL,40719,0,NULL,1,0,0,1),(506,NULL,'2054-09',2054,9,'2054-09-01','2054-09-30',NULL,NULL,40719,0,NULL,1,0,0,1),(507,NULL,'2054-10',2054,10,'2054-10-01','2054-10-31',NULL,NULL,40719,0,NULL,1,0,0,1),(508,NULL,'2054-11',2054,11,'2054-11-01','2054-11-30',NULL,NULL,40719,0,NULL,1,0,0,1),(509,NULL,'2054-12',2054,12,'2054-12-01','2054-12-31',NULL,NULL,40719,0,NULL,1,0,0,1),(513,NULL,'2055-01',2055,1,'2055-01-01','2055-01-31',NULL,NULL,40719,0,NULL,1,0,0,1),(514,NULL,'2055-02',2055,2,'2055-02-01','2055-02-28',NULL,NULL,40719,0,NULL,1,0,0,1),(515,NULL,'2055-03',2055,3,'2055-03-01','2055-03-31',NULL,NULL,40719,0,NULL,1,0,0,1),(516,NULL,'2055-04',2055,4,'2055-04-01','2055-04-30',NULL,NULL,40719,0,NULL,1,0,0,1),(517,NULL,'2055-05',2055,5,'2055-05-01','2055-05-31',NULL,NULL,40719,0,NULL,1,0,0,1),(518,NULL,'2055-06',2055,6,'2055-06-01','2055-06-30',NULL,NULL,40719,0,NULL,1,0,0,1),(519,NULL,'2055-07',2055,7,'2055-07-01','2055-07-31',NULL,NULL,40719,0,NULL,1,0,0,1),(520,NULL,'2055-08',2055,8,'2055-08-01','2055-08-31',NULL,NULL,40719,0,NULL,1,0,0,1),(521,NULL,'2055-09',2055,9,'2055-09-01','2055-09-30',NULL,NULL,40719,0,NULL,1,0,0,1),(522,NULL,'2055-10',2055,10,'2055-10-01','2055-10-31',NULL,NULL,40719,0,NULL,1,0,0,1),(523,NULL,'2055-11',2055,11,'2055-11-01','2055-11-30',NULL,NULL,40719,0,NULL,1,0,0,1),(524,NULL,'2055-12',2055,12,'2055-12-01','2055-12-31',NULL,NULL,40719,0,NULL,1,0,0,1),(528,NULL,'2056-01',2056,1,'2056-01-01','2056-01-31',NULL,NULL,40719,0,NULL,1,0,0,1),(529,NULL,'2056-02',2056,2,'2056-02-01','2056-02-28',NULL,NULL,40719,0,NULL,1,0,0,1);
INSERT INTO `periods` VALUES (530,NULL,'2056-03',2056,3,'2056-03-01','2056-03-31',NULL,NULL,40719,0,NULL,1,0,0,1),(531,NULL,'2056-04',2056,4,'2056-04-01','2056-04-30',NULL,NULL,40719,0,NULL,1,0,0,1),(532,NULL,'2056-05',2056,5,'2056-05-01','2056-05-31',NULL,NULL,40719,0,NULL,1,0,0,1),(533,NULL,'2056-06',2056,6,'2056-06-01','2056-06-30',NULL,NULL,40719,0,NULL,1,0,0,1),(534,NULL,'2056-07',2056,7,'2056-07-01','2056-07-31',NULL,NULL,40719,0,NULL,1,0,0,1),(535,NULL,'2056-08',2056,8,'2056-08-01','2056-08-31',NULL,NULL,40719,0,NULL,1,0,0,1),(536,NULL,'2056-09',2056,9,'2056-09-01','2056-09-30',NULL,NULL,40719,0,NULL,1,0,0,1),(537,NULL,'2056-10',2056,10,'2056-10-01','2056-10-31',NULL,NULL,40719,0,NULL,1,0,0,1),(538,NULL,'2056-11',2056,11,'2056-11-01','2056-11-30',NULL,NULL,40719,0,NULL,1,0,0,1),(539,NULL,'2056-12',2056,12,'2056-12-01','2056-12-31',NULL,NULL,40719,0,NULL,1,0,0,1),(543,NULL,'2057-01',2057,1,'2057-01-01','2057-01-31',NULL,NULL,40719,0,NULL,1,0,0,1),(544,NULL,'2057-02',2057,2,'2057-02-01','2057-02-28',NULL,NULL,40719,0,NULL,1,0,0,1),(545,NULL,'2057-03',2057,3,'2057-03-01','2057-03-31',NULL,NULL,40719,0,NULL,1,0,0,1),(546,NULL,'2057-04',2057,4,'2057-04-01','2057-04-30',NULL,NULL,40719,0,NULL,1,0,0,1),(547,NULL,'2057-05',2057,5,'2057-05-01','2057-05-31',NULL,NULL,40719,0,NULL,1,0,0,1),(548,NULL,'2057-06',2057,6,'2057-06-01','2057-06-30',NULL,NULL,40719,0,NULL,1,0,0,1),(549,NULL,'2057-07',2057,7,'2057-07-01','2057-07-31',NULL,NULL,40719,0,NULL,1,0,0,1),(550,NULL,'2057-08',2057,8,'2057-08-01','2057-08-31',NULL,NULL,40719,0,NULL,1,0,0,1),(551,NULL,'2057-09',2057,9,'2057-09-01','2057-09-30',NULL,NULL,40719,0,NULL,1,0,0,1),(552,NULL,'2057-10',2057,10,'2057-10-01','2057-10-31',NULL,NULL,40719,0,NULL,1,0,0,1),(553,NULL,'2057-11',2057,11,'2057-11-01','2057-11-30',NULL,NULL,40719,0,NULL,1,0,0,1),(554,NULL,'2057-12',2057,12,'2057-12-01','2057-12-31',NULL,NULL,40719,0,NULL,1,0,0,1),(558,NULL,'2058-01',2058,1,'2058-01-01','2058-01-31',NULL,NULL,40719,0,NULL,1,0,0,1),(559,NULL,'2058-02',2058,2,'2058-02-01','2058-02-28',NULL,NULL,40719,0,NULL,1,0,0,1),(560,NULL,'2058-03',2058,3,'2058-03-01','2058-03-31',NULL,NULL,40719,0,NULL,1,0,0,1),(561,NULL,'2058-04',2058,4,'2058-04-01','2058-04-30',NULL,NULL,40719,0,NULL,1,0,0,1),(562,NULL,'2058-05',2058,5,'2058-05-01','2058-05-31',NULL,NULL,40719,0,NULL,1,0,0,1),(563,NULL,'2058-06',2058,6,'2058-06-01','2058-06-30',NULL,NULL,40719,0,NULL,1,0,0,1),(564,NULL,'2058-07',2058,7,'2058-07-01','2058-07-31',NULL,NULL,40719,0,NULL,1,0,0,1),(565,NULL,'2058-08',2058,8,'2058-08-01','2058-08-31',NULL,NULL,40719,0,NULL,1,0,0,1),(566,NULL,'2058-09',2058,9,'2058-09-01','2058-09-30',NULL,NULL,40719,0,NULL,1,0,0,1),(567,NULL,'2058-10',2058,10,'2058-10-01','2058-10-31',NULL,NULL,40719,0,NULL,1,0,0,1),(568,NULL,'2058-11',2058,11,'2058-11-01','2058-11-30',NULL,NULL,40719,0,NULL,1,0,0,1),(569,NULL,'2058-12',2058,12,'2058-12-01','2058-12-31',NULL,NULL,40719,0,NULL,1,0,0,1),(573,NULL,'2059-01',2059,1,'2059-01-01','2059-01-31',NULL,NULL,40719,0,NULL,1,0,0,1),(574,NULL,'2059-02',2059,2,'2059-02-01','2059-02-28',NULL,NULL,40719,0,NULL,1,0,0,1),(575,NULL,'2059-03',2059,3,'2059-03-01','2059-03-31',NULL,NULL,40719,0,NULL,1,0,0,1),(576,NULL,'2059-04',2059,4,'2059-04-01','2059-04-30',NULL,NULL,40719,0,NULL,1,0,0,1),(577,NULL,'2059-05',2059,5,'2059-05-01','2059-05-31',NULL,NULL,40719,0,NULL,1,0,0,1),(578,NULL,'2059-06',2059,6,'2059-06-01','2059-06-30',NULL,NULL,40719,0,NULL,1,0,0,1),(579,NULL,'2059-07',2059,7,'2059-07-01','2059-07-31',NULL,NULL,40719,0,NULL,1,0,0,1),(580,NULL,'2059-08',2059,8,'2059-08-01','2059-08-31',NULL,NULL,40719,0,NULL,1,0,0,1),(581,NULL,'2059-09',2059,9,'2059-09-01','2059-09-30',NULL,NULL,40719,0,NULL,1,0,0,1),(582,NULL,'2059-10',2059,10,'2059-10-01','2059-10-31',NULL,NULL,40719,0,NULL,1,0,0,1),(583,NULL,'2059-11',2059,11,'2059-11-01','2059-11-30',NULL,NULL,40719,0,NULL,1,0,0,1),(584,NULL,'2059-12',2059,12,'2059-12-01','2059-12-31',NULL,NULL,40719,0,NULL,1,0,0,1),(588,NULL,'2060-01',2060,1,'2060-01-01','2060-01-31',NULL,NULL,40719,0,NULL,1,0,0,1);
INSERT INTO `periods` VALUES (589,NULL,'2060-02',2060,2,'2060-02-01','2060-02-28',NULL,NULL,40719,0,NULL,1,0,0,1),(590,NULL,'2060-03',2060,3,'2060-03-01','2060-03-31',NULL,NULL,40719,0,NULL,1,0,0,1),(591,NULL,'2060-04',2060,4,'2060-04-01','2060-04-30',NULL,NULL,40719,0,NULL,1,0,0,1),(592,NULL,'2060-05',2060,5,'2060-05-01','2060-05-31',NULL,NULL,40719,0,NULL,1,0,0,1),(593,NULL,'2060-06',2060,6,'2060-06-01','2060-06-30',NULL,NULL,40719,0,NULL,1,0,0,1),(594,NULL,'2060-07',2060,7,'2060-07-01','2060-07-31',NULL,NULL,40719,0,NULL,1,0,0,1),(595,NULL,'2060-08',2060,8,'2060-08-01','2060-08-31',NULL,NULL,40719,0,NULL,1,0,0,1),(596,NULL,'2060-09',2060,9,'2060-09-01','2060-09-30',NULL,NULL,40719,0,NULL,1,0,0,1),(597,NULL,'2060-10',2060,10,'2060-10-01','2060-10-31',NULL,NULL,40719,0,NULL,1,0,0,1),(598,NULL,'2060-11',2060,11,'2060-11-01','2060-11-30',NULL,NULL,40719,0,NULL,1,0,0,1),(599,NULL,'2060-12',2060,12,'2060-12-01','2060-12-31',NULL,NULL,40719,0,NULL,1,0,0,1),(603,NULL,'2061-01',2061,1,'2061-01-01','2061-01-31',NULL,NULL,40719,0,NULL,1,0,0,1),(604,NULL,'2061-02',2061,2,'2061-02-01','2061-02-28',NULL,NULL,40719,0,NULL,1,0,0,1),(605,NULL,'2061-03',2061,3,'2061-03-01','2061-03-31',NULL,NULL,40719,0,NULL,1,0,0,1),(606,NULL,'2061-04',2061,4,'2061-04-01','2061-04-30',NULL,NULL,40719,0,NULL,1,0,0,1),(607,NULL,'2061-05',2061,5,'2061-05-01','2061-05-31',NULL,NULL,40719,0,NULL,1,0,0,1),(608,NULL,'2061-06',2061,6,'2061-06-01','2061-06-30',NULL,NULL,40719,0,NULL,1,0,0,1),(609,NULL,'2061-07',2061,7,'2061-07-01','2061-07-31',NULL,NULL,40719,0,NULL,1,0,0,1),(610,NULL,'2061-08',2061,8,'2061-08-01','2061-08-31',NULL,NULL,40719,0,NULL,1,0,0,1),(611,NULL,'2061-09',2061,9,'2061-09-01','2061-09-30',NULL,NULL,40719,0,NULL,1,0,0,1),(612,NULL,'2061-10',2061,10,'2061-10-01','2061-10-31',NULL,NULL,40719,0,NULL,1,0,0,1),(613,NULL,'2061-11',2061,11,'2061-11-01','2061-11-30',NULL,NULL,40719,0,NULL,1,0,0,1),(614,NULL,'2061-12',2061,12,'2061-12-01','2061-12-31',NULL,NULL,40719,0,NULL,1,0,0,1),(618,NULL,'2062-01',2062,1,'2062-01-01','2062-01-31',NULL,NULL,40719,0,NULL,1,0,0,1),(619,NULL,'2062-02',2062,2,'2062-02-01','2062-02-28',NULL,NULL,40719,0,NULL,1,0,0,1),(620,NULL,'2062-03',2062,3,'2062-03-01','2062-03-31',NULL,NULL,40719,0,NULL,1,0,0,1),(621,NULL,'2062-04',2062,4,'2062-04-01','2062-04-30',NULL,NULL,40719,0,NULL,1,0,0,1),(622,NULL,'2062-05',2062,5,'2062-05-01','2062-05-31',NULL,NULL,40719,0,NULL,1,0,0,1),(623,NULL,'2062-06',2062,6,'2062-06-01','2062-06-30',NULL,NULL,40719,0,NULL,1,0,0,1),(624,NULL,'2062-07',2062,7,'2062-07-01','2062-07-31',NULL,NULL,40719,0,NULL,1,0,0,1),(625,NULL,'2062-08',2062,8,'2062-08-01','2062-08-31',NULL,NULL,40719,0,NULL,1,0,0,1),(626,NULL,'2062-09',2062,9,'2062-09-01','2062-09-30',NULL,NULL,40719,0,NULL,1,0,0,1),(627,NULL,'2062-10',2062,10,'2062-10-01','2062-10-31',NULL,NULL,40719,0,NULL,1,0,0,1),(628,NULL,'2062-11',2062,11,'2062-11-01','2062-11-30',NULL,NULL,40719,0,NULL,1,0,0,1),(629,NULL,'2062-12',2062,12,'2062-12-01','2062-12-31',NULL,NULL,40719,0,NULL,1,0,0,1),(633,NULL,'2063-01',2063,1,'2063-01-01','2063-01-31',NULL,NULL,40719,0,NULL,1,0,0,1),(634,NULL,'2063-02',2063,2,'2063-02-01','2063-02-28',NULL,NULL,40719,0,NULL,1,0,0,1),(635,NULL,'2063-03',2063,3,'2063-03-01','2063-03-31',NULL,NULL,40719,0,NULL,1,0,0,1),(636,NULL,'2063-04',2063,4,'2063-04-01','2063-04-30',NULL,NULL,40719,0,NULL,1,0,0,1),(637,NULL,'2063-05',2063,5,'2063-05-01','2063-05-31',NULL,NULL,40719,0,NULL,1,0,0,1),(638,NULL,'2063-06',2063,6,'2063-06-01','2063-06-30',NULL,NULL,40719,0,NULL,1,0,0,1),(639,NULL,'2063-07',2063,7,'2063-07-01','2063-07-31',NULL,NULL,40719,0,NULL,1,0,0,1),(640,NULL,'2063-08',2063,8,'2063-08-01','2063-08-31',NULL,NULL,40719,0,NULL,1,0,0,1),(641,NULL,'2063-09',2063,9,'2063-09-01','2063-09-30',NULL,NULL,40719,0,NULL,1,0,0,1),(642,NULL,'2063-10',2063,10,'2063-10-01','2063-10-31',NULL,NULL,40719,0,NULL,1,0,0,1),(643,NULL,'2063-11',2063,11,'2063-11-01','2063-11-30',NULL,NULL,40719,0,NULL,1,0,0,1),(644,NULL,'2063-12',2063,12,'2063-12-01','2063-12-31',NULL,NULL,40719,0,NULL,1,0,0,1);
INSERT INTO `periods` VALUES (648,NULL,'2064-01',2064,1,'2064-01-01','2064-01-31',NULL,NULL,40719,0,NULL,1,0,0,1),(649,NULL,'2064-02',2064,2,'2064-02-01','2064-02-28',NULL,NULL,40719,0,NULL,1,0,0,1),(650,NULL,'2064-03',2064,3,'2064-03-01','2064-03-31',NULL,NULL,40719,0,NULL,1,0,0,1),(651,NULL,'2064-04',2064,4,'2064-04-01','2064-04-30',NULL,NULL,40719,0,NULL,1,0,0,1),(652,NULL,'2064-05',2064,5,'2064-05-01','2064-05-31',NULL,NULL,40719,0,NULL,1,0,0,1),(653,NULL,'2064-06',2064,6,'2064-06-01','2064-06-30',NULL,NULL,40719,0,NULL,1,0,0,1),(654,NULL,'2064-07',2064,7,'2064-07-01','2064-07-31',NULL,NULL,40719,0,NULL,1,0,0,1),(655,NULL,'2064-08',2064,8,'2064-08-01','2064-08-31',NULL,NULL,40719,0,NULL,1,0,0,1),(656,NULL,'2064-09',2064,9,'2064-09-01','2064-09-30',NULL,NULL,40719,0,NULL,1,0,0,1),(657,NULL,'2064-10',2064,10,'2064-10-01','2064-10-31',NULL,NULL,40719,0,NULL,1,0,0,1),(658,NULL,'2064-11',2064,11,'2064-11-01','2064-11-30',NULL,NULL,40719,0,NULL,1,0,0,1),(659,NULL,'2064-12',2064,12,'2064-12-01','2064-12-31',NULL,NULL,40719,0,NULL,1,0,0,1),(663,NULL,'2065-01',2065,1,'2065-01-01','2065-01-31',NULL,NULL,40719,0,NULL,1,0,0,1),(664,NULL,'2065-02',2065,2,'2065-02-01','2065-02-28',NULL,NULL,40719,0,NULL,1,0,0,1),(665,NULL,'2065-03',2065,3,'2065-03-01','2065-03-31',NULL,NULL,40719,0,NULL,1,0,0,1),(666,NULL,'2065-04',2065,4,'2065-04-01','2065-04-30',NULL,NULL,40719,0,NULL,1,0,0,1),(667,NULL,'2065-05',2065,5,'2065-05-01','2065-05-31',NULL,NULL,40719,0,NULL,1,0,0,1),(668,NULL,'2065-06',2065,6,'2065-06-01','2065-06-30',NULL,NULL,40719,0,NULL,1,0,0,1),(669,NULL,'2065-07',2065,7,'2065-07-01','2065-07-31',NULL,NULL,40719,0,NULL,1,0,0,1),(670,NULL,'2065-08',2065,8,'2065-08-01','2065-08-31',NULL,NULL,40719,0,NULL,1,0,0,1),(671,NULL,'2065-09',2065,9,'2065-09-01','2065-09-30',NULL,NULL,40719,0,NULL,1,0,0,1),(672,NULL,'2065-10',2065,10,'2065-10-01','2065-10-31',NULL,NULL,40719,0,NULL,1,0,0,1),(673,NULL,'2065-11',2065,11,'2065-11-01','2065-11-30',NULL,NULL,40719,0,NULL,1,0,0,1),(674,NULL,'2065-12',2065,12,'2065-12-01','2065-12-31',NULL,NULL,40719,0,NULL,1,0,0,1),(678,NULL,'2066-01',2066,1,'2066-01-01','2066-01-31',NULL,NULL,40719,0,NULL,1,0,0,1),(679,NULL,'2066-02',2066,2,'2066-02-01','2066-02-28',NULL,NULL,40719,0,NULL,1,0,0,1),(680,NULL,'2066-03',2066,3,'2066-03-01','2066-03-31',NULL,NULL,40719,0,NULL,1,0,0,1),(681,NULL,'2066-04',2066,4,'2066-04-01','2066-04-30',NULL,NULL,40719,0,NULL,1,0,0,1),(682,NULL,'2066-05',2066,5,'2066-05-01','2066-05-31',NULL,NULL,40719,0,NULL,1,0,0,1),(683,NULL,'2066-06',2066,6,'2066-06-01','2066-06-30',NULL,NULL,40719,0,NULL,1,0,0,1),(684,NULL,'2066-07',2066,7,'2066-07-01','2066-07-31',NULL,NULL,40719,0,NULL,1,0,0,1),(685,NULL,'2066-08',2066,8,'2066-08-01','2066-08-31',NULL,NULL,40719,0,NULL,1,0,0,1),(686,NULL,'2066-09',2066,9,'2066-09-01','2066-09-30',NULL,NULL,40719,0,NULL,1,0,0,1),(687,NULL,'2066-10',2066,10,'2066-10-01','2066-10-31',NULL,NULL,40719,0,NULL,1,0,0,1),(688,NULL,'2066-11',2066,11,'2066-11-01','2066-11-30',NULL,NULL,40719,0,NULL,1,0,0,1),(689,NULL,'2066-12',2066,12,'2066-12-01','2066-12-31',NULL,NULL,40719,0,NULL,1,0,0,1),(693,NULL,'2067-01',2067,1,'2067-01-01','2067-01-31',NULL,NULL,40719,0,NULL,1,0,0,1),(694,NULL,'2067-02',2067,2,'2067-02-01','2067-02-28',NULL,NULL,40719,0,NULL,1,0,0,1),(695,NULL,'2067-03',2067,3,'2067-03-01','2067-03-31',NULL,NULL,40719,0,NULL,1,0,0,1),(696,NULL,'2067-04',2067,4,'2067-04-01','2067-04-30',NULL,NULL,40719,0,NULL,1,0,0,1),(697,NULL,'2067-05',2067,5,'2067-05-01','2067-05-31',NULL,NULL,40719,0,NULL,1,0,0,1),(698,NULL,'2067-06',2067,6,'2067-06-01','2067-06-30',NULL,NULL,40719,0,NULL,1,0,0,1),(699,NULL,'2067-07',2067,7,'2067-07-01','2067-07-31',NULL,NULL,40719,0,NULL,1,0,0,1),(700,NULL,'2067-08',2067,8,'2067-08-01','2067-08-31',NULL,NULL,40719,0,NULL,1,0,0,1),(701,NULL,'2067-09',2067,9,'2067-09-01','2067-09-30',NULL,NULL,40719,0,NULL,1,0,0,1),(702,NULL,'2067-10',2067,10,'2067-10-01','2067-10-31',NULL,NULL,40719,0,NULL,1,0,0,1),(703,NULL,'2067-11',2067,11,'2067-11-01','2067-11-30',NULL,NULL,40719,0,NULL,1,0,0,1);
INSERT INTO `periods` VALUES (704,NULL,'2067-12',2067,12,'2067-12-01','2067-12-31',NULL,NULL,40719,0,NULL,1,0,0,1),(708,NULL,'2068-01',2068,1,'2068-01-01','2068-01-31',NULL,NULL,40719,0,NULL,1,0,0,1),(709,NULL,'2068-02',2068,2,'2068-02-01','2068-02-28',NULL,NULL,40719,0,NULL,1,0,0,1),(710,NULL,'2068-03',2068,3,'2068-03-01','2068-03-31',NULL,NULL,40719,0,NULL,1,0,0,1),(711,NULL,'2068-04',2068,4,'2068-04-01','2068-04-30',NULL,NULL,40719,0,NULL,1,0,0,1),(712,NULL,'2068-05',2068,5,'2068-05-01','2068-05-31',NULL,NULL,40719,0,NULL,1,0,0,1),(713,NULL,'2068-06',2068,6,'2068-06-01','2068-06-30',NULL,NULL,40719,0,NULL,1,0,0,1),(714,NULL,'2068-07',2068,7,'2068-07-01','2068-07-31',NULL,NULL,40719,0,NULL,1,0,0,1),(715,NULL,'2068-08',2068,8,'2068-08-01','2068-08-31',NULL,NULL,40719,0,NULL,1,0,0,1),(716,NULL,'2068-09',2068,9,'2068-09-01','2068-09-30',NULL,NULL,40719,0,NULL,1,0,0,1),(717,NULL,'2068-10',2068,10,'2068-10-01','2068-10-31',NULL,NULL,40719,0,NULL,1,0,0,1),(718,NULL,'2068-11',2068,11,'2068-11-01','2068-11-30',NULL,NULL,40719,0,NULL,1,0,0,1),(719,NULL,'2068-12',2068,12,'2068-12-01','2068-12-31',NULL,NULL,40719,0,NULL,1,0,0,1),(723,NULL,'2069-01',2069,1,'2069-01-01','2069-01-31',NULL,NULL,40719,0,NULL,1,0,0,1),(724,NULL,'2069-02',2069,2,'2069-02-01','2069-02-28',NULL,NULL,40719,0,NULL,1,0,0,1),(725,NULL,'2069-03',2069,3,'2069-03-01','2069-03-31',NULL,NULL,40719,0,NULL,1,0,0,1),(726,NULL,'2069-04',2069,4,'2069-04-01','2069-04-30',NULL,NULL,40719,0,NULL,1,0,0,1),(727,NULL,'2069-05',2069,5,'2069-05-01','2069-05-31',NULL,NULL,40719,0,NULL,1,0,0,1),(728,NULL,'2069-06',2069,6,'2069-06-01','2069-06-30',NULL,NULL,40719,0,NULL,1,0,0,1),(729,NULL,'2069-07',2069,7,'2069-07-01','2069-07-31',NULL,NULL,40719,0,NULL,1,0,0,1),(730,NULL,'2069-08',2069,8,'2069-08-01','2069-08-31',NULL,NULL,40719,0,NULL,1,0,0,1),(731,NULL,'2069-09',2069,9,'2069-09-01','2069-09-30',NULL,NULL,40719,0,NULL,1,0,0,1),(732,NULL,'2069-10',2069,10,'2069-10-01','2069-10-31',NULL,NULL,40719,0,NULL,1,0,0,1),(733,NULL,'2069-11',2069,11,'2069-11-01','2069-11-30',NULL,NULL,40719,0,NULL,1,0,0,1),(734,NULL,'2069-12',2069,12,'2069-12-01','2069-12-31',NULL,NULL,40719,0,NULL,1,0,0,1),(738,NULL,'2070-01',2070,1,'2070-01-01','2070-01-31',NULL,NULL,40719,0,NULL,1,0,0,1),(739,NULL,'2070-02',2070,2,'2070-02-01','2070-02-28',NULL,NULL,40719,0,NULL,1,0,0,1),(740,NULL,'2070-03',2070,3,'2070-03-01','2070-03-31',NULL,NULL,40719,0,NULL,1,0,0,1),(741,NULL,'2070-04',2070,4,'2070-04-01','2070-04-30',NULL,NULL,40719,0,NULL,1,0,0,1),(742,NULL,'2070-05',2070,5,'2070-05-01','2070-05-31',NULL,NULL,40719,0,NULL,1,0,0,1),(743,NULL,'2070-06',2070,6,'2070-06-01','2070-06-30',NULL,NULL,40719,0,NULL,1,0,0,1),(744,NULL,'2070-07',2070,7,'2070-07-01','2070-07-31',NULL,NULL,40719,0,NULL,1,0,0,1),(745,NULL,'2070-08',2070,8,'2070-08-01','2070-08-31',NULL,NULL,40719,0,NULL,1,0,0,1),(746,NULL,'2070-09',2070,9,'2070-09-01','2070-09-30',NULL,NULL,40719,0,NULL,1,0,0,1),(747,NULL,'2070-10',2070,10,'2070-10-01','2070-10-31',NULL,NULL,40719,0,NULL,1,0,0,1),(748,NULL,'2070-11',2070,11,'2070-11-01','2070-11-30',NULL,NULL,40719,0,NULL,1,0,0,1),(749,NULL,'2070-12',2070,12,'2070-12-01','2070-12-31',NULL,NULL,40719,0,NULL,1,0,0,1),(753,NULL,'2071-01',2071,1,'2071-01-01','2071-01-31',NULL,NULL,40719,0,NULL,1,0,0,1),(754,NULL,'2071-02',2071,2,'2071-02-01','2071-02-28',NULL,NULL,40719,0,NULL,1,0,0,1),(755,NULL,'2071-03',2071,3,'2071-03-01','2071-03-31',NULL,NULL,40719,0,NULL,1,0,0,1),(756,NULL,'2071-04',2071,4,'2071-04-01','2071-04-30',NULL,NULL,40719,0,NULL,1,0,0,1),(757,NULL,'2071-05',2071,5,'2071-05-01','2071-05-31',NULL,NULL,40719,0,NULL,1,0,0,1),(758,NULL,'2071-06',2071,6,'2071-06-01','2071-06-30',NULL,NULL,40719,0,NULL,1,0,0,1),(759,NULL,'2071-07',2071,7,'2071-07-01','2071-07-31',NULL,NULL,40719,0,NULL,1,0,0,1),(760,NULL,'2071-08',2071,8,'2071-08-01','2071-08-31',NULL,NULL,40719,0,NULL,1,0,0,1),(761,NULL,'2071-09',2071,9,'2071-09-01','2071-09-30',NULL,NULL,40719,0,NULL,1,0,0,1),(762,NULL,'2071-10',2071,10,'2071-10-01','2071-10-31',NULL,NULL,40719,0,NULL,1,0,0,1);
INSERT INTO `periods` VALUES (763,NULL,'2071-11',2071,11,'2071-11-01','2071-11-30',NULL,NULL,40719,0,NULL,1,0,0,1),(764,NULL,'2071-12',2071,12,'2071-12-01','2071-12-31',NULL,NULL,40719,0,NULL,1,0,0,1),(768,NULL,'2072-01',2072,1,'2072-01-01','2072-01-31',NULL,NULL,40719,0,NULL,1,0,0,1),(769,NULL,'2072-02',2072,2,'2072-02-01','2072-02-28',NULL,NULL,40719,0,NULL,1,0,0,1),(770,NULL,'2072-03',2072,3,'2072-03-01','2072-03-31',NULL,NULL,40719,0,NULL,1,0,0,1),(771,NULL,'2072-04',2072,4,'2072-04-01','2072-04-30',NULL,NULL,40719,0,NULL,1,0,0,1),(772,NULL,'2072-05',2072,5,'2072-05-01','2072-05-31',NULL,NULL,40719,0,NULL,1,0,0,1),(773,NULL,'2072-06',2072,6,'2072-06-01','2072-06-30',NULL,NULL,40719,0,NULL,1,0,0,1),(774,NULL,'2072-07',2072,7,'2072-07-01','2072-07-31',NULL,NULL,40719,0,NULL,1,0,0,1),(775,NULL,'2072-08',2072,8,'2072-08-01','2072-08-31',NULL,NULL,40719,0,NULL,1,0,0,1),(776,NULL,'2072-09',2072,9,'2072-09-01','2072-09-30',NULL,NULL,40719,0,NULL,1,0,0,1),(777,NULL,'2072-10',2072,10,'2072-10-01','2072-10-31',NULL,NULL,40719,0,NULL,1,0,0,1),(778,NULL,'2072-11',2072,11,'2072-11-01','2072-11-30',NULL,NULL,40719,0,NULL,1,0,0,1),(779,NULL,'2072-12',2072,12,'2072-12-01','2072-12-31',NULL,NULL,40719,0,NULL,1,0,0,1),(783,NULL,'2073-01',2073,1,'2073-01-01','2073-01-31',NULL,NULL,40719,0,NULL,1,0,0,1),(784,NULL,'2073-02',2073,2,'2073-02-01','2073-02-28',NULL,NULL,40719,0,NULL,1,0,0,1),(785,NULL,'2073-03',2073,3,'2073-03-01','2073-03-31',NULL,NULL,40719,0,NULL,1,0,0,1),(786,NULL,'2073-04',2073,4,'2073-04-01','2073-04-30',NULL,NULL,40719,0,NULL,1,0,0,1),(787,NULL,'2073-05',2073,5,'2073-05-01','2073-05-31',NULL,NULL,40719,0,NULL,1,0,0,1),(788,NULL,'2073-06',2073,6,'2073-06-01','2073-06-30',NULL,NULL,40719,0,NULL,1,0,0,1),(789,NULL,'2073-07',2073,7,'2073-07-01','2073-07-31',NULL,NULL,40719,0,NULL,1,0,0,1),(790,NULL,'2073-08',2073,8,'2073-08-01','2073-08-31',NULL,NULL,40719,0,NULL,1,0,0,1),(791,NULL,'2073-09',2073,9,'2073-09-01','2073-09-30',NULL,NULL,40719,0,NULL,1,0,0,1),(792,NULL,'2073-10',2073,10,'2073-10-01','2073-10-31',NULL,NULL,40719,0,NULL,1,0,0,1),(793,NULL,'2073-11',2073,11,'2073-11-01','2073-11-30',NULL,NULL,40719,0,NULL,1,0,0,1),(794,NULL,'2073-12',2073,12,'2073-12-01','2073-12-31',NULL,NULL,40719,0,NULL,1,0,0,1),(798,NULL,'2074-01',2074,1,'2074-01-01','2074-01-31',NULL,NULL,40719,0,NULL,1,0,0,1),(799,NULL,'2074-02',2074,2,'2074-02-01','2074-02-28',NULL,NULL,40719,0,NULL,1,0,0,1),(800,NULL,'2074-03',2074,3,'2074-03-01','2074-03-31',NULL,NULL,40719,0,NULL,1,0,0,1),(801,NULL,'2074-04',2074,4,'2074-04-01','2074-04-30',NULL,NULL,40719,0,NULL,1,0,0,1),(802,NULL,'2074-05',2074,5,'2074-05-01','2074-05-31',NULL,NULL,40719,0,NULL,1,0,0,1),(803,NULL,'2074-06',2074,6,'2074-06-01','2074-06-30',NULL,NULL,40719,0,NULL,1,0,0,1),(804,NULL,'2074-07',2074,7,'2074-07-01','2074-07-31',NULL,NULL,40719,0,NULL,1,0,0,1),(805,NULL,'2074-08',2074,8,'2074-08-01','2074-08-31',NULL,NULL,40719,0,NULL,1,0,0,1),(806,NULL,'2074-09',2074,9,'2074-09-01','2074-09-30',NULL,NULL,40719,0,NULL,1,0,0,1),(807,NULL,'2074-10',2074,10,'2074-10-01','2074-10-31',NULL,NULL,40719,0,NULL,1,0,0,1),(808,NULL,'2074-11',2074,11,'2074-11-01','2074-11-30',NULL,NULL,40719,0,NULL,1,0,0,1),(809,NULL,'2074-12',2074,12,'2074-12-01','2074-12-31',NULL,NULL,40719,0,NULL,1,0,0,1),(813,NULL,'2075-01',2075,1,'2075-01-01','2075-01-31',NULL,NULL,40719,0,NULL,1,0,0,1),(814,NULL,'2075-02',2075,2,'2075-02-01','2075-02-28',NULL,NULL,40719,0,NULL,1,0,0,1),(815,NULL,'2075-03',2075,3,'2075-03-01','2075-03-31',NULL,NULL,40719,0,NULL,1,0,0,1),(816,NULL,'2075-04',2075,4,'2075-04-01','2075-04-30',NULL,NULL,40719,0,NULL,1,0,0,1),(817,NULL,'2075-05',2075,5,'2075-05-01','2075-05-31',NULL,NULL,40719,0,NULL,1,0,0,1),(818,NULL,'2075-06',2075,6,'2075-06-01','2075-06-30',NULL,NULL,40719,0,NULL,1,0,0,1),(819,NULL,'2075-07',2075,7,'2075-07-01','2075-07-31',NULL,NULL,40719,0,NULL,1,0,0,1),(820,NULL,'2075-08',2075,8,'2075-08-01','2075-08-31',NULL,NULL,40719,0,NULL,1,0,0,1),(821,NULL,'2075-09',2075,9,'2075-09-01','2075-09-30',NULL,NULL,40719,0,NULL,1,0,0,1);
INSERT INTO `periods` VALUES (822,NULL,'2075-10',2075,10,'2075-10-01','2075-10-31',NULL,NULL,40719,0,NULL,1,0,0,1),(823,NULL,'2075-11',2075,11,'2075-11-01','2075-11-30',NULL,NULL,40719,0,NULL,1,0,0,1),(824,NULL,'2075-12',2075,12,'2075-12-01','2075-12-31',NULL,NULL,40719,0,NULL,1,0,0,1),(828,NULL,'2076-01',2076,1,'2076-01-01','2076-01-31',NULL,NULL,40719,0,NULL,1,0,0,1),(829,NULL,'2076-02',2076,2,'2076-02-01','2076-02-28',NULL,NULL,40719,0,NULL,1,0,0,1),(830,NULL,'2076-03',2076,3,'2076-03-01','2076-03-31',NULL,NULL,40719,0,NULL,1,0,0,1),(831,NULL,'2076-04',2076,4,'2076-04-01','2076-04-30',NULL,NULL,40719,0,NULL,1,0,0,1),(832,NULL,'2076-05',2076,5,'2076-05-01','2076-05-31',NULL,NULL,40719,0,NULL,1,0,0,1),(833,NULL,'2076-06',2076,6,'2076-06-01','2076-06-30',NULL,NULL,40719,0,NULL,1,0,0,1),(834,NULL,'2076-07',2076,7,'2076-07-01','2076-07-31',NULL,NULL,40719,0,NULL,1,0,0,1),(835,NULL,'2076-08',2076,8,'2076-08-01','2076-08-31',NULL,NULL,40719,0,NULL,1,0,0,1),(836,NULL,'2076-09',2076,9,'2076-09-01','2076-09-30',NULL,NULL,40719,0,NULL,1,0,0,1),(837,NULL,'2076-10',2076,10,'2076-10-01','2076-10-31',NULL,NULL,40719,0,NULL,1,0,0,1),(838,NULL,'2076-11',2076,11,'2076-11-01','2076-11-30',NULL,NULL,40719,0,NULL,1,0,0,1),(839,NULL,'2076-12',2076,12,'2076-12-01','2076-12-31',NULL,NULL,40719,0,NULL,1,0,0,1),(843,NULL,'2077-01',2077,1,'2077-01-01','2077-01-31',NULL,NULL,40719,0,NULL,1,0,0,1),(844,NULL,'2077-02',2077,2,'2077-02-01','2077-02-28',NULL,NULL,40719,0,NULL,1,0,0,1),(845,NULL,'2077-03',2077,3,'2077-03-01','2077-03-31',NULL,NULL,40719,0,NULL,1,0,0,1),(846,NULL,'2077-04',2077,4,'2077-04-01','2077-04-30',NULL,NULL,40719,0,NULL,1,0,0,1),(847,NULL,'2077-05',2077,5,'2077-05-01','2077-05-31',NULL,NULL,40719,0,NULL,1,0,0,1),(848,NULL,'2077-06',2077,6,'2077-06-01','2077-06-30',NULL,NULL,40719,0,NULL,1,0,0,1),(849,NULL,'2077-07',2077,7,'2077-07-01','2077-07-31',NULL,NULL,40719,0,NULL,1,0,0,1),(850,NULL,'2077-08',2077,8,'2077-08-01','2077-08-31',NULL,NULL,40719,0,NULL,1,0,0,1),(851,NULL,'2077-09',2077,9,'2077-09-01','2077-09-30',NULL,NULL,40719,0,NULL,1,0,0,1),(852,NULL,'2077-10',2077,10,'2077-10-01','2077-10-31',NULL,NULL,40719,0,NULL,1,0,0,1),(853,NULL,'2077-11',2077,11,'2077-11-01','2077-11-30',NULL,NULL,40719,0,NULL,1,0,0,1),(854,NULL,'2077-12',2077,12,'2077-12-01','2077-12-31',NULL,NULL,40719,0,NULL,1,0,0,1),(858,NULL,'2078-01',2078,1,'2078-01-01','2078-01-31',NULL,NULL,40719,0,NULL,1,0,0,1),(859,NULL,'2078-02',2078,2,'2078-02-01','2078-02-28',NULL,NULL,40719,0,NULL,1,0,0,1),(860,NULL,'2078-03',2078,3,'2078-03-01','2078-03-31',NULL,NULL,40719,0,NULL,1,0,0,1),(861,NULL,'2078-04',2078,4,'2078-04-01','2078-04-30',NULL,NULL,40719,0,NULL,1,0,0,1),(862,NULL,'2078-05',2078,5,'2078-05-01','2078-05-31',NULL,NULL,40719,0,NULL,1,0,0,1),(863,NULL,'2078-06',2078,6,'2078-06-01','2078-06-30',NULL,NULL,40719,0,NULL,1,0,0,1),(864,NULL,'2078-07',2078,7,'2078-07-01','2078-07-31',NULL,NULL,40719,0,NULL,1,0,0,1),(865,NULL,'2078-08',2078,8,'2078-08-01','2078-08-31',NULL,NULL,40719,0,NULL,1,0,0,1),(866,NULL,'2078-09',2078,9,'2078-09-01','2078-09-30',NULL,NULL,40719,0,NULL,1,0,0,1),(867,NULL,'2078-10',2078,10,'2078-10-01','2078-10-31',NULL,NULL,40719,0,NULL,1,0,0,1),(868,NULL,'2078-11',2078,11,'2078-11-01','2078-11-30',NULL,NULL,40719,0,NULL,1,0,0,1),(869,NULL,'2078-12',2078,12,'2078-12-01','2078-12-31',NULL,NULL,40719,0,NULL,1,0,0,1),(873,NULL,'2079-01',2079,1,'2079-01-01','2079-01-31',NULL,NULL,40719,0,NULL,1,0,0,1),(874,NULL,'2079-02',2079,2,'2079-02-01','2079-02-28',NULL,NULL,40719,0,NULL,1,0,0,1),(875,NULL,'2079-03',2079,3,'2079-03-01','2079-03-31',NULL,NULL,40719,0,NULL,1,0,0,1),(876,NULL,'2079-04',2079,4,'2079-04-01','2079-04-30',NULL,NULL,40719,0,NULL,1,0,0,1),(877,NULL,'2079-05',2079,5,'2079-05-01','2079-05-31',NULL,NULL,40719,0,NULL,1,0,0,1),(878,NULL,'2079-06',2079,6,'2079-06-01','2079-06-30',NULL,NULL,40719,0,NULL,1,0,0,1),(879,NULL,'2079-07',2079,7,'2079-07-01','2079-07-31',NULL,NULL,40719,0,NULL,1,0,0,1),(880,NULL,'2079-08',2079,8,'2079-08-01','2079-08-31',NULL,NULL,40719,0,NULL,1,0,0,1);
INSERT INTO `periods` VALUES (881,NULL,'2079-09',2079,9,'2079-09-01','2079-09-30',NULL,NULL,40719,0,NULL,1,0,0,1),(882,NULL,'2079-10',2079,10,'2079-10-01','2079-10-31',NULL,NULL,40719,0,NULL,1,0,0,1),(883,NULL,'2079-11',2079,11,'2079-11-01','2079-11-30',NULL,NULL,40719,0,NULL,1,0,0,1),(884,NULL,'2079-12',2079,12,'2079-12-01','2079-12-31',NULL,NULL,40719,0,NULL,1,0,0,1),(888,NULL,'2080-01',2080,1,'2080-01-01','2080-01-31',NULL,NULL,40719,0,NULL,1,0,0,1),(889,NULL,'2080-02',2080,2,'2080-02-01','2080-02-28',NULL,NULL,40719,0,NULL,1,0,0,1),(890,NULL,'2080-03',2080,3,'2080-03-01','2080-03-31',NULL,NULL,40719,0,NULL,1,0,0,1),(891,NULL,'2080-04',2080,4,'2080-04-01','2080-04-30',NULL,NULL,40719,0,NULL,1,0,0,1),(892,NULL,'2080-05',2080,5,'2080-05-01','2080-05-31',NULL,NULL,40719,0,NULL,1,0,0,1),(893,NULL,'2080-06',2080,6,'2080-06-01','2080-06-30',NULL,NULL,40719,0,NULL,1,0,0,1),(894,NULL,'2080-07',2080,7,'2080-07-01','2080-07-31',NULL,NULL,40719,0,NULL,1,0,0,1),(895,NULL,'2080-08',2080,8,'2080-08-01','2080-08-31',NULL,NULL,40719,0,NULL,1,0,0,1),(896,NULL,'2080-09',2080,9,'2080-09-01','2080-09-30',NULL,NULL,40719,0,NULL,1,0,0,1),(897,NULL,'2080-10',2080,10,'2080-10-01','2080-10-31',NULL,NULL,40719,0,NULL,1,0,0,1),(898,NULL,'2080-11',2080,11,'2080-11-01','2080-11-30',NULL,NULL,40719,0,NULL,1,0,0,1),(899,NULL,'2080-12',2080,12,'2080-12-01','2080-12-31',NULL,NULL,40719,0,NULL,1,0,0,1),(903,NULL,'2081-01',2081,1,'2081-01-01','2081-01-31',NULL,NULL,40719,0,NULL,1,0,0,1),(904,NULL,'2081-02',2081,2,'2081-02-01','2081-02-28',NULL,NULL,40719,0,NULL,1,0,0,1),(905,NULL,'2081-03',2081,3,'2081-03-01','2081-03-31',NULL,NULL,40719,0,NULL,1,0,0,1),(906,NULL,'2081-04',2081,4,'2081-04-01','2081-04-30',NULL,NULL,40719,0,NULL,1,0,0,1),(907,NULL,'2081-05',2081,5,'2081-05-01','2081-05-31',NULL,NULL,40719,0,NULL,1,0,0,1),(908,NULL,'2081-06',2081,6,'2081-06-01','2081-06-30',NULL,NULL,40719,0,NULL,1,0,0,1),(909,NULL,'2081-07',2081,7,'2081-07-01','2081-07-31',NULL,NULL,40719,0,NULL,1,0,0,1),(910,NULL,'2081-08',2081,8,'2081-08-01','2081-08-31',NULL,NULL,40719,0,NULL,1,0,0,1),(911,NULL,'2081-09',2081,9,'2081-09-01','2081-09-30',NULL,NULL,40719,0,NULL,1,0,0,1),(912,NULL,'2081-10',2081,10,'2081-10-01','2081-10-31',NULL,NULL,40719,0,NULL,1,0,0,1),(913,NULL,'2081-11',2081,11,'2081-11-01','2081-11-30',NULL,NULL,40719,0,NULL,1,0,0,1),(914,NULL,'2081-12',2081,12,'2081-12-01','2081-12-31',NULL,NULL,40719,0,NULL,1,0,0,1),(918,NULL,'2082-01',2082,1,'2082-01-01','2082-01-31',NULL,NULL,40719,0,NULL,1,0,0,1),(919,NULL,'2082-02',2082,2,'2082-02-01','2082-02-28',NULL,NULL,40719,0,NULL,1,0,0,1),(920,NULL,'2082-03',2082,3,'2082-03-01','2082-03-31',NULL,NULL,40719,0,NULL,1,0,0,1),(921,NULL,'2082-04',2082,4,'2082-04-01','2082-04-30',NULL,NULL,40719,0,NULL,1,0,0,1),(922,NULL,'2082-05',2082,5,'2082-05-01','2082-05-31',NULL,NULL,40719,0,NULL,1,0,0,1),(923,NULL,'2082-06',2082,6,'2082-06-01','2082-06-30',NULL,NULL,40719,0,NULL,1,0,0,1),(924,NULL,'2082-07',2082,7,'2082-07-01','2082-07-31',NULL,NULL,40719,0,NULL,1,0,0,1),(925,NULL,'2082-08',2082,8,'2082-08-01','2082-08-31',NULL,NULL,40719,0,NULL,1,0,0,1),(926,NULL,'2082-09',2082,9,'2082-09-01','2082-09-30',NULL,NULL,40719,0,NULL,1,0,0,1),(927,NULL,'2082-10',2082,10,'2082-10-01','2082-10-31',NULL,NULL,40719,0,NULL,1,0,0,1),(928,NULL,'2082-11',2082,11,'2082-11-01','2082-11-30',NULL,NULL,40719,0,NULL,1,0,0,1),(929,NULL,'2082-12',2082,12,'2082-12-01','2082-12-31',NULL,NULL,40719,0,NULL,1,0,0,1),(933,NULL,'2083-01',2083,1,'2083-01-01','2083-01-31',NULL,NULL,40719,0,NULL,1,0,0,1),(934,NULL,'2083-02',2083,2,'2083-02-01','2083-02-28',NULL,NULL,40719,0,NULL,1,0,0,1),(935,NULL,'2083-03',2083,3,'2083-03-01','2083-03-31',NULL,NULL,40719,0,NULL,1,0,0,1),(936,NULL,'2083-04',2083,4,'2083-04-01','2083-04-30',NULL,NULL,40719,0,NULL,1,0,0,1),(937,NULL,'2083-05',2083,5,'2083-05-01','2083-05-31',NULL,NULL,40719,0,NULL,1,0,0,1),(938,NULL,'2083-06',2083,6,'2083-06-01','2083-06-30',NULL,NULL,40719,0,NULL,1,0,0,1),(939,NULL,'2083-07',2083,7,'2083-07-01','2083-07-31',NULL,NULL,40719,0,NULL,1,0,0,1);
INSERT INTO `periods` VALUES (940,NULL,'2083-08',2083,8,'2083-08-01','2083-08-31',NULL,NULL,40719,0,NULL,1,0,0,1),(941,NULL,'2083-09',2083,9,'2083-09-01','2083-09-30',NULL,NULL,40719,0,NULL,1,0,0,1),(942,NULL,'2083-10',2083,10,'2083-10-01','2083-10-31',NULL,NULL,40719,0,NULL,1,0,0,1),(943,NULL,'2083-11',2083,11,'2083-11-01','2083-11-30',NULL,NULL,40719,0,NULL,1,0,0,1),(944,NULL,'2083-12',2083,12,'2083-12-01','2083-12-31',NULL,NULL,40719,0,NULL,1,0,0,1),(948,NULL,'2084-01',2084,1,'2084-01-01','2084-01-31',NULL,NULL,40719,0,NULL,1,0,0,1),(949,NULL,'2084-02',2084,2,'2084-02-01','2084-02-28',NULL,NULL,40719,0,NULL,1,0,0,1),(950,NULL,'2084-03',2084,3,'2084-03-01','2084-03-31',NULL,NULL,40719,0,NULL,1,0,0,1),(951,NULL,'2084-04',2084,4,'2084-04-01','2084-04-30',NULL,NULL,40719,0,NULL,1,0,0,1),(952,NULL,'2084-05',2084,5,'2084-05-01','2084-05-31',NULL,NULL,40719,0,NULL,1,0,0,1),(953,NULL,'2084-06',2084,6,'2084-06-01','2084-06-30',NULL,NULL,40719,0,NULL,1,0,0,1),(954,NULL,'2084-07',2084,7,'2084-07-01','2084-07-31',NULL,NULL,40719,0,NULL,1,0,0,1),(955,NULL,'2084-08',2084,8,'2084-08-01','2084-08-31',NULL,NULL,40719,0,NULL,1,0,0,1),(956,NULL,'2084-09',2084,9,'2084-09-01','2084-09-30',NULL,NULL,40719,0,NULL,1,0,0,1),(957,NULL,'2084-10',2084,10,'2084-10-01','2084-10-31',NULL,NULL,40719,0,NULL,1,0,0,1),(958,NULL,'2084-11',2084,11,'2084-11-01','2084-11-30',NULL,NULL,40719,0,NULL,1,0,0,1),(959,NULL,'2084-12',2084,12,'2084-12-01','2084-12-31',NULL,NULL,40719,0,NULL,1,0,0,1),(963,NULL,'2085-01',2085,1,'2085-01-01','2085-01-31',NULL,NULL,40719,0,NULL,1,0,0,1),(964,NULL,'2085-02',2085,2,'2085-02-01','2085-02-28',NULL,NULL,40719,0,NULL,1,0,0,1),(965,NULL,'2085-03',2085,3,'2085-03-01','2085-03-31',NULL,NULL,40719,0,NULL,1,0,0,1),(966,NULL,'2085-04',2085,4,'2085-04-01','2085-04-30',NULL,NULL,40719,0,NULL,1,0,0,1),(967,NULL,'2085-05',2085,5,'2085-05-01','2085-05-31',NULL,NULL,40719,0,NULL,1,0,0,1),(968,NULL,'2085-06',2085,6,'2085-06-01','2085-06-30',NULL,NULL,40719,0,NULL,1,0,0,1),(969,NULL,'2085-07',2085,7,'2085-07-01','2085-07-31',NULL,NULL,40719,0,NULL,1,0,0,1),(970,NULL,'2085-08',2085,8,'2085-08-01','2085-08-31',NULL,NULL,40719,0,NULL,1,0,0,1),(971,NULL,'2085-09',2085,9,'2085-09-01','2085-09-30',NULL,NULL,40719,0,NULL,1,0,0,1),(972,NULL,'2085-10',2085,10,'2085-10-01','2085-10-31',NULL,NULL,40719,0,NULL,1,0,0,1),(973,NULL,'2085-11',2085,11,'2085-11-01','2085-11-30',NULL,NULL,40719,0,NULL,1,0,0,1),(974,NULL,'2085-12',2085,12,'2085-12-01','2085-12-31',NULL,NULL,40719,0,NULL,1,0,0,1),(978,NULL,'2086-01',2086,1,'2086-01-01','2086-01-31',NULL,NULL,40719,0,NULL,1,0,0,1),(979,NULL,'2086-02',2086,2,'2086-02-01','2086-02-28',NULL,NULL,40719,0,NULL,1,0,0,1),(980,NULL,'2086-03',2086,3,'2086-03-01','2086-03-31',NULL,NULL,40719,0,NULL,1,0,0,1),(981,NULL,'2086-04',2086,4,'2086-04-01','2086-04-30',NULL,NULL,40719,0,NULL,1,0,0,1),(982,NULL,'2086-05',2086,5,'2086-05-01','2086-05-31',NULL,NULL,40719,0,NULL,1,0,0,1),(983,NULL,'2086-06',2086,6,'2086-06-01','2086-06-30',NULL,NULL,40719,0,NULL,1,0,0,1),(984,NULL,'2086-07',2086,7,'2086-07-01','2086-07-31',NULL,NULL,40719,0,NULL,1,0,0,1),(985,NULL,'2086-08',2086,8,'2086-08-01','2086-08-31',NULL,NULL,40719,0,NULL,1,0,0,1),(986,NULL,'2086-09',2086,9,'2086-09-01','2086-09-30',NULL,NULL,40719,0,NULL,1,0,0,1),(987,NULL,'2086-10',2086,10,'2086-10-01','2086-10-31',NULL,NULL,40719,0,NULL,1,0,0,1),(988,NULL,'2086-11',2086,11,'2086-11-01','2086-11-30',NULL,NULL,40719,0,NULL,1,0,0,1),(989,NULL,'2086-12',2086,12,'2086-12-01','2086-12-31',NULL,NULL,40719,0,NULL,1,0,0,1),(993,NULL,'2087-01',2087,1,'2087-01-01','2087-01-31',NULL,NULL,40719,0,NULL,1,0,0,1),(994,NULL,'2087-02',2087,2,'2087-02-01','2087-02-28',NULL,NULL,40719,0,NULL,1,0,0,1),(995,NULL,'2087-03',2087,3,'2087-03-01','2087-03-31',NULL,NULL,40719,0,NULL,1,0,0,1),(996,NULL,'2087-04',2087,4,'2087-04-01','2087-04-30',NULL,NULL,40719,0,NULL,1,0,0,1),(997,NULL,'2087-05',2087,5,'2087-05-01','2087-05-31',NULL,NULL,40719,0,NULL,1,0,0,1),(998,NULL,'2087-06',2087,6,'2087-06-01','2087-06-30',NULL,NULL,40719,0,NULL,1,0,0,1);
INSERT INTO `periods` VALUES (999,NULL,'2087-07',2087,7,'2087-07-01','2087-07-31',NULL,NULL,40719,0,NULL,1,0,0,1),(1000,NULL,'2087-08',2087,8,'2087-08-01','2087-08-31',NULL,NULL,40719,0,NULL,1,0,0,1),(1001,NULL,'2087-09',2087,9,'2087-09-01','2087-09-30',NULL,NULL,40719,0,NULL,1,0,0,1),(1002,NULL,'2087-10',2087,10,'2087-10-01','2087-10-31',NULL,NULL,40719,0,NULL,1,0,0,1),(1003,NULL,'2087-11',2087,11,'2087-11-01','2087-11-30',NULL,NULL,40719,0,NULL,1,0,0,1),(1004,NULL,'2087-12',2087,12,'2087-12-01','2087-12-31',NULL,NULL,40719,0,NULL,1,0,0,1),(1008,NULL,'2088-01',2088,1,'2088-01-01','2088-01-31',NULL,NULL,40719,0,NULL,1,0,0,1),(1009,NULL,'2088-02',2088,2,'2088-02-01','2088-02-28',NULL,NULL,40719,0,NULL,1,0,0,1),(1010,NULL,'2088-03',2088,3,'2088-03-01','2088-03-31',NULL,NULL,40719,0,NULL,1,0,0,1),(1011,NULL,'2088-04',2088,4,'2088-04-01','2088-04-30',NULL,NULL,40719,0,NULL,1,0,0,1),(1012,NULL,'2088-05',2088,5,'2088-05-01','2088-05-31',NULL,NULL,40719,0,NULL,1,0,0,1),(1013,NULL,'2088-06',2088,6,'2088-06-01','2088-06-30',NULL,NULL,40719,0,NULL,1,0,0,1),(1014,NULL,'2088-07',2088,7,'2088-07-01','2088-07-31',NULL,NULL,40719,0,NULL,1,0,0,1),(1015,NULL,'2088-08',2088,8,'2088-08-01','2088-08-31',NULL,NULL,40719,0,NULL,1,0,0,1),(1016,NULL,'2088-09',2088,9,'2088-09-01','2088-09-30',NULL,NULL,40719,0,NULL,1,0,0,1),(1017,NULL,'2088-10',2088,10,'2088-10-01','2088-10-31',NULL,NULL,40719,0,NULL,1,0,0,1),(1018,NULL,'2088-11',2088,11,'2088-11-01','2088-11-30',NULL,NULL,40719,0,NULL,1,0,0,1),(1019,NULL,'2088-12',2088,12,'2088-12-01','2088-12-31',NULL,NULL,40719,0,NULL,1,0,0,1),(1023,NULL,'2089-01',2089,1,'2089-01-01','2089-01-31',NULL,NULL,40719,0,NULL,1,0,0,1),(1024,NULL,'2089-02',2089,2,'2089-02-01','2089-02-28',NULL,NULL,40719,0,NULL,1,0,0,1),(1025,NULL,'2089-03',2089,3,'2089-03-01','2089-03-31',NULL,NULL,40719,0,NULL,1,0,0,1),(1026,NULL,'2089-04',2089,4,'2089-04-01','2089-04-30',NULL,NULL,40719,0,NULL,1,0,0,1),(1027,NULL,'2089-05',2089,5,'2089-05-01','2089-05-31',NULL,NULL,40719,0,NULL,1,0,0,1),(1028,NULL,'2089-06',2089,6,'2089-06-01','2089-06-30',NULL,NULL,40719,0,NULL,1,0,0,1),(1029,NULL,'2089-07',2089,7,'2089-07-01','2089-07-31',NULL,NULL,40719,0,NULL,1,0,0,1),(1030,NULL,'2089-08',2089,8,'2089-08-01','2089-08-31',NULL,NULL,40719,0,NULL,1,0,0,1),(1031,NULL,'2089-09',2089,9,'2089-09-01','2089-09-30',NULL,NULL,40719,0,NULL,1,0,0,1),(1032,NULL,'2089-10',2089,10,'2089-10-01','2089-10-31',NULL,NULL,40719,0,NULL,1,0,0,1),(1033,NULL,'2089-11',2089,11,'2089-11-01','2089-11-30',NULL,NULL,40719,0,NULL,1,0,0,1),(1034,NULL,'2089-12',2089,12,'2089-12-01','2089-12-31',NULL,NULL,40719,0,NULL,1,0,0,1),(1038,NULL,'2090-01',2090,1,'2090-01-01','2090-01-31',NULL,NULL,40719,0,NULL,1,0,0,1),(1039,NULL,'2090-02',2090,2,'2090-02-01','2090-02-28',NULL,NULL,40719,0,NULL,1,0,0,1),(1040,NULL,'2090-03',2090,3,'2090-03-01','2090-03-31',NULL,NULL,40719,0,NULL,1,0,0,1),(1041,NULL,'2090-04',2090,4,'2090-04-01','2090-04-30',NULL,NULL,40719,0,NULL,1,0,0,1),(1042,NULL,'2090-05',2090,5,'2090-05-01','2090-05-31',NULL,NULL,40719,0,NULL,1,0,0,1),(1043,NULL,'2090-06',2090,6,'2090-06-01','2090-06-30',NULL,NULL,40719,0,NULL,1,0,0,1),(1044,NULL,'2090-07',2090,7,'2090-07-01','2090-07-31',NULL,NULL,40719,0,NULL,1,0,0,1),(1045,NULL,'2090-08',2090,8,'2090-08-01','2090-08-31',NULL,NULL,40719,0,NULL,1,0,0,1),(1046,NULL,'2090-09',2090,9,'2090-09-01','2090-09-30',NULL,NULL,40719,0,NULL,1,0,0,1),(1047,NULL,'2090-10',2090,10,'2090-10-01','2090-10-31',NULL,NULL,40719,0,NULL,1,0,0,1),(1048,NULL,'2090-11',2090,11,'2090-11-01','2090-11-30',NULL,NULL,40719,0,NULL,1,0,0,1),(1049,NULL,'2090-12',2090,12,'2090-12-01','2090-12-31',NULL,NULL,40719,0,NULL,1,0,0,1),(1053,NULL,'2091-01',2091,1,'2091-01-01','2091-01-31',NULL,NULL,40719,0,NULL,1,0,0,1),(1054,NULL,'2091-02',2091,2,'2091-02-01','2091-02-28',NULL,NULL,40719,0,NULL,1,0,0,1),(1055,NULL,'2091-03',2091,3,'2091-03-01','2091-03-31',NULL,NULL,40719,0,NULL,1,0,0,1),(1056,NULL,'2091-04',2091,4,'2091-04-01','2091-04-30',NULL,NULL,40719,0,NULL,1,0,0,1);
INSERT INTO `periods` VALUES (1057,NULL,'2091-05',2091,5,'2091-05-01','2091-05-31',NULL,NULL,40719,0,NULL,1,0,0,1),(1058,NULL,'2091-06',2091,6,'2091-06-01','2091-06-30',NULL,NULL,40719,0,NULL,1,0,0,1),(1059,NULL,'2091-07',2091,7,'2091-07-01','2091-07-31',NULL,NULL,40719,0,NULL,1,0,0,1),(1060,NULL,'2091-08',2091,8,'2091-08-01','2091-08-31',NULL,NULL,40719,0,NULL,1,0,0,1),(1061,NULL,'2091-09',2091,9,'2091-09-01','2091-09-30',NULL,NULL,40719,0,NULL,1,0,0,1),(1062,NULL,'2091-10',2091,10,'2091-10-01','2091-10-31',NULL,NULL,40719,0,NULL,1,0,0,1),(1063,NULL,'2091-11',2091,11,'2091-11-01','2091-11-30',NULL,NULL,40719,0,NULL,1,0,0,1),(1064,NULL,'2091-12',2091,12,'2091-12-01','2091-12-31',NULL,NULL,40719,0,NULL,1,0,0,1),(1068,NULL,'2092-01',2092,1,'2092-01-01','2092-01-31',NULL,NULL,40719,0,NULL,1,0,0,1),(1069,NULL,'2092-02',2092,2,'2092-02-01','2092-02-28',NULL,NULL,40719,0,NULL,1,0,0,1),(1070,NULL,'2092-03',2092,3,'2092-03-01','2092-03-31',NULL,NULL,40719,0,NULL,1,0,0,1),(1071,NULL,'2092-04',2092,4,'2092-04-01','2092-04-30',NULL,NULL,40719,0,NULL,1,0,0,1),(1072,NULL,'2092-05',2092,5,'2092-05-01','2092-05-31',NULL,NULL,40719,0,NULL,1,0,0,1),(1073,NULL,'2092-06',2092,6,'2092-06-01','2092-06-30',NULL,NULL,40719,0,NULL,1,0,0,1),(1074,NULL,'2092-07',2092,7,'2092-07-01','2092-07-31',NULL,NULL,40719,0,NULL,1,0,0,1),(1075,NULL,'2092-08',2092,8,'2092-08-01','2092-08-31',NULL,NULL,40719,0,NULL,1,0,0,1),(1076,NULL,'2092-09',2092,9,'2092-09-01','2092-09-30',NULL,NULL,40719,0,NULL,1,0,0,1),(1077,NULL,'2092-10',2092,10,'2092-10-01','2092-10-31',NULL,NULL,40719,0,NULL,1,0,0,1),(1078,NULL,'2092-11',2092,11,'2092-11-01','2092-11-30',NULL,NULL,40719,0,NULL,1,0,0,1),(1079,NULL,'2092-12',2092,12,'2092-12-01','2092-12-31',NULL,NULL,40719,0,NULL,1,0,0,1),(1083,NULL,'2093-01',2093,1,'2093-01-01','2093-01-31',NULL,NULL,40719,0,NULL,1,0,0,1),(1084,NULL,'2093-02',2093,2,'2093-02-01','2093-02-28',NULL,NULL,40719,0,NULL,1,0,0,1),(1085,NULL,'2093-03',2093,3,'2093-03-01','2093-03-31',NULL,NULL,40719,0,NULL,1,0,0,1),(1086,NULL,'2093-04',2093,4,'2093-04-01','2093-04-30',NULL,NULL,40719,0,NULL,1,0,0,1),(1087,NULL,'2093-05',2093,5,'2093-05-01','2093-05-31',NULL,NULL,40719,0,NULL,1,0,0,1),(1088,NULL,'2093-06',2093,6,'2093-06-01','2093-06-30',NULL,NULL,40719,0,NULL,1,0,0,1),(1089,NULL,'2093-07',2093,7,'2093-07-01','2093-07-31',NULL,NULL,40719,0,NULL,1,0,0,1),(1090,NULL,'2093-08',2093,8,'2093-08-01','2093-08-31',NULL,NULL,40719,0,NULL,1,0,0,1),(1091,NULL,'2093-09',2093,9,'2093-09-01','2093-09-30',NULL,NULL,40719,0,NULL,1,0,0,1),(1092,NULL,'2093-10',2093,10,'2093-10-01','2093-10-31',NULL,NULL,40719,0,NULL,1,0,0,1),(1093,NULL,'2093-11',2093,11,'2093-11-01','2093-11-30',NULL,NULL,40719,0,NULL,1,0,0,1),(1094,NULL,'2093-12',2093,12,'2093-12-01','2093-12-31',NULL,NULL,40719,0,NULL,1,0,0,1),(1098,NULL,'2094-01',2094,1,'2094-01-01','2094-01-31',NULL,NULL,40719,0,NULL,1,0,0,1),(1099,NULL,'2094-02',2094,2,'2094-02-01','2094-02-28',NULL,NULL,40719,0,NULL,1,0,0,1),(1100,NULL,'2094-03',2094,3,'2094-03-01','2094-03-31',NULL,NULL,40719,0,NULL,1,0,0,1),(1101,NULL,'2094-04',2094,4,'2094-04-01','2094-04-30',NULL,NULL,40719,0,NULL,1,0,0,1),(1102,NULL,'2094-05',2094,5,'2094-05-01','2094-05-31',NULL,NULL,40719,0,NULL,1,0,0,1),(1103,NULL,'2094-06',2094,6,'2094-06-01','2094-06-30',NULL,NULL,40719,0,NULL,1,0,0,1),(1104,NULL,'2094-07',2094,7,'2094-07-01','2094-07-31',NULL,NULL,40719,0,NULL,1,0,0,1),(1105,NULL,'2094-08',2094,8,'2094-08-01','2094-08-31',NULL,NULL,40719,0,NULL,1,0,0,1),(1106,NULL,'2094-09',2094,9,'2094-09-01','2094-09-30',NULL,NULL,40719,0,NULL,1,0,0,1),(1107,NULL,'2094-10',2094,10,'2094-10-01','2094-10-31',NULL,NULL,40719,0,NULL,1,0,0,1),(1108,NULL,'2094-11',2094,11,'2094-11-01','2094-11-30',NULL,NULL,40719,0,NULL,1,0,0,1),(1109,NULL,'2094-12',2094,12,'2094-12-01','2094-12-31',NULL,NULL,40719,0,NULL,1,0,0,1),(1113,NULL,'2095-01',2095,1,'2095-01-01','2095-01-31',NULL,NULL,40719,0,NULL,1,0,0,1),(1114,NULL,'2095-02',2095,2,'2095-02-01','2095-02-28',NULL,NULL,40719,0,NULL,1,0,0,1);
INSERT INTO `periods` VALUES (1115,NULL,'2095-03',2095,3,'2095-03-01','2095-03-31',NULL,NULL,40719,0,NULL,1,0,0,1),(1116,NULL,'2095-04',2095,4,'2095-04-01','2095-04-30',NULL,NULL,40719,0,NULL,1,0,0,1),(1117,NULL,'2095-05',2095,5,'2095-05-01','2095-05-31',NULL,NULL,40719,0,NULL,1,0,0,1),(1118,NULL,'2095-06',2095,6,'2095-06-01','2095-06-30',NULL,NULL,40719,0,NULL,1,0,0,1),(1119,NULL,'2095-07',2095,7,'2095-07-01','2095-07-31',NULL,NULL,40719,0,NULL,1,0,0,1),(1120,NULL,'2095-08',2095,8,'2095-08-01','2095-08-31',NULL,NULL,40719,0,NULL,1,0,0,1),(1121,NULL,'2095-09',2095,9,'2095-09-01','2095-09-30',NULL,NULL,40719,0,NULL,1,0,0,1),(1122,NULL,'2095-10',2095,10,'2095-10-01','2095-10-31',NULL,NULL,40719,0,NULL,1,0,0,1),(1123,NULL,'2095-11',2095,11,'2095-11-01','2095-11-30',NULL,NULL,40719,0,NULL,1,0,0,1),(1124,NULL,'2095-12',2095,12,'2095-12-01','2095-12-31',NULL,NULL,40719,0,NULL,1,0,0,1),(1128,NULL,'2096-01',2096,1,'2096-01-01','2096-01-31',NULL,NULL,40719,0,NULL,1,0,0,1),(1129,NULL,'2096-02',2096,2,'2096-02-01','2096-02-28',NULL,NULL,40719,0,NULL,1,0,0,1),(1130,NULL,'2096-03',2096,3,'2096-03-01','2096-03-31',NULL,NULL,40719,0,NULL,1,0,0,1),(1131,NULL,'2096-04',2096,4,'2096-04-01','2096-04-30',NULL,NULL,40719,0,NULL,1,0,0,1),(1132,NULL,'2096-05',2096,5,'2096-05-01','2096-05-31',NULL,NULL,40719,0,NULL,1,0,0,1),(1133,NULL,'2096-06',2096,6,'2096-06-01','2096-06-30',NULL,NULL,40719,0,NULL,1,0,0,1),(1134,NULL,'2096-07',2096,7,'2096-07-01','2096-07-31',NULL,NULL,40719,0,NULL,1,0,0,1),(1135,NULL,'2096-08',2096,8,'2096-08-01','2096-08-31',NULL,NULL,40719,0,NULL,1,0,0,1),(1136,NULL,'2096-09',2096,9,'2096-09-01','2096-09-30',NULL,NULL,40719,0,NULL,1,0,0,1),(1137,NULL,'2096-10',2096,10,'2096-10-01','2096-10-31',NULL,NULL,40719,0,NULL,1,0,0,1),(1138,NULL,'2096-11',2096,11,'2096-11-01','2096-11-30',NULL,NULL,40719,0,NULL,1,0,0,1),(1139,NULL,'2096-12',2096,12,'2096-12-01','2096-12-31',NULL,NULL,40719,0,NULL,1,0,0,1),(1143,NULL,'2097-01',2097,1,'2097-01-01','2097-01-31',NULL,NULL,40719,0,NULL,1,0,0,1),(1144,NULL,'2097-02',2097,2,'2097-02-01','2097-02-28',NULL,NULL,40719,0,NULL,1,0,0,1),(1145,NULL,'2097-03',2097,3,'2097-03-01','2097-03-31',NULL,NULL,40719,0,NULL,1,0,0,1),(1146,NULL,'2097-04',2097,4,'2097-04-01','2097-04-30',NULL,NULL,40719,0,NULL,1,0,0,1),(1147,NULL,'2097-05',2097,5,'2097-05-01','2097-05-31',NULL,NULL,40719,0,NULL,1,0,0,1),(1148,NULL,'2097-06',2097,6,'2097-06-01','2097-06-30',NULL,NULL,40719,0,NULL,1,0,0,1),(1149,NULL,'2097-07',2097,7,'2097-07-01','2097-07-31',NULL,NULL,40719,0,NULL,1,0,0,1),(1150,NULL,'2097-08',2097,8,'2097-08-01','2097-08-31',NULL,NULL,40719,0,NULL,1,0,0,1),(1151,NULL,'2097-09',2097,9,'2097-09-01','2097-09-30',NULL,NULL,40719,0,NULL,1,0,0,1),(1152,NULL,'2097-10',2097,10,'2097-10-01','2097-10-31',NULL,NULL,40719,0,NULL,1,0,0,1),(1153,NULL,'2097-11',2097,11,'2097-11-01','2097-11-30',NULL,NULL,40719,0,NULL,1,0,0,1),(1154,NULL,'2097-12',2097,12,'2097-12-01','2097-12-31',NULL,NULL,40719,0,NULL,1,0,0,1),(1158,NULL,'2098-01',2098,1,'2098-01-01','2098-01-31',NULL,NULL,40719,0,NULL,1,0,0,1),(1159,NULL,'2098-02',2098,2,'2098-02-01','2098-02-28',NULL,NULL,40719,0,NULL,1,0,0,1),(1160,NULL,'2098-03',2098,3,'2098-03-01','2098-03-31',NULL,NULL,40719,0,NULL,1,0,0,1),(1161,NULL,'2098-04',2098,4,'2098-04-01','2098-04-30',NULL,NULL,40719,0,NULL,1,0,0,1),(1162,NULL,'2098-05',2098,5,'2098-05-01','2098-05-31',NULL,NULL,40719,0,NULL,1,0,0,1),(1163,NULL,'2098-06',2098,6,'2098-06-01','2098-06-30',NULL,NULL,40719,0,NULL,1,0,0,1),(1164,NULL,'2098-07',2098,7,'2098-07-01','2098-07-31',NULL,NULL,40719,0,NULL,1,0,0,1),(1165,NULL,'2098-08',2098,8,'2098-08-01','2098-08-31',NULL,NULL,40719,0,NULL,1,0,0,1),(1166,NULL,'2098-09',2098,9,'2098-09-01','2098-09-30',NULL,NULL,40719,0,NULL,1,0,0,1),(1167,NULL,'2098-10',2098,10,'2098-10-01','2098-10-31',NULL,NULL,40719,0,NULL,1,0,0,1),(1168,NULL,'2098-11',2098,11,'2098-11-01','2098-11-30',NULL,NULL,40719,0,NULL,1,0,0,1),(1169,NULL,'2098-12',2098,12,'2098-12-01','2098-12-31',NULL,NULL,40719,0,NULL,1,0,0,1);
INSERT INTO `periods` VALUES (1173,NULL,'2099-01',2099,1,'2099-01-01','2099-01-31',NULL,NULL,40719,0,NULL,1,0,0,1),(1174,NULL,'2099-02',2099,2,'2099-02-01','2099-02-28',NULL,NULL,40719,0,NULL,1,0,0,1),(1175,NULL,'2099-03',2099,3,'2099-03-01','2099-03-31',NULL,NULL,40719,0,NULL,1,0,0,1),(1176,NULL,'2099-04',2099,4,'2099-04-01','2099-04-30',NULL,NULL,40719,0,NULL,1,0,0,1),(1177,NULL,'2099-05',2099,5,'2099-05-01','2099-05-31',NULL,NULL,40719,0,NULL,1,0,0,1),(1178,NULL,'2099-06',2099,6,'2099-06-01','2099-06-30',NULL,NULL,40719,0,NULL,1,0,0,1),(1179,NULL,'2099-07',2099,7,'2099-07-01','2099-07-31',NULL,NULL,40719,0,NULL,1,0,0,1),(1180,NULL,'2099-08',2099,8,'2099-08-01','2099-08-31',NULL,NULL,40719,0,NULL,1,0,0,1),(1181,NULL,'2099-09',2099,9,'2099-09-01','2099-09-30',NULL,NULL,40719,0,NULL,1,0,0,1),(1182,NULL,'2099-10',2099,10,'2099-10-01','2099-10-31',NULL,NULL,40719,0,NULL,1,0,0,1),(1183,NULL,'2099-11',2099,11,'2099-11-01','2099-11-30',NULL,NULL,40719,0,NULL,1,0,0,1),(1184,NULL,'2099-12',2099,12,'2099-12-01','2099-12-31',NULL,NULL,40719,0,NULL,1,0,0,1),(1188,NULL,'2100-01',2100,1,'2100-01-01','2100-01-31',NULL,NULL,40719,0,NULL,1,0,0,1),(1189,NULL,'2100-02',2100,2,'2100-02-01','2100-02-28',NULL,NULL,40719,0,NULL,1,0,0,1),(1190,NULL,'2100-03',2100,3,'2100-03-01','2100-03-31',NULL,NULL,40719,0,NULL,1,0,0,1),(1191,NULL,'2100-04',2100,4,'2100-04-01','2100-04-30',NULL,NULL,40719,0,NULL,1,0,0,1),(1192,NULL,'2100-05',2100,5,'2100-05-01','2100-05-31',NULL,NULL,40719,0,NULL,1,0,0,1),(1193,NULL,'2100-06',2100,6,'2100-06-01','2100-06-30',NULL,NULL,40719,0,NULL,1,0,0,1),(1194,NULL,'2100-07',2100,7,'2100-07-01','2100-07-31',NULL,NULL,40719,0,NULL,1,0,0,1),(1195,NULL,'2100-08',2100,8,'2100-08-01','2100-08-31',NULL,NULL,40719,0,NULL,1,0,0,1),(1196,NULL,'2100-09',2100,9,'2100-09-01','2100-09-30',NULL,NULL,40719,0,NULL,1,0,0,1),(1197,NULL,'2100-10',2100,10,'2100-10-01','2100-10-31',NULL,NULL,40719,0,NULL,1,0,0,1),(1198,NULL,'2100-11',2100,11,'2100-11-01','2100-11-30',NULL,NULL,40719,0,NULL,1,0,0,1),(1199,NULL,'2100-12',2100,12,'2100-12-01','2100-12-31',NULL,NULL,40719,0,NULL,1,0,0,1),(1203,NULL,'2101-01',2101,1,'2101-01-01','2101-01-31',NULL,NULL,40719,0,NULL,1,0,0,1),(1204,NULL,'2101-02',2101,2,'2101-02-01','2101-02-28',NULL,NULL,40719,0,NULL,1,0,0,1),(1205,NULL,'2101-03',2101,3,'2101-03-01','2101-03-31',NULL,NULL,40719,0,NULL,1,0,0,1),(1206,NULL,'2101-04',2101,4,'2101-04-01','2101-04-30',NULL,NULL,40719,0,NULL,1,0,0,1),(1207,NULL,'2101-05',2101,5,'2101-05-01','2101-05-31',NULL,NULL,40719,0,NULL,1,0,0,1),(1208,NULL,'2101-06',2101,6,'2101-06-01','2101-06-30',NULL,NULL,40719,0,NULL,1,0,0,1),(1209,NULL,'2101-07',2101,7,'2101-07-01','2101-07-31',NULL,NULL,40719,0,NULL,1,0,0,1),(1210,NULL,'2101-08',2101,8,'2101-08-01','2101-08-31',NULL,NULL,40719,0,NULL,1,0,0,1),(1211,NULL,'2101-09',2101,9,'2101-09-01','2101-09-30',NULL,NULL,40719,0,NULL,1,0,0,1),(1212,NULL,'2101-10',2101,10,'2101-10-01','2101-10-31',NULL,NULL,40719,0,NULL,1,0,0,1),(1213,NULL,'2101-11',2101,11,'2101-11-01','2101-11-30',NULL,NULL,40719,0,NULL,1,0,0,1),(1214,NULL,'2101-12',2101,12,'2101-12-01','2101-12-31',NULL,NULL,40719,0,NULL,1,0,0,1),(1218,NULL,'2102-01',2102,1,'2102-01-01','2102-01-31',NULL,NULL,40719,0,NULL,1,0,0,1),(1219,NULL,'2102-02',2102,2,'2102-02-01','2102-02-28',NULL,NULL,40719,0,NULL,1,0,0,1),(1220,NULL,'2102-03',2102,3,'2102-03-01','2102-03-31',NULL,NULL,40719,0,NULL,1,0,0,1),(1221,NULL,'2102-04',2102,4,'2102-04-01','2102-04-30',NULL,NULL,40719,0,NULL,1,0,0,1),(1222,NULL,'2102-05',2102,5,'2102-05-01','2102-05-31',NULL,NULL,40719,0,NULL,1,0,0,1),(1223,NULL,'2102-06',2102,6,'2102-06-01','2102-06-30',NULL,NULL,40719,0,NULL,1,0,0,1),(1224,NULL,'2102-07',2102,7,'2102-07-01','2102-07-31',NULL,NULL,40719,0,NULL,1,0,0,1),(1225,NULL,'2102-08',2102,8,'2102-08-01','2102-08-31',NULL,NULL,40719,0,NULL,1,0,0,1),(1226,NULL,'2102-09',2102,9,'2102-09-01','2102-09-30',NULL,NULL,40719,0,NULL,1,0,0,1),(1227,NULL,'2102-10',2102,10,'2102-10-01','2102-10-31',NULL,NULL,40719,0,NULL,1,0,0,1);
INSERT INTO `periods` VALUES (1228,NULL,'2102-11',2102,11,'2102-11-01','2102-11-30',NULL,NULL,40719,0,NULL,1,0,0,1),(1229,NULL,'2102-12',2102,12,'2102-12-01','2102-12-31',NULL,NULL,40719,0,NULL,1,0,0,1),(1233,NULL,'2103-01',2103,1,'2103-01-01','2103-01-31',NULL,NULL,40719,0,NULL,1,0,0,1),(1234,NULL,'2103-02',2103,2,'2103-02-01','2103-02-28',NULL,NULL,40719,0,NULL,1,0,0,1),(1235,NULL,'2103-03',2103,3,'2103-03-01','2103-03-31',NULL,NULL,40719,0,NULL,1,0,0,1),(1236,NULL,'2103-04',2103,4,'2103-04-01','2103-04-30',NULL,NULL,40719,0,NULL,1,0,0,1),(1237,NULL,'2103-05',2103,5,'2103-05-01','2103-05-31',NULL,NULL,40719,0,NULL,1,0,0,1),(1238,NULL,'2103-06',2103,6,'2103-06-01','2103-06-30',NULL,NULL,40719,0,NULL,1,0,0,1),(1239,NULL,'2103-07',2103,7,'2103-07-01','2103-07-31',NULL,NULL,40719,0,NULL,1,0,0,1),(1240,NULL,'2103-08',2103,8,'2103-08-01','2103-08-31',NULL,NULL,40719,0,NULL,1,0,0,1),(1241,NULL,'2103-09',2103,9,'2103-09-01','2103-09-30',NULL,NULL,40719,0,NULL,1,0,0,1),(1242,NULL,'2103-10',2103,10,'2103-10-01','2103-10-31',NULL,NULL,40719,0,NULL,1,0,0,1),(1243,NULL,'2103-11',2103,11,'2103-11-01','2103-11-30',NULL,NULL,40719,0,NULL,1,0,0,1),(1244,NULL,'2103-12',2103,12,'2103-12-01','2103-12-31',NULL,NULL,40719,0,NULL,1,0,0,1),(1248,NULL,'2104-01',2104,1,'2104-01-01','2104-01-31',NULL,NULL,40719,0,NULL,1,0,0,1),(1249,NULL,'2104-02',2104,2,'2104-02-01','2104-02-28',NULL,NULL,40719,0,NULL,1,0,0,1),(1250,NULL,'2104-03',2104,3,'2104-03-01','2104-03-31',NULL,NULL,40719,0,NULL,1,0,0,1),(1251,NULL,'2104-04',2104,4,'2104-04-01','2104-04-30',NULL,NULL,40719,0,NULL,1,0,0,1),(1252,NULL,'2104-05',2104,5,'2104-05-01','2104-05-31',NULL,NULL,40719,0,NULL,1,0,0,1),(1253,NULL,'2104-06',2104,6,'2104-06-01','2104-06-30',NULL,NULL,40719,0,NULL,1,0,0,1),(1254,NULL,'2104-07',2104,7,'2104-07-01','2104-07-31',NULL,NULL,40719,0,NULL,1,0,0,1),(1255,NULL,'2104-08',2104,8,'2104-08-01','2104-08-31',NULL,NULL,40719,0,NULL,1,0,0,1),(1256,NULL,'2104-09',2104,9,'2104-09-01','2104-09-30',NULL,NULL,40719,0,NULL,1,0,0,1),(1257,NULL,'2104-10',2104,10,'2104-10-01','2104-10-31',NULL,NULL,40719,0,NULL,1,0,0,1),(1258,NULL,'2104-11',2104,11,'2104-11-01','2104-11-30',NULL,NULL,40719,0,NULL,1,0,0,1),(1259,NULL,'2104-12',2104,12,'2104-12-01','2104-12-31',NULL,NULL,40719,0,NULL,1,0,0,1),(1263,NULL,'2105-01',2105,1,'2105-01-01','2105-01-31',NULL,NULL,40719,0,NULL,1,0,0,1),(1264,NULL,'2105-02',2105,2,'2105-02-01','2105-02-28',NULL,NULL,40719,0,NULL,1,0,0,1),(1265,NULL,'2105-03',2105,3,'2105-03-01','2105-03-31',NULL,NULL,40719,0,NULL,1,0,0,1),(1266,NULL,'2105-04',2105,4,'2105-04-01','2105-04-30',NULL,NULL,40719,0,NULL,1,0,0,1),(1267,NULL,'2105-05',2105,5,'2105-05-01','2105-05-31',NULL,NULL,40719,0,NULL,1,0,0,1),(1268,NULL,'2105-06',2105,6,'2105-06-01','2105-06-30',NULL,NULL,40719,0,NULL,1,0,0,1),(1269,NULL,'2105-07',2105,7,'2105-07-01','2105-07-31',NULL,NULL,40719,0,NULL,1,0,0,1),(1270,NULL,'2105-08',2105,8,'2105-08-01','2105-08-31',NULL,NULL,40719,0,NULL,1,0,0,1),(1271,NULL,'2105-09',2105,9,'2105-09-01','2105-09-30',NULL,NULL,40719,0,NULL,1,0,0,1),(1272,NULL,'2105-10',2105,10,'2105-10-01','2105-10-31',NULL,NULL,40719,0,NULL,1,0,0,1),(1273,NULL,'2105-11',2105,11,'2105-11-01','2105-11-30',NULL,NULL,40719,0,NULL,1,0,0,1),(1274,NULL,'2105-12',2105,12,'2105-12-01','2105-12-31',NULL,NULL,40719,0,NULL,1,0,0,1),(1278,NULL,'2106-01',2106,1,'2106-01-01','2106-01-31',NULL,NULL,40719,0,NULL,1,0,0,1),(1279,NULL,'2106-02',2106,2,'2106-02-01','2106-02-28',NULL,NULL,40719,0,NULL,1,0,0,1),(1280,NULL,'2106-03',2106,3,'2106-03-01','2106-03-31',NULL,NULL,40719,0,NULL,1,0,0,1),(1281,NULL,'2106-04',2106,4,'2106-04-01','2106-04-30',NULL,NULL,40719,0,NULL,1,0,0,1),(1282,NULL,'2106-05',2106,5,'2106-05-01','2106-05-31',NULL,NULL,40719,0,NULL,1,0,0,1),(1283,NULL,'2106-06',2106,6,'2106-06-01','2106-06-30',NULL,NULL,40719,0,NULL,1,0,0,1),(1284,NULL,'2106-07',2106,7,'2106-07-01','2106-07-31',NULL,NULL,40719,0,NULL,1,0,0,1),(1285,NULL,'2106-08',2106,8,'2106-08-01','2106-08-31',NULL,NULL,40719,0,NULL,1,0,0,1);
INSERT INTO `periods` VALUES (1286,NULL,'2106-09',2106,9,'2106-09-01','2106-09-30',NULL,NULL,40719,0,NULL,1,0,0,1),(1287,NULL,'2106-10',2106,10,'2106-10-01','2106-10-31',NULL,NULL,40719,0,NULL,1,0,0,1),(1288,NULL,'2106-11',2106,11,'2106-11-01','2106-11-30',NULL,NULL,40719,0,NULL,1,0,0,1),(1289,NULL,'2106-12',2106,12,'2106-12-01','2106-12-31',NULL,NULL,40719,0,NULL,1,0,0,1),(1293,NULL,'2107-01',2107,1,'2107-01-01','2107-01-31',NULL,NULL,40719,0,NULL,1,0,0,1),(1294,NULL,'2107-02',2107,2,'2107-02-01','2107-02-28',NULL,NULL,40719,0,NULL,1,0,0,1),(1295,NULL,'2107-03',2107,3,'2107-03-01','2107-03-31',NULL,NULL,40719,0,NULL,1,0,0,1),(1296,NULL,'2107-04',2107,4,'2107-04-01','2107-04-30',NULL,NULL,40719,0,NULL,1,0,0,1),(1297,NULL,'2107-05',2107,5,'2107-05-01','2107-05-31',NULL,NULL,40719,0,NULL,1,0,0,1),(1298,NULL,'2107-06',2107,6,'2107-06-01','2107-06-30',NULL,NULL,40719,0,NULL,1,0,0,1),(1299,NULL,'2107-07',2107,7,'2107-07-01','2107-07-31',NULL,NULL,40719,0,NULL,1,0,0,1),(1300,NULL,'2107-08',2107,8,'2107-08-01','2107-08-31',NULL,NULL,40719,0,NULL,1,0,0,1),(1301,NULL,'2107-09',2107,9,'2107-09-01','2107-09-30',NULL,NULL,40719,0,NULL,1,0,0,1),(1302,NULL,'2107-10',2107,10,'2107-10-01','2107-10-31',NULL,NULL,40719,0,NULL,1,0,0,1),(1303,NULL,'2107-11',2107,11,'2107-11-01','2107-11-30',NULL,NULL,40719,0,NULL,1,0,0,1),(1304,NULL,'2107-12',2107,12,'2107-12-01','2107-12-31',NULL,NULL,40719,0,NULL,1,0,0,1),(1308,NULL,'2108-01',2108,1,'2108-01-01','2108-01-31',NULL,NULL,40719,0,NULL,1,0,0,1),(1309,NULL,'2108-02',2108,2,'2108-02-01','2108-02-28',NULL,NULL,40719,0,NULL,1,0,0,1),(1310,NULL,'2108-03',2108,3,'2108-03-01','2108-03-31',NULL,NULL,40719,0,NULL,1,0,0,1),(1311,NULL,'2108-04',2108,4,'2108-04-01','2108-04-30',NULL,NULL,40719,0,NULL,1,0,0,1),(1312,NULL,'2108-05',2108,5,'2108-05-01','2108-05-31',NULL,NULL,40719,0,NULL,1,0,0,1),(1313,NULL,'2108-06',2108,6,'2108-06-01','2108-06-30',NULL,NULL,40719,0,NULL,1,0,0,1),(1314,NULL,'2108-07',2108,7,'2108-07-01','2108-07-31',NULL,NULL,40719,0,NULL,1,0,0,1),(1315,NULL,'2108-08',2108,8,'2108-08-01','2108-08-31',NULL,NULL,40719,0,NULL,1,0,0,1),(1316,NULL,'2108-09',2108,9,'2108-09-01','2108-09-30',NULL,NULL,40719,0,NULL,1,0,0,1),(1317,NULL,'2108-10',2108,10,'2108-10-01','2108-10-31',NULL,NULL,40719,0,NULL,1,0,0,1),(1318,NULL,'2108-11',2108,11,'2108-11-01','2108-11-30',NULL,NULL,40719,0,NULL,1,0,0,1),(1319,NULL,'2108-12',2108,12,'2108-12-01','2108-12-31',NULL,NULL,40719,0,NULL,1,0,0,1),(1323,NULL,'2109-01',2109,1,'2109-01-01','2109-01-31',NULL,NULL,40719,0,NULL,1,0,0,1),(1324,NULL,'2109-02',2109,2,'2109-02-01','2109-02-28',NULL,NULL,40719,0,NULL,1,0,0,1),(1325,NULL,'2109-03',2109,3,'2109-03-01','2109-03-31',NULL,NULL,40719,0,NULL,1,0,0,1),(1326,NULL,'2109-04',2109,4,'2109-04-01','2109-04-30',NULL,NULL,40719,0,NULL,1,0,0,1),(1327,NULL,'2109-05',2109,5,'2109-05-01','2109-05-31',NULL,NULL,40719,0,NULL,1,0,0,1),(1328,NULL,'2109-06',2109,6,'2109-06-01','2109-06-30',NULL,NULL,40719,0,NULL,1,0,0,1),(1329,NULL,'2109-07',2109,7,'2109-07-01','2109-07-31',NULL,NULL,40719,0,NULL,1,0,0,1),(1330,NULL,'2109-08',2109,8,'2109-08-01','2109-08-31',NULL,NULL,40719,0,NULL,1,0,0,1),(1331,NULL,'2109-09',2109,9,'2109-09-01','2109-09-30',NULL,NULL,40719,0,NULL,1,0,0,1),(1332,NULL,'2109-10',2109,10,'2109-10-01','2109-10-31',NULL,NULL,40719,0,NULL,1,0,0,1),(1333,NULL,'2109-11',2109,11,'2109-11-01','2109-11-30',NULL,NULL,40719,0,NULL,1,0,0,1),(1334,NULL,'2109-12',2109,12,'2109-12-01','2109-12-31',NULL,NULL,40719,0,NULL,1,0,0,1),(1338,NULL,'2110-01',2110,1,'2110-01-01','2110-01-31',NULL,NULL,40719,0,NULL,1,0,0,1),(1339,NULL,'2110-02',2110,2,'2110-02-01','2110-02-28',NULL,NULL,40719,0,NULL,1,0,0,1),(1340,NULL,'2110-03',2110,3,'2110-03-01','2110-03-31',NULL,NULL,40719,0,NULL,1,0,0,1),(1341,NULL,'2110-04',2110,4,'2110-04-01','2110-04-30',NULL,NULL,40719,0,NULL,1,0,0,1),(1342,NULL,'2110-05',2110,5,'2110-05-01','2110-05-31',NULL,NULL,40719,0,NULL,1,0,0,1),(1343,NULL,'2110-06',2110,6,'2110-06-01','2110-06-30',NULL,NULL,40719,0,NULL,1,0,0,1);
INSERT INTO `periods` VALUES (1344,NULL,'2110-07',2110,7,'2110-07-01','2110-07-31',NULL,NULL,40719,0,NULL,1,0,0,1),(1345,NULL,'2110-08',2110,8,'2110-08-01','2110-08-31',NULL,NULL,40719,0,NULL,1,0,0,1),(1346,NULL,'2110-09',2110,9,'2110-09-01','2110-09-30',NULL,NULL,40719,0,NULL,1,0,0,1),(1347,NULL,'2110-10',2110,10,'2110-10-01','2110-10-31',NULL,NULL,40719,0,NULL,1,0,0,1),(1348,NULL,'2110-11',2110,11,'2110-11-01','2110-11-30',NULL,NULL,40719,0,NULL,1,0,0,1),(1349,NULL,'2110-12',2110,12,'2110-12-01','2110-12-31',NULL,NULL,40719,0,NULL,1,0,0,1),(1353,NULL,'2111-01',2111,1,'2111-01-01','2111-01-31',NULL,NULL,40719,0,NULL,1,0,0,1),(1354,NULL,'2111-02',2111,2,'2111-02-01','2111-02-28',NULL,NULL,40719,0,NULL,1,0,0,1),(1355,NULL,'2111-03',2111,3,'2111-03-01','2111-03-31',NULL,NULL,40719,0,NULL,1,0,0,1),(1356,NULL,'2111-04',2111,4,'2111-04-01','2111-04-30',NULL,NULL,40719,0,NULL,1,0,0,1),(1357,NULL,'2111-05',2111,5,'2111-05-01','2111-05-31',NULL,NULL,40719,0,NULL,1,0,0,1),(1358,NULL,'2111-06',2111,6,'2111-06-01','2111-06-30',NULL,NULL,40719,0,NULL,1,0,0,1),(1359,NULL,'2111-07',2111,7,'2111-07-01','2111-07-31',NULL,NULL,40719,0,NULL,1,0,0,1),(1360,NULL,'2111-08',2111,8,'2111-08-01','2111-08-31',NULL,NULL,40719,0,NULL,1,0,0,1),(1361,NULL,'2111-09',2111,9,'2111-09-01','2111-09-30',NULL,NULL,40719,0,NULL,1,0,0,1),(1362,NULL,'2111-10',2111,10,'2111-10-01','2111-10-31',NULL,NULL,40719,0,NULL,1,0,0,1),(1363,NULL,'2111-11',2111,11,'2111-11-01','2111-11-30',NULL,NULL,40719,0,NULL,1,0,0,1),(1364,NULL,'2111-12',2111,12,'2111-12-01','2111-12-31',NULL,NULL,40719,0,NULL,1,0,0,1),(1368,NULL,'2112-01',2112,1,'2112-01-01','2112-01-31',NULL,NULL,40719,0,NULL,1,0,0,1),(1369,NULL,'2112-02',2112,2,'2112-02-01','2112-02-28',NULL,NULL,40719,0,NULL,1,0,0,1),(1370,NULL,'2112-03',2112,3,'2112-03-01','2112-03-31',NULL,NULL,40719,0,NULL,1,0,0,1),(1371,NULL,'2112-04',2112,4,'2112-04-01','2112-04-30',NULL,NULL,40719,0,NULL,1,0,0,1),(1372,NULL,'2112-05',2112,5,'2112-05-01','2112-05-31',NULL,NULL,40719,0,NULL,1,0,0,1),(1373,NULL,'2112-06',2112,6,'2112-06-01','2112-06-30',NULL,NULL,40719,0,NULL,1,0,0,1),(1374,NULL,'2112-07',2112,7,'2112-07-01','2112-07-31',NULL,NULL,40719,0,NULL,1,0,0,1),(1375,NULL,'2112-08',2112,8,'2112-08-01','2112-08-31',NULL,NULL,40719,0,NULL,1,0,0,1),(1376,NULL,'2112-09',2112,9,'2112-09-01','2112-09-30',NULL,NULL,40719,0,NULL,1,0,0,1),(1377,NULL,'2112-10',2112,10,'2112-10-01','2112-10-31',NULL,NULL,40719,0,NULL,1,0,0,1),(1378,NULL,'2112-11',2112,11,'2112-11-01','2112-11-30',NULL,NULL,40719,0,NULL,1,0,0,1),(1379,NULL,'2112-12',2112,12,'2112-12-01','2112-12-31',NULL,NULL,40719,0,NULL,1,0,0,1),(1383,NULL,'2113-01',2113,1,'2113-01-01','2113-01-31',NULL,NULL,40719,0,NULL,1,0,0,1),(1384,NULL,'2113-02',2113,2,'2113-02-01','2113-02-28',NULL,NULL,40719,0,NULL,1,0,0,1),(1385,NULL,'2113-03',2113,3,'2113-03-01','2113-03-31',NULL,NULL,40719,0,NULL,1,0,0,1),(1386,NULL,'2113-04',2113,4,'2113-04-01','2113-04-30',NULL,NULL,40719,0,NULL,1,0,0,1),(1387,NULL,'2113-05',2113,5,'2113-05-01','2113-05-31',NULL,NULL,40719,0,NULL,1,0,0,1),(1388,NULL,'2113-06',2113,6,'2113-06-01','2113-06-30',NULL,NULL,40719,0,NULL,1,0,0,1),(1389,NULL,'2113-07',2113,7,'2113-07-01','2113-07-31',NULL,NULL,40719,0,NULL,1,0,0,1),(1390,NULL,'2113-08',2113,8,'2113-08-01','2113-08-31',NULL,NULL,40719,0,NULL,1,0,0,1),(1391,NULL,'2113-09',2113,9,'2113-09-01','2113-09-30',NULL,NULL,40719,0,NULL,1,0,0,1),(1392,NULL,'2113-10',2113,10,'2113-10-01','2113-10-31',NULL,NULL,40719,0,NULL,1,0,0,1),(1393,NULL,'2113-11',2113,11,'2113-11-01','2113-11-30',NULL,NULL,40719,0,NULL,1,0,0,1),(1394,NULL,'2113-12',2113,12,'2113-12-01','2113-12-31',NULL,NULL,40719,0,NULL,1,0,0,1),(1398,NULL,'2114-01',2114,1,'2114-01-01','2114-01-31',NULL,NULL,40719,0,NULL,1,0,0,1),(1399,NULL,'2114-02',2114,2,'2114-02-01','2114-02-28',NULL,NULL,40719,0,NULL,1,0,0,1),(1400,NULL,'2114-03',2114,3,'2114-03-01','2114-03-31',NULL,NULL,40719,0,NULL,1,0,0,1),(1401,NULL,'2114-04',2114,4,'2114-04-01','2114-04-30',NULL,NULL,40719,0,NULL,1,0,0,1);
INSERT INTO `periods` VALUES (1402,NULL,'2114-05',2114,5,'2114-05-01','2114-05-31',NULL,NULL,40719,0,NULL,1,0,0,1),(1403,NULL,'2114-06',2114,6,'2114-06-01','2114-06-30',NULL,NULL,40719,0,NULL,1,0,0,1),(1404,NULL,'2114-07',2114,7,'2114-07-01','2114-07-31',NULL,NULL,40719,0,NULL,1,0,0,1),(1405,NULL,'2114-08',2114,8,'2114-08-01','2114-08-31',NULL,NULL,40719,0,NULL,1,0,0,1),(1406,NULL,'2114-09',2114,9,'2114-09-01','2114-09-30',NULL,NULL,40719,0,NULL,1,0,0,1),(1407,NULL,'2114-10',2114,10,'2114-10-01','2114-10-31',NULL,NULL,40719,0,NULL,1,0,0,1),(1408,NULL,'2114-11',2114,11,'2114-11-01','2114-11-30',NULL,NULL,40719,0,NULL,1,0,0,1),(1409,NULL,'2114-12',2114,12,'2114-12-01','2114-12-31',NULL,NULL,40719,0,NULL,1,0,0,1),(1413,NULL,'2115-01',2115,1,'2115-01-01','2115-01-31',NULL,NULL,40719,0,NULL,1,0,0,1),(1414,NULL,'2115-02',2115,2,'2115-02-01','2115-02-28',NULL,NULL,40719,0,NULL,1,0,0,1),(1415,NULL,'2115-03',2115,3,'2115-03-01','2115-03-31',NULL,NULL,40719,0,NULL,1,0,0,1),(1416,NULL,'2115-04',2115,4,'2115-04-01','2115-04-30',NULL,NULL,40719,0,NULL,1,0,0,1),(1417,NULL,'2115-05',2115,5,'2115-05-01','2115-05-31',NULL,NULL,40719,0,NULL,1,0,0,1),(1418,NULL,'2115-06',2115,6,'2115-06-01','2115-06-30',NULL,NULL,40719,0,NULL,1,0,0,1),(1419,NULL,'2115-07',2115,7,'2115-07-01','2115-07-31',NULL,NULL,40719,0,NULL,1,0,0,1),(1420,NULL,'2115-08',2115,8,'2115-08-01','2115-08-31',NULL,NULL,40719,0,NULL,1,0,0,1),(1421,NULL,'2115-09',2115,9,'2115-09-01','2115-09-30',NULL,NULL,40719,0,NULL,1,0,0,1),(1422,NULL,'2115-10',2115,10,'2115-10-01','2115-10-31',NULL,NULL,40719,0,NULL,1,0,0,1),(1423,NULL,'2115-11',2115,11,'2115-11-01','2115-11-30',NULL,NULL,40719,0,NULL,1,0,0,1),(1424,NULL,'2115-12',2115,12,'2115-12-01','2115-12-31',NULL,NULL,40719,0,NULL,1,0,0,1),(1428,NULL,'2116-01',2116,1,'2116-01-01','2116-01-31',NULL,NULL,40719,0,NULL,1,0,0,1),(1429,NULL,'2116-02',2116,2,'2116-02-01','2116-02-28',NULL,NULL,40719,0,NULL,1,0,0,1),(1430,NULL,'2116-03',2116,3,'2116-03-01','2116-03-31',NULL,NULL,40719,0,NULL,1,0,0,1),(1431,NULL,'2116-04',2116,4,'2116-04-01','2116-04-30',NULL,NULL,40719,0,NULL,1,0,0,1),(1432,NULL,'2116-05',2116,5,'2116-05-01','2116-05-31',NULL,NULL,40719,0,NULL,1,0,0,1),(1433,NULL,'2116-06',2116,6,'2116-06-01','2116-06-30',NULL,NULL,40719,0,NULL,1,0,0,1),(1434,NULL,'2116-07',2116,7,'2116-07-01','2116-07-31',NULL,NULL,40719,0,NULL,1,0,0,1),(1435,NULL,'2116-08',2116,8,'2116-08-01','2116-08-31',NULL,NULL,40719,0,NULL,1,0,0,1),(1436,NULL,'2116-09',2116,9,'2116-09-01','2116-09-30',NULL,NULL,40719,0,NULL,1,0,0,1),(1437,NULL,'2116-10',2116,10,'2116-10-01','2116-10-31',NULL,NULL,40719,0,NULL,1,0,0,1),(1438,NULL,'2116-11',2116,11,'2116-11-01','2116-11-30',NULL,NULL,40719,0,NULL,1,0,0,1),(1439,NULL,'2116-12',2116,12,'2116-12-01','2116-12-31',NULL,NULL,40719,0,NULL,1,0,0,1),(1443,NULL,'2117-01',2117,1,'2117-01-01','2117-01-31',NULL,NULL,40719,0,NULL,1,0,0,1),(1444,NULL,'2117-02',2117,2,'2117-02-01','2117-02-28',NULL,NULL,40719,0,NULL,1,0,0,1),(1445,NULL,'2117-03',2117,3,'2117-03-01','2117-03-31',NULL,NULL,40719,0,NULL,1,0,0,1),(1446,NULL,'2117-04',2117,4,'2117-04-01','2117-04-30',NULL,NULL,40719,0,NULL,1,0,0,1),(1447,NULL,'2117-05',2117,5,'2117-05-01','2117-05-31',NULL,NULL,40719,0,NULL,1,0,0,1),(1448,NULL,'2117-06',2117,6,'2117-06-01','2117-06-30',NULL,NULL,40719,0,NULL,1,0,0,1),(1449,NULL,'2117-07',2117,7,'2117-07-01','2117-07-31',NULL,NULL,40719,0,NULL,1,0,0,1),(1450,NULL,'2117-08',2117,8,'2117-08-01','2117-08-31',NULL,NULL,40719,0,NULL,1,0,0,1),(1451,NULL,'2117-09',2117,9,'2117-09-01','2117-09-30',NULL,NULL,40719,0,NULL,1,0,0,1),(1452,NULL,'2117-10',2117,10,'2117-10-01','2117-10-31',NULL,NULL,40719,0,NULL,1,0,0,1),(1453,NULL,'2117-11',2117,11,'2117-11-01','2117-11-30',NULL,NULL,40719,0,NULL,1,0,0,1),(1454,NULL,'2117-12',2117,12,'2117-12-01','2117-12-31',NULL,NULL,40719,0,NULL,1,0,0,1),(1458,NULL,'2118-01',2118,1,'2118-01-01','2118-01-31',NULL,NULL,40719,0,NULL,1,0,0,1),(1459,NULL,'2118-02',2118,2,'2118-02-01','2118-02-28',NULL,NULL,40719,0,NULL,1,0,0,1);
INSERT INTO `periods` VALUES (1460,NULL,'2118-03',2118,3,'2118-03-01','2118-03-31',NULL,NULL,40719,0,NULL,1,0,0,1),(1461,NULL,'2118-04',2118,4,'2118-04-01','2118-04-30',NULL,NULL,40719,0,NULL,1,0,0,1),(1462,NULL,'2118-05',2118,5,'2118-05-01','2118-05-31',NULL,NULL,40719,0,NULL,1,0,0,1),(1463,NULL,'2118-06',2118,6,'2118-06-01','2118-06-30',NULL,NULL,40719,0,NULL,1,0,0,1),(1464,NULL,'2118-07',2118,7,'2118-07-01','2118-07-31',NULL,NULL,40719,0,NULL,1,0,0,1),(1465,NULL,'2118-08',2118,8,'2118-08-01','2118-08-31',NULL,NULL,40719,0,NULL,1,0,0,1),(1466,NULL,'2118-09',2118,9,'2118-09-01','2118-09-30',NULL,NULL,40719,0,NULL,1,0,0,1),(1467,NULL,'2118-10',2118,10,'2118-10-01','2118-10-31',NULL,NULL,40719,0,NULL,1,0,0,1),(1468,NULL,'2118-11',2118,11,'2118-11-01','2118-11-30',NULL,NULL,40719,0,NULL,1,0,0,1),(1469,NULL,'2118-12',2118,12,'2118-12-01','2118-12-31',NULL,NULL,40719,0,NULL,1,0,0,1),(1473,NULL,'2119-01',2119,1,'2119-01-01','2119-01-31',NULL,NULL,40719,0,NULL,1,0,0,1),(1474,NULL,'2119-02',2119,2,'2119-02-01','2119-02-28',NULL,NULL,40719,0,NULL,1,0,0,1),(1475,NULL,'2119-03',2119,3,'2119-03-01','2119-03-31',NULL,NULL,40719,0,NULL,1,0,0,1),(1476,NULL,'2119-04',2119,4,'2119-04-01','2119-04-30',NULL,NULL,40719,0,NULL,1,0,0,1),(1477,NULL,'2119-05',2119,5,'2119-05-01','2119-05-31',NULL,NULL,40719,0,NULL,1,0,0,1),(1478,NULL,'2119-06',2119,6,'2119-06-01','2119-06-30',NULL,NULL,40719,0,NULL,1,0,0,1),(1479,NULL,'2119-07',2119,7,'2119-07-01','2119-07-31',NULL,NULL,40719,0,NULL,1,0,0,1),(1480,NULL,'2119-08',2119,8,'2119-08-01','2119-08-31',NULL,NULL,40719,0,NULL,1,0,0,1),(1481,NULL,'2119-09',2119,9,'2119-09-01','2119-09-30',NULL,NULL,40719,0,NULL,1,0,0,1),(1482,NULL,'2119-10',2119,10,'2119-10-01','2119-10-31',NULL,NULL,40719,0,NULL,1,0,0,1),(1483,NULL,'2119-11',2119,11,'2119-11-01','2119-11-30',NULL,NULL,40719,0,NULL,1,0,0,1),(1484,NULL,'2119-12',2119,12,'2119-12-01','2119-12-31',NULL,NULL,40719,0,NULL,1,0,0,1),(1488,NULL,'2120-01',2120,1,'2120-01-01','2120-01-31',NULL,NULL,40719,0,NULL,1,0,0,1),(1489,NULL,'2120-02',2120,2,'2120-02-01','2120-02-28',NULL,NULL,40719,0,NULL,1,0,0,1),(1490,NULL,'2120-03',2120,3,'2120-03-01','2120-03-31',NULL,NULL,40719,0,NULL,1,0,0,1),(1491,NULL,'2120-04',2120,4,'2120-04-01','2120-04-30',NULL,NULL,40719,0,NULL,1,0,0,1),(1492,NULL,'2120-05',2120,5,'2120-05-01','2120-05-31',NULL,NULL,40719,0,NULL,1,0,0,1),(1493,NULL,'2120-06',2120,6,'2120-06-01','2120-06-30',NULL,NULL,40719,0,NULL,1,0,0,1),(1494,NULL,'2120-07',2120,7,'2120-07-01','2120-07-31',NULL,NULL,40719,0,NULL,1,0,0,1),(1495,NULL,'2120-08',2120,8,'2120-08-01','2120-08-31',NULL,NULL,40719,0,NULL,1,0,0,1),(1496,NULL,'2120-09',2120,9,'2120-09-01','2120-09-30',NULL,NULL,40719,0,NULL,1,0,0,1),(1497,NULL,'2120-10',2120,10,'2120-10-01','2120-10-31',NULL,NULL,40719,0,NULL,1,0,0,1),(1498,NULL,'2120-11',2120,11,'2120-11-01','2120-11-30',NULL,NULL,40719,0,NULL,1,0,0,1),(1499,NULL,'2120-12',2120,12,'2120-12-01','2120-12-31',NULL,NULL,40719,0,NULL,1,0,0,1),(1503,NULL,'2121-01',2121,1,'2121-01-01','2121-01-31',NULL,NULL,40719,0,NULL,1,0,0,1),(1504,NULL,'2121-02',2121,2,'2121-02-01','2121-02-28',NULL,NULL,40719,0,NULL,1,0,0,1),(1505,NULL,'2121-03',2121,3,'2121-03-01','2121-03-31',NULL,NULL,40719,0,NULL,1,0,0,1),(1506,NULL,'2121-04',2121,4,'2121-04-01','2121-04-30',NULL,NULL,40719,0,NULL,1,0,0,1),(1507,NULL,'2121-05',2121,5,'2121-05-01','2121-05-31',NULL,NULL,40719,0,NULL,1,0,0,1),(1508,NULL,'2121-06',2121,6,'2121-06-01','2121-06-30',NULL,NULL,40719,0,NULL,1,0,0,1),(1509,NULL,'2121-07',2121,7,'2121-07-01','2121-07-31',NULL,NULL,40719,0,NULL,1,0,0,1),(1510,NULL,'2121-08',2121,8,'2121-08-01','2121-08-31',NULL,NULL,40719,0,NULL,1,0,0,1),(1511,NULL,'2121-09',2121,9,'2121-09-01','2121-09-30',NULL,NULL,40719,0,NULL,1,0,0,1),(1512,NULL,'2121-10',2121,10,'2121-10-01','2121-10-31',NULL,NULL,40719,0,NULL,1,0,0,1),(1513,NULL,'2121-11',2121,11,'2121-11-01','2121-11-30',NULL,NULL,40719,0,NULL,1,0,0,1),(1514,NULL,'2121-12',2121,12,'2121-12-01','2121-12-31',NULL,NULL,40719,0,NULL,1,0,0,1);
INSERT INTO `periods` VALUES (1518,NULL,'2020-01',2020,1,'2020-01-01','2020-01-31',NULL,NULL,40719,0,NULL,1,0,0,1),(1519,NULL,'2020-02',2020,2,'2020-02-01','2020-02-28',NULL,NULL,40719,0,NULL,1,0,0,1),(1520,NULL,'2020-03',2020,3,'2020-03-01','2020-03-31',NULL,NULL,40719,0,NULL,1,0,0,1),(1521,NULL,'2020-04',2020,4,'2020-04-01','2020-04-30',NULL,NULL,40719,0,NULL,1,0,0,1),(1522,NULL,'2020-05',2020,5,'2020-05-01','2020-05-31',NULL,NULL,40719,0,NULL,1,0,0,1),(1523,NULL,'2020-06',2020,6,'2020-06-01','2020-06-30',NULL,NULL,40719,0,NULL,1,0,0,1),(1524,NULL,'2020-07',2020,7,'2020-07-01','2020-07-31',NULL,NULL,40719,0,NULL,1,0,0,1),(1525,NULL,'2020-08',2020,8,'2020-08-01','2020-08-31',NULL,NULL,40719,0,NULL,1,0,0,1),(1526,NULL,'2020-09',2020,9,'2020-09-01','2020-09-30',NULL,NULL,40719,0,NULL,1,0,0,1),(1527,NULL,'2020-10',2020,10,'2020-10-01','2020-10-31',NULL,NULL,40719,0,NULL,1,0,0,1),(1528,NULL,'2020-11',2020,11,'2020-11-01','2020-11-30',NULL,NULL,40719,0,NULL,1,0,0,1),(1529,NULL,'2020-12',2020,12,'2020-12-01','2020-12-31',NULL,NULL,40719,0,NULL,1,0,0,1);

--
-- Table structure for table `person_activities`
--

CREATE TABLE `person_activities` (
  `id` int(10) unsigned NOT NULL AUTO_INCREMENT,
  `user_id` int(10) unsigned DEFAULT NULL,
  `person_id` int(10) unsigned NOT NULL,
  `activity_id` int(10) unsigned NOT NULL,
  `is_principal` tinyint(1) NOT NULL DEFAULT '0',
  `created_at` timestamp NULL DEFAULT NULL,
  `updated_at` timestamp NULL DEFAULT NULL,
  `deleted_at` timestamp NULL DEFAULT NULL,
  PRIMARY KEY (`id`),
  KEY `person_activities_person_id_foreign` (`person_id`),
  KEY `person_activities_activity_id_foreign` (`activity_id`),
  CONSTRAINT `person_activities_activity_id_foreign` FOREIGN KEY (`activity_id`) REFERENCES `activities` (`id`),
  CONSTRAINT `person_activities_person_id_foreign` FOREIGN KEY (`person_id`) REFERENCES `persons` (`id`)
) ENGINE=InnoDB AUTO_INCREMENT=9 DEFAULT CHARSET=utf8mb4 COLLATE=utf8mb4_unicode_ci;

--
-- Dumping data for table `person_activities`
--

INSERT INTO `person_activities` VALUES (8,2368,40719,796,1,'2021-01-22 21:59:28','2021-01-22 21:59:28',NULL);

--
-- Table structure for table `person_configurations`
--

CREATE TABLE `person_configurations` (
  `id` int(10) unsigned NOT NULL AUTO_INCREMENT,
  `user_id` int(10) unsigned DEFAULT NULL,
  `person_id` int(10) unsigned NOT NULL,
  `period_id` int(10) unsigned DEFAULT NULL,
  `zone_id` int(10) unsigned DEFAULT NULL,
  `settle_calc_by_coef` int(11) NOT NULL DEFAULT '0',
  `created_at` timestamp NULL DEFAULT NULL,
  `updated_at` timestamp NULL DEFAULT NULL,
  `active` int(10) unsigned DEFAULT NULL,
  `enviarMail` int(11) DEFAULT '1',
  `honorario` decimal(16,2) DEFAULT '0.00',
  `cta_cte_tesoreria_cuenta_id` int(10) unsigned DEFAULT NULL,
  `month_close` int(10) unsigned DEFAULT NULL,
  `iva_condition_id` int(10) unsigned DEFAULT NULL,
  `obligation_sell` int(10) unsigned DEFAULT NULL,
  `obligation_buy` int(10) unsigned DEFAULT NULL,
  `obligation_iva` int(10) unsigned DEFAULT NULL,
  `obligation_electronic_receipt` int(10) unsigned DEFAULT NULL,
  `obligation_iibb` int(10) unsigned DEFAULT NULL,
  `obligation_other_taxes` int(10) unsigned DEFAULT NULL,
  `liquidation_start_period` varchar(7) COLLATE utf8mb4_unicode_ci DEFAULT NULL,
  `obligation_salaries` int(10) unsigned DEFAULT NULL,
  `empleada_domestica` tinyint(1) NOT NULL DEFAULT '0',
  `prorratear_iva` tinyint(1) NOT NULL DEFAULT '0',
  `is_itc` tinyint(1) NOT NULL DEFAULT '0',
  `priority_order` int(10) unsigned DEFAULT NULL,
  `person_id_administrador` int(11) DEFAULT NULL,
  `person_id_titular` int(11) DEFAULT NULL,
  `logo_path` varchar(180) COLLATE utf8mb4_unicode_ci DEFAULT NULL,
  `certificado_afip_path` varchar(180) COLLATE utf8mb4_unicode_ci DEFAULT NULL,
  `llave_afip_path` varchar(180) COLLATE utf8mb4_unicode_ci DEFAULT NULL,
  `access_electronic_receipt` int(10) unsigned DEFAULT '0',
  `ruta_logo_fa` varchar(100) COLLATE utf8mb4_unicode_ci DEFAULT NULL,
  `inicio_actividades` date DEFAULT NULL,
  `iibb` varchar(191) COLLATE utf8mb4_unicode_ci DEFAULT NULL,
  `fe_leyenda` varchar(191) COLLATE utf8mb4_unicode_ci DEFAULT NULL,
  `atencion_iva` tinyint(1) NOT NULL DEFAULT '0',
  `atencion_iva_comentario` varchar(191) COLLATE utf8mb4_unicode_ci DEFAULT NULL,
  `atencion_iibb` tinyint(1) NOT NULL DEFAULT '0',
  `atencion_iibb_comentario` varchar(191) COLLATE utf8mb4_unicode_ci DEFAULT NULL,
  `deleted_at` timestamp NULL DEFAULT NULL,
  PRIMARY KEY (`id`),
  KEY `person_configurations_person_id_foreign` (`person_id`),
  KEY `person_configurations_period_id_foreign` (`period_id`),
  KEY `person_configurations_zone_id_foreign` (`zone_id`),
  KEY `person_configurations_iva_condition_id_foreign` (`iva_condition_id`),
  KEY `person_configurations_cta_cte_tesoreria_cuenta_id_foreign` (`cta_cte_tesoreria_cuenta_id`),
  CONSTRAINT `person_configurations_cta_cte_tesoreria_cuenta_id_foreign` FOREIGN KEY (`cta_cte_tesoreria_cuenta_id`) REFERENCES `cta_cte_tesoreria_cuentas` (`id`),
  CONSTRAINT `person_configurations_iva_condition_id_foreign` FOREIGN KEY (`iva_condition_id`) REFERENCES `iva_conditions` (`id`),
  CONSTRAINT `person_configurations_period_id_foreign` FOREIGN KEY (`period_id`) REFERENCES `periods` (`id`),
  CONSTRAINT `person_configurations_person_id_foreign` FOREIGN KEY (`person_id`) REFERENCES `persons` (`id`),
  CONSTRAINT `person_configurations_zone_id_foreign` FOREIGN KEY (`zone_id`) REFERENCES `zones` (`id`)
) ENGINE=InnoDB AUTO_INCREMENT=3 DEFAULT CHARSET=utf8mb4 COLLATE=utf8mb4_unicode_ci;

--
-- Dumping data for table `person_configurations`
--

INSERT INTO `person_configurations` VALUES (2,2368,40719,NULL,NULL,0,'2021-01-20 14:03:58','2021-01-22 21:59:28',2,1,0.00,NULL,12,2,1,1,1,1,3,NULL,'2020-1',1,0,0,0,1,40719,40719,NULL,NULL,NULL,0,NULL,'2018-11-01','20317821841',NULL,0,NULL,0,NULL,NULL);

--
-- Table structure for table `person_liquidators`
--

CREATE TABLE `person_liquidators` (
  `id` int(10) unsigned NOT NULL AUTO_INCREMENT,
  `user_id` int(10) unsigned DEFAULT NULL,
  `person_id` int(10) unsigned NOT NULL,
  `liquidator_id` int(10) unsigned NOT NULL,
  `created_at` timestamp NULL DEFAULT NULL,
  `updated_at` timestamp NULL DEFAULT NULL,
  `deleted_at` timestamp NULL DEFAULT NULL,
  PRIMARY KEY (`id`),
  KEY `person_liquidators_person_id_foreign` (`person_id`),
  KEY `person_liquidators_liquidator_id_foreign` (`liquidator_id`),
  CONSTRAINT `person_liquidators_liquidator_id_foreign` FOREIGN KEY (`liquidator_id`) REFERENCES `liquidators` (`id`),
  CONSTRAINT `person_liquidators_person_id_foreign` FOREIGN KEY (`person_id`) REFERENCES `persons` (`id`)
) ENGINE=InnoDB DEFAULT CHARSET=utf8mb4 COLLATE=utf8mb4_unicode_ci;

--
-- Dumping data for table `person_liquidators`
--


--
-- Table structure for table `person_pay_methods`
--

CREATE TABLE `person_pay_methods` (
  `id` int(10) unsigned NOT NULL AUTO_INCREMENT,
  `user_id` int(10) unsigned DEFAULT NULL,
  `person_id` int(10) unsigned NOT NULL,
  `pay_method_id` int(10) unsigned NOT NULL,
  `created_at` timestamp NULL DEFAULT NULL,
  `updated_at` timestamp NULL DEFAULT NULL,
  `deleted_at` timestamp NULL DEFAULT NULL,
  PRIMARY KEY (`id`),
  KEY `person_pay_methods_person_id_foreign` (`person_id`),
  KEY `person_pay_methods_pay_method_id_foreign` (`pay_method_id`),
  CONSTRAINT `person_pay_methods_pay_method_id_foreign` FOREIGN KEY (`pay_method_id`) REFERENCES `pay_methods` (`id`),
  CONSTRAINT `person_pay_methods_person_id_foreign` FOREIGN KEY (`person_id`) REFERENCES `persons` (`id`)
) ENGINE=InnoDB AUTO_INCREMENT=6 DEFAULT CHARSET=utf8mb4 COLLATE=utf8mb4_unicode_ci;

--
-- Dumping data for table `person_pay_methods`
--

INSERT INTO `person_pay_methods` VALUES (5,2368,40719,3,'2021-01-22 21:59:28','2021-01-22 21:59:28',NULL);

--
-- Table structure for table `person_types`
--

CREATE TABLE `person_types` (
  `id` int(10) unsigned NOT NULL AUTO_INCREMENT,
  `user_id` int(10) unsigned DEFAULT NULL,
  `description` varchar(180) COLLATE utf8mb4_unicode_ci NOT NULL,
  `created_at` timestamp NULL DEFAULT NULL,
  `updated_at` timestamp NULL DEFAULT NULL,
  `deleted_at` timestamp NULL DEFAULT NULL,
  PRIMARY KEY (`id`),
  UNIQUE KEY `person_types_description_unique` (`description`)
) ENGINE=InnoDB AUTO_INCREMENT=3 DEFAULT CHARSET=utf8mb4 COLLATE=utf8mb4_unicode_ci;

--
-- Dumping data for table `person_types`
--

INSERT INTO `person_types` VALUES (1,NULL,'Persona Humana',NULL,NULL,NULL),(2,NULL,'Persona Juridica',NULL,NULL,NULL);

--
-- Table structure for table `person_zone_actividad`
--

CREATE TABLE `person_zone_actividad` (
  `id` int(10) unsigned NOT NULL AUTO_INCREMENT,
  `user_id` int(10) unsigned DEFAULT NULL,
  `person_id` int(10) unsigned NOT NULL,
  `zone_id` int(10) unsigned NOT NULL,
  `actividad_id` int(10) unsigned NOT NULL,
  `calculo_iibb` int(11) NOT NULL,
  `coef` decimal(16,5) NOT NULL DEFAULT '0.00000',
  `alicuota` decimal(16,5) NOT NULL DEFAULT '0.00000',
  `cm_articulo_regimen_id` int(10) unsigned NOT NULL DEFAULT '1',
  `habilitado` tinyint(1) NOT NULL DEFAULT '1',
  `created_at` timestamp NULL DEFAULT NULL,
  `updated_at` timestamp NULL DEFAULT NULL,
  `deleted_at` timestamp NULL DEFAULT NULL,
  PRIMARY KEY (`id`),
  KEY `person_zone_actividad_person_id_foreign` (`person_id`),
  KEY `person_zone_actividad_zone_id_foreign` (`zone_id`),
  KEY `person_zone_actividad_actividad_id_foreign` (`actividad_id`),
  KEY `person_zone_actividad_cm_articulo_regimen_id_foreign` (`cm_articulo_regimen_id`),
  CONSTRAINT `person_zone_actividad_actividad_id_foreign` FOREIGN KEY (`actividad_id`) REFERENCES `activities` (`id`),
  CONSTRAINT `person_zone_actividad_cm_articulo_regimen_id_foreign` FOREIGN KEY (`cm_articulo_regimen_id`) REFERENCES `cm_articulos_regimenes` (`id`),
  CONSTRAINT `person_zone_actividad_person_id_foreign` FOREIGN KEY (`person_id`) REFERENCES `persons` (`id`),
  CONSTRAINT `person_zone_actividad_zone_id_foreign` FOREIGN KEY (`zone_id`) REFERENCES `zones` (`id`)
) ENGINE=InnoDB AUTO_INCREMENT=8 DEFAULT CHARSET=utf8mb4 COLLATE=utf8mb4_unicode_ci;

--
-- Dumping data for table `person_zone_actividad`
--

INSERT INTO `person_zone_actividad` VALUES (7,2368,40719,23,796,2,1.00000,4.00000,1,1,'2021-01-22 21:59:28','2021-01-22 21:59:28',NULL);

--
-- Table structure for table `person_zones`
--

CREATE TABLE `person_zones` (
  `id` int(10) unsigned NOT NULL AUTO_INCREMENT,
  `user_id` int(10) unsigned DEFAULT NULL,
  `sifere_coef` decimal(8,4) NOT NULL DEFAULT '0.0000',
  `iibb_aliquot` decimal(8,4) NOT NULL DEFAULT '0.0000',
  `zone_id` int(10) unsigned NOT NULL,
  `is_principal` tinyint(1) NOT NULL DEFAULT '0',
  `iibb_perception_id` int(10) unsigned DEFAULT NULL,
  `retention_id` int(10) unsigned DEFAULT NULL,
  `activity_id` int(10) unsigned DEFAULT NULL,
  `created_at` timestamp NULL DEFAULT NULL,
  `updated_at` timestamp NULL DEFAULT NULL,
  `person_id` int(10) unsigned NOT NULL,
  `deleted_at` timestamp NULL DEFAULT NULL,
  PRIMARY KEY (`id`),
  KEY `person_zones_zone_id_foreign` (`zone_id`),
  KEY `person_zones_person_id_foreign` (`person_id`),
  CONSTRAINT `person_zones_person_id_foreign` FOREIGN KEY (`person_id`) REFERENCES `persons` (`id`),
  CONSTRAINT `person_zones_zone_id_foreign` FOREIGN KEY (`zone_id`) REFERENCES `zones` (`id`)
) ENGINE=InnoDB AUTO_INCREMENT=8 DEFAULT CHARSET=utf8mb4 COLLATE=utf8mb4_unicode_ci;

--
-- Dumping data for table `person_zones`
--

INSERT INTO `person_zones` VALUES (7,2368,0.0000,0.0000,23,1,NULL,NULL,NULL,'2021-01-22 21:59:28','2021-01-22 21:59:28',40719,NULL);

--
-- Table structure for table `persons`
--

CREATE TABLE `persons` (
  `id` int(10) unsigned NOT NULL AUTO_INCREMENT,
  `user_id` int(10) unsigned DEFAULT NULL,
  `field_name1` varchar(255) COLLATE utf8mb4_unicode_ci NOT NULL,
  `field_name2` varchar(255) COLLATE utf8mb4_unicode_ci DEFAULT NULL,
  `document_type` varchar(10) COLLATE utf8mb4_unicode_ci NOT NULL,
  `document` varchar(30) COLLATE utf8mb4_unicode_ci NOT NULL,
  `country_id` int(10) unsigned DEFAULT NULL,
  `state_id` int(10) unsigned DEFAULT NULL,
  `zone_id` int(10) unsigned DEFAULT NULL,
  `plan_cuenta_id` int(10) unsigned DEFAULT NULL,
  `iva_creditos_tipo_id` int(10) unsigned DEFAULT NULL,
  `created_at` timestamp NULL DEFAULT NULL,
  `updated_at` timestamp NULL DEFAULT NULL,
  `activity_id` int(10) unsigned DEFAULT NULL,
  `address` varchar(500) COLLATE utf8mb4_unicode_ci DEFAULT NULL,
  `person_type_id` int(10) unsigned DEFAULT NULL,
  `fa_iva_condition_id` int(10) unsigned DEFAULT NULL,
  `fa_codigo_postal` varchar(180) COLLATE utf8mb4_unicode_ci DEFAULT NULL,
  `email` varchar(180) COLLATE utf8mb4_unicode_ci DEFAULT NULL,
  `deleted_at` timestamp NULL DEFAULT NULL,
  PRIMARY KEY (`id`),
  UNIQUE KEY `document_UNIQUE` (`document`),
  KEY `persons_zone_id_foreign` (`zone_id`),
  KEY `persons_person_type_id_foreign` (`person_type_id`),
  KEY `persons_plan_cuenta_id_foreign` (`plan_cuenta_id`),
  KEY `persons_iva_creditos_tipo_id_foreign` (`iva_creditos_tipo_id`),
  CONSTRAINT `persons_iva_creditos_tipo_id_foreign` FOREIGN KEY (`iva_creditos_tipo_id`) REFERENCES `iva_creditos_tipos` (`id`),
  CONSTRAINT `persons_person_type_id_foreign` FOREIGN KEY (`person_type_id`) REFERENCES `person_types` (`id`),
  CONSTRAINT `persons_plan_cuenta_id_foreign` FOREIGN KEY (`plan_cuenta_id`) REFERENCES `conta_plan_cuenta` (`id`),
  CONSTRAINT `persons_zone_id_foreign` FOREIGN KEY (`zone_id`) REFERENCES `zones` (`id`)
) ENGINE=InnoDB AUTO_INCREMENT=40816 DEFAULT CHARSET=utf8mb4 COLLATE=utf8mb4_unicode_ci;

--
-- Dumping data for table `persons`
--

INSERT INTO `persons` VALUES (3,NULL,'Larzabal Hernan',NULL,'cuit','20-28468190-9',NULL,22,22,NULL,NULL,'2018-05-12 20:55:07','2018-05-14 01:54:15',1,NULL,1,NULL,NULL,NULL,NULL),(40717,NULL,'Taxes Software',NULL,'cuit','30-71625124-8',NULL,22,22,NULL,NULL,NULL,NULL,NULL,NULL,2,NULL,NULL,NULL,NULL),(40718,NULL,'Consumidor Final',NULL,'cuit','20-11111111-2',NULL,22,22,NULL,NULL,NULL,NULL,NULL,NULL,NULL,NULL,NULL,NULL,NULL),(40719,2368,'Ramirez Facundo',NULL,'cuit','20-31782184-1',NULL,NULL,NULL,NULL,NULL,'2021-01-20 20:03:53','2021-01-22 21:20:03',1,'Guido 363',1,NULL,NULL,NULL,NULL),(40720,2368,'BAUER MONICA PATRICIA',NULL,'cuit','27-14395019-6',NULL,NULL,NULL,NULL,NULL,'2021-01-22 21:34:26','2021-01-22 21:34:26',NULL,NULL,NULL,NULL,NULL,NULL,NULL),(40721,2368,'BELLANI EDUARDO ALBERTO',NULL,'cuit','20-12992078-6',NULL,NULL,NULL,NULL,NULL,'2021-01-22 21:34:26','2021-01-22 21:34:26',NULL,NULL,NULL,NULL,NULL,NULL,NULL),(40722,2368,'CENTRO DE REPRODUCCION BOVINA SRL',NULL,'cuit','30-66631727-7',NULL,NULL,NULL,NULL,NULL,'2021-01-22 21:34:26','2021-01-22 21:34:26',NULL,NULL,NULL,NULL,NULL,NULL,NULL),(40723,2368,'DAMICO MARIA EMILIA Y DAMICO NATALIA SOCIEDAD DE  HECHO DE DAMICO MARIA EMILIA Y DAMICO NATALIA',NULL,'cuit','30-71078330-2',NULL,NULL,NULL,NULL,NULL,'2021-01-22 21:34:26','2021-01-22 21:34:26',NULL,NULL,NULL,NULL,NULL,NULL,NULL),(40724,2368,'DURAND MARCELO',NULL,'cuit','20-10661778-4',NULL,NULL,NULL,NULL,NULL,'2021-01-22 21:34:26','2021-01-22 21:34:26',NULL,NULL,NULL,NULL,NULL,NULL,NULL),(40725,2368,'MADARIAGA RODOLFO ALBERTO',NULL,'cuit','20-04751082-2',NULL,NULL,NULL,NULL,NULL,'2021-01-22 21:34:26','2021-01-22 21:34:26',NULL,NULL,NULL,NULL,NULL,NULL,NULL),(40726,2368,'MERCANTE JOSE FRANCISCO',NULL,'cuit','20-33858356-8',NULL,NULL,NULL,NULL,NULL,'2021-01-22 21:34:26','2021-01-22 21:34:26',NULL,NULL,NULL,NULL,NULL,NULL,NULL),(40727,2368,'MERCANTE MARIA ROSANA',NULL,'cuit','27-12992083-7',NULL,NULL,NULL,NULL,NULL,'2021-01-22 21:34:26','2021-01-22 21:34:26',NULL,NULL,NULL,NULL,NULL,NULL,NULL),(40728,2368,'MERCANTE STELLA MARIS',NULL,'cuit','27-16597991-0',NULL,NULL,NULL,NULL,NULL,'2021-01-22 21:34:26','2021-01-22 21:34:26',NULL,NULL,NULL,NULL,NULL,NULL,NULL),(40729,2368,'OBLIGADO MARGARITA PATRICIA MARIA',NULL,'cuit','23-13214340-4',NULL,NULL,NULL,NULL,NULL,'2021-01-22 21:34:26','2021-01-22 21:34:26',NULL,NULL,NULL,NULL,NULL,NULL,NULL),(40730,2368,'PUNTO OBRA ARECO S.A.',NULL,'cuit','30-71544958-3',NULL,NULL,NULL,NULL,NULL,'2021-01-22 21:34:26','2021-01-22 21:34:26',NULL,NULL,NULL,NULL,NULL,NULL,NULL),(40731,2368,'REPUESTOS LA ESQUINA S R L',NULL,'cuit','30-70794128-2',NULL,NULL,NULL,NULL,NULL,'2021-01-22 21:34:26','2021-01-22 21:34:26',NULL,NULL,NULL,NULL,NULL,NULL,NULL),(40732,2368,'SEGURIDAD INDUSTRIAL DEL VALLE SOCIEDAD DE RESPONSABILIDAD LIMITADA',NULL,'cuit','30-71109211-7',NULL,NULL,NULL,NULL,NULL,'2021-01-22 21:34:26','2021-01-22 21:34:26',NULL,NULL,NULL,NULL,NULL,NULL,NULL),(40733,2368,'SOSA CARLOS MARTIN',NULL,'cuit','20-21436204-0',NULL,NULL,NULL,NULL,NULL,'2021-01-22 21:34:26','2021-01-22 21:34:26',NULL,NULL,NULL,NULL,NULL,NULL,NULL),(40734,2368,'TYRRELL CARLOS ROBERTO',NULL,'cuit','20-10082010-3',NULL,NULL,NULL,NULL,NULL,'2021-01-22 21:34:26','2021-01-22 21:34:26',NULL,NULL,NULL,NULL,NULL,NULL,NULL),(40735,2368,'CORREAS RICARDO',NULL,'cuit','20-14222060-2',NULL,NULL,NULL,NULL,NULL,'2021-01-22 21:34:26','2021-01-22 21:34:26',NULL,NULL,NULL,NULL,NULL,NULL,NULL),(40736,2368,'DON GOYO COMBUSTIBLES S A C',NULL,'cuit','30-58619069-1',NULL,NULL,NULL,NULL,NULL,'2021-01-22 21:34:26','2021-01-22 21:34:26',NULL,NULL,NULL,NULL,NULL,NULL,NULL),(40737,2368,'MORENO MARTIN HERNAN',NULL,'cuit','20-22125926-3',NULL,NULL,NULL,NULL,NULL,'2021-01-22 21:34:26','2021-01-22 21:34:26',NULL,NULL,NULL,NULL,NULL,NULL,NULL),(40738,2368,'PALACIOS GRACIELA LILIANA',NULL,'cuit','27-13634021-8',NULL,NULL,NULL,NULL,NULL,'2021-01-22 21:34:26','2021-01-22 21:34:26',NULL,NULL,NULL,NULL,NULL,NULL,NULL);
INSERT INTO `persons` VALUES (40739,2368,'ASOCIACION  BOMBEROS VOLUNTARIOS DE SAN ANTONIO  DE ARECO',NULL,'cuit','33-58028614-9',NULL,NULL,NULL,NULL,NULL,'2021-01-22 21:36:44','2021-01-22 21:36:44',NULL,NULL,NULL,NULL,NULL,NULL,NULL),(40740,2368,'LA CLORINDITA SOCIEDAD ANONIMA AGRICOLA GANADERA INMOB Y COMERCIAL',NULL,'cuit','30-52169621-0',NULL,NULL,NULL,NULL,NULL,'2021-01-22 21:37:05','2021-01-22 21:37:05',NULL,NULL,NULL,NULL,NULL,NULL,NULL),(40742,2368,'HURTADO JUAN GABRIEL',NULL,'cuit','20-29097670-8',NULL,NULL,NULL,NULL,NULL,'2021-01-22 21:37:31','2021-01-22 21:37:31',NULL,NULL,NULL,NULL,NULL,NULL,NULL),(40743,2368,'DIRECTV ARGENTINA SOCIEDAD ANONIMA',NULL,'cuit','30-68588939-7',NULL,NULL,NULL,NULL,NULL,'2021-01-22 21:38:41','2021-01-22 21:38:41',NULL,NULL,NULL,NULL,NULL,NULL,NULL),(40744,2368,'BRUNO GONZALO ALBERTO',NULL,'cuit','20-28714642-7',NULL,NULL,NULL,NULL,NULL,'2021-01-22 21:38:41','2021-01-22 21:38:41',NULL,NULL,NULL,NULL,NULL,NULL,NULL),(40745,2368,'COLO MARIA SOLEDAD',NULL,'cuit','27-26225920-5',NULL,NULL,NULL,NULL,NULL,'2021-01-22 21:38:41','2021-01-22 21:38:41',NULL,NULL,NULL,NULL,NULL,NULL,NULL),(40746,2368,'N Y O SOFT S.R.L.',NULL,'cuit','30-71441458-1',NULL,NULL,NULL,NULL,NULL,'2021-01-22 21:38:41','2021-01-22 21:38:41',NULL,NULL,NULL,NULL,NULL,NULL,NULL),(40747,2368,'JUT-SOL SRL',NULL,'cuit','30-71081682-0',NULL,NULL,NULL,NULL,NULL,'2021-01-22 21:38:41','2021-01-22 21:38:41',NULL,NULL,NULL,NULL,NULL,NULL,NULL),(40748,2368,'LIBERTECH SRL',NULL,'cuit','30-71572387-1',NULL,NULL,NULL,NULL,NULL,'2021-01-22 21:38:41','2021-01-22 21:38:41',NULL,NULL,NULL,NULL,NULL,NULL,NULL),(40749,2368,'ARCE GUIDO LUIS',NULL,'cuit','20-29316400-3',NULL,NULL,NULL,NULL,NULL,'2021-01-22 21:38:41','2021-01-22 21:38:41',NULL,NULL,NULL,NULL,NULL,NULL,NULL),(40750,2368,'BUENOS AIRES PRO AUDIO S.A.S',NULL,'cuit','30-71588432-8',NULL,NULL,NULL,NULL,NULL,'2021-01-22 21:38:41','2021-01-22 21:38:41',NULL,NULL,NULL,NULL,NULL,NULL,NULL),(40751,2368,'LIBERTELLA FRANCISCO',NULL,'cuit','20-31082178-1',NULL,NULL,NULL,NULL,NULL,'2021-01-22 21:38:41','2021-01-22 21:38:41',NULL,NULL,NULL,NULL,NULL,NULL,NULL),(40752,2368,'NEW COUNTRY LIFE S.R.L.',NULL,'cuit','30-70846914-5',NULL,NULL,NULL,NULL,NULL,'2021-01-22 21:38:51','2021-01-22 21:38:51',NULL,NULL,NULL,NULL,NULL,NULL,NULL),(40753,2368,'INDAVERA DANIEL',NULL,'cuit','23-29318280-9',NULL,NULL,NULL,NULL,NULL,'2021-01-22 21:38:51','2021-01-22 21:38:51',NULL,NULL,NULL,NULL,NULL,NULL,NULL),(40754,2368,'AISA IONIC SA',NULL,'cuit','30-70927789-4',NULL,NULL,NULL,NULL,NULL,'2021-01-22 21:38:51','2021-01-22 21:38:51',NULL,NULL,NULL,NULL,NULL,NULL,NULL),(40755,2368,'LAURENS MAURICIO ALBERTO',NULL,'cuit','20-23529803-2',NULL,NULL,NULL,NULL,NULL,'2021-01-22 21:38:51','2021-01-22 21:38:51',NULL,NULL,NULL,NULL,NULL,NULL,NULL),(40756,2368,'TECNO LIFE ARGENTINA S.R.L.',NULL,'cuit','30-71613400-4',NULL,NULL,NULL,NULL,NULL,'2021-01-22 21:39:08','2021-01-22 21:39:08',NULL,NULL,NULL,NULL,NULL,NULL,NULL),(40757,2368,'SMARKE LUCIANO',NULL,'cuit','20-27199124-0',NULL,NULL,NULL,NULL,NULL,'2021-01-22 21:39:08','2021-01-22 21:39:08',NULL,NULL,NULL,NULL,NULL,NULL,NULL),(40758,2368,'MIGUEL TAMARA ELIDA LUZ',NULL,'cuit','27-25867848-1',NULL,NULL,NULL,NULL,NULL,'2021-01-22 21:39:08','2021-01-22 21:39:08',NULL,NULL,NULL,NULL,NULL,NULL,NULL),(40759,2368,'KADURSPORT S.R.L.',NULL,'cuit','30-71505322-1',NULL,NULL,NULL,NULL,NULL,'2021-01-22 21:39:18','2021-01-22 21:39:18',NULL,NULL,NULL,NULL,NULL,NULL,NULL),(40760,2368,'DE RENZO MAURO HERNAN',NULL,'cuit','20-29601685-4',NULL,NULL,NULL,NULL,NULL,'2021-01-22 21:39:18','2021-01-22 21:39:18',NULL,NULL,NULL,NULL,NULL,NULL,NULL),(40761,2368,'CONSEJO PROFESIONAL DE CIENCIAS ECONOMICAS DE LA CIUDAD AUTONOMA DE BUENOS AIRES',NULL,'cuit','33-54666366-9',NULL,NULL,NULL,NULL,NULL,'2021-01-22 21:39:18','2021-01-22 21:39:18',NULL,NULL,NULL,NULL,NULL,NULL,NULL),(40762,2368,'LAHUME SPORT S A',NULL,'cuit','30-62190125-3',NULL,NULL,NULL,NULL,NULL,'2021-01-22 21:39:18','2021-01-22 21:39:18',NULL,NULL,NULL,NULL,NULL,NULL,NULL);
INSERT INTO `persons` VALUES (40763,2368,'MONTELEONE FEDERICO GABRIEL',NULL,'cuit','20-34384001-3',NULL,NULL,NULL,NULL,NULL,'2021-01-22 21:39:18','2021-01-22 21:39:18',NULL,NULL,NULL,NULL,NULL,NULL,NULL),(40764,2368,'QCM SOCIEDAD ANONIMA',NULL,'cuit','30-69618822-6',NULL,NULL,NULL,NULL,NULL,'2021-01-22 21:39:18','2021-01-22 21:39:18',NULL,NULL,NULL,NULL,NULL,NULL,NULL),(40765,2368,'BIDCOM SRL',NULL,'cuit','30-71106936-0',NULL,NULL,NULL,NULL,NULL,'2021-01-22 21:39:18','2021-01-22 21:39:18',NULL,NULL,NULL,NULL,NULL,NULL,NULL),(40766,2368,'AVANTECNO S A',NULL,'cuit','33-70718113-9',NULL,NULL,NULL,NULL,NULL,'2021-01-22 21:39:18','2021-01-22 21:39:18',NULL,NULL,NULL,NULL,NULL,NULL,NULL),(40767,2368,'EQUIPAMIENTO DE EMPRESAS SA',NULL,'cuit','30-67832488-0',NULL,NULL,NULL,NULL,NULL,'2021-01-22 21:39:18','2021-01-22 21:39:18',NULL,NULL,NULL,NULL,NULL,NULL,NULL),(40768,2368,'RAMIREZ SEBASTIAN LISANDRO',NULL,'cuit','20-34092439-9',NULL,NULL,NULL,NULL,NULL,'2021-01-22 21:39:18','2021-01-22 21:39:18',NULL,NULL,NULL,NULL,NULL,NULL,NULL),(40769,2368,'AMADO NESTOR RUBEN',NULL,'cuit','20-12021315-7',NULL,NULL,NULL,NULL,NULL,'2021-01-22 21:39:26','2021-01-22 21:39:26',NULL,NULL,NULL,NULL,NULL,NULL,NULL),(40770,2368,'READY SISTEMAS DE COPIADO S R L',NULL,'cuit','30-63151970-5',NULL,NULL,NULL,NULL,NULL,'2021-01-22 21:39:26','2021-01-22 21:39:26',NULL,NULL,NULL,NULL,NULL,NULL,NULL),(40771,2368,'DURAN MARCELO ALEJANDRO Y FIOROTTO AMERICO ANTONIO SH',NULL,'cuit','30-69544642-6',NULL,NULL,NULL,NULL,NULL,'2021-01-22 21:39:26','2021-01-22 21:39:26',NULL,NULL,NULL,NULL,NULL,NULL,NULL),(40772,2368,'KAMNIK S R L',NULL,'cuit','30-63196528-4',NULL,NULL,NULL,NULL,NULL,'2021-01-22 21:39:26','2021-01-22 21:39:26',NULL,NULL,NULL,NULL,NULL,NULL,NULL),(40773,2368,'PENA MANUEL IGNACIO',NULL,'cuit','20-38737603-9',NULL,NULL,NULL,NULL,NULL,'2021-01-22 21:39:26','2021-01-22 21:39:26',NULL,NULL,NULL,NULL,NULL,NULL,NULL),(40774,2368,'OSDE ORGANIZACION DE SERVICIOS DIRECTOS EMPRESARIOS',NULL,'cuit','30-54674125-3',NULL,NULL,NULL,NULL,NULL,'2021-01-22 21:39:26','2021-01-22 21:39:26',NULL,NULL,NULL,NULL,NULL,NULL,NULL),(40775,2368,'FRANZANI IGNACIO GUILLERMO',NULL,'cuit','20-28508318-5',NULL,NULL,NULL,NULL,NULL,'2021-01-22 21:39:26','2021-01-22 21:39:26',NULL,NULL,NULL,NULL,NULL,NULL,NULL),(40776,2368,'GRAELLS NELSON ANTONIO',NULL,'cuit','20-05410060-5',NULL,NULL,NULL,NULL,NULL,'2021-01-22 21:39:34','2021-01-22 21:39:34',NULL,NULL,NULL,NULL,NULL,NULL,NULL),(40787,2368,'BIG MARKET GROUP S.R.L.',NULL,'cuit','30-71667903-5',NULL,NULL,NULL,NULL,NULL,'2021-01-22 21:39:50','2021-01-22 21:39:50',NULL,NULL,NULL,NULL,NULL,NULL,NULL),(40788,2368,'SARLI MARIA VALERIA',NULL,'cuit','27-33980392-2',NULL,NULL,NULL,NULL,NULL,'2021-01-22 21:39:50','2021-01-22 21:39:50',NULL,NULL,NULL,NULL,NULL,NULL,NULL),(40789,2368,'HALZUET MARIA PAULA',NULL,'cuit','27-28907757-5',NULL,NULL,NULL,NULL,NULL,'2021-01-22 21:39:50','2021-01-22 21:39:50',NULL,NULL,NULL,NULL,NULL,NULL,NULL),(40790,2368,'PINTURERIA PANNUNZIO S.R.L.',NULL,'cuit','30-71624776-3',NULL,NULL,NULL,NULL,NULL,'2021-01-22 21:39:50','2021-01-22 21:39:50',NULL,NULL,NULL,NULL,NULL,NULL,NULL),(40791,2368,'KAMIRO S.A.',NULL,'cuit','30-71535806-5',NULL,NULL,NULL,NULL,NULL,'2021-01-22 21:39:50','2021-01-22 21:39:50',NULL,NULL,NULL,NULL,NULL,NULL,NULL),(40792,2368,'EL FOCO S.R.L.',NULL,'cuit','30-71228174-6',NULL,NULL,NULL,NULL,NULL,'2021-01-22 21:39:50','2021-01-22 21:39:50',NULL,NULL,NULL,NULL,NULL,NULL,NULL),(40793,2368,'AVENIDA MAIPU 4199 S C S',NULL,'cuit','30-69505634-2',NULL,NULL,NULL,NULL,NULL,'2021-01-22 21:39:50','2021-01-22 21:39:50',NULL,NULL,NULL,NULL,NULL,NULL,NULL),(40794,2368,'SAN ANTONIO PREMOLDEADOS S.R.L.',NULL,'cuit','30-71402803-7',NULL,NULL,NULL,NULL,NULL,'2021-01-22 21:39:50','2021-01-22 21:39:50',NULL,NULL,NULL,NULL,NULL,NULL,NULL),(40795,2368,'COMPANIA SUDAMERICANA DE DISEÑO Y DISTRIBUCION S A',NULL,'cuit','30-70971958-7',NULL,NULL,NULL,NULL,NULL,'2021-01-22 21:39:50','2021-01-22 21:39:50',NULL,NULL,NULL,NULL,NULL,NULL,NULL);
INSERT INTO `persons` VALUES (40796,2368,'ACUÑA MARIA ANDREA',NULL,'cuit','27-20295235-1',NULL,NULL,NULL,NULL,NULL,'2021-01-22 21:39:50','2021-01-22 21:39:50',NULL,NULL,NULL,NULL,NULL,NULL,NULL),(40797,2368,'ROYAL DENIM S A',NULL,'cuit','30-70798652-9',NULL,NULL,NULL,NULL,NULL,'2021-01-22 21:40:03','2021-01-22 21:40:03',NULL,NULL,NULL,NULL,NULL,NULL,NULL),(40798,2368,'DANPER S.R.L.',NULL,'cuit','30-71512736-5',NULL,NULL,NULL,NULL,NULL,'2021-01-22 21:40:03','2021-01-22 21:40:03',NULL,NULL,NULL,NULL,NULL,NULL,NULL),(40799,2368,'TELEFONICA DE ARGENTINA SA',NULL,'cuit','30-63945397-5',NULL,NULL,NULL,NULL,NULL,'2021-01-22 21:40:03','2021-01-22 21:40:03',NULL,NULL,NULL,NULL,NULL,NULL,NULL),(40800,2368,'GRIFERIAS COBRA S R L',NULL,'cuit','33-69508978-9',NULL,NULL,NULL,NULL,NULL,'2021-01-22 21:40:03','2021-01-22 21:40:03',NULL,NULL,NULL,NULL,NULL,NULL,NULL),(40801,2368,'ZARA ARGENTINA S A',NULL,'cuit','30-69314836-3',NULL,NULL,NULL,NULL,NULL,'2021-01-22 21:40:03','2021-01-22 21:40:03',NULL,NULL,NULL,NULL,NULL,NULL,NULL),(40802,2368,'ROMALDI S.R.L.',NULL,'cuit','33-71537351-9',NULL,NULL,NULL,NULL,NULL,'2021-01-22 21:40:12','2021-01-22 21:40:12',NULL,NULL,NULL,NULL,NULL,NULL,NULL),(40803,2368,'EL BAZAR DIGITAL .COM S.R.L.',NULL,'cuit','30-71254554-9',NULL,NULL,NULL,NULL,NULL,'2021-01-22 21:40:12','2021-01-22 21:40:12',NULL,NULL,NULL,NULL,NULL,NULL,NULL),(40804,2368,'PENSADO POR BEBES S.R.L.',NULL,'cuit','30-71513094-3',NULL,NULL,NULL,NULL,NULL,'2021-01-22 21:40:12','2021-01-22 21:40:12',NULL,NULL,NULL,NULL,NULL,NULL,NULL),(40805,2368,'WINNERS PRODUCTOS DEPORTIVOS S.A.',NULL,'cuit','30-70772585-7',NULL,NULL,NULL,NULL,NULL,'2021-01-22 21:40:26','2021-01-22 21:40:26',NULL,NULL,NULL,NULL,NULL,NULL,NULL),(40806,2368,'SUPERFOTO S R L',NULL,'cuit','30-70839544-3',NULL,NULL,NULL,NULL,NULL,'2021-01-22 21:40:26','2021-01-22 21:40:26',NULL,NULL,NULL,NULL,NULL,NULL,NULL),(40807,2368,'DANDRES ANALIA NORA',NULL,'cuit','27-14477857-5',NULL,NULL,NULL,NULL,NULL,'2021-01-22 21:40:26','2021-01-22 21:40:26',NULL,NULL,NULL,NULL,NULL,NULL,NULL),(40808,2368,'FRAVEGA S A C I E I',NULL,'cuit','30-52687424-9',NULL,NULL,NULL,NULL,NULL,'2021-01-22 21:40:26','2021-01-22 21:40:26',NULL,NULL,NULL,NULL,NULL,NULL,NULL),(40809,2368,'SUIZO ARGENTINA SOCIEDAD ANONIMA',NULL,'cuit','30-51696843-1',NULL,NULL,NULL,NULL,NULL,'2021-01-22 21:40:26','2021-01-22 21:40:26',NULL,NULL,NULL,NULL,NULL,NULL,NULL),(40810,2368,'FARBO LUIS MARIA, FIORE GABRIEL MARIO Y ALVAREZ DANIEL JESUS',NULL,'cuit','30-71189404-3',NULL,NULL,NULL,NULL,NULL,'2021-01-22 21:41:30','2021-01-22 21:41:30',NULL,NULL,NULL,NULL,NULL,NULL,NULL),(40811,2368,'ALONSO DIEGO MARTIN',NULL,'cuit','20-31344916-6',NULL,NULL,NULL,NULL,NULL,'2021-01-22 21:41:30','2021-01-22 21:41:30',NULL,NULL,NULL,NULL,NULL,NULL,NULL),(40812,2368,'IT BROKERS S.A.',NULL,'cuit','30-71429595-7',NULL,NULL,NULL,NULL,NULL,'2021-01-22 21:41:31','2021-01-22 21:41:31',NULL,NULL,NULL,NULL,NULL,NULL,NULL),(40813,2368,'IRIARTE OSCAR ALBERTO',NULL,'cuit','20-27317837-7',NULL,NULL,NULL,NULL,NULL,'2021-01-22 21:41:31','2021-01-22 21:41:31',NULL,NULL,NULL,NULL,NULL,NULL,NULL),(40814,2368,'GOMEZ ALEJANDRA MABEL',NULL,'cuit','27-23842317-7',NULL,NULL,NULL,NULL,NULL,'2021-01-22 21:41:31','2021-01-22 21:41:31',NULL,NULL,NULL,NULL,NULL,NULL,NULL),(40815,2368,'CATTANEO IGNACIO FLORENCIO',NULL,'cuit','20-31782066-7',NULL,NULL,NULL,NULL,NULL,'2021-01-22 21:41:44','2021-01-22 21:41:44',NULL,NULL,NULL,NULL,NULL,NULL,NULL);

--
-- Table structure for table `portal_empleados`
--

CREATE TABLE `portal_empleados` (
  `id` int(10) unsigned NOT NULL AUTO_INCREMENT,
  `user_id` int(10) unsigned DEFAULT NULL,
  `person_id` int(10) unsigned NOT NULL,
  `person_id_relationed` int(10) unsigned NOT NULL,
  `comentario` varchar(191) COLLATE utf8mb4_unicode_ci DEFAULT NULL,
  `habilitado` tinyint(1) NOT NULL DEFAULT '1',
  `created_at` timestamp NULL DEFAULT NULL,
  `updated_at` timestamp NULL DEFAULT NULL,
  `deleted_at` timestamp NULL DEFAULT NULL,
  PRIMARY KEY (`id`),
  KEY `portal_empleados_person_id_foreign` (`person_id`),
  KEY `portal_empleados_person_id_relationed_foreign` (`person_id_relationed`),
  CONSTRAINT `portal_empleados_person_id_foreign` FOREIGN KEY (`person_id`) REFERENCES `persons` (`id`),
  CONSTRAINT `portal_empleados_person_id_relationed_foreign` FOREIGN KEY (`person_id_relationed`) REFERENCES `persons` (`id`)
) ENGINE=InnoDB DEFAULT CHARSET=utf8mb4 COLLATE=utf8mb4_unicode_ci;

--
-- Dumping data for table `portal_empleados`
--


--
-- Table structure for table `presupuesto_config`
--

CREATE TABLE `presupuesto_config` (
  `id` int(10) unsigned NOT NULL AUTO_INCREMENT,
  `user_id` int(10) unsigned DEFAULT NULL,
  `person_id` int(10) unsigned NOT NULL,
  `num_inicial` int(10) unsigned NOT NULL DEFAULT '0',
  `created_at` timestamp NULL DEFAULT NULL,
  `updated_at` timestamp NULL DEFAULT NULL,
  `deleted_at` timestamp NULL DEFAULT NULL,
  PRIMARY KEY (`id`),
  KEY `presupuesto_config_person_id_foreign` (`person_id`),
  CONSTRAINT `presupuesto_config_person_id_foreign` FOREIGN KEY (`person_id`) REFERENCES `persons` (`id`)
) ENGINE=InnoDB DEFAULT CHARSET=utf8mb4 COLLATE=utf8mb4_unicode_ci;

--
-- Dumping data for table `presupuesto_config`
--


--
-- Table structure for table `presupuestos`
--

CREATE TABLE `presupuestos` (
  `id` int(10) unsigned NOT NULL AUTO_INCREMENT,
  `user_id` int(10) unsigned NOT NULL,
  `fecha` date NOT NULL DEFAULT '2019-12-23',
  `punto_venta_id` int(10) unsigned NOT NULL,
  `system_tax_id` int(10) unsigned NOT NULL DEFAULT '7',
  `numero` int(10) unsigned NOT NULL,
  `person_id` int(10) unsigned NOT NULL,
  `person_id_receptor` int(10) unsigned NOT NULL DEFAULT '3',
  `texto` longtext COLLATE utf8mb4_unicode_ci,
  `iva_si_no` tinyint(1) NOT NULL DEFAULT '0',
  `neto` decimal(16,2) NOT NULL DEFAULT '0.00',
  `iva` decimal(16,2) NOT NULL DEFAULT '0.00',
  `total` decimal(16,2) NOT NULL DEFAULT '0.00',
  `comentario` varchar(191) COLLATE utf8mb4_unicode_ci DEFAULT NULL,
  `created_at` timestamp NULL DEFAULT NULL,
  `updated_at` timestamp NULL DEFAULT NULL,
  `deleted_at` timestamp NULL DEFAULT NULL,
  PRIMARY KEY (`id`),
  KEY `presupuestos_punto_venta_id_foreign` (`punto_venta_id`),
  KEY `presupuestos_person_id_foreign` (`person_id`),
  KEY `presupuestos_person_id_receptor_foreign` (`person_id_receptor`),
  KEY `presupuestos_system_tax_id_foreign` (`system_tax_id`),
  CONSTRAINT `presupuestos_person_id_foreign` FOREIGN KEY (`person_id`) REFERENCES `persons` (`id`),
  CONSTRAINT `presupuestos_person_id_receptor_foreign` FOREIGN KEY (`person_id_receptor`) REFERENCES `persons` (`id`),
  CONSTRAINT `presupuestos_punto_venta_id_foreign` FOREIGN KEY (`punto_venta_id`) REFERENCES `fact_elec_puntos_venta` (`id`),
  CONSTRAINT `presupuestos_system_tax_id_foreign` FOREIGN KEY (`system_tax_id`) REFERENCES `system_taxes` (`id`)
) ENGINE=InnoDB DEFAULT CHARSET=utf8mb4 COLLATE=utf8mb4_unicode_ci;

--
-- Dumping data for table `presupuestos`
--


--
-- Table structure for table `queue_proceso_resultado`
--

CREATE TABLE `queue_proceso_resultado` (
  `id` int(10) unsigned NOT NULL AUTO_INCREMENT,
  `user_id` int(10) unsigned DEFAULT NULL,
  `queue_proceso_id` int(10) unsigned DEFAULT NULL,
  `resultado` longtext COLLATE utf8mb4_unicode_ci,
  `created_at` timestamp NULL DEFAULT NULL,
  `updated_at` timestamp NULL DEFAULT NULL,
  `deleted_at` timestamp NULL DEFAULT NULL,
  PRIMARY KEY (`id`),
  KEY `queue_proceso_resultado_queue_proceso_id_foreign` (`queue_proceso_id`),
  CONSTRAINT `queue_proceso_resultado_queue_proceso_id_foreign` FOREIGN KEY (`queue_proceso_id`) REFERENCES `queue_procesos` (`id`)
) ENGINE=InnoDB DEFAULT CHARSET=utf8mb4 COLLATE=utf8mb4_unicode_ci;

--
-- Dumping data for table `queue_proceso_resultado`
--


--
-- Table structure for table `queue_procesos`
--

CREATE TABLE `queue_procesos` (
  `id` int(10) unsigned NOT NULL AUTO_INCREMENT,
  `user_id` int(10) unsigned DEFAULT NULL,
  `descripcion` text COLLATE utf8mb4_unicode_ci NOT NULL,
  `created_at` timestamp NULL DEFAULT NULL,
  `updated_at` timestamp NULL DEFAULT NULL,
  `deleted_at` timestamp NULL DEFAULT NULL,
  PRIMARY KEY (`id`)
) ENGINE=InnoDB AUTO_INCREMENT=3 DEFAULT CHARSET=utf8mb4 COLLATE=utf8mb4_unicode_ci;

--
-- Dumping data for table `queue_procesos`
--

INSERT INTO `queue_procesos` VALUES (1,NULL,'Importar - Excel',NULL,NULL,NULL),(2,NULL,'Importar - Mis Comprobantes',NULL,NULL,NULL);

--
-- Table structure for table `receipt_taxes`
--

CREATE TABLE `receipt_taxes` (
  `id` int(10) unsigned NOT NULL AUTO_INCREMENT,
  `user_id` int(10) unsigned DEFAULT NULL,
  `receipt_id` int(10) unsigned NOT NULL,
  `tax_id` int(10) unsigned DEFAULT NULL,
  `amount` decimal(16,2) NOT NULL,
  `tax_amount` decimal(16,2) NOT NULL DEFAULT '0.00',
  `taxable_iibb` int(11) NOT NULL DEFAULT '0',
  `iva_iibb` int(11) NOT NULL DEFAULT '0',
  `created_at` timestamp NULL DEFAULT NULL,
  `updated_at` timestamp NULL DEFAULT NULL,
  `deleted_at` timestamp NULL DEFAULT NULL,
  PRIMARY KEY (`id`),
  KEY `receipt_taxes_receipt_id_foreign` (`receipt_id`),
  CONSTRAINT `receipt_taxes_receipt_id_foreign` FOREIGN KEY (`receipt_id`) REFERENCES `receipts` (`id`)
) ENGINE=InnoDB AUTO_INCREMENT=391 DEFAULT CHARSET=utf8mb4 COLLATE=utf8mb4_unicode_ci;

--
-- Dumping data for table `receipt_taxes`
--

INSERT INTO `receipt_taxes` VALUES (1,2368,1,2,5578.51,1171.49,2,1,'2021-01-22 21:34:26','2021-01-22 21:34:26',NULL),(2,2368,2,2,7603.31,1596.70,2,1,'2021-01-22 21:34:26','2021-01-22 21:34:26',NULL),(3,2368,3,2,22314.05,4685.95,2,1,'2021-01-22 21:34:26','2021-01-22 21:34:26',NULL),(4,2368,4,2,13223.14,2776.86,2,1,'2021-01-22 21:34:26','2021-01-22 21:34:26',NULL),(5,2368,5,2,3925.62,824.38,2,1,'2021-01-22 21:34:26','2021-01-22 21:34:26',NULL),(6,2368,6,2,3223.14,676.86,2,1,'2021-01-22 21:34:26','2021-01-22 21:34:26',NULL),(7,2368,7,2,3223.14,676.86,2,1,'2021-01-22 21:34:26','2021-01-22 21:34:26',NULL),(8,2368,8,2,2727.27,572.73,2,1,'2021-01-22 21:34:26','2021-01-22 21:34:26',NULL),(9,2368,9,2,2727.27,572.73,2,1,'2021-01-22 21:34:26','2021-01-22 21:34:26',NULL),(10,2368,10,2,4545.46,954.55,2,1,'2021-01-22 21:34:26','2021-01-22 21:34:26',NULL),(11,2368,11,2,6280.99,1319.01,2,1,'2021-01-22 21:34:26','2021-01-22 21:34:26',NULL),(12,2368,12,2,21818.18,4581.82,2,1,'2021-01-22 21:34:26','2021-01-22 21:34:26',NULL),(13,2368,13,2,18181.82,3818.18,2,1,'2021-01-22 21:34:26','2021-01-22 21:34:26',NULL),(14,2368,14,2,3801.65,798.35,2,1,'2021-01-22 21:34:26','2021-01-22 21:34:26',NULL),(15,2368,15,2,3801.65,798.35,2,1,'2021-01-22 21:34:26','2021-01-22 21:34:26',NULL),(16,2368,16,2,3801.65,798.35,2,1,'2021-01-22 21:34:26','2021-01-22 21:34:26',NULL),(17,2368,17,2,89256.20,18743.80,2,1,'2021-01-22 21:34:26','2021-01-22 21:34:26',NULL),(18,2368,18,2,9504.13,1995.87,2,1,'2021-01-22 21:34:26','2021-01-22 21:34:26',NULL),(19,2368,19,2,8677.69,1822.31,2,1,'2021-01-22 21:34:26','2021-01-22 21:34:26',NULL),(20,2368,20,2,5578.51,1171.49,2,1,'2021-01-22 21:35:53','2021-01-22 21:35:53',NULL),(21,2368,21,2,7603.31,1596.70,2,1,'2021-01-22 21:35:53','2021-01-22 21:35:53',NULL),(22,2368,22,2,22314.05,4685.95,2,1,'2021-01-22 21:35:53','2021-01-22 21:35:53',NULL),(23,2368,23,2,13223.14,2776.86,2,1,'2021-01-22 21:35:53','2021-01-22 21:35:53',NULL),(24,2368,24,2,3925.62,824.38,2,1,'2021-01-22 21:35:53','2021-01-22 21:35:53',NULL),(25,2368,25,2,3223.14,676.86,2,1,'2021-01-22 21:35:53','2021-01-22 21:35:53',NULL),(26,2368,26,2,3223.14,676.86,2,1,'2021-01-22 21:35:53','2021-01-22 21:35:53',NULL),(27,2368,27,2,2727.27,572.73,2,1,'2021-01-22 21:35:53','2021-01-22 21:35:53',NULL),(28,2368,28,2,2727.27,572.73,2,1,'2021-01-22 21:35:53','2021-01-22 21:35:53',NULL),(29,2368,29,2,4545.46,954.55,2,1,'2021-01-22 21:35:53','2021-01-22 21:35:53',NULL),(30,2368,30,2,6280.99,1319.01,2,1,'2021-01-22 21:35:53','2021-01-22 21:35:53',NULL),(31,2368,31,2,21818.18,4581.82,2,1,'2021-01-22 21:35:53','2021-01-22 21:35:53',NULL),(32,2368,32,2,18181.82,3818.18,2,1,'2021-01-22 21:35:53','2021-01-22 21:35:53',NULL),(33,2368,33,2,3801.65,798.35,2,1,'2021-01-22 21:35:53','2021-01-22 21:35:53',NULL),(34,2368,34,2,3801.65,798.35,2,1,'2021-01-22 21:35:53','2021-01-22 21:35:53',NULL),(35,2368,35,2,3801.65,798.35,2,1,'2021-01-22 21:35:53','2021-01-22 21:35:53',NULL),(36,2368,36,2,89256.20,18743.80,2,1,'2021-01-22 21:35:53','2021-01-22 21:35:53',NULL),(37,2368,37,2,9504.13,1995.87,2,1,'2021-01-22 21:35:53','2021-01-22 21:35:53',NULL),(38,2368,38,2,8677.69,1822.31,2,1,'2021-01-22 21:35:53','2021-01-22 21:35:53',NULL),(39,2368,39,2,5578.51,1171.49,2,1,'2021-01-22 21:36:32','2021-01-22 21:36:32',NULL),(40,2368,40,2,7603.31,1596.70,2,1,'2021-01-22 21:36:32','2021-01-22 21:36:32',NULL),(41,2368,41,2,22314.05,4685.95,2,1,'2021-01-22 21:36:32','2021-01-22 21:36:32',NULL),(42,2368,42,2,13223.14,2776.86,2,1,'2021-01-22 21:36:33','2021-01-22 21:36:33',NULL),(43,2368,43,2,3925.62,824.38,2,1,'2021-01-22 21:36:33','2021-01-22 21:36:33',NULL),(44,2368,44,2,3223.14,676.86,2,1,'2021-01-22 21:36:33','2021-01-22 21:36:33',NULL),(45,2368,45,2,3223.14,676.86,2,1,'2021-01-22 21:36:33','2021-01-22 21:36:33',NULL),(46,2368,46,2,2727.27,572.73,2,1,'2021-01-22 21:36:33','2021-01-22 21:36:33',NULL),(47,2368,47,2,2727.27,572.73,2,1,'2021-01-22 21:36:33','2021-01-22 21:36:33',NULL),(48,2368,48,2,4545.46,954.55,2,1,'2021-01-22 21:36:33','2021-01-22 21:36:33',NULL);
INSERT INTO `receipt_taxes` VALUES (49,2368,49,2,6280.99,1319.01,2,1,'2021-01-22 21:36:33','2021-01-22 21:36:33',NULL),(50,2368,50,2,21818.18,4581.82,2,1,'2021-01-22 21:36:33','2021-01-22 21:36:33',NULL),(51,2368,51,2,18181.82,3818.18,2,1,'2021-01-22 21:36:33','2021-01-22 21:36:33',NULL),(52,2368,52,2,3801.65,798.35,2,1,'2021-01-22 21:36:33','2021-01-22 21:36:33',NULL),(53,2368,53,2,3801.65,798.35,2,1,'2021-01-22 21:36:33','2021-01-22 21:36:33',NULL),(54,2368,54,2,3801.65,798.35,2,1,'2021-01-22 21:36:33','2021-01-22 21:36:33',NULL),(55,2368,55,2,89256.20,18743.80,2,1,'2021-01-22 21:36:33','2021-01-22 21:36:33',NULL),(56,2368,56,2,9504.13,1995.87,2,1,'2021-01-22 21:36:33','2021-01-22 21:36:33',NULL),(57,2368,57,2,8677.69,1822.31,2,1,'2021-01-22 21:36:33','2021-01-22 21:36:33',NULL),(58,2368,58,2,7294.11,1531.76,2,1,'2021-01-22 21:36:44','2021-01-22 21:36:44',NULL),(59,2368,59,2,4462.81,937.19,2,1,'2021-01-22 21:36:44','2021-01-22 21:36:44',NULL),(60,2368,60,2,7603.31,1596.70,2,1,'2021-01-22 21:36:44','2021-01-22 21:36:44',NULL),(61,2368,61,2,22314.05,4685.95,2,1,'2021-01-22 21:36:44','2021-01-22 21:36:44',NULL),(62,2368,62,2,13223.14,2776.86,2,1,'2021-01-22 21:36:44','2021-01-22 21:36:44',NULL),(63,2368,63,2,3925.62,824.38,2,1,'2021-01-22 21:36:44','2021-01-22 21:36:44',NULL),(64,2368,64,2,3223.14,676.86,2,1,'2021-01-22 21:36:44','2021-01-22 21:36:44',NULL),(65,2368,65,2,2727.27,572.73,2,1,'2021-01-22 21:36:44','2021-01-22 21:36:44',NULL),(66,2368,66,2,2727.27,572.73,2,1,'2021-01-22 21:36:44','2021-01-22 21:36:44',NULL),(67,2368,67,2,4545.46,954.55,2,1,'2021-01-22 21:36:44','2021-01-22 21:36:44',NULL),(68,2368,68,2,6280.99,1319.01,2,1,'2021-01-22 21:36:44','2021-01-22 21:36:44',NULL),(69,2368,69,2,21818.18,4581.82,2,1,'2021-01-22 21:36:44','2021-01-22 21:36:44',NULL),(70,2368,70,2,18181.82,3818.18,2,1,'2021-01-22 21:36:44','2021-01-22 21:36:44',NULL),(71,2368,71,2,3801.65,798.35,2,1,'2021-01-22 21:36:44','2021-01-22 21:36:44',NULL),(72,2368,72,2,3801.65,798.35,2,1,'2021-01-22 21:36:44','2021-01-22 21:36:44',NULL),(73,2368,73,2,3801.65,798.35,2,1,'2021-01-22 21:36:44','2021-01-22 21:36:44',NULL),(74,2368,74,2,89256.20,18743.80,2,1,'2021-01-22 21:36:44','2021-01-22 21:36:44',NULL),(75,2368,75,2,8677.69,1822.31,2,1,'2021-01-22 21:36:44','2021-01-22 21:36:44',NULL),(76,2368,76,2,9504.13,1995.87,2,1,'2021-01-22 21:36:44','2021-01-22 21:36:44',NULL),(77,2368,77,2,4462.81,937.19,2,1,'2021-01-22 21:36:53','2021-01-22 21:36:53',NULL),(78,2368,78,2,7603.31,1596.70,2,1,'2021-01-22 21:36:53','2021-01-22 21:36:53',NULL),(79,2368,79,2,22314.05,4685.95,2,1,'2021-01-22 21:36:53','2021-01-22 21:36:53',NULL),(80,2368,80,2,13223.14,2776.86,2,1,'2021-01-22 21:36:53','2021-01-22 21:36:53',NULL),(81,2368,81,2,3925.62,824.38,2,1,'2021-01-22 21:36:53','2021-01-22 21:36:53',NULL),(82,2368,82,2,3223.14,676.86,2,1,'2021-01-22 21:36:53','2021-01-22 21:36:53',NULL),(83,2368,83,2,2727.27,572.73,2,1,'2021-01-22 21:36:53','2021-01-22 21:36:53',NULL),(84,2368,84,2,2727.27,572.73,2,1,'2021-01-22 21:36:53','2021-01-22 21:36:53',NULL),(85,2368,85,2,4545.46,954.55,2,1,'2021-01-22 21:36:53','2021-01-22 21:36:53',NULL),(86,2368,86,2,6280.99,1319.01,2,1,'2021-01-22 21:36:53','2021-01-22 21:36:53',NULL),(87,2368,87,2,21818.18,4581.82,2,1,'2021-01-22 21:36:53','2021-01-22 21:36:53',NULL),(88,2368,88,2,3801.65,798.35,2,1,'2021-01-22 21:36:53','2021-01-22 21:36:53',NULL),(89,2368,89,2,3801.65,798.35,2,1,'2021-01-22 21:36:53','2021-01-22 21:36:53',NULL),(90,2368,90,2,3801.65,798.35,2,1,'2021-01-22 21:36:53','2021-01-22 21:36:53',NULL),(91,2368,91,2,89256.20,18743.80,2,1,'2021-01-22 21:36:53','2021-01-22 21:36:53',NULL),(92,2368,92,2,8677.69,1822.31,2,1,'2021-01-22 21:36:53','2021-01-22 21:36:53',NULL),(93,2368,93,2,18181.82,3818.18,2,1,'2021-01-22 21:36:53','2021-01-22 21:36:53',NULL),(94,2368,94,2,12000.00,2520.00,2,1,'2021-01-22 21:37:05','2021-01-22 21:37:05',NULL),(95,2368,95,2,5578.51,1171.49,2,1,'2021-01-22 21:37:05','2021-01-22 21:37:05',NULL);
INSERT INTO `receipt_taxes` VALUES (96,2368,96,2,9123.97,1916.04,2,1,'2021-01-22 21:37:05','2021-01-22 21:37:05',NULL),(97,2368,97,2,26776.86,5623.14,2,1,'2021-01-22 21:37:05','2021-01-22 21:37:05',NULL),(98,2368,98,2,15867.77,3332.23,2,1,'2021-01-22 21:37:05','2021-01-22 21:37:05',NULL),(99,2368,99,2,3925.62,824.38,2,1,'2021-01-22 21:37:05','2021-01-22 21:37:05',NULL),(100,2368,100,2,3223.14,676.86,2,1,'2021-01-22 21:37:05','2021-01-22 21:37:05',NULL),(101,2368,101,2,2727.27,572.73,2,1,'2021-01-22 21:37:05','2021-01-22 21:37:05',NULL),(102,2368,102,2,2727.27,572.73,2,1,'2021-01-22 21:37:05','2021-01-22 21:37:05',NULL),(103,2368,103,2,5454.55,1145.46,2,1,'2021-01-22 21:37:05','2021-01-22 21:37:05',NULL),(104,2368,104,2,6280.99,1319.01,2,1,'2021-01-22 21:37:06','2021-01-22 21:37:06',NULL),(105,2368,105,2,26181.82,5498.18,2,1,'2021-01-22 21:37:06','2021-01-22 21:37:06',NULL),(106,2368,106,2,19090.91,4009.09,2,1,'2021-01-22 21:37:06','2021-01-22 21:37:06',NULL),(107,2368,107,2,3801.65,798.35,2,1,'2021-01-22 21:37:06','2021-01-22 21:37:06',NULL),(108,2368,108,2,3801.65,798.35,2,1,'2021-01-22 21:37:06','2021-01-22 21:37:06',NULL),(109,2368,109,2,3801.65,798.35,2,1,'2021-01-22 21:37:06','2021-01-22 21:37:06',NULL),(110,2368,110,2,89256.20,18743.80,2,1,'2021-01-22 21:37:06','2021-01-22 21:37:06',NULL),(111,2368,111,2,8677.69,1822.31,2,1,'2021-01-22 21:37:06','2021-01-22 21:37:06',NULL),(112,2368,112,2,6280.99,1319.01,2,1,'2021-01-22 21:37:15','2021-01-22 21:37:15',NULL),(113,2368,113,2,8677.69,1822.31,2,1,'2021-01-22 21:37:15','2021-01-22 21:37:15',NULL),(114,2368,114,2,25206.61,5293.39,2,1,'2021-01-22 21:37:15','2021-01-22 21:37:15',NULL),(115,2368,115,2,14876.03,3123.97,2,1,'2021-01-22 21:37:15','2021-01-22 21:37:15',NULL),(116,2368,116,2,4380.17,919.84,2,1,'2021-01-22 21:37:15','2021-01-22 21:37:15',NULL),(117,2368,117,2,3636.36,763.64,2,1,'2021-01-22 21:37:15','2021-01-22 21:37:15',NULL),(118,2368,118,2,3636.36,763.64,2,1,'2021-01-22 21:37:15','2021-01-22 21:37:15',NULL),(119,2368,119,2,3057.85,642.15,2,1,'2021-01-22 21:37:15','2021-01-22 21:37:15',NULL),(120,2368,120,2,3057.85,642.15,2,1,'2021-01-22 21:37:15','2021-01-22 21:37:15',NULL),(121,2368,121,2,5123.97,1076.03,2,1,'2021-01-22 21:37:15','2021-01-22 21:37:15',NULL),(122,2368,122,2,7107.44,1492.56,2,1,'2021-01-22 21:37:15','2021-01-22 21:37:15',NULL),(123,2368,123,2,24628.10,5171.90,2,1,'2021-01-22 21:37:15','2021-01-22 21:37:15',NULL),(124,2368,124,2,20578.51,4321.49,2,1,'2021-01-22 21:37:15','2021-01-22 21:37:15',NULL),(125,2368,125,2,4297.52,902.48,2,1,'2021-01-22 21:37:15','2021-01-22 21:37:15',NULL),(126,2368,126,2,4297.52,902.48,2,1,'2021-01-22 21:37:15','2021-01-22 21:37:15',NULL),(127,2368,127,2,4297.52,902.48,2,1,'2021-01-22 21:37:15','2021-01-22 21:37:15',NULL),(128,2368,128,2,100000.00,21000.00,2,1,'2021-01-22 21:37:15','2021-01-22 21:37:15',NULL),(129,2368,129,2,9834.71,2065.29,2,1,'2021-01-22 21:37:15','2021-01-22 21:37:15',NULL),(130,2368,130,2,5900.00,1239.00,2,1,'2021-01-22 21:37:31','2021-01-22 21:37:31',NULL),(131,2368,131,2,6280.99,1319.01,2,1,'2021-01-22 21:37:32','2021-01-22 21:37:32',NULL),(132,2368,132,2,8677.69,1822.31,2,1,'2021-01-22 21:37:32','2021-01-22 21:37:32',NULL),(133,2368,133,2,25206.61,5293.39,2,1,'2021-01-22 21:37:32','2021-01-22 21:37:32',NULL),(134,2368,134,2,14876.03,3123.97,2,1,'2021-01-22 21:37:32','2021-01-22 21:37:32',NULL),(135,2368,135,2,4380.17,919.84,2,1,'2021-01-22 21:37:32','2021-01-22 21:37:32',NULL),(136,2368,136,2,3636.36,763.64,2,1,'2021-01-22 21:37:32','2021-01-22 21:37:32',NULL),(137,2368,137,2,3636.36,763.64,2,1,'2021-01-22 21:37:32','2021-01-22 21:37:32',NULL),(138,2368,138,2,3057.85,642.15,2,1,'2021-01-22 21:37:32','2021-01-22 21:37:32',NULL),(139,2368,139,2,3057.85,642.15,2,1,'2021-01-22 21:37:32','2021-01-22 21:37:32',NULL),(140,2368,140,2,7107.44,1492.56,2,1,'2021-01-22 21:37:32','2021-01-22 21:37:32',NULL),(141,2368,141,2,5123.97,1076.03,2,1,'2021-01-22 21:37:32','2021-01-22 21:37:32',NULL);
INSERT INTO `receipt_taxes` VALUES (142,2368,142,2,24628.10,5171.90,2,1,'2021-01-22 21:37:32','2021-01-22 21:37:32',NULL),(143,2368,143,2,20578.51,4321.49,2,1,'2021-01-22 21:37:32','2021-01-22 21:37:32',NULL),(144,2368,144,2,4297.52,902.48,2,1,'2021-01-22 21:37:32','2021-01-22 21:37:32',NULL),(145,2368,145,2,4297.52,902.48,2,1,'2021-01-22 21:37:32','2021-01-22 21:37:32',NULL),(146,2368,146,2,4297.52,902.48,2,1,'2021-01-22 21:37:32','2021-01-22 21:37:32',NULL),(147,2368,147,2,100000.00,21000.00,2,1,'2021-01-22 21:37:32','2021-01-22 21:37:32',NULL),(148,2368,148,2,9834.71,2065.29,2,1,'2021-01-22 21:37:32','2021-01-22 21:37:32',NULL),(149,2368,149,2,8677.69,1822.31,2,1,'2021-01-22 21:37:42','2021-01-22 21:37:42',NULL),(150,2368,150,2,25206.61,5293.39,2,1,'2021-01-22 21:37:42','2021-01-22 21:37:42',NULL),(151,2368,151,2,14876.03,3123.97,2,1,'2021-01-22 21:37:42','2021-01-22 21:37:42',NULL),(152,2368,152,2,4380.17,919.84,2,1,'2021-01-22 21:37:42','2021-01-22 21:37:42',NULL),(153,2368,153,2,3636.36,763.64,2,1,'2021-01-22 21:37:42','2021-01-22 21:37:42',NULL),(154,2368,154,2,3636.36,763.64,2,1,'2021-01-22 21:37:42','2021-01-22 21:37:42',NULL),(155,2368,155,2,3057.85,642.15,2,1,'2021-01-22 21:37:42','2021-01-22 21:37:42',NULL),(156,2368,156,2,3057.85,642.15,2,1,'2021-01-22 21:37:42','2021-01-22 21:37:42',NULL),(157,2368,157,2,5123.97,1076.03,2,1,'2021-01-22 21:37:42','2021-01-22 21:37:42',NULL),(158,2368,158,2,7107.44,1492.56,2,1,'2021-01-22 21:37:42','2021-01-22 21:37:42',NULL),(159,2368,159,2,24628.10,5171.90,2,1,'2021-01-22 21:37:42','2021-01-22 21:37:42',NULL),(160,2368,160,2,20578.51,4321.49,2,1,'2021-01-22 21:37:42','2021-01-22 21:37:42',NULL),(161,2368,161,2,4297.52,902.48,2,1,'2021-01-22 21:37:42','2021-01-22 21:37:42',NULL),(162,2368,162,2,4297.52,902.48,2,1,'2021-01-22 21:37:42','2021-01-22 21:37:42',NULL),(163,2368,163,2,4297.52,902.48,2,1,'2021-01-22 21:37:42','2021-01-22 21:37:42',NULL),(164,2368,164,2,100000.00,21000.00,2,1,'2021-01-22 21:37:42','2021-01-22 21:37:42',NULL),(165,2368,165,2,9834.71,2065.29,2,1,'2021-01-22 21:37:42','2021-01-22 21:37:42',NULL),(166,2368,166,2,6280.99,1319.01,2,1,'2021-01-22 21:37:42','2021-01-22 21:37:42',NULL),(167,2368,167,2,6280.99,1319.01,2,1,'2021-01-22 21:37:50','2021-01-22 21:37:50',NULL),(168,2368,168,2,8677.69,1822.31,2,1,'2021-01-22 21:37:50','2021-01-22 21:37:50',NULL),(169,2368,169,2,25206.61,5293.39,2,1,'2021-01-22 21:37:50','2021-01-22 21:37:50',NULL),(170,2368,170,2,14876.03,3123.97,2,1,'2021-01-22 21:37:50','2021-01-22 21:37:50',NULL),(171,2368,171,2,4380.17,919.84,2,1,'2021-01-22 21:37:50','2021-01-22 21:37:50',NULL),(172,2368,172,2,3636.36,763.64,2,1,'2021-01-22 21:37:50','2021-01-22 21:37:50',NULL),(173,2368,173,2,3636.36,763.64,2,1,'2021-01-22 21:37:50','2021-01-22 21:37:50',NULL),(174,2368,174,2,3057.85,642.15,2,1,'2021-01-22 21:37:50','2021-01-22 21:37:50',NULL),(175,2368,175,2,3057.85,642.15,2,1,'2021-01-22 21:37:51','2021-01-22 21:37:51',NULL),(176,2368,176,2,5123.97,1076.03,2,1,'2021-01-22 21:37:51','2021-01-22 21:37:51',NULL),(177,2368,177,2,7107.44,1492.56,2,1,'2021-01-22 21:37:51','2021-01-22 21:37:51',NULL),(178,2368,178,2,24628.10,5171.90,2,1,'2021-01-22 21:37:51','2021-01-22 21:37:51',NULL),(179,2368,179,2,20578.51,4321.49,2,1,'2021-01-22 21:37:51','2021-01-22 21:37:51',NULL),(180,2368,180,2,4297.52,902.48,2,1,'2021-01-22 21:37:51','2021-01-22 21:37:51',NULL),(181,2368,181,2,4297.52,902.48,2,1,'2021-01-22 21:37:51','2021-01-22 21:37:51',NULL),(182,2368,182,2,100000.00,21000.00,2,1,'2021-01-22 21:37:51','2021-01-22 21:37:51',NULL),(183,2368,183,2,9834.71,2065.29,2,1,'2021-01-22 21:37:51','2021-01-22 21:37:51',NULL),(184,2368,184,2,4297.52,902.48,2,1,'2021-01-22 21:37:51','2021-01-22 21:37:51',NULL),(185,2368,185,2,6280.99,1319.01,2,1,'2021-01-22 21:37:59','2021-01-22 21:37:59',NULL),(186,2368,186,2,8677.69,1822.31,2,1,'2021-01-22 21:37:59','2021-01-22 21:37:59',NULL),(187,2368,187,2,25206.61,5293.39,2,1,'2021-01-22 21:37:59','2021-01-22 21:37:59',NULL);
INSERT INTO `receipt_taxes` VALUES (188,2368,188,2,14876.03,3123.97,2,1,'2021-01-22 21:37:59','2021-01-22 21:37:59',NULL),(189,2368,189,2,4380.17,919.84,2,1,'2021-01-22 21:37:59','2021-01-22 21:37:59',NULL),(190,2368,190,2,3636.36,763.64,2,1,'2021-01-22 21:37:59','2021-01-22 21:37:59',NULL),(191,2368,191,2,3636.36,763.64,2,1,'2021-01-22 21:37:59','2021-01-22 21:37:59',NULL),(192,2368,192,2,3057.85,642.15,2,1,'2021-01-22 21:37:59','2021-01-22 21:37:59',NULL),(193,2368,193,2,3057.85,642.15,2,1,'2021-01-22 21:37:59','2021-01-22 21:37:59',NULL),(194,2368,194,2,5123.97,1076.03,2,1,'2021-01-22 21:37:59','2021-01-22 21:37:59',NULL),(195,2368,195,2,7107.44,1492.56,2,1,'2021-01-22 21:37:59','2021-01-22 21:37:59',NULL),(196,2368,196,2,24628.10,5171.90,2,1,'2021-01-22 21:37:59','2021-01-22 21:37:59',NULL),(197,2368,197,2,20578.51,4321.49,2,1,'2021-01-22 21:37:59','2021-01-22 21:37:59',NULL),(198,2368,198,2,4297.52,902.48,2,1,'2021-01-22 21:37:59','2021-01-22 21:37:59',NULL),(199,2368,199,2,4297.52,902.48,2,1,'2021-01-22 21:37:59','2021-01-22 21:37:59',NULL),(200,2368,200,2,100000.00,21000.00,2,1,'2021-01-22 21:37:59','2021-01-22 21:37:59',NULL),(201,2368,201,2,9834.71,2065.29,2,1,'2021-01-22 21:37:59','2021-01-22 21:37:59',NULL),(202,2368,202,2,4297.52,902.48,2,1,'2021-01-22 21:37:59','2021-01-22 21:37:59',NULL),(203,2368,203,2,3289.26,690.74,2,1,'2021-01-22 21:38:41','2021-01-22 21:38:41',NULL),(204,2368,204,2,2727.27,572.73,2,1,'2021-01-22 21:38:41','2021-01-22 21:38:41',NULL),(205,2368,205,7,2160.00,0.00,2,1,'2021-01-22 21:38:41','2021-01-22 21:38:41',NULL),(206,2368,206,2,491.13,103.14,2,1,'2021-01-22 21:38:41','2021-01-22 21:38:41',NULL),(207,2368,207,2,10744.94,2256.44,2,1,'2021-01-22 21:38:41','2021-01-22 21:38:41',NULL),(208,2368,208,2,2864.29,601.50,2,1,'2021-01-22 21:38:41','2021-01-22 21:38:41',NULL),(209,2368,209,7,900.00,0.00,2,1,'2021-01-22 21:38:41','2021-01-22 21:38:41',NULL),(210,2368,210,2,742.98,156.02,2,1,'2021-01-22 21:38:41','2021-01-22 21:38:41',NULL),(211,2368,211,2,805.78,169.21,2,1,'2021-01-22 21:38:41','2021-01-22 21:38:41',NULL),(212,2368,212,2,449.11,94.31,2,1,'2021-01-22 21:38:41','2021-01-22 21:38:41',NULL),(213,2368,213,7,1260.00,0.00,2,1,'2021-01-22 21:38:41','2021-01-22 21:38:41',NULL),(214,2368,214,2,1982.64,416.35,2,1,'2021-01-22 21:38:41','2021-01-22 21:38:41',NULL),(215,2368,215,7,900.00,0.00,2,1,'2021-01-22 21:38:41','2021-01-22 21:38:41',NULL),(216,2368,216,7,900.00,0.00,2,1,'2021-01-22 21:38:41','2021-01-22 21:38:41',NULL),(217,2368,217,2,4090.91,859.09,2,1,'2021-01-22 21:38:51','2021-01-22 21:38:51',NULL),(218,2368,218,7,720.00,0.00,2,1,'2021-01-22 21:38:51','2021-01-22 21:38:51',NULL),(219,2368,219,2,3289.26,690.74,2,1,'2021-01-22 21:38:51','2021-01-22 21:38:51',NULL),(220,2368,220,2,2727.27,572.73,2,1,'2021-01-22 21:38:51','2021-01-22 21:38:51',NULL),(221,2368,221,2,2694.22,565.79,2,1,'2021-01-22 21:38:51','2021-01-22 21:38:51',NULL),(222,2368,222,2,547.12,114.90,2,1,'2021-01-22 21:38:51','2021-01-22 21:38:51',NULL),(223,2368,223,2,709.65,149.03,2,1,'2021-01-22 21:38:51','2021-01-22 21:38:51',NULL),(224,2368,224,2,2181.82,458.18,2,1,'2021-01-22 21:38:51','2021-01-22 21:38:51',NULL),(225,2368,225,7,900.00,0.00,2,1,'2021-01-22 21:38:51','2021-01-22 21:38:51',NULL),(226,2368,226,2,13062.80,2743.19,2,1,'2021-01-22 21:38:51','2021-01-22 21:38:51',NULL),(227,2368,227,2,805.63,169.18,2,1,'2021-01-22 21:38:59','2021-01-22 21:38:59',NULL),(228,2368,228,2,3289.26,690.74,2,1,'2021-01-22 21:38:59','2021-01-22 21:38:59',NULL),(229,2368,229,2,2727.27,572.73,2,1,'2021-01-22 21:38:59','2021-01-22 21:38:59',NULL),(230,2368,230,7,1550.00,0.00,2,1,'2021-01-22 21:38:59','2021-01-22 21:38:59',NULL),(231,2368,231,2,2181.82,458.18,2,1,'2021-01-22 21:38:59','2021-01-22 21:38:59',NULL),(232,2368,232,2,3494.21,733.78,2,1,'2021-01-22 21:38:59','2021-01-22 21:38:59',NULL),(233,2368,233,7,1000.00,0.00,2,1,'2021-01-22 21:38:59','2021-01-22 21:38:59',NULL),(234,2368,234,2,3132.23,657.77,2,1,'2021-01-22 21:39:08','2021-01-22 21:39:08',NULL);
INSERT INTO `receipt_taxes` VALUES (235,2368,235,2,3074.38,645.62,2,1,'2021-01-22 21:39:08','2021-01-22 21:39:08',NULL),(236,2368,236,2,3925.62,824.38,2,1,'2021-01-22 21:39:08','2021-01-22 21:39:08',NULL),(237,2368,237,2,2892.56,607.44,2,1,'2021-01-22 21:39:08','2021-01-22 21:39:08',NULL),(238,2368,238,2,3494.21,733.78,2,1,'2021-01-22 21:39:08','2021-01-22 21:39:08',NULL),(239,2368,239,2,2003.31,420.69,2,1,'2021-01-22 21:39:08','2021-01-22 21:39:08',NULL),(240,2368,240,7,1530.00,0.00,2,1,'2021-01-22 21:39:08','2021-01-22 21:39:08',NULL),(241,2368,241,2,2974.38,624.62,2,1,'2021-01-22 21:39:08','2021-01-22 21:39:08',NULL),(242,2368,242,7,1000.00,0.00,2,1,'2021-01-22 21:39:08','2021-01-22 21:39:08',NULL),(243,2368,243,2,57853.20,12149.17,2,1,'2021-01-22 21:39:08','2021-01-22 21:39:08',NULL),(244,2368,244,2,574.38,120.62,2,1,'2021-01-22 21:39:18','2021-01-22 21:39:18',NULL),(245,2368,245,7,3800.00,0.00,2,1,'2021-01-22 21:39:18','2021-01-22 21:39:18',NULL),(246,2368,246,2,2972.68,624.26,2,1,'2021-01-22 21:39:18','2021-01-22 21:39:18',NULL),(247,2368,247,2,3074.38,645.62,2,1,'2021-01-22 21:39:18','2021-01-22 21:39:18',NULL),(248,2368,248,6,0.00,0.00,2,1,'2021-01-22 21:39:18','2021-01-22 21:39:18',NULL),(249,2368,248,8,2335.00,0.00,2,1,'2021-01-22 21:39:18','2021-01-22 21:39:18',NULL),(250,2368,249,2,14669.42,3080.58,2,1,'2021-01-22 21:39:18','2021-01-22 21:39:18',NULL),(251,2368,250,2,2480.00,520.80,2,1,'2021-01-22 21:39:18','2021-01-22 21:39:18',NULL),(252,2368,251,2,2495.25,524.00,2,1,'2021-01-22 21:39:18','2021-01-22 21:39:18',NULL),(253,2368,252,2,3204.94,673.04,2,1,'2021-01-22 21:39:18','2021-01-22 21:39:18',NULL),(254,2368,253,2,3876.03,813.97,2,1,'2021-01-22 21:39:18','2021-01-22 21:39:18',NULL),(255,2368,254,1,7238.91,760.09,2,1,'2021-01-22 21:39:18','2021-01-22 21:39:18',NULL),(256,2368,255,2,10953.30,2300.19,2,1,'2021-01-22 21:39:18','2021-01-22 21:39:18',NULL),(257,2368,256,1,15565.61,1634.39,2,1,'2021-01-22 21:39:18','2021-01-22 21:39:18',NULL),(258,2368,257,2,8615.70,1809.30,2,1,'2021-01-22 21:39:18','2021-01-22 21:39:18',NULL),(259,2368,258,2,7855.37,1649.63,2,1,'2021-01-22 21:39:18','2021-01-22 21:39:18',NULL),(260,2368,259,2,8615.70,1809.30,2,1,'2021-01-22 21:39:18','2021-01-22 21:39:18',NULL),(261,2368,260,2,872.02,183.13,2,1,'2021-01-22 21:39:18','2021-01-22 21:39:18',NULL),(262,2368,261,2,4220.66,886.34,2,1,'2021-01-22 21:39:18','2021-01-22 21:39:18',NULL),(263,2368,262,7,19500.00,0.00,2,1,'2021-01-22 21:39:18','2021-01-22 21:39:18',NULL),(264,2368,263,7,1000.00,0.00,2,1,'2021-01-22 21:39:18','2021-01-22 21:39:18',NULL),(265,2368,264,2,3649.58,766.41,2,1,'2021-01-22 21:39:18','2021-01-22 21:39:18',NULL),(266,2368,265,2,3074.38,645.62,2,1,'2021-01-22 21:39:26','2021-01-22 21:39:26',NULL),(267,2368,266,2,3132.23,657.77,2,1,'2021-01-22 21:39:26','2021-01-22 21:39:26',NULL),(268,2368,267,2,2396.70,503.31,2,1,'2021-01-22 21:39:26','2021-01-22 21:39:26',NULL),(269,2368,268,2,2232.93,468.91,2,1,'2021-01-22 21:39:26','2021-01-22 21:39:26',NULL),(270,2368,269,2,6355.37,1334.63,2,1,'2021-01-22 21:39:26','2021-01-22 21:39:26',NULL),(271,2368,270,2,1152.06,241.93,2,1,'2021-01-22 21:39:26','2021-01-22 21:39:26',NULL),(272,2368,271,2,2073.55,435.45,2,1,'2021-01-22 21:39:26','2021-01-22 21:39:26',NULL),(273,2368,272,2,1344.00,282.24,2,1,'2021-01-22 21:39:26','2021-01-22 21:39:26',NULL),(274,2368,273,2,9971.53,2094.02,2,1,'2021-01-22 21:39:26','2021-01-22 21:39:26',NULL),(275,2368,274,2,9971.53,2094.02,2,1,'2021-01-22 21:39:26','2021-01-22 21:39:26',NULL),(276,2368,275,2,9971.52,2094.02,2,1,'2021-01-22 21:39:26','2021-01-22 21:39:26',NULL),(277,2368,276,7,1500.00,0.00,2,1,'2021-01-22 21:39:26','2021-01-22 21:39:26',NULL),(278,2368,277,1,5689.77,597.43,2,1,'2021-01-22 21:39:26','2021-01-22 21:39:26',NULL),(279,2368,278,2,2073.99,435.54,2,1,'2021-01-22 21:39:26','2021-01-22 21:39:26',NULL),(280,2368,279,2,3388.42,711.57,2,1,'2021-01-22 21:39:26','2021-01-22 21:39:26',NULL),(281,2368,280,7,1000.00,0.00,2,1,'2021-01-22 21:39:26','2021-01-22 21:39:26',NULL);
INSERT INTO `receipt_taxes` VALUES (282,2368,281,2,2694.21,565.79,2,1,'2021-01-22 21:39:34','2021-01-22 21:39:34',NULL),(283,2368,282,2,3074.38,645.62,2,1,'2021-01-22 21:39:34','2021-01-22 21:39:34',NULL),(284,2368,283,2,5008.68,1051.82,2,1,'2021-01-22 21:39:34','2021-01-22 21:39:34',NULL),(285,2368,284,1,18325.78,1924.21,2,1,'2021-01-22 21:39:34','2021-01-22 21:39:34',NULL),(286,2368,285,2,3925.61,824.38,2,1,'2021-01-22 21:39:34','2021-01-22 21:39:34',NULL),(287,2368,286,2,6602.48,1386.52,2,1,'2021-01-22 21:39:34','2021-01-22 21:39:34',NULL),(288,2368,287,2,4952.61,1040.05,2,1,'2021-01-22 21:39:34','2021-01-22 21:39:34',NULL),(289,2368,288,7,1000.00,0.00,2,1,'2021-01-22 21:39:34','2021-01-22 21:39:34',NULL),(290,2368,289,2,2012.39,422.60,2,1,'2021-01-22 21:39:34','2021-01-22 21:39:34',NULL),(291,2368,290,2,868.83,182.45,2,1,'2021-01-22 21:39:50','2021-01-22 21:39:50',NULL),(292,2368,291,1,8142.09,854.92,2,1,'2021-01-22 21:39:50','2021-01-22 21:39:50',NULL),(293,2368,292,1,5428.06,569.95,2,1,'2021-01-22 21:39:50','2021-01-22 21:39:50',NULL),(294,2368,293,1,5428.06,569.95,2,1,'2021-01-22 21:39:50','2021-01-22 21:39:50',NULL),(295,2368,294,2,1359.50,285.49,2,1,'2021-01-22 21:39:50','2021-01-22 21:39:50',NULL),(296,2368,295,2,2768.60,581.40,2,1,'2021-01-22 21:39:50','2021-01-22 21:39:50',NULL),(297,2368,296,2,3074.38,645.62,2,1,'2021-01-22 21:39:50','2021-01-22 21:39:50',NULL),(298,2368,297,2,7190.08,1509.92,2,1,'2021-01-22 21:39:50','2021-01-22 21:39:50',NULL),(299,2368,298,2,826.44,173.55,2,1,'2021-01-22 21:39:50','2021-01-22 21:39:50',NULL),(300,2368,299,2,3297.52,692.48,2,1,'2021-01-22 21:39:50','2021-01-22 21:39:50',NULL),(301,2368,300,2,5662.81,1189.19,2,1,'2021-01-22 21:39:50','2021-01-22 21:39:50',NULL),(302,2368,301,2,1612.40,338.60,2,1,'2021-01-22 21:39:50','2021-01-22 21:39:50',NULL),(303,2368,302,2,2966.94,623.06,2,1,'2021-01-22 21:39:50','2021-01-22 21:39:50',NULL),(304,2368,303,2,1462.80,307.19,2,1,'2021-01-22 21:39:50','2021-01-22 21:39:50',NULL),(305,2368,304,2,652.27,136.98,2,1,'2021-01-22 21:39:50','2021-01-22 21:39:50',NULL),(306,2368,305,2,7256.20,1523.80,2,1,'2021-01-22 21:39:50','2021-01-22 21:39:50',NULL),(307,2368,306,2,2190.08,459.92,2,1,'2021-01-22 21:39:50','2021-01-22 21:39:50',NULL),(308,2368,307,2,3925.61,824.38,2,1,'2021-01-22 21:39:50','2021-01-22 21:39:50',NULL),(309,2368,308,1,18325.78,1924.21,2,1,'2021-01-22 21:39:50','2021-01-22 21:39:50',NULL),(310,2368,309,7,1000.00,0.00,2,1,'2021-01-22 21:39:50','2021-01-22 21:39:50',NULL),(311,2368,310,2,4438.25,932.03,2,1,'2021-01-22 21:40:03','2021-01-22 21:40:03',NULL),(312,2368,311,2,1564.22,328.49,2,1,'2021-01-22 21:40:03','2021-01-22 21:40:03',NULL),(313,2368,312,2,1823.27,382.89,2,1,'2021-01-22 21:40:03','2021-01-22 21:40:03',NULL),(314,2368,313,2,3074.38,645.62,2,1,'2021-01-22 21:40:03','2021-01-22 21:40:03',NULL),(315,2368,314,2,3132.23,657.77,2,1,'2021-01-22 21:40:03','2021-01-22 21:40:03',NULL),(316,2368,315,2,376.36,79.04,2,1,'2021-01-22 21:40:03','2021-01-22 21:40:03',NULL),(317,2368,316,2,15584.62,3272.78,2,1,'2021-01-22 21:40:03','2021-01-22 21:40:03',NULL),(318,2368,317,2,717.11,150.59,2,1,'2021-01-22 21:40:03','2021-01-22 21:40:03',NULL),(319,2368,318,1,115.83,12.16,2,1,'2021-01-22 21:40:03','2021-01-22 21:40:03',NULL),(320,2368,319,2,1308.14,274.71,2,1,'2021-01-22 21:40:03','2021-01-22 21:40:03',NULL),(321,2368,319,8,0.14,0.00,2,1,'2021-01-22 21:40:03','2021-01-22 21:40:03',NULL),(322,2368,320,2,3294.37,691.82,2,1,'2021-01-22 21:40:03','2021-01-22 21:40:03',NULL),(323,2368,321,1,18325.78,1924.21,2,1,'2021-01-22 21:40:03','2021-01-22 21:40:03',NULL),(324,2368,322,1,8142.09,854.92,2,1,'2021-01-22 21:40:03','2021-01-22 21:40:03',NULL),(325,2368,323,2,16314.06,3425.94,2,1,'2021-01-22 21:40:03','2021-01-22 21:40:03',NULL),(326,2368,324,7,1150.00,0.00,2,1,'2021-01-22 21:40:03','2021-01-22 21:40:03',NULL),(327,2368,325,2,607.42,127.56,2,1,'2021-01-22 21:40:12','2021-01-22 21:40:12',NULL),(328,2368,326,2,5033.06,1056.94,2,1,'2021-01-22 21:40:12','2021-01-22 21:40:12',NULL);
INSERT INTO `receipt_taxes` VALUES (329,2368,327,2,3074.38,645.62,2,1,'2021-01-22 21:40:12','2021-01-22 21:40:12',NULL),(330,2368,328,2,3132.23,657.77,2,1,'2021-01-22 21:40:12','2021-01-22 21:40:12',NULL),(331,2368,329,2,867.98,182.27,2,1,'2021-01-22 21:40:12','2021-01-22 21:40:12',NULL),(332,2368,330,2,3793.39,796.61,2,1,'2021-01-22 21:40:12','2021-01-22 21:40:12',NULL),(333,2368,331,2,735.33,154.42,2,1,'2021-01-22 21:40:12','2021-01-22 21:40:12',NULL),(334,2368,332,2,7015.70,1473.30,2,1,'2021-01-22 21:40:12','2021-01-22 21:40:12',NULL),(335,2368,333,1,18325.78,1924.21,2,1,'2021-01-22 21:40:12','2021-01-22 21:40:12',NULL),(336,2368,334,2,2305.78,484.21,2,1,'2021-01-22 21:40:12','2021-01-22 21:40:12',NULL),(337,2368,335,2,2477.69,520.31,2,1,'2021-01-22 21:40:12','2021-01-22 21:40:12',NULL),(338,2368,336,7,1150.00,0.00,2,1,'2021-01-22 21:40:12','2021-01-22 21:40:12',NULL),(339,2368,337,2,10694.22,2245.78,2,1,'2021-01-22 21:40:12','2021-01-22 21:40:12',NULL),(340,2368,338,2,2478.51,520.49,2,1,'2021-01-22 21:40:12','2021-01-22 21:40:12',NULL),(341,2368,339,2,5371.07,1127.93,2,1,'2021-01-22 21:40:26','2021-01-22 21:40:26',NULL),(342,2368,340,2,3846.69,807.81,2,1,'2021-01-22 21:40:26','2021-01-22 21:40:26',NULL),(343,2368,341,2,3074.38,645.62,2,1,'2021-01-22 21:40:26','2021-01-22 21:40:26',NULL),(344,2368,342,2,949.95,199.49,2,1,'2021-01-22 21:40:26','2021-01-22 21:40:26',NULL),(345,2368,343,2,739.60,155.32,2,1,'2021-01-22 21:40:26','2021-01-22 21:40:26',NULL),(346,2368,344,2,2866.94,602.06,2,1,'2021-01-22 21:40:26','2021-01-22 21:40:26',NULL),(347,2368,345,1,18325.78,1924.21,2,1,'2021-01-22 21:40:26','2021-01-22 21:40:26',NULL),(348,2368,346,7,1150.00,0.00,2,1,'2021-01-22 21:40:26','2021-01-22 21:40:26',NULL),(349,2368,347,2,681.82,143.18,2,1,'2021-01-22 21:40:26','2021-01-22 21:40:26',NULL),(350,2368,348,2,10206.63,2143.37,2,1,'2021-01-22 21:40:26','2021-01-22 21:40:26',NULL),(351,2368,349,2,29557.78,6207.14,2,1,'2021-01-22 21:40:26','2021-01-22 21:40:26',NULL),(352,2368,350,2,1460.50,306.70,2,1,'2021-01-22 21:40:26','2021-01-22 21:40:26',NULL),(353,2368,351,2,29557.78,6207.13,2,1,'2021-01-22 21:41:30','2021-01-22 21:41:30',NULL),(354,2368,352,2,29557.78,6207.13,2,1,'2021-01-22 21:41:30','2021-01-22 21:41:30',NULL),(355,2368,353,2,3074.38,645.62,2,1,'2021-01-22 21:41:30','2021-01-22 21:41:30',NULL),(356,2368,354,2,3681.82,773.18,2,1,'2021-01-22 21:41:30','2021-01-22 21:41:30',NULL),(357,2368,355,2,2686.53,564.17,2,1,'2021-01-22 21:41:30','2021-01-22 21:41:30',NULL),(358,2368,356,2,1502.40,315.50,2,1,'2021-01-22 21:41:30','2021-01-22 21:41:30',NULL),(359,2368,357,2,909.09,190.91,2,1,'2021-01-22 21:41:30','2021-01-22 21:41:30',NULL),(360,2368,358,2,4131.41,867.60,2,1,'2021-01-22 21:41:31','2021-01-22 21:41:31',NULL),(361,2368,359,2,909.09,190.91,2,1,'2021-01-22 21:41:31','2021-01-22 21:41:31',NULL),(363,2368,361,2,7809.92,1640.08,2,1,'2021-01-22 21:41:31','2021-01-22 21:41:31',NULL),(364,2368,362,2,762.80,160.19,2,1,'2021-01-22 21:41:31','2021-01-22 21:41:31',NULL),(365,2368,363,7,2140.00,0.00,2,1,'2021-01-22 21:41:31','2021-01-22 21:41:31',NULL),(366,2368,364,2,934.30,196.20,2,1,'2021-01-22 21:41:31','2021-01-22 21:41:31',NULL),(367,2368,365,2,607.43,127.56,2,1,'2021-01-22 21:41:31','2021-01-22 21:41:31',NULL),(368,2368,366,2,4000.00,840.00,2,1,'2021-01-22 21:41:43','2021-01-22 21:41:43',NULL),(369,2368,367,2,6280.99,1319.01,2,1,'2021-01-22 21:41:43','2021-01-22 21:41:43',NULL),(370,2368,368,2,10413.23,2186.77,2,1,'2021-01-22 21:41:43','2021-01-22 21:41:43',NULL),(371,2368,369,2,30247.93,6352.07,2,1,'2021-01-22 21:41:43','2021-01-22 21:41:43',NULL),(372,2368,370,2,17851.24,3748.76,2,1,'2021-01-22 21:41:43','2021-01-22 21:41:43',NULL),(373,2368,371,2,4380.17,919.84,2,1,'2021-01-22 21:41:43','2021-01-22 21:41:43',NULL),(374,2368,372,2,3636.36,763.64,2,1,'2021-01-22 21:41:43','2021-01-22 21:41:43',NULL),(375,2368,373,2,3636.36,763.64,2,1,'2021-01-22 21:41:44','2021-01-22 21:41:44',NULL),(376,2368,374,2,3057.85,642.15,2,1,'2021-01-22 21:41:44','2021-01-22 21:41:44',NULL);
INSERT INTO `receipt_taxes` VALUES (377,2368,375,2,3057.85,642.15,2,1,'2021-01-22 21:41:44','2021-01-22 21:41:44',NULL),(378,2368,376,2,6148.76,1291.24,2,1,'2021-01-22 21:41:44','2021-01-22 21:41:44',NULL),(379,2368,377,2,7107.44,1492.56,2,1,'2021-01-22 21:41:44','2021-01-22 21:41:44',NULL),(380,2368,378,2,27090.91,5689.09,2,1,'2021-01-22 21:41:44','2021-01-22 21:41:44',NULL),(381,2368,379,2,22636.36,4753.64,2,1,'2021-01-22 21:41:44','2021-01-22 21:41:44',NULL),(382,2368,380,2,4297.52,902.48,2,1,'2021-01-22 21:41:44','2021-01-22 21:41:44',NULL),(383,2368,381,2,4297.52,902.48,2,1,'2021-01-22 21:41:44','2021-01-22 21:41:44',NULL),(384,2368,382,2,4297.52,902.48,2,1,'2021-01-22 21:41:44','2021-01-22 21:41:44',NULL),(385,2368,383,2,117000.00,24570.00,2,1,'2021-01-22 21:41:44','2021-01-22 21:41:44',NULL),(386,2368,384,2,11801.65,2478.35,2,1,'2021-01-22 21:41:44','2021-01-22 21:41:44',NULL),(387,2368,385,2,78600.00,16506.00,2,1,'2021-01-22 21:41:44','2021-01-22 21:41:44',NULL),(389,2368,360,1,20157.46,2116.53,2,1,'2021-01-25 15:39:31','2021-01-25 15:39:31',NULL),(390,2368,360,1000,806.30,0.00,2,1,'2021-01-25 15:39:31','2021-01-25 15:39:31',NULL);

--
-- Table structure for table `receipt_types`
--

CREATE TABLE `receipt_types` (
  `id` int(10) unsigned NOT NULL AUTO_INCREMENT,
  `user_id` int(10) unsigned DEFAULT NULL,
  `created_at` timestamp NULL DEFAULT NULL,
  `updated_at` timestamp NULL DEFAULT NULL,
  `name` varchar(255) COLLATE utf8mb4_unicode_ci NOT NULL,
  `code` varchar(255) COLLATE utf8mb4_unicode_ci DEFAULT NULL,
  `credit` int(11) DEFAULT '0',
  `agroup_iva_module` int(10) unsigned DEFAULT NULL,
  `sell_no_taxabled` int(11) DEFAULT '0',
  `buy_no_taxabled` int(11) DEFAULT '0',
  `iva_condition_id` int(11) DEFAULT NULL,
  `is_fce_pyme` tinyint(1) NOT NULL DEFAULT '0',
  `afip_comprobante_id` int(11) DEFAULT NULL,
  `tipo` varchar(255) COLLATE utf8mb4_unicode_ci DEFAULT NULL,
  `letra` varchar(255) COLLATE utf8mb4_unicode_ci DEFAULT NULL,
  `facta_electronica` int(10) unsigned NOT NULL DEFAULT '0',
  `is_stock_lpg` tinyint(1) NOT NULL DEFAULT '0',
  `show_from_total` tinyint(1) NOT NULL DEFAULT '0',
  `deleted_at` timestamp NULL DEFAULT NULL,
  PRIMARY KEY (`id`)
) ENGINE=InnoDB AUTO_INCREMENT=49 DEFAULT CHARSET=utf8mb4 COLLATE=utf8mb4_unicode_ci;

--
-- Dumping data for table `receipt_types`
--

INSERT INTO `receipt_types` VALUES (1,NULL,NULL,'2019-07-29 22:19:32','Factura A','1',0,1,0,0,2,0,1,'Factura','A',1,0,0,NULL),(2,NULL,NULL,'2019-07-29 22:19:32','Nota de débito A','2',0,1,0,0,2,0,2,'Nota de Débito','A',1,0,0,NULL),(3,NULL,NULL,'2019-07-29 22:19:32','Nota de crédito A','3',1,NULL,0,0,2,0,3,'Nota de Crédito','A',1,0,0,NULL),(4,NULL,NULL,'2021-01-20 14:04:00','Factura B','6',0,2,0,1,2,0,6,'Factura','B',1,0,1,NULL),(5,NULL,NULL,'2021-01-20 14:04:00','Nota de débito B','7',0,2,0,1,2,0,7,'Nota de Débito','B',1,0,1,NULL),(6,NULL,NULL,'2021-01-20 14:04:00','Nota de crédito B','8',1,NULL,0,1,2,0,8,'Nota de Crédito','B',1,0,1,NULL),(7,NULL,NULL,'2019-07-29 22:19:32','Factura C','11',0,0,1,1,1,0,11,'Factura','C',1,0,0,NULL),(8,NULL,NULL,'2019-07-29 22:19:32','Nota de débito C','12',0,0,1,1,1,0,12,'Nota de Débito','C',1,0,0,NULL),(9,NULL,NULL,'2019-07-29 22:19:32','Nota de crédito C','13',1,NULL,1,1,1,0,13,'Nota de Crédito','C',1,0,0,NULL),(10,NULL,NULL,NULL,'RECIBO A','4',0,1,0,0,2,0,4,'RECIBO','A',0,0,0,NULL),(11,NULL,NULL,'2021-01-20 14:04:00','RECIBO B','9',0,2,0,1,2,0,9,'RECIBO','B',0,0,1,NULL),(12,NULL,NULL,NULL,'RECIBO C','15',0,0,1,1,1,0,15,'RECIBO','C',0,0,0,NULL),(13,NULL,NULL,'2020-02-27 02:46:40','Factura E','19',0,0,1,0,2,0,19,'Factura','E',0,0,0,NULL),(14,NULL,NULL,'2020-02-27 02:46:40','Nota de débito E','20',0,0,1,0,2,0,20,'Nota de Débito','E',0,0,0,NULL),(15,NULL,NULL,'2020-02-27 02:46:40','Nota de Crédito E','21',1,NULL,1,0,2,0,21,'Nota de Crédito','E',0,0,0,NULL),(16,NULL,NULL,'2021-09-16 15:28:44','Factura M','51',0,1,0,0,2,0,51,'Factura','M',1,0,0,NULL),(17,NULL,NULL,'2020-02-27 02:46:40','Despacho de Importacion','66',0,NULL,0,0,0,0,66,NULL,NULL,0,0,0,NULL),(18,NULL,NULL,'2021-09-16 15:28:44','Nota de Credito M','53',1,NULL,0,0,2,0,53,'Nota de Crédito','M',1,0,0,NULL),(19,NULL,NULL,'2021-09-16 15:28:44','Nota de Debito M','52',1,1,0,0,2,0,52,'Nota de Débito','M',1,0,0,NULL),(20,NULL,NULL,NULL,'Recibo M','54',0,1,0,0,2,0,54,'RECIBO','M',0,0,0,NULL),(21,NULL,NULL,NULL,'Recibo E',NULL,1,0,1,0,2,0,NULL,'RECIBO','E',0,0,0,NULL),(22,NULL,'2019-05-14 21:22:16','2021-01-20 14:04:00','Liquidacion Primaria de Granos','33',0,1,0,0,2,0,33,'Liquidacion Primaria de Granos','A',0,1,0,NULL),(23,NULL,'2019-11-05 19:00:05','2019-11-05 19:00:05','FACTURA DE CRÉDITO ELECTRÓNICA MiPyMEs (FCE) A','201',0,1,0,0,2,1,201,'FACTURA DE CRÉDITO ELECTRÓNICA MiPyMEs (FCE)','A',1,0,0,NULL),(24,NULL,'2019-11-05 19:00:05','2019-11-05 19:00:05','NOTA DE DEBITO ELECTRÓNICA MiPyMEs (FCE) A','202',0,1,0,0,2,1,202,'NOTA DEBITO DE CRÉDITO ELECTRÓNICA MiPyMEs (FCE)','A',1,0,0,NULL),(25,NULL,'2019-11-05 19:00:05','2019-11-05 19:00:05','NOTA DE CREDITO ELECTRÓNICA MiPyMEs (FCE) A','203',1,NULL,0,0,2,1,203,'NOTA CREDITO DE CRÉDITO ELECTRÓNICA MiPyMEs (FCE)','A',1,0,0,NULL),(26,NULL,'2019-11-05 19:00:05','2021-01-20 14:04:00','FACTURA DE CRÉDITO ELECTRÓNICA MiPyMEs (FCE) B','206',0,2,0,1,2,1,206,'FACTURA DE CRÉDITO ELECTRÓNICA MiPyMEs (FCE)','B',1,0,1,NULL),(27,NULL,'2019-11-05 19:00:05','2021-01-20 14:04:00','NOTA DE DEBITO ELECTRÓNICA MiPyMEs (FCE) B','207',0,2,0,1,2,1,207,'NOTA DEBITO DE CRÉDITO ELECTRÓNICA MiPyMEs (FCE)','B',1,0,1,NULL),(28,NULL,'2019-11-05 19:00:05','2021-01-20 14:04:00','NOTA DE CREDITO ELECTRÓNICA MiPyMEs (FCE) B','208',1,NULL,0,1,2,1,208,'NOTA CREDITO DE CRÉDITO ELECTRÓNICA MiPyMEs (FCE)','B',1,0,1,NULL),(29,NULL,'2019-11-05 19:00:05','2019-11-05 19:00:05','FACTURA DE CRÉDITO ELECTRÓNICA MiPyMEs (FCE) C','211',0,0,1,1,1,1,211,'FACTURA DE CRÉDITO ELECTRÓNICA MiPyMEs (FCE)','C',1,0,0,NULL),(30,NULL,'2019-11-05 19:00:05','2019-11-05 19:00:05','NOTA DE DEBITO ELECTRÓNICA MiPyMEs (FCE) C','212',0,0,1,1,1,1,212,'NOTA DEBITO DE CRÉDITO ELECTRÓNICA MiPyMEs (FCE)','C',1,0,0,NULL),(31,NULL,'2019-11-05 19:00:05','2019-11-05 19:00:05','NOTA DE CRÉDITO ELECTRÓNICA MiPyMEs (FCE) C','213',1,NULL,1,1,1,1,213,'NOTA CREDITO DE CRÉDITO ELECTRÓNICA MiPyMEs (FCE)','C',1,0,0,NULL);
INSERT INTO `receipt_types` VALUES (32,NULL,'2020-01-28 01:59:55','2021-01-20 14:04:00','Tique (Informe Diario Z)','83',0,2,0,0,2,0,83,'Cierre Diario Informe Z','Z',0,0,1,NULL),(33,NULL,'2020-02-19 04:48:11','2020-02-19 04:48:11','Comprobantes de Compra de Bienes No Registrables a Consumidores Finales','49',0,1,0,0,2,0,49,'Comprobantes de Compra de Bienes No Registrables','a Consumidores Finales',0,0,0,NULL),(34,NULL,'2021-01-20 14:03:59','2021-01-20 14:04:00','Cuentas de Venta y Liquido Producto A','60',0,1,0,0,2,1,60,'Cuentas de Venta y Liquido Producto A','A',1,0,0,NULL),(35,NULL,'2021-01-20 14:03:59','2021-01-20 14:04:00','Cuentas de Venta y Liquido Producto B','61',0,2,0,1,2,1,61,'Cuentas de Venta y Liquido Producto B','B',1,0,1,NULL),(36,NULL,'2021-01-20 14:03:59','2021-01-20 14:04:00','Liquidaciones A','63',0,1,0,0,2,1,63,'Liquidaciones A','A',1,0,0,NULL),(37,NULL,'2021-01-20 14:03:59','2021-01-20 14:04:00','Liquidaciones B','64',0,2,0,1,2,1,64,'Liquidaciones B','B',1,0,1,NULL),(38,NULL,'2021-01-20 14:04:00','2021-01-20 14:04:02','Tique Factura A','81',0,1,0,0,2,1,81,'Tique Factura','A',0,0,0,NULL),(39,NULL,'2021-01-20 14:04:00','2021-01-20 14:04:02','Tique Factura B','82',0,2,0,1,2,1,82,'Tique Factura','B',0,0,1,NULL),(40,NULL,'2021-01-20 14:04:00','2021-03-23 16:07:00','OTROS COMPROBANTES QUE NO CUMPLEN O ESTÁN EXCEPTUADOS DE LA R.G. 1415 Y SUS MODIF','99',0,1,1,1,1,1,99,'OTROS COMPROBANTES QUE NO CUMPLEN O ESTÁN EXCEPTUADOS DE LA R.G. 1415 Y SUS MODIF ','OTROS',0,0,0,NULL),(41,NULL,'2021-01-20 14:04:00','2021-01-20 14:04:00','Liquidacion de Compra A - Sector Pecuario','183',0,1,0,0,2,0,183,'Liquidacion de Compra','A',0,0,0,NULL),(42,NULL,'2021-01-20 14:04:00','2021-01-20 14:04:00','Liquidacion de Compra B - Sector Pecuario','185',0,2,0,1,2,0,185,'Liquidacion de Compra','B',0,0,1,NULL),(43,NULL,'2021-01-20 14:04:01','2021-01-20 14:04:02','Liquidacion de Venta Directa A - Sector Pecuario','190',0,1,0,0,2,1,190,'Liquidacion de Venta Directa','A',0,0,0,NULL),(44,NULL,'2021-01-20 14:04:01','2021-01-20 14:04:02','Liquidacion de Venta Directa B - Sector Pecuario','191',0,2,0,1,2,1,191,'Liquidacion de Venta Directa','B',0,0,0,NULL),(45,NULL,'2021-01-20 14:04:02','2021-01-20 14:04:02','Liquidacion Secundaria de Granos','331',0,1,0,0,2,1,331,'Liquidacion Secundaria de Granos','LSG',0,0,0,NULL),(46,NULL,'2021-01-20 14:04:02','2021-01-20 14:04:02','Certificado de Deposito','332',0,1,0,0,2,1,332,'Certificado de Deposito','CD',0,0,0,NULL),(47,NULL,'2021-01-20 14:04:02','2021-01-20 14:04:02','Liquidacion de Servicios Publicos Clase A','17',0,1,0,0,2,1,17,'Liquidacion de Servicios Publicos Clase A','LSPCA',0,0,0,NULL),(48,NULL,'2021-03-04 14:34:46','2021-03-04 14:34:46','Liquidacion de Servicios Publicos Clase B','18',0,2,0,1,2,1,18,'Liquidacion de Servicios Publicos Clase B','LSPCA',1,0,0,NULL);

--
-- Table structure for table `receipts`
--

CREATE TABLE `receipts` (
  `id` int(10) unsigned NOT NULL AUTO_INCREMENT,
  `user_id` int(10) unsigned DEFAULT NULL,
  `type_id` int(10) unsigned NOT NULL,
  `type_receipt_id` int(10) unsigned DEFAULT NULL,
  `comprobanteAfip` int(11) DEFAULT NULL,
  `fact_elec_receipt_id` int(10) unsigned DEFAULT NULL,
  `period_id` int(10) unsigned NOT NULL,
  `zone_id` int(10) unsigned DEFAULT NULL,
  `plan_cuenta_id` int(10) unsigned DEFAULT NULL,
  `activity_id` int(10) unsigned DEFAULT NULL,
  `iva_creditos_tipo_id` int(10) unsigned NOT NULL DEFAULT '1',
  `retention_type_id` int(10) unsigned DEFAULT NULL,
  `person_id_owner` int(10) unsigned NOT NULL,
  `person_id_relationed` int(10) unsigned DEFAULT NULL,
  `number` int(8) unsigned zerofill DEFAULT NULL,
  `hasta` int(8) unsigned zerofill DEFAULT NULL,
  `reference` int(11) DEFAULT NULL,
  `receipt_date` date DEFAULT NULL,
  `expiration_date` date DEFAULT NULL,
  `code_ticket` int(4) unsigned zerofill DEFAULT NULL,
  `status_id` int(10) unsigned DEFAULT NULL,
  `tax_account_id` int(10) unsigned DEFAULT NULL,
  `amount` decimal(16,2) NOT NULL,
  `file` varchar(255) COLLATE utf8mb4_unicode_ci DEFAULT NULL,
  `created_at` timestamp NULL DEFAULT NULL,
  `updated_at` timestamp NULL DEFAULT NULL,
  `deleted_at` timestamp NULL DEFAULT NULL,
  PRIMARY KEY (`id`),
  KEY `receipts_type_id_foreign` (`type_id`),
  KEY `receipts_type_receipt_id_foreign` (`type_receipt_id`),
  KEY `receipts_tax_account_id_foreign` (`tax_account_id`),
  KEY `receipts_zone_id_foreign` (`zone_id`),
  KEY `receipts_activity_id_foreign` (`activity_id`),
  KEY `receipts_retention_type_id_foreign` (`retention_type_id`),
  KEY `receipts_status_id_foreign` (`status_id`),
  KEY `receipts_person_id_owner_foreign` (`person_id_owner`),
  KEY `receipts_person_id_relationed_foreign` (`person_id_relationed`),
  KEY `receipts_period_id_foreign` (`period_id`),
  KEY `receipts_plan_cuenta_id_foreign` (`plan_cuenta_id`),
  KEY `receipts_fact_elec_receipt_id_foreign` (`fact_elec_receipt_id`),
  KEY `receipts_iva_creditos_tipo_id_foreign` (`iva_creditos_tipo_id`),
  CONSTRAINT `receipts_activity_id_foreign` FOREIGN KEY (`activity_id`) REFERENCES `activities` (`id`),
  CONSTRAINT `receipts_fact_elec_receipt_id_foreign` FOREIGN KEY (`fact_elec_receipt_id`) REFERENCES `fact_elec_receipts` (`id`),
  CONSTRAINT `receipts_iva_creditos_tipo_id_foreign` FOREIGN KEY (`iva_creditos_tipo_id`) REFERENCES `iva_creditos_tipos` (`id`),
  CONSTRAINT `receipts_period_id_foreign` FOREIGN KEY (`period_id`) REFERENCES `periods` (`id`),
  CONSTRAINT `receipts_person_id_owner_foreign` FOREIGN KEY (`person_id_owner`) REFERENCES `persons` (`id`),
  CONSTRAINT `receipts_person_id_relationed_foreign` FOREIGN KEY (`person_id_relationed`) REFERENCES `persons` (`id`),
  CONSTRAINT `receipts_plan_cuenta_id_foreign` FOREIGN KEY (`plan_cuenta_id`) REFERENCES `conta_plan_cuenta` (`id`),
  CONSTRAINT `receipts_retention_type_id_foreign` FOREIGN KEY (`retention_type_id`) REFERENCES `retention_types` (`id`),
  CONSTRAINT `receipts_status_id_foreign` FOREIGN KEY (`status_id`) REFERENCES `status` (`id`),
  CONSTRAINT `receipts_tax_account_id_foreign` FOREIGN KEY (`tax_account_id`) REFERENCES `tax_accounts` (`id`),
  CONSTRAINT `receipts_type_id_foreign` FOREIGN KEY (`type_id`) REFERENCES `types` (`id`),
  CONSTRAINT `receipts_type_receipt_id_foreign` FOREIGN KEY (`type_receipt_id`) REFERENCES `receipt_types` (`id`),
  CONSTRAINT `receipts_zone_id_foreign` FOREIGN KEY (`zone_id`) REFERENCES `zones` (`id`)
) ENGINE=InnoDB AUTO_INCREMENT=386 DEFAULT CHARSET=utf8mb4 COLLATE=utf8mb4_unicode_ci;

--
-- Dumping data for table `receipts`
--

INSERT INTO `receipts` VALUES (1,2368,1,1,NULL,NULL,1518,23,NULL,796,1,NULL,40719,40720,00000275,00000275,NULL,'2020-01-31','2020-01-31',0005,1,NULL,6750.00,NULL,'2021-01-22 21:34:26','2021-01-22 21:34:26',NULL),(2,2368,1,1,NULL,NULL,1518,23,NULL,796,1,NULL,40719,40721,00000276,00000276,NULL,'2020-01-31','2020-01-31',0005,1,NULL,9200.01,NULL,'2021-01-22 21:34:26','2021-01-22 21:34:26',NULL),(3,2368,1,1,NULL,NULL,1518,23,NULL,796,1,NULL,40719,40722,00000277,00000277,NULL,'2020-01-31','2020-01-31',0005,1,NULL,27000.00,NULL,'2021-01-22 21:34:26','2021-01-22 21:34:26',NULL),(4,2368,1,1,NULL,NULL,1518,23,NULL,796,1,NULL,40719,40723,00000278,00000278,NULL,'2020-01-31','2020-01-31',0005,1,NULL,16000.00,NULL,'2021-01-22 21:34:26','2021-01-22 21:34:26',NULL),(5,2368,1,1,NULL,NULL,1518,23,NULL,796,1,NULL,40719,40724,00000279,00000279,NULL,'2020-01-31','2020-01-31',0005,1,NULL,4750.00,NULL,'2021-01-22 21:34:26','2021-01-22 21:34:26',NULL),(6,2368,1,1,NULL,NULL,1518,23,NULL,796,1,NULL,40719,40725,00000280,00000280,NULL,'2020-01-31','2020-01-31',0005,1,NULL,3900.00,NULL,'2021-01-22 21:34:26','2021-01-22 21:34:26',NULL),(7,2368,1,1,NULL,NULL,1518,23,NULL,796,1,NULL,40719,40726,00000281,00000281,NULL,'2020-01-31','2020-01-31',0005,1,NULL,3900.00,NULL,'2021-01-22 21:34:26','2021-01-22 21:34:26',NULL),(8,2368,1,1,NULL,NULL,1518,23,NULL,796,1,NULL,40719,40727,00000282,00000282,NULL,'2020-01-31','2020-01-31',0005,1,NULL,3300.00,NULL,'2021-01-22 21:34:26','2021-01-22 21:34:26',NULL),(9,2368,1,1,NULL,NULL,1518,23,NULL,796,1,NULL,40719,40728,00000283,00000283,NULL,'2020-01-31','2020-01-31',0005,1,NULL,3300.00,NULL,'2021-01-22 21:34:26','2021-01-22 21:34:26',NULL),(10,2368,1,1,NULL,NULL,1518,23,NULL,796,1,NULL,40719,40729,00000284,00000284,NULL,'2020-01-31','2020-01-31',0005,1,NULL,5500.01,NULL,'2021-01-22 21:34:26','2021-01-22 21:34:26',NULL),(11,2368,1,1,NULL,NULL,1518,23,NULL,796,1,NULL,40719,40730,00000285,00000285,NULL,'2020-01-31','2020-01-31',0005,1,NULL,7600.00,NULL,'2021-01-22 21:34:26','2021-01-22 21:34:26',NULL),(12,2368,1,1,NULL,NULL,1518,23,NULL,796,1,NULL,40719,40731,00000286,00000286,NULL,'2020-01-31','2020-01-31',0005,1,NULL,26400.00,NULL,'2021-01-22 21:34:26','2021-01-22 21:34:26',NULL),(13,2368,1,1,NULL,NULL,1518,23,NULL,796,1,NULL,40719,40732,00000287,00000287,NULL,'2020-01-31','2020-01-31',0005,1,NULL,22000.00,NULL,'2021-01-22 21:34:26','2021-01-22 21:34:26',NULL),(14,2368,1,1,NULL,NULL,1518,23,NULL,796,1,NULL,40719,40733,00000288,00000288,NULL,'2020-01-31','2020-01-31',0005,1,NULL,4600.00,NULL,'2021-01-22 21:34:26','2021-01-22 21:34:26',NULL),(15,2368,1,1,NULL,NULL,1518,23,NULL,796,1,NULL,40719,40734,00000289,00000289,NULL,'2020-01-31','2020-01-31',0005,1,NULL,4600.00,NULL,'2021-01-22 21:34:26','2021-01-22 21:34:26',NULL),(16,2368,1,1,NULL,NULL,1518,23,NULL,796,1,NULL,40719,40735,00000290,00000290,NULL,'2020-01-31','2020-01-31',0005,1,NULL,4600.00,NULL,'2021-01-22 21:34:26','2021-01-22 21:34:26',NULL),(17,2368,1,1,NULL,NULL,1518,23,NULL,796,1,NULL,40719,40736,00000291,00000291,NULL,'2020-01-31','2020-01-31',0005,1,NULL,108000.00,NULL,'2021-01-22 21:34:26','2021-01-22 21:34:26',NULL),(18,2368,1,1,NULL,NULL,1518,23,NULL,796,1,NULL,40719,40737,00000292,00000292,NULL,'2020-01-31','2020-01-31',0005,1,NULL,11500.00,NULL,'2021-01-22 21:34:26','2021-01-22 21:34:26',NULL),(19,2368,1,1,NULL,NULL,1518,23,NULL,796,1,NULL,40719,40738,00000293,00000293,NULL,'2020-01-31','2020-01-31',0005,1,NULL,10500.00,NULL,'2021-01-22 21:34:26','2021-01-22 21:34:26',NULL),(20,2368,1,1,NULL,NULL,1519,23,NULL,796,1,NULL,40719,40720,00000294,00000294,NULL,'2020-02-26','2020-02-26',0005,1,NULL,6750.00,NULL,'2021-01-22 21:35:53','2021-01-22 21:35:53',NULL),(21,2368,1,1,NULL,NULL,1519,23,NULL,796,1,NULL,40719,40721,00000295,00000295,NULL,'2020-02-26','2020-02-26',0005,1,NULL,9200.01,NULL,'2021-01-22 21:35:53','2021-01-22 21:35:53',NULL),(22,2368,1,1,NULL,NULL,1519,23,NULL,796,1,NULL,40719,40722,00000296,00000296,NULL,'2020-02-26','2020-02-26',0005,1,NULL,27000.00,NULL,'2021-01-22 21:35:53','2021-01-22 21:35:53',NULL);
INSERT INTO `receipts` VALUES (23,2368,1,1,NULL,NULL,1519,23,NULL,796,1,NULL,40719,40723,00000297,00000297,NULL,'2020-02-26','2020-02-26',0005,1,NULL,16000.00,NULL,'2021-01-22 21:35:53','2021-01-22 21:35:53',NULL),(24,2368,1,1,NULL,NULL,1519,23,NULL,796,1,NULL,40719,40724,00000298,00000298,NULL,'2020-02-26','2020-02-26',0005,1,NULL,4750.00,NULL,'2021-01-22 21:35:53','2021-01-22 21:35:53',NULL),(25,2368,1,1,NULL,NULL,1519,23,NULL,796,1,NULL,40719,40725,00000299,00000299,NULL,'2020-02-26','2020-02-26',0005,1,NULL,3900.00,NULL,'2021-01-22 21:35:53','2021-01-22 21:35:53',NULL),(26,2368,1,1,NULL,NULL,1519,23,NULL,796,1,NULL,40719,40726,00000300,00000300,NULL,'2020-02-26','2020-02-26',0005,1,NULL,3900.00,NULL,'2021-01-22 21:35:53','2021-01-22 21:35:53',NULL),(27,2368,1,1,NULL,NULL,1519,23,NULL,796,1,NULL,40719,40727,00000301,00000301,NULL,'2020-02-26','2020-02-26',0005,1,NULL,3300.00,NULL,'2021-01-22 21:35:53','2021-01-22 21:35:53',NULL),(28,2368,1,1,NULL,NULL,1519,23,NULL,796,1,NULL,40719,40728,00000302,00000302,NULL,'2020-02-26','2020-02-26',0005,1,NULL,3300.00,NULL,'2021-01-22 21:35:53','2021-01-22 21:35:53',NULL),(29,2368,1,1,NULL,NULL,1519,23,NULL,796,1,NULL,40719,40729,00000303,00000303,NULL,'2020-02-26','2020-02-26',0005,1,NULL,5500.01,NULL,'2021-01-22 21:35:53','2021-01-22 21:35:53',NULL),(30,2368,1,1,NULL,NULL,1519,23,NULL,796,1,NULL,40719,40730,00000304,00000304,NULL,'2020-02-26','2020-02-26',0005,1,NULL,7600.00,NULL,'2021-01-22 21:35:53','2021-01-22 21:35:53',NULL),(31,2368,1,1,NULL,NULL,1519,23,NULL,796,1,NULL,40719,40731,00000305,00000305,NULL,'2020-02-26','2020-02-26',0005,1,NULL,26400.00,NULL,'2021-01-22 21:35:53','2021-01-22 21:35:53',NULL),(32,2368,1,1,NULL,NULL,1519,23,NULL,796,1,NULL,40719,40732,00000306,00000306,NULL,'2020-02-26','2020-02-26',0005,1,NULL,22000.00,NULL,'2021-01-22 21:35:53','2021-01-22 21:35:53',NULL),(33,2368,1,1,NULL,NULL,1519,23,NULL,796,1,NULL,40719,40733,00000307,00000307,NULL,'2020-02-26','2020-02-26',0005,1,NULL,4600.00,NULL,'2021-01-22 21:35:53','2021-01-22 21:35:53',NULL),(34,2368,1,1,NULL,NULL,1519,23,NULL,796,1,NULL,40719,40734,00000308,00000308,NULL,'2020-02-26','2020-02-26',0005,1,NULL,4600.00,NULL,'2021-01-22 21:35:53','2021-01-22 21:35:53',NULL),(35,2368,1,1,NULL,NULL,1519,23,NULL,796,1,NULL,40719,40735,00000309,00000309,NULL,'2020-02-26','2020-02-26',0005,1,NULL,4600.00,NULL,'2021-01-22 21:35:53','2021-01-22 21:35:53',NULL),(36,2368,1,1,NULL,NULL,1519,23,NULL,796,1,NULL,40719,40736,00000310,00000310,NULL,'2020-02-26','2020-02-26',0005,1,NULL,108000.00,NULL,'2021-01-22 21:35:53','2021-01-22 21:35:53',NULL),(37,2368,1,1,NULL,NULL,1519,23,NULL,796,1,NULL,40719,40737,00000311,00000311,NULL,'2020-02-26','2020-02-26',0005,1,NULL,11500.00,NULL,'2021-01-22 21:35:53','2021-01-22 21:35:53',NULL),(38,2368,1,1,NULL,NULL,1519,23,NULL,796,1,NULL,40719,40738,00000312,00000312,NULL,'2020-02-26','2020-02-26',0005,1,NULL,10500.00,NULL,'2021-01-22 21:35:53','2021-01-22 21:35:53',NULL),(39,2368,1,1,NULL,NULL,1520,23,NULL,796,1,NULL,40719,40720,00000313,00000313,NULL,'2020-03-30','2020-03-30',0005,1,NULL,6750.00,NULL,'2021-01-22 21:36:32','2021-01-22 21:36:32',NULL),(40,2368,1,1,NULL,NULL,1520,23,NULL,796,1,NULL,40719,40721,00000314,00000314,NULL,'2020-03-30','2020-03-30',0005,1,NULL,9200.01,NULL,'2021-01-22 21:36:32','2021-01-22 21:36:32',NULL),(41,2368,1,1,NULL,NULL,1520,23,NULL,796,1,NULL,40719,40722,00000315,00000315,NULL,'2020-03-30','2020-03-30',0005,1,NULL,27000.00,NULL,'2021-01-22 21:36:32','2021-01-22 21:36:32',NULL),(42,2368,1,1,NULL,NULL,1520,23,NULL,796,1,NULL,40719,40723,00000316,00000316,NULL,'2020-03-30','2020-03-30',0005,1,NULL,16000.00,NULL,'2021-01-22 21:36:33','2021-01-22 21:36:33',NULL),(43,2368,1,1,NULL,NULL,1520,23,NULL,796,1,NULL,40719,40724,00000317,00000317,NULL,'2020-03-30','2020-03-30',0005,1,NULL,4750.00,NULL,'2021-01-22 21:36:33','2021-01-22 21:36:33',NULL),(44,2368,1,1,NULL,NULL,1520,23,NULL,796,1,NULL,40719,40725,00000318,00000318,NULL,'2020-03-30','2020-03-30',0005,1,NULL,3900.00,NULL,'2021-01-22 21:36:33','2021-01-22 21:36:33',NULL);
INSERT INTO `receipts` VALUES (45,2368,1,1,NULL,NULL,1520,23,NULL,796,1,NULL,40719,40726,00000319,00000319,NULL,'2020-03-30','2020-03-30',0005,1,NULL,3900.00,NULL,'2021-01-22 21:36:33','2021-01-22 21:36:33',NULL),(46,2368,1,1,NULL,NULL,1520,23,NULL,796,1,NULL,40719,40727,00000320,00000320,NULL,'2020-03-30','2020-03-30',0005,1,NULL,3300.00,NULL,'2021-01-22 21:36:33','2021-01-22 21:36:33',NULL),(47,2368,1,1,NULL,NULL,1520,23,NULL,796,1,NULL,40719,40728,00000321,00000321,NULL,'2020-03-30','2020-03-30',0005,1,NULL,3300.00,NULL,'2021-01-22 21:36:33','2021-01-22 21:36:33',NULL),(48,2368,1,1,NULL,NULL,1520,23,NULL,796,1,NULL,40719,40729,00000322,00000322,NULL,'2020-03-30','2020-03-30',0005,1,NULL,5500.01,NULL,'2021-01-22 21:36:33','2021-01-22 21:36:33',NULL),(49,2368,1,1,NULL,NULL,1520,23,NULL,796,1,NULL,40719,40730,00000323,00000323,NULL,'2020-03-30','2020-03-30',0005,1,NULL,7600.00,NULL,'2021-01-22 21:36:33','2021-01-22 21:36:33',NULL),(50,2368,1,1,NULL,NULL,1520,23,NULL,796,1,NULL,40719,40731,00000324,00000324,NULL,'2020-03-30','2020-03-30',0005,1,NULL,26400.00,NULL,'2021-01-22 21:36:33','2021-01-22 21:36:33',NULL),(51,2368,1,1,NULL,NULL,1520,23,NULL,796,1,NULL,40719,40732,00000325,00000325,NULL,'2020-03-30','2020-03-30',0005,1,NULL,22000.00,NULL,'2021-01-22 21:36:33','2021-01-22 21:36:33',NULL),(52,2368,1,1,NULL,NULL,1520,23,NULL,796,1,NULL,40719,40733,00000326,00000326,NULL,'2020-03-30','2020-03-30',0005,1,NULL,4600.00,NULL,'2021-01-22 21:36:33','2021-01-22 21:36:33',NULL),(53,2368,1,1,NULL,NULL,1520,23,NULL,796,1,NULL,40719,40734,00000327,00000327,NULL,'2020-03-30','2020-03-30',0005,1,NULL,4600.00,NULL,'2021-01-22 21:36:33','2021-01-22 21:36:33',NULL),(54,2368,1,1,NULL,NULL,1520,23,NULL,796,1,NULL,40719,40735,00000328,00000328,NULL,'2020-03-30','2020-03-30',0005,1,NULL,4600.00,NULL,'2021-01-22 21:36:33','2021-01-22 21:36:33',NULL),(55,2368,1,1,NULL,NULL,1520,23,NULL,796,1,NULL,40719,40736,00000329,00000329,NULL,'2020-03-30','2020-03-30',0005,1,NULL,108000.00,NULL,'2021-01-22 21:36:33','2021-01-22 21:36:33',NULL),(56,2368,1,1,NULL,NULL,1520,23,NULL,796,1,NULL,40719,40737,00000330,00000330,NULL,'2020-03-30','2020-03-30',0005,1,NULL,11500.00,NULL,'2021-01-22 21:36:33','2021-01-22 21:36:33',NULL),(57,2368,1,1,NULL,NULL,1520,23,NULL,796,1,NULL,40719,40738,00000331,00000331,NULL,'2020-03-30','2020-03-30',0005,1,NULL,10500.00,NULL,'2021-01-22 21:36:33','2021-01-22 21:36:33',NULL),(58,2368,1,4,NULL,NULL,1521,23,NULL,796,1,NULL,40719,40739,00000010,00000010,NULL,'2020-04-03','2020-04-03',0005,1,NULL,8825.87,NULL,'2021-01-22 21:36:44','2021-01-22 21:36:44',NULL),(59,2368,1,1,NULL,NULL,1521,23,NULL,796,1,NULL,40719,40720,00000332,00000332,NULL,'2020-04-27','2020-04-27',0005,1,NULL,5400.00,NULL,'2021-01-22 21:36:44','2021-01-22 21:36:44',NULL),(60,2368,1,1,NULL,NULL,1521,23,NULL,796,1,NULL,40719,40721,00000333,00000333,NULL,'2020-04-27','2020-04-27',0005,1,NULL,9200.01,NULL,'2021-01-22 21:36:44','2021-01-22 21:36:44',NULL),(61,2368,1,1,NULL,NULL,1521,23,NULL,796,1,NULL,40719,40722,00000334,00000334,NULL,'2020-04-27','2020-04-27',0005,1,NULL,27000.00,NULL,'2021-01-22 21:36:44','2021-01-22 21:36:44',NULL),(62,2368,1,1,NULL,NULL,1521,23,NULL,796,1,NULL,40719,40723,00000335,00000335,NULL,'2020-04-27','2020-04-27',0005,1,NULL,16000.00,NULL,'2021-01-22 21:36:44','2021-01-22 21:36:44',NULL),(63,2368,1,1,NULL,NULL,1521,23,NULL,796,1,NULL,40719,40724,00000336,00000336,NULL,'2020-04-27','2020-04-27',0005,1,NULL,4750.00,NULL,'2021-01-22 21:36:44','2021-01-22 21:36:44',NULL),(64,2368,1,1,NULL,NULL,1521,23,NULL,796,1,NULL,40719,40726,00000337,00000337,NULL,'2020-04-27','2020-04-27',0005,1,NULL,3900.00,NULL,'2021-01-22 21:36:44','2021-01-22 21:36:44',NULL),(65,2368,1,1,NULL,NULL,1521,23,NULL,796,1,NULL,40719,40727,00000338,00000338,NULL,'2020-04-27','2020-04-27',0005,1,NULL,3300.00,NULL,'2021-01-22 21:36:44','2021-01-22 21:36:44',NULL),(66,2368,1,1,NULL,NULL,1521,23,NULL,796,1,NULL,40719,40728,00000339,00000339,NULL,'2020-04-27','2020-04-27',0005,1,NULL,3300.00,NULL,'2021-01-22 21:36:44','2021-01-22 21:36:44',NULL);
INSERT INTO `receipts` VALUES (67,2368,1,1,NULL,NULL,1521,23,NULL,796,1,NULL,40719,40729,00000340,00000340,NULL,'2020-04-27','2020-04-27',0005,1,NULL,5500.01,NULL,'2021-01-22 21:36:44','2021-01-22 21:36:44',NULL),(68,2368,1,1,NULL,NULL,1521,23,NULL,796,1,NULL,40719,40730,00000341,00000341,NULL,'2020-04-27','2020-04-27',0005,1,NULL,7600.00,NULL,'2021-01-22 21:36:44','2021-01-22 21:36:44',NULL),(69,2368,1,1,NULL,NULL,1521,23,NULL,796,1,NULL,40719,40731,00000342,00000342,NULL,'2020-04-27','2020-04-27',0005,1,NULL,26400.00,NULL,'2021-01-22 21:36:44','2021-01-22 21:36:44',NULL),(70,2368,1,1,NULL,NULL,1521,23,NULL,796,1,NULL,40719,40732,00000343,00000343,NULL,'2020-04-27','2020-04-27',0005,1,NULL,22000.00,NULL,'2021-01-22 21:36:44','2021-01-22 21:36:44',NULL),(71,2368,1,1,NULL,NULL,1521,23,NULL,796,1,NULL,40719,40733,00000344,00000344,NULL,'2020-04-27','2020-04-27',0005,1,NULL,4600.00,NULL,'2021-01-22 21:36:44','2021-01-22 21:36:44',NULL),(72,2368,1,1,NULL,NULL,1521,23,NULL,796,1,NULL,40719,40734,00000345,00000345,NULL,'2020-04-27','2020-04-27',0005,1,NULL,4600.00,NULL,'2021-01-22 21:36:44','2021-01-22 21:36:44',NULL),(73,2368,1,1,NULL,NULL,1521,23,NULL,796,1,NULL,40719,40735,00000346,00000346,NULL,'2020-04-27','2020-04-27',0005,1,NULL,4600.00,NULL,'2021-01-22 21:36:44','2021-01-22 21:36:44',NULL),(74,2368,1,1,NULL,NULL,1521,23,NULL,796,1,NULL,40719,40736,00000347,00000347,NULL,'2020-04-27','2020-04-27',0005,1,NULL,108000.00,NULL,'2021-01-22 21:36:44','2021-01-22 21:36:44',NULL),(75,2368,1,1,NULL,NULL,1521,23,NULL,796,1,NULL,40719,40738,00000348,00000348,NULL,'2020-04-27','2020-04-27',0005,1,NULL,10500.00,NULL,'2021-01-22 21:36:44','2021-01-22 21:36:44',NULL),(76,2368,1,3,NULL,NULL,1521,23,NULL,796,1,NULL,40719,40737,00000003,00000003,NULL,'2020-04-27','2020-04-27',0005,1,NULL,11500.00,NULL,'2021-01-22 21:36:44','2021-01-22 21:36:44',NULL),(77,2368,1,1,NULL,NULL,1522,23,NULL,796,1,NULL,40719,40720,00000349,00000349,NULL,'2020-05-28','2020-05-28',0005,1,NULL,5400.00,NULL,'2021-01-22 21:36:53','2021-01-22 21:36:53',NULL),(78,2368,1,1,NULL,NULL,1522,23,NULL,796,1,NULL,40719,40721,00000350,00000350,NULL,'2020-05-28','2020-05-28',0005,1,NULL,9200.01,NULL,'2021-01-22 21:36:53','2021-01-22 21:36:53',NULL),(79,2368,1,1,NULL,NULL,1522,23,NULL,796,1,NULL,40719,40722,00000351,00000351,NULL,'2020-05-28','2020-05-28',0005,1,NULL,27000.00,NULL,'2021-01-22 21:36:53','2021-01-22 21:36:53',NULL),(80,2368,1,1,NULL,NULL,1522,23,NULL,796,1,NULL,40719,40723,00000352,00000352,NULL,'2020-05-28','2020-05-28',0005,1,NULL,16000.00,NULL,'2021-01-22 21:36:53','2021-01-22 21:36:53',NULL),(81,2368,1,1,NULL,NULL,1522,23,NULL,796,1,NULL,40719,40724,00000353,00000353,NULL,'2020-05-28','2020-05-28',0005,1,NULL,4750.00,NULL,'2021-01-22 21:36:53','2021-01-22 21:36:53',NULL),(82,2368,1,1,NULL,NULL,1522,23,NULL,796,1,NULL,40719,40726,00000354,00000354,NULL,'2020-05-28','2020-05-28',0005,1,NULL,3900.00,NULL,'2021-01-22 21:36:53','2021-01-22 21:36:53',NULL),(83,2368,1,1,NULL,NULL,1522,23,NULL,796,1,NULL,40719,40727,00000355,00000355,NULL,'2020-05-28','2020-05-28',0005,1,NULL,3300.00,NULL,'2021-01-22 21:36:53','2021-01-22 21:36:53',NULL),(84,2368,1,1,NULL,NULL,1522,23,NULL,796,1,NULL,40719,40728,00000356,00000356,NULL,'2020-05-28','2020-05-28',0005,1,NULL,3300.00,NULL,'2021-01-22 21:36:53','2021-01-22 21:36:53',NULL),(85,2368,1,1,NULL,NULL,1522,23,NULL,796,1,NULL,40719,40729,00000357,00000357,NULL,'2020-05-28','2020-05-28',0005,1,NULL,5500.01,NULL,'2021-01-22 21:36:53','2021-01-22 21:36:53',NULL),(86,2368,1,1,NULL,NULL,1522,23,NULL,796,1,NULL,40719,40730,00000358,00000358,NULL,'2020-05-28','2020-05-28',0005,1,NULL,7600.00,NULL,'2021-01-22 21:36:53','2021-01-22 21:36:53',NULL),(87,2368,1,1,NULL,NULL,1522,23,NULL,796,1,NULL,40719,40731,00000359,00000359,NULL,'2020-05-28','2020-05-28',0005,1,NULL,26400.00,NULL,'2021-01-22 21:36:53','2021-01-22 21:36:53',NULL),(88,2368,1,1,NULL,NULL,1522,23,NULL,796,1,NULL,40719,40733,00000360,00000360,NULL,'2020-05-28','2020-05-28',0005,1,NULL,4600.00,NULL,'2021-01-22 21:36:53','2021-01-22 21:36:53',NULL);
INSERT INTO `receipts` VALUES (89,2368,1,1,NULL,NULL,1522,23,NULL,796,1,NULL,40719,40734,00000361,00000361,NULL,'2020-05-28','2020-05-28',0005,1,NULL,4600.00,NULL,'2021-01-22 21:36:53','2021-01-22 21:36:53',NULL),(90,2368,1,1,NULL,NULL,1522,23,NULL,796,1,NULL,40719,40735,00000362,00000362,NULL,'2020-05-28','2020-05-28',0005,1,NULL,4600.00,NULL,'2021-01-22 21:36:53','2021-01-22 21:36:53',NULL),(91,2368,1,1,NULL,NULL,1522,23,NULL,796,1,NULL,40719,40736,00000363,00000363,NULL,'2020-05-28','2020-05-28',0005,1,NULL,108000.00,NULL,'2021-01-22 21:36:53','2021-01-22 21:36:53',NULL),(92,2368,1,1,NULL,NULL,1522,23,NULL,796,1,NULL,40719,40738,00000364,00000364,NULL,'2020-05-28','2020-05-28',0005,1,NULL,10500.00,NULL,'2021-01-22 21:36:53','2021-01-22 21:36:53',NULL),(93,2368,1,3,NULL,NULL,1522,23,NULL,796,1,NULL,40719,40732,00000004,00000004,NULL,'2020-05-28','2020-05-28',0005,1,NULL,22000.00,NULL,'2021-01-22 21:36:53','2021-01-22 21:36:53',NULL),(94,2368,1,1,NULL,NULL,1523,23,NULL,796,1,NULL,40719,40740,00000365,00000365,NULL,'2020-06-19','2020-06-19',0005,1,NULL,14520.00,NULL,'2021-01-22 21:37:05','2021-01-22 21:37:05',NULL),(95,2368,1,1,NULL,NULL,1523,23,NULL,796,1,NULL,40719,40720,00000366,00000366,NULL,'2020-06-29','2020-06-29',0005,1,NULL,6750.00,NULL,'2021-01-22 21:37:05','2021-01-22 21:37:05',NULL),(96,2368,1,1,NULL,NULL,1523,23,NULL,796,1,NULL,40719,40721,00000367,00000367,NULL,'2020-06-29','2020-06-29',0005,1,NULL,11040.01,NULL,'2021-01-22 21:37:05','2021-01-22 21:37:05',NULL),(97,2368,1,1,NULL,NULL,1523,23,NULL,796,1,NULL,40719,40722,00000368,00000368,NULL,'2020-06-29','2020-06-29',0005,1,NULL,32400.00,NULL,'2021-01-22 21:37:05','2021-01-22 21:37:05',NULL),(98,2368,1,1,NULL,NULL,1523,23,NULL,796,1,NULL,40719,40723,00000369,00000369,NULL,'2020-06-29','2020-06-29',0005,1,NULL,19200.00,NULL,'2021-01-22 21:37:05','2021-01-22 21:37:05',NULL),(99,2368,1,1,NULL,NULL,1523,23,NULL,796,1,NULL,40719,40724,00000370,00000370,NULL,'2020-06-29','2020-06-29',0005,1,NULL,4750.00,NULL,'2021-01-22 21:37:05','2021-01-22 21:37:05',NULL),(100,2368,1,1,NULL,NULL,1523,23,NULL,796,1,NULL,40719,40726,00000371,00000371,NULL,'2020-06-29','2020-06-29',0005,1,NULL,3900.00,NULL,'2021-01-22 21:37:05','2021-01-22 21:37:05',NULL),(101,2368,1,1,NULL,NULL,1523,23,NULL,796,1,NULL,40719,40727,00000372,00000372,NULL,'2020-06-29','2020-06-29',0005,1,NULL,3300.00,NULL,'2021-01-22 21:37:05','2021-01-22 21:37:05',NULL),(102,2368,1,1,NULL,NULL,1523,23,NULL,796,1,NULL,40719,40728,00000373,00000373,NULL,'2020-06-29','2020-06-29',0005,1,NULL,3300.00,NULL,'2021-01-22 21:37:05','2021-01-22 21:37:05',NULL),(103,2368,1,1,NULL,NULL,1523,23,NULL,796,1,NULL,40719,40729,00000374,00000374,NULL,'2020-06-29','2020-06-29',0005,1,NULL,6600.01,NULL,'2021-01-22 21:37:05','2021-01-22 21:37:05',NULL),(104,2368,1,1,NULL,NULL,1523,23,NULL,796,1,NULL,40719,40730,00000375,00000375,NULL,'2020-06-29','2020-06-29',0005,1,NULL,7600.00,NULL,'2021-01-22 21:37:06','2021-01-22 21:37:06',NULL),(105,2368,1,1,NULL,NULL,1523,23,NULL,796,1,NULL,40719,40731,00000376,00000376,NULL,'2020-06-29','2020-06-29',0005,1,NULL,31680.00,NULL,'2021-01-22 21:37:06','2021-01-22 21:37:06',NULL),(106,2368,1,1,NULL,NULL,1523,23,NULL,796,1,NULL,40719,40732,00000377,00000377,NULL,'2020-06-29','2020-06-29',0005,1,NULL,23100.00,NULL,'2021-01-22 21:37:06','2021-01-22 21:37:06',NULL),(107,2368,1,1,NULL,NULL,1523,23,NULL,796,1,NULL,40719,40733,00000378,00000378,NULL,'2020-06-29','2020-06-29',0005,1,NULL,4600.00,NULL,'2021-01-22 21:37:06','2021-01-22 21:37:06',NULL),(108,2368,1,1,NULL,NULL,1523,23,NULL,796,1,NULL,40719,40734,00000379,00000379,NULL,'2020-06-29','2020-06-29',0005,1,NULL,4600.00,NULL,'2021-01-22 21:37:06','2021-01-22 21:37:06',NULL),(109,2368,1,1,NULL,NULL,1523,23,NULL,796,1,NULL,40719,40735,00000380,00000380,NULL,'2020-06-29','2020-06-29',0005,1,NULL,4600.00,NULL,'2021-01-22 21:37:06','2021-01-22 21:37:06',NULL);
INSERT INTO `receipts` VALUES (110,2368,1,1,NULL,NULL,1523,23,NULL,796,1,NULL,40719,40736,00000381,00000381,NULL,'2020-06-29','2020-06-29',0005,1,NULL,108000.00,NULL,'2021-01-22 21:37:06','2021-01-22 21:37:06',NULL),(111,2368,1,1,NULL,NULL,1523,23,NULL,796,1,NULL,40719,40738,00000382,00000382,NULL,'2020-06-29','2020-06-29',0005,1,NULL,10500.00,NULL,'2021-01-22 21:37:06','2021-01-22 21:37:06',NULL),(112,2368,1,1,NULL,NULL,1524,23,NULL,796,1,NULL,40719,40720,00000383,00000383,NULL,'2020-07-28','2020-07-28',0005,1,NULL,7600.00,NULL,'2021-01-22 21:37:15','2021-01-22 21:37:15',NULL),(113,2368,1,1,NULL,NULL,1524,23,NULL,796,1,NULL,40719,40721,00000384,00000384,NULL,'2020-07-28','2020-07-28',0005,1,NULL,10500.00,NULL,'2021-01-22 21:37:15','2021-01-22 21:37:15',NULL),(114,2368,1,1,NULL,NULL,1524,23,NULL,796,1,NULL,40719,40722,00000385,00000385,NULL,'2020-07-28','2020-07-28',0005,1,NULL,30500.00,NULL,'2021-01-22 21:37:15','2021-01-22 21:37:15',NULL),(115,2368,1,1,NULL,NULL,1524,23,NULL,796,1,NULL,40719,40723,00000386,00000386,NULL,'2020-07-28','2020-07-28',0005,1,NULL,18000.00,NULL,'2021-01-22 21:37:15','2021-01-22 21:37:15',NULL),(116,2368,1,1,NULL,NULL,1524,23,NULL,796,1,NULL,40719,40724,00000387,00000387,NULL,'2020-07-28','2020-07-28',0005,1,NULL,5300.01,NULL,'2021-01-22 21:37:15','2021-01-22 21:37:15',NULL),(117,2368,1,1,NULL,NULL,1524,23,NULL,796,1,NULL,40719,40725,00000388,00000388,NULL,'2020-07-28','2020-07-28',0005,1,NULL,4400.00,NULL,'2021-01-22 21:37:15','2021-01-22 21:37:15',NULL),(118,2368,1,1,NULL,NULL,1524,23,NULL,796,1,NULL,40719,40726,00000389,00000389,NULL,'2020-07-28','2020-07-28',0005,1,NULL,4400.00,NULL,'2021-01-22 21:37:15','2021-01-22 21:37:15',NULL),(119,2368,1,1,NULL,NULL,1524,23,NULL,796,1,NULL,40719,40727,00000390,00000390,NULL,'2020-07-28','2020-07-28',0005,1,NULL,3700.00,NULL,'2021-01-22 21:37:15','2021-01-22 21:37:15',NULL),(120,2368,1,1,NULL,NULL,1524,23,NULL,796,1,NULL,40719,40728,00000391,00000391,NULL,'2020-07-28','2020-07-28',0005,1,NULL,3700.00,NULL,'2021-01-22 21:37:15','2021-01-22 21:37:15',NULL),(121,2368,1,1,NULL,NULL,1524,23,NULL,796,1,NULL,40719,40729,00000392,00000392,NULL,'2020-07-28','2020-07-28',0005,1,NULL,6200.00,NULL,'2021-01-22 21:37:15','2021-01-22 21:37:15',NULL),(122,2368,1,1,NULL,NULL,1524,23,NULL,796,1,NULL,40719,40730,00000393,00000393,NULL,'2020-07-28','2020-07-28',0005,1,NULL,8600.00,NULL,'2021-01-22 21:37:15','2021-01-22 21:37:15',NULL),(123,2368,1,1,NULL,NULL,1524,23,NULL,796,1,NULL,40719,40731,00000394,00000394,NULL,'2020-07-28','2020-07-28',0005,1,NULL,29800.00,NULL,'2021-01-22 21:37:15','2021-01-22 21:37:15',NULL),(124,2368,1,1,NULL,NULL,1524,23,NULL,796,1,NULL,40719,40732,00000395,00000395,NULL,'2020-07-28','2020-07-28',0005,1,NULL,24900.00,NULL,'2021-01-22 21:37:15','2021-01-22 21:37:15',NULL),(125,2368,1,1,NULL,NULL,1524,23,NULL,796,1,NULL,40719,40733,00000396,00000396,NULL,'2020-07-28','2020-07-28',0005,1,NULL,5200.00,NULL,'2021-01-22 21:37:15','2021-01-22 21:37:15',NULL),(126,2368,1,1,NULL,NULL,1524,23,NULL,796,1,NULL,40719,40734,00000397,00000397,NULL,'2020-07-28','2020-07-28',0005,1,NULL,5200.00,NULL,'2021-01-22 21:37:15','2021-01-22 21:37:15',NULL),(127,2368,1,1,NULL,NULL,1524,23,NULL,796,1,NULL,40719,40735,00000398,00000398,NULL,'2020-07-28','2020-07-28',0005,1,NULL,5200.00,NULL,'2021-01-22 21:37:15','2021-01-22 21:37:15',NULL),(128,2368,1,1,NULL,NULL,1524,23,NULL,796,1,NULL,40719,40736,00000399,00000399,NULL,'2020-07-28','2020-07-28',0005,1,NULL,121000.00,NULL,'2021-01-22 21:37:15','2021-01-22 21:37:15',NULL),(129,2368,1,1,NULL,NULL,1524,23,NULL,796,1,NULL,40719,40738,00000400,00000400,NULL,'2020-07-28','2020-07-28',0005,1,NULL,11900.00,NULL,'2021-01-22 21:37:15','2021-01-22 21:37:15',NULL),(130,2368,1,1,NULL,NULL,1525,23,NULL,796,1,NULL,40719,40742,00000401,00000401,NULL,'2020-08-26','2020-08-26',0005,1,NULL,7139.00,NULL,'2021-01-22 21:37:31','2021-01-22 21:37:31',NULL);
INSERT INTO `receipts` VALUES (131,2368,1,1,NULL,NULL,1525,23,NULL,796,1,NULL,40719,40720,00000402,00000402,NULL,'2020-08-26','2020-08-26',0005,1,NULL,7600.00,NULL,'2021-01-22 21:37:32','2021-01-22 21:37:32',NULL),(132,2368,1,1,NULL,NULL,1525,23,NULL,796,1,NULL,40719,40721,00000403,00000403,NULL,'2020-08-26','2020-08-26',0005,1,NULL,10500.00,NULL,'2021-01-22 21:37:32','2021-01-22 21:37:32',NULL),(133,2368,1,1,NULL,NULL,1525,23,NULL,796,1,NULL,40719,40722,00000404,00000404,NULL,'2020-08-26','2020-08-26',0005,1,NULL,30500.00,NULL,'2021-01-22 21:37:32','2021-01-22 21:37:32',NULL),(134,2368,1,1,NULL,NULL,1525,23,NULL,796,1,NULL,40719,40723,00000405,00000405,NULL,'2020-08-26','2020-08-26',0005,1,NULL,18000.00,NULL,'2021-01-22 21:37:32','2021-01-22 21:37:32',NULL),(135,2368,1,1,NULL,NULL,1525,23,NULL,796,1,NULL,40719,40724,00000406,00000406,NULL,'2020-08-26','2020-08-26',0005,1,NULL,5300.01,NULL,'2021-01-22 21:37:32','2021-01-22 21:37:32',NULL),(136,2368,1,1,NULL,NULL,1525,23,NULL,796,1,NULL,40719,40725,00000407,00000407,NULL,'2020-08-26','2020-08-26',0005,1,NULL,4400.00,NULL,'2021-01-22 21:37:32','2021-01-22 21:37:32',NULL),(137,2368,1,1,NULL,NULL,1525,23,NULL,796,1,NULL,40719,40726,00000408,00000408,NULL,'2020-08-26','2020-08-26',0005,1,NULL,4400.00,NULL,'2021-01-22 21:37:32','2021-01-22 21:37:32',NULL),(138,2368,1,1,NULL,NULL,1525,23,NULL,796,1,NULL,40719,40727,00000409,00000409,NULL,'2020-08-26','2020-08-26',0005,1,NULL,3700.00,NULL,'2021-01-22 21:37:32','2021-01-22 21:37:32',NULL),(139,2368,1,1,NULL,NULL,1525,23,NULL,796,1,NULL,40719,40728,00000410,00000410,NULL,'2020-08-26','2020-08-26',0005,1,NULL,3700.00,NULL,'2021-01-22 21:37:32','2021-01-22 21:37:32',NULL),(140,2368,1,1,NULL,NULL,1525,23,NULL,796,1,NULL,40719,40730,00000411,00000411,NULL,'2020-08-26','2020-08-26',0005,1,NULL,8600.00,NULL,'2021-01-22 21:37:32','2021-01-22 21:37:32',NULL),(141,2368,1,1,NULL,NULL,1525,23,NULL,796,1,NULL,40719,40729,00000412,00000412,NULL,'2020-08-26','2020-08-26',0005,1,NULL,6200.00,NULL,'2021-01-22 21:37:32','2021-01-22 21:37:32',NULL),(142,2368,1,1,NULL,NULL,1525,23,NULL,796,1,NULL,40719,40731,00000413,00000413,NULL,'2020-08-26','2020-08-26',0005,1,NULL,29800.00,NULL,'2021-01-22 21:37:32','2021-01-22 21:37:32',NULL),(143,2368,1,1,NULL,NULL,1525,23,NULL,796,1,NULL,40719,40732,00000414,00000414,NULL,'2020-08-26','2020-08-26',0005,1,NULL,24900.00,NULL,'2021-01-22 21:37:32','2021-01-22 21:37:32',NULL),(144,2368,1,1,NULL,NULL,1525,23,NULL,796,1,NULL,40719,40733,00000415,00000415,NULL,'2020-08-26','2020-08-26',0005,1,NULL,5200.00,NULL,'2021-01-22 21:37:32','2021-01-22 21:37:32',NULL),(145,2368,1,1,NULL,NULL,1525,23,NULL,796,1,NULL,40719,40734,00000416,00000416,NULL,'2020-08-26','2020-08-26',0005,1,NULL,5200.00,NULL,'2021-01-22 21:37:32','2021-01-22 21:37:32',NULL),(146,2368,1,1,NULL,NULL,1525,23,NULL,796,1,NULL,40719,40735,00000417,00000417,NULL,'2020-08-26','2020-08-26',0005,1,NULL,5200.00,NULL,'2021-01-22 21:37:32','2021-01-22 21:37:32',NULL),(147,2368,1,1,NULL,NULL,1525,23,NULL,796,1,NULL,40719,40736,00000418,00000418,NULL,'2020-08-26','2020-08-26',0005,1,NULL,121000.00,NULL,'2021-01-22 21:37:32','2021-01-22 21:37:32',NULL),(148,2368,1,1,NULL,NULL,1525,23,NULL,796,1,NULL,40719,40738,00000419,00000419,NULL,'2020-08-26','2020-08-26',0005,1,NULL,11900.00,NULL,'2021-01-22 21:37:32','2021-01-22 21:37:32',NULL),(149,2368,1,1,NULL,NULL,1526,23,NULL,796,1,NULL,40719,40721,00000421,00000421,NULL,'2020-09-28','2020-09-28',0005,1,NULL,10500.00,NULL,'2021-01-22 21:37:42','2021-01-22 21:37:42',NULL),(150,2368,1,1,NULL,NULL,1526,23,NULL,796,1,NULL,40719,40722,00000422,00000422,NULL,'2020-09-28','2020-09-28',0005,1,NULL,30500.00,NULL,'2021-01-22 21:37:42','2021-01-22 21:37:42',NULL),(151,2368,1,1,NULL,NULL,1526,23,NULL,796,1,NULL,40719,40723,00000423,00000423,NULL,'2020-09-28','2020-09-28',0005,1,NULL,18000.00,NULL,'2021-01-22 21:37:42','2021-01-22 21:37:42',NULL);
INSERT INTO `receipts` VALUES (152,2368,1,1,NULL,NULL,1526,23,NULL,796,1,NULL,40719,40724,00000424,00000424,NULL,'2020-09-28','2020-09-28',0005,1,NULL,5300.01,NULL,'2021-01-22 21:37:42','2021-01-22 21:37:42',NULL),(153,2368,1,1,NULL,NULL,1526,23,NULL,796,1,NULL,40719,40725,00000425,00000425,NULL,'2020-09-28','2020-09-28',0005,1,NULL,4400.00,NULL,'2021-01-22 21:37:42','2021-01-22 21:37:42',NULL),(154,2368,1,1,NULL,NULL,1526,23,NULL,796,1,NULL,40719,40726,00000426,00000426,NULL,'2020-09-28','2020-09-28',0005,1,NULL,4400.00,NULL,'2021-01-22 21:37:42','2021-01-22 21:37:42',NULL),(155,2368,1,1,NULL,NULL,1526,23,NULL,796,1,NULL,40719,40727,00000427,00000427,NULL,'2020-09-28','2020-09-28',0005,1,NULL,3700.00,NULL,'2021-01-22 21:37:42','2021-01-22 21:37:42',NULL),(156,2368,1,1,NULL,NULL,1526,23,NULL,796,1,NULL,40719,40728,00000428,00000428,NULL,'2020-09-28','2020-09-28',0005,1,NULL,3700.00,NULL,'2021-01-22 21:37:42','2021-01-22 21:37:42',NULL),(157,2368,1,1,NULL,NULL,1526,23,NULL,796,1,NULL,40719,40729,00000429,00000429,NULL,'2020-09-28','2020-09-28',0005,1,NULL,6200.00,NULL,'2021-01-22 21:37:42','2021-01-22 21:37:42',NULL),(158,2368,1,1,NULL,NULL,1526,23,NULL,796,1,NULL,40719,40730,00000430,00000430,NULL,'2020-09-28','2020-09-28',0005,1,NULL,8600.00,NULL,'2021-01-22 21:37:42','2021-01-22 21:37:42',NULL),(159,2368,1,1,NULL,NULL,1526,23,NULL,796,1,NULL,40719,40731,00000431,00000431,NULL,'2020-09-28','2020-09-28',0005,1,NULL,29800.00,NULL,'2021-01-22 21:37:42','2021-01-22 21:37:42',NULL),(160,2368,1,1,NULL,NULL,1526,23,NULL,796,1,NULL,40719,40732,00000432,00000432,NULL,'2020-09-28','2020-09-28',0005,1,NULL,24900.00,NULL,'2021-01-22 21:37:42','2021-01-22 21:37:42',NULL),(161,2368,1,1,NULL,NULL,1526,23,NULL,796,1,NULL,40719,40733,00000433,00000433,NULL,'2020-09-28','2020-09-28',0005,1,NULL,5200.00,NULL,'2021-01-22 21:37:42','2021-01-22 21:37:42',NULL),(162,2368,1,1,NULL,NULL,1526,23,NULL,796,1,NULL,40719,40734,00000434,00000434,NULL,'2020-09-28','2020-09-28',0005,1,NULL,5200.00,NULL,'2021-01-22 21:37:42','2021-01-22 21:37:42',NULL),(163,2368,1,1,NULL,NULL,1526,23,NULL,796,1,NULL,40719,40735,00000435,00000435,NULL,'2020-09-28','2020-09-28',0005,1,NULL,5200.00,NULL,'2021-01-22 21:37:42','2021-01-22 21:37:42',NULL),(164,2368,1,1,NULL,NULL,1526,23,NULL,796,1,NULL,40719,40736,00000436,00000436,NULL,'2020-09-28','2020-09-28',0005,1,NULL,121000.00,NULL,'2021-01-22 21:37:42','2021-01-22 21:37:42',NULL),(165,2368,1,1,NULL,NULL,1526,23,NULL,796,1,NULL,40719,40738,00000437,00000437,NULL,'2020-09-28','2020-09-28',0005,1,NULL,11900.00,NULL,'2021-01-22 21:37:42','2021-01-22 21:37:42',NULL),(166,2368,1,1,NULL,NULL,1526,23,NULL,796,1,NULL,40719,40720,00000420,00000420,NULL,'2020-09-28','2020-09-28',0005,1,NULL,7600.00,NULL,'2021-01-22 21:37:42','2021-01-22 21:37:42',NULL),(167,2368,1,1,NULL,NULL,1527,23,NULL,796,1,NULL,40719,40720,00000438,00000438,NULL,'2020-10-29','2020-10-29',0005,1,NULL,7600.00,NULL,'2021-01-22 21:37:50','2021-01-22 21:37:50',NULL),(168,2368,1,1,NULL,NULL,1527,23,NULL,796,1,NULL,40719,40721,00000439,00000439,NULL,'2020-10-29','2020-10-29',0005,1,NULL,10500.00,NULL,'2021-01-22 21:37:50','2021-01-22 21:37:50',NULL),(169,2368,1,1,NULL,NULL,1527,23,NULL,796,1,NULL,40719,40722,00000440,00000440,NULL,'2020-10-29','2020-10-29',0005,1,NULL,30500.00,NULL,'2021-01-22 21:37:50','2021-01-22 21:37:50',NULL),(170,2368,1,1,NULL,NULL,1527,23,NULL,796,1,NULL,40719,40723,00000441,00000441,NULL,'2020-10-29','2020-10-29',0005,1,NULL,18000.00,NULL,'2021-01-22 21:37:50','2021-01-22 21:37:50',NULL),(171,2368,1,1,NULL,NULL,1527,23,NULL,796,1,NULL,40719,40724,00000442,00000442,NULL,'2020-10-29','2020-10-29',0005,1,NULL,5300.01,NULL,'2021-01-22 21:37:50','2021-01-22 21:37:50',NULL),(172,2368,1,1,NULL,NULL,1527,23,NULL,796,1,NULL,40719,40725,00000443,00000443,NULL,'2020-10-29','2020-10-29',0005,1,NULL,4400.00,NULL,'2021-01-22 21:37:50','2021-01-22 21:37:50',NULL);
INSERT INTO `receipts` VALUES (173,2368,1,1,NULL,NULL,1527,23,NULL,796,1,NULL,40719,40726,00000444,00000444,NULL,'2020-10-29','2020-10-29',0005,1,NULL,4400.00,NULL,'2021-01-22 21:37:50','2021-01-22 21:37:50',NULL),(174,2368,1,1,NULL,NULL,1527,23,NULL,796,1,NULL,40719,40727,00000445,00000445,NULL,'2020-10-29','2020-10-29',0005,1,NULL,3700.00,NULL,'2021-01-22 21:37:50','2021-01-22 21:37:50',NULL),(175,2368,1,1,NULL,NULL,1527,23,NULL,796,1,NULL,40719,40728,00000446,00000446,NULL,'2020-10-29','2020-10-29',0005,1,NULL,3700.00,NULL,'2021-01-22 21:37:51','2021-01-22 21:37:51',NULL),(176,2368,1,1,NULL,NULL,1527,23,NULL,796,1,NULL,40719,40729,00000447,00000447,NULL,'2020-10-29','2020-10-29',0005,1,NULL,6200.00,NULL,'2021-01-22 21:37:51','2021-01-22 21:37:51',NULL),(177,2368,1,1,NULL,NULL,1527,23,NULL,796,1,NULL,40719,40730,00000448,00000448,NULL,'2020-10-29','2020-10-29',0005,1,NULL,8600.00,NULL,'2021-01-22 21:37:51','2021-01-22 21:37:51',NULL),(178,2368,1,1,NULL,NULL,1527,23,NULL,796,1,NULL,40719,40731,00000449,00000449,NULL,'2020-10-29','2020-10-29',0005,1,NULL,29800.00,NULL,'2021-01-22 21:37:51','2021-01-22 21:37:51',NULL),(179,2368,1,1,NULL,NULL,1527,23,NULL,796,1,NULL,40719,40732,00000450,00000450,NULL,'2020-10-29','2020-10-29',0005,1,NULL,24900.00,NULL,'2021-01-22 21:37:51','2021-01-22 21:37:51',NULL),(180,2368,1,1,NULL,NULL,1527,23,NULL,796,1,NULL,40719,40733,00000451,00000451,NULL,'2020-10-29','2020-10-29',0005,1,NULL,5200.00,NULL,'2021-01-22 21:37:51','2021-01-22 21:37:51',NULL),(181,2368,1,1,NULL,NULL,1527,23,NULL,796,1,NULL,40719,40735,00000452,00000452,NULL,'2020-10-29','2020-10-29',0005,1,NULL,5200.00,NULL,'2021-01-22 21:37:51','2021-01-22 21:37:51',NULL),(182,2368,1,1,NULL,NULL,1527,23,NULL,796,1,NULL,40719,40736,00000453,00000453,NULL,'2020-10-29','2020-10-29',0005,1,NULL,121000.00,NULL,'2021-01-22 21:37:51','2021-01-22 21:37:51',NULL),(183,2368,1,1,NULL,NULL,1527,23,NULL,796,1,NULL,40719,40738,00000454,00000454,NULL,'2020-10-29','2020-10-29',0005,1,NULL,11900.00,NULL,'2021-01-22 21:37:51','2021-01-22 21:37:51',NULL),(184,2368,1,1,NULL,NULL,1527,23,NULL,796,1,NULL,40719,40734,00000455,00000455,NULL,'2020-10-29','2020-10-29',0005,1,NULL,5200.00,NULL,'2021-01-22 21:37:51','2021-01-22 21:37:51',NULL),(185,2368,1,1,NULL,NULL,1528,23,NULL,796,1,NULL,40719,40720,00000456,00000456,NULL,'2020-11-26','2020-11-26',0005,1,NULL,7600.00,NULL,'2021-01-22 21:37:59','2021-01-22 21:37:59',NULL),(186,2368,1,1,NULL,NULL,1528,23,NULL,796,1,NULL,40719,40721,00000457,00000457,NULL,'2020-11-26','2020-11-26',0005,1,NULL,10500.00,NULL,'2021-01-22 21:37:59','2021-01-22 21:37:59',NULL),(187,2368,1,1,NULL,NULL,1528,23,NULL,796,1,NULL,40719,40722,00000458,00000458,NULL,'2020-11-26','2020-11-26',0005,1,NULL,30500.00,NULL,'2021-01-22 21:37:59','2021-01-22 21:37:59',NULL),(188,2368,1,1,NULL,NULL,1528,23,NULL,796,1,NULL,40719,40723,00000459,00000459,NULL,'2020-11-26','2020-11-26',0005,1,NULL,18000.00,NULL,'2021-01-22 21:37:59','2021-01-22 21:37:59',NULL),(189,2368,1,1,NULL,NULL,1528,23,NULL,796,1,NULL,40719,40724,00000460,00000460,NULL,'2020-11-26','2020-11-26',0005,1,NULL,5300.01,NULL,'2021-01-22 21:37:59','2021-01-22 21:37:59',NULL),(190,2368,1,1,NULL,NULL,1528,23,NULL,796,1,NULL,40719,40725,00000461,00000461,NULL,'2020-11-26','2020-11-26',0005,1,NULL,4400.00,NULL,'2021-01-22 21:37:59','2021-01-22 21:37:59',NULL),(191,2368,1,1,NULL,NULL,1528,23,NULL,796,1,NULL,40719,40726,00000462,00000462,NULL,'2020-11-26','2020-11-26',0005,1,NULL,4400.00,NULL,'2021-01-22 21:37:59','2021-01-22 21:37:59',NULL),(192,2368,1,1,NULL,NULL,1528,23,NULL,796,1,NULL,40719,40727,00000463,00000463,NULL,'2020-11-26','2020-11-26',0005,1,NULL,3700.00,NULL,'2021-01-22 21:37:59','2021-01-22 21:37:59',NULL),(193,2368,1,1,NULL,NULL,1528,23,NULL,796,1,NULL,40719,40728,00000464,00000464,NULL,'2020-11-26','2020-11-26',0005,1,NULL,3700.00,NULL,'2021-01-22 21:37:59','2021-01-22 21:37:59',NULL);
INSERT INTO `receipts` VALUES (194,2368,1,1,NULL,NULL,1528,23,NULL,796,1,NULL,40719,40729,00000465,00000465,NULL,'2020-11-26','2020-11-26',0005,1,NULL,6200.00,NULL,'2021-01-22 21:37:59','2021-01-22 21:37:59',NULL),(195,2368,1,1,NULL,NULL,1528,23,NULL,796,1,NULL,40719,40730,00000466,00000466,NULL,'2020-11-26','2020-11-26',0005,1,NULL,8600.00,NULL,'2021-01-22 21:37:59','2021-01-22 21:37:59',NULL),(196,2368,1,1,NULL,NULL,1528,23,NULL,796,1,NULL,40719,40731,00000467,00000467,NULL,'2020-11-26','2020-11-26',0005,1,NULL,29800.00,NULL,'2021-01-22 21:37:59','2021-01-22 21:37:59',NULL),(197,2368,1,1,NULL,NULL,1528,23,NULL,796,1,NULL,40719,40732,00000468,00000468,NULL,'2020-11-26','2020-11-26',0005,1,NULL,24900.00,NULL,'2021-01-22 21:37:59','2021-01-22 21:37:59',NULL),(198,2368,1,1,NULL,NULL,1528,23,NULL,796,1,NULL,40719,40733,00000469,00000469,NULL,'2020-11-26','2020-11-26',0005,1,NULL,5200.00,NULL,'2021-01-22 21:37:59','2021-01-22 21:37:59',NULL),(199,2368,1,1,NULL,NULL,1528,23,NULL,796,1,NULL,40719,40735,00000470,00000470,NULL,'2020-11-26','2020-11-26',0005,1,NULL,5200.00,NULL,'2021-01-22 21:37:59','2021-01-22 21:37:59',NULL),(200,2368,1,1,NULL,NULL,1528,23,NULL,796,1,NULL,40719,40736,00000471,00000471,NULL,'2020-11-26','2020-11-26',0005,1,NULL,121000.00,NULL,'2021-01-22 21:37:59','2021-01-22 21:37:59',NULL),(201,2368,1,1,NULL,NULL,1528,23,NULL,796,1,NULL,40719,40738,00000472,00000472,NULL,'2020-11-26','2020-11-26',0005,1,NULL,11900.00,NULL,'2021-01-22 21:37:59','2021-01-22 21:37:59',NULL),(202,2368,1,1,NULL,NULL,1528,23,NULL,796,1,NULL,40719,40734,00000473,00000473,NULL,'2020-11-26','2020-11-26',0005,1,NULL,5200.00,NULL,'2021-01-22 21:37:59','2021-01-22 21:37:59',NULL),(203,2368,2,1,NULL,NULL,1518,23,217,796,1,NULL,40719,40743,01393403,01393403,NULL,'2020-01-08','2020-01-08',0031,1,NULL,4078.68,NULL,'2021-01-22 21:38:41','2021-01-22 21:38:41',NULL),(204,2368,2,1,NULL,NULL,1518,23,217,796,1,NULL,40719,40743,01394113,01394113,NULL,'2020-01-08','2020-01-08',0031,1,NULL,3381.82,NULL,'2021-01-22 21:38:41','2021-01-22 21:38:41',NULL),(205,2368,2,7,NULL,NULL,1518,23,250,796,1,NULL,40719,40744,00000567,00000567,NULL,'2020-01-08','2020-01-08',0004,1,NULL,2160.00,NULL,'2021-01-22 21:38:41','2021-01-22 21:38:41',NULL),(206,2368,2,1,NULL,NULL,1518,23,217,796,1,NULL,40719,40745,00006777,00006777,NULL,'2020-01-11','2020-01-11',0003,1,NULL,594.27,NULL,'2021-01-22 21:38:41','2021-01-22 21:38:41',NULL),(207,2368,2,1,NULL,NULL,1518,23,217,796,1,NULL,40719,40746,00008200,00008200,NULL,'2020-01-15','2020-01-15',0001,1,NULL,13001.38,NULL,'2021-01-22 21:38:41','2021-01-22 21:38:41',NULL),(208,2368,2,1,NULL,NULL,1518,23,217,796,1,NULL,40719,40747,00018107,00018107,NULL,'2020-01-15','2020-01-15',0002,1,NULL,3465.79,NULL,'2021-01-22 21:38:41','2021-01-22 21:38:41',NULL),(209,2368,2,7,NULL,NULL,1518,23,250,796,1,NULL,40719,40744,00000581,00000581,NULL,'2020-01-17','2020-01-17',0004,1,NULL,900.00,NULL,'2021-01-22 21:38:41','2021-01-22 21:38:41',NULL),(210,2368,2,1,NULL,NULL,1518,23,217,796,1,NULL,40719,40748,00007598,00007598,NULL,'2020-01-23','2020-01-23',0002,1,NULL,899.00,NULL,'2021-01-22 21:38:41','2021-01-22 21:38:41',NULL),(211,2368,2,1,NULL,NULL,1518,23,217,796,1,NULL,40719,40749,00000096,00000096,NULL,'2020-01-24','2020-01-24',0003,1,NULL,974.99,NULL,'2021-01-22 21:38:41','2021-01-22 21:38:41',NULL),(212,2368,2,1,NULL,NULL,1518,23,217,796,1,NULL,40719,40745,00006825,00006825,NULL,'2020-01-24','2020-01-24',0003,1,NULL,543.42,NULL,'2021-01-22 21:38:41','2021-01-22 21:38:41',NULL),(213,2368,2,7,NULL,NULL,1518,23,250,796,1,NULL,40719,40744,00000589,00000589,NULL,'2020-01-24','2020-01-24',0004,1,NULL,1260.00,NULL,'2021-01-22 21:38:41','2021-01-22 21:38:41',NULL),(214,2368,2,1,NULL,NULL,1518,23,217,796,1,NULL,40719,40750,00001581,00001581,NULL,'2020-01-24','2020-01-24',0002,1,NULL,2398.99,NULL,'2021-01-22 21:38:41','2021-01-22 21:38:41',NULL),(215,2368,2,7,NULL,NULL,1518,23,250,796,1,NULL,40719,40744,00000596,00000596,NULL,'2020-01-29','2020-01-29',0004,1,NULL,900.00,NULL,'2021-01-22 21:38:41','2021-01-22 21:38:41',NULL);
INSERT INTO `receipts` VALUES (216,2368,2,7,NULL,NULL,1518,23,250,796,1,NULL,40719,40751,00000839,00000839,NULL,'2020-01-30','2020-01-30',0002,1,NULL,900.00,NULL,'2021-01-22 21:38:41','2021-01-22 21:38:41',NULL),(217,2368,2,1,NULL,NULL,1519,23,217,796,1,NULL,40719,40752,00024093,00024093,NULL,'2020-02-03','2020-02-03',0005,1,NULL,4950.00,NULL,'2021-01-22 21:38:51','2021-01-22 21:38:51',NULL),(218,2368,2,7,NULL,NULL,1519,23,250,796,1,NULL,40719,40744,00000609,00000609,NULL,'2020-02-06','2020-02-06',0004,1,NULL,720.00,NULL,'2021-01-22 21:38:51','2021-01-22 21:38:51',NULL),(219,2368,2,1,NULL,NULL,1519,23,217,796,1,NULL,40719,40743,01420705,01420705,NULL,'2020-02-07','2020-02-07',0031,1,NULL,4078.68,NULL,'2021-01-22 21:38:51','2021-01-22 21:38:51',NULL),(220,2368,2,1,NULL,NULL,1519,23,217,796,1,NULL,40719,40743,01421377,01421377,NULL,'2020-02-07','2020-02-07',0031,1,NULL,3381.82,NULL,'2021-01-22 21:38:51','2021-01-22 21:38:51',NULL),(221,2368,2,1,NULL,NULL,1519,23,217,796,1,NULL,40719,40753,00000065,00000065,NULL,'2020-02-07','2020-02-07',0002,1,NULL,3260.01,NULL,'2021-01-22 21:38:51','2021-01-22 21:38:51',NULL),(222,2368,2,1,NULL,NULL,1519,23,217,796,1,NULL,40719,40745,00006888,00006888,NULL,'2020-02-08','2020-02-08',0003,1,NULL,662.02,NULL,'2021-01-22 21:38:51','2021-01-22 21:38:51',NULL),(223,2368,2,1,NULL,NULL,1519,23,217,796,1,NULL,40719,40745,00006935,00006935,NULL,'2020-02-21','2020-02-21',0003,1,NULL,858.68,NULL,'2021-01-22 21:38:51','2021-01-22 21:38:51',NULL),(224,2368,2,1,NULL,NULL,1519,23,217,796,1,NULL,40719,40754,00001382,00001382,NULL,'2020-02-26','2020-02-26',0008,1,NULL,2640.00,NULL,'2021-01-22 21:38:51','2021-01-22 21:38:51',NULL),(225,2368,2,7,NULL,NULL,1519,23,250,796,1,NULL,40719,40751,00000864,00000864,NULL,'2020-02-28','2020-02-28',0002,1,NULL,900.00,NULL,'2021-01-22 21:38:51','2021-01-22 21:38:51',NULL),(226,2368,2,1,NULL,NULL,1519,23,217,796,1,NULL,40719,40755,00001888,00001888,NULL,'2020-02-28','2020-02-28',0003,1,NULL,15805.99,NULL,'2021-01-22 21:38:51','2021-01-22 21:38:51',NULL),(227,2368,2,1,NULL,NULL,1520,23,217,796,1,NULL,40719,40745,00007008,00007008,NULL,'2020-03-07','2020-03-07',0003,1,NULL,974.81,NULL,'2021-01-22 21:38:59','2021-01-22 21:38:59',NULL),(228,2368,2,1,NULL,NULL,1520,23,217,796,1,NULL,40719,40743,01448142,01448142,NULL,'2020-03-07','2020-03-07',0031,1,NULL,4078.68,NULL,'2021-01-22 21:38:59','2021-01-22 21:38:59',NULL),(229,2368,2,1,NULL,NULL,1520,23,217,796,1,NULL,40719,40743,01448801,01448801,NULL,'2020-03-07','2020-03-07',0031,1,NULL,3381.82,NULL,'2021-01-22 21:38:59','2021-01-22 21:38:59',NULL),(230,2368,2,7,NULL,NULL,1520,23,250,796,1,NULL,40719,40744,00000665,00000665,NULL,'2020-03-13','2020-03-13',0004,1,NULL,1550.00,NULL,'2021-01-22 21:38:59','2021-01-22 21:38:59',NULL),(231,2368,2,4,NULL,NULL,1520,23,217,796,1,NULL,40719,40754,00008286,00008286,NULL,'2020-03-17','2020-03-17',0006,1,NULL,2640.00,NULL,'2021-01-22 21:38:59','2021-01-22 21:38:59',NULL),(232,2368,2,1,NULL,NULL,1520,23,217,796,1,NULL,40719,40755,00001918,00001918,NULL,'2020-03-26','2020-03-26',0003,1,NULL,4227.99,NULL,'2021-01-22 21:38:59','2021-01-22 21:38:59',NULL),(233,2368,2,7,NULL,NULL,1520,23,250,796,1,NULL,40719,40751,00000892,00000892,NULL,'2020-03-30','2020-03-30',0002,1,NULL,1000.00,NULL,'2021-01-22 21:38:59','2021-01-22 21:38:59',NULL),(234,2368,2,1,NULL,NULL,1521,23,217,796,1,NULL,40719,40743,01475178,01475178,NULL,'2020-04-08','2020-04-08',0031,1,NULL,3883.97,NULL,'2021-01-22 21:39:08','2021-01-22 21:39:08',NULL),(235,2368,2,1,NULL,NULL,1521,23,217,796,1,NULL,40719,40743,01475845,01475845,NULL,'2020-04-08','2020-04-08',0031,1,NULL,3812.23,NULL,'2021-01-22 21:39:08','2021-01-22 21:39:08',NULL),(236,2368,2,1,NULL,NULL,1521,23,217,796,1,NULL,40719,40756,00004417,00004417,NULL,'2020-04-10','2020-04-10',0001,1,NULL,4750.00,NULL,'2021-01-22 21:39:08','2021-01-22 21:39:08',NULL),(237,2368,2,1,NULL,NULL,1521,23,217,796,1,NULL,40719,40757,00003640,00003640,NULL,'2020-04-13','2020-04-13',0003,1,NULL,3500.00,NULL,'2021-01-22 21:39:08','2021-01-22 21:39:08',NULL);
INSERT INTO `receipts` VALUES (238,2368,2,1,NULL,NULL,1521,23,217,796,1,NULL,40719,40755,00001946,00001946,NULL,'2020-04-17','2020-04-17',0003,1,NULL,4227.99,NULL,'2021-01-22 21:39:08','2021-01-22 21:39:08',NULL),(239,2368,2,1,NULL,NULL,1521,23,217,796,1,NULL,40719,40747,00019125,00019125,NULL,'2020-04-23','2020-04-23',0002,1,NULL,2424.00,NULL,'2021-01-22 21:39:08','2021-01-22 21:39:08',NULL),(240,2368,2,7,NULL,NULL,1521,23,250,796,1,NULL,40719,40744,00000682,00000682,NULL,'2020-04-24','2020-04-24',0004,1,NULL,1530.00,NULL,'2021-01-22 21:39:08','2021-01-22 21:39:08',NULL),(241,2368,2,1,NULL,NULL,1521,23,217,796,1,NULL,40719,40758,00007502,00007502,NULL,'2020-04-25','2020-04-25',0009,1,NULL,3599.00,NULL,'2021-01-22 21:39:08','2021-01-22 21:39:08',NULL),(242,2368,2,7,NULL,NULL,1521,23,250,796,1,NULL,40719,40751,00000916,00000916,NULL,'2020-04-30','2020-04-30',0002,1,NULL,1000.00,NULL,'2021-01-22 21:39:08','2021-01-22 21:39:08',NULL),(243,2368,2,1,NULL,NULL,1521,23,217,796,1,NULL,40719,40730,00000343,00000343,NULL,'2020-04-30','2020-04-30',0001,1,NULL,70002.37,NULL,'2021-01-22 21:39:08','2021-01-22 21:39:08',NULL),(244,2368,2,1,NULL,NULL,1522,23,217,796,1,NULL,40719,40759,00003765,00003765,NULL,'2020-05-04','2020-05-04',0007,1,NULL,695.00,NULL,'2021-01-22 21:39:18','2021-01-22 21:39:18',NULL),(245,2368,2,7,NULL,NULL,1522,23,250,796,1,NULL,40719,40760,00000461,00000461,NULL,'2020-05-04','2020-05-04',0003,1,NULL,3800.00,NULL,'2021-01-22 21:39:18','2021-01-22 21:39:18',NULL),(246,2368,2,1,NULL,NULL,1522,23,217,796,1,NULL,40719,40743,01501437,01501437,NULL,'2020-05-08','2020-05-08',0031,1,NULL,3686.12,NULL,'2021-01-22 21:39:18','2021-01-22 21:39:18',NULL),(247,2368,2,1,NULL,NULL,1522,23,217,796,1,NULL,40719,40743,01501987,01501987,NULL,'2020-05-08','2020-05-08',0031,1,NULL,3812.23,NULL,'2021-01-22 21:39:18','2021-01-22 21:39:18',NULL),(248,2368,2,6,NULL,NULL,1522,23,250,796,1,NULL,40719,40761,00003307,00003307,NULL,'2020-05-11','2020-05-11',0053,1,NULL,2335.00,NULL,'2021-01-22 21:39:18','2021-01-22 21:39:18',NULL),(249,2368,2,1,NULL,NULL,1522,23,217,796,1,NULL,40719,40762,00000025,00000025,NULL,'2020-05-11','2020-05-11',0050,1,NULL,17750.00,NULL,'2021-01-22 21:39:18','2021-01-22 21:39:18',NULL),(250,2368,2,1,NULL,NULL,1522,23,217,796,1,NULL,40719,40763,00000112,00000112,NULL,'2020-05-12','2020-05-12',0001,1,NULL,3000.80,NULL,'2021-01-22 21:39:18','2021-01-22 21:39:18',NULL),(251,2368,2,1,NULL,NULL,1522,23,217,796,1,NULL,40719,40747,00019286,00019286,NULL,'2020-05-13','2020-05-13',0002,1,NULL,3019.25,NULL,'2021-01-22 21:39:18','2021-01-22 21:39:18',NULL),(252,2368,2,1,NULL,NULL,1522,23,217,796,1,NULL,40719,40764,00005569,00005569,NULL,'2020-05-14','2020-05-14',0003,1,NULL,3877.98,NULL,'2021-01-22 21:39:18','2021-01-22 21:39:18',NULL),(253,2368,2,1,NULL,NULL,1522,23,217,796,1,NULL,40719,40755,00001968,00001968,NULL,'2020-05-16','2020-05-16',0003,1,NULL,4690.00,NULL,'2021-01-22 21:39:18','2021-01-22 21:39:18',NULL),(254,2368,2,1,NULL,NULL,1522,23,217,796,1,NULL,40719,40765,00042061,00042061,NULL,'2020-05-19','2020-05-19',0002,1,NULL,7999.00,NULL,'2021-01-22 21:39:18','2021-01-22 21:39:18',NULL),(255,2368,2,1,NULL,NULL,1522,23,217,796,1,NULL,40719,40730,00000348,00000348,NULL,'2020-05-20','2020-05-20',0001,1,NULL,13253.49,NULL,'2021-01-22 21:39:18','2021-01-22 21:39:18',NULL),(256,2368,2,1,NULL,NULL,1522,23,217,796,1,NULL,40719,40766,00009021,00009021,NULL,'2020-05-20','2020-05-20',0004,1,NULL,17200.00,NULL,'2021-01-22 21:39:18','2021-01-22 21:39:18',NULL),(257,2368,2,3,NULL,NULL,1522,23,217,796,1,NULL,40719,40767,00000154,00000154,NULL,'2020-05-26','2020-05-26',0009,1,NULL,10425.00,NULL,'2021-01-22 21:39:18','2021-01-22 21:39:18',NULL),(258,2368,2,1,NULL,NULL,1522,23,217,796,1,NULL,40719,40767,00003757,00003757,NULL,'2020-05-26','2020-05-26',0009,1,NULL,9505.00,NULL,'2021-01-22 21:39:18','2021-01-22 21:39:18',NULL),(259,2368,2,1,NULL,NULL,1522,23,217,796,1,NULL,40719,40767,00003756,00003756,NULL,'2020-05-26','2020-05-26',0009,1,NULL,10425.00,NULL,'2021-01-22 21:39:18','2021-01-22 21:39:18',NULL);
INSERT INTO `receipts` VALUES (260,2368,2,1,NULL,NULL,1522,23,217,796,1,NULL,40719,40745,00007249,00007249,NULL,'2020-05-28','2020-05-28',0003,1,NULL,1055.15,NULL,'2021-01-22 21:39:18','2021-01-22 21:39:18',NULL),(261,2368,2,1,NULL,NULL,1522,23,217,796,1,NULL,40719,40755,00001972,00001972,NULL,'2020-05-29','2020-05-29',0003,1,NULL,5107.00,NULL,'2021-01-22 21:39:18','2021-01-22 21:39:18',NULL),(262,2368,2,7,NULL,NULL,1522,23,250,796,1,NULL,40719,40768,00000128,00000128,NULL,'2020-05-29','2020-05-29',0002,1,NULL,19500.00,NULL,'2021-01-22 21:39:18','2021-01-22 21:39:18',NULL),(263,2368,2,7,NULL,NULL,1522,23,250,796,1,NULL,40719,40751,00000933,00000933,NULL,'2020-05-30','2020-05-30',0002,1,NULL,1000.00,NULL,'2021-01-22 21:39:18','2021-01-22 21:39:18',NULL),(264,2368,2,1,NULL,NULL,1522,23,217,796,1,NULL,40719,40755,00000785,00000785,NULL,'2020-05-31','2020-05-31',0005,1,NULL,4415.99,NULL,'2021-01-22 21:39:18','2021-01-22 21:39:18',NULL),(265,2368,2,1,NULL,NULL,1523,23,217,796,1,NULL,40719,40743,01527516,01527516,NULL,'2020-06-08','2020-06-08',0031,1,NULL,3812.23,NULL,'2021-01-22 21:39:26','2021-01-22 21:39:26',NULL),(266,2368,2,1,NULL,NULL,1523,23,217,796,1,NULL,40719,40743,01526933,01526933,NULL,'2020-06-08','2020-06-08',0031,1,NULL,3883.97,NULL,'2021-01-22 21:39:26','2021-01-22 21:39:26',NULL),(267,2368,2,1,NULL,NULL,1523,23,217,796,1,NULL,40719,40769,00000067,00000067,NULL,'2020-06-08','2020-06-08',0007,1,NULL,2900.01,NULL,'2021-01-22 21:39:26','2021-01-22 21:39:26',NULL),(268,2368,2,1,NULL,NULL,1523,23,217,796,1,NULL,40719,40747,00019572,00019572,NULL,'2020-06-09','2020-06-09',0002,1,NULL,2701.84,NULL,'2021-01-22 21:39:26','2021-01-22 21:39:26',NULL),(269,2368,2,1,NULL,NULL,1523,23,217,796,1,NULL,40719,40769,00000070,00000070,NULL,'2020-06-10','2020-06-10',0007,1,NULL,7690.00,NULL,'2021-01-22 21:39:26','2021-01-22 21:39:26',NULL),(270,2368,2,1,NULL,NULL,1523,23,217,796,1,NULL,40719,40770,00025613,00025613,NULL,'2020-06-11','2020-06-11',0003,1,NULL,1393.99,NULL,'2021-01-22 21:39:26','2021-01-22 21:39:26',NULL),(271,2368,2,1,NULL,NULL,1523,23,217,796,1,NULL,40719,40765,00043711,00043711,NULL,'2020-06-16','2020-06-16',0002,1,NULL,2509.00,NULL,'2021-01-22 21:39:26','2021-01-22 21:39:26',NULL),(272,2368,2,1,NULL,NULL,1523,23,217,796,1,NULL,40719,40771,00001353,00001353,NULL,'2020-06-17','2020-06-17',0010,1,NULL,1626.24,NULL,'2021-01-22 21:39:26','2021-01-22 21:39:26',NULL),(273,2368,2,4,NULL,NULL,1523,23,217,796,1,NULL,40719,40772,00011717,00011717,NULL,'2020-06-23','2020-06-23',0200,1,NULL,12065.55,NULL,'2021-01-22 21:39:26','2021-01-22 21:39:26',NULL),(274,2368,2,6,NULL,NULL,1523,23,217,796,1,NULL,40719,40772,00002030,00002030,NULL,'2020-06-24','2020-06-24',0200,1,NULL,12065.55,NULL,'2021-01-22 21:39:26','2021-01-22 21:39:26',NULL),(275,2368,2,1,NULL,NULL,1523,23,217,796,1,NULL,40719,40772,00000323,00000323,NULL,'2020-06-24','2020-06-24',0200,1,NULL,12464.40,NULL,'2021-01-22 21:39:26','2021-01-22 21:39:26',NULL),(276,2368,2,7,NULL,NULL,1523,23,250,796,1,NULL,40719,40773,00000186,00000186,NULL,'2020-06-24','2020-06-24',0001,1,NULL,1500.00,NULL,'2021-01-22 21:39:26','2021-01-22 21:39:26',NULL),(277,2368,2,4,NULL,NULL,1523,23,217,796,1,NULL,40719,40774,00463071,00463071,NULL,'2020-06-25','2020-06-25',0074,1,NULL,6287.20,NULL,'2021-01-22 21:39:26','2021-01-22 21:39:26',NULL),(278,2368,2,1,NULL,NULL,1523,23,217,796,1,NULL,40719,40745,00007365,00007365,NULL,'2020-06-25','2020-06-25',0003,1,NULL,2509.53,NULL,'2021-01-22 21:39:26','2021-01-22 21:39:26',NULL),(279,2368,2,1,NULL,NULL,1523,23,217,796,1,NULL,40719,40775,00000656,00000656,NULL,'2020-06-26','2020-06-26',0003,1,NULL,4099.99,NULL,'2021-01-22 21:39:26','2021-01-22 21:39:26',NULL),(280,2368,2,7,NULL,NULL,1523,23,250,796,1,NULL,40719,40751,00000953,00000953,NULL,'2020-06-30','2020-06-30',0002,1,NULL,1000.00,NULL,'2021-01-22 21:39:26','2021-01-22 21:39:26',NULL),(281,2368,2,1,NULL,NULL,1524,23,217,796,1,NULL,40719,40743,01552124,01552124,NULL,'2020-07-08','2020-07-08',0031,1,NULL,3340.83,NULL,'2021-01-22 21:39:34','2021-01-22 21:39:34',NULL);
INSERT INTO `receipts` VALUES (282,2368,2,1,NULL,NULL,1524,23,217,796,1,NULL,40719,40743,01552661,01552661,NULL,'2020-07-08','2020-07-08',0031,1,NULL,3812.23,NULL,'2021-01-22 21:39:34','2021-01-22 21:39:34',NULL),(283,2368,2,1,NULL,NULL,1524,23,217,796,1,NULL,40719,40747,00020097,00020097,NULL,'2020-07-23','2020-07-23',0002,1,NULL,6060.50,NULL,'2021-01-22 21:39:34','2021-01-22 21:39:34',NULL),(284,2368,2,1,NULL,NULL,1524,23,217,796,1,NULL,40719,40774,00083034,00083034,NULL,'2020-07-24','2020-07-24',0075,1,NULL,20983.02,NULL,'2021-01-22 21:39:34','2021-01-22 21:39:34',NULL),(285,2368,2,1,NULL,NULL,1524,23,217,796,1,NULL,40719,40755,00002012,00002012,NULL,'2020-07-27','2020-07-27',0003,1,NULL,4749.99,NULL,'2021-01-22 21:39:34','2021-01-22 21:39:34',NULL),(286,2368,2,4,NULL,NULL,1524,23,217,796,1,NULL,40719,40776,00978080,00978080,NULL,'2020-07-28','2020-07-28',0202,1,NULL,7989.00,NULL,'2021-01-22 21:39:34','2021-01-22 21:39:34',NULL),(287,2368,2,4,NULL,NULL,1524,23,217,796,1,NULL,40719,40772,00042388,00042388,NULL,'2020-07-31','2020-07-31',0201,1,NULL,5992.66,NULL,'2021-01-22 21:39:34','2021-01-22 21:39:34',NULL),(288,2368,2,7,NULL,NULL,1524,23,250,796,1,NULL,40719,40751,00000976,00000976,NULL,'2020-07-31','2020-07-31',0002,1,NULL,1000.00,NULL,'2021-01-22 21:39:34','2021-01-22 21:39:34',NULL),(289,2368,2,1,NULL,NULL,1524,23,217,796,1,NULL,40719,40755,00002019,00002019,NULL,'2020-07-31','2020-07-31',0003,1,NULL,2434.99,NULL,'2021-01-22 21:39:34','2021-01-22 21:39:34',NULL),(290,2368,2,1,NULL,NULL,1525,23,217,796,1,NULL,40719,40745,00007551,00007551,NULL,'2020-08-05','2020-08-05',0003,1,NULL,1051.28,NULL,'2021-01-22 21:39:50','2021-01-22 21:39:50',NULL),(291,2368,2,1,NULL,NULL,1525,23,217,796,1,NULL,40719,40787,00001380,00001380,NULL,'2020-08-06','2020-08-06',0001,1,NULL,8997.01,NULL,'2021-01-22 21:39:50','2021-01-22 21:39:50',NULL),(292,2368,2,3,NULL,NULL,1525,23,217,796,1,NULL,40719,40787,00000012,00000012,NULL,'2020-08-06','2020-08-06',0001,1,NULL,5998.01,NULL,'2021-01-22 21:39:50','2021-01-22 21:39:50',NULL),(293,2368,2,1,NULL,NULL,1525,23,217,796,1,NULL,40719,40787,00001379,00001379,NULL,'2020-08-06','2020-08-06',0001,1,NULL,5998.01,NULL,'2021-01-22 21:39:50','2021-01-22 21:39:50',NULL),(294,2368,2,1,NULL,NULL,1525,23,217,796,1,NULL,40719,40788,00000064,00000064,NULL,'2020-08-07','2020-08-07',0007,1,NULL,1644.99,NULL,'2021-01-22 21:39:50','2021-01-22 21:39:50',NULL),(295,2368,2,1,NULL,NULL,1525,23,217,796,1,NULL,40719,40743,01583432,01583432,NULL,'2020-08-08','2020-08-08',0031,1,NULL,3433.06,NULL,'2021-01-22 21:39:50','2021-01-22 21:39:50',NULL),(296,2368,2,1,NULL,NULL,1525,23,217,796,1,NULL,40719,40743,01583951,01583951,NULL,'2020-08-08','2020-08-08',0031,1,NULL,3812.23,NULL,'2021-01-22 21:39:50','2021-01-22 21:39:50',NULL),(297,2368,2,4,NULL,NULL,1525,23,217,796,1,NULL,40719,40789,00006176,00006176,NULL,'2020-08-10','2020-08-10',0003,1,NULL,8700.00,NULL,'2021-01-22 21:39:50','2021-01-22 21:39:50',NULL),(298,2368,2,1,NULL,NULL,1525,23,217,796,1,NULL,40719,40790,00000458,00000458,NULL,'2020-08-12','2020-08-12',0001,1,NULL,999.99,NULL,'2021-01-22 21:39:50','2021-01-22 21:39:50',NULL),(299,2368,2,1,NULL,NULL,1525,23,217,796,1,NULL,40719,40791,00000728,00000728,NULL,'2020-08-13','2020-08-13',0006,1,NULL,3990.00,NULL,'2021-01-22 21:39:50','2021-01-22 21:39:50',NULL),(300,2368,2,1,NULL,NULL,1525,23,217,796,1,NULL,40719,40792,00001936,00001936,NULL,'2020-08-13','2020-08-13',0003,1,NULL,6852.00,NULL,'2021-01-22 21:39:50','2021-01-22 21:39:50',NULL),(301,2368,2,1,NULL,NULL,1525,23,217,796,1,NULL,40719,40793,00005479,00005479,NULL,'2020-08-19','2020-08-19',0030,1,NULL,1951.00,NULL,'2021-01-22 21:39:50','2021-01-22 21:39:50',NULL),(302,2368,2,1,NULL,NULL,1525,23,217,796,1,NULL,40719,40769,00000106,00000106,NULL,'2020-08-19','2020-08-19',0007,1,NULL,3590.00,NULL,'2021-01-22 21:39:50','2021-01-22 21:39:50',NULL),(303,2368,2,1,NULL,NULL,1525,23,217,796,1,NULL,40719,40794,00002326,00002326,NULL,'2020-08-20','2020-08-20',0004,1,NULL,1769.99,NULL,'2021-01-22 21:39:50','2021-01-22 21:39:50',NULL);
INSERT INTO `receipts` VALUES (304,2368,2,1,NULL,NULL,1525,23,217,796,1,NULL,40719,40745,00007632,00007632,NULL,'2020-08-21','2020-08-21',0003,1,NULL,789.25,NULL,'2021-01-22 21:39:50','2021-01-22 21:39:50',NULL),(305,2368,2,4,NULL,NULL,1525,23,217,796,1,NULL,40719,40795,00025980,00025980,NULL,'2020-08-25','2020-08-25',0022,1,NULL,8780.00,NULL,'2021-01-22 21:39:50','2021-01-22 21:39:50',NULL),(306,2368,2,1,NULL,NULL,1525,23,217,796,1,NULL,40719,40796,00000029,00000029,NULL,'2020-08-26','2020-08-26',0003,1,NULL,2650.00,NULL,'2021-01-22 21:39:50','2021-01-22 21:39:50',NULL),(307,2368,2,1,NULL,NULL,1525,23,217,796,1,NULL,40719,40755,00002030,00002030,NULL,'2020-08-26','2020-08-26',0003,1,NULL,4749.99,NULL,'2021-01-22 21:39:50','2021-01-22 21:39:50',NULL),(308,2368,2,1,NULL,NULL,1525,23,217,796,1,NULL,40719,40774,00087052,00087052,NULL,'2020-08-26','2020-08-26',0078,1,NULL,20983.02,NULL,'2021-01-22 21:39:50','2021-01-22 21:39:50',NULL),(309,2368,2,7,NULL,NULL,1525,23,250,796,1,NULL,40719,40751,00000997,00000997,NULL,'2020-08-28','2020-08-28',0002,1,NULL,1000.00,NULL,'2021-01-22 21:39:50','2021-01-22 21:39:50',NULL),(310,2368,2,4,NULL,NULL,1526,23,217,796,1,NULL,40719,40797,00012729,00012729,NULL,'2020-09-01','2020-09-01',0084,1,NULL,5370.28,NULL,'2021-01-22 21:40:03','2021-01-22 21:40:03',NULL),(311,2368,2,1,NULL,NULL,1526,23,217,796,1,NULL,40719,40745,00007687,00007687,NULL,'2020-09-05','2020-09-05',0003,1,NULL,1892.71,NULL,'2021-01-22 21:40:03','2021-01-22 21:40:03',NULL),(312,2368,2,1,NULL,NULL,1526,23,217,796,1,NULL,40719,40798,00000541,00000541,NULL,'2020-09-05','2020-09-05',0006,1,NULL,2206.16,NULL,'2021-01-22 21:40:03','2021-01-22 21:40:03',NULL),(313,2368,2,1,NULL,NULL,1526,23,217,796,1,NULL,40719,40743,01608801,01608801,NULL,'2020-09-10','2020-09-10',0031,1,NULL,3812.23,NULL,'2021-01-22 21:40:03','2021-01-22 21:40:03',NULL),(314,2368,2,1,NULL,NULL,1526,23,217,796,1,NULL,40719,40743,01608291,01608291,NULL,'2020-09-10','2020-09-10',0031,1,NULL,3883.97,NULL,'2021-01-22 21:40:03','2021-01-22 21:40:03',NULL),(315,2368,2,6,NULL,NULL,1526,23,217,796,1,NULL,40719,40799,06303817,06303817,NULL,'2020-09-15','2020-09-15',1144,1,NULL,455.40,NULL,'2021-01-22 21:40:03','2021-01-22 21:40:03',NULL),(316,2368,2,1,NULL,NULL,1526,23,217,796,1,NULL,40719,40790,00000528,00000528,NULL,'2020-09-16','2020-09-16',0001,1,NULL,18857.40,NULL,'2021-01-22 21:40:03','2021-01-22 21:40:03',NULL),(317,2368,2,1,NULL,NULL,1526,23,217,796,1,NULL,40719,40745,00007746,00007746,NULL,'2020-09-17','2020-09-17',0003,1,NULL,867.70,NULL,'2021-01-22 21:40:03','2021-01-22 21:40:03',NULL),(318,2368,2,2,NULL,NULL,1526,23,217,796,1,NULL,40719,40774,00108827,00108827,NULL,'2020-09-23','2020-09-23',0070,1,NULL,127.99,NULL,'2021-01-22 21:40:03','2021-01-22 21:40:03',NULL),(319,2368,2,1,NULL,NULL,1526,23,217,796,1,NULL,40719,40800,00016019,00016019,NULL,'2020-09-24','2020-09-24',0002,1,NULL,1582.99,NULL,'2021-01-22 21:40:03','2021-01-22 21:40:03',NULL),(320,2368,2,1,NULL,NULL,1526,23,217,796,1,NULL,40719,40747,00020932,00020932,NULL,'2020-09-24','2020-09-24',0002,1,NULL,3986.19,NULL,'2021-01-22 21:40:03','2021-01-22 21:40:03',NULL),(321,2368,2,1,NULL,NULL,1526,23,217,796,1,NULL,40719,40774,00091579,00091579,NULL,'2020-09-25','2020-09-25',0081,1,NULL,20983.02,NULL,'2021-01-22 21:40:03','2021-01-22 21:40:03',NULL),(322,2368,2,1,NULL,NULL,1526,23,217,796,1,NULL,40719,40787,00001993,00001993,NULL,'2020-09-29','2020-09-29',0001,1,NULL,8997.01,NULL,'2021-01-22 21:40:03','2021-01-22 21:40:03',NULL),(323,2368,2,4,NULL,NULL,1526,23,217,796,1,NULL,40719,40801,00300488,00300488,NULL,'2020-09-30','2020-09-30',0355,1,NULL,19740.00,NULL,'2021-01-22 21:40:03','2021-01-22 21:40:03',NULL),(324,2368,2,7,NULL,NULL,1526,23,250,796,1,NULL,40719,40751,00001020,00001020,NULL,'2020-09-30','2020-09-30',0002,1,NULL,1150.00,NULL,'2021-01-22 21:40:03','2021-01-22 21:40:03',NULL),(325,2368,2,1,NULL,NULL,1527,23,217,796,1,NULL,40719,40790,00000567,00000567,NULL,'2020-10-07','2020-10-07',0001,1,NULL,734.98,NULL,'2021-01-22 21:40:12','2021-01-22 21:40:12',NULL);
INSERT INTO `receipts` VALUES (326,2368,2,4,NULL,NULL,1527,23,217,796,1,NULL,40719,40802,00006195,00006195,NULL,'2020-10-07','2020-10-07',0004,1,NULL,6090.00,NULL,'2021-01-22 21:40:12','2021-01-22 21:40:12',NULL),(327,2368,2,1,NULL,NULL,1527,23,217,796,1,NULL,40719,40743,01633582,01633582,NULL,'2020-10-08','2020-10-08',0031,1,NULL,3812.23,NULL,'2021-01-22 21:40:12','2021-01-22 21:40:12',NULL),(328,2368,2,1,NULL,NULL,1527,23,217,796,1,NULL,40719,40743,01633023,01633023,NULL,'2020-10-08','2020-10-08',0031,1,NULL,3883.97,NULL,'2021-01-22 21:40:12','2021-01-22 21:40:12',NULL),(329,2368,2,1,NULL,NULL,1527,23,217,796,1,NULL,40719,40747,00021107,00021107,NULL,'2020-10-08','2020-10-08',0002,1,NULL,1050.25,NULL,'2021-01-22 21:40:12','2021-01-22 21:40:12',NULL),(330,2368,2,6,NULL,NULL,1527,23,217,796,1,NULL,40719,40801,00000852,00000852,NULL,'2020-10-10','2020-10-10',0365,1,NULL,4590.00,NULL,'2021-01-22 21:40:12','2021-01-22 21:40:12',NULL),(331,2368,2,1,NULL,NULL,1527,23,217,796,1,NULL,40719,40745,00000061,00000061,NULL,'2020-10-14','2020-10-14',0004,1,NULL,889.75,NULL,'2021-01-22 21:40:12','2021-01-22 21:40:12',NULL),(332,2368,2,1,NULL,NULL,1527,23,217,796,1,NULL,40719,40803,00007184,00007184,NULL,'2020-10-19','2020-10-19',0003,1,NULL,8489.00,NULL,'2021-01-22 21:40:12','2021-01-22 21:40:12',NULL),(333,2368,2,1,NULL,NULL,1527,23,217,796,1,NULL,40719,40774,00093356,00093356,NULL,'2020-10-26','2020-10-26',0080,1,NULL,20983.02,NULL,'2021-01-22 21:40:12','2021-01-22 21:40:12',NULL),(334,2368,2,1,NULL,NULL,1527,23,217,796,1,NULL,40719,40755,00002097,00002097,NULL,'2020-10-28','2020-10-28',0003,1,NULL,2789.99,NULL,'2021-01-22 21:40:12','2021-01-22 21:40:12',NULL),(335,2368,2,1,NULL,NULL,1527,23,217,796,1,NULL,40719,40798,00000987,00000987,NULL,'2020-10-28','2020-10-28',0006,1,NULL,2998.00,NULL,'2021-01-22 21:40:12','2021-01-22 21:40:12',NULL),(336,2368,2,7,NULL,NULL,1527,23,250,796,1,NULL,40719,40751,00001042,00001042,NULL,'2020-10-29','2020-10-29',0002,1,NULL,1150.00,NULL,'2021-01-22 21:40:12','2021-01-22 21:40:12',NULL),(337,2368,2,4,NULL,NULL,1527,23,217,796,1,NULL,40719,40801,00015794,00015794,NULL,'2020-10-31','2020-10-31',0359,1,NULL,12940.00,NULL,'2021-01-22 21:40:12','2021-01-22 21:40:12',NULL),(338,2368,2,4,NULL,NULL,1527,23,217,796,1,NULL,40719,40804,00009619,00009619,NULL,'2020-10-31','2020-10-31',0002,1,NULL,2999.00,NULL,'2021-01-22 21:40:12','2021-01-22 21:40:12',NULL),(339,2368,2,4,NULL,NULL,1528,23,217,796,1,NULL,40719,40805,00139522,00139522,NULL,'2020-11-04','2020-11-04',0090,1,NULL,6499.00,NULL,'2021-01-22 21:40:26','2021-01-22 21:40:26',NULL),(340,2368,2,1,NULL,NULL,1528,23,217,796,1,NULL,40719,40743,01657845,01657845,NULL,'2020-11-09','2020-11-09',0031,1,NULL,4769.90,NULL,'2021-01-22 21:40:26','2021-01-22 21:40:26',NULL),(341,2368,2,1,NULL,NULL,1528,23,217,796,1,NULL,40719,40743,01658466,01658466,NULL,'2020-11-09','2020-11-09',0031,1,NULL,3812.23,NULL,'2021-01-22 21:40:26','2021-01-22 21:40:26',NULL),(342,2368,2,1,NULL,NULL,1528,23,217,796,1,NULL,40719,40747,00021499,00021499,NULL,'2020-11-10','2020-11-10',0002,1,NULL,1149.44,NULL,'2021-01-22 21:40:26','2021-01-22 21:40:26',NULL),(343,2368,2,1,NULL,NULL,1528,23,217,796,1,NULL,40719,40745,00000186,00000186,NULL,'2020-11-12','2020-11-12',0004,1,NULL,894.92,NULL,'2021-01-22 21:40:26','2021-01-22 21:40:26',NULL),(344,2368,2,4,NULL,NULL,1528,23,217,796,1,NULL,40719,40806,00074748,00074748,NULL,'2020-11-18','2020-11-18',0007,1,NULL,3469.00,NULL,'2021-01-22 21:40:26','2021-01-22 21:40:26',NULL),(345,2368,2,1,NULL,NULL,1528,23,217,796,1,NULL,40719,40774,00099675,00099675,NULL,'2020-11-25','2020-11-25',0075,1,NULL,20983.02,NULL,'2021-01-22 21:40:26','2021-01-22 21:40:26',NULL),(346,2368,2,7,NULL,NULL,1528,23,250,796,1,NULL,40719,40751,00001067,00001067,NULL,'2020-11-26','2020-11-26',0002,1,NULL,1150.00,NULL,'2021-01-22 21:40:26','2021-01-22 21:40:26',NULL),(347,2368,2,1,NULL,NULL,1528,23,217,796,1,NULL,40719,40807,00001098,00001098,NULL,'2020-11-26','2020-11-26',1001,1,NULL,825.00,NULL,'2021-01-22 21:40:26','2021-01-22 21:40:26',NULL);
INSERT INTO `receipts` VALUES (348,2368,2,4,NULL,NULL,1528,23,217,796,1,NULL,40719,40801,00000873,00000873,NULL,'2020-11-28','2020-11-28',0376,1,NULL,12350.00,NULL,'2021-01-22 21:40:26','2021-01-22 21:40:26',NULL),(349,2368,2,4,NULL,NULL,1528,23,217,796,1,NULL,40719,40808,00088803,00088803,NULL,'2020-11-28','2020-11-28',3332,1,NULL,35764.92,NULL,'2021-01-22 21:40:26','2021-01-22 21:40:26',NULL),(350,2368,2,4,NULL,NULL,1528,23,217,796,1,NULL,40719,40809,00061009,00061009,NULL,'2020-11-30','2020-11-30',0415,1,NULL,1767.20,NULL,'2021-01-22 21:40:26','2021-01-22 21:40:26',NULL),(351,2368,2,6,NULL,NULL,1529,23,217,796,1,NULL,40719,40808,00107112,00107112,NULL,'2020-12-01','2020-12-01',2792,1,NULL,35764.91,NULL,'2021-01-22 21:41:30','2021-01-22 21:41:30',NULL),(352,2368,2,1,NULL,NULL,1529,23,217,796,1,NULL,40719,40808,00038095,00038095,NULL,'2020-12-01','2020-12-01',2792,1,NULL,35764.91,NULL,'2021-01-22 21:41:30','2021-01-22 21:41:30',NULL),(353,2368,2,1,NULL,NULL,1529,23,217,796,1,NULL,40719,40743,01683373,01683373,NULL,'2020-12-05','2020-12-05',0031,1,NULL,3812.23,NULL,'2021-01-22 21:41:30','2021-01-22 21:41:30',NULL),(354,2368,2,1,NULL,NULL,1529,23,217,796,1,NULL,40719,40743,01682772,01682772,NULL,'2020-12-05','2020-12-05',0031,1,NULL,4565.45,NULL,'2021-01-22 21:41:30','2021-01-22 21:41:30',NULL),(355,2368,2,1,NULL,NULL,1529,23,217,796,1,NULL,40719,40747,00021820,00021820,NULL,'2020-12-09','2020-12-09',0002,1,NULL,3250.70,NULL,'2021-01-22 21:41:30','2021-01-22 21:41:30',NULL),(356,2368,2,1,NULL,NULL,1529,23,217,796,1,NULL,40719,40810,00000026,00000026,NULL,'2020-12-12','2020-12-12',0003,1,NULL,1817.90,NULL,'2021-01-22 21:41:30','2021-01-22 21:41:30',NULL),(357,2368,2,1,NULL,NULL,1529,23,217,796,1,NULL,40719,40811,00001389,00001389,NULL,'2020-12-12','2020-12-12',0004,1,NULL,1100.00,NULL,'2021-01-22 21:41:30','2021-01-22 21:41:30',NULL),(358,2368,2,1,NULL,NULL,1529,23,217,796,1,NULL,40719,40812,00000986,00000986,NULL,'2020-12-12','2020-12-12',0008,1,NULL,4999.01,NULL,'2021-01-22 21:41:31','2021-01-22 21:41:31',NULL),(359,2368,2,1,NULL,NULL,1529,23,217,796,1,NULL,40719,40811,00001403,00001403,NULL,'2020-12-16','2020-12-16',0004,1,NULL,1100.00,NULL,'2021-01-22 21:41:31','2021-01-22 21:41:31',NULL),(360,2368,2,1,NULL,NULL,1529,23,217,796,1,NULL,40719,40774,00102973,00102973,NULL,'2020-12-22','2020-12-22',0073,1,NULL,23080.29,NULL,'2021-01-22 21:41:31','2021-01-25 15:39:31',NULL),(361,2368,2,1,NULL,NULL,1529,23,217,796,1,NULL,40719,40813,00001872,00001872,NULL,'2020-12-22','2020-12-22',0004,1,NULL,9450.00,NULL,'2021-01-22 21:41:31','2021-01-22 21:41:31',NULL),(362,2368,2,1,NULL,NULL,1529,23,217,796,1,NULL,40719,40745,00000358,00000358,NULL,'2020-12-26','2020-12-26',0004,1,NULL,922.99,NULL,'2021-01-22 21:41:31','2021-01-22 21:41:31',NULL),(363,2368,2,7,NULL,NULL,1529,23,250,796,1,NULL,40719,40751,00001093,00001093,NULL,'2020-12-29','2020-12-29',0002,1,NULL,2140.00,NULL,'2021-01-22 21:41:31','2021-01-22 21:41:31',NULL),(364,2368,2,4,NULL,NULL,1529,23,217,796,1,NULL,40719,40814,00003371,00003371,NULL,'2020-12-29','2020-12-29',0005,1,NULL,1130.50,NULL,'2021-01-22 21:41:31','2021-01-22 21:41:31',NULL),(365,2368,2,1,NULL,NULL,1529,23,217,796,1,NULL,40719,40747,00022145,00022145,NULL,'2020-12-30','2020-12-30',0002,1,NULL,734.99,NULL,'2021-01-22 21:41:31','2021-01-22 21:41:31',NULL),(366,2368,1,1,NULL,NULL,1529,23,NULL,796,1,NULL,40719,40740,00000474,00000474,NULL,'2020-12-22','2020-12-22',0005,1,NULL,4840.00,NULL,'2021-01-22 21:41:43','2021-01-22 21:41:43',NULL),(367,2368,1,1,NULL,NULL,1529,23,NULL,796,1,NULL,40719,40720,00000475,00000475,NULL,'2020-12-28','2020-12-28',0005,1,NULL,7600.00,NULL,'2021-01-22 21:41:43','2021-01-22 21:41:43',NULL),(368,2368,1,1,NULL,NULL,1529,23,NULL,796,1,NULL,40719,40721,00000476,00000476,NULL,'2020-12-28','2020-12-28',0005,1,NULL,12600.00,NULL,'2021-01-22 21:41:43','2021-01-22 21:41:43',NULL),(369,2368,1,1,NULL,NULL,1529,23,NULL,796,1,NULL,40719,40722,00000477,00000477,NULL,'2020-12-28','2020-12-28',0005,1,NULL,36600.00,NULL,'2021-01-22 21:41:43','2021-01-22 21:41:43',NULL);
INSERT INTO `receipts` VALUES (370,2368,1,1,NULL,NULL,1529,23,NULL,796,1,NULL,40719,40723,00000478,00000478,NULL,'2020-12-28','2020-12-28',0005,1,NULL,21600.00,NULL,'2021-01-22 21:41:43','2021-01-22 21:41:43',NULL),(371,2368,1,1,NULL,NULL,1529,23,NULL,796,1,NULL,40719,40724,00000479,00000479,NULL,'2020-12-28','2020-12-28',0005,1,NULL,5300.01,NULL,'2021-01-22 21:41:43','2021-01-22 21:41:43',NULL),(372,2368,1,1,NULL,NULL,1529,23,NULL,796,1,NULL,40719,40725,00000480,00000480,NULL,'2020-12-28','2020-12-28',0005,1,NULL,4400.00,NULL,'2021-01-22 21:41:43','2021-01-22 21:41:43',NULL),(373,2368,1,1,NULL,NULL,1529,23,NULL,796,1,NULL,40719,40726,00000481,00000481,NULL,'2020-12-28','2020-12-28',0005,1,NULL,4400.00,NULL,'2021-01-22 21:41:44','2021-01-22 21:41:44',NULL),(374,2368,1,1,NULL,NULL,1529,23,NULL,796,1,NULL,40719,40727,00000482,00000482,NULL,'2020-12-28','2020-12-28',0005,1,NULL,3700.00,NULL,'2021-01-22 21:41:44','2021-01-22 21:41:44',NULL),(375,2368,1,1,NULL,NULL,1529,23,NULL,796,1,NULL,40719,40728,00000483,00000483,NULL,'2020-12-28','2020-12-28',0005,1,NULL,3700.00,NULL,'2021-01-22 21:41:44','2021-01-22 21:41:44',NULL),(376,2368,1,1,NULL,NULL,1529,23,NULL,796,1,NULL,40719,40729,00000484,00000484,NULL,'2020-12-28','2020-12-28',0005,1,NULL,7440.00,NULL,'2021-01-22 21:41:44','2021-01-22 21:41:44',NULL),(377,2368,1,1,NULL,NULL,1529,23,NULL,796,1,NULL,40719,40730,00000485,00000485,NULL,'2020-12-28','2020-12-28',0005,1,NULL,8600.00,NULL,'2021-01-22 21:41:44','2021-01-22 21:41:44',NULL),(378,2368,1,1,NULL,NULL,1529,23,NULL,796,1,NULL,40719,40731,00000486,00000486,NULL,'2020-12-28','2020-12-28',0005,1,NULL,32780.00,NULL,'2021-01-22 21:41:44','2021-01-22 21:41:44',NULL),(379,2368,1,1,NULL,NULL,1529,23,NULL,796,1,NULL,40719,40732,00000487,00000487,NULL,'2020-12-28','2020-12-28',0005,1,NULL,27390.00,NULL,'2021-01-22 21:41:44','2021-01-22 21:41:44',NULL),(380,2368,1,1,NULL,NULL,1529,23,NULL,796,1,NULL,40719,40733,00000488,00000488,NULL,'2020-12-28','2020-12-28',0005,1,NULL,5200.00,NULL,'2021-01-22 21:41:44','2021-01-22 21:41:44',NULL),(381,2368,1,1,NULL,NULL,1529,23,NULL,796,1,NULL,40719,40734,00000489,00000489,NULL,'2020-12-28','2020-12-28',0005,1,NULL,5200.00,NULL,'2021-01-22 21:41:44','2021-01-22 21:41:44',NULL),(382,2368,1,1,NULL,NULL,1529,23,NULL,796,1,NULL,40719,40735,00000490,00000490,NULL,'2020-12-28','2020-12-28',0005,1,NULL,5200.00,NULL,'2021-01-22 21:41:44','2021-01-22 21:41:44',NULL),(383,2368,1,1,NULL,NULL,1529,23,NULL,796,1,NULL,40719,40736,00000491,00000491,NULL,'2020-12-28','2020-12-28',0005,1,NULL,141570.00,NULL,'2021-01-22 21:41:44','2021-01-22 21:41:44',NULL),(384,2368,1,1,NULL,NULL,1529,23,NULL,796,1,NULL,40719,40738,00000492,00000492,NULL,'2020-12-28','2020-12-28',0005,1,NULL,14280.00,NULL,'2021-01-22 21:41:44','2021-01-22 21:41:44',NULL),(385,2368,1,1,NULL,NULL,1529,23,NULL,796,1,NULL,40719,40815,00000493,00000493,NULL,'2020-12-28','2020-12-28',0005,1,NULL,95106.00,NULL,'2021-01-22 21:41:44','2021-01-22 21:41:44',NULL);

--
