-- Table structure for table `lpg_granos`
--

CREATE TABLE `lpg_granos` (
  `id` int(10) unsigned NOT NULL AUTO_INCREMENT,
  `user_id` int(10) unsigned NOT NULL,
  `descripcion` varchar(191) COLLATE utf8mb4_unicode_ci DEFAULT NULL,
  `codigo_afip` int(10) unsigned NOT NULL,
  `habilitado` tinyint(1) NOT NULL DEFAULT '1',
  `created_at` timestamp NULL DEFAULT NULL,
  `updated_at` timestamp NULL DEFAULT NULL,
  `deleted_at` timestamp NULL DEFAULT NULL,
  PRIMARY KEY (`id`)
) ENGINE=InnoDB AUTO_INCREMENT=40 DEFAULT CHARSET=utf8mb4 COLLATE=utf8mb4_unicode_ci;

--
-- Dumping data for table `lpg_granos`
--

INSERT INTO `lpg_granos` VALUES (1,0,'Lino',1,1,NULL,NULL,NULL),(2,0,'Girasol',2,1,NULL,NULL,NULL),(3,0,'Maní en caja',3,1,NULL,NULL,NULL),(4,0,'Girasol Descascarado',4,1,NULL,NULL,NULL),(5,0,'Maní para industria de selección',5,1,NULL,NULL,NULL),(6,0,'Maní para industria aceitera',6,1,NULL,NULL,NULL),(7,0,'Maní tipo confitería',7,1,NULL,NULL,NULL),(8,0,'Colza',8,1,NULL,NULL,NULL),(9,0,'Colza “00”/Canola',9,1,NULL,NULL,NULL),(10,0,'Trigo forrajero',10,1,NULL,NULL,NULL),(11,0,'Cebada forrajera',11,1,NULL,NULL,NULL),(12,0,'Cebada apta para maltería',12,1,NULL,NULL,NULL),(13,0,'Trigo candeal',14,1,NULL,NULL,NULL),(14,0,'Trigo pan',15,1,NULL,NULL,NULL),(15,0,'Avena',16,1,NULL,NULL,NULL),(16,0,'Cebada cervecera',17,1,NULL,NULL,NULL),(17,0,'Centeno',18,1,NULL,NULL,NULL),(18,0,'Maíz',19,1,NULL,NULL,NULL),(19,0,'Mijo',20,1,NULL,NULL,NULL),(20,0,'Arroz cáscara',21,1,NULL,NULL,NULL),(21,0,'Sorgo granífero',22,1,NULL,NULL,NULL),(22,0,'Soja',23,1,NULL,NULL,NULL),(23,0,'Trigo blando',24,1,NULL,NULL,NULL),(24,0,'Trigo plata',25,1,NULL,NULL,NULL),(25,0,'Maíz flynt o plata',26,1,NULL,NULL,NULL),(26,0,'Maíz pisingallo',27,1,NULL,NULL,NULL),(27,0,'Triticale',28,1,NULL,NULL,NULL),(28,0,'Alpiste',30,1,NULL,NULL,NULL),(29,0,'Algodón',31,1,NULL,NULL,NULL),(30,0,'Cártamo',32,1,NULL,NULL,NULL),(31,0,'Poroto blanco natural oval y alubia',33,1,NULL,NULL,NULL),(32,0,'Poroto distinto del blanco oval y alubia',34,1,NULL,NULL,NULL),(33,0,'Arroz',35,1,NULL,NULL,NULL),(34,0,'Lenteja',46,1,NULL,NULL,NULL),(35,0,'Arveja',47,1,NULL,NULL,NULL),(36,0,'Poroto blanco seleccionado oval y alubia',48,1,NULL,NULL,NULL),(37,0,'Otras legumbres',49,1,NULL,NULL,NULL),(38,0,'Otros granos',50,1,NULL,NULL,NULL),(39,0,'Garbanzo',59,1,NULL,NULL,NULL);

--
-- Table structure for table `lpg_receipt_detail`
--

CREATE TABLE `lpg_receipt_detail` (
  `id` int(10) unsigned NOT NULL AUTO_INCREMENT,
  `user_id` int(10) unsigned NOT NULL,
  `lpg_receipt_id` int(10) unsigned NOT NULL,
  `saldo_id` int(10) unsigned NOT NULL,
  `concepto` varchar(191) COLLATE utf8mb4_unicode_ci DEFAULT NULL,
  `lpg_grano_id` int(10) unsigned NOT NULL,
  `cantidad` decimal(16,2) NOT NULL DEFAULT '0.00',
  `fac_elec_unidad_medida_id` int(10) unsigned NOT NULL,
  `precio` decimal(16,2) NOT NULL DEFAULT '0.00',
  `subtotal` decimal(16,2) NOT NULL DEFAULT '0.00',
  `created_at` timestamp NULL DEFAULT NULL,
  `updated_at` timestamp NULL DEFAULT NULL,
  `deleted_at` timestamp NULL DEFAULT NULL,
  PRIMARY KEY (`id`),
  KEY `lpg_receipt_detail_lpg_receipt_id_foreign` (`lpg_receipt_id`),
  KEY `lpg_receipt_detail_saldo_id_foreign` (`saldo_id`),
  KEY `lpg_receipt_detail_lpg_grano_id_foreign` (`lpg_grano_id`),
  KEY `lpg_receipt_detail_fac_elec_unidad_medida_id_foreign` (`fac_elec_unidad_medida_id`),
  CONSTRAINT `lpg_receipt_detail_fac_elec_unidad_medida_id_foreign` FOREIGN KEY (`fac_elec_unidad_medida_id`) REFERENCES `fac_elec_unidad_medidas` (`id`),
  CONSTRAINT `lpg_receipt_detail_lpg_grano_id_foreign` FOREIGN KEY (`lpg_grano_id`) REFERENCES `lpg_granos` (`id`),
  CONSTRAINT `lpg_receipt_detail_lpg_receipt_id_foreign` FOREIGN KEY (`lpg_receipt_id`) REFERENCES `lpg_receipts` (`id`),
  CONSTRAINT `lpg_receipt_detail_saldo_id_foreign` FOREIGN KEY (`saldo_id`) REFERENCES `conta_tipo_saldos` (`id`)
) ENGINE=InnoDB DEFAULT CHARSET=utf8mb4 COLLATE=utf8mb4_unicode_ci;

--
-- Dumping data for table `lpg_receipt_detail`
--


--
-- Table structure for table `lpg_receipts`
--

CREATE TABLE `lpg_receipts` (
  `id` int(10) unsigned NOT NULL AUTO_INCREMENT,
  `user_id` int(10) unsigned NOT NULL,
  `person_id` int(10) unsigned NOT NULL,
  `receipt_id` int(10) unsigned DEFAULT NULL,
  `fecha` date DEFAULT NULL,
  `num_comprobante` varchar(191) COLLATE utf8mb4_unicode_ci DEFAULT NULL,
  `created_at` timestamp NULL DEFAULT NULL,
  `updated_at` timestamp NULL DEFAULT NULL,
  `deleted_at` timestamp NULL DEFAULT NULL,
  PRIMARY KEY (`id`),
  KEY `lpg_receipts_person_id_foreign` (`person_id`),
  KEY `lpg_receipts_receipt_id_foreign` (`receipt_id`),
  CONSTRAINT `lpg_receipts_person_id_foreign` FOREIGN KEY (`person_id`) REFERENCES `persons` (`id`),
  CONSTRAINT `lpg_receipts_receipt_id_foreign` FOREIGN KEY (`receipt_id`) REFERENCES `receipts` (`id`)
) ENGINE=InnoDB DEFAULT CHARSET=utf8mb4 COLLATE=utf8mb4_unicode_ci;

--
-- Dumping data for table `lpg_receipts`
--


--
-- Table structure for table `mails`
--

CREATE TABLE `mails` (
  `id` int(10) unsigned NOT NULL AUTO_INCREMENT,
  `user_id` int(10) unsigned DEFAULT NULL,
  `name` varchar(255) COLLATE utf8mb4_unicode_ci NOT NULL,
  `created_at` timestamp NULL DEFAULT NULL,
  `updated_at` timestamp NULL DEFAULT NULL,
  `deleted_at` timestamp NULL DEFAULT NULL,
  PRIMARY KEY (`id`)
) ENGINE=InnoDB AUTO_INCREMENT=12 DEFAULT CHARSET=utf8mb4 COLLATE=utf8mb4_unicode_ci;

--
-- Dumping data for table `mails`
--

INSERT INTO `mails` VALUES (1,NULL,'Principal',NULL,NULL,NULL),(2,NULL,'Segundo',NULL,NULL,NULL),(3,NULL,'Tercero',NULL,NULL,NULL),(4,NULL,'OP Proveedores',NULL,'2025-01-16 14:31:25',NULL),(5,NULL,'OP Clientes',NULL,'2025-01-16 14:31:25',NULL),(6,NULL,'Sexto',NULL,NULL,NULL),(7,NULL,'Septimo',NULL,NULL,NULL),(8,NULL,'Octavo',NULL,NULL,NULL),(9,NULL,'Noveno',NULL,NULL,NULL),(10,NULL,'Decimo',NULL,NULL,NULL),(11,NULL,'Otro',NULL,NULL,NULL);

--
-- Table structure for table `mails_details`
--

CREATE TABLE `mails_details` (
  `id` int(10) unsigned NOT NULL AUTO_INCREMENT,
  `user_id` int(10) unsigned DEFAULT NULL,
  `mail` varchar(255) COLLATE utf8mb4_unicode_ci DEFAULT NULL,
  `telefono` varchar(255) COLLATE utf8mb4_unicode_ci DEFAULT NULL,
  `comentario` varchar(255) COLLATE utf8mb4_unicode_ci DEFAULT NULL,
  `mail_id` int(10) unsigned NOT NULL,
  `person_id` int(10) unsigned NOT NULL,
  `status` int(10) unsigned NOT NULL DEFAULT '1',
  `created_at` timestamp NULL DEFAULT NULL,
  `updated_at` timestamp NULL DEFAULT NULL,
  `deleted_at` timestamp NULL DEFAULT NULL,
  PRIMARY KEY (`id`),
  KEY `mails_details_mail_id_foreign` (`mail_id`),
  KEY `mails_details_person_id_foreign` (`person_id`),
  CONSTRAINT `mails_details_mail_id_foreign` FOREIGN KEY (`mail_id`) REFERENCES `mails` (`id`),
  CONSTRAINT `mails_details_person_id_foreign` FOREIGN KEY (`person_id`) REFERENCES `persons` (`id`)
) ENGINE=InnoDB AUTO_INCREMENT=160 DEFAULT CHARSET=utf8mb4 COLLATE=utf8mb4_unicode_ci;

--
-- Dumping data for table `mails_details`
--

INSERT INTO `mails_details` VALUES (54,7975,'gonzalo.nin@hotmail.com','1140346879','',1,40728,1,'2023-04-23 15:24:17','2023-04-23 15:24:17',NULL),(55,7975,'dey.zeballos@gmail.com','5491124971345','David (Esposo)',1,40729,1,'2023-04-23 15:36:29','2023-04-23 15:36:29',NULL),(56,7975,'solcarlamesa@hotmail.com','5491130888914','Carla',2,40729,1,'2023-04-23 15:36:29','2023-04-23 15:36:29',NULL),(80,7975,'ignacio@icreate.cl','54944039025','Ignacio (Socio Gerente)',1,40843,1,'2023-04-23 18:49:48','2023-04-23 18:49:48',NULL),(84,7975,'micocinasecreta@gmail.com','1128791608','',1,40853,1,'2023-04-23 19:35:28','2023-04-23 19:35:28',NULL),(85,7975,'kattys.aguilar@gmail.com','1161325721','',1,40854,1,'2023-04-23 19:44:33','2023-04-23 19:44:33',NULL),(86,7975,'katherine@koutts.site','1127149623','',2,40854,1,'2023-04-23 19:44:33','2023-04-23 19:44:33',NULL),(99,7975,'info@mycontador.com.ar','1164275247','',1,40719,1,'2023-04-23 20:32:19','2023-04-23 20:32:19',NULL),(100,7975,'carlosreceloglu@gmail.com','1132669293','',2,40719,1,'2023-04-23 20:32:19','2023-04-23 20:32:19',NULL),(101,7975,'sahira_lp@hotmail.com','5492214188287','',1,41970,1,'2023-04-24 19:41:56','2023-04-24 19:41:56',NULL),(102,7975,NULL,'5492216408165','',2,41970,1,'2023-04-24 19:41:56','2023-04-24 19:41:56',NULL),(110,7994,'rustikhomes0@gmail.com','1161852082','',1,40723,1,'2023-05-30 17:11:38','2023-05-30 17:11:38',NULL),(111,7994,'rustikhomesfurniture@gmail.com',NULL,'',2,40723,1,'2023-05-30 17:11:38','2023-05-30 17:11:38',NULL),(116,7994,'agustinaortiz8@gmail.com','1123950852','',1,40852,1,'2023-06-01 16:29:55','2023-06-01 16:29:55',NULL),(117,7994,'zagala.joyas1@gmail.com','1131878419','',1,40800,1,'2023-06-01 16:49:29','2023-06-01 16:49:29',NULL),(118,7994,'elba_aranaga@hotmail.com',NULL,'',2,40800,1,'2023-06-01 16:49:29','2023-06-01 16:49:29',NULL),(119,7975,'mayra_dicaluva@hotmail.com','1133360197','',1,40727,1,'2023-06-20 17:22:23','2023-06-20 17:22:23',NULL),(121,7994,'bongiornoesteban@gmail.com','1152628510','Bongiorno Esteban Daniel (Socio Gerente)',1,40851,1,'2023-08-25 14:23:29','2023-08-25 14:23:29',NULL),(122,7994,'rey.f87@gmail.com','1130338333','Facundo Rey (Socio)',2,40851,1,'2023-08-25 14:23:29','2023-08-25 14:23:29',NULL),(124,7994,'juniorleano@gmail.com','1123915596','',1,40797,1,'2023-09-07 16:19:01','2023-09-07 16:19:01',NULL),(125,7994,'javierleano.25@gmail.com',NULL,'',2,40797,1,'2023-09-07 16:19:01','2023-09-07 16:19:01',NULL),(139,7975,'macarenacaballeroderosa@gmail.com','1170366171','',1,40799,1,'2025-05-27 12:26:03','2025-05-27 12:26:03',NULL),(140,7975,'caballeroderosa.m@gmail.com',NULL,'',2,40799,1,'2025-05-27 12:26:03','2025-05-27 12:26:03',NULL),(141,7975,'ferreteriaelectro95@gmail.com','1151616204','',1,40842,1,'2025-05-27 12:26:12','2025-05-27 12:26:12',NULL),(142,7975,'carreradenise8@gmail.com',NULL,'',2,40842,1,'2025-05-27 12:26:12','2025-05-27 12:26:12',NULL),(145,7975,'macarenacaballeroderosa@gmail.com','+5491170366171','Socia',1,40725,1,'2025-05-27 12:26:29','2025-05-27 12:26:29',NULL),(146,7975,'martinleonelvalletta@gmail.com','+5491140945755','Socio Gerente',2,40725,1,'2025-05-27 12:26:29','2025-05-27 12:26:29',NULL),(147,7975,'Josvytex10@gmail.com','1131185755','',1,40721,1,'2025-05-27 12:26:41','2025-05-27 12:26:41',NULL),(148,7975,'luisangel.la412@gmail.com',NULL,'',2,40721,1,'2025-05-27 12:26:41','2025-05-27 12:26:41',NULL),(149,7975,'pattylimachi9@gmail.com',NULL,'',2,40721,1,'2025-05-27 12:26:41','2025-05-27 12:26:41',NULL),(150,7975,'fannyquillahuaman@gmail.com','1128245873','',1,40722,1,'2025-05-27 12:26:49','2025-05-27 12:26:49',NULL),(151,7975,'espindolajuanalberto45@gmail.com','3435343249','',1,40724,1,'2025-05-27 12:26:58','2025-05-27 12:26:58',NULL),(152,7975,'javierleano.25@gmail.com','1123915596','',1,40798,1,'2025-05-27 12:27:11','2025-05-27 12:27:11',NULL),(153,7975,'hjrr55@hotmail.com','1124634207','',1,40801,1,'2025-05-27 12:27:21','2025-05-27 12:27:21',NULL);
INSERT INTO `mails_details` VALUES (154,7975,'julianacalvo_89@hotmail.com','1162820233','',1,40841,1,'2025-05-27 12:27:28','2025-05-27 12:27:28',NULL),(155,7975,'lashijasdeeva1@gmail.com',NULL,'',2,40841,1,'2025-05-27 12:27:28','2025-05-27 12:27:28',NULL),(156,7975,'rustikhomesfurniture@gmail.com','1161852082','',1,40802,1,'2025-05-27 12:27:37','2025-05-27 12:27:37',NULL),(157,7975,'paulalema50@gmail.com','1151116420','',1,40855,1,'2025-05-27 12:27:50','2025-05-27 12:27:50',NULL),(158,7975,'kimay.sushi.1@gmail.com',NULL,'',2,40855,1,'2025-05-27 12:27:50','2025-05-27 12:27:50',NULL),(159,7975,'Nanolea26@gmail.com',NULL,'',3,40855,1,'2025-05-27 12:27:50','2025-05-27 12:27:50',NULL);
DELIMITER ;;
/*!50003 CREATE*/ /*!50017 DEFINER=`forge`@`%`*/ /*!50003 TRIGGER `MailsDetail_BD` BEFORE DELETE ON `mails_details` FOR EACH ROW insert into back_up_mails_details (mail,telefono,comentario,mail_id,person_id,modificado)
values(old.mail,old.telefono,old.comentario,old.mail_id,old.person_id,now()) */;;
DELIMITER ;

--
-- Table structure for table `migrations`
--

CREATE TABLE `migrations` (
  `id` int(10) unsigned NOT NULL AUTO_INCREMENT,
  `migration` varchar(255) COLLATE utf8mb4_unicode_ci NOT NULL,
  `batch` int(11) NOT NULL,
  PRIMARY KEY (`id`)
) ENGINE=InnoDB AUTO_INCREMENT=1338 DEFAULT CHARSET=utf8mb4 COLLATE=utf8mb4_unicode_ci;

--
-- Dumping data for table `migrations`
--

INSERT INTO `migrations` VALUES (1,'2014_10_12_000000_create_users_table',1),(2,'2014_10_12_100000_create_password_resets_table',1),(3,'2017_09_15_000000_CreateCountrysTable',1),(4,'2017_09_15_100000_CreateStatesTable',1),(5,'2017_09_15_221521_create_modules_table',1),(6,'2017_09_15_224048_create_usermodules_table',1),(7,'2017_12_04_172644_CreateTableActivitites',1),(8,'2017_12_04_181801_CreateTableReceiptTypes',1),(9,'2017_12_04_182416_CreateTableRetentionType',1),(10,'2017_12_04_190828_CreateTableTypes',1),(11,'2017_12_04_191413_CreateTableRetentions',1),(12,'2017_12_04_191537_CreateTableIIBBRetentions',1),(13,'2017_12_04_192126_CreateTableSystemTaxes',1),(14,'2017_12_04_202132_CreateTableZones',1),(15,'2017_12_04_210000_CreateTableOtherTaxes',1),(16,'2017_12_07_200000_CreateTableTaxAccounts',1),(17,'2017_12_07_202200_CreateTableStatus',1),(18,'2017_12_07_204438_CreateTablePersons',1),(19,'2017_12_07_204500_CreateTablePersonZones',1),(20,'2017_12_07_205029_CreateTablePeriods',1),(21,'2017_12_07_205700_CreateTableReceipts',1),(22,'2017_12_07_205819_CreateTableReceiptTaxes',1),(23,'2017_12_16_025744_CreateTableUserPersons',1),(24,'2018_02_01_205100_CreateTablePeriodLiquidation',1),(25,'2018_02_02_150420_ModPeriodLiq_CreateDetail',1),(26,'2018_02_06_162435_CreateTablePersonConfigurations',1),(27,'2018_03_07_162435_CreateTablesLiqIVA',1),(28,'2018_03_18_000010_IVAGroups',1),(29,'2018_03_20_000010_InsertsRT',1),(30,'2018_03_21_000010_UpdateRT',1),(31,'2018_03_26_232558_InsertsModules',1),(32,'2018_03_28_151014_CreateTablesBusinessModule',1),(33,'2018_04_11_124200_ModBusinessModule',1),(34,'2018_04_17_153900_ModBusinessModule2',1),(35,'2018_04_20_115000_TableBaseMonthsForPeriods',1),(36,'2018_04_24_155000_ModAddUsersBusiness',1),(37,'2018_04_27_162700_BusinessFieldsEmpresaMadre',1),(38,'2018_05_04_144100_BusinessViewValidateSave',1),(39,'2018_05_18_110400_FileUplodsBase_XLS',2),(40,'2018_05_30_183700_alter__system_taxes_to_system_taxese',3),(41,'2018_05_30_220512_alter__system_taxes__add__status',3),(42,'2018_05_31_221821_update_data_types',4),(43,'2018_06_03_1341_ProcedureAssingPeriodsTo',5),(44,'2018_06_04_001420_create_reportes_table',5),(45,'2018_06_04_2159_ProcedureReportesComprobantes',5),(46,'2018_06_05_104818_update_receipt_types__column__code',5),(47,'2018_06_05_171044_update__system__taxes__gravado0',5),(48,'2018_06_06_010459_create_procedure_creacion_empresa_usuario',5),(49,'2018_06_06_110700_UpdateReportesRutas',6),(50,'2018_06_07_011985_create_procedure_eliminasion_masiva_comprobantes',7),(51,'2018_06_09_141500_UpdateReportesRutasTableroAndModules',8),(52,'2018_06_10_203200_CreateViewReceiptsReports',9),(53,'2018_06_11_114580_UpdateTypesEliminacionMasiva',9),(54,'2018_06_19_110400_TableControlGeneral',10),(57,'2018_06_19_158985_InsertsModules_Control_General',11),(58,'2018_06_22_203200_CreateViewLiquidacionesIVA',12),(61,'2018_06_27_204440_alter_Table_Person_Configuration',13),(70,'2018_07_01_110401_InsertsModules_ClavesYMails',17),(71,'2018_07_01_110400_TableClavesYMails',18),(72,'2018_06_27_204436_CreateTableMails',19),(73,'2018_06_27_204437_CreateTableMailsDetails',19),(74,'2018_06_27_204438_CreateTableClaves',19),(75,'2018_06_27_204439_CreateTableClavesDetails',19),(76,'2018_07_07_011985_alter_procedure_eliminasion_masiva_comprobantes',20),(77,'2018_07_08_110400_UpdateTableClavesYMails',21),(78,'2018_07_11_011985_alter_procedure_eliminasion_masiva_comprobantes',22),(79,'2018_07_11_010459_alter_procedure_creacion_empresa_usuario',23),(80,'2018_07_15_110401_InsertsModules_Informacion',24),(81,'2018_07_17_110400_AddRegistroClavesYMails',25),(82,'2018_07_17_204439_CreateTableCharlasDetails',25),(83,'2018_07_11_011985_alter_procedure_eliminasion_masiva_comprobantes2',26),(90,'2018_07_18_110410_AddRegistroControlGeneral',26),(92,'2018_07_19_110404_SP_LiquidacionesHijas',26),(95,'2018_07_18_110400_TableVtoImpuestos',27),(96,'2018_07_18_110401_TableVtoFinCuit',27),(97,'2018_07_18_110402_TableImpuestoFinCuit',27);
INSERT INTO `migrations` VALUES (98,'2018_07_18_110403_TableVtoVencimiento',27),(99,'2018_07_18_110405_TableCategoriaImpuesto',27),(100,'2018_07_18_110409_TablePerson_Impuesto',27),(102,'2018_07_18_110412_CreateView_VencimientosAnuales',27),(103,'2018_07_18_110412_CreateView_liquidaciones_iibb',28),(104,'2018_07_18_110413_AddRegistroControlGeneral2',28),(105,'2018_07_18_110414_AddColumnTablePerson_Impuesto',28),(107,'2018_07_27_110400_InsertsModules_Impuestos',30),(115,'2018_07_29_110405_AddTypesAsientoSueldos',32),(116,'2018_07_29_110398_TableContaTipoCuentas',33),(117,'2018_07_29_110399_TableContaTipoSaldos',33),(118,'2018_07_29_110400_TableContaPlanCuenta',33),(119,'2018_07_29_110401_TableContaTipoDeAsientos',33),(126,'2018_08_06_110400_CreateTableEjerciciosAnteriores',36),(127,'2018_08_06_110400_AddTypesExportar',37),(128,'2018_08_12_110404_SP_LiquidacionesHijasActualizadas',38),(129,'2018_08_16_110400_AddReporteIVA',39),(130,'2018_08_16_110401_EditReporteLiquidacionesIIBB',39),(135,'2018_08_26_110400_InsertsModules_MonotributoIIBB',41),(136,'2018_08_66_110401_CreateTableCategoriasMonotributo',41),(139,'2018_08_22_093000_SP_LiquidacionesHijasFiltrosCorregidos',42),(140,'2018_08_30_110400_SP_DeleteLiquidationStatus1',43),(141,'2018_09_02_110400_SP_AsientoSueldo',44),(142,'2018_09_02_110401_SP_IIBBGasto',44),(143,'2018_09_02_110402_SP_ProyecGanancias',44),(144,'2018_09_02_110403_SP_RetencionesGanancias',44),(145,'2018_09_02_110404_SP_AnticiposGanancias',44),(146,'2018_09_03_110400_CreateViewLiquidacionesIVACorregida',45),(147,'2018_09_03_110401_CreateView_liquidaciones_iibbCorregida',45),(148,'2018_06_29_114600_CreateView_Proyeccion_Ganancias',46),(149,'2018_08_01_110401_CreateView_IIBB_Gasto',46),(150,'2018_08_05_110401_CreateView_AntGanan_SIRCREB_Compen',46),(151,'2018_08_01_110400_CreateView_Asientos',47),(152,'2018_08_05_110400_CreateView_RetencionesGanancias',47),(153,'2018_08_27_110400_CreateView_ProyecGananciasAll',48),(154,'2018_08_31_161300_TablesFacturaElectronica',49),(155,'2018_09_06_110400_InsertsModules_CtasCtes',50),(160,'2018_09_15_110400_AddColumnTablePersonConfiguration',50),(161,'2018_09_18_110400_InsertsModules_Bancos',50),(162,'2018_09_19_110400_SP_assingFromPeriodsPerson',51),(169,'2018_07_29_110402_TableContaAsientos',53),(170,'2018_07_29_110404_TableContaAsientosDetails',53),(171,'2018_09_10_110402_CreateView_CtaCteAsientos',53),(172,'2018_09_13_110400_AddColumnTableContaAsientos',53),(173,'2018_09_10_110400_CreateView_CtaCteSaldosCajas',54),(174,'2018_09_21_110400_AddColumnTableContaAsientosDebeHaber',54),(175,'2018_09_23_110400_InsertsModules_Gastos',54),(176,'2018_09_23_110401_TableCtaCteTiposDeGastos',54),(177,'2018_09_23_110402_TableCtaCteCuentaTipo',54),(178,'2018_09_23_110403_TableCtaCteCentrosCostos',54),(179,'2018_09_24_110400_TableCtaCteGastosMensuales',54),(180,'2018_09_27_110400_AddColumnTableContaAsientosPagado',54),(181,'2018_10_05_110400_InsertsModules_TableroControl',54),(183,'2018_10_09_110400_AddColumnTablePersonConfigurationBanco',56),(184,'2018_09_10_110401_CreateView_CtaCteClientes',57),(185,'2018_10_15_110400_TableCtaCteBancos',58),(186,'2018_10_15_110401_TableCtaCteCheques',58),(187,'2018_10_16_110400_CreateView_CtaCteCheques',58),(188,'2018_10_18_110400_CreateView_ConsultaComprobantes',59),(189,'2018_07_18_110411_CreateView_VencimientoImpuestos',60),(190,'2018_10_22_110400_TableCtaCteBancosDatos',61),(191,'2018_11_02_110400_AddColumnTableReceiptComprobanteAFIP',62),(192,'2018_11_04_110400_CreateTableClavesDetailsBackUp',62),(193,'2018_11_04_110401_CreateTableMailsDetailsBackUp',62),(194,'2018_11_04_110402_CreateTableCharlasDetailsBackUp',62),(195,'2018_11_04_110403_TriggerClaves',62),(196,'2018_11_04_110404_TriggerMails',62),(197,'2018_11_04_110405_TriggerCharla',62),(198,'2018_11_08_010400_modify_procedure_creacion_empresa_usuario',62),(199,'2018_11_10_110400_AddColumnTableChequesFoto',62),(200,'2018_11_19_110400_ModifyView_VencimientoImpuestos',62);
INSERT INTO `migrations` VALUES (201,'2018_11_23_110400_DeleteForeignKeyCtaCteCheques',62),(202,'2018_11_26_110400_AddColumnTableVto_categoria_imp',62),(203,'2018_11_26_110401_CreateSPMonotributistas',62),(204,'2018_11_28_110400_CreateTableCategoriasIIBB',62),(205,'2018_11_28_110401_UpdateTableVto_categoria_imp',62),(206,'2018_11_28_110402_CreateView_IIBBRegSimpl',62),(207,'2018_12_05_110400_CreateView_PDF_ConsultaComprobantes',62),(208,'2018_12_06_110400_Add_data_types_libros',62),(209,'2018_12_07_110400_ViewLiquidacionesIVALiquidador',62),(210,'2018_12_07_110401_View_liquidaciones_iibbLiquidador',62),(211,'2018_12_09_110400_AddColumnFileReceipts',62),(212,'2018_12_11_110400_InsertsModules_Contabilidad',62),(213,'2018_12_12_110400_TableBalanceLibro',62),(214,'2018_12_12_110401_TableBalanceLibroDetails',62),(215,'2018_12_12_110402_AddContaTipoDeAsientos',62),(216,'2018_12_13_110400_UpdateTableContaPlanCuenta',62),(217,'2018_12_26_110400_CreateSPAsientosContables',62),(218,'2019_01_01_110400_AddColumnContaPlanCuenta',62),(219,'2019_01_02_110400_InsertsModules_ContabilidadPlanCuenta',62),(220,'2019_01_02_110401_AddCuentasTableContaPlanCuenta',62),(221,'2019_01_02_110402_ModifyRubroContaPlanCuenta',62),(222,'2019_01_03_11040_ModifyVentasPlanCuenta',62),(223,'2019_01_03_11041_ModifyPlanCuentasNiveles',62),(224,'2019_01_04_110400_AddColumnContaPlanCuentaNoEditable',62),(225,'2019_01_04_110401_ModifyColumnBalanceLibro',62),(226,'2019_01_04_110402_ModifySPAsientosContables',62),(227,'2019_01_04_110403_ModifyPlanCuentasNiveles5',62),(228,'2019_01_04_110404_InsertsModules_ContabilidadReportes',62),(229,'2019_01_06_110400_ModifyTableCategoriasMonotributo',62),(230,'2019_01_06_110401_ModiyfyContaPlanCuentaNivel5',62),(231,'2019_01_06_110402_SPSumasYSaldos',62),(232,'2019_01_07_110400_ModifyView_CtaCteClientes',62),(233,'2019_01_08_110400_ModiyfyOtraVezContaPlanCuentaNivel5',62),(234,'2019_01_08_110401_ModifySPAsientosContablesV1',62),(235,'2019_01_08_110402_UpdateTableVtoVencimiento2019',62),(236,'2019_01_08_110403_UpdateTableCategoriasMonotributo',62),(237,'2019_01_08_1104043_UpdateTableCategoriasIIBB',62),(238,'2019_01_09_110400_AddColumnconta_tipo_asientosOrderBy',62),(239,'2019_01_09_110401_ModifySPAsientosContablesOrderBy',62),(240,'2019_01_09_110402_UpdateValores2019vto_categoria_imp',62),(241,'2019_01_09_135600_SPAsignacionPeriodosEntreFechas',62),(242,'2019_01_16_110400_ModifySPAsientosContablesV2',62),(243,'2019_01_17_110400_InsertsModules_ContabilidadLibros',62),(244,'2019_01_17_110401_Delete_data_types_libros',62),(245,'2019_01_18_110400_ModifySPAsientosContablesV3',62),(246,'2019_01_19_110400_ModifySPAsientosContablesMensuales',62),(247,'2019_01_20_110400_InsertsModules_Administracion',62),(248,'2019_01_21_110400_CreateTableDbAbuelas',62),(249,'2019_01_21_110400_SP_AsientoSueldoV1',62),(250,'2019_01_24_110400_ModifySPAsientosContablesMensualesV1',62),(251,'2019_01_24_110401_ModiyfyContaPlanCuentaNivelV1',62),(252,'2019_01_24_110402_Modify_CtaCteSaldosCajasV1',62),(253,'2019_02_08_110400_InsertsModules_Mails',62),(254,'2019_02_10_183012_create_jobs_table',62),(255,'2019_02_11_110400_AddColumnTdbAbuelasLocalidad',62),(256,'2019_02_11_110401_ModifyPlanCuentasNiveles6',62),(257,'2019_02_11_110401_SP_VtoImpuestosMail',62),(258,'2019_02_12_110400_UpdateValores2019vto_categoria_impV1',62),(259,'2019_02_12_110401_SP_VtoImpuestosMailV1',63),(260,'2019_02_12_110402_AddColumnTablePersonConfigurationEnviarMail',63),(261,'2019_02_15_011342_create_failed_jobs_table',63),(262,'2019_02_15_110400_AddHonorarioToTableVtoVencimiento',63),(263,'2019_02_17_110400_AddTypeUserOperador',63),(264,'2019_02_22_110400_CreateTableVto_person_impuestos_creados',63),(265,'2019_03_06_110400_UpdateTableCategoriasMonotributoV1',64),(266,'2018_09_17_115300_UpdateConDatosTablesFacturaElectronica',65),(267,'2018_09_21_110401_CreateView_CtaCteClientes',65),(268,'2018_09_27_154000_ModifyTablesFacturaElectronica',65),(269,'2019_01_12_090909_ModifyTablesFacturaElectronicaPuntoVenta',65);
INSERT INTO `migrations` VALUES (270,'2019_03_13_110400_CreateView_CtaCteClientesV2',66),(271,'2019_03_13_110401_AddColumnContaAsiento',67),(272,'2019_03_20_110400_UpdateValores2019vto_categoria_impAutonomosMarzo',68),(273,'2019_03_20_110400_UpdateValores2019vto_categoria_impAutonomosMarzoV1',69),(274,'2019_03_20_110401_CreateTablePruebaGratis',70),(275,'2019_03_27_110400_AddColumnTableBalanceLibro',71),(276,'2019_03_29_110400_SP_VtoImpuestosMailV2',72),(277,'2019_04_04_110400_ModifyPlanCuentasNiveles7',73),(278,'2019_04_09_110400_AddColumnPersonPlanCuentaId',74),(279,'2019_04_09_110401_AddColumnReceiptPlanCuentaId',74),(280,'2019_04_05_110400_AddColumnTableReceiptTypes',75),(281,'2019_04_14_110400_Insert_data_typesMisComprobantes',75),(282,'2019_04_28_110400_DeleteRegisterReportes',76),(283,'2019_04_30_110400_CorreccionTableVtoVencimiento2019',77),(284,'2019_04_22_110400_AddColumnAndUpdateCuenta_idInTablesImpuestos',78),(285,'2019_04_23_110400_AddRegisterTableSystemTaxes',78),(286,'2019_04_25_110400_AddColumnTableOtherTaxes',78),(287,'2019_05_02_110400_SPExportarComprobantes',78),(288,'2019_05_14_110400_AddRegisterReceiptTypes',79),(289,'2019_05_24_110400_UpdatePersons',80),(292,'2019_06_07_110400_AddColumnUser',81),(294,'2019_06_21_110400_TableActas',82),(295,'2019_06_27_110400_SPExportarComprobantes',83),(296,'2019_06_28_110400_AddRegisterTActas',84),(297,'2019_03_04_110400_UpdateSystemTaxesAfipAlicuota',85),(298,'2019_04_01_100000_ModificacionesFADetallesCondicionesVenta',85),(299,'2019_04_19_100000_TablasFacturaElectronicaMasiva',85),(300,'2019_06_27_110400_SPUpdateHonorario',86),(301,'2019_07_09_110400_AddColumnFacEleRecDetail',86),(302,'2019_07_10_110400_AddColumnPersonConfig',87),(303,'2019_07_11_110400_ModifySPproyecGanancias',87),(304,'2019_07_11_110401_ModifySPAsientoSueldo',87),(305,'2019_07_11_110402_ModifySPiibb_gasto',87),(306,'2019_07_11_110403_ModifySPRetenciones',87),(307,'2019_07_11_110404_ModifySPAnticipoGanancias',87),(308,'2019_07_11_110405_ModifySPIIBB_Gasto',88),(309,'2019_07_11_110406_SPLiquidacionesIVA',88),(310,'2019_07_11_110407_SPLiquidacionesIIBB',88),(311,'2019_07_11_110408_ModifySPMonotributistas',89),(312,'2019_07_11_110409_ModifySPIIBB_GastoV1',90),(313,'2019_07_11_110410_SPReceipts',91),(314,'2019_07_11_110411_SPReceiptsForExporTXT',92),(315,'2019_07_14_110400_TableFEUnidadMedida',93),(316,'2019_07_14_110401_TableCondicionFrenteIVA',93),(317,'2019_07_14_110402_AddColumnCondFrenteIVAFE',93),(318,'2019_07_15_110401_ModifySPMonotributistasV1',93),(319,'2019_07_215_110400_DeleteRegisterSystemTaxes',93),(320,'2019_07_18_110400_ModifySPIIBB_GastoV2',94),(321,'2019_07_18_110401_ModifySPLiquidacionesIIBB',94),(322,'2019_07_18_110403_ModifySPLiquidacionesIVA',94),(323,'2019_07_23_110400_AddColumnFEMasivaDetalle',95),(324,'2019_07_29_110400_AddColumnReceiptType_FE',96),(325,'2019_08_05_110400_DeleteForeingKeyTableReceiptFactElec',97),(327,'2019_08_07_110400_UpdateValores2019vto_categoria_impAutonomosJunio',98),(328,'2019_08_07_110401_InsertsModules_Configuracion',99),(329,'2019_08_11_110401_InsertsModules_CerrarPeriodosContabilidad',100),(330,'2019_08_20_110400_AddColumnFEPuntoVenta',101),(331,'2019_08_20_110401_AddModuleFEConfiguracion',101),(332,'2019_08_23_110400_DeleteCuentaPlanCuenta',102),(333,'2019_08_28_110400_ModifyActasModelos',103),(334,'2019_09_26_110400_ModifyView_IIBBRegSimpl',104),(335,'2019_10_01_110400_UpdateTableCategoriasIIBBV2',105),(336,'2019_10_01_110401_UpdateValores2019vto_categoria_impAutonomosSeptiembre',106),(337,'2019_09_17_110400_TableCtaCteClientes',107),(338,'2019_09_17_110401_AddModuleCtaCteCliente',107),(339,'2019_09_19_110400_SPCtaCteCliente',107),(340,'2019_09_22_110400_AddColumnBalanceLibroCtaCteCliente',107),(341,'2019_09_23_110400_ModifySPAsientosContablesV2',107),(342,'2019_09_24_110400_TableCtaCtePivotReceipt',107),(343,'2019_09_25_110400_ModifyCuentasContablesRetenciones',107),(344,'2019_09_2_110401_AddRegisterContaTipoAsientos',107);
INSERT INTO `migrations` VALUES (345,'2019_10_04_110398_AddColumnPlanCuenta',108),(346,'2019_10_04_110399_DeleteColumnBalanceLibro',108),(347,'2019_10_04_110400_TableCtaCteTesoreriaCuentas',108),(348,'2019_10_04_110401_TableCtaCteTesoreriaCtaCte',108),(349,'2019_10_04_110402_AddColumnBalanceLibroCtaCteTesoreria',108),(350,'2019_10_04_110404_ModifyTableCtaCteCheques',108),(351,'2019_10_05_110404_ModifyTableCtaCteCcliente',108),(352,'2019_10_06_110400_AddModuleTesoreria',108),(353,'2019_10_09_110400_SPCtaCteClienteUpdate',108),(354,'2019_10_16_11040_AddRegisterContaTipoAsientos22',108),(355,'2019_10_24_110400_AddModuleNoFiscal',109),(356,'2019_10_24_110401_TablesNoFiscal',109),(357,'2019_10_30_110400_ModifySPAsientosContablesV3',109),(358,'2019_29_10_110400_ModifyTablesNFRelashionship',109),(359,'2019_11_03_110400_AddFacturaElectronicaPyme',110),(360,'2019_11_08_110400_TablesGanancias',111),(361,'2019_11_08_110401_AddModuleGanancias',111),(362,'2019_11_18_110400_AddModuleBienesPersonales',112),(363,'2019_11_18_110400_TablesBienesPersonales',112),(364,'2019_11_20_110400_UpdateDataTypeLibroIvaDigital',113),(365,'2019_11_21_110400_AddColumnPersonConfFELeyenda',114),(366,'2019_11_24_110400_TablesAsientosModelos',115),(367,'2019_11_27_110400_TablesObligacionesAnuales',116),(368,'2019_11_27_110401_AddModuleObligacionesAnuales',116),(369,'2019_12_06_110400_UpdateDataTypeAFIP',117),(370,'2019_12_06_110401_AddModuleControlAfip',118),(371,'2019_12_06_110402_TableControlCuitsAfip',118),(372,'2019_12_08_110400_AddColumnJobs',118),(373,'2019_12_09_110401_TablesRecibos',119),(374,'2019_12_09_11040_AddModuleRecibo_Presupuesto',119),(375,'2019_12_14_110400_DeleteTableFE',120),(376,'2019_12_16_110400_TablesDeudasImpositivas',121),(377,'2019_12_16_110401_AddModuleDeudasImpositivas',121),(378,'2019_12_18_110400_AddUserFirma',121),(379,'2019_12_23_110400_TablesPresupuestos',122),(380,'2019_12_24_110400_UpdateTableBalanceAddUser',123),(381,'2020_01_07_110400_ModifyForeingConstrainBalanceLibro',124),(382,'2020_01_08_110400_AddIIBBCordoba',125),(383,'2020_01_09_110399_AddIIBBCordobaRegSimp',126),(384,'2020_01_09_110400_UpdateTableVtoVencimiento2020',126),(385,'2020_01_09_110401_UpdateTableCategoriasMonotributo2020',126),(386,'2020_01_09_110402_UpdateTableCategoriasIIBB2020',126),(387,'2020_01_09_110403_UpdateValores2020vto_categoria_imp',126),(388,'2020_01_09_110404_UpdateVencimientosPerson2020',126),(389,'2020_01_12_110400_ModifySPMonotributistasV2',127),(390,'2020_01_13_110400_AddSoftDeletePeriodLiquidations',128),(391,'2020_01_14_110400_SPExportarComprobantesV2',129),(392,'2020_01_14_110401_ModifySPRetencionesV1',129),(393,'2020_01_14_110402_ModifySPAnticipoGananciasV1',129),(394,'2020_01_16_110400_ModifySPMonotributistasV3',130),(395,'2020_01_16_110401_UpdateValores2020vto_categoria_impV1',131),(396,'2020_01_16_110402_UpdateVencimientosPerson2020V1',131),(397,'2020_01_15_110400_TableTUser_Persons',132),(398,'2020_01_15_110401_TablesNotificaciones',132),(399,'2020_01_27_110400_AddReceiptTypeCierreZ',133),(400,'2020_01_28_110400_TablesGananciasV1',134),(401,'2020_01_28_110401_TablesGanancias2020',135),(402,'2020_01_30_110400_DeleteRegisterNoFicalContabilidad',136),(403,'2020_01_30_110400_ModifySPAsientosContablesMensualesV2',137),(404,'2020_01_30_110401_ModifySPAsientosContablesV4',138),(405,'2020_01_30_110402_DeleteSPAsientosContablesMensuales',139),(406,'2020_01_31_110400_AddUserIdVariasTables',140),(407,'2020_01_29_110400_AddColumnCtasTesoreriaContaAsientos',141),(408,'2020_02_06_110400_View_CtaCteClientesV3',141),(409,'2020_02_06_110401_AddCuentasMiasTesoreria',141),(410,'2020_02_07_110400_AddColumnPersonConfigLiqEsp',142),(411,'2020_02_08_110400_AddColumnPersonConfigLiqEspV1',143),(412,'2020_02_08_110401_AddColumnCtaCteCuentasTesoreriaCtaCteGastos',144),(413,'2020_02_09_110400_DeleteColumnPlanCuenta',145),(414,'2020_02_10_110400_ModifySPAsientoSueldo2020',146),(415,'2020_02_11_110400_ModifyView_CtaCteChequesV1',147),(416,'2020_02_13_110400_SPSumasYSaldosV1',148);
INSERT INTO `migrations` VALUES (417,'2020_02_13_110401_AddSoftDeleteCtaCteCheques',149),(418,'2020_02_19_110400_AddReceiptTypeCompraBsUsados',150),(419,'2020_02_19_110401_AddColumnTusersTypesUsers',151),(420,'2020_02_19_110402_DeleteSPNoUsoMas',152),(421,'2020_02_20_110400_AddColumnReceiptToFacEleReceitp',153),(422,'2020_02_25_110400_DeleteSPNoUsoMasV2',154),(423,'2020_02_26_110400_AddMonotributoSocial',155),(424,'2020_02_26_110401_UpdateReceiptTypeLetra',155),(425,'2020_02_27_110400_UpdateGananciasArt90',156),(426,'2020_02_28_110400_TableAjPorInflacionIndices',157),(427,'2020_03_02_110400_AddColumnPersonConfigCtaCteTesCuenta',158),(428,'2020_03_08_110400_AddModuleVentanillaElect',159),(429,'2020_03_08_110400_TablesVentanillaElec',160),(430,'2020_03_20_110400_UpdateReceiptTiquetZ',161),(431,'2020_04_16_110400_UpdateSystemTaxes',162),(432,'2020_05_18_110400_View_PdfConsultaComprobantes',163),(433,'2020_05_24_110400_TablesRemitos',164),(434,'2020_05_27_110400_AddImpuestoSegHigiene',165),(435,'2019_08_12_110400_AddColumnsTModules',166),(436,'2019_08_13_110399_InsertsModulesSueldo',167),(437,'2019_08_13_110400_TableSueldosSyJTipoEmpleador',167),(438,'2019_08_13_110401_TableSueldosSyJAlicuotaAporteContribucion',167),(439,'2019_08_13_110402_TableSueldosSyJActividad',167),(440,'2019_08_13_110403_TableSueldosSyJObraSocial',167),(441,'2019_08_13_110404_TableSueldosSyJZonaGeografica',167),(442,'2019_08_13_110405_TableSueldosSyJTituloLey20744',167),(443,'2019_08_13_110406_TablePais',167),(444,'2019_08_13_110407_TableLocalidad',167),(445,'2019_08_13_110408_TableCalle',167),(446,'2019_08_13_110408_TableSueldosSyJEmpAfecta',167),(447,'2019_08_13_110409_TableSueldosSyJTipoLiquidacion',167),(448,'2019_08_13_110412_TableSueldosSyJEmpAlcance',167),(449,'2019_08_13_110413_TableSexo',167),(450,'2019_08_13_110414_TableNacionalidad',167),(451,'2019_08_13_110415_TableEstadoCivil',167),(452,'2019_08_13_110416_TableTipoDocumento',167),(453,'2019_08_13_110417_TableSyJEmpEstado',167),(454,'2019_08_13_110418_TableSyJObraSocPlanes',167),(455,'2019_08_13_110419_TableSyJFormaPago',167),(456,'2019_08_13_110421_TableSyJEmpSituacionRevista',167),(457,'2019_08_13_110422_TableSyJEmpCondicion',167),(458,'2019_08_13_110423_TableSyJEmpModalidadContratacion',167),(459,'2019_08_13_110424_TableSyJEmpCodSiniestro',167),(460,'2019_08_13_110425_TableSyJRegimen',167),(461,'2019_08_13_110426_TableSyJEmpParentesco',167),(462,'2019_08_13_110427_TableSyJConfig',167),(463,'2019_08_13_110428_TableSyJDomiclioExplotacion',167),(464,'2020_03_17_110399_TableSeccionesCargoCCosto',167),(465,'2020_03_17_110400_TableConvenios',167),(466,'2020_03_17_110401_TableReferencias',167),(467,'2020_03_17_110402_SYJFunciones',167),(468,'2020_03_17_110402_TableAntesConceptos',167),(469,'2020_03_17_110402_TableConceptos',167),(470,'2020_03_17_110402_TablePivotConceptoCategoria',167),(471,'2020_03_17_110402_TablePivotConceptoTipoLiquidaciones',167),(472,'2020_03_17_110410_TableEmpleados',167),(473,'2020_03_17_110411_TablePivotEmpleadoConcepto',167),(474,'2020_03_19_110400_SYJPeriods',167),(475,'2020_03_19_110401_SYJLiquidaciones',167),(476,'2020_03_29_110400_SYJLiquidacionEmpleado',167),(477,'2020_04_03_110400_TablePivotConceptoCantidadValor',167),(478,'2020_04_07_110400_TablePivotConceptoEscala',167),(479,'2020_04_19_110400_AddColumnConceptosFiltrosAsoc',167),(480,'2020_04_19_110401_TableSyJEmpleadoFamiliar',167),(481,'2020_04_19_110402_TableSyJEmpleadoVacaciones',167),(482,'2020_04_26_110400_TableSyJReportes',167),(483,'2020_04_26_110401_TableSyJTablasdelSistema',167),(484,'2020_04_27_110400_AddColumnEmpleados',167),(485,'2020_04_27_110401_AddColumnCodigosAfip',167),(486,'2020_04_28_110399_TableSICOSSFormatValor',167),(487,'2020_04_28_110400_TableSICOSS',167),(488,'2020_04_28_110401_TablePivotConvenioFormatoSicoss',167),(489,'2020_04_28_110402_AddColumnPivotFormatoSicossConv',167),(490,'2020_04_29_110400_AddColumnFormatoSicossDetalleV1',167),(491,'2020_04_29_110401_AddColumnFormatoSicossDetalle',167);
INSERT INTO `migrations` VALUES (492,'2020_04_30_110400_AddColumnDomicilios',167),(493,'2020_05_02_110400_AddColumnControlaTopes',167),(494,'2020_05_05_110400_TableSindicatos',167),(495,'2020_05_07_110400_SYJPeriodsAddColumn',167),(496,'2020_05_07_110401_AddColumnBalanceLibroSueldos',167),(497,'2020_05_10_110400_AddColumnTablasFunciones',167),(498,'2020_05_11_110400_AddColumnTablaMasterEmpDomestica',167),(499,'2020_05_19_110400_TablePivotEmpleadoExcluirConcepto',167),(500,'2020_05_22_110400_InsertsModulesBlog',167),(501,'2020_05_22_110400_SYJPeriodsEmpDomestica',167),(502,'2020_05_25_110399_AddImpuestoSegHigiene',167),(503,'2020_05_25_110400_AddColumnVtoImpuestos',167),(504,'2020_05_26_110400_AddColumnSyJLiquidaciones',167),(505,'2020_05_26_110402_AddColumnSyJFormatoSicossDetalle',167),(506,'2020_12_31_110400_CopyDatoFromDBTaxes',167),(507,'2020_05_31_110400_InsertsModulesConfigUser',168),(508,'2020_06_03_110400_UpdateVtoImpuestos',169),(509,'2020_01_04_110401_UpdateTableCategoriasIIBB2021',170),(510,'2020_06_07_110400_InsertsModulesConfigAltaAbuela',170),(511,'2020_06_09_110400_AlterTableSyJConfig',170),(512,'2020_06_09_110400_InsertTablaReferencia',170),(513,'2020_06_11_000000_create_blogs_table',170),(514,'2020_06_14_110400_TableContactos',170),(515,'2020_06_14_110400_TablePlanesSuscripcion',170),(516,'2020_06_14_110401_TablePlanesSuscripcionV1',170),(517,'2020_06_19_110400_TableAjPorInflacionIndicesV1',170),(518,'2020_06_22_110400_AddColumnUsers',170),(519,'2020_06_22_110401_TableUserCtaCte',170),(520,'2020_06_25_110400_TableSyJG4OtrosEmpleos',170),(521,'2020_06_25_110401_TableSyJG4Deducciones',170),(522,'2020_06_25_110402_TableSyJG4DeducPersonales',170),(523,'2020_06_25_110403_TableSyJG4Art90',170),(524,'2020_07_01_110400_AddColumnDeletedAtConceptoPivot',170),(525,'2020_07_02_110400_InsertsGravImpGcias',170),(526,'2020_07_02_110401_TableSyJG4Detail',170),(527,'2020_07_04_110402_AddColumnSyJG4TipoDeducPers',170),(528,'2020_07_05_110401_TableSyJG4F1357',170),(529,'2020_07_06_110400_AddReceiptTypeCuentaVenta',170),(530,'2020_07_07_110400_AddImpuestoIIBBCorrientes',170),(531,'2020_07_07_110400_InsertConceptoReferencia',170),(532,'2020_07_09_110400_AddColumnDeducGenerales',170),(533,'2020_07_10_110400_AddColumnDBAbuela',170),(534,'2020_07_12_110400_UpdateTableTesoreriaCtas',170),(535,'2020_07_13_110400_AddImpuestoIIBBSantaFe',170),(536,'2020_07_13_110401_AddImpuestoDREISantaFe',170),(537,'2020_07_14_110400_TablesLPG',170),(538,'2020_07_17_110400_AddColumnReceiptTypeLPG',170),(539,'2020_07_17_110401_AddColumnReceiptLPG',170),(540,'2020_07_19_110400_AddRegisterUserPersonDbAbuela',170),(541,'2020_07_20_110400_UpdateBsPersonales',170),(542,'2020_07_25_110400_AddReceiptTypeTiquet',170),(543,'2020_07_25_1104041_AddReceiptTypeColumnShowFromTotal',170),(544,'2020_07_31_110400_TablesAfipServicios',170),(545,'2020_08_06_1104001_UpdateImpuestosSegunTablas',170),(546,'2020_08_06_110400_UpdateAutonomos',170),(547,'2020_08_08_110400_UpdateConveniosEmpAfecta',170),(548,'2020_08_12_110400_TablesDebitosAutomaticos',170),(549,'2020_08_18_110400_AddReceiptTypeSectorPecuario',170),(550,'2020_08_19_110400_UpdateSectorPecuario',170),(551,'2020_08_23_110400_AddColumnReceiptIVAApertura',170),(552,'2020_08_24_110400_AddColumnLiqIvaDetail',170),(553,'2020_08_24_110401_TablesIVAAgrupacion',170),(554,'2020_08_24_110401_UpdateReceiptsCredit',170),(555,'2020_08_25_110400_AddColumnIVACreditosTipos',170),(556,'2020_08_26_110400_AddOperaciones',170),(557,'2020_08_27_110400_TableFaq',170),(558,'2020_08_27_110400_UpdateFuncionesCantidad',170),(559,'2020_08_29_110400_TableSyJRecibosModelo',170),(560,'2020_08_30_110400_UpdateReciboModelo',170),(561,'2020_08_30_110401_UpdatePeriodLiquidationDetail',170),(562,'2020_08_31_110400_UpdateOperacionesImporte',170),(563,'2020_09_01_110400_AddActivities',170),(564,'2020_09_01_110401_TableZoneActivities',170),(565,'2020_09_01_110402_AddColumnPeriodLiqDetail',170),(566,'2020_09_01_110403_TablePeriodLiquidationIIBB',170);
INSERT INTO `migrations` VALUES (567,'2020_09_05_110400_AddRecibosModelo',170),(568,'2020_09_06_110400_AddColumnPersonActivities',170),(569,'2020_09_06_110401_AddColumnFAMasivaActivity',170),(570,'2020_09_09_110400_UpdateRetenciones',170),(571,'2020_09_18_110402_AddSyJReciboModelo',170),(572,'2020_09_23_110400_AddColumnUserCtaCte',170),(573,'2020_09_24_110400_AddImpuestoIIBBEntreRios',170),(574,'2020_09_25_110400_AddColumnUserCtaCteIngEgr',170),(575,'2020_09_25_110400_AddImpuestoProfesionalesLiberalesEntreRios',170),(576,'2020_09_26_110400_AlterColumnFactElecReceipt',170),(577,'2020_09_27_110400_AddColumnMonth',170),(578,'2020_09_28_110400_AddColumnSyJConfig',170),(579,'2020_10_04_110400_CorrecionPersons',170),(580,'2020_10_05_110403_TableCursos',170),(581,'2020_10_05_110403_TableCursosDetail',170),(582,'2020_10_14_110400_AddReceiptTypeSectorPecuario2',170),(583,'2020_10_15_110400_AddFuncionesDeValor',170),(584,'2020_10_15_110401_UpdateReceiptsCredit2',170),(585,'2020_10_19_110400_TableSyJConceptosAfip',170),(586,'2020_10_19_110401_AddColumnSyJConceptos',170),(587,'2020_10_20_110400_TableSyJLsdImpConc',170),(588,'2020_10_20_110401_AddFuncionesFormatoSicoss',170),(589,'2020_10_20_110401_TableSyjLsdReg',170),(590,'2020_10_20_110402_AddFormatoSicoss',170),(591,'2020_10_23_110400_InsertsModulesContConfig',170),(592,'2020_10_27_110400_AddColumnConceptos',170),(593,'2020_10_27_110401_AddFuncionesDeCantidad1',170),(594,'2020_10_27_110401_AddFuncionesDeImporte1',170),(595,'2020_10_27_110401_AddFuncionesDeValor1',170),(596,'2020_11_02_110400_InsertTablaReferencia1',170),(597,'2020_11_03_110400_TableUsersPersonsBlock',170),(598,'2020_11_04_110400_ViewLiquidacionesIVA',170),(599,'2020_11_05_110400_AddReceiptType1',170),(600,'2020_11_11_110400_AddImpuestoIIBBRioNegro',170),(601,'2020_11_13_110400_AddColumnPersonConfigProIVA',170),(602,'2020_11_13_110400_AddImpuestoIIBBNeuquen',170),(603,'2020_11_19_110400_UpdateReceiptsType',170),(604,'2020_11_20_110400_AddIndicesAxI',170),(605,'2020_11_24_110400_AddColumnSyJFromatoSICOSS',170),(606,'2020_11_26_110400_ModifyConceptosAFIP',170),(607,'2020_11_28_110400_AddColumnCtaCteCliente',170),(608,'2020_12_02_110400_TableUsersLogged',170),(609,'2020_12_03_110399_UpdateTarjetaTaxes',170),(610,'2020_12_03_110400_TableTarjetaTXT',170),(611,'2020_12_04_110400_AddImpuestoIIBBCorrientes2',170),(612,'2020_12_04_110400_AddImpuestoManifestacionDeGanado',170),(613,'2020_12_07_110400_AddColumnSyjLiqEmpleado',170),(614,'2020_12_22_110400_UpdateArt90',170),(615,'2021_01_03_110400_UpdateTableVtoVencimiento2021',170),(616,'2021_01_04_110400_UpdateAutonomos2021',170),(617,'2021_01_04_110402_UpdateVencimientosPerson2021',170),(618,'2021_01_06_110400_ModifyIvaCredFiscal',170),(619,'2021_01_08_110400_CheckPeriods2021',170),(620,'2021_01_11_110404_UpdateTableVtoVencimiento2022V1',170),(621,'2021_01_14_110400_TableSyJG4Art902021',170),(622,'2021_01_14_110401_TableSyJG4Deducciones2021',170),(623,'2021_01_14_110402_TableSyJG4DeducPersonales2021',170),(624,'2021_01_14_110403_TablesGanancias2021',170),(625,'2021_01_28_110400_AddImpuestoUTEDYC',170),(626,'2021_02_01_110400_ModifyNameTableReferencia',170),(627,'2021_02_02_110400_AddColumnMaterialCurso',170),(628,'2021_02_03_110400_ChangeCampoAsientoModelo',170),(629,'2021_02_04_110400_UpdateTopesJubilatorios',170),(630,'2021_02_04_110401_AddTablaReferencia',170),(631,'2021_02_10_110400_AddColumnDelSistema',170),(632,'2021_02_11_110400_AddColumnLiqIVA',170),(633,'2021_02_11_110401_AddColumnLiqITCPersonConfig',170),(634,'2021_02_16_110400_AddColumnIsZonaPatagonica',170),(635,'2021_02_16_110401_AddColumnFactElecTotal',170),(636,'2021_02_17_110400_SPSumasYSaldosV2',170),(637,'2021_02_17_110401_AddContaPlanCuentaITC',170),(638,'2021_02_21_110400_ModuloConvenioMultilateral',170),(639,'2021_02_21_110401_AddColumnZoneCodCM',170),(640,'2021_02_23_110400_TableSolicitantesCertificado',170),(641,'2021_02_23_110401_AddColumnsCursos',170),(642,'2021_02_25_110400_UpdateTableVtoVencimiento2021V1',170);
INSERT INTO `migrations` VALUES (643,'2021_02_8_110400_AddImpuestoSIRADIG',170),(644,'2021_02_9_110400_AddImpuestoIIBBSantaFeRegSimplificado',170),(645,'2021_03_02_110400_TablePathOfFile',170),(646,'2021_03_03_110400_AddReceiptType2',170),(647,'2021_03_04_110400_AddColumnPeriodLiquidationIIBB',170),(648,'2021_03_05_110400_AddPathOfFileName',170),(649,'2021_03_15_110400_AddColumnPeriodLiquidationIVA',170),(650,'2021_03_15_110401_AddColumnFEReceiptCompAsoc',170),(651,'2021_03_17_110400_ChangeFEReceiptCAENull',170),(652,'2021_03_19_110400_TableTdbAbuelasEstados',170),(653,'2021_03_19_110401_AddColumnTdbAbuelasEstado',170),(654,'2021_03_19_110402_TableTdbAbuelasCharlas',170),(655,'2021_03_23_110400_ModifyReceiptTypeOtrosCompr',170),(656,'2021_03_24_110400_TDAbuelaHost',170),(657,'2021_03_26_110400_UpdateAutonomos2021Abril',170),(658,'2021_03_30_110400_UpdateTopesJubilatoriosMar2021',170),(659,'2021_04_06_110400_AddContaPlanCuenta',170),(660,'2021_04_09_110400_UpdateEstadosAbuelas',170),(661,'2021_04_14_110400_AddColumnEstadoId',170),(662,'2021_04_14_110400_AddColumnFEReceiptOp',170),(663,'2021_04_15_110400_UpdateEstadosAbuelasRollBack',170),(664,'2021_04_16_110400_UpdateEstadosAbuelasV1',170),(665,'2021_04_16_110401_UpdateEstadosAbuelasRollBackV1',170),(666,'2021_04_16_110402_UpdateEstadosAbuelasV2',170),(667,'2021_04_21_110400_TableQueueProcesos',170),(668,'2021_04_23_110400_TableReporteSUSS',170),(669,'2021_04_23_110400_UpdateEstadosAbuelasV3',170),(670,'2021_04_27_110400_AddFieldEscracharTdbabuela',170),(671,'2021_04_27_110400_UpdateArba2021',170),(672,'2021_04_30_110400_ModifyIvaCredFiscalV1',170),(673,'2021_05_14_110400_AddSyJReciboModeloV2',170),(674,'2021_05_17_110400_TableUsersEmpleados',170),(675,'2021_05_25_110400_TablesPortalEmpleados',170),(676,'2021_05_25_110401_TablesTaxesServicios',170),(677,'2021_05_25_110402_TablesEmpleadosFiles',170),(678,'2021_05_27_110400_AddColumnImagenUser',170),(679,'2021_05_27_110400_UpdateEstadosAbuelasV4',170),(680,'2021_05_29_110400_AddColumnTablesPortalEmpleados',170),(681,'2021_06_02_110400_AddColumnLiqEmpFirmado',170),(682,'2021_06_02_110401_AddColumnLiqEmpFirmadoFecha',170),(683,'2021_06_03_110400_UpdateEstadosAbuelasV5',170),(684,'2021_06_04_110401_UpdateMonotributos2021',170),(685,'2021_06_06_110401_TablesEmpleadosFilesMasivos',170),(686,'2021_06_06_11040_AddColumnEmpFile',170),(687,'2021_06_10_110401_UpdateConceptosAFIP',170),(688,'2021_06_14_110400_TablePLSubdomain',170),(689,'2021_06_15_110400_TablesBienesPersonalesV2021',170),(690,'2021_06_16_11040_AddRegistroPathOfFileName',170),(691,'2021_06_28_110400_UpdateTopesJubilatoriosJun2021',170),(692,'2021_06_30_110400_UpdatePerAlicuotas',170),(693,'2021_07_06_11040_AddColumnMetodoPago',170),(694,'2021_07_08_110400_UpdateAutonomos2021Julio',170),(695,'2021_07_09_110400_AddColumnPathFileName',170),(696,'2021_07_11_110400_TablesAuxiliar',170),(697,'2021_07_17_110400_ModuloPermisos',170),(698,'2021_07_18_110400_AddColumnPeriodLiquidation',170),(699,'2021_07_22_110400_AddColumnPeriodLiquidationAuxiliarId',170),(700,'2021_07_22_110401_AddColumnActividadCodigoCM',170),(701,'2021_07_22_110402_TablesCMArticulosRegimenes',170),(702,'2021_07_22_110403_AddColumnPersonActivitiesCMID',170),(703,'2021_07_26_110400_AddImpuestoIIBBLaRioja',170),(704,'2021_07_27_110400_AddColumnLiquidacionIIBB',170),(705,'2021_07_29_110400_AddColumnCMArticuloRegimen',170),(706,'2021_07_29_110401_UpdateMonotributos2021V2',170),(707,'2021_07_7_11040_AddRegistroPathOfFileNameV1',170),(708,'2021_08_08_11040_AddColumnReceiptHasta',170),(709,'2021_08_10_110400_FechasEnContabilidad',170),(710,'2021_08_14_11040_AddColumnFormatoSicoss',170),(711,'2021_08_18_110400_AddRegistroSyjActividad',170),(712,'2021_08_23_11040_AddColumnPersonsIVACreditoTipo',170),(713,'2021_09_02_110400_UpdateTableVtoVencimientoIIBBRioNegro',170),(714,'2021_09_08_11040_UpdateSituacionRevista',170),(715,'2021_09_09_11040_UpdateEmpleadoCondicion',170),(716,'2021_09_09_11040_UpdateModalidadContratacion',170);
INSERT INTO `migrations` VALUES (717,'2021_09_14_11040_UpdateEstadoCompsM',170),(718,'2021_09_16_110400_TablesTaxesAdminNotif',170),(719,'2021_09_16_110400_UpdateTopesJubilatoriosSept2021',170),(720,'2021_09_21_110400_UpdateModContratacion',170),(721,'2021_09_24_110400_AddColumnEmpleadoCBU',170),(722,'2021_09_24_110400_TableTaxesAdmTours',170),(723,'2021_09_24_110401_AddColumnEmpleadoDiasPropTope',170),(724,'2021_09_24_110402_AddRegistroFuncionesSicoss20210924',170),(725,'2021_09_26_110400_TablesConsultasAux',170),(726,'2021_10_18_110400_TablesEmpleadosEventuales',170),(727,'2021_10_18_110401_AddRegistrosLSDReg5',170),(728,'2021_10_18_110402_AddRegistroFuncionesSicoss',170),(729,'2021_10_18_110403_AddConvenioEventual',170),(730,'2021_10_18_110404_ModifyConvenioEventual',170),(731,'2021_10_31_110400_TablesPeriodLiquidationFiles',170),(732,'2021_12_03_110400_UpdateModContratacionV1',170),(733,'2021_12_09_110400_UpdateTopesJubilatoriosDic2021',170),(734,'2021_12_13_110400_UpdateAutonomosSept2021',170),(735,'2021_12_14_110400_AddColumnSyJReportes',170),(736,'2021_12_21_110400_AddFuncionesDeValorV2',170),(737,'2021_12_21_110400_AddTablaReferenciaV1',170),(738,'2021_12_29_110401_UpdateMonotributos2022',170),(739,'2022_01_05_110400_UpdateAutonomosDic2021',170),(740,'2022_01_05_110400_UpdateTableVtoVencimientoMonyAut2022',170),(741,'2022_01_11_110400_TableSyJG4Art902022',170),(742,'2022_01_11_110401_TableSyJG4DeduccionesGrales2022',170),(743,'2022_01_11_110402_TableSyJG4DeducPersonales2022',170),(744,'2022_01_11_110403_TablesGanancias2022',170),(745,'2022_01_17_110400_TablesInventarios',170),(746,'2022_01_24_110400_TableInvProductReceipt',170),(747,'2022_01_26_110400_AddTaxesServicios',170),(748,'2022_01_26_110401_TablesGestionDeEmpresa',170),(749,'2022_02_01_110400_TablesQuerys',170),(750,'2022_02_01_110400_UpdateVencimientosPerson2022',170),(751,'2022_02_06_110400_UpdateGananciasArt902022V1',170),(752,'2022_02_09_110400_TablesSicore',170),(753,'2022_02_09_110401_AddModuleSicore',170),(754,'2022_02_10_110400_AddColumnZoneCodigoAfip',170),(755,'2022_02_10_110400_UpdateTableVtoVencimiento2022V2',170),(756,'2022_02_11_110400_AddImpuestoIIBBSantaCruz',170),(757,'2022_02_12_110400_AddSyJOperacionesImporte',170),(758,'2022_02_15_110400_AddFieldEstadoOrden',170),(759,'2022_02_15_110400_AddReceiptTypeT',170),(760,'2022_02_15_110401_AddColumnQueryPersonID',170),(761,'2022_02_15_110402_TablesFEMasivaStock',170),(762,'2022_03_04_110400_AddFieldProximoContactoAbuela',170),(763,'2022_03_06_110400_AddFieldProductoCombo',170),(764,'2022_03_15_110400_AddRegisterQueePortalIVA',170),(765,'2022_03_17_110400_TablesCondicionFrenteIVA',170),(766,'2022_03_17_110401_AddRegisterIVAAgrupacionMonos',170),(767,'2022_03_21_110400_AddModuleMercadoLibre',170),(768,'2022_03_21_110401_TableMercadoLibre',170),(769,'2022_03_30_110400_AddFuncionesDeValorV3',170),(770,'2022_03_31_110400_UpdateTopesJubilatoriosMarzo2022',170),(771,'2022_04_02_110400_AddModuleOrdenDeTrabajo',170),(772,'2022_04_02_110401_TablesOrdenesDeTrabajo',170),(773,'2022_04_07_110400_AddImpuestoIIBBMendoza',170),(774,'2022_04_07_110401_UpdateImpuestoIIBBCorrientes',170),(775,'2022_04_12_110400_AddFieldPruebaGratisCursoId',170),(776,'2022_04_13_110400_AddFieldInvProductReceipt',170),(777,'2022_04_18_110400_TablesOrdenesDeTrabajoFacturadas',170),(778,'2022_04_22_110400_AddFAMasivaDetalleGravaIIBB',170),(779,'2022_04_22_110400_TablesContaCentroDeCostos',170),(780,'2022_04_22_110401_AddFieldReceiptCentroCosto',170),(781,'2022_04_24_110400_AddFieldSKU',170),(782,'2022_04_25_110400_UpdateTableAjPorInflacionIndices',170),(783,'2022_04_26_110400_AddFieldBalanceLibroInvOrdenId',170),(784,'2022_04_26_110400_TablesOrdenesTrabajoCC',170),(785,'2022_04_29_110400_AddFieldPuntoVentaFEHabilitado',170),(786,'2022_05_02_110400_AddModuleTicket',170),(787,'2022_05_02_110400_TablesTickets',170),(788,'2022_05_06_110400_AddFieldTicketsCaeVencimiento',170),(789,'2022_05_06_110401_AddFieldGestionDeEmpresa',170);
INSERT INTO `migrations` VALUES (790,'2022_05_07_110400_TablesTaxesServiciosDetails',170),(791,'2022_05_07_110400_UpdateAutonomosMarzo2022',170),(792,'2022_05_08_110400_RemoveTablesGestionEmpresa',170),(793,'2022_05_09_110400_AddFieldInvOrdenTrabajoConfigCc',170),(794,'2022_05_09_110401_AddFieldOrdenDeTrabajoStatus',170),(795,'2022_05_09_110402_MLSetFacturacion',170),(796,'2022_05_11_110400_TableMLOrdersFacturada',170),(797,'2022_05_11_110401_CorreccionCondicionFrenteAlIva',170),(798,'2022_05_12_110400_AddFieldInvRegistradoraUsaProductos',170),(799,'2022_05_13_110400_AddFieldTicketDetailPolimorfica',170),(800,'2022_05_15_110400_AddFieldInvProductReceiptPolimorfica',170),(801,'2022_05_16_110400_TableInvIndicadores',170),(802,'2022_05_17_110400_TablesBienesPersonalesV2022',170),(803,'2022_05_18_110400_AddIdFacturaEnviada',170),(804,'2022_05_19_110400_AddFieldInvIndicadoresOrder',170),(805,'2022_05_22_110400_TablesTaxesSubDomain',170),(806,'2022_05_24_110400_UpdateTopesJubilatoriosJunio2022',170),(807,'2022_05_28_110400_TableMLItemProducto',170),(808,'2022_05_30_110400_AddFieldSyJEmpleadosLiqEnCero',170),(809,'2022_06_06_110400_TableSyJUsarloComo',170),(810,'2022_06_06_110400_UpdateGananciasArt902022V2',170),(811,'2022_06_08_110400_AddTablaReferenciaV2',170),(812,'2022_06_08_110401_AddFieldTaxesServiciosDiasDePrueba',170),(813,'2022_06_08_110402_AddFieldContactanos',170),(814,'2022_06_12_110400_TableMonedas',170),(815,'2022_06_12_110401_TablesTaxesCotizaciones',170),(816,'2022_06_15_110400_AddModuleDocumentosComerciales',170),(817,'2022_06_15_110401_TablesDocumentosComerciales',170),(818,'2022_06_16_110401_UpdateTablesGanancias2021',170),(819,'2022_06_21_110400_AddFieldReceiptsDcOrdenId',170),(820,'2022_06_24_110400_UpdateOS3900',170),(821,'2022_06_24_110401_TablesNoFiscalInvoice',170),(822,'2022_07_01_110400_AddFieldCtaCteClientePivotReceiptImporte',170),(823,'2022_07_06_110401_UpdateFacturacionMonotributos072022',170),(824,'2022_07_07_110400_AddEmpresasToTaxesServiciosDetails',170),(825,'2022_07_07_110400_UpdateAutonomosJunio2022',170),(826,'2022_07_07_110401_AddModuleTaxesEmpresas',170),(827,'2022_07_07_110402_AddFieldTaxesServiciosDetails',170),(828,'2022_07_07_110403_AddFieldTUserCtasCtesPersonId',170),(829,'2022_07_08_110400_AddReceiptTypeVacunos',170),(830,'2022_07_10_110400_AddRegisterQueeArchivosPem',170),(831,'2022_07_11_110400_AddColumnBlog',170),(832,'2022_07_17_110400_AddReceiptTypeTiqueC',170),(833,'2022_07_19_110400_AddIsTaxesEmpresas',170),(834,'2022_08_10_110400_AddColumnClaveTipos',170),(835,'2022_08_16_110400_AddInvHsTipos',170),(836,'2022_08_16_110400_AddModuleAltas',170),(837,'2022_08_16_110401_AddModuleServicios',170),(838,'2022_08_17_110400_UpdateReceiptTypesCuentaDeVenta',170),(839,'2022_08_21_110400_AddModulosTMS',170),(840,'2022_08_25_110400_TdbabuelaFacturacion',170),(841,'2022_08_30_110400_AddMoneda',170),(842,'2022_09_08_110400_AddRegisterOtherTaxes',170),(843,'2022_09_08_110401_TablesRetPercFE',170),(844,'2022_09_09_110400_AddOrdenTipo',170),(845,'2022_09_13_110400_TUsersTarjetas',170),(846,'2022_09_13_110400_UpdateImpuestoIIBBCorrientesV2',170),(847,'2022_09_16_110400_AddRegisterPathFileNameSicoss',170),(848,'2022_09_19_110000_TablesEncuestas',170),(849,'2022_09_27_110400_AddReceiptTypeTiqueNotadeDebitoA',170),(850,'2022_10_03_110400_UpdateAutonomosSept2022',170),(851,'2022_10_13_110400_UpdateRegSimpAGIP2022',170),(852,'2022_10_13_110401_UpdateTopesJubilatoriosSept2022',170),(853,'2022_10_17_110400_UpdateCategoriasIIBB2022',170),(854,'2022_10_23_110400_AddModuleConfigTesoreria',170),(855,'2022_10_23_110401_TablePersonRelationeds',170),(856,'2022_10_19_110400_TablesEmpleadosPdfAuto',171),(857,'2022_10_25_110400_AddModuleCtaCteUnificadoTesoreria',171),(858,'2022_10_26_110400_TablesEmpleadosPdfAuto2',171),(859,'2022_11_14_110400_UpdateFacturacionMonoSocial',172),(860,'2022_11_17_11000_AddRegistroPathOfFileNameV2',173),(861,'2022_11_23_110400_TableTdbAbuelaEstadoLog',173),(862,'2022_12_03_110400_ModulosMobile',173);
INSERT INTO `migrations` VALUES (863,'2022_12_05_110400_TablesDcOrdenesFacturadas',173),(864,'2022_12_11_110400_ModulosMobileTableroDeControl',174),(865,'2022_12_13_110400_RemoveColumnTarjetaTdbabuela',174),(866,'2022_12_22_110400_TablesPersonsDatos',174),(867,'2022_12_22_110401_AddModuleConfigEmpresa',174),(868,'2022_12_22_110402_AddModuleEmpresaCertificados',174),(869,'2022_12_26_110400_UpdateModalidadContratacion22',175),(870,'2022_12_26_110401_TablesGanancias2023',175),(871,'2022_12_26_110402_TableSyJG4Art902023',175),(872,'2022_12_28_110401_TableSyJG4DeduccionesGrales2023',175),(873,'2022_12_28_110402_TableSyJG4DeducPersonales2023',175),(874,'2022_12_28_110403_UpdateTopesJubilatoriosDic2022',175),(875,'2022_01_03_110402_UpdateTableVtoVencimientoMonyAut2023',176),(876,'2023_01_03_110400_UpdateMonotributos2023',176),(877,'2023_01_03_110401_AddMonotributoCategorias',176),(878,'2023_01_04_110400_UpdateAutonomosDic2022',177),(879,'2023_01_04_110401_UpdateTableVtoVencimiento2023',177),(880,'2023_01_04_110402_AddVencimientosImpuestos',177),(881,'2023_01_04_110403_UpdateTableVtoVencimientoIIBB2023',177),(882,'2023_01_03_110402_AddModuleNovedades',178),(883,'2023_01_03_110403_TablesSyJNovedades',178),(884,'2023_01_18_110400_AddFieldTablesCurso',179),(885,'2023_01_18_110401_AddFieldTaxesServiciosDetailsFechaComentario',179),(886,'2023_01_20_110400_AddReceiptTypeTiqueNotaDeCreditoC',179),(887,'2023_01_23_110400_AddFieldFacturaElecReferencia',180),(888,'2023_01_25_110400_UpdateFacturacionMonoSocial2023',181),(889,'2023_01_27_110400_UpdateTableVtoVencimientoIIBBVarios',182),(890,'2023_02_03_110400_UpdateTableAjPorInflacionIndices',183),(891,'2023_02_03_110400_UpdateTableAjPorInflacionIndicesV20230208',184),(892,'2023_02_17_110400_AddFieldEmpleadoSueldoNetoPactado',185),(893,'2023_02_17_110401_AddModuleSueldoNetoPactado',185),(894,'2023_01_19_110400_RemoveEstadoColumnTdbabuelas',186),(895,'2023_01_24_110401_AddColumnTdbabuelasEstadosType',186),(896,'2023_01_24_110402_UpdateTdabuelasEstadosTable',186),(897,'2023_02_25_110402_AddModuleTAReportes',186),(898,'2023_03_06_110400_UpdateTableVtoVencimientoIIBBCorrientes',186),(899,'2023_03_08_110400_AddRegisterConsultas',187),(900,'2023_03_11_110400_AddFieldsCheques',187),(901,'2023_03_15_110400_MonedasHabilitadoId4',188),(902,'2023_03_13_110400_AddModulosTMS2',189),(903,'2023_03_14_110400_TableInvDescargas',189),(904,'2023_03_14_110401_TableInvDescargas2',189),(905,'2023_03_16_110400_AlterColumnPivotReceipt',190),(906,'2023_03_20_110400_ModifyRegisterTesoreriaCuentasV1',191),(907,'2023_03_22_110400_ModifyRegisterTesoreriaCuentasV2',192),(908,'2023_03_22_110401_TableChequesTransferEmitidas',192),(909,'2023_03_27_110400_AddModuleConciliaciones',193),(910,'2023_03_27_110401_AddColumnIsConciliadoCtaCteTesDetail',193),(911,'2023_03_28_110400_AddModuleCobranzas',193),(912,'2023_03_28_110401_AddModulePagos',193),(913,'2023_03_20_110400_TableCobradores',194),(914,'2023_03_20_110401_TablePersonCobrador',194),(915,'2023_03_20_110402_AddModuloCobrador',194),(916,'2023_03_20_110403_AddColumnHabilitadoCobradores',194),(917,'2023_04_10_110400_UpdateAutonomosMarzo2023',195),(918,'2023_04_10_110401_UpdateTopesJubilatoriosMarzo2023',195),(919,'2023_04_12_110400_CreatePersonsSicoreTable',196),(920,'2023_04_12_110401_UpdateTableSicoreDetails',196),(921,'2023_04_12_110402_RenameTableSicoreDetailsNetoGrav',196),(922,'2023_04_10_110400_AddDocumentoComercialRequerimiento',197),(923,'2023_04_11_110400_AddDCOrdenCompraRequerimiento',197),(924,'2023_04_14_110400_AddModulosTMS3',198),(925,'2023_04_15_11400_AddRegistroPathOfFileNameV3',198),(926,'2023_04_18_11400_ModifyColumnsMonedaCotizacion',199),(927,'2023_04_18_11401_ModifyColumnsMonedaCotizacionV2',199),(928,'2023_04_25_11400_AddColumnPersonConfigMultimoneda',199),(929,'2023_05_04_11400_AddColumnReceiptPendiente',200),(930,'2023_05_14_11400_AddColumnPeriodLiquidationIVAReducMonos',201),(931,'2023_05_15_110400_AddFieldTaxesSubDomainEcommerce',202);
INSERT INTO `migrations` VALUES (932,'2023_05_16_11400_AddColumnInvProductoDepositos',202),(933,'2023_05_17_110400_AddFieldTaxesSubDomainLayout',203),(934,'2023_05_21_11400_AddColumnPersonConfigAgPerRet',203),(935,'2023_05_22_11400_AddColumnInvProductoShowInCatalogo',203),(936,'2023_05_23_110400_TableInvProductoFotos',204),(937,'2023_05_30_110400_TablesBienesPersonalesV2023',205),(938,'2023_05_24_11400_AddColumnRetentions',206),(939,'2023_05_29_110400_AddModuleTesoreriaReportes',206),(940,'2023_05_30_110401_AddModulosTMSCobranzas',207),(941,'2023_06_01_11400_ModifyRegistersTesoreriaCuentas',207),(942,'2023_06_03_110400_AddDocumentoComercialRemito',208),(943,'2023_06_04_110400_ModifyColumnSubdomainIsCatalogo',208),(944,'2023_06_05_110400_AddModulosTaxesSubdomain',209),(945,'2023_06_08_110400_UpdateSicoreRegimenes',209),(946,'2023_06_08_110401_UpdateVencimientosPerson2023',209),(947,'2023_06_08_110400_AddModuleSubdominio',210),(948,'2023_06_08_110401_AddRegisterTaxesServicioLanding',210),(949,'2023_06_10_110400_TableDcOrdenOrigenDestino',210),(950,'2023_06_12_110400_AddDocumentoComercialRemitoEgreso',210),(951,'2023_06_12_110401_AddColumnInvOtProductoDcOrdenId',210),(952,'2023_06_15_110400_TableDcOrdenesFiles',211),(953,'2023_06_17_110400_AddColumnTdbAbuelaContactado',212),(954,'2023_06_21_110400_UpdateMonotributosJulio2023',212),(955,'2023_06_21_110401_AddDocumentoComercialRemitoInterno',213),(956,'2023_06_21_114002_AddColumnDcOrdenesDetailsInvProductoDestino',213),(957,'2023_06_21_11400_AddColumnInvProductoPrioridad',213),(958,'2023_06_25_110400_AddModulosTMSRemitos',214),(959,'2023_06_27_110402_UpdateGananciasArt90Tope',214),(960,'2023_06_27_114000_AddColumnInvOrdenTrabajosResponsable',214),(961,'2023_06_27_114001_AddColumnInvOrdenTrabajosFechaCierre',214),(962,'2023_06_21_110401_UpdatePlanesJulio2023',215),(963,'2023_06_29_114000_AddColumnTicketsClienteId',215),(964,'2023_06_30_110400_AddColumnDcOrdenIsCompletado',216),(965,'2023_07_01_110400_AddDCOrdenIngresoCompra',216),(966,'2023_07_02_110400_AddDocumentoComercialRemitoIngresoFromOc',216),(967,'2023_07_03_110400_ModifyRegisterDCOrdenesOrigenTipo',217),(968,'2023_07_03_114001_AddColumnDcOrdenesTitulo',217),(969,'2023_07_04_110400_AddImpuestoRegSimpNequen',218),(970,'2023_07_04_110401_AddImpuestoRegSimpRioNegro',218),(971,'2023_07_04_110402_AddReceiptTypeOtroCompA',218),(972,'2023_07_07_114000_AddColumnPersonFantasyName',219),(973,'2023_04_10_110401_UpdateTopesJubilatoriosJunio2023',220),(974,'2023_07_07_110400_UpdateAutonomosJunio2023',220),(975,'2023_07_09_110400_TableTaxesSubdomainTipos',220),(976,'2023_07_10_110402_AddReceiptTypeTiqueNotaDeCreditoA',220),(977,'2023_07_11_110400_UpdateImportePlanesJulio2023',220),(978,'2023_07_12_110400_AddColumnDcOrdenMoneda',221),(979,'2023_07_12_110401_AddMonedaEuro',221),(980,'2023_08_01_110400_TableDcOrdenesFirmas',222),(981,'2023_08_01_110401_AddModulosTMSFirmarRemitos',222),(982,'2023_08_05_110400_TableDcFirmasReglas',222),(983,'2023_08_05_110401_AddFieldsDcFirmas',222),(984,'2023_08_07_110400_AddModulosTMSFirmarOc',223),(985,'2023_08_08_110400_AddDcEstadoEliminado',223),(986,'2023_08_11_110400_AddModulosTMSProduccionReq',223),(987,'2023_08_13_110400_AddColumnStockMovimientoDetalle',223),(988,'2023_08_13_110401_TableInvOrdenTrabajoServicios',224),(989,'2023_08_13_110402_AddDCRemitoServicioOT',224),(990,'2023_08_13_110403_TableDCOrdenServicioCompra',224),(991,'2023_08_15_110400_CorreccionesTableInvHoras',225),(992,'2023_08_16_110400_AddColumnOTProductoImporte',226),(993,'2023_08_22_110400_AddColumnHorasDisponibles',226),(994,'2023_08_22_110401_AddModulosTMSFirmarHoras',226),(995,'2023_08_22_110402_AddColumnHorasDispoType',226),(996,'2023_08_24_110400_ModifyColumnDcOrdenNumeroATexto',227),(997,'2023_08_25_110400_AddColumnOtClasificacion',227),(998,'2023_08_27_110400_ModifyColumnDcOrdenNumeroANumero',227),(999,'2023_08_29_110400_AddColumnDcOrdenMultiplesOt',228),(1000,'2023_08_31_110400_AddColumnNFCtaCteCompensado',228);
INSERT INTO `migrations` VALUES (1001,'2023_09_01_110400_ModifyIOrigenDestinoHorasTipos',229),(1002,'2023_09_04_110400_AddModulosTMSFirmarProductos',229),(1003,'2023_09_11_110400_AddColumnHorasTiposImporte',229),(1004,'2023_09_12_110400_AddColumnOtClasificacion',229),(1005,'2023_09_12_110400_AddFirmarRemitosDeIngreso',229),(1006,'2023_09_12_110401_AddColumnInvOrdenTrabajoPatente',229),(1007,'2023_09_12_110400_AddColumnOtClasificacionV1',230),(1008,'2023_09_14_110400_TableInvOrdenTrabajoTareas',230),(1009,'2023_09_14_110401_AddModulosTMSTareas',230),(1010,'2023_09_14_110402_CentroCostosCorreciones',230),(1011,'2023_09_21_110401_TableReceiptDcOrden',231),(1012,'2023_09_24_110400_AddTableReceiptsDcFirmaId',231),(1013,'2023_09_24_110401_AddModulosTMSFirmarFacturasCompra',231),(1014,'2023_09_25_110400_ModifySistemTaxesOnlyTMS',231),(1015,'2023_09_25_110400_UpdateGananciasArt902023',231),(1016,'2023_09_26_110400_TableOrdenDePago',232),(1017,'2023_09_27_110400_TableOrdenDePagoReceipts',233),(1018,'2023_09_27_110401_UpdateReceitpsFirmaId',233),(1019,'2023_09_29_110400_AddModulosTMSCuentas',234),(1020,'2023_10_02_110400_AddModulosTMSCuentasV1',234),(1021,'2023_10_02_110401_UpdateTableReceitpsFirmaIdDefault',234),(1022,'2023_10_05_110400_AddColumnReceiptOrdenesImporte',235),(1023,'2023_10_10_110400_AddColumnReceiptOrdenesOC',236),(1024,'2023_10_11_110400_AddColumnDCFirmasEmitido',236),(1025,'2023_10_12_110400_AddRegisterReceiptRedondeo',236),(1026,'2023_10_15_110400_ModifyColumnReceiptComentario',237),(1027,'2023_10_16_110400_AddRegisterTypesSIRTAC',238),(1028,'2023_10_17_110400_AddCuentasContableSirtac',239),(1029,'2023_10_18_110400_AddModulosWhatsApp',240),(1030,'2023_10_18_110401_TablesWhatsApp',240),(1031,'2023_10_20_110400_TableWsTelefonos',240),(1032,'2023_10_21_110400_TablePaisesPrefijos',240),(1033,'2023_10_23_110400_AddModulosContactos',240),(1034,'2023_10_23_110401_AddColumnWsContactoPersonId',240),(1035,'2023_10_23_110402_ImportarContactosUserMaster',240),(1036,'2023_10_24_110400_AddColumnHorasTiposShow',240),(1037,'2023_10_25_110400_TableOrdenesTrabajoFiles',241),(1038,'2023_10_30_110400_UpdateTopesJubilatoriosOctubre2023',241),(1039,'2023_11_06_110400_TableDcOrdenesRevocadas',242),(1040,'2023_11_07_110400_AddModulosTMSRevocacion',242),(1041,'2023_11_13_110400_SPMonotributistasOnlyActive',242),(1042,'2023_11_13_110401_DcOrdenDePagoReceiptNull',243),(1043,'2023_11_20_110400_TableCalendario',243),(1044,'2023_11_26_110400_TableTaxesJobs',243),(1045,'2023_11_26_110401_CopyImpuestosAlCalendario',243),(1046,'2023_11_27_110400_AddModuloInicio',243),(1047,'2023_11_27_110401_AddModuloAgenda',243),(1048,'2023_12_05_110400_TableLinkOtsFacturas',244),(1049,'2023_12_06_110400_UpdateTableAjPorInflacionIndicesV20231206',244),(1050,'2023_12_11_110400_AddColumnDcOrdenFilesOriginalName',245),(1051,'2023_12_12_110400_AddColumnCalendarDescripcionText',245),(1052,'2023_12_12_110401_TableCalendarReservas',245),(1053,'2023_12_14_110400_AddModuloTurnos',246),(1054,'2023_12_14_110401_UpdateTopesJubilatoriosDiciembre2023',246),(1055,'2023_12_17_110400_TableCalendarTurnosDispoDatos',247),(1056,'2023_12_21_110400_TableSyJG4Art902024',248),(1057,'2023_12_24_110400_AddRegisterTaxesSubdomainTipoTurno',249),(1058,'2023_12_26_110400_AddColumnCalendarNivel12Detalle',249),(1059,'2023_12_27_110400_AddColumnCalendarTurDispoDuracion',250),(1060,'2023_12_27_110401_AddColumnWsEnviarMensajesStart',251),(1061,'2023_12_29_110400_AddTaxesSubDomainTuRecibo',251),(1062,'2024_01_02_110400_UpdateTableVtoVencimiento2024',251),(1063,'2024_01_02_110401_UpdateTableVtoVencimientoMonyAut2024',251),(1064,'2024_01_02_110402_UpdateTableVtoVencimientoIIBB2024',251),(1065,'2024_01_02_110403_UpdateTableVtoVencimientoIIBBVarios2024',251),(1066,'2024_01_02_110404_UpdateAutonomosMonotributoEne2024',251),(1067,'2024_01_04_110400_TableTicketsCuentasTesoreria',252),(1068,'2024_01_07_110400_AddColumnCobradores',252),(1069,'2024_01_07_110401_AddModulosAdministracion',252);
INSERT INTO `migrations` VALUES (1070,'2024_01_08_110400_AddModulosAdministracionV1',253),(1071,'2024_01_09_110400_AddCamposOrdenesCompra',253),(1072,'2024_01_10_110400_TableFormaDeEntrega',253),(1073,'2024_01_24_110400_AddRegisterDbTaxesPuntoVenta',254),(1074,'2024_01_28_110400_AddModuloPanel',254),(1075,'2024_01_29_110400_TablePanelUsers',254),(1076,'2024_02_03_110400_TablePanelUserMovimientos',254),(1077,'2024_02_06_110400_TablePanelUserTransferencias',254),(1078,'2024_02_08_110400_AddColumnCobradoresTelefono',254),(1079,'2024_02_11_110400_AddColumnCuentasTesoreriaToken',255),(1080,'2024_02_12_110400_AddModuloPanelCajeros',256),(1081,'2024_02_13_110400_AddColumnBancosClaves',256),(1082,'2024_02_16_110400_AddColumnPanelUserTransfer',257),(1083,'2024_02_17_110400_AddPathOfFileReporteMovimientos',258),(1084,'2024_02_17_110401_TableDcOrdenEmpleado',258),(1085,'2024_02_19_110400_AddRegisterTaxesSubdomainTipoContable',259),(1086,'2024_02_22_110400_AddColumnPanelUserCajeroUserClave',259),(1087,'2024_02_23_110400_TableCobradoresDatos',259),(1088,'2024_02_23_110401_AddColumnPanelUserCobradorId',259),(1089,'2024_02_23_110402_ModifyColumnPanelUserMovimientoDocument',260),(1090,'2024_02_25_110400_AddColumnCuentasTesoreriaCUIT',261),(1091,'2024_02_25_110400_TableCobradoresEstado',262),(1092,'2024_02_26_110400_AddColumnProductoFechaVto',263),(1093,'2024_02_28_110400_ModifyReceiptColumnPendiente',264),(1094,'2024_02_29_110400_Periods20240229',265),(1095,'2024_03_07_110400_AddTaxesSubdomainPanel',266),(1096,'2024_03_14_110400_AddReceiptTypeVarios',266),(1097,'2024_03_14_110401_AddColumnCobradoresDatosUrl',267),(1098,'2024_03_19_110400_AddColumnShowUserTaxesEmpresas',267),(1099,'2024_03_19_110401_AddColumnDcOrdenesSyJEmpleadoId',267),(1100,'2024_03_19_110402_DeleteTableDcOrdenEmpleado',268),(1101,'2024_03_21_110400_AddDcOrdenAnulacion',269),(1102,'2024_04_01_110400_TableRodados',269),(1103,'2024_04_01_110401_AddModuloRodados',269),(1104,'2024_04_02_110400_AddColumnPanelMovimietoPath',269),(1105,'2024_04_02_110401_UpdateTopesJubilatoriosMarzo2024',269),(1106,'2024_04_03_110400_AddOtRodadoId',270),(1107,'2024_04_03_110401_ModifyColumnDcOrdenesOrigenDestinoHabilitado',270),(1108,'2024_04_10_110400_AddColumnDcOrdenesFechaAsignacion',271),(1109,'2024_04_11_110400_TablePersonPagos',271),(1110,'2024_04_15_110400_TableRodadosFiles',272),(1111,'2024_04_16_110400_TruncateUploadFile',272),(1112,'2024_04_18_110400_MigrationPrueba',273),(1113,'2024_04_21_110400_AddColumnDcOrdenesFechaCumplido',273),(1114,'2024_04_24_110400_AddColumnPersonsPersonPagosLugares',274),(1115,'2024_04_25_110400_AddColumnRodados',275),(1116,'2024_04_26_110400_TableCobradoresMetodos',275),(1117,'2024_04_27_110400_AddColumnApiTokenTusers',276),(1118,'2024_04_29_110400_AddColumnSyJEmpleadosIsComprador',276),(1119,'2024_05_01_110400_TableApiRecibidas',277),(1120,'2024_05_02_110400_AddColumnCtaCteClienteFechaVencimiento',277),(1121,'2024_05_06_110400_AddColumnDcOrdenesODIsDeposito',278),(1122,'2024_05_06_110401_AddDcOrdenRemitoGasto',278),(1123,'2024_05_06_110402_AddModuloRemitoDeGastos',278),(1124,'2024_05_12_110400_TableRodadosCargas',279),(1125,'2024_05_12_110401_AddModuloRodadosConfig',279),(1126,'2024_05_13_110400_TableRodadosCargasControl',279),(1127,'2024_05_14_110400_AddModuloRodadosV1',279),(1128,'2024_05_14_110401_TableRodadosKms',279),(1129,'2024_05_17_110400_AddModuloPreFactura',279),(1130,'2024_05_17_110401_TablePreFacturas',279),(1131,'2024_05_18_110400_AddRegisterBancoICBC',279),(1132,'2024_05_20_110400_AddColumnCtaCteNumero',280),(1133,'2024_05_21_110400_AddColumnCtaCteChequeDetailId',281),(1134,'2024_05_21_110401_AddColumnCtaCteChequeTesoreriaDetailId',282),(1135,'2024_05_24_110400_AddRegisterBancoBMASAU',283),(1136,'2024_05_26_110400_AddRegisterTesoreriaCuentasTiposEfecSuf',283),(1137,'2024_05_26_110401_AddColumnCuentasTesoreriaRetentionTypeId',284),(1138,'2024_05_28_110400_AddColumnRetentionTesoreriaDetailId',284),(1139,'2024_05_28_110401_ContaPlanCuentaPercIIBBAddCuentas',285);
INSERT INTO `migrations` VALUES (1140,'2024_05_29_110400_BalanceLibroPolimorfica',286),(1141,'2024_05_30_110400_TableDcOrdenDePagoCheques',287),(1142,'2024_05_30_110401_BalanceLibroPolimorficaRunRegistros',288),(1143,'2024_06_03_110400_AddColumnPreFacturasFacId',289),(1144,'2024_06_10_110400_ModifyRegistroContaPlanCuentaCompensaciones',290),(1145,'2024_06_19_110400_RegimenesRetPerIVAPersons',291),(1146,'2024_06_24_110400_AddDcOrdenCotizaciones',292),(1147,'2024_07_04_110400_AddColumnCtaCteClientePivotReceiptIsACuenta',293),(1148,'2024_07_07_110400_AddColumnOtEmpleadoId',294),(1149,'2024_06_27_110400_ModulosPpc',295),(1150,'2024_06_27_110401_TablesPPC',295),(1151,'2024_07_14_110400_AddColumnPpcReceiptsEstados',296),(1152,'2024_07_28_110404_UpdateAutonomosMonotributoJul2024',297),(1153,'2024_07_29_110400_AddColumnCuitBancos',298),(1154,'2024_07_29_110400_UpdateTableVtoVencimientoIIBBCorrientes24',298),(1155,'2024_07_29_110403_UpdateTableVtoVencimientoIIBBSicol',298),(1156,'2024_07_30_110400_AddColumnContaPlanCuentaShowIn',298),(1157,'2024_08_01_110400_TablesSicoreEscalas',299),(1158,'2024_08_07_110400_AddColumnCtaCteClienteUserIdQueFirma',300),(1159,'2024_08_08_110400_AddColumnSyJLiqEmpleadoPublicar',301),(1160,'2024_08_21_110400_UpdateTopesJubilatoriosAgosto2024',302),(1161,'2024_08_22_110400_AddModulosTMSPanolABM',303),(1162,'2024_08_22_110401_TableUsersPermisos',303),(1163,'2024_08_24_110400_TableProductosMoves',303),(1164,'2024_08_29_110400_AddColumnDcOrdenDetailInvDepositoIdDestino',304),(1165,'2024_09_01_110400_AddDcOrdenDevolucion',305),(1166,'2024_09_02_110400_AddColumnProductoUbicacionPersonId',306),(1167,'2024_09_03_110400_AddColumnInvOTFechaEstimada',307),(1168,'2024_09_06_110400_AddColumnInvOTTareasHorasEstimadas',308),(1169,'2024_09_09_110400_TableRetentionsDetails',309),(1170,'2024_09_30_110401_AddModuloPanelMovimientos',310),(1171,'2024_10_02_110400_AddRegisterContaTipoAsientoComp',310),(1172,'2024_09_30_110400_TablesHorasOt',311),(1173,'2024_10_08_110400_AddColumnSyJEmpleadoJefeId',311),(1174,'2024_10_09_110400_AddModuloRegistrarEmpleadoOt',311),(1175,'2024_10_13_110400_TableUserModuleDefault',311),(1176,'2024_14_30_110400_AddModuloHorasTms',311),(1177,'2024_10_14_110400_AddModuloTableroControl',312),(1178,'2024_10_14_110401_TablesCPCNiveles',312),(1179,'2024_10_15_110400_AddRegisterConsultaTableroControl',313),(1180,'2024_10_16_110400_AddColumnUserHiddenMenu',314),(1181,'2024_10_16_110401_AddDcOrdenEgrDevolucion',314),(1182,'2024_10_19_110400_TableSuscripPlanCustom',315),(1183,'2024_10_21_110400_ModifyTablesCuentasPanel',315),(1184,'2024_10_225_110400_Ganancias2024',316),(1185,'2024_11_04_110400_Ganancias2024V2',317),(1186,'2024_11_06_110400_AddColumnSyJLiquidacionCalcGciasEstaLiq',318),(1187,'2024_11_08_110400_ModifyTableHorasCalculadasDetails',319),(1188,'2024_11_11_110400_TableConciliaciones',320),(1189,'2024_11_12_110400_ModifyTableInvOtTareasHsEstimadas',321),(1190,'2024_11_21_110400_AddColumnDcOrdenesIsPagada',321),(1191,'2024_12_03_110400_AddDcOrdenRemitoServicio',321),(1192,'2024_12_18_110400_UpdateTopesJubilatoriosDiciembre2024',322),(1193,'2024_12_26_110400_RegimenesIIBBPersons',323),(1194,'2024_12_26_110401_AddModuloSimuladorGanancias',323),(1195,'2024_12_26_110402_AddColumnSyJEmpHasUserSimGcias',323),(1196,'2024_12_26_110403_AddTaxesSubdomainSimulador',323),(1197,'2024_12_28_110400_TableSimGciasRemuneraciones',324),(1198,'2025_01_01_100_UpdateTableVtoVencimiento2025',324),(1199,'2025_01_01_101_UpdateTableVtoVencimientoMonyAut2025',324),(1200,'2025_01_14_100_TablesPersonsFiles',325),(1201,'2025_01_14_101_AddColPpcReceiptFechaVto',326),(1202,'2025_01_16_101_ModifyTipesMails',327),(1203,'2025_01_027_100_Ganancias202501',328),(1204,'2025_01_28_100_UpdateTopesJubilatorios202501',328),(1205,'2025_01_28_101_AddColSimGciasRemunSyjLiqEmpId',329),(1206,'2025_02_11_100_ModifyCondicionFrenteAlIVA20250211',329),(1207,'2025_02_11_111_UpdateMonotributo202501',329),(1208,'2025_02_18_100_ModifyTableParentesco',330);
INSERT INTO `migrations` VALUES (1209,'2025_02_21_100_AddColTableDeducGralDetailPeriodId',331),(1210,'2025_02_21_101_ModifyDeducciones202502',331),(1211,'2025_02_24_100_ModifyFamiliares',332),(1212,'2025_03_04_100_TablesPersonFormCustom',333),(1213,'2025_03_07_100_CorreccionCondIVAFAMasiva',334),(1214,'2025_03_09_100_AddColCalendarTurDisDatoId',335),(1215,'2025_03_10_110_UpdateImpuestoIIBBMendoza202503',336),(1216,'2025_03_10_111_AddModuloOrdenTrabajo',337),(1217,'2025_03_12_110_AddPathOfFileExcelSf',338),(1218,'2025_03_14_100_TablesInvOtDevoluciones',339),(1219,'2025_03_17_100_AddColCalendarInvOtId',340),(1220,'2025_03_18_100_AddColInvStockMovimientoFecha',341),(1221,'2025_03_19_100_AddColSyJEmpleadosColor',342),(1222,'2025_03_23_100_TableInvOtsFacturadas',343),(1223,'2025_03_25_100_ModifyReceiptTypeB',344),(1224,'2025_03_25_101_AddVtoImpuestoSircar',345),(1225,'2025_03_26_100_AddColOtDevolucionProductosNeto',346),(1226,'2025_03_27_100_TableInvOtsPresupuestos',346),(1227,'2025_03_28_100_TableInvDCEstadoDecisiones',347),(1228,'2025_03_31_100_AddColOTDireccion',348),(1229,'2025_03_31_101_AddColPersonsLatitudLongitud',349),(1230,'2025_04_02_100_AddColReceiptCtaCteTesoreriaId',350),(1231,'2025_04_06_100_AddColReceiptIsNoFiscal',351),(1232,'2025_04_07_100_AddColDcOrdenesFacturadasReceiptId',351),(1233,'2025_04_07_101_AddColInvOrdenTrabajoFacturadaReceiptId',352),(1234,'2025_04_10_100_TablePersonCobradorHistory',353),(1235,'2025_04_21_100_AddColStockMovimientoMonedaId',353),(1236,'2025_04_21_101_AddModuloTallerReportes',354),(1237,'2025_04_21_102_TablePermisos',354),(1238,'2025_04_22_100_AddRegistroUserPermisosOts',354),(1239,'2025_04_23_100_TablePermisosLevel2Types',354),(1240,'2025_04_23_101_RemoveColumnIsDelExterior',355),(1241,'2025_04_12_100_AddModuloDespachoImportacion',356),(1242,'2025_04_12_101_TableDespachos',356),(1243,'2025_04_23_102_AddPermisosLevel2Types',356),(1244,'2025_04_24_100_AddColHorasFichajesV1',356),(1245,'2025_04_29_100_ModifiyDespachoCierreProductId',357),(1246,'2025_05_06_100_AddColumnInvOtResponsableId',358),(1247,'2025_05_08_100_ModifyReceiptTypeBV1',359),(1248,'2025_05_09_101_AddReceiptTypeNCDespacho',360),(1249,'2025_05_09_100_TablePagosACuentas',361),(1250,'2025_05_12_100_AddColDespachoCierreCant',362),(1251,'2025_05_13_100_ModifiyCuentaContableNoEdit',362),(1252,'2025_05_13_101_AddColDespachoCierreV1',362),(1253,'2025_05_20_100_AddColumnInvCtaCteClienteUserCtaCteId',363),(1254,'2025_05_20_101_AddColumnInvOtProductoMonedaId',364),(1255,'2025_06_01_100_AddColumnHorasFichajesFecha',365),(1256,'2025_06_02_100_AddModuloHorasPortalEmpleado',365),(1257,'2025_06_03_100_AddColumnSyJEmpHsInicio',366),(1258,'2025_06_05_100_AddColumnUserCtaCteFactElecId',367),(1259,'2025_06_08_100_AddRegisterTaxesServicios',368),(1260,'2025_06_14_100_UpdateTableVtoVencimientoIIBBCorrientes25',368),(1261,'2025_06_17_100_AddModuloOV',369),(1262,'2025_07_04_100_SetCondicionFrenteAlIva',369),(1263,'2025_07_06_100_AddRegisterPersonCustomServiciosFormDCOrden',370),(1264,'2025_07_09_100_AddColumnDcOrdenIsGarantia',371),(1265,'2025_07_10_100_AddReferenciaAntiguedadCamioneros',372),(1266,'2025_07_11_100_AddFuncionImporteContHugo',372),(1267,'2025_07_15_100_TablesPanelLiquidacion',373),(1268,'2025_07_17_100_AddColumnMLResponse',374),(1269,'2025_07_18_100_AddColumnMLResponseDatos',374),(1270,'2025_07_31_100_TablesProductosVariantes',374),(1271,'2025_08_03_100_AddPermisoVariants',374),(1272,'2025_06_26_100_TablesDCOrdenesDeVenta',375),(1273,'2025_08_15_100_UpdateTmodulesIconsToBootstrapIcons',375),(1274,'2025_08_19_100_UpdateValoresMonotributo202508',376),(1275,'2025_08_20_100_AddDcOrdenTipoOcEmpresas',377),(1276,'2025_08_25_100_add_elimination_fields_to_path_of_file',378),(1277,'2025_08_27_100_AddReceiptType',379),(1278,'2025_08_29_100_TableListaDePrecios',380),(1279,'2025_08_29_101_AddListaPrecioToTickets',380),(1280,'2025_09_01_100_AddFuncionPromedioHsExContHugo',381),(1281,'2025_09_01_101_TablePeriodJornales',381);
INSERT INTO `migrations` VALUES (1282,'2025_09_01_102_AddFuncionPromedioHsExContHugoValor',382),(1283,'2025_09_09_100_TableOvOcPresupuestos',383),(1284,'2025_09_10_100_CreateTableDcSolFacOcc',384),(1285,'2025_09_12_100_create_dc_ov_remc_occ_table',385),(1286,'2025_09_20_100_PspCtasRecas',386),(1287,'2025_09_20_101_PspCredentials',386),(1288,'2025_09_20_102_PspCompanies',386),(1289,'2025_09_20_103_PspCvus',386),(1290,'2025_09_20_104_PspMovements',386),(1291,'2025_09_20_105_PspAccountLedger',386),(1292,'2025_09_20_106_PspPayouts',386),(1293,'2025_09_20_107_PspWebhooks',386),(1294,'2025_09_20_108_PspBalanceSnapshots',386),(1295,'2025_09_20_109_PspAgContactos',386),(1296,'2025_09_20_110_PspLimitesOperacion',386),(1297,'2025_09_20_200_AddModuloHomeBanking',386),(1298,'2025_09_20_201_AddModulePspRecaudadora',386),(1299,'2025_09_21_100_AddModuloHomeBankingDocs',386),(1300,'2025_09_22_002_copy_system_taxes_to_psp',386),(1301,'2025_09_22_072732_create_psp_conceptos_table',386),(1302,'2025_09_23_111_PspComisiones',386),(1303,'2025_09_25_001_CreatePspDocumentsTables',386),(1304,'2025_09_29_100_AddPermisoTickets',386),(1305,'2025_10_06_100_add_devolucion_fields_to_tickets',386),(1306,'2025_10_06_101_AddPermisoTicketsDevolucion',386),(1307,'2025_10_06_102_AddColumnTicketRegisNC',386),(1308,'2025_10_06_103_AddRedondeoToListaDePrecios',387),(1309,'2025_10_08_100_Add_prod_variant_id_to_dc_ordenes_details_table',388),(1310,'2025_10_12_100_AddColumnSyJEmpleadoDeposito',389),(1311,'2025_09_20_103_CreatePspSucursalesTable',390),(1312,'2025_09_20_104_CreatePspCajasTable',390),(1313,'2025_09_20_105_CreatePspCvusTable',390),(1314,'2025_09_20_106_PspMovements',390),(1315,'2025_09_20_107_PspAccountLedger',390),(1316,'2025_09_20_108_PspPayouts',390),(1317,'2025_09_20_109_PspWebhooks',390),(1318,'2025_09_20_110_PspBalanceSnapshots',390),(1319,'2025_09_20_111_PspAgContactos',390),(1320,'2025_09_20_112_PspLimitesOperacion',390),(1321,'2025_10_16_001_create_bind_apibank_webhook_tables_in_dbtaxes',390),(1322,'2025_10_16_002_create_bind_apibank_tables_in_tenants',390),(1323,'2025_10_16_003_alter_cta_cte_tesoreria_for_bind_apibank',390),(1324,'2025_10_19_234350_add_codigo_bind_to_zones_with_data',390),(1325,'2025_10_20_001_add_apibank_fields_to_psp_tables',391),(1326,'2025_10_23_001_add_certificate_paths_to_bind_apibank_credentials',391),(1327,'2025_10_29_100_AddProdVariantIdToInvProductReceipt',392),(1328,'2025_10_30_100_AddPermisoTicketsCambio',393),(1329,'2025_10_31_100_AddColumnDcOrdenIsReceiptCredit',394),(1330,'2025_11_03_100_AddPermisoOrdenesVenta',395),(1331,'2025_11_04_100_AddColumnDcOrdenNumeroText',395),(1332,'2025_11_04_101_AddFuncionValorLiqConcAsoc',395),(1333,'2025_11_05_100_CreateDcOvOrigenesUsers',396),(1334,'2025_11_10_100_create_dc_ordenes_pdf_templates_table',397),(1335,'2025_11_11_100_AddColumnsGarantiaMantenimientoComentarioDcOrdenes',398),(1336,'2025_11_11_101_add_default_and_lista_precios_to_tickets_registradora',399),(1337,'2025_11_17_100_add_barcode_config_to_person_configurations_table',400);

--
-- Table structure for table `ml`
--

CREATE TABLE `ml` (
  `id` int(10) unsigned NOT NULL AUTO_INCREMENT,
  `user_id` int(10) unsigned DEFAULT NULL,
  `taxes_servicio_id` int(10) unsigned NOT NULL DEFAULT '5',
  `person_id` int(10) unsigned NOT NULL,
  `person_id_relationed` int(10) unsigned NOT NULL,
  `ml_user_id` varchar(191) COLLATE utf8mb4_unicode_ci DEFAULT NULL,
  `nick_name` varchar(191) COLLATE utf8mb4_unicode_ci DEFAULT NULL,
  `access_token` varchar(191) COLLATE utf8mb4_unicode_ci DEFAULT NULL,
  `code` varchar(191) COLLATE utf8mb4_unicode_ci DEFAULT NULL,
  `refresh_token` varchar(191) COLLATE utf8mb4_unicode_ci DEFAULT NULL,
  `comentario` varchar(191) COLLATE utf8mb4_unicode_ci DEFAULT NULL,
  `response` json DEFAULT NULL,
  `response_datos` json DEFAULT NULL,
  `habilitado` tinyint(1) NOT NULL DEFAULT '1',
  `created_at` timestamp NULL DEFAULT NULL,
  `updated_at` timestamp NULL DEFAULT NULL,
  `deleted_at` timestamp NULL DEFAULT NULL,
  PRIMARY KEY (`id`),
  KEY `ml_person_id_foreign` (`person_id`),
  KEY `ml_person_id_relationed_foreign` (`person_id_relationed`),
  CONSTRAINT `ml_person_id_foreign` FOREIGN KEY (`person_id`) REFERENCES `persons` (`id`),
  CONSTRAINT `ml_person_id_relationed_foreign` FOREIGN KEY (`person_id_relationed`) REFERENCES `persons` (`id`)
) ENGINE=InnoDB DEFAULT CHARSET=utf8mb4 COLLATE=utf8mb4_unicode_ci;

--
-- Dumping data for table `ml`
--


--
-- Table structure for table `ml_item_producto`
--

CREATE TABLE `ml_item_producto` (
  `id` bigint(20) unsigned NOT NULL AUTO_INCREMENT,
  `person_id` int(10) unsigned NOT NULL,
  `ml_item_id` varchar(191) COLLATE utf8mb4_unicode_ci NOT NULL,
  `inv_producto_id` bigint(20) unsigned DEFAULT NULL,
  `created_at` timestamp NULL DEFAULT NULL,
  `updated_at` timestamp NULL DEFAULT NULL,
  `deleted_at` timestamp NULL DEFAULT NULL,
  PRIMARY KEY (`id`),
  KEY `ml_item_producto_person_id_foreign` (`person_id`),
  KEY `ml_item_producto_inv_producto_id_foreign` (`inv_producto_id`),
  CONSTRAINT `ml_item_producto_inv_producto_id_foreign` FOREIGN KEY (`inv_producto_id`) REFERENCES `inv_productos` (`id`),
  CONSTRAINT `ml_item_producto_person_id_foreign` FOREIGN KEY (`person_id`) REFERENCES `persons` (`id`)
) ENGINE=InnoDB DEFAULT CHARSET=utf8mb4 COLLATE=utf8mb4_unicode_ci;

--
-- Dumping data for table `ml_item_producto`
--


--
-- Table structure for table `ml_orders_facturadas`
--

CREATE TABLE `ml_orders_facturadas` (
  `id` bigint(20) unsigned NOT NULL AUTO_INCREMENT,
  `user_id` int(10) unsigned DEFAULT NULL,
  `person_id` int(10) unsigned NOT NULL,
  `order_id` varchar(191) COLLATE utf8mb4_unicode_ci NOT NULL,
  `fact_elec_receipt_id` int(10) unsigned DEFAULT NULL,
  `id_factura_ml` varchar(191) COLLATE utf8mb4_unicode_ci DEFAULT NULL,
  `created_at` timestamp NULL DEFAULT NULL,
  `updated_at` timestamp NULL DEFAULT NULL,
  `deleted_at` timestamp NULL DEFAULT NULL,
  PRIMARY KEY (`id`),
  KEY `ml_orders_facturadas_person_id_foreign` (`person_id`),
  KEY `ml_orders_facturadas_fact_elec_receipt_id_foreign` (`fact_elec_receipt_id`),
  CONSTRAINT `ml_orders_facturadas_fact_elec_receipt_id_foreign` FOREIGN KEY (`fact_elec_receipt_id`) REFERENCES `fact_elec_receipts` (`id`),
  CONSTRAINT `ml_orders_facturadas_person_id_foreign` FOREIGN KEY (`person_id`) REFERENCES `persons` (`id`)
) ENGINE=InnoDB DEFAULT CHARSET=utf8mb4 COLLATE=utf8mb4_unicode_ci;

--
-- Dumping data for table `ml_orders_facturadas`
--


--
-- Table structure for table `ml_set_facturacion`
--

CREATE TABLE `ml_set_facturacion` (
  `id` bigint(20) unsigned NOT NULL AUTO_INCREMENT,
  `user_id` int(10) unsigned DEFAULT NULL,
  `person_id` int(10) unsigned NOT NULL,
  `cliente_id` int(10) unsigned DEFAULT NULL,
  `taxable_iibb` int(11) NOT NULL DEFAULT '2',
  `type_receipt_id` int(10) unsigned DEFAULT NULL,
  `cond_frente_iva` int(10) unsigned DEFAULT NULL,
  `cond_venta` int(10) unsigned DEFAULT NULL,
  `zone_id` int(10) unsigned DEFAULT NULL,
  `activity_id` int(10) unsigned DEFAULT NULL,
  `punto_venta_id` int(10) unsigned DEFAULT NULL,
  `concepto_id` int(10) unsigned DEFAULT NULL,
  `system_tax_id` int(10) unsigned DEFAULT NULL,
  `habilitado` tinyint(1) NOT NULL DEFAULT '1',
  `created_at` timestamp NULL DEFAULT NULL,
  `updated_at` timestamp NULL DEFAULT NULL,
  `deleted_at` timestamp NULL DEFAULT NULL,
  PRIMARY KEY (`id`),
  KEY `ml_set_facturacion_person_id_foreign` (`person_id`),
  KEY `ml_set_facturacion_cliente_id_foreign` (`cliente_id`),
  KEY `ml_set_facturacion_type_receipt_id_foreign` (`type_receipt_id`),
  KEY `ml_set_facturacion_cond_frente_iva_foreign` (`cond_frente_iva`),
  KEY `ml_set_facturacion_cond_venta_foreign` (`cond_venta`),
  KEY `ml_set_facturacion_zone_id_foreign` (`zone_id`),
  KEY `ml_set_facturacion_activity_id_foreign` (`activity_id`),
  KEY `ml_set_facturacion_punto_venta_id_foreign` (`punto_venta_id`),
  KEY `ml_set_facturacion_concepto_id_foreign` (`concepto_id`),
  KEY `ml_set_facturacion_system_tax_id_foreign` (`system_tax_id`),
  CONSTRAINT `ml_set_facturacion_activity_id_foreign` FOREIGN KEY (`activity_id`) REFERENCES `activities` (`id`),
  CONSTRAINT `ml_set_facturacion_cliente_id_foreign` FOREIGN KEY (`cliente_id`) REFERENCES `persons` (`id`),
  CONSTRAINT `ml_set_facturacion_concepto_id_foreign` FOREIGN KEY (`concepto_id`) REFERENCES `fact_elec_conceptos_afip` (`id`),
  CONSTRAINT `ml_set_facturacion_cond_frente_iva_foreign` FOREIGN KEY (`cond_frente_iva`) REFERENCES `condicion_frente_al_iva` (`id`),
  CONSTRAINT `ml_set_facturacion_cond_venta_foreign` FOREIGN KEY (`cond_venta`) REFERENCES `condiciones_venta` (`id`),
  CONSTRAINT `ml_set_facturacion_person_id_foreign` FOREIGN KEY (`person_id`) REFERENCES `persons` (`id`),
  CONSTRAINT `ml_set_facturacion_punto_venta_id_foreign` FOREIGN KEY (`punto_venta_id`) REFERENCES `fact_elec_puntos_venta` (`id`),
  CONSTRAINT `ml_set_facturacion_system_tax_id_foreign` FOREIGN KEY (`system_tax_id`) REFERENCES `system_taxes` (`id`),
  CONSTRAINT `ml_set_facturacion_type_receipt_id_foreign` FOREIGN KEY (`type_receipt_id`) REFERENCES `receipt_types` (`id`),
  CONSTRAINT `ml_set_facturacion_zone_id_foreign` FOREIGN KEY (`zone_id`) REFERENCES `zones` (`id`)
) ENGINE=InnoDB DEFAULT CHARSET=utf8mb4 COLLATE=utf8mb4_unicode_ci;

--
-- Dumping data for table `ml_set_facturacion`
--


--
-- Table structure for table `monedas`
--

CREATE TABLE `monedas` (
  `id` int(10) unsigned NOT NULL AUTO_INCREMENT,
  `user_id` int(10) unsigned DEFAULT NULL,
  `moneda` text COLLATE utf8mb4_unicode_ci NOT NULL,
  `descripcion_afip` varchar(191) COLLATE utf8mb4_unicode_ci DEFAULT NULL,
  `codigo_afip` varchar(191) COLLATE utf8mb4_unicode_ci DEFAULT NULL,
  `is_default` tinyint(1) NOT NULL DEFAULT '0',
  `descripcion` varchar(191) COLLATE utf8mb4_unicode_ci NOT NULL,
  `simbolo` varchar(191) COLLATE utf8mb4_unicode_ci NOT NULL,
  `habilitado` tinyint(1) NOT NULL DEFAULT '1',
  `created_at` timestamp NULL DEFAULT NULL,
  `updated_at` timestamp NULL DEFAULT NULL,
  `deleted_at` timestamp NULL DEFAULT NULL,
  PRIMARY KEY (`id`)
) ENGINE=InnoDB AUTO_INCREMENT=6 DEFAULT CHARSET=utf8mb4 COLLATE=utf8mb4_unicode_ci;

--
-- Dumping data for table `monedas`
--

INSERT INTO `monedas` VALUES (1,NULL,'PESOS',NULL,'PES',1,'$ Pesos','$',1,'2022-10-24 09:47:06','2023-07-13 00:00:54',NULL),(2,NULL,'DOLARES','Dólar EstadoUnidense','DOL',0,'U$S Oficial Venta','USD',1,'2022-10-24 09:47:06','2023-07-13 00:00:54',NULL),(3,NULL,'DOLARES',NULL,NULL,0,'U$S Blue Venta','U$S',1,'2022-10-24 09:47:06','2023-07-13 00:00:54',NULL),(4,NULL,'DOLARES',NULL,NULL,0,'U$S Mayorista Venta','U$S',0,'2022-10-24 09:47:07','2023-07-13 00:00:54',NULL),(5,NULL,'EUROS','EURO','060',0,'Euro Oficial Venta','€',1,'2023-07-13 00:00:54','2023-07-13 00:00:54',NULL);

--
-- Table structure for table `months`
--

CREATE TABLE `months` (
  `id` int(11) NOT NULL AUTO_INCREMENT,
  `month` int(11) DEFAULT NULL,
  `date_to` varchar(6) DEFAULT NULL,
  `descripcion` varchar(191) NOT NULL,
  PRIMARY KEY (`id`)
) ENGINE=InnoDB AUTO_INCREMENT=13 DEFAULT CHARSET=latin1;

--
-- Dumping data for table `months`
--

INSERT INTO `months` VALUES (1,1,'-01-31','enero'),(2,2,'-02-28','febrero'),(3,3,'-03-31','marzo'),(4,4,'-04-30','abril'),(5,5,'-05-31','mayo'),(6,6,'-06-30','junio'),(7,7,'-07-31','julio'),(8,8,'-08-31','agosto'),(9,9,'-09-30','septiembre'),(10,10,'-10-31','octubre'),(11,11,'-11-30','noviembre'),(12,12,'-12-31','diciembre');

--
-- Table structure for table `nacionalidad`
--

CREATE TABLE `nacionalidad` (
  `id` int(10) unsigned NOT NULL AUTO_INCREMENT,
  `user_id` int(10) unsigned DEFAULT NULL,
  `descripcion` varchar(191) COLLATE utf8mb4_unicode_ci NOT NULL,
  `habilitado` tinyint(1) NOT NULL DEFAULT '1',
  `created_at` timestamp NULL DEFAULT NULL,
  `updated_at` timestamp NULL DEFAULT NULL,
  `deleted_at` timestamp NULL DEFAULT NULL,
  PRIMARY KEY (`id`),
  UNIQUE KEY `nacionalidad_descripcion_unique` (`descripcion`)
) ENGINE=InnoDB AUTO_INCREMENT=3 DEFAULT CHARSET=utf8mb4 COLLATE=utf8mb4_unicode_ci;

--
-- Dumping data for table `nacionalidad`
--

INSERT INTO `nacionalidad` VALUES (1,NULL,'Argentina',1,'2020-05-28 20:55:23','2020-05-28 20:55:23',NULL),(2,NULL,'Extranjero',1,'2020-05-28 20:55:23','2020-05-28 20:55:23',NULL);

--
-- Table structure for table `nf_cta_cte`
--

CREATE TABLE `nf_cta_cte` (
  `id` int(10) unsigned NOT NULL AUTO_INCREMENT,
  `user_id` int(10) unsigned DEFAULT NULL,
  `nf_receipt_id` int(10) unsigned DEFAULT NULL,
  `tipo_asiento_id` int(10) unsigned NOT NULL,
  `person_id` int(10) unsigned NOT NULL,
  `person_id_relationed` int(10) unsigned NOT NULL,
  `period_id` int(10) unsigned NOT NULL,
  `cta_cte_tesoreria_cuenta_id` int(10) unsigned NOT NULL,
  `saldo_id` int(10) unsigned NOT NULL,
  `compensado` tinyint(1) NOT NULL DEFAULT '0',
  `fecha` date DEFAULT NULL,
  `total` decimal(16,2) NOT NULL,
  `moneda_id` int(10) unsigned NOT NULL DEFAULT '1',
  `comentario` varchar(191) COLLATE utf8mb4_unicode_ci DEFAULT NULL,
  `file` varchar(191) COLLATE utf8mb4_unicode_ci DEFAULT NULL,
  `created_at` timestamp NULL DEFAULT NULL,
  `updated_at` timestamp NULL DEFAULT NULL,
  `deleted_at` timestamp NULL DEFAULT NULL,
  PRIMARY KEY (`id`),
  KEY `nf_cta_cte_nf_receipt_id_foreign` (`nf_receipt_id`),
  KEY `nf_cta_cte_person_id_foreign` (`person_id`),
  KEY `nf_cta_cte_person_id_relationed_foreign` (`person_id_relationed`),
  KEY `nf_cta_cte_period_id_foreign` (`period_id`),
  KEY `nf_cta_cte_cta_cte_tesoreria_cuenta_id_foreign` (`cta_cte_tesoreria_cuenta_id`),
  KEY `nf_cta_cte_saldo_id_foreign` (`saldo_id`),
  KEY `nf_cta_cte_tipo_asiento_id_foreign` (`tipo_asiento_id`),
  KEY `nf_cta_cte_moneda_id_foreign` (`moneda_id`),
  CONSTRAINT `nf_cta_cte_cta_cte_tesoreria_cuenta_id_foreign` FOREIGN KEY (`cta_cte_tesoreria_cuenta_id`) REFERENCES `cta_cte_tesoreria_cuentas` (`id`),
  CONSTRAINT `nf_cta_cte_moneda_id_foreign` FOREIGN KEY (`moneda_id`) REFERENCES `monedas` (`id`),
  CONSTRAINT `nf_cta_cte_nf_receipt_id_foreign` FOREIGN KEY (`nf_receipt_id`) REFERENCES `nf_receipts` (`id`),
  CONSTRAINT `nf_cta_cte_period_id_foreign` FOREIGN KEY (`period_id`) REFERENCES `periods` (`id`),
  CONSTRAINT `nf_cta_cte_person_id_foreign` FOREIGN KEY (`person_id`) REFERENCES `persons` (`id`),
  CONSTRAINT `nf_cta_cte_person_id_relationed_foreign` FOREIGN KEY (`person_id_relationed`) REFERENCES `persons` (`id`),
  CONSTRAINT `nf_cta_cte_saldo_id_foreign` FOREIGN KEY (`saldo_id`) REFERENCES `conta_tipo_saldos` (`id`),
  CONSTRAINT `nf_cta_cte_tipo_asiento_id_foreign` FOREIGN KEY (`tipo_asiento_id`) REFERENCES `conta_tipo_asientos` (`id`)
) ENGINE=InnoDB DEFAULT CHARSET=utf8mb4 COLLATE=utf8mb4_unicode_ci;

--
-- Dumping data for table `nf_cta_cte`
--


--
-- Table structure for table `nf_cta_cte_details`
--

CREATE TABLE `nf_cta_cte_details` (
  `id` int(10) unsigned NOT NULL AUTO_INCREMENT,
  `user_id` int(10) unsigned DEFAULT NULL,
  `nf_cta_cte_id` int(10) unsigned NOT NULL,
  `person_id` int(10) unsigned DEFAULT NULL,
  `person_id_relationed` int(10) unsigned DEFAULT NULL,
  `period_id` int(10) unsigned DEFAULT NULL,
  `tipo_asiento_id` int(10) unsigned NOT NULL,
  `cta_cte_tesoreria_cuenta_id` int(10) unsigned NOT NULL,
  `saldo_id` int(10) unsigned NOT NULL,
  `monto` decimal(16,2) NOT NULL,
  `created_at` timestamp NULL DEFAULT NULL,
  `updated_at` timestamp NULL DEFAULT NULL,
  `deleted_at` timestamp NULL DEFAULT NULL,
  PRIMARY KEY (`id`),
  KEY `nf_cta_cte_details_nf_cta_cte_id_foreign` (`nf_cta_cte_id`),
  KEY `nf_cta_cte_details_person_id_foreign` (`person_id`),
  KEY `nf_cta_cte_details_person_id_relationed_foreign` (`person_id_relationed`),
  KEY `nf_cta_cte_details_period_id_foreign` (`period_id`),
  KEY `nf_cta_cte_details_tipo_asiento_id_foreign` (`tipo_asiento_id`),
  KEY `nf_cta_cte_details_cta_cte_tesoreria_cuenta_id_foreign` (`cta_cte_tesoreria_cuenta_id`),
  KEY `nf_cta_cte_details_saldo_id_foreign` (`saldo_id`),
  CONSTRAINT `nf_cta_cte_details_cta_cte_tesoreria_cuenta_id_foreign` FOREIGN KEY (`cta_cte_tesoreria_cuenta_id`) REFERENCES `cta_cte_tesoreria_cuentas` (`id`),
  CONSTRAINT `nf_cta_cte_details_nf_cta_cte_id_foreign` FOREIGN KEY (`nf_cta_cte_id`) REFERENCES `nf_cta_cte` (`id`),
  CONSTRAINT `nf_cta_cte_details_period_id_foreign` FOREIGN KEY (`period_id`) REFERENCES `periods` (`id`),
  CONSTRAINT `nf_cta_cte_details_person_id_foreign` FOREIGN KEY (`person_id`) REFERENCES `persons` (`id`),
  CONSTRAINT `nf_cta_cte_details_person_id_relationed_foreign` FOREIGN KEY (`person_id_relationed`) REFERENCES `persons` (`id`),
  CONSTRAINT `nf_cta_cte_details_saldo_id_foreign` FOREIGN KEY (`saldo_id`) REFERENCES `conta_tipo_saldos` (`id`),
  CONSTRAINT `nf_cta_cte_details_tipo_asiento_id_foreign` FOREIGN KEY (`tipo_asiento_id`) REFERENCES `conta_tipo_asientos` (`id`)
) ENGINE=InnoDB DEFAULT CHARSET=utf8mb4 COLLATE=utf8mb4_unicode_ci;

--
-- Dumping data for table `nf_cta_cte_details`
--


--
-- Table structure for table `nf_invoices`
--

CREATE TABLE `nf_invoices` (
  `id` bigint(20) unsigned NOT NULL AUTO_INCREMENT,
  `user_id` int(10) unsigned DEFAULT NULL,
  `person_id` int(10) unsigned NOT NULL,
  `person_id_relationed` int(10) unsigned NOT NULL,
  `punto_vta_id` int(10) unsigned NOT NULL,
  `period_id` int(10) unsigned NOT NULL,
  `numero` int(11) NOT NULL,
  `fecha` date NOT NULL,
  `total` decimal(16,2) NOT NULL,
  `comentario` longtext COLLATE utf8mb4_unicode_ci NOT NULL,
  `created_at` timestamp NULL DEFAULT NULL,
  `updated_at` timestamp NULL DEFAULT NULL,
  `deleted_at` timestamp NULL DEFAULT NULL,
  PRIMARY KEY (`id`),
  KEY `nf_invoices_person_id_foreign` (`person_id`),
  KEY `nf_invoices_person_id_relationed_foreign` (`person_id_relationed`),
  KEY `nf_invoices_punto_vta_id_foreign` (`punto_vta_id`),
  KEY `nf_invoices_period_id_foreign` (`period_id`),
  CONSTRAINT `nf_invoices_period_id_foreign` FOREIGN KEY (`period_id`) REFERENCES `periods` (`id`),
  CONSTRAINT `nf_invoices_person_id_foreign` FOREIGN KEY (`person_id`) REFERENCES `persons` (`id`),
  CONSTRAINT `nf_invoices_person_id_relationed_foreign` FOREIGN KEY (`person_id_relationed`) REFERENCES `persons` (`id`),
  CONSTRAINT `nf_invoices_punto_vta_id_foreign` FOREIGN KEY (`punto_vta_id`) REFERENCES `fact_elec_puntos_venta` (`id`)
) ENGINE=InnoDB DEFAULT CHARSET=utf8mb4 COLLATE=utf8mb4_unicode_ci;

--
-- Dumping data for table `nf_invoices`
--


--
-- Table structure for table `nf_invoices_details`
--

CREATE TABLE `nf_invoices_details` (
  `id` bigint(20) unsigned NOT NULL AUTO_INCREMENT,
  `user_id` int(10) unsigned DEFAULT NULL,
  `nf_invoice_id` bigint(20) unsigned NOT NULL,
  `cantidades` decimal(16,2) NOT NULL,
  `inv_producto_id` bigint(20) unsigned DEFAULT NULL,
  `inv_deposito_id` bigint(20) unsigned DEFAULT NULL,
  `descripcion` varchar(191) COLLATE utf8mb4_unicode_ci DEFAULT NULL,
  `neto` decimal(16,2) NOT NULL,
  `desc_porc` decimal(16,2) DEFAULT NULL,
  `descuento` decimal(16,2) DEFAULT NULL,
  `subtotal` decimal(16,2) NOT NULL,
  `created_at` timestamp NULL DEFAULT NULL,
  `updated_at` timestamp NULL DEFAULT NULL,
  `deleted_at` timestamp NULL DEFAULT NULL,
  PRIMARY KEY (`id`),
  KEY `nf_invoices_details_nf_invoice_id_foreign` (`nf_invoice_id`),
  KEY `nf_invoices_details_inv_producto_id_foreign` (`inv_producto_id`),
  KEY `nf_invoices_details_inv_deposito_id_foreign` (`inv_deposito_id`),
  CONSTRAINT `nf_invoices_details_inv_deposito_id_foreign` FOREIGN KEY (`inv_deposito_id`) REFERENCES `inv_depositos` (`id`),
  CONSTRAINT `nf_invoices_details_inv_producto_id_foreign` FOREIGN KEY (`inv_producto_id`) REFERENCES `inv_productos` (`id`),
  CONSTRAINT `nf_invoices_details_nf_invoice_id_foreign` FOREIGN KEY (`nf_invoice_id`) REFERENCES `nf_invoices` (`id`)
) ENGINE=InnoDB DEFAULT CHARSET=utf8mb4 COLLATE=utf8mb4_unicode_ci;

--
-- Dumping data for table `nf_invoices_details`
--


--
-- Table structure for table `nf_receipts`
--

CREATE TABLE `nf_receipts` (
  `id` int(10) unsigned NOT NULL AUTO_INCREMENT,
  `user_id` int(10) unsigned NOT NULL,
  `person_id` int(10) unsigned NOT NULL,
  `person_id_relationed` int(10) unsigned NOT NULL,
  `period_id` int(10) unsigned NOT NULL,
  `type_id` int(10) unsigned NOT NULL,
  `receipt_type_id` int(10) unsigned NOT NULL,
  `fecha` date DEFAULT NULL,
  `total` decimal(16,2) NOT NULL,
  `descripcion` varchar(191) COLLATE utf8mb4_unicode_ci DEFAULT NULL,
  `comentario` varchar(191) COLLATE utf8mb4_unicode_ci DEFAULT NULL,
  `file` varchar(191) COLLATE utf8mb4_unicode_ci DEFAULT NULL,
  `created_at` timestamp NULL DEFAULT NULL,
  `updated_at` timestamp NULL DEFAULT NULL,
  `deleted_at` timestamp NULL DEFAULT NULL,
  PRIMARY KEY (`id`),
  KEY `nf_receipts_person_id_foreign` (`person_id`),
  KEY `nf_receipts_person_id_relationed_foreign` (`person_id_relationed`),
  KEY `nf_receipts_period_id_foreign` (`period_id`),
  KEY `nf_receipts_type_id_foreign` (`type_id`),
  KEY `nf_receipts_receipt_type_id_foreign` (`receipt_type_id`),
  CONSTRAINT `nf_receipts_period_id_foreign` FOREIGN KEY (`period_id`) REFERENCES `periods` (`id`),
  CONSTRAINT `nf_receipts_person_id_foreign` FOREIGN KEY (`person_id`) REFERENCES `persons` (`id`),
  CONSTRAINT `nf_receipts_person_id_relationed_foreign` FOREIGN KEY (`person_id_relationed`) REFERENCES `persons` (`id`),
  CONSTRAINT `nf_receipts_receipt_type_id_foreign` FOREIGN KEY (`receipt_type_id`) REFERENCES `receipt_types` (`id`),
  CONSTRAINT `nf_receipts_type_id_foreign` FOREIGN KEY (`type_id`) REFERENCES `types` (`id`)
) ENGINE=InnoDB DEFAULT CHARSET=utf8mb4 COLLATE=utf8mb4_unicode_ci;

--
-- Dumping data for table `nf_receipts`
--


--
-- Table structure for table `notif`
--

CREATE TABLE `notif` (
  `id` int(10) unsigned NOT NULL AUTO_INCREMENT,
  `user_id` int(10) unsigned DEFAULT NULL,
  `send_notif_user_person_id` int(10) unsigned NOT NULL,
  `recept_notif_user_person_id` int(10) unsigned NOT NULL,
  `fecha` datetime NOT NULL DEFAULT '2020-01-23 18:56:25',
  `fecha_vto` datetime DEFAULT NULL,
  `leido` tinyint(1) NOT NULL DEFAULT '0',
  `pendiente` tinyint(1) NOT NULL DEFAULT '0',
  `asunto` varchar(191) COLLATE utf8mb4_unicode_ci DEFAULT NULL,
  `created_at` timestamp NULL DEFAULT NULL,
  `updated_at` timestamp NULL DEFAULT NULL,
  `deleted_at` timestamp NULL DEFAULT NULL,
  PRIMARY KEY (`id`),
  KEY `notif_send_notif_user_person_id_foreign` (`send_notif_user_person_id`),
  KEY `notif_recept_notif_user_person_id_foreign` (`recept_notif_user_person_id`),
  CONSTRAINT `notif_recept_notif_user_person_id_foreign` FOREIGN KEY (`recept_notif_user_person_id`) REFERENCES `notif_users_persons` (`id`),
  CONSTRAINT `notif_send_notif_user_person_id_foreign` FOREIGN KEY (`send_notif_user_person_id`) REFERENCES `notif_users_persons` (`id`)
) ENGINE=InnoDB DEFAULT CHARSET=utf8mb4 COLLATE=utf8mb4_unicode_ci;

--
-- Dumping data for table `notif`
--


--
-- Table structure for table `notif_detail`
--

CREATE TABLE `notif_detail` (
  `id` int(10) unsigned NOT NULL AUTO_INCREMENT,
  `user_id` int(10) unsigned DEFAULT NULL,
  `notificacion_id` int(10) unsigned NOT NULL,
  `notif_respuesta_id` int(10) unsigned DEFAULT NULL,
  `send_notif_user_person_id` int(10) unsigned NOT NULL,
  `recept_notif_user_person_id` int(10) unsigned NOT NULL,
  `fecha` datetime NOT NULL DEFAULT '2020-01-23 18:56:25',
  `body` text COLLATE utf8mb4_unicode_ci,
  `adjunto` text COLLATE utf8mb4_unicode_ci,
  `send_email` tinyint(1) NOT NULL DEFAULT '0',
  `is_respuesta` tinyint(1) NOT NULL DEFAULT '0',
  `created_at` timestamp NULL DEFAULT NULL,
  `updated_at` timestamp NULL DEFAULT NULL,
  `deleted_at` timestamp NULL DEFAULT NULL,
  PRIMARY KEY (`id`),
  KEY `notif_detail_send_notif_user_person_id_foreign` (`send_notif_user_person_id`),
  KEY `notif_detail_recept_notif_user_person_id_foreign` (`recept_notif_user_person_id`),
  KEY `notif_detail_notificacion_id_foreign` (`notificacion_id`),
  KEY `notif_detail_notif_respuesta_id_foreign` (`notif_respuesta_id`),
  CONSTRAINT `notif_detail_notif_respuesta_id_foreign` FOREIGN KEY (`notif_respuesta_id`) REFERENCES `notif_respuestas` (`id`),
  CONSTRAINT `notif_detail_notificacion_id_foreign` FOREIGN KEY (`notificacion_id`) REFERENCES `notif` (`id`),
  CONSTRAINT `notif_detail_recept_notif_user_person_id_foreign` FOREIGN KEY (`recept_notif_user_person_id`) REFERENCES `notif_users_persons` (`id`),
  CONSTRAINT `notif_detail_send_notif_user_person_id_foreign` FOREIGN KEY (`send_notif_user_person_id`) REFERENCES `notif_users_persons` (`id`)
) ENGINE=InnoDB DEFAULT CHARSET=utf8mb4 COLLATE=utf8mb4_unicode_ci;

--
-- Dumping data for table `notif_detail`
--


--
-- Table structure for table `notif_respuestas`
--

CREATE TABLE `notif_respuestas` (
  `id` int(10) unsigned NOT NULL AUTO_INCREMENT,
  `user_id` int(10) unsigned DEFAULT NULL,
  `send_notif_user_person_id` int(10) unsigned NOT NULL,
  `recept_notif_user_person_id` int(10) unsigned NOT NULL,
  `notif_id` int(10) unsigned DEFAULT NULL,
  `fecha` datetime NOT NULL DEFAULT '2020-01-23 18:56:25',
  `fecha_vto` datetime DEFAULT NULL,
  `leido` tinyint(1) NOT NULL DEFAULT '0',
  `asunto` varchar(191) COLLATE utf8mb4_unicode_ci DEFAULT NULL,
  `created_at` timestamp NULL DEFAULT NULL,
  `updated_at` timestamp NULL DEFAULT NULL,
  `deleted_at` timestamp NULL DEFAULT NULL,
  PRIMARY KEY (`id`),
  KEY `notif_respuestas_send_notif_user_person_id_foreign` (`send_notif_user_person_id`),
  KEY `notif_respuestas_recept_notif_user_person_id_foreign` (`recept_notif_user_person_id`),
  KEY `notif_respuestas_notif_id_foreign` (`notif_id`),
  CONSTRAINT `notif_respuestas_notif_id_foreign` FOREIGN KEY (`notif_id`) REFERENCES `notif` (`id`),
  CONSTRAINT `notif_respuestas_recept_notif_user_person_id_foreign` FOREIGN KEY (`recept_notif_user_person_id`) REFERENCES `notif_users_persons` (`id`),
  CONSTRAINT `notif_respuestas_send_notif_user_person_id_foreign` FOREIGN KEY (`send_notif_user_person_id`) REFERENCES `notif_users_persons` (`id`)
) ENGINE=InnoDB DEFAULT CHARSET=utf8mb4 COLLATE=utf8mb4_unicode_ci;

--
-- Dumping data for table `notif_respuestas`
--


--
-- Table structure for table `notif_users_persons`
--

CREATE TABLE `notif_users_persons` (
  `id` int(10) unsigned NOT NULL AUTO_INCREMENT,
  `user_id` int(10) unsigned NOT NULL,
  `person_id` int(10) unsigned NOT NULL,
  `parent_person_id` int(10) unsigned NOT NULL,
  `created_at` timestamp NULL DEFAULT NULL,
  `updated_at` timestamp NULL DEFAULT NULL,
  `deleted_at` timestamp NULL DEFAULT NULL,
  PRIMARY KEY (`id`),
  KEY `notif_users_persons_user_id_foreign` (`user_id`),
  KEY `notif_users_persons_person_id_foreign` (`person_id`),
  KEY `notif_users_persons_parent_person_id_foreign` (`parent_person_id`),
  CONSTRAINT `notif_users_persons_parent_person_id_foreign` FOREIGN KEY (`parent_person_id`) REFERENCES `persons` (`id`),
  CONSTRAINT `notif_users_persons_person_id_foreign` FOREIGN KEY (`person_id`) REFERENCES `persons` (`id`),
  CONSTRAINT `notif_users_persons_user_id_foreign` FOREIGN KEY (`user_id`) REFERENCES `tusers` (`idUser`)
) ENGINE=InnoDB DEFAULT CHARSET=utf8mb4 COLLATE=utf8mb4_unicode_ci;

--
-- Dumping data for table `notif_users_persons`
--


--
-- Table structure for table `obl_anual_conceptos`
--

CREATE TABLE `obl_anual_conceptos` (
  `id` int(10) unsigned NOT NULL AUTO_INCREMENT,
  `user_id` int(10) unsigned DEFAULT NULL,
  `nombre` varchar(191) COLLATE utf8mb4_unicode_ci NOT NULL,
  `created_at` timestamp NULL DEFAULT NULL,
  `updated_at` timestamp NULL DEFAULT NULL,
  `deleted_at` timestamp NULL DEFAULT NULL,
  PRIMARY KEY (`id`)
) ENGINE=InnoDB AUTO_INCREMENT=10 DEFAULT CHARSET=utf8mb4 COLLATE=utf8mb4_unicode_ci;

--
-- Dumping data for table `obl_anual_conceptos`
--

INSERT INTO `obl_anual_conceptos` VALUES (1,NULL,'Balance','2019-11-29 18:37:49','2019-11-29 18:37:49',NULL),(2,NULL,'Ganancias','2019-11-29 18:37:49','2019-11-29 18:37:49',NULL),(3,NULL,'Acc y Part Soc','2019-11-29 18:37:49','2019-11-29 18:37:49',NULL),(4,NULL,'Part Soc Informativa','2019-11-29 18:37:49','2019-11-29 18:37:49',NULL),(5,NULL,'IGJ Balance','2019-11-29 18:37:49','2019-11-29 18:37:49',NULL),(6,NULL,'TASAS IGJ','2019-11-29 18:37:49','2019-11-29 18:37:49',NULL),(7,NULL,'Auditoria','2019-11-29 18:37:49','2019-11-29 18:37:49',NULL),(8,NULL,'Libros Societarios','2019-11-29 18:37:49','2019-11-29 18:37:49',NULL),(9,NULL,'CM 05','2019-11-29 18:37:49','2019-11-29 18:37:49',NULL);

--
-- Table structure for table `obl_anual_registros`
--

CREATE TABLE `obl_anual_registros` (
  `id` int(10) unsigned NOT NULL AUTO_INCREMENT,
  `user_id` int(10) unsigned DEFAULT NULL,
  `anio` int(10) unsigned NOT NULL,
  `person_id` int(10) unsigned NOT NULL,
  `obl_anual_concepto_id` int(10) unsigned NOT NULL,
  `cumplido` tinyint(1) NOT NULL DEFAULT '0',
  `created_at` timestamp NULL DEFAULT NULL,
  `updated_at` timestamp NULL DEFAULT NULL,
  `deleted_at` timestamp NULL DEFAULT NULL,
  PRIMARY KEY (`id`),
  KEY `obl_anual_registros_person_id_foreign` (`person_id`),
  KEY `obl_anual_registros_obl_anual_concepto_id_foreign` (`obl_anual_concepto_id`),
  CONSTRAINT `obl_anual_registros_obl_anual_concepto_id_foreign` FOREIGN KEY (`obl_anual_concepto_id`) REFERENCES `obl_anual_conceptos` (`id`) ON DELETE CASCADE,
  CONSTRAINT `obl_anual_registros_person_id_foreign` FOREIGN KEY (`person_id`) REFERENCES `persons` (`id`)
) ENGINE=InnoDB AUTO_INCREMENT=136 DEFAULT CHARSET=utf8mb4 COLLATE=utf8mb4_unicode_ci;

--
-- Dumping data for table `obl_anual_registros`
--

INSERT INTO `obl_anual_registros` VALUES (37,7975,2023,40851,1,1,'2023-04-23 19:57:17','2023-04-23 19:57:17',NULL),(38,7975,2023,40851,2,1,'2023-04-23 19:57:17','2023-04-23 19:57:17',NULL),(39,7975,2023,40851,3,1,'2023-04-23 19:57:17','2023-04-23 19:57:17',NULL),(40,7975,2023,40851,4,1,'2023-04-23 19:57:17','2023-04-23 19:57:17',NULL),(41,7975,2023,40851,5,1,'2023-04-23 19:57:17','2023-04-23 19:57:17',NULL),(42,7975,2023,40851,6,1,'2023-04-23 19:57:17','2023-04-23 19:57:17',NULL),(43,7975,2023,40851,7,1,'2023-04-23 19:57:17','2023-04-23 19:57:17',NULL),(44,7975,2023,40851,8,1,'2023-04-23 19:57:17','2023-04-23 19:57:17',NULL),(45,7975,2023,40851,9,1,'2023-04-23 19:57:17','2023-04-23 19:57:17',NULL),(46,7975,2023,40725,1,1,'2023-04-23 19:57:17','2023-04-23 19:57:17',NULL),(47,7975,2023,40725,2,1,'2023-04-23 19:57:17','2023-04-23 19:57:17',NULL),(48,7975,2023,40725,3,1,'2023-04-23 19:57:17','2023-04-23 19:57:17',NULL),(49,7975,2023,40725,4,1,'2023-04-23 19:57:17','2023-04-23 19:57:17',NULL),(50,7975,2023,40725,5,1,'2023-04-23 19:57:17','2023-04-23 19:57:17',NULL),(51,7975,2023,40725,6,1,'2023-04-23 19:57:17','2023-04-23 19:57:17',NULL),(52,7975,2023,40725,7,1,'2023-04-23 19:57:17','2023-04-23 19:57:17',NULL),(53,7975,2023,40725,8,1,'2023-04-23 19:57:17','2023-04-23 19:57:17',NULL),(54,7975,2023,40725,9,1,'2023-04-23 19:57:17','2023-04-23 19:57:17',NULL),(55,7975,2023,40843,1,1,'2023-04-23 19:57:17','2023-04-23 19:57:17',NULL),(56,7975,2023,40843,2,1,'2023-04-23 19:57:17','2023-04-23 19:57:17',NULL),(57,7975,2023,40843,3,1,'2023-04-23 19:57:17','2023-04-23 19:57:17',NULL),(58,7975,2023,40843,4,1,'2023-04-23 19:57:17','2023-04-23 19:57:17',NULL),(59,7975,2023,40843,5,1,'2023-04-23 19:57:17','2023-04-23 19:57:17',NULL),(60,7975,2023,40843,6,1,'2023-04-23 19:57:17','2023-04-23 19:57:17',NULL),(61,7975,2023,40843,7,1,'2023-04-23 19:57:17','2023-04-23 19:57:17',NULL),(62,7975,2023,40843,8,1,'2023-04-23 19:57:17','2023-04-23 19:57:17',NULL),(63,7975,2023,40843,9,1,'2023-04-23 19:57:17','2023-04-23 19:57:17',NULL),(64,7975,2025,40843,1,0,'2025-05-30 17:47:14','2025-05-30 17:47:14',NULL),(65,7975,2025,40843,2,0,'2025-05-30 17:47:14','2025-05-30 17:47:14',NULL),(66,7975,2025,40843,3,0,'2025-05-30 17:47:14','2025-05-30 17:47:14',NULL),(67,7975,2025,40843,4,0,'2025-05-30 17:47:14','2025-05-30 17:47:14',NULL),(68,7975,2025,40843,5,0,'2025-05-30 17:47:14','2025-05-30 17:47:14',NULL),(69,7975,2025,40843,6,0,'2025-05-30 17:47:14','2025-05-30 17:47:14',NULL),(70,7975,2025,40843,7,0,'2025-05-30 17:47:14','2025-05-30 17:47:14',NULL),(71,7975,2025,40843,8,0,'2025-05-30 17:47:14','2025-05-30 17:47:14',NULL),(72,7975,2025,40843,9,0,'2025-05-30 17:47:14','2025-05-30 17:47:14',NULL),(73,7975,2025,40851,1,0,'2025-05-30 17:47:14','2025-05-30 17:47:14',NULL),(74,7975,2025,40851,2,0,'2025-05-30 17:47:14','2025-05-30 17:47:14',NULL),(75,7975,2025,40851,3,0,'2025-05-30 17:47:14','2025-05-30 17:47:14',NULL),(76,7975,2025,40851,4,0,'2025-05-30 17:47:14','2025-05-30 17:47:14',NULL),(77,7975,2025,40851,5,0,'2025-05-30 17:47:14','2025-05-30 17:47:14',NULL),(78,7975,2025,40851,6,0,'2025-05-30 17:47:14','2025-05-30 17:47:14',NULL),(79,7975,2025,40851,7,0,'2025-05-30 17:47:14','2025-05-30 17:47:14',NULL),(80,7975,2025,40851,8,0,'2025-05-30 17:47:14','2025-05-30 17:47:14',NULL),(81,7975,2025,40851,9,0,'2025-05-30 17:47:14','2025-05-30 17:47:14',NULL),(82,7975,2025,44485,1,0,'2025-05-30 17:47:14','2025-05-30 17:47:14',NULL),(83,7975,2025,44485,2,0,'2025-05-30 17:47:14','2025-05-30 17:47:14',NULL),(84,7975,2025,44485,3,0,'2025-05-30 17:47:14','2025-05-30 17:47:14',NULL),(85,7975,2025,44485,4,0,'2025-05-30 17:47:14','2025-05-30 17:47:14',NULL),(86,7975,2025,44485,5,0,'2025-05-30 17:47:14','2025-05-30 17:47:14',NULL),(87,7975,2025,44485,6,0,'2025-05-30 17:47:14','2025-05-30 17:47:14',NULL),(88,7975,2025,44485,7,0,'2025-05-30 17:47:14','2025-05-30 17:47:14',NULL),(89,7975,2025,44485,8,0,'2025-05-30 17:47:14','2025-05-30 17:47:14',NULL),(90,7975,2025,44485,9,0,'2025-05-30 17:47:14','2025-05-30 17:47:14',NULL);
INSERT INTO `obl_anual_registros` VALUES (91,7975,2025,44486,1,0,'2025-05-30 17:47:14','2025-05-30 17:47:14',NULL),(92,7975,2025,44486,2,0,'2025-05-30 17:47:14','2025-05-30 17:47:14',NULL),(93,7975,2025,44486,3,0,'2025-05-30 17:47:14','2025-05-30 17:47:14',NULL),(94,7975,2025,44486,4,0,'2025-05-30 17:47:14','2025-05-30 17:47:14',NULL),(95,7975,2025,44486,5,0,'2025-05-30 17:47:14','2025-05-30 17:47:14',NULL),(96,7975,2025,44486,6,0,'2025-05-30 17:47:14','2025-05-30 17:47:14',NULL),(97,7975,2025,44486,7,0,'2025-05-30 17:47:14','2025-05-30 17:47:14',NULL),(98,7975,2025,44486,8,0,'2025-05-30 17:47:14','2025-05-30 17:47:14',NULL),(99,7975,2025,44486,9,0,'2025-05-30 17:47:14','2025-05-30 17:47:14',NULL),(100,7975,2025,44487,1,0,'2025-05-30 17:47:14','2025-05-30 17:47:14',NULL),(101,7975,2025,44487,2,0,'2025-05-30 17:47:14','2025-05-30 17:47:14',NULL),(102,7975,2025,44487,3,0,'2025-05-30 17:47:14','2025-05-30 17:47:14',NULL),(103,7975,2025,44487,4,0,'2025-05-30 17:47:14','2025-05-30 17:47:14',NULL),(104,7975,2025,44487,5,0,'2025-05-30 17:47:14','2025-05-30 17:47:14',NULL),(105,7975,2025,44487,6,0,'2025-05-30 17:47:14','2025-05-30 17:47:14',NULL),(106,7975,2025,44487,7,0,'2025-05-30 17:47:14','2025-05-30 17:47:14',NULL),(107,7975,2025,44487,8,0,'2025-05-30 17:47:14','2025-05-30 17:47:14',NULL),(108,7975,2025,44487,9,0,'2025-05-30 17:47:14','2025-05-30 17:47:14',NULL),(109,7975,2025,44488,1,0,'2025-05-30 17:47:14','2025-05-30 17:47:14',NULL),(110,7975,2025,44488,2,0,'2025-05-30 17:47:14','2025-05-30 17:47:14',NULL),(111,7975,2025,44488,3,0,'2025-05-30 17:47:14','2025-05-30 17:47:14',NULL),(112,7975,2025,44488,4,0,'2025-05-30 17:47:14','2025-05-30 17:47:14',NULL),(113,7975,2025,44488,5,0,'2025-05-30 17:47:14','2025-05-30 17:47:14',NULL),(114,7975,2025,44488,6,0,'2025-05-30 17:47:14','2025-05-30 17:47:14',NULL),(115,7975,2025,44488,7,0,'2025-05-30 17:47:14','2025-05-30 17:47:14',NULL),(116,7975,2025,44488,8,0,'2025-05-30 17:47:14','2025-05-30 17:47:14',NULL),(117,7975,2025,44488,9,0,'2025-05-30 17:47:14','2025-05-30 17:47:14',NULL),(118,7975,2025,44568,1,0,'2025-05-30 17:47:14','2025-05-30 17:47:14',NULL),(119,7975,2025,44568,2,0,'2025-05-30 17:47:14','2025-05-30 17:47:14',NULL),(120,7975,2025,44568,3,0,'2025-05-30 17:47:14','2025-05-30 17:47:14',NULL),(121,7975,2025,44568,4,0,'2025-05-30 17:47:14','2025-05-30 17:47:14',NULL),(122,7975,2025,44568,5,0,'2025-05-30 17:47:14','2025-05-30 17:47:14',NULL),(123,7975,2025,44568,6,0,'2025-05-30 17:47:14','2025-05-30 17:47:14',NULL),(124,7975,2025,44568,7,0,'2025-05-30 17:47:14','2025-05-30 17:47:14',NULL),(125,7975,2025,44568,8,0,'2025-05-30 17:47:14','2025-05-30 17:47:14',NULL),(126,7975,2025,44568,9,0,'2025-05-30 17:47:14','2025-05-30 17:47:14',NULL),(127,7975,2025,44569,1,0,'2025-08-20 17:09:21','2025-08-20 17:09:21',NULL),(128,7975,2025,44569,2,0,'2025-08-20 17:09:21','2025-08-20 17:09:21',NULL),(129,7975,2025,44569,3,0,'2025-08-20 17:09:21','2025-08-20 17:09:21',NULL),(130,7975,2025,44569,4,0,'2025-08-20 17:09:21','2025-08-20 17:09:21',NULL),(131,7975,2025,44569,5,0,'2025-08-20 17:09:21','2025-08-20 17:09:21',NULL),(132,7975,2025,44569,6,0,'2025-08-20 17:09:21','2025-08-20 17:09:21',NULL),(133,7975,2025,44569,7,0,'2025-08-20 17:09:21','2025-08-20 17:09:21',NULL),(134,7975,2025,44569,8,0,'2025-08-20 17:09:21','2025-08-20 17:09:21',NULL),(135,7975,2025,44569,9,0,'2025-08-20 17:09:21','2025-08-20 17:09:21',NULL);

--
-- Table structure for table `ot_devoluciones_files`
--

CREATE TABLE `ot_devoluciones_files` (
  `id` bigint(20) unsigned NOT NULL AUTO_INCREMENT,
  `user_id` int(10) unsigned DEFAULT NULL,
  `inv_ot_devolucion_id` bigint(20) unsigned NOT NULL,
  `descripcion` varchar(255) COLLATE utf8mb4_unicode_ci DEFAULT NULL,
  `path` varchar(191) COLLATE utf8mb4_unicode_ci DEFAULT NULL,
  `name_original` varchar(191) COLLATE utf8mb4_unicode_ci DEFAULT NULL,
  `created_at` timestamp NULL DEFAULT NULL,
  `updated_at` timestamp NULL DEFAULT NULL,
  `deleted_at` timestamp NULL DEFAULT NULL,
  PRIMARY KEY (`id`),
  KEY `ot_devoluciones_files_inv_ot_devolucion_id_foreign` (`inv_ot_devolucion_id`),
  CONSTRAINT `ot_devoluciones_files_inv_ot_devolucion_id_foreign` FOREIGN KEY (`inv_ot_devolucion_id`) REFERENCES `inv_ot_devoluciones` (`id`)
) ENGINE=InnoDB DEFAULT CHARSET=utf8mb4 COLLATE=utf8mb4_unicode_ci;

--
-- Dumping data for table `ot_devoluciones_files`
--


--
-- Table structure for table `ot_devoluciones_productos`
--

CREATE TABLE `ot_devoluciones_productos` (
  `id` bigint(20) unsigned NOT NULL AUTO_INCREMENT,
  `user_id` int(10) unsigned DEFAULT NULL,
  `inv_ot_devolucion_id` bigint(20) unsigned NOT NULL,
  `inv_producto_id` bigint(20) unsigned DEFAULT NULL,
  `cantidades` decimal(16,2) NOT NULL,
  `descripcion` varchar(191) COLLATE utf8mb4_unicode_ci DEFAULT NULL,
  `moneda_id` int(10) unsigned NOT NULL,
  `costo` decimal(16,2) NOT NULL,
  `precio_sin_iva` decimal(16,2) NOT NULL DEFAULT '0.00',
  `neto` decimal(16,2) NOT NULL DEFAULT '0.00',
  `system_tax_id` int(10) unsigned NOT NULL,
  `iva` decimal(16,2) NOT NULL DEFAULT '0.00',
  `subtotal` decimal(16,2) NOT NULL DEFAULT '0.00',
  `created_at` timestamp NULL DEFAULT NULL,
  `updated_at` timestamp NULL DEFAULT NULL,
  `deleted_at` timestamp NULL DEFAULT NULL,
  PRIMARY KEY (`id`),
  KEY `ot_devoluciones_productos_inv_ot_devolucion_id_foreign` (`inv_ot_devolucion_id`),
  KEY `ot_devoluciones_productos_inv_producto_id_foreign` (`inv_producto_id`),
  KEY `ot_devoluciones_productos_moneda_id_foreign` (`moneda_id`),
  KEY `ot_devoluciones_productos_system_tax_id_foreign` (`system_tax_id`),
  CONSTRAINT `ot_devoluciones_productos_inv_ot_devolucion_id_foreign` FOREIGN KEY (`inv_ot_devolucion_id`) REFERENCES `inv_ot_devoluciones` (`id`),
  CONSTRAINT `ot_devoluciones_productos_inv_producto_id_foreign` FOREIGN KEY (`inv_producto_id`) REFERENCES `inv_productos` (`id`),
  CONSTRAINT `ot_devoluciones_productos_moneda_id_foreign` FOREIGN KEY (`moneda_id`) REFERENCES `monedas` (`id`),
  CONSTRAINT `ot_devoluciones_productos_system_tax_id_foreign` FOREIGN KEY (`system_tax_id`) REFERENCES `system_taxes` (`id`)
) ENGINE=InnoDB DEFAULT CHARSET=utf8mb4 COLLATE=utf8mb4_unicode_ci;

--
-- Dumping data for table `ot_devoluciones_productos`
--


--
-- Table structure for table `other_taxes`
--

CREATE TABLE `other_taxes` (
  `id` int(10) unsigned NOT NULL AUTO_INCREMENT,
  `created_at` timestamp NULL DEFAULT NULL,
  `updated_at` timestamp NULL DEFAULT NULL,
  `name` varchar(255) COLLATE utf8mb4_unicode_ci NOT NULL,
  `section` varchar(255) COLLATE utf8mb4_unicode_ci NOT NULL,
  `percent_tax` decimal(16,2) NOT NULL DEFAULT '0.00',
  `zone_id` int(10) unsigned DEFAULT NULL,
  `aliases` varchar(255) COLLATE utf8mb4_unicode_ci DEFAULT NULL,
  `section_name` varchar(255) COLLATE utf8mb4_unicode_ci DEFAULT NULL,
  `plan_cuenta_id` int(10) unsigned NOT NULL DEFAULT '1',
  `plan_cuenta_id_efectuada` int(10) unsigned DEFAULT NULL,
  PRIMARY KEY (`id`),
  KEY `other_taxes_plan_cuenta_id_foreign` (`plan_cuenta_id`),
  KEY `other_taxes_plan_cuenta_id_efectuada_foreign` (`plan_cuenta_id_efectuada`),
  CONSTRAINT `other_taxes_plan_cuenta_id_efectuada_foreign` FOREIGN KEY (`plan_cuenta_id_efectuada`) REFERENCES `conta_plan_cuenta` (`id`),
  CONSTRAINT `other_taxes_plan_cuenta_id_foreign` FOREIGN KEY (`plan_cuenta_id`) REFERENCES `conta_plan_cuenta` (`id`)
) ENGINE=InnoDB AUTO_INCREMENT=1034 DEFAULT CHARSET=utf8mb4 COLLATE=utf8mb4_unicode_ci;

--
-- Dumping data for table `other_taxes`
--

INSERT INTO `other_taxes` VALUES (1000,NULL,'2024-06-19 22:55:26','Perc IVA','iva',0.00,NULL,NULL,'IVA',220,1400),(1001,NULL,'2024-05-29 00:09:23','Imps. Internos','gas',0.00,NULL,NULL,'Imp. Combustibles',221,1401),(1002,NULL,'2024-05-29 00:09:23','Imp. Gasoil','gas',0.00,NULL,NULL,'Imp. Combustibles',222,1402),(1003,NULL,'2024-05-29 00:09:23','Imp. Hídricos','gas',0.00,NULL,NULL,'Imp. Combustibles',223,1403),(1004,NULL,'2024-05-29 00:09:23','ITC','gas',0.00,NULL,NULL,'Imp. Combustibles',224,1404),(1005,NULL,'2024-05-29 00:09:23','Perc IIBB  Buenos Aires','iibb',0.00,23,NULL,'IIBB',225,1405),(1006,NULL,'2024-05-29 00:09:23','Perc IIBB  Capital Federal','iibb',0.00,22,NULL,'IIBB',226,1406),(1007,NULL,'2024-05-29 00:09:23','Perc IIBB  Catamarca','iibb',0.00,24,NULL,'IIBB',227,1407),(1008,NULL,'2024-05-29 00:09:23','Perc IIBB  Chaco','iibb',0.00,3,NULL,'IIBB',228,1408),(1009,NULL,'2024-05-29 00:09:23','Perc IIBB  Chubut','iibb',0.00,4,NULL,'IIBB',229,1409),(1010,NULL,'2024-05-29 00:09:23','Perc IIBB  Córdoba','iibb',0.00,1,NULL,'IIBB',230,1410),(1011,NULL,'2024-05-29 00:09:23','Perc IIBB  Corrientes','iibb',0.00,2,NULL,'IIBB',231,1411),(1012,NULL,'2024-05-29 00:09:23','Perc IIBB  Entre Ríos','iibb',0.00,5,NULL,'IIBB',232,1412),(1013,NULL,'2024-05-29 00:09:23','Perc IIBB  Formosa','iibb',0.00,6,NULL,'IIBB',233,1413),(1014,NULL,'2024-05-29 00:09:23','Perc IIBB  Jujuy','iibb',0.00,7,NULL,'IIBB',234,1414),(1015,NULL,'2024-05-29 00:09:23','Perc IIBB  La Pampa','iibb',0.00,8,NULL,'IIBB',235,1415),(1016,NULL,'2024-05-29 00:09:23','Perc IIBB  La Rioja','iibb',0.00,9,NULL,'IIBB',236,1416),(1017,NULL,'2024-05-29 00:09:23','Perc IIBB  Mendoza','iibb',0.00,10,NULL,'IIBB',237,1417),(1018,NULL,'2024-05-29 00:09:23','Perc IIBB  Misiones','iibb',0.00,11,NULL,'IIBB',238,1418),(1019,NULL,'2024-05-29 00:09:23','Perc IIBB  Neuquén','iibb',0.00,12,NULL,'IIBB',239,1419),(1020,NULL,'2024-05-29 00:09:23','Perc IIBB  Pascua Lama','iibb',0.00,25,NULL,'IIBB',240,1420),(1021,NULL,'2024-05-29 00:09:23','Perc IIBB  Río Negro','iibb',0.00,13,NULL,'IIBB',241,1421),(1022,NULL,'2024-05-29 00:09:23','Perc IIBB  Salta','iibb',0.00,14,NULL,'IIBB',242,1422),(1023,NULL,'2024-05-29 00:09:24','Perc IIBB  San Juan','iibb',0.00,15,NULL,'IIBB',243,1423),(1024,NULL,'2024-05-29 00:09:24','Perc IIBB  San Luis','iibb',0.00,16,NULL,'IIBB',244,1424),(1025,NULL,'2024-05-29 00:09:24','Perc IIBB  Santa Cruz','iibb',0.00,17,NULL,'IIBB',245,1425),(1026,NULL,'2024-05-29 00:09:24','Perc IIBB  Santa Fe','iibb',0.00,18,NULL,'IIBB',246,1426),(1027,NULL,'2024-05-29 00:09:24','Perc IIBB  Santiago del Estero','iibb',0.00,19,NULL,'IIBB',247,1427),(1028,NULL,'2024-05-29 00:09:24','Perc IIBB  Tierra del Fuego','iibb',0.00,20,NULL,'IIBB',248,1428),(1029,NULL,'2024-05-29 00:09:24','Perc IIBB  Tucuman','iibb',0.00,21,NULL,'IIBB',249,1429),(1030,'2019-05-03 03:33:05','2024-05-29 00:09:24','CO2 - Imp. Al Carbono','gas',0.00,NULL,NULL,'Imp. Combustibles',478,1430),(1031,'2022-10-24 09:47:07','2024-05-29 00:09:24','Imp. Municipales','gas',0.00,NULL,NULL,'Imp. Combustibles',215,1431),(1032,'2022-10-24 09:47:07','2024-05-29 00:09:24','Perc/Ret. Imp. Ganancias','gas',0.00,NULL,NULL,'Imp. Combustibles',216,1432),(1033,'2023-10-12 08:07:58','2024-05-29 00:09:24','Redondeo','redondeo',0.00,NULL,NULL,'Redondeo',136,136);

--
-- Table structure for table `pais`
--

CREATE TABLE `pais` (
  `id` int(10) unsigned NOT NULL AUTO_INCREMENT,
  `user_id` int(10) unsigned DEFAULT NULL,
  `codigo` int(10) unsigned DEFAULT NULL,
  `descripcion` varchar(191) COLLATE utf8mb4_unicode_ci NOT NULL,
  `habilitado` tinyint(1) NOT NULL DEFAULT '1',
  `created_at` timestamp NULL DEFAULT NULL,
  `updated_at` timestamp NULL DEFAULT NULL,
  `deleted_at` timestamp NULL DEFAULT NULL,
  PRIMARY KEY (`id`),
  UNIQUE KEY `pais_descripcion_unique` (`descripcion`),
  UNIQUE KEY `pais_codigo_unique` (`codigo`)
) ENGINE=InnoDB AUTO_INCREMENT=249 DEFAULT CHARSET=utf8mb4 COLLATE=utf8mb4_unicode_ci;

--
-- Dumping data for table `pais`
--

INSERT INTO `pais` VALUES (1,NULL,NULL,'Argentina',1,'2020-05-28 20:55:22','2020-05-28 20:55:22',NULL),(2,NULL,NULL,'Afghanistan',1,'2020-05-28 20:55:22','2020-05-28 20:55:22',NULL),(3,NULL,NULL,'Albania',1,'2020-05-28 20:55:22','2020-05-28 20:55:22',NULL),(4,NULL,NULL,'Alemania',1,'2020-05-28 20:55:22','2020-05-28 20:55:22',NULL),(5,NULL,NULL,'Algeria',1,'2020-05-28 20:55:22','2020-05-28 20:55:22',NULL),(6,NULL,NULL,'Andorra',1,'2020-05-28 20:55:22','2020-05-28 20:55:22',NULL),(7,NULL,NULL,'Angola',1,'2020-05-28 20:55:22','2020-05-28 20:55:22',NULL),(8,NULL,NULL,'Anguila',1,'2020-05-28 20:55:22','2020-05-28 20:55:22',NULL),(9,NULL,NULL,'Antártida',1,'2020-05-28 20:55:22','2020-05-28 20:55:22',NULL),(10,NULL,NULL,'Antigua y Barbuda',1,'2020-05-28 20:55:22','2020-05-28 20:55:22',NULL),(11,NULL,NULL,'Arabia Saudita',1,'2020-05-28 20:55:22','2020-05-28 20:55:22',NULL),(12,NULL,NULL,'Armenia',1,'2020-05-28 20:55:22','2020-05-28 20:55:22',NULL),(13,NULL,NULL,'Aruba',1,'2020-05-28 20:55:22','2020-05-28 20:55:22',NULL),(14,NULL,NULL,'Australia',1,'2020-05-28 20:55:22','2020-05-28 20:55:22',NULL),(15,NULL,NULL,'Austria',1,'2020-05-28 20:55:22','2020-05-28 20:55:22',NULL),(16,NULL,NULL,'Azerbaiyán',1,'2020-05-28 20:55:22','2020-05-28 20:55:22',NULL),(17,NULL,NULL,'Bélgica',1,'2020-05-28 20:55:22','2020-05-28 20:55:22',NULL),(18,NULL,NULL,'Bahamas',1,'2020-05-28 20:55:22','2020-05-28 20:55:22',NULL),(19,NULL,NULL,'Bahrein',1,'2020-05-28 20:55:22','2020-05-28 20:55:22',NULL),(20,NULL,NULL,'Bangladesh',1,'2020-05-28 20:55:22','2020-05-28 20:55:22',NULL),(21,NULL,NULL,'Barbados',1,'2020-05-28 20:55:22','2020-05-28 20:55:22',NULL),(22,NULL,NULL,'Belice',1,'2020-05-28 20:55:22','2020-05-28 20:55:22',NULL),(23,NULL,NULL,'Benín',1,'2020-05-28 20:55:22','2020-05-28 20:55:22',NULL),(24,NULL,NULL,'Bhután',1,'2020-05-28 20:55:22','2020-05-28 20:55:22',NULL),(25,NULL,NULL,'Bielorrusia',1,'2020-05-28 20:55:22','2020-05-28 20:55:22',NULL),(26,NULL,NULL,'Birmania',1,'2020-05-28 20:55:22','2020-05-28 20:55:22',NULL),(27,NULL,NULL,'Bolivia',1,'2020-05-28 20:55:22','2020-05-28 20:55:22',NULL),(28,NULL,NULL,'Bosnia y Herzegovina',1,'2020-05-28 20:55:22','2020-05-28 20:55:22',NULL),(29,NULL,NULL,'Botsuana',1,'2020-05-28 20:55:22','2020-05-28 20:55:22',NULL),(30,NULL,NULL,'Brasil',1,'2020-05-28 20:55:22','2020-05-28 20:55:22',NULL),(31,NULL,NULL,'Brunéi',1,'2020-05-28 20:55:22','2020-05-28 20:55:22',NULL),(32,NULL,NULL,'Bulgaria',1,'2020-05-28 20:55:22','2020-05-28 20:55:22',NULL),(33,NULL,NULL,'Burkina Faso',1,'2020-05-28 20:55:22','2020-05-28 20:55:22',NULL),(34,NULL,NULL,'Burundi',1,'2020-05-28 20:55:22','2020-05-28 20:55:22',NULL),(35,NULL,NULL,'Cabo Verde',1,'2020-05-28 20:55:22','2020-05-28 20:55:22',NULL),(36,NULL,NULL,'Camboya',1,'2020-05-28 20:55:22','2020-05-28 20:55:22',NULL),(37,NULL,NULL,'Camerún',1,'2020-05-28 20:55:22','2020-05-28 20:55:22',NULL),(38,NULL,NULL,'Canadá',1,'2020-05-28 20:55:22','2020-05-28 20:55:22',NULL),(39,NULL,NULL,'Chad',1,'2020-05-28 20:55:22','2020-05-28 20:55:22',NULL),(40,NULL,NULL,'Chile',1,'2020-05-28 20:55:22','2020-05-28 20:55:22',NULL),(41,NULL,NULL,'China',1,'2020-05-28 20:55:22','2020-05-28 20:55:22',NULL),(42,NULL,NULL,'Chipre',1,'2020-05-28 20:55:22','2020-05-28 20:55:22',NULL),(43,NULL,NULL,'Ciudad del Vaticano',1,'2020-05-28 20:55:22','2020-05-28 20:55:22',NULL),(44,NULL,NULL,'Colombia',1,'2020-05-28 20:55:22','2020-05-28 20:55:22',NULL),(45,NULL,NULL,'Comoras',1,'2020-05-28 20:55:22','2020-05-28 20:55:22',NULL),(46,NULL,NULL,'República del Congo',1,'2020-05-28 20:55:22','2020-05-28 20:55:22',NULL),(47,NULL,NULL,'República Democrática del Congo',1,'2020-05-28 20:55:22','2020-05-28 20:55:22',NULL),(48,NULL,NULL,'Corea del Norte',1,'2020-05-28 20:55:22','2020-05-28 20:55:22',NULL),(49,NULL,NULL,'Corea del Sur',1,'2020-05-28 20:55:22','2020-05-28 20:55:22',NULL),(50,NULL,NULL,'Costa de Marfil',1,'2020-05-28 20:55:22','2020-05-28 20:55:22',NULL),(51,NULL,NULL,'Costa Rica',1,'2020-05-28 20:55:22','2020-05-28 20:55:22',NULL);
INSERT INTO `pais` VALUES (52,NULL,NULL,'Croacia',1,'2020-05-28 20:55:22','2020-05-28 20:55:22',NULL),(53,NULL,NULL,'Cuba',1,'2020-05-28 20:55:22','2020-05-28 20:55:22',NULL),(54,NULL,NULL,'Curazao',1,'2020-05-28 20:55:22','2020-05-28 20:55:22',NULL),(55,NULL,NULL,'Dinamarca',1,'2020-05-28 20:55:22','2020-05-28 20:55:22',NULL),(56,NULL,NULL,'Dominica',1,'2020-05-28 20:55:22','2020-05-28 20:55:22',NULL),(57,NULL,NULL,'Ecuador',1,'2020-05-28 20:55:22','2020-05-28 20:55:22',NULL),(58,NULL,NULL,'Egipto',1,'2020-05-28 20:55:22','2020-05-28 20:55:22',NULL),(59,NULL,NULL,'El Salvador',1,'2020-05-28 20:55:22','2020-05-28 20:55:22',NULL),(60,NULL,NULL,'Emiratos Árabes Unidos',1,'2020-05-28 20:55:22','2020-05-28 20:55:22',NULL),(61,NULL,NULL,'Eritrea',1,'2020-05-28 20:55:22','2020-05-28 20:55:22',NULL),(62,NULL,NULL,'Eslovaquia',1,'2020-05-28 20:55:22','2020-05-28 20:55:22',NULL),(63,NULL,NULL,'Eslovenia',1,'2020-05-28 20:55:22','2020-05-28 20:55:22',NULL),(64,NULL,NULL,'España',1,'2020-05-28 20:55:22','2020-05-28 20:55:22',NULL),(65,NULL,NULL,'Estados Unidos de América',1,'2020-05-28 20:55:22','2020-05-28 20:55:22',NULL),(66,NULL,NULL,'Estonia',1,'2020-05-28 20:55:22','2020-05-28 20:55:22',NULL),(67,NULL,NULL,'Etiopía',1,'2020-05-28 20:55:22','2020-05-28 20:55:22',NULL),(68,NULL,NULL,'Filipinas',1,'2020-05-28 20:55:22','2020-05-28 20:55:22',NULL),(69,NULL,NULL,'Finlandia',1,'2020-05-28 20:55:22','2020-05-28 20:55:22',NULL),(70,NULL,NULL,'Fiyi',1,'2020-05-28 20:55:22','2020-05-28 20:55:22',NULL),(71,NULL,NULL,'Francia',1,'2020-05-28 20:55:22','2020-05-28 20:55:22',NULL),(72,NULL,NULL,'Gabón',1,'2020-05-28 20:55:22','2020-05-28 20:55:22',NULL),(73,NULL,NULL,'Gambia',1,'2020-05-28 20:55:22','2020-05-28 20:55:22',NULL),(74,NULL,NULL,'Georgia',1,'2020-05-28 20:55:22','2020-05-28 20:55:22',NULL),(75,NULL,NULL,'Ghana',1,'2020-05-28 20:55:22','2020-05-28 20:55:22',NULL),(76,NULL,NULL,'Gibraltar',1,'2020-05-28 20:55:22','2020-05-28 20:55:22',NULL),(77,NULL,NULL,'Granada',1,'2020-05-28 20:55:22','2020-05-28 20:55:22',NULL),(78,NULL,NULL,'Grecia',1,'2020-05-28 20:55:22','2020-05-28 20:55:22',NULL),(79,NULL,NULL,'Groenlandia',1,'2020-05-28 20:55:22','2020-05-28 20:55:22',NULL),(80,NULL,NULL,'Guadalupe',1,'2020-05-28 20:55:22','2020-05-28 20:55:22',NULL),(81,NULL,NULL,'Guam',1,'2020-05-28 20:55:22','2020-05-28 20:55:22',NULL),(82,NULL,NULL,'Guatemala',1,'2020-05-28 20:55:22','2020-05-28 20:55:22',NULL),(83,NULL,NULL,'Guayana Francesa',1,'2020-05-28 20:55:22','2020-05-28 20:55:22',NULL),(84,NULL,NULL,'Guernsey',1,'2020-05-28 20:55:22','2020-05-28 20:55:22',NULL),(85,NULL,NULL,'Guinea',1,'2020-05-28 20:55:22','2020-05-28 20:55:22',NULL),(86,NULL,NULL,'Guinea Ecuatorial',1,'2020-05-28 20:55:22','2020-05-28 20:55:22',NULL),(87,NULL,NULL,'Guinea-Bissau',1,'2020-05-28 20:55:22','2020-05-28 20:55:22',NULL),(88,NULL,NULL,'Guyana',1,'2020-05-28 20:55:22','2020-05-28 20:55:22',NULL),(89,NULL,NULL,'Haití',1,'2020-05-28 20:55:22','2020-05-28 20:55:22',NULL),(90,NULL,NULL,'Honduras',1,'2020-05-28 20:55:22','2020-05-28 20:55:22',NULL),(91,NULL,NULL,'Hong kong',1,'2020-05-28 20:55:23','2020-05-28 20:55:23',NULL),(92,NULL,NULL,'Hungría',1,'2020-05-28 20:55:23','2020-05-28 20:55:23',NULL),(93,NULL,NULL,'India',1,'2020-05-28 20:55:23','2020-05-28 20:55:23',NULL),(94,NULL,NULL,'Indonesia',1,'2020-05-28 20:55:23','2020-05-28 20:55:23',NULL),(95,NULL,NULL,'Irán',1,'2020-05-28 20:55:23','2020-05-28 20:55:23',NULL),(96,NULL,NULL,'Irak',1,'2020-05-28 20:55:23','2020-05-28 20:55:23',NULL),(97,NULL,NULL,'Irlanda',1,'2020-05-28 20:55:23','2020-05-28 20:55:23',NULL),(98,NULL,NULL,'Isla Bouvet',1,'2020-05-28 20:55:23','2020-05-28 20:55:23',NULL),(99,NULL,NULL,'Isla de Man',1,'2020-05-28 20:55:23','2020-05-28 20:55:23',NULL),(100,NULL,NULL,'Isla de Navidad',1,'2020-05-28 20:55:23','2020-05-28 20:55:23',NULL),(101,NULL,NULL,'Isla Norfolk',1,'2020-05-28 20:55:23','2020-05-28 20:55:23',NULL),(102,NULL,NULL,'Islandia',1,'2020-05-28 20:55:23','2020-05-28 20:55:23',NULL);
INSERT INTO `pais` VALUES (103,NULL,NULL,'Islas Bermudas',1,'2020-05-28 20:55:23','2020-05-28 20:55:23',NULL),(104,NULL,NULL,'Islas Caimán',1,'2020-05-28 20:55:23','2020-05-28 20:55:23',NULL),(105,NULL,NULL,'Islas Cocos (Keeling)',1,'2020-05-28 20:55:23','2020-05-28 20:55:23',NULL),(106,NULL,NULL,'Islas Cook',1,'2020-05-28 20:55:23','2020-05-28 20:55:23',NULL),(107,NULL,NULL,'Islas de Åland',1,'2020-05-28 20:55:23','2020-05-28 20:55:23',NULL),(108,NULL,NULL,'Islas Feroe',1,'2020-05-28 20:55:23','2020-05-28 20:55:23',NULL),(109,NULL,NULL,'Islas Georgias del Sur y Sandwich del Sur',1,'2020-05-28 20:55:23','2020-05-28 20:55:23',NULL),(110,NULL,NULL,'Islas Heard y McDonald',1,'2020-05-28 20:55:23','2020-05-28 20:55:23',NULL),(111,NULL,NULL,'Islas Maldivas',1,'2020-05-28 20:55:23','2020-05-28 20:55:23',NULL),(112,NULL,NULL,'Islas Malvinas',1,'2020-05-28 20:55:23','2020-05-28 20:55:23',NULL),(113,NULL,NULL,'Islas Marianas del Norte',1,'2020-05-28 20:55:23','2020-05-28 20:55:23',NULL),(114,NULL,NULL,'Islas Marshall',1,'2020-05-28 20:55:23','2020-05-28 20:55:23',NULL),(115,NULL,NULL,'Islas Pitcairn',1,'2020-05-28 20:55:23','2020-05-28 20:55:23',NULL),(116,NULL,NULL,'Islas Salomón',1,'2020-05-28 20:55:23','2020-05-28 20:55:23',NULL),(117,NULL,NULL,'Islas Turcas y Caicos',1,'2020-05-28 20:55:23','2020-05-28 20:55:23',NULL),(118,NULL,NULL,'Islas Ultramarinas Menores de Estados Unidos',1,'2020-05-28 20:55:23','2020-05-28 20:55:23',NULL),(119,NULL,NULL,'Islas Vírgenes Británicas',1,'2020-05-28 20:55:23','2020-05-28 20:55:23',NULL),(120,NULL,NULL,'Islas Vírgenes de los Estados Unidos',1,'2020-05-28 20:55:23','2020-05-28 20:55:23',NULL),(121,NULL,NULL,'Israel',1,'2020-05-28 20:55:23','2020-05-28 20:55:23',NULL),(122,NULL,NULL,'Italia',1,'2020-05-28 20:55:23','2020-05-28 20:55:23',NULL),(123,NULL,NULL,'Jamaica',1,'2020-05-28 20:55:23','2020-05-28 20:55:23',NULL),(124,NULL,NULL,'Japón',1,'2020-05-28 20:55:23','2020-05-28 20:55:23',NULL),(125,NULL,NULL,'Jersey',1,'2020-05-28 20:55:23','2020-05-28 20:55:23',NULL),(126,NULL,NULL,'Jordania',1,'2020-05-28 20:55:23','2020-05-28 20:55:23',NULL),(127,NULL,NULL,'Kazajistán',1,'2020-05-28 20:55:23','2020-05-28 20:55:23',NULL),(128,NULL,NULL,'Kenia',1,'2020-05-28 20:55:23','2020-05-28 20:55:23',NULL),(129,NULL,NULL,'Kirguistán',1,'2020-05-28 20:55:23','2020-05-28 20:55:23',NULL),(130,NULL,NULL,'Kiribati',1,'2020-05-28 20:55:23','2020-05-28 20:55:23',NULL),(131,NULL,NULL,'Kuwait',1,'2020-05-28 20:55:23','2020-05-28 20:55:23',NULL),(132,NULL,NULL,'Líbano',1,'2020-05-28 20:55:23','2020-05-28 20:55:23',NULL),(133,NULL,NULL,'Laos',1,'2020-05-28 20:55:23','2020-05-28 20:55:23',NULL),(134,NULL,NULL,'Lesoto',1,'2020-05-28 20:55:23','2020-05-28 20:55:23',NULL),(135,NULL,NULL,'Letonia',1,'2020-05-28 20:55:23','2020-05-28 20:55:23',NULL),(136,NULL,NULL,'Liberia',1,'2020-05-28 20:55:23','2020-05-28 20:55:23',NULL),(137,NULL,NULL,'Libia',1,'2020-05-28 20:55:23','2020-05-28 20:55:23',NULL),(138,NULL,NULL,'Liechtenstein',1,'2020-05-28 20:55:23','2020-05-28 20:55:23',NULL),(139,NULL,NULL,'Lituania',1,'2020-05-28 20:55:23','2020-05-28 20:55:23',NULL),(140,NULL,NULL,'Luxemburgo',1,'2020-05-28 20:55:23','2020-05-28 20:55:23',NULL),(141,NULL,NULL,'México',1,'2020-05-28 20:55:23','2020-05-28 20:55:23',NULL),(142,NULL,NULL,'Mónaco',1,'2020-05-28 20:55:23','2020-05-28 20:55:23',NULL),(143,NULL,NULL,'Macao',1,'2020-05-28 20:55:23','2020-05-28 20:55:23',NULL),(144,NULL,NULL,'Macedônia',1,'2020-05-28 20:55:23','2020-05-28 20:55:23',NULL),(145,NULL,NULL,'Madagascar',1,'2020-05-28 20:55:23','2020-05-28 20:55:23',NULL),(146,NULL,NULL,'Malasia',1,'2020-05-28 20:55:23','2020-05-28 20:55:23',NULL),(147,NULL,NULL,'Malawi',1,'2020-05-28 20:55:23','2020-05-28 20:55:23',NULL),(148,NULL,NULL,'Mali',1,'2020-05-28 20:55:23','2020-05-28 20:55:23',NULL),(149,NULL,NULL,'Malta',1,'2020-05-28 20:55:23','2020-05-28 20:55:23',NULL),(150,NULL,NULL,'Marruecos',1,'2020-05-28 20:55:23','2020-05-28 20:55:23',NULL);
INSERT INTO `pais` VALUES (151,NULL,NULL,'Martinica',1,'2020-05-28 20:55:23','2020-05-28 20:55:23',NULL),(152,NULL,NULL,'Mauricio',1,'2020-05-28 20:55:23','2020-05-28 20:55:23',NULL),(153,NULL,NULL,'Mauritania',1,'2020-05-28 20:55:23','2020-05-28 20:55:23',NULL),(154,NULL,NULL,'Mayotte',1,'2020-05-28 20:55:23','2020-05-28 20:55:23',NULL),(155,NULL,NULL,'Micronesia',1,'2020-05-28 20:55:23','2020-05-28 20:55:23',NULL),(156,NULL,NULL,'Moldavia',1,'2020-05-28 20:55:23','2020-05-28 20:55:23',NULL),(157,NULL,NULL,'Mongolia',1,'2020-05-28 20:55:23','2020-05-28 20:55:23',NULL),(158,NULL,NULL,'Montenegro',1,'2020-05-28 20:55:23','2020-05-28 20:55:23',NULL),(159,NULL,NULL,'Montserrat',1,'2020-05-28 20:55:23','2020-05-28 20:55:23',NULL),(160,NULL,NULL,'Mozambique',1,'2020-05-28 20:55:23','2020-05-28 20:55:23',NULL),(161,NULL,NULL,'Namibia',1,'2020-05-28 20:55:23','2020-05-28 20:55:23',NULL),(162,NULL,NULL,'Nauru',1,'2020-05-28 20:55:23','2020-05-28 20:55:23',NULL),(163,NULL,NULL,'Nepal',1,'2020-05-28 20:55:23','2020-05-28 20:55:23',NULL),(164,NULL,NULL,'Nicaragua',1,'2020-05-28 20:55:23','2020-05-28 20:55:23',NULL),(165,NULL,NULL,'Niger',1,'2020-05-28 20:55:23','2020-05-28 20:55:23',NULL),(166,NULL,NULL,'Nigeria',1,'2020-05-28 20:55:23','2020-05-28 20:55:23',NULL),(167,NULL,NULL,'Niue',1,'2020-05-28 20:55:23','2020-05-28 20:55:23',NULL),(168,NULL,NULL,'Noruega',1,'2020-05-28 20:55:23','2020-05-28 20:55:23',NULL),(169,NULL,NULL,'Nueva Caledonia',1,'2020-05-28 20:55:23','2020-05-28 20:55:23',NULL),(170,NULL,NULL,'Nueva Zelanda',1,'2020-05-28 20:55:23','2020-05-28 20:55:23',NULL),(171,NULL,NULL,'Omán',1,'2020-05-28 20:55:23','2020-05-28 20:55:23',NULL),(172,NULL,NULL,'Países Bajos',1,'2020-05-28 20:55:23','2020-05-28 20:55:23',NULL),(173,NULL,NULL,'Pakistán',1,'2020-05-28 20:55:23','2020-05-28 20:55:23',NULL),(174,NULL,NULL,'Palau',1,'2020-05-28 20:55:23','2020-05-28 20:55:23',NULL),(175,NULL,NULL,'Palestina',1,'2020-05-28 20:55:23','2020-05-28 20:55:23',NULL),(176,NULL,NULL,'Panamá',1,'2020-05-28 20:55:23','2020-05-28 20:55:23',NULL),(177,NULL,NULL,'Papúa Nueva Guinea',1,'2020-05-28 20:55:23','2020-05-28 20:55:23',NULL),(178,NULL,NULL,'Paraguay',1,'2020-05-28 20:55:23','2020-05-28 20:55:23',NULL),(179,NULL,NULL,'Perú',1,'2020-05-28 20:55:23','2020-05-28 20:55:23',NULL),(180,NULL,NULL,'Polinesia Francesa',1,'2020-05-28 20:55:23','2020-05-28 20:55:23',NULL),(181,NULL,NULL,'Polonia',1,'2020-05-28 20:55:23','2020-05-28 20:55:23',NULL),(182,NULL,NULL,'Portugal',1,'2020-05-28 20:55:23','2020-05-28 20:55:23',NULL),(183,NULL,NULL,'Puerto Rico',1,'2020-05-28 20:55:23','2020-05-28 20:55:23',NULL),(184,NULL,NULL,'Qatar',1,'2020-05-28 20:55:23','2020-05-28 20:55:23',NULL),(185,NULL,NULL,'Reino Unido',1,'2020-05-28 20:55:23','2020-05-28 20:55:23',NULL),(186,NULL,NULL,'República Centroafricana',1,'2020-05-28 20:55:23','2020-05-28 20:55:23',NULL),(187,NULL,NULL,'República Checa',1,'2020-05-28 20:55:23','2020-05-28 20:55:23',NULL),(188,NULL,NULL,'República Dominicana',1,'2020-05-28 20:55:23','2020-05-28 20:55:23',NULL),(189,NULL,NULL,'República de Sudán del Sur',1,'2020-05-28 20:55:23','2020-05-28 20:55:23',NULL),(190,NULL,NULL,'Reunión',1,'2020-05-28 20:55:23','2020-05-28 20:55:23',NULL),(191,NULL,NULL,'Ruanda',1,'2020-05-28 20:55:23','2020-05-28 20:55:23',NULL),(192,NULL,NULL,'Rumanía',1,'2020-05-28 20:55:23','2020-05-28 20:55:23',NULL),(193,NULL,NULL,'Rusia',1,'2020-05-28 20:55:23','2020-05-28 20:55:23',NULL),(194,NULL,NULL,'Sahara Occidental',1,'2020-05-28 20:55:23','2020-05-28 20:55:23',NULL),(195,NULL,NULL,'Samoa',1,'2020-05-28 20:55:23','2020-05-28 20:55:23',NULL),(196,NULL,NULL,'Samoa Americana',1,'2020-05-28 20:55:23','2020-05-28 20:55:23',NULL),(197,NULL,NULL,'San Bartolomé',1,'2020-05-28 20:55:23','2020-05-28 20:55:23',NULL),(198,NULL,NULL,'San Cristóbal y Nieves',1,'2020-05-28 20:55:23','2020-05-28 20:55:23',NULL),(199,NULL,NULL,'San Marino',1,'2020-05-28 20:55:23','2020-05-28 20:55:23',NULL);
INSERT INTO `pais` VALUES (200,NULL,NULL,'San Martín (Francia)',1,'2020-05-28 20:55:23','2020-05-28 20:55:23',NULL),(201,NULL,NULL,'San Pedro y Miquelón',1,'2020-05-28 20:55:23','2020-05-28 20:55:23',NULL),(202,NULL,NULL,'San Vicente y las Granadinas',1,'2020-05-28 20:55:23','2020-05-28 20:55:23',NULL),(203,NULL,NULL,'Santa Elena',1,'2020-05-28 20:55:23','2020-05-28 20:55:23',NULL),(204,NULL,NULL,'Santa Lucía',1,'2020-05-28 20:55:23','2020-05-28 20:55:23',NULL),(205,NULL,NULL,'Santo Tomé y Príncipe',1,'2020-05-28 20:55:23','2020-05-28 20:55:23',NULL),(206,NULL,NULL,'Senegal',1,'2020-05-28 20:55:23','2020-05-28 20:55:23',NULL),(207,NULL,NULL,'Serbia',1,'2020-05-28 20:55:23','2020-05-28 20:55:23',NULL),(208,NULL,NULL,'Seychelles',1,'2020-05-28 20:55:23','2020-05-28 20:55:23',NULL),(209,NULL,NULL,'Sierra Leona',1,'2020-05-28 20:55:23','2020-05-28 20:55:23',NULL),(210,NULL,NULL,'Singapur',1,'2020-05-28 20:55:23','2020-05-28 20:55:23',NULL),(211,NULL,NULL,'Sint Maarten',1,'2020-05-28 20:55:23','2020-05-28 20:55:23',NULL),(212,NULL,NULL,'Siria',1,'2020-05-28 20:55:23','2020-05-28 20:55:23',NULL),(213,NULL,NULL,'Somalia',1,'2020-05-28 20:55:23','2020-05-28 20:55:23',NULL),(214,NULL,NULL,'Sri lanka',1,'2020-05-28 20:55:23','2020-05-28 20:55:23',NULL),(215,NULL,NULL,'Sudáfrica',1,'2020-05-28 20:55:23','2020-05-28 20:55:23',NULL),(216,NULL,NULL,'Sudán',1,'2020-05-28 20:55:23','2020-05-28 20:55:23',NULL),(217,NULL,NULL,'Suecia',1,'2020-05-28 20:55:23','2020-05-28 20:55:23',NULL),(218,NULL,NULL,'Suiza',1,'2020-05-28 20:55:23','2020-05-28 20:55:23',NULL),(219,NULL,NULL,'Surinám',1,'2020-05-28 20:55:23','2020-05-28 20:55:23',NULL),(220,NULL,NULL,'Svalbard y Jan Mayen',1,'2020-05-28 20:55:23','2020-05-28 20:55:23',NULL),(221,NULL,NULL,'Swazilandia',1,'2020-05-28 20:55:23','2020-05-28 20:55:23',NULL),(222,NULL,NULL,'Tayikistán',1,'2020-05-28 20:55:23','2020-05-28 20:55:23',NULL),(223,NULL,NULL,'Tailandia',1,'2020-05-28 20:55:23','2020-05-28 20:55:23',NULL),(224,NULL,NULL,'Taiwán',1,'2020-05-28 20:55:23','2020-05-28 20:55:23',NULL),(225,NULL,NULL,'Tanzania',1,'2020-05-28 20:55:23','2020-05-28 20:55:23',NULL),(226,NULL,NULL,'Territorio Británico del Océano Índico',1,'2020-05-28 20:55:23','2020-05-28 20:55:23',NULL),(227,NULL,NULL,'Territorios Australes y Antárticas Franceses',1,'2020-05-28 20:55:23','2020-05-28 20:55:23',NULL),(228,NULL,NULL,'Timor Oriental',1,'2020-05-28 20:55:23','2020-05-28 20:55:23',NULL),(229,NULL,NULL,'Togo',1,'2020-05-28 20:55:23','2020-05-28 20:55:23',NULL),(230,NULL,NULL,'Tokelau',1,'2020-05-28 20:55:23','2020-05-28 20:55:23',NULL),(231,NULL,NULL,'Tonga',1,'2020-05-28 20:55:23','2020-05-28 20:55:23',NULL),(232,NULL,NULL,'Trinidad y Tobago',1,'2020-05-28 20:55:23','2020-05-28 20:55:23',NULL),(233,NULL,NULL,'Tunez',1,'2020-05-28 20:55:23','2020-05-28 20:55:23',NULL),(234,NULL,NULL,'Turkmenistán',1,'2020-05-28 20:55:23','2020-05-28 20:55:23',NULL),(235,NULL,NULL,'Turquía',1,'2020-05-28 20:55:23','2020-05-28 20:55:23',NULL),(236,NULL,NULL,'Tuvalu',1,'2020-05-28 20:55:23','2020-05-28 20:55:23',NULL),(237,NULL,NULL,'Ucrania',1,'2020-05-28 20:55:23','2020-05-28 20:55:23',NULL),(238,NULL,NULL,'Uganda',1,'2020-05-28 20:55:23','2020-05-28 20:55:23',NULL),(239,NULL,NULL,'Uruguay',1,'2020-05-28 20:55:23','2020-05-28 20:55:23',NULL),(240,NULL,NULL,'Uzbekistán',1,'2020-05-28 20:55:23','2020-05-28 20:55:23',NULL),(241,NULL,NULL,'Vanuatu',1,'2020-05-28 20:55:23','2020-05-28 20:55:23',NULL),(242,NULL,NULL,'Venezuela',1,'2020-05-28 20:55:23','2020-05-28 20:55:23',NULL),(243,NULL,NULL,'Vietnam',1,'2020-05-28 20:55:23','2020-05-28 20:55:23',NULL),(244,NULL,NULL,'Wallis y Futuna',1,'2020-05-28 20:55:23','2020-05-28 20:55:23',NULL),(245,NULL,NULL,'Yemen',1,'2020-05-28 20:55:23','2020-05-28 20:55:23',NULL),(246,NULL,NULL,'Yibuti',1,'2020-05-28 20:55:23','2020-05-28 20:55:23',NULL),(247,NULL,NULL,'Zambia',1,'2020-05-28 20:55:23','2020-05-28 20:55:23',NULL),(248,NULL,NULL,'Zimbabue',1,'2020-05-28 20:55:23','2020-05-28 20:55:23',NULL);

--
-- Table structure for table `paises_prefijos`
--

CREATE TABLE `paises_prefijos` (
  `id` bigint(20) unsigned NOT NULL AUTO_INCREMENT,
  `pais` varchar(191) COLLATE utf8mb4_unicode_ci NOT NULL,
  `prefijo` varchar(191) COLLATE utf8mb4_unicode_ci NOT NULL,
  `value` int(11) NOT NULL DEFAULT '1',
  `text` varchar(191) COLLATE utf8mb4_unicode_ci NOT NULL,
  `created_at` timestamp NULL DEFAULT NULL,
  `updated_at` timestamp NULL DEFAULT NULL,
  `deleted_at` timestamp NULL DEFAULT NULL,
  PRIMARY KEY (`id`)
) ENGINE=InnoDB AUTO_INCREMENT=195 DEFAULT CHARSET=utf8mb4 COLLATE=utf8mb4_unicode_ci;

--
-- Dumping data for table `paises_prefijos`
--

INSERT INTO `paises_prefijos` VALUES (1,'Afganistán','93',1,'Afganistán 93',NULL,NULL,NULL),(2,'Albania','355',2,'Albania 355',NULL,NULL,NULL),(3,'Alemania','49',3,'Alemania 49',NULL,NULL,NULL),(4,'Andorra','376',4,'Andorra 376',NULL,NULL,NULL),(5,'Angola','244',5,'Angola 244',NULL,NULL,NULL),(6,'Antigua y Barbuda','1-268',6,'Antigua y Barbuda 1-268',NULL,NULL,NULL),(7,'Arabia Saudita','966',7,'Arabia Saudita 966',NULL,NULL,NULL),(8,'Argelia','213',8,'Argelia 213',NULL,NULL,NULL),(9,'Argentina','549',9,'Argentina 549',NULL,NULL,NULL),(10,'Armenia','374',10,'Armenia 374',NULL,NULL,NULL),(11,'Australia','61',11,'Australia 61',NULL,NULL,NULL),(12,'Austria','43',12,'Austria 43',NULL,NULL,NULL),(13,'Azerbaiyán','994',13,'Azerbaiyán 994',NULL,NULL,NULL),(14,'Bahamas','1-242',14,'Bahamas 1-242',NULL,NULL,NULL),(15,'Bangladés','880',15,'Bangladés 880',NULL,NULL,NULL),(16,'Barbados','1-246',16,'Barbados 1-246',NULL,NULL,NULL),(17,'Baréin','973',17,'Baréin 973',NULL,NULL,NULL),(18,'Bélgica','32',18,'Bélgica 32',NULL,NULL,NULL),(19,'Belice','501',19,'Belice 501',NULL,NULL,NULL),(20,'Benín','229',20,'Benín 229',NULL,NULL,NULL),(21,'Bielorrusia','375',21,'Bielorrusia 375',NULL,NULL,NULL),(22,'Birmania','95',22,'Birmania 95',NULL,NULL,NULL),(23,'Bolivia','591',23,'Bolivia 591',NULL,NULL,NULL),(24,'Bosnia y Herzegovina','387',24,'Bosnia y Herzegovina 387',NULL,NULL,NULL),(25,'Botsuana','267',25,'Botsuana 267',NULL,NULL,NULL),(26,'Brasil','55',26,'Brasil 55',NULL,NULL,NULL),(27,'Brunéi','673',27,'Brunéi 673',NULL,NULL,NULL),(28,'Bulgaria','359',28,'Bulgaria 359',NULL,NULL,NULL),(29,'Burkina Faso','226',29,'Burkina Faso 226',NULL,NULL,NULL),(30,'Burundi','257',30,'Burundi 257',NULL,NULL,NULL),(31,'Bután','975',31,'Bután 975',NULL,NULL,NULL),(32,'Cabo Verde','238',32,'Cabo Verde 238',NULL,NULL,NULL),(33,'Camboya','855',33,'Camboya 855',NULL,NULL,NULL),(34,'Camerún','237',34,'Camerún 237',NULL,NULL,NULL),(35,'Canadá','1',35,'Canadá 1',NULL,NULL,NULL),(36,'Catar','974',36,'Catar 974',NULL,NULL,NULL),(37,'Chad','235',37,'Chad 235',NULL,NULL,NULL),(38,'Chile','56',38,'Chile 56',NULL,NULL,NULL),(39,'China','86',39,'China 86',NULL,NULL,NULL),(40,'Chipre','357',40,'Chipre 357',NULL,NULL,NULL),(41,'Colombia','57',41,'Colombia 57',NULL,NULL,NULL),(42,'Comoras','269',42,'Comoras 269',NULL,NULL,NULL),(43,'Corea del Norte','850',43,'Corea del Norte 850',NULL,NULL,NULL),(44,'Corea del Sur','82',44,'Corea del Sur 82',NULL,NULL,NULL),(45,'Costa de Marfil','225',45,'Costa de Marfil 225',NULL,NULL,NULL),(46,'Costa Rica','506',46,'Costa Rica 506',NULL,NULL,NULL),(47,'Croacia','385',47,'Croacia 385',NULL,NULL,NULL),(48,'Cuba','53',48,'Cuba 53',NULL,NULL,NULL),(49,'Dinamarca','45',49,'Dinamarca 45',NULL,NULL,NULL),(50,'Dominica','1-767',50,'Dominica 1-767',NULL,NULL,NULL),(51,'Ecuador','593',51,'Ecuador 593',NULL,NULL,NULL),(52,'Egipto','20',52,'Egipto 20',NULL,NULL,NULL),(53,'El Salvador','503',53,'El Salvador 503',NULL,NULL,NULL),(54,'Emiratos Árabes Unidos','971',54,'Emiratos Árabes Unidos 971',NULL,NULL,NULL),(55,'Eritrea','291',55,'Eritrea 291',NULL,NULL,NULL),(56,'Eslovaquia','421',56,'Eslovaquia 421',NULL,NULL,NULL),(57,'Eslovenia','386',57,'Eslovenia 386',NULL,NULL,NULL),(58,'España','34',58,'España 34',NULL,NULL,NULL),(59,'Estados Unidos','1',59,'Estados Unidos 1',NULL,NULL,NULL),(60,'Estonia','372',60,'Estonia 372',NULL,NULL,NULL),(61,'Etiopía','251',61,'Etiopía 251',NULL,NULL,NULL),(62,'Filipinas','63',62,'Filipinas 63',NULL,NULL,NULL),(63,'Finlandia','358',63,'Finlandia 358',NULL,NULL,NULL),(64,'Fiyi','679',64,'Fiyi 679',NULL,NULL,NULL),(65,'Francia','33',65,'Francia 33',NULL,NULL,NULL),(66,'Gabón','241',66,'Gabón 241',NULL,NULL,NULL),(67,'Gambia','220',67,'Gambia 220',NULL,NULL,NULL),(68,'Georgia','995',68,'Georgia 995',NULL,NULL,NULL),(69,'Ghana','233',69,'Ghana 233',NULL,NULL,NULL),(70,'Granada','1-473',70,'Granada 1-473',NULL,NULL,NULL),(71,'Grecia','30',71,'Grecia 30',NULL,NULL,NULL);
INSERT INTO `paises_prefijos` VALUES (72,'Guatemala','502',72,'Guatemala 502',NULL,NULL,NULL),(73,'Guinea','224',73,'Guinea 224',NULL,NULL,NULL),(74,'Guinea Ecuatorial','240',74,'Guinea Ecuatorial 240',NULL,NULL,NULL),(75,'Guinea-Bisáu','245',75,'Guinea-Bisáu 245',NULL,NULL,NULL),(76,'Guyana','592',76,'Guyana 592',NULL,NULL,NULL),(77,'Haití','509',77,'Haití 509',NULL,NULL,NULL),(78,'Honduras','504',78,'Honduras 504',NULL,NULL,NULL),(79,'Hungría','36',79,'Hungría 36',NULL,NULL,NULL),(80,'India','91',80,'India 91',NULL,NULL,NULL),(81,'Indonesia','62',81,'Indonesia 62',NULL,NULL,NULL),(82,'Irak','964',82,'Irak 964',NULL,NULL,NULL),(83,'Irán','98',83,'Irán 98',NULL,NULL,NULL),(84,'Irlanda','353',84,'Irlanda 353',NULL,NULL,NULL),(85,'Islandia','354',85,'Islandia 354',NULL,NULL,NULL),(86,'Islas Marshall','692',86,'Islas Marshall 692',NULL,NULL,NULL),(87,'Islas Salomón','677',87,'Islas Salomón 677',NULL,NULL,NULL),(88,'Israel','972',88,'Israel 972',NULL,NULL,NULL),(89,'Italia','39',89,'Italia 39',NULL,NULL,NULL),(90,'Jamaica','1-876',90,'Jamaica 1-876',NULL,NULL,NULL),(91,'Japón','81',91,'Japón 81',NULL,NULL,NULL),(92,'Jordania','962',92,'Jordania 962',NULL,NULL,NULL),(93,'Kazajistán','7',93,'Kazajistán 7',NULL,NULL,NULL),(94,'Kenia','254',94,'Kenia 254',NULL,NULL,NULL),(95,'Kirguistán','996',95,'Kirguistán 996',NULL,NULL,NULL),(96,'Kiribati','686',96,'Kiribati 686',NULL,NULL,NULL),(97,'Kuwait','965',97,'Kuwait 965',NULL,NULL,NULL),(98,'Laos','856',98,'Laos 856',NULL,NULL,NULL),(99,'Lesoto','266',99,'Lesoto 266',NULL,NULL,NULL),(100,'Letonia','371',100,'Letonia 371',NULL,NULL,NULL),(101,'Líbano','961',101,'Líbano 961',NULL,NULL,NULL),(102,'Liberia','231',102,'Liberia 231',NULL,NULL,NULL),(103,'Libia','218',103,'Libia 218',NULL,NULL,NULL),(104,'Liechtenstein','423',104,'Liechtenstein 423',NULL,NULL,NULL),(105,'Lituania','370',105,'Lituania 370',NULL,NULL,NULL),(106,'Luxemburgo','352',106,'Luxemburgo 352',NULL,NULL,NULL),(107,'Macedonia del Norte','389',107,'Macedonia del Norte 389',NULL,NULL,NULL),(108,'Madagascar','261',108,'Madagascar 261',NULL,NULL,NULL),(109,'Malasia','60',109,'Malasia 60',NULL,NULL,NULL),(110,'Malaui','265',110,'Malaui 265',NULL,NULL,NULL),(111,'Maldivas','960',111,'Maldivas 960',NULL,NULL,NULL),(112,'Malí','223',112,'Malí 223',NULL,NULL,NULL),(113,'Malta','356',113,'Malta 356',NULL,NULL,NULL),(114,'Marruecos','212',114,'Marruecos 212',NULL,NULL,NULL),(115,'Mauricio','230',115,'Mauricio 230',NULL,NULL,NULL),(116,'Mauritania','222',116,'Mauritania 222',NULL,NULL,NULL),(117,'México','52',117,'México 52',NULL,NULL,NULL),(118,'Micronesia','691',118,'Micronesia 691',NULL,NULL,NULL),(119,'Moldavia','373',119,'Moldavia 373',NULL,NULL,NULL),(120,'Mónaco','377',120,'Mónaco 377',NULL,NULL,NULL),(121,'Mongolia','976',121,'Mongolia 976',NULL,NULL,NULL),(122,'Montenegro','382',122,'Montenegro 382',NULL,NULL,NULL),(123,'Mozambique','258',123,'Mozambique 258',NULL,NULL,NULL),(124,'Namibia','264',124,'Namibia 264',NULL,NULL,NULL),(125,'Nauru','674',125,'Nauru 674',NULL,NULL,NULL),(126,'Nepal','977',126,'Nepal 977',NULL,NULL,NULL),(127,'Nicaragua','505',127,'Nicaragua 505',NULL,NULL,NULL),(128,'Níger','227',128,'Níger 227',NULL,NULL,NULL),(129,'Nigeria','234',129,'Nigeria 234',NULL,NULL,NULL),(130,'Noruega','47',130,'Noruega 47',NULL,NULL,NULL),(131,'Nueva Zelanda','64',131,'Nueva Zelanda 64',NULL,NULL,NULL),(132,'Omán','968',132,'Omán 968',NULL,NULL,NULL),(133,'Países Bajos','31',133,'Países Bajos 31',NULL,NULL,NULL),(134,'Pakistán','92',134,'Pakistán 92',NULL,NULL,NULL),(135,'Palaos','680',135,'Palaos 680',NULL,NULL,NULL),(136,'Panamá','507',136,'Panamá 507',NULL,NULL,NULL),(137,'Papúa Nueva Guinea','675',137,'Papúa Nueva Guinea 675',NULL,NULL,NULL),(138,'Paraguay','595',138,'Paraguay 595',NULL,NULL,NULL),(139,'Perú','51',139,'Perú 51',NULL,NULL,NULL),(140,'Polonia','48',140,'Polonia 48',NULL,NULL,NULL),(141,'Portugal','351',141,'Portugal 351',NULL,NULL,NULL);
INSERT INTO `paises_prefijos` VALUES (142,'Reino Unido','44',142,'Reino Unido 44',NULL,NULL,NULL),(143,'República Centroafricana','236',143,'República Centroafricana 236',NULL,NULL,NULL),(144,'República Checa','420',144,'República Checa 420',NULL,NULL,NULL),(145,'República del Congo','242',145,'República del Congo 242',NULL,NULL,NULL),(146,'República Democrática del Congo','243',146,'República Democrática del Congo 243',NULL,NULL,NULL),(147,'República Dominicana','1-809',147,'República Dominicana 1-809',NULL,NULL,NULL),(148,'Ruanda','250',148,'Ruanda 250',NULL,NULL,NULL),(149,'Rumania','40',149,'Rumania 40',NULL,NULL,NULL),(150,'Rusia','7',150,'Rusia 7',NULL,NULL,NULL),(151,'Samoa','685',151,'Samoa 685',NULL,NULL,NULL),(152,'San Cristóbal y Nieves','1-869',152,'San Cristóbal y Nieves 1-869',NULL,NULL,NULL),(153,'San Marino','378',153,'San Marino 378',NULL,NULL,NULL),(154,'San Vicente y las Granadinas','1-784',154,'San Vicente y las Granadinas 1-784',NULL,NULL,NULL),(155,'Santa Lucía','1-758',155,'Santa Lucía 1-758',NULL,NULL,NULL),(156,'Santo Tomé y Príncipe','239',156,'Santo Tomé y Príncipe 239',NULL,NULL,NULL),(157,'Senegal','221',157,'Senegal 221',NULL,NULL,NULL),(158,'Serbia','381',158,'Serbia 381',NULL,NULL,NULL),(159,'Seychelles','248',159,'Seychelles 248',NULL,NULL,NULL),(160,'Sierra Leona','232',160,'Sierra Leona 232',NULL,NULL,NULL),(161,'Singapur','65',161,'Singapur 65',NULL,NULL,NULL),(162,'Siria','963',162,'Siria 963',NULL,NULL,NULL),(163,'Somalia','252',163,'Somalia 252',NULL,NULL,NULL),(164,'Sri Lanka','94',164,'Sri Lanka 94',NULL,NULL,NULL),(165,'Sudáfrica','27',165,'Sudáfrica 27',NULL,NULL,NULL),(166,'Sudán','249',166,'Sudán 249',NULL,NULL,NULL),(167,'Sudán del Sur','211',167,'Sudán del Sur 211',NULL,NULL,NULL),(168,'Suecia','46',168,'Suecia 46',NULL,NULL,NULL),(169,'Suiza','41',169,'Suiza 41',NULL,NULL,NULL),(170,'Surinam','597',170,'Surinam 597',NULL,NULL,NULL),(171,'Tailandia','66',171,'Tailandia 66',NULL,NULL,NULL),(172,'Taiwán','886',172,'Taiwán 886',NULL,NULL,NULL),(173,'Tanzania','255',173,'Tanzania 255',NULL,NULL,NULL),(174,'Tayikistán','992',174,'Tayikistán 992',NULL,NULL,NULL),(175,'Timor Oriental','670',175,'Timor Oriental 670',NULL,NULL,NULL),(176,'Togo','228',176,'Togo 228',NULL,NULL,NULL),(177,'Tonga','676',177,'Tonga 676',NULL,NULL,NULL),(178,'Trinidad y Tobago','1-868',178,'Trinidad y Tobago 1-868',NULL,NULL,NULL),(179,'Túnez','216',179,'Túnez 216',NULL,NULL,NULL),(180,'Turkmenistán','993',180,'Turkmenistán 993',NULL,NULL,NULL),(181,'Turquía','90',181,'Turquía 90',NULL,NULL,NULL),(182,'Tuvalu','688',182,'Tuvalu 688',NULL,NULL,NULL),(183,'Ucrania','380',183,'Ucrania 380',NULL,NULL,NULL),(184,'Uganda','256',184,'Uganda 256',NULL,NULL,NULL),(185,'Uruguay','598',185,'Uruguay 598',NULL,NULL,NULL),(186,'Uzbekistán','998',186,'Uzbekistán 998',NULL,NULL,NULL),(187,'Vanuatu','678',187,'Vanuatu 678',NULL,NULL,NULL),(188,'Vaticano','379',188,'Vaticano 379',NULL,NULL,NULL),(189,'Venezuela','58',189,'Venezuela 58',NULL,NULL,NULL),(190,'Vietnam','84',190,'Vietnam 84',NULL,NULL,NULL),(191,'Yemen','967',191,'Yemen 967',NULL,NULL,NULL),(192,'Yibuti','253',192,'Yibuti 253',NULL,NULL,NULL),(193,'Zambia','260',193,'Zambia 260',NULL,NULL,NULL),(194,'Zimbabue','263',194,'Zimbabue 263',NULL,NULL,NULL);

--
-- Table structure for table `panel_liquidaciones`
--

CREATE TABLE `panel_liquidaciones` (
  `id` bigint(20) unsigned NOT NULL AUTO_INCREMENT,
  `user_id` int(10) unsigned DEFAULT NULL,
  `cta_cte_tesoreria_cuenta_id` int(10) unsigned NOT NULL,
  `period_id` int(10) unsigned NOT NULL,
  `panel_tipo_liq_id` bigint(20) unsigned NOT NULL,
  `total` decimal(16,2) NOT NULL,
  `comentario` text COLLATE utf8mb4_unicode_ci,
  `created_at` timestamp NULL DEFAULT NULL,
  `updated_at` timestamp NULL DEFAULT NULL,
  `deleted_at` timestamp NULL DEFAULT NULL,
  PRIMARY KEY (`id`),
  KEY `panel_liquidaciones_period_id_foreign` (`period_id`),
  KEY `panel_liquidaciones_panel_tipo_liq_id_foreign` (`panel_tipo_liq_id`),
  KEY `panel_liquidaciones_cta_cte_tesoreria_cuenta_id_foreign` (`cta_cte_tesoreria_cuenta_id`),
  CONSTRAINT `panel_liquidaciones_cta_cte_tesoreria_cuenta_id_foreign` FOREIGN KEY (`cta_cte_tesoreria_cuenta_id`) REFERENCES `cta_cte_tesoreria_cuentas` (`id`),
  CONSTRAINT `panel_liquidaciones_panel_tipo_liq_id_foreign` FOREIGN KEY (`panel_tipo_liq_id`) REFERENCES `panel_tipo_liquidaciones` (`id`),
  CONSTRAINT `panel_liquidaciones_period_id_foreign` FOREIGN KEY (`period_id`) REFERENCES `periods` (`id`)
) ENGINE=InnoDB DEFAULT CHARSET=utf8mb4 COLLATE=utf8mb4_unicode_ci;

--
-- Dumping data for table `panel_liquidaciones`
--


--
-- Table structure for table `panel_tipo_liquidaciones`
--

CREATE TABLE `panel_tipo_liquidaciones` (
  `id` bigint(20) unsigned NOT NULL AUTO_INCREMENT,
  `user_id` int(10) unsigned DEFAULT NULL,
  `descripcion` varchar(191) COLLATE utf8mb4_unicode_ci NOT NULL,
  `habilitado` tinyint(1) NOT NULL DEFAULT '1',
  `created_at` timestamp NULL DEFAULT NULL,
  `updated_at` timestamp NULL DEFAULT NULL,
  `deleted_at` timestamp NULL DEFAULT NULL,
  PRIMARY KEY (`id`)
) ENGINE=InnoDB AUTO_INCREMENT=4 DEFAULT CHARSET=utf8mb4 COLLATE=utf8mb4_unicode_ci;

--
-- Dumping data for table `panel_tipo_liquidaciones`
--

INSERT INTO `panel_tipo_liquidaciones` VALUES (1,NULL,'Mensual',1,NULL,NULL,NULL),(2,NULL,'Q1',1,NULL,NULL,NULL),(3,NULL,'Q2',1,NULL,NULL,NULL);

--
-- Table structure for table `panel_users`
--

CREATE TABLE `panel_users` (
  `id` bigint(20) unsigned NOT NULL AUTO_INCREMENT,
  `user_id` int(10) unsigned DEFAULT NULL,
  `person_id` int(10) unsigned NOT NULL,
  `cobrador_id` bigint(20) unsigned NOT NULL,
  `user` varchar(255) COLLATE utf8mb4_unicode_ci NOT NULL,
  `habilitado` tinyint(1) NOT NULL DEFAULT '1',
  `created_at` timestamp NULL DEFAULT NULL,
  `updated_at` timestamp NULL DEFAULT NULL,
  `deleted_at` timestamp NULL DEFAULT NULL,
  PRIMARY KEY (`id`),
  UNIQUE KEY `panel_users_user_unique` (`user`),
  UNIQUE KEY `user_person_unique` (`user`,`person_id`),
  KEY `panel_users_person_id_foreign` (`person_id`),
  KEY `panel_users_cobrador_id_foreign` (`cobrador_id`),
  CONSTRAINT `panel_users_cobrador_id_foreign` FOREIGN KEY (`cobrador_id`) REFERENCES `cobradores` (`id`),
  CONSTRAINT `panel_users_person_id_foreign` FOREIGN KEY (`person_id`) REFERENCES `persons` (`id`)
) ENGINE=InnoDB DEFAULT CHARSET=utf8mb4 COLLATE=utf8mb4_unicode_ci;

--
-- Dumping data for table `panel_users`
--


--
-- Table structure for table `panel_users_emails`
--

CREATE TABLE `panel_users_emails` (
  `id` bigint(20) unsigned NOT NULL AUTO_INCREMENT,
  `user_id` int(10) unsigned DEFAULT NULL,
  `panel_user_id` bigint(20) unsigned NOT NULL,
  `email` text COLLATE utf8mb4_unicode_ci,
  `created_at` timestamp NULL DEFAULT NULL,
  `updated_at` timestamp NULL DEFAULT NULL,
  `deleted_at` timestamp NULL DEFAULT NULL,
  PRIMARY KEY (`id`),
  KEY `panel_users_emails_panel_user_id_foreign` (`panel_user_id`),
  CONSTRAINT `panel_users_emails_panel_user_id_foreign` FOREIGN KEY (`panel_user_id`) REFERENCES `panel_users` (`id`)
) ENGINE=InnoDB DEFAULT CHARSET=utf8mb4 COLLATE=utf8mb4_unicode_ci;

--
-- Dumping data for table `panel_users_emails`
--


--
-- Table structure for table `panel_users_movimientos`
--

CREATE TABLE `panel_users_movimientos` (
  `id` bigint(20) unsigned NOT NULL AUTO_INCREMENT,
  `user_id` int(10) unsigned DEFAULT NULL,
  `cobrador_id` bigint(20) unsigned NOT NULL,
  `panel_user_id` bigint(20) unsigned NOT NULL,
  `cta_cte_tesoreria_cuenta_id` int(10) unsigned DEFAULT NULL,
  `credit_debit` int(10) unsigned NOT NULL,
  `importe` decimal(16,2) NOT NULL DEFAULT '0.00',
  `document` text COLLATE utf8mb4_unicode_ci,
  `operacion_id` text COLLATE utf8mb4_unicode_ci,
  `is_recarga` tinyint(1) NOT NULL DEFAULT '0',
  `path_file` varchar(255) COLLATE utf8mb4_unicode_ci DEFAULT NULL,
  `fecha` datetime DEFAULT NULL,
  `created_at` timestamp NULL DEFAULT NULL,
  `updated_at` timestamp NULL DEFAULT NULL,
  `deleted_at` timestamp NULL DEFAULT NULL,
  PRIMARY KEY (`id`),
  KEY `panel_users_movimientos_panel_user_id_foreign` (`panel_user_id`),
  KEY `panel_users_movimientos_cta_cte_tesoreria_cuenta_id_foreign` (`cta_cte_tesoreria_cuenta_id`),
  KEY `panel_users_movimientos_cobrador_id_foreign` (`cobrador_id`),
  CONSTRAINT `panel_users_movimientos_cobrador_id_foreign` FOREIGN KEY (`cobrador_id`) REFERENCES `cobradores` (`id`),
  CONSTRAINT `panel_users_movimientos_cta_cte_tesoreria_cuenta_id_foreign` FOREIGN KEY (`cta_cte_tesoreria_cuenta_id`) REFERENCES `cta_cte_tesoreria_cuentas` (`id`),
  CONSTRAINT `panel_users_movimientos_panel_user_id_foreign` FOREIGN KEY (`panel_user_id`) REFERENCES `panel_users` (`id`)
) ENGINE=InnoDB DEFAULT CHARSET=utf8mb4 COLLATE=utf8mb4_unicode_ci;

--
-- Dumping data for table `panel_users_movimientos`
--


--
-- Table structure for table `panel_users_telefonos`
--

CREATE TABLE `panel_users_telefonos` (
  `id` bigint(20) unsigned NOT NULL AUTO_INCREMENT,
  `user_id` int(10) unsigned DEFAULT NULL,
  `panel_user_id` bigint(20) unsigned NOT NULL,
  `telefono` text COLLATE utf8mb4_unicode_ci,
  `created_at` timestamp NULL DEFAULT NULL,
  `updated_at` timestamp NULL DEFAULT NULL,
  `deleted_at` timestamp NULL DEFAULT NULL,
  PRIMARY KEY (`id`),
  KEY `panel_users_telefonos_panel_user_id_foreign` (`panel_user_id`),
  CONSTRAINT `panel_users_telefonos_panel_user_id_foreign` FOREIGN KEY (`panel_user_id`) REFERENCES `panel_users` (`id`)
) ENGINE=InnoDB DEFAULT CHARSET=utf8mb4 COLLATE=utf8mb4_unicode_ci;

--
-- Dumping data for table `panel_users_telefonos`
--


--
-- Table structure for table `panel_users_transfer`
--

CREATE TABLE `panel_users_transfer` (
  `id` bigint(20) unsigned NOT NULL AUTO_INCREMENT,
  `user_id` int(10) unsigned DEFAULT NULL,
  `panel_user_id` bigint(20) unsigned NOT NULL,
  `panel_user_movimiento_id` bigint(20) unsigned NOT NULL,
  `cta_cte_tesoreria_cuenta_id` int(10) unsigned DEFAULT NULL,
  `credit_debit` int(10) unsigned NOT NULL,
  `document` text COLLATE utf8mb4_unicode_ci,
  `operacion_id` text COLLATE utf8mb4_unicode_ci,
  `cbu_alias` text COLLATE utf8mb4_unicode_ci,
  `nombre_apellido` text COLLATE utf8mb4_unicode_ci,
  `fecha` datetime DEFAULT NULL,
  `fecha_to_transfer` date DEFAULT NULL,
  `importe` decimal(16,2) NOT NULL DEFAULT '0.00',
  `is_realizada` tinyint(1) NOT NULL DEFAULT '0',
  `comentario` longtext COLLATE utf8mb4_unicode_ci,
  `created_at` timestamp NULL DEFAULT NULL,
  `updated_at` timestamp NULL DEFAULT NULL,
  `deleted_at` timestamp NULL DEFAULT NULL,
  PRIMARY KEY (`id`),
  KEY `panel_users_transfer_panel_user_id_foreign` (`panel_user_id`),
  KEY `panel_users_transfer_panel_user_movimiento_id_foreign` (`panel_user_movimiento_id`),
  KEY `panel_users_transfer_cta_cte_tesoreria_cuenta_id_foreign` (`cta_cte_tesoreria_cuenta_id`),
  CONSTRAINT `panel_users_transfer_cta_cte_tesoreria_cuenta_id_foreign` FOREIGN KEY (`cta_cte_tesoreria_cuenta_id`) REFERENCES `cta_cte_tesoreria_cuentas` (`id`),
  CONSTRAINT `panel_users_transfer_panel_user_id_foreign` FOREIGN KEY (`panel_user_id`) REFERENCES `panel_users` (`id`),
  CONSTRAINT `panel_users_transfer_panel_user_movimiento_id_foreign` FOREIGN KEY (`panel_user_movimiento_id`) REFERENCES `panel_users_movimientos` (`id`)
) ENGINE=InnoDB DEFAULT CHARSET=utf8mb4 COLLATE=utf8mb4_unicode_ci;

--
-- Dumping data for table `panel_users_transfer`
--


--
-- Table structure for table `password_resets`
--

CREATE TABLE `password_resets` (
  `email` varchar(180) COLLATE utf8mb4_unicode_ci NOT NULL,
  `token` varchar(180) COLLATE utf8mb4_unicode_ci NOT NULL,
  `created_at` timestamp NULL DEFAULT NULL,
  UNIQUE KEY `password_resets_email_token_unique` (`email`,`token`),
  KEY `password_resets_email_index` (`email`)
) ENGINE=InnoDB DEFAULT CHARSET=utf8mb4 COLLATE=utf8mb4_unicode_ci;

--
-- Dumping data for table `password_resets`
--


--
-- Table structure for table `path_of_file`
--

CREATE TABLE `path_of_file` (
  `id` int(10) unsigned NOT NULL AUTO_INCREMENT,
  `user_id` int(10) unsigned DEFAULT NULL,
  `person_id` int(10) unsigned DEFAULT NULL,
  `person_id_relationed` int(10) unsigned DEFAULT NULL,
  `path_of_file_name_id` int(10) unsigned DEFAULT NULL,
  `path` longtext COLLATE utf8mb4_unicode_ci,
  `storage` varchar(191) COLLATE utf8mb4_unicode_ci DEFAULT NULL,
  `comentario` varchar(191) COLLATE utf8mb4_unicode_ci DEFAULT NULL,
  `descripcion` varchar(191) COLLATE utf8mb4_unicode_ci DEFAULT NULL,
  `created_at` timestamp NULL DEFAULT NULL,
  `updated_at` timestamp NULL DEFAULT NULL,
  `deleted_at` timestamp NULL DEFAULT NULL,
  PRIMARY KEY (`id`),
  KEY `path_of_file_person_id_foreign` (`person_id`),
  KEY `path_of_file_person_id_relationed_foreign` (`person_id_relationed`),
  KEY `path_of_file_path_of_file_name_id_foreign` (`path_of_file_name_id`),
  CONSTRAINT `path_of_file_path_of_file_name_id_foreign` FOREIGN KEY (`path_of_file_name_id`) REFERENCES `path_of_file_names` (`id`),
  CONSTRAINT `path_of_file_person_id_foreign` FOREIGN KEY (`person_id`) REFERENCES `persons` (`id`),
  CONSTRAINT `path_of_file_person_id_relationed_foreign` FOREIGN KEY (`person_id_relationed`) REFERENCES `persons` (`id`)
) ENGINE=InnoDB AUTO_INCREMENT=4 DEFAULT CHARSET=utf8mb4 COLLATE=utf8mb4_unicode_ci;

--
-- Dumping data for table `path_of_file`
--

INSERT INTO `path_of_file` VALUES (1,NULL,NULL,NULL,6,'ERROR',NULL,NULL,'Receloglu Khastayian Carlos Comprobantes Emitidos Mes Pasado','2023-04-23 20:27:19','2023-04-23 20:37:37','2023-04-23 20:37:37'),(2,NULL,NULL,NULL,6,'ERROR',NULL,NULL,'Receloglu Khastayian Carlos Comprobantes Emitidos Mes Pasado','2023-04-23 20:31:03','2023-04-23 20:37:37','2023-04-23 20:37:37'),(3,NULL,NULL,NULL,6,'<a href=\"https://taxes.com.ar/storage/puppeteer/20-31934553-2/Mis Comprobantes Emitidos - CUIT 20319345532.xlsx\">DESCARGAR</a>',NULL,NULL,'Receloglu Khastayian Carlos Comprobantes Emitidos Mes Pasado','2023-04-23 20:33:04','2023-04-23 20:37:37','2023-04-23 20:37:37');

--
-- Table structure for table `path_of_file_names`
--

CREATE TABLE `path_of_file_names` (
  `id` int(10) unsigned NOT NULL AUTO_INCREMENT,
  `user_id` int(10) unsigned DEFAULT NULL,
  `descripcion` text COLLATE utf8mb4_unicode_ci NOT NULL,
  `created_at` timestamp NULL DEFAULT NULL,
  `updated_at` timestamp NULL DEFAULT NULL,
  `deleted_at` timestamp NULL DEFAULT NULL,
  PRIMARY KEY (`id`)
) ENGINE=InnoDB AUTO_INCREMENT=19 DEFAULT CHARSET=utf8mb4 COLLATE=utf8mb4_unicode_ci;

--
-- Dumping data for table `path_of_file_names`
--

INSERT INTO `path_of_file_names` VALUES (1,NULL,'Libro IVA Compras - Ventas',NULL,NULL,NULL),(2,NULL,'Libro Diario',NULL,NULL,NULL),(3,NULL,'Mayores',NULL,NULL,NULL),(4,NULL,'Sumas y Saldos',NULL,NULL,NULL),(5,NULL,'Comprobantes Todas las Empresas','2022-10-24 09:46:57','2022-10-24 09:46:57',NULL),(6,NULL,'Bot Mis Comprobantes','2022-10-24 09:46:58','2022-10-24 09:46:58',NULL),(7,NULL,'SICOSS','2022-10-24 09:47:08','2022-10-24 09:47:08',NULL),(13,NULL,'Bot Generar Vep','2022-12-07 07:45:56','2022-12-07 07:45:56',NULL),(14,NULL,'TXT LSD','2023-04-15 13:05:16','2023-04-15 13:05:16',NULL),(15,NULL,'Movimientos Productos','2024-02-18 22:35:42','2024-02-18 22:35:42',NULL),(16,NULL,'Excel SF','2025-03-13 00:11:11','2025-03-13 00:11:11',NULL),(17,NULL,'Conceptos que Se Liquidan','2025-07-11 18:04:23','2025-07-11 18:04:23',NULL),(18,NULL,'Eliminación Masiva de Comprobantes','2025-08-25 09:47:28','2025-08-25 09:47:28',NULL);

--
-- Table structure for table `pay_methods`
--

CREATE TABLE `pay_methods` (
  `id` int(10) unsigned NOT NULL AUTO_INCREMENT,
  `description` varchar(180) COLLATE utf8mb4_unicode_ci NOT NULL,
  `created_at` timestamp NULL DEFAULT NULL,
  `updated_at` timestamp NULL DEFAULT NULL,
  PRIMARY KEY (`id`),
  UNIQUE KEY `pay_methods_description_unique` (`description`)
) ENGINE=InnoDB AUTO_INCREMENT=7 DEFAULT CHARSET=utf8mb4 COLLATE=utf8mb4_unicode_ci;

--
-- Dumping data for table `pay_methods`
--

INSERT INTO `pay_methods` VALUES (1,'INTERBANKING',NULL,NULL),(2,'VEP PAGOMISCUENTAS',NULL,NULL),(3,'VEP REDLINK',NULL,NULL),(4,'FORMULARIO',NULL,NULL),(5,'Mercado Pago','2023-03-09 09:44:25','2023-03-09 09:44:25'),(6,'Transferencia (Santander)','2023-03-09 09:44:41','2023-03-09 09:44:41');

--
-- Table structure for table `period_liquidation_details`
--

CREATE TABLE `period_liquidation_details` (
  `id` int(10) unsigned NOT NULL AUTO_INCREMENT,
  `user_id` int(10) unsigned DEFAULT NULL,
  `period_liquidation_id` int(10) unsigned NOT NULL,
  `period_id` int(10) unsigned NOT NULL,
  `person_id` int(10) unsigned NOT NULL,
  `zone_id` int(10) unsigned NOT NULL,
  `calculo_iibb` int(10) unsigned NOT NULL DEFAULT '1',
  `actividad_id` int(10) unsigned NOT NULL DEFAULT '1',
  `coef` decimal(16,4) NOT NULL DEFAULT '0.0000',
  `aliquot` decimal(16,4) NOT NULL DEFAULT '0.0000',
  `cm_articulo_regimen_id` int(10) unsigned NOT NULL DEFAULT '1',
  `base_amount` decimal(16,2) NOT NULL DEFAULT '0.00',
  `tax_amount` decimal(16,2) NOT NULL DEFAULT '0.00',
  `previous_period_balance` decimal(16,2) NOT NULL DEFAULT '0.00',
  `sircreb_amount` decimal(16,2) NOT NULL DEFAULT '0.00',
  `perception_amount` decimal(16,2) NOT NULL DEFAULT '0.00',
  `retention_amount` decimal(16,2) NOT NULL DEFAULT '0.00',
  `positive_amount` decimal(16,2) NOT NULL DEFAULT '0.00',
  `negative_amount` decimal(16,2) NOT NULL DEFAULT '0.00',
  `balance` int(11) NOT NULL DEFAULT '0',
  `created_at` timestamp NULL DEFAULT NULL,
  `updated_at` timestamp NULL DEFAULT NULL,
  `deleted_at` timestamp NULL DEFAULT NULL,
  PRIMARY KEY (`id`),
  KEY `period_liquidation_details_period_liquidation_id_foreign` (`period_liquidation_id`),
  KEY `period_liquidation_details_period_id_foreign` (`period_id`),
  KEY `period_liquidation_details_person_id_foreign` (`person_id`),
  KEY `period_liquidation_details_zone_id_foreign` (`zone_id`),
  KEY `period_liquidation_details_actividad_id_foreign` (`actividad_id`),
  KEY `period_liquidation_details_cm_articulo_regimen_id_foreign` (`cm_articulo_regimen_id`),
  CONSTRAINT `period_liquidation_details_actividad_id_foreign` FOREIGN KEY (`actividad_id`) REFERENCES `activities` (`id`),
  CONSTRAINT `period_liquidation_details_cm_articulo_regimen_id_foreign` FOREIGN KEY (`cm_articulo_regimen_id`) REFERENCES `cm_articulos_regimenes` (`id`),
  CONSTRAINT `period_liquidation_details_period_id_foreign` FOREIGN KEY (`period_id`) REFERENCES `periods` (`id`),
  CONSTRAINT `period_liquidation_details_period_liquidation_id_foreign` FOREIGN KEY (`period_liquidation_id`) REFERENCES `period_liquidations` (`id`),
  CONSTRAINT `period_liquidation_details_person_id_foreign` FOREIGN KEY (`person_id`) REFERENCES `persons` (`id`),
  CONSTRAINT `period_liquidation_details_zone_id_foreign` FOREIGN KEY (`zone_id`) REFERENCES `zones` (`id`)
) ENGINE=InnoDB AUTO_INCREMENT=1038 DEFAULT CHARSET=utf8mb4 COLLATE=utf8mb4_unicode_ci;

--
-- Dumping data for table `period_liquidation_details`
--

INSERT INTO `period_liquidation_details` VALUES (34,7975,34,21,40719,22,1,796,0.0000,0.0000,1,4133.23,0.00,0.00,0.00,0.00,0.00,0.00,0.00,0,'2023-04-30 15:06:47','2023-04-30 15:06:47',NULL),(35,7975,34,21,40719,1,1,796,0.0000,0.0000,1,4133.23,0.00,0.00,0.00,0.00,0.00,0.00,0.00,0,'2023-04-30 15:06:47','2023-04-30 15:06:47',NULL),(36,7975,34,21,40719,23,1,796,0.0000,0.0000,1,4133.23,0.00,0.00,0.00,0.00,0.00,0.00,0.00,0,'2023-04-30 15:06:47','2023-04-30 15:06:47',NULL),(37,7975,34,21,40719,3,1,796,0.0000,0.0000,1,4133.23,0.00,0.00,0.00,0.00,0.00,0.00,0.00,0,'2023-04-30 15:06:47','2023-04-30 15:06:47',NULL),(38,7975,34,21,40719,5,1,796,0.0000,0.0000,1,4133.23,0.00,0.00,0.00,0.00,0.00,0.00,0.00,0,'2023-04-30 15:06:47','2023-04-30 15:06:47',NULL),(39,7975,34,21,40719,7,1,796,0.0000,0.0000,1,4133.23,0.00,0.00,0.00,0.00,0.00,0.00,0.00,0,'2023-04-30 15:06:47','2023-04-30 15:06:47',NULL),(40,7975,34,21,40719,9,1,796,0.0000,0.0000,1,4133.23,0.00,0.00,0.00,0.00,0.00,0.00,0.00,0,'2023-04-30 15:06:47','2023-04-30 15:06:47',NULL),(41,7975,34,21,40719,10,1,796,0.0000,0.0000,1,4133.23,0.00,0.00,0.00,0.00,0.00,0.00,0.00,0,'2023-04-30 15:06:47','2023-04-30 15:06:47',NULL),(42,7975,34,21,40719,18,1,796,0.0000,0.0000,1,4133.23,0.00,0.00,0.00,0.00,0.00,0.00,0.00,0,'2023-04-30 15:06:47','2023-04-30 15:06:47',NULL),(43,7975,34,21,40719,4,1,796,0.0000,0.0000,1,4133.23,0.00,0.00,0.00,0.00,0.00,0.00,0.00,0,'2023-04-30 15:06:47','2023-04-30 15:06:47',NULL),(44,7975,34,21,40719,20,1,796,0.0000,0.0000,1,4133.23,0.00,0.00,0.00,0.00,0.00,0.00,0.00,0,'2023-04-30 15:06:47','2023-04-30 15:06:47',NULL),(47,7994,38,10601,40728,23,1,612,0.0000,0.0000,1,247475.31,0.00,0.00,0.00,0.00,0.00,0.00,0.00,0,'2023-05-24 10:12:38','2023-05-24 10:12:38',NULL),(48,7994,38,10601,40728,22,1,612,0.0000,0.0000,1,247475.31,0.00,0.00,0.00,0.00,0.00,0.00,0.00,0,'2023-05-24 10:12:38','2023-05-24 10:12:38',NULL),(49,7994,40,189813,40851,22,1,705,0.0000,0.0000,1,0.00,0.00,0.00,0.00,0.00,0.00,0.00,0.00,0,'2023-05-24 10:26:52','2023-05-24 10:26:52',NULL),(50,7994,40,189813,40851,22,1,708,0.0000,0.0000,1,0.00,0.00,0.00,0.00,0.00,0.00,0.00,0.00,0,'2023-05-24 10:26:52','2023-05-24 10:26:52',NULL),(53,7994,44,10602,40728,23,1,612,0.0000,0.0000,1,390082.68,0.00,0.00,0.00,0.00,0.00,0.00,0.00,0,'2023-05-27 11:56:29','2023-05-27 11:56:29',NULL),(54,7994,44,10602,40728,22,1,612,0.0000,0.0000,1,390082.68,0.00,0.00,0.00,0.00,0.00,0.00,0.00,0,'2023-05-27 11:56:29','2023-05-27 11:56:29',NULL),(57,7994,48,10603,40728,23,1,612,0.0000,0.0000,1,522979.37,0.00,0.00,0.00,0.00,0.00,0.00,0.00,0,'2023-05-27 12:01:13','2023-05-27 12:01:13',NULL),(58,7994,48,10603,40728,22,1,612,0.0000,0.0000,1,522979.37,0.00,0.00,0.00,0.00,0.00,0.00,0.00,0,'2023-05-27 12:01:13','2023-05-27 12:01:13',NULL),(61,7994,52,10604,40728,23,1,612,0.0000,0.0000,1,709009.93,0.00,0.00,0.00,0.00,0.00,0.00,0.00,0,'2023-05-27 12:05:11','2023-05-27 12:05:11',NULL),(62,7994,52,10604,40728,22,1,612,0.0000,0.0000,1,709009.93,0.00,0.00,0.00,0.00,0.00,0.00,0.00,0,'2023-05-27 12:05:11','2023-05-27 12:05:11',NULL),(65,7994,56,10605,40728,23,1,612,0.0000,0.0000,1,560122.32,0.00,0.00,0.00,0.00,0.00,0.00,0.00,0,'2023-05-27 12:08:22','2023-05-27 12:08:22',NULL),(66,7994,56,10605,40728,22,1,612,0.0000,0.0000,1,560122.32,0.00,0.00,0.00,0.00,0.00,0.00,0.00,0,'2023-05-27 12:08:22','2023-05-27 12:08:22',NULL),(69,7994,60,10606,40728,23,1,612,0.0000,0.0000,1,337148.83,0.00,0.00,0.00,0.00,0.00,0.00,0.00,0,'2023-05-27 12:11:51','2023-05-27 12:11:51',NULL),(70,7994,60,10606,40728,22,1,612,0.0000,0.0000,1,337148.83,0.00,0.00,0.00,0.00,0.00,0.00,0.00,0,'2023-05-27 12:11:51','2023-05-27 12:11:51',NULL),(73,7994,64,10607,40728,23,1,612,0.0000,0.0000,1,505252.71,0.00,0.00,0.00,0.00,0.00,0.00,0.00,0,'2023-05-27 12:14:38','2023-05-27 12:14:38',NULL),(74,7994,64,10607,40728,22,1,612,0.0000,0.0000,1,505252.71,0.00,0.00,0.00,0.00,0.00,0.00,0.00,0,'2023-05-27 12:14:38','2023-05-27 12:14:38',NULL);
INSERT INTO `period_liquidation_details` VALUES (77,7994,68,10608,40728,23,1,612,0.0000,0.0000,1,420165.40,0.00,0.00,0.00,0.00,0.00,0.00,0.00,0,'2023-05-27 12:16:13','2023-05-27 12:16:13',NULL),(78,7994,68,10608,40728,22,1,612,0.0000,0.0000,1,420165.40,0.00,0.00,0.00,0.00,0.00,0.00,0.00,0,'2023-05-27 12:16:13','2023-05-27 12:16:13',NULL),(81,7994,72,10609,40728,23,1,612,0.0000,0.0000,1,822975.27,0.00,0.00,0.00,0.00,0.00,0.00,0.00,0,'2023-05-27 12:18:09','2023-05-27 12:18:09',NULL),(82,7994,72,10609,40728,22,1,612,0.0000,0.0000,1,822975.27,0.00,0.00,0.00,0.00,0.00,0.00,0.00,0,'2023-05-27 12:18:09','2023-05-27 12:18:09',NULL),(85,7994,77,200439,40799,22,1,855,0.0000,0.0000,1,586934.91,0.00,0.00,0.00,0.00,0.00,0.00,0.00,0,'2023-05-29 19:40:41','2023-05-29 19:40:41',NULL),(86,7994,77,200439,40799,22,1,497,0.0000,0.0000,1,0.00,0.00,0.00,0.00,0.00,0.00,0.00,0.00,0,'2023-05-29 19:40:41','2023-05-29 19:40:41',NULL),(87,7994,79,189814,40851,22,1,705,0.0000,0.0000,1,0.00,0.00,0.00,0.00,0.00,0.00,0.00,0.00,0,'2023-05-30 12:06:26','2023-05-30 12:06:26',NULL),(88,7994,79,189814,40851,22,1,708,0.0000,0.0000,1,0.00,0.00,0.00,0.00,0.00,0.00,0.00,0.00,0,'2023-05-30 12:06:26','2023-05-30 12:06:26',NULL),(95,7994,87,200440,40799,22,1,855,0.0000,0.0000,1,0.00,0.00,0.00,0.00,0.00,0.00,0.00,0.00,0,'2023-05-30 12:58:12','2023-05-30 12:58:12',NULL),(96,7994,87,200440,40799,22,1,497,0.0000,0.0000,1,0.00,0.00,0.00,0.00,0.00,0.00,0.00,0.00,0,'2023-05-30 12:58:12','2023-05-30 12:58:12',NULL),(99,7994,91,200441,40799,22,1,855,0.0000,0.0000,1,1601055.36,0.00,0.00,0.00,0.00,0.00,0.00,0.00,0,'2023-05-30 12:59:50','2023-05-30 12:59:50',NULL),(100,7994,91,200441,40799,22,1,497,0.0000,0.0000,1,0.00,0.00,0.00,0.00,0.00,0.00,0.00,0.00,0,'2023-05-30 12:59:50','2023-05-30 12:59:50',NULL),(103,7994,95,200442,40799,22,1,855,0.0000,0.0000,1,1087189.64,0.00,0.00,0.00,0.00,0.00,0.00,0.00,0,'2023-05-30 13:03:25','2023-05-30 13:03:25',NULL),(104,7994,95,200442,40799,22,1,497,0.0000,0.0000,1,0.00,0.00,0.00,0.00,0.00,0.00,0.00,0.00,0,'2023-05-30 13:03:25','2023-05-30 13:03:25',NULL),(107,7994,99,200443,40799,22,1,855,0.0000,0.0000,1,1017041.82,0.00,0.00,0.00,0.00,0.00,0.00,0.00,0,'2023-05-30 13:05:26','2023-05-30 13:05:26',NULL),(108,7994,99,200443,40799,22,1,497,0.0000,0.0000,1,0.00,0.00,0.00,0.00,0.00,0.00,0.00,0.00,0,'2023-05-30 13:05:26','2023-05-30 13:05:26',NULL),(111,7994,103,200444,40799,22,1,855,0.0000,0.0000,1,1144142.30,0.00,0.00,0.00,0.00,0.00,0.00,0.00,0,'2023-05-30 13:06:49','2023-05-30 13:06:49',NULL),(112,7994,103,200444,40799,22,1,497,0.0000,0.0000,1,0.00,0.00,0.00,0.00,0.00,0.00,0.00,0.00,0,'2023-05-30 13:06:49','2023-05-30 13:06:49',NULL),(115,7994,107,200445,40799,22,1,855,0.0000,0.0000,1,1250286.31,0.00,0.00,0.00,0.00,0.00,0.00,0.00,0,'2023-05-30 13:09:59','2023-05-30 13:09:59',NULL),(116,7994,107,200445,40799,22,1,497,0.0000,0.0000,1,0.00,0.00,0.00,0.00,0.00,0.00,0.00,0.00,0,'2023-05-30 13:09:59','2023-05-30 13:09:59',NULL),(119,7994,111,200446,40799,22,1,855,0.0000,0.0000,1,1525598.30,0.00,0.00,0.00,0.00,0.00,0.00,0.00,0,'2023-05-30 13:10:59','2023-05-30 13:10:59',NULL),(120,7994,111,200446,40799,22,1,497,0.0000,0.0000,1,0.00,0.00,0.00,0.00,0.00,0.00,0.00,0.00,0,'2023-05-30 13:10:59','2023-05-30 13:10:59',NULL),(123,7994,115,200447,40799,22,1,855,0.0000,0.0000,1,1332496.50,0.00,0.00,0.00,0.00,0.00,0.00,0.00,0,'2023-05-30 13:12:30','2023-05-30 13:12:30',NULL),(124,7994,115,200447,40799,22,1,497,0.0000,0.0000,1,0.00,0.00,0.00,0.00,0.00,0.00,0.00,0.00,0,'2023-05-30 13:12:30','2023-05-30 13:12:30',NULL),(127,7994,119,200448,40799,22,1,855,0.0000,0.0000,1,1570352.16,0.00,0.00,0.00,0.00,0.00,0.00,0.00,0,'2023-05-30 13:13:58','2023-05-30 13:13:58',NULL),(128,7994,119,200448,40799,22,1,497,0.0000,0.0000,1,0.00,0.00,0.00,0.00,0.00,0.00,0.00,0.00,0,'2023-05-30 13:13:58','2023-05-30 13:13:58',NULL),(131,7994,123,200449,40799,22,1,855,0.0000,0.0000,1,2003181.11,0.00,0.00,0.00,0.00,0.00,0.00,0.00,0,'2023-05-30 13:14:43','2023-05-30 13:14:43',NULL);
INSERT INTO `period_liquidation_details` VALUES (132,7994,123,200449,40799,22,1,497,0.0000,0.0000,1,0.00,0.00,0.00,0.00,0.00,0.00,0.00,0.00,0,'2023-05-30 13:14:43','2023-05-30 13:14:43',NULL),(135,7994,127,200450,40799,22,1,855,0.0000,0.0000,1,1993361.88,0.00,0.00,0.00,0.00,0.00,0.00,0.00,0,'2023-05-30 13:16:05','2023-05-30 13:16:05',NULL),(136,7994,127,200450,40799,22,1,497,0.0000,0.0000,1,0.00,0.00,0.00,0.00,0.00,0.00,0.00,0.00,0,'2023-05-30 13:16:05','2023-05-30 13:16:05',NULL),(159,7994,173,200594,40841,22,1,484,0.0000,0.0000,1,0.00,0.00,0.00,0.00,0.00,0.00,0.00,0.00,0,'2023-06-01 11:00:27','2023-06-01 11:00:27',NULL),(160,7994,173,200594,40841,22,1,638,0.0000,0.0000,1,0.00,0.00,0.00,0.00,0.00,0.00,0.00,0.00,0,'2023-06-01 11:00:27','2023-06-01 11:00:27',NULL),(161,7994,173,200594,40841,22,1,716,0.0000,0.0000,1,0.00,0.00,0.00,0.00,0.00,0.00,0.00,0.00,0,'2023-06-01 11:00:27','2023-06-01 11:00:27',NULL),(162,7994,173,200594,40841,22,1,820,0.0000,0.0000,1,0.00,0.00,0.00,0.00,0.00,0.00,0.00,0.00,0,'2023-06-01 11:00:27','2023-06-01 11:00:27',NULL),(167,7994,177,200595,40841,22,1,484,0.0000,0.0000,1,659420.91,0.00,0.00,0.00,0.00,0.00,0.00,0.00,0,'2023-06-01 11:02:13','2023-06-01 11:02:13',NULL),(168,7994,177,200595,40841,22,1,638,0.0000,0.0000,1,0.00,0.00,0.00,0.00,0.00,0.00,0.00,0.00,0,'2023-06-01 11:02:13','2023-06-01 11:02:13',NULL),(169,7994,177,200595,40841,22,1,716,0.0000,0.0000,1,0.00,0.00,0.00,0.00,0.00,0.00,0.00,0.00,0,'2023-06-01 11:02:13','2023-06-01 11:02:13',NULL),(170,7994,177,200595,40841,22,1,820,0.0000,0.0000,1,0.00,0.00,0.00,0.00,0.00,0.00,0.00,0.00,0,'2023-06-01 11:02:13','2023-06-01 11:02:13',NULL),(175,7994,181,200596,40841,22,1,484,0.0000,0.0000,1,657733.14,0.00,0.00,0.00,0.00,0.00,0.00,0.00,0,'2023-06-01 11:03:28','2023-06-01 11:03:28',NULL),(176,7994,181,200596,40841,22,1,638,0.0000,0.0000,1,0.00,0.00,0.00,0.00,0.00,0.00,0.00,0.00,0,'2023-06-01 11:03:28','2023-06-01 11:03:28',NULL),(177,7994,181,200596,40841,22,1,716,0.0000,0.0000,1,0.00,0.00,0.00,0.00,0.00,0.00,0.00,0.00,0,'2023-06-01 11:03:28','2023-06-01 11:03:28',NULL),(178,7994,181,200596,40841,22,1,820,0.0000,0.0000,1,0.00,0.00,0.00,0.00,0.00,0.00,0.00,0.00,0,'2023-06-01 11:03:28','2023-06-01 11:03:28',NULL),(183,7994,185,200597,40841,22,1,484,0.0000,0.0000,1,921396.47,0.00,0.00,0.00,0.00,0.00,0.00,0.00,0,'2023-06-01 11:04:41','2023-06-01 11:04:41',NULL),(184,7994,185,200597,40841,22,1,638,0.0000,0.0000,1,0.00,0.00,0.00,0.00,0.00,0.00,0.00,0.00,0,'2023-06-01 11:04:41','2023-06-01 11:04:41',NULL),(185,7994,185,200597,40841,22,1,716,0.0000,0.0000,1,0.00,0.00,0.00,0.00,0.00,0.00,0.00,0.00,0,'2023-06-01 11:04:41','2023-06-01 11:04:41',NULL),(186,7994,185,200597,40841,22,1,820,0.0000,0.0000,1,0.00,0.00,0.00,0.00,0.00,0.00,0.00,0.00,0,'2023-06-01 11:04:41','2023-06-01 11:04:41',NULL),(191,7994,189,200598,40841,22,1,484,0.0000,0.0000,1,658712.32,0.00,0.00,0.00,0.00,0.00,0.00,0.00,0,'2023-06-01 11:06:01','2023-06-01 11:06:01',NULL),(192,7994,189,200598,40841,22,1,638,0.0000,0.0000,1,0.00,0.00,0.00,0.00,0.00,0.00,0.00,0.00,0,'2023-06-01 11:06:01','2023-06-01 11:06:01',NULL),(193,7994,189,200598,40841,22,1,716,0.0000,0.0000,1,0.00,0.00,0.00,0.00,0.00,0.00,0.00,0.00,0,'2023-06-01 11:06:01','2023-06-01 11:06:01',NULL),(194,7994,189,200598,40841,22,1,820,0.0000,0.0000,1,0.00,0.00,0.00,0.00,0.00,0.00,0.00,0.00,0,'2023-06-01 11:06:01','2023-06-01 11:06:01',NULL),(199,7994,193,200599,40841,22,1,484,0.0000,0.0000,1,679850.18,0.00,0.00,0.00,0.00,0.00,0.00,0.00,0,'2023-06-01 11:08:01','2023-06-01 11:08:01',NULL),(200,7994,193,200599,40841,22,1,638,0.0000,0.0000,1,0.00,0.00,0.00,0.00,0.00,0.00,0.00,0.00,0,'2023-06-01 11:08:01','2023-06-01 11:08:01',NULL),(201,7994,193,200599,40841,22,1,716,0.0000,0.0000,1,0.00,0.00,0.00,0.00,0.00,0.00,0.00,0.00,0,'2023-06-01 11:08:01','2023-06-01 11:08:01',NULL),(202,7994,193,200599,40841,22,1,820,0.0000,0.0000,1,0.00,0.00,0.00,0.00,0.00,0.00,0.00,0.00,0,'2023-06-01 11:08:01','2023-06-01 11:08:01',NULL);
INSERT INTO `period_liquidation_details` VALUES (207,7994,197,200600,40841,22,1,484,0.0000,0.0000,1,716250.04,0.00,0.00,0.00,0.00,0.00,0.00,0.00,0,'2023-06-01 11:09:48','2023-06-01 11:09:48',NULL),(208,7994,197,200600,40841,22,1,638,0.0000,0.0000,1,0.00,0.00,0.00,0.00,0.00,0.00,0.00,0.00,0,'2023-06-01 11:09:48','2023-06-01 11:09:48',NULL),(209,7994,197,200600,40841,22,1,716,0.0000,0.0000,1,0.00,0.00,0.00,0.00,0.00,0.00,0.00,0.00,0,'2023-06-01 11:09:48','2023-06-01 11:09:48',NULL),(210,7994,197,200600,40841,22,1,820,0.0000,0.0000,1,0.00,0.00,0.00,0.00,0.00,0.00,0.00,0.00,0,'2023-06-01 11:09:48','2023-06-01 11:09:48',NULL),(215,7994,201,200601,40841,22,1,484,0.0000,0.0000,1,598564.85,0.00,0.00,0.00,0.00,0.00,0.00,0.00,0,'2023-06-01 11:11:32','2023-06-01 11:11:32',NULL),(216,7994,201,200601,40841,22,1,638,0.0000,0.0000,1,0.00,0.00,0.00,0.00,0.00,0.00,0.00,0.00,0,'2023-06-01 11:11:32','2023-06-01 11:11:32',NULL),(217,7994,201,200601,40841,22,1,716,0.0000,0.0000,1,0.00,0.00,0.00,0.00,0.00,0.00,0.00,0.00,0,'2023-06-01 11:11:32','2023-06-01 11:11:32',NULL),(218,7994,201,200601,40841,22,1,820,0.0000,0.0000,1,0.00,0.00,0.00,0.00,0.00,0.00,0.00,0.00,0,'2023-06-01 11:11:32','2023-06-01 11:11:32',NULL),(223,7994,205,200602,40841,22,1,484,0.0000,0.0000,1,1000648.28,0.00,0.00,0.00,0.00,0.00,0.00,0.00,0,'2023-06-01 11:13:14','2023-06-01 11:13:14',NULL),(224,7994,205,200602,40841,22,1,638,0.0000,0.0000,1,0.00,0.00,0.00,0.00,0.00,0.00,0.00,0.00,0,'2023-06-01 11:13:14','2023-06-01 11:13:14',NULL),(225,7994,205,200602,40841,22,1,716,0.0000,0.0000,1,0.00,0.00,0.00,0.00,0.00,0.00,0.00,0.00,0,'2023-06-01 11:13:14','2023-06-01 11:13:14',NULL),(226,7994,205,200602,40841,22,1,820,0.0000,0.0000,1,0.00,0.00,0.00,0.00,0.00,0.00,0.00,0.00,0,'2023-06-01 11:13:14','2023-06-01 11:13:14',NULL),(231,7994,209,200603,40841,22,1,484,0.0000,0.0000,1,2052139.48,0.00,0.00,0.00,0.00,0.00,0.00,0.00,0,'2023-06-01 11:15:17','2023-06-01 11:15:17',NULL),(232,7994,209,200603,40841,22,1,638,0.0000,0.0000,1,0.00,0.00,0.00,0.00,0.00,0.00,0.00,0.00,0,'2023-06-01 11:15:17','2023-06-01 11:15:17',NULL),(233,7994,209,200603,40841,22,1,716,0.0000,0.0000,1,0.00,0.00,0.00,0.00,0.00,0.00,0.00,0.00,0,'2023-06-01 11:15:17','2023-06-01 11:15:17',NULL),(234,7994,209,200603,40841,22,1,820,0.0000,0.0000,1,0.00,0.00,0.00,0.00,0.00,0.00,0.00,0.00,0,'2023-06-01 11:15:17','2023-06-01 11:15:17',NULL),(237,7994,213,200798,40852,22,1,614,0.0000,0.0000,1,16272.73,0.00,0.00,0.00,0.00,0.00,0.00,0.00,0,'2023-06-01 16:31:58','2023-06-01 16:31:58',NULL),(238,7994,213,200798,40852,22,1,618,0.0000,0.0000,1,0.00,0.00,0.00,0.00,0.00,0.00,0.00,0.00,0,'2023-06-01 16:31:58','2023-06-01 16:31:58',NULL),(239,7994,215,195880,40855,22,1,710,0.0000,0.0000,1,0.00,0.00,0.00,0.00,0.00,0.00,0.00,0.00,0,'2023-06-01 16:35:39','2023-06-01 16:35:39',NULL),(244,7994,221,9084,40727,23,1,573,0.0000,0.0000,1,156480.01,0.00,0.00,0.00,0.00,0.00,0.00,0.00,0,'2023-06-01 16:44:48','2023-06-01 16:44:48',NULL),(245,7994,221,9084,40727,23,1,572,0.0000,0.0000,1,0.00,0.00,0.00,0.00,0.00,0.00,0.00,0.00,0,'2023-06-01 16:44:48','2023-06-01 16:44:48',NULL),(249,7975,229,23,40719,22,1,796,0.0000,0.0000,1,0.06,0.00,0.00,0.00,0.00,0.00,0.00,0.00,0,'2023-06-03 12:04:37','2023-06-03 12:04:37',NULL),(250,7975,229,23,40719,1,1,796,0.0000,0.0000,1,0.06,0.00,0.00,0.00,0.00,0.00,0.00,0.00,0,'2023-06-03 12:04:37','2023-06-03 12:04:37',NULL),(251,7975,229,23,40719,23,1,796,0.0000,0.0000,1,0.06,0.00,0.00,0.00,0.00,0.00,0.00,0.00,0,'2023-06-03 12:04:37','2023-06-03 12:04:37',NULL),(252,7975,229,23,40719,3,1,796,0.0000,0.0000,1,0.06,0.00,0.00,0.00,0.00,0.00,0.00,0.00,0,'2023-06-03 12:04:37','2023-06-03 12:04:37',NULL),(253,7975,229,23,40719,5,1,796,0.0000,0.0000,1,0.06,0.00,0.00,0.00,0.00,0.00,0.00,0.00,0,'2023-06-03 12:04:37','2023-06-03 12:04:37',NULL),(254,7975,229,23,40719,7,1,796,0.0000,0.0000,1,0.06,0.00,0.00,0.00,0.00,0.00,0.00,0.00,0,'2023-06-03 12:04:37','2023-06-03 12:04:37',NULL);
INSERT INTO `period_liquidation_details` VALUES (255,7975,229,23,40719,9,1,796,0.0000,0.0000,1,0.06,0.00,0.00,0.00,0.00,0.00,0.00,0.00,0,'2023-06-03 12:04:37','2023-06-03 12:04:37',NULL),(256,7975,229,23,40719,10,1,796,0.0000,0.0000,1,0.06,0.00,0.00,0.00,0.00,0.00,0.00,0.00,0,'2023-06-03 12:04:37','2023-06-03 12:04:37',NULL),(257,7975,229,23,40719,18,1,796,0.0000,0.0000,1,0.06,0.00,0.00,0.00,0.00,0.00,0.00,0.00,0,'2023-06-03 12:04:37','2023-06-03 12:04:37',NULL),(258,7975,229,23,40719,4,1,796,0.0000,0.0000,1,0.06,0.00,0.00,0.00,0.00,0.00,0.00,0.00,0,'2023-06-03 12:04:37','2023-06-03 12:04:37',NULL),(259,7975,229,23,40719,20,1,796,0.0000,0.0000,1,0.06,0.00,0.00,0.00,0.00,0.00,0.00,0.00,0,'2023-06-03 12:04:37','2023-06-03 12:04:37',NULL),(271,7975,233,22,40719,22,1,796,0.0000,0.0000,1,0.00,0.00,0.00,0.00,0.00,0.00,0.00,0.00,0,'2023-06-03 12:16:16','2023-06-03 12:16:16',NULL),(272,7975,233,22,40719,1,1,796,0.0000,0.0000,1,0.00,0.00,0.00,0.00,0.00,0.00,0.00,0.00,0,'2023-06-03 12:16:16','2023-06-03 12:16:16',NULL),(273,7975,233,22,40719,23,1,796,0.0000,0.0000,1,0.00,0.00,0.00,0.00,0.00,0.00,0.00,0.00,0,'2023-06-03 12:16:16','2023-06-03 12:16:16',NULL),(274,7975,233,22,40719,3,1,796,0.0000,0.0000,1,0.00,0.00,0.00,0.00,0.00,0.00,0.00,0.00,0,'2023-06-03 12:16:16','2023-06-03 12:16:16',NULL),(275,7975,233,22,40719,5,1,796,0.0000,0.0000,1,0.00,0.00,0.00,0.00,0.00,0.00,0.00,0.00,0,'2023-06-03 12:16:16','2023-06-03 12:16:16',NULL),(276,7975,233,22,40719,7,1,796,0.0000,0.0000,1,0.00,0.00,0.00,0.00,0.00,0.00,0.00,0.00,0,'2023-06-03 12:16:16','2023-06-03 12:16:16',NULL),(277,7975,233,22,40719,9,1,796,0.0000,0.0000,1,0.00,0.00,0.00,0.00,0.00,0.00,0.00,0.00,0,'2023-06-03 12:16:16','2023-06-03 12:16:16',NULL),(278,7975,233,22,40719,10,1,796,0.0000,0.0000,1,0.00,0.00,0.00,0.00,0.00,0.00,0.00,0.00,0,'2023-06-03 12:16:16','2023-06-03 12:16:16',NULL),(279,7975,233,22,40719,18,1,796,0.0000,0.0000,1,0.00,0.00,0.00,0.00,0.00,0.00,0.00,0.00,0,'2023-06-03 12:16:16','2023-06-03 12:16:16',NULL),(280,7975,233,22,40719,4,1,796,0.0000,0.0000,1,0.00,0.00,0.00,0.00,0.00,0.00,0.00,0.00,0,'2023-06-03 12:16:16','2023-06-03 12:16:16',NULL),(281,7975,233,22,40719,20,1,796,0.0000,0.0000,1,0.00,0.00,0.00,0.00,0.00,0.00,0.00,0.00,0,'2023-06-03 12:16:16','2023-06-03 12:16:16',NULL),(282,7994,235,9083,40727,23,1,573,0.0000,0.0000,1,229793.56,0.00,0.00,0.00,0.00,0.00,0.00,0.00,0,'2023-06-07 11:45:22','2023-06-07 11:45:22',NULL),(283,7994,235,9083,40727,23,1,572,0.0000,0.0000,1,0.00,0.00,0.00,0.00,0.00,0.00,0.00,0.00,0,'2023-06-07 11:45:22','2023-06-07 11:45:22',NULL),(284,7994,237,200961,40800,22,1,624,0.0000,0.0000,1,1237256.99,0.00,0.00,0.00,0.00,0.00,0.00,0.00,0,'2023-06-07 12:21:55','2023-06-07 12:21:55',NULL),(285,7994,239,200962,40800,22,1,624,0.0000,0.0000,1,1027050.97,0.00,0.00,0.00,0.00,0.00,0.00,0.00,0,'2023-06-07 12:33:27','2023-06-07 12:33:27',NULL),(286,7994,241,200963,40800,22,1,624,0.0000,0.0000,1,1210351.39,0.00,0.00,0.00,0.00,0.00,0.00,0.00,0,'2023-06-07 12:40:06','2023-06-07 12:40:06',NULL),(287,7994,243,189815,40851,22,1,705,0.0000,0.0000,1,125582.38,0.00,0.00,0.00,0.00,0.00,0.00,0.00,0,'2023-06-08 10:16:37','2023-06-08 10:16:37',NULL),(288,7994,243,189815,40851,22,1,708,0.0000,0.0000,1,0.00,0.00,0.00,0.00,0.00,0.00,0.00,0.00,0,'2023-06-08 10:16:37','2023-06-08 10:16:37',NULL),(289,7994,245,189816,40851,22,1,705,0.0000,0.0000,1,328079.35,0.00,0.00,0.00,0.00,0.00,0.00,0.00,0,'2023-06-08 10:18:33','2023-06-08 10:18:33',NULL),(290,7994,245,189816,40851,22,1,708,0.0000,0.0000,1,0.00,0.00,0.00,0.00,0.00,0.00,0.00,0.00,0,'2023-06-08 10:18:33','2023-06-08 10:18:33',NULL),(291,7994,247,189817,40851,22,1,705,0.0000,0.0000,1,130082.70,0.00,0.00,0.00,0.00,0.00,0.00,0.00,0,'2023-06-08 10:19:14','2023-06-08 10:19:14',NULL),(292,7994,247,189817,40851,22,1,708,0.0000,0.0000,1,0.00,0.00,0.00,0.00,0.00,0.00,0.00,0.00,0,'2023-06-08 10:19:14','2023-06-08 10:19:14',NULL),(293,7994,249,200534,40842,23,1,591,0.0000,0.0000,1,933528.19,0.00,0.00,0.00,0.00,0.00,0.00,0.00,0,'2023-06-08 10:51:17','2023-06-08 10:51:17',NULL);
INSERT INTO `period_liquidation_details` VALUES (294,7994,251,200535,40842,23,1,591,0.0000,0.0000,1,857391.35,0.00,0.00,0.00,0.00,0.00,0.00,0.00,0,'2023-06-08 11:08:31','2023-06-08 11:08:31',NULL),(295,7994,253,200536,40842,23,1,591,0.0000,0.0000,1,1104526.63,0.00,0.00,0.00,0.00,0.00,0.00,0.00,0,'2023-06-08 11:55:11','2023-06-08 11:55:11',NULL),(296,7994,255,200537,40842,23,1,591,0.0000,0.0000,1,1537678.54,0.00,0.00,0.00,0.00,0.00,0.00,0.00,0,'2023-06-08 12:29:51','2023-06-08 12:29:51',NULL),(297,7994,257,200538,40842,23,1,591,0.0000,0.0000,1,2356700.63,0.00,0.00,0.00,0.00,0.00,0.00,0.00,0,'2023-06-08 13:38:42','2023-06-08 13:38:42',NULL),(298,7994,259,200539,40842,23,1,591,0.0000,0.0000,1,2293376.51,0.00,0.00,0.00,0.00,0.00,0.00,0.00,0,'2023-06-08 14:00:06','2023-06-08 14:00:06',NULL),(299,7994,261,200540,40842,23,1,591,0.0000,0.0000,1,939303.38,0.00,0.00,0.00,0.00,0.00,0.00,0.00,0,'2023-06-08 14:52:40','2023-06-08 14:52:40',NULL),(300,7994,263,200541,40842,23,1,591,0.0000,0.0000,1,1222472.91,0.00,0.00,0.00,0.00,0.00,0.00,0.00,0,'2023-06-08 15:19:43','2023-06-08 15:19:43',NULL),(301,7994,265,200542,40842,23,1,591,0.0000,0.0000,1,1509611.23,0.00,0.00,0.00,0.00,0.00,0.00,0.00,0,'2023-06-08 15:34:17','2023-06-08 15:34:17',NULL),(302,7994,267,200543,40842,23,1,591,0.0000,0.0000,1,2038241.77,0.00,0.00,0.00,0.00,0.00,0.00,0.00,0,'2023-06-08 15:56:56','2023-06-08 15:56:56',NULL),(303,7994,269,200472,40723,22,1,361,0.0000,0.0000,1,534362.19,0.00,0.00,0.00,0.00,0.00,0.00,0.00,0,'2023-06-09 08:33:13','2023-06-09 08:33:13',NULL),(304,7994,271,200473,40723,22,1,361,0.0000,0.0000,1,1018029.80,0.00,0.00,0.00,0.00,0.00,0.00,0.00,0,'2023-06-09 08:45:09','2023-06-09 08:45:09',NULL),(305,7994,273,200474,40723,22,1,361,0.0000,0.0000,1,899752.08,0.00,0.00,0.00,0.00,0.00,0.00,0.00,0,'2023-06-09 09:04:32','2023-06-09 09:04:32',NULL),(306,7994,275,200475,40723,22,1,361,0.0000,0.0000,1,758093.97,0.00,0.00,0.00,0.00,0.00,0.00,0.00,0,'2023-06-09 09:07:27','2023-06-09 09:07:27',NULL),(307,7994,277,200476,40723,22,1,361,0.0000,0.0000,1,1007198.64,0.00,0.00,0.00,0.00,0.00,0.00,0.00,0,'2023-06-09 09:15:24','2023-06-09 09:15:24',NULL),(308,7994,279,200477,40723,22,1,361,0.0000,0.0000,1,1325934.98,0.00,0.00,0.00,0.00,0.00,0.00,0.00,0,'2023-06-09 09:22:17','2023-06-09 09:22:17',NULL),(309,7994,281,200478,40723,22,1,361,0.0000,0.0000,1,1254682.96,0.00,0.00,0.00,0.00,0.00,0.00,0.00,0,'2023-06-09 09:26:15','2023-06-09 09:26:15',NULL),(310,7994,283,200479,40723,22,1,361,0.0000,0.0000,1,1955694.49,0.00,0.00,0.00,0.00,0.00,0.00,0.00,0,'2023-06-09 09:29:58','2023-06-09 09:29:58',NULL),(311,7994,285,200480,40723,22,1,361,0.0000,0.0000,1,1133386.66,0.00,0.00,0.00,0.00,0.00,0.00,0.00,0,'2023-06-09 09:37:15','2023-06-09 09:37:15',NULL),(312,7994,287,4521,40723,22,1,361,0.0000,0.0000,1,919996.11,0.00,0.00,0.00,0.00,0.00,0.00,0.00,0,'2023-06-09 09:40:12','2023-06-09 09:40:12',NULL),(313,7994,289,4522,40723,22,1,361,0.0000,0.0000,1,637289.52,0.00,0.00,0.00,0.00,0.00,0.00,0.00,0,'2023-06-09 09:43:36','2023-06-09 09:43:36',NULL),(314,7994,291,4523,40723,22,1,361,0.0000,0.0000,1,515975.41,0.00,0.00,0.00,0.00,0.00,0.00,0.00,0,'2023-06-09 09:48:42','2023-06-09 09:48:42',NULL),(327,7994,305,200454,40799,22,1,855,0.0000,0.0000,1,1899070.31,0.00,0.00,0.00,0.00,0.00,0.00,0.00,0,'2023-06-26 12:38:33','2023-06-26 12:38:33',NULL),(328,7994,305,200454,40799,22,1,497,0.0000,0.0000,1,0.00,0.00,0.00,0.00,0.00,0.00,0.00,0.00,0,'2023-06-26 12:38:33','2023-06-26 12:38:33',NULL),(331,7994,309,200455,40799,22,1,855,0.0000,0.0000,1,1949178.16,0.00,0.00,0.00,0.00,0.00,0.00,0.00,0,'2023-06-26 12:42:44','2023-06-26 12:42:44',NULL),(332,7994,309,200455,40799,22,1,497,0.0000,0.0000,1,0.00,0.00,0.00,0.00,0.00,0.00,0.00,0.00,0,'2023-06-26 12:42:44','2023-06-26 12:42:44',NULL),(335,7994,313,200456,40799,22,1,855,0.0000,0.0000,1,830910.97,0.00,0.00,0.00,0.00,0.00,0.00,0.00,0,'2023-06-26 12:48:01','2023-06-26 12:48:01',NULL);
INSERT INTO `period_liquidation_details` VALUES (336,7994,313,200456,40799,22,1,497,0.0000,0.0000,1,0.00,0.00,0.00,0.00,0.00,0.00,0.00,0.00,0,'2023-06-26 12:48:01','2023-06-26 12:48:01',NULL),(339,7994,317,117021,40799,22,1,855,0.0000,0.0000,1,2479986.39,0.00,0.00,0.00,0.00,0.00,0.00,0.00,0,'2023-06-26 12:51:02','2023-06-26 12:51:02',NULL),(340,7994,317,117021,40799,22,1,497,0.0000,0.0000,1,0.00,0.00,0.00,0.00,0.00,0.00,0.00,0.00,0,'2023-06-26 12:51:02','2023-06-26 12:51:02',NULL),(343,7994,321,117022,40799,22,1,855,0.0000,0.0000,1,2682403.83,0.00,0.00,0.00,0.00,0.00,0.00,0.00,0,'2023-06-26 12:52:50','2023-06-26 12:52:50',NULL),(344,7994,321,117022,40799,22,1,497,0.0000,0.0000,1,0.00,0.00,0.00,0.00,0.00,0.00,0.00,0.00,0,'2023-06-26 12:52:50','2023-06-26 12:52:50',NULL),(349,7994,325,174606,40841,22,1,484,0.0000,0.0000,1,1527436.27,0.00,0.00,0.00,0.00,0.00,0.00,0.00,0,'2023-06-28 11:56:46','2023-06-28 11:56:46',NULL),(350,7994,325,174606,40841,22,1,638,0.0000,0.0000,1,0.00,0.00,0.00,0.00,0.00,0.00,0.00,0.00,0,'2023-06-28 11:56:46','2023-06-28 11:56:46',NULL),(351,7994,325,174606,40841,22,1,716,0.0000,0.0000,1,0.00,0.00,0.00,0.00,0.00,0.00,0.00,0.00,0,'2023-06-28 11:56:46','2023-06-28 11:56:46',NULL),(352,7994,325,174606,40841,22,1,820,0.0000,0.0000,1,0.00,0.00,0.00,0.00,0.00,0.00,0.00,0.00,0,'2023-06-28 11:56:46','2023-06-28 11:56:46',NULL),(357,7994,329,174607,40841,22,1,484,0.0000,0.0000,1,2630858.50,0.00,0.00,0.00,0.00,0.00,0.00,0.00,0,'2023-06-28 12:00:29','2023-06-28 12:00:29',NULL),(358,7994,329,174607,40841,22,1,638,0.0000,0.0000,1,0.00,0.00,0.00,0.00,0.00,0.00,0.00,0.00,0,'2023-06-28 12:00:29','2023-06-28 12:00:29',NULL),(359,7994,329,174607,40841,22,1,716,0.0000,0.0000,1,0.00,0.00,0.00,0.00,0.00,0.00,0.00,0.00,0,'2023-06-28 12:00:29','2023-06-28 12:00:29',NULL),(360,7994,329,174607,40841,22,1,820,0.0000,0.0000,1,0.00,0.00,0.00,0.00,0.00,0.00,0.00,0.00,0,'2023-06-28 12:00:29','2023-06-28 12:00:29',NULL),(365,7994,333,174608,40841,22,1,484,0.0000,0.0000,1,1823042.38,0.00,0.00,0.00,0.00,0.00,0.00,0.00,0,'2023-06-28 12:08:23','2023-06-28 12:08:23',NULL),(366,7994,333,174608,40841,22,1,638,0.0000,0.0000,1,0.00,0.00,0.00,0.00,0.00,0.00,0.00,0.00,0,'2023-06-28 12:08:23','2023-06-28 12:08:23',NULL),(367,7994,333,174608,40841,22,1,716,0.0000,0.0000,1,0.00,0.00,0.00,0.00,0.00,0.00,0.00,0.00,0,'2023-06-28 12:08:23','2023-06-28 12:08:23',NULL),(368,7994,333,174608,40841,22,1,820,0.0000,0.0000,1,0.00,0.00,0.00,0.00,0.00,0.00,0.00,0.00,0,'2023-06-28 12:08:23','2023-06-28 12:08:23',NULL),(373,7994,337,174609,40841,22,1,484,0.0000,0.0000,1,1347439.32,0.00,0.00,0.00,0.00,0.00,0.00,0.00,0,'2023-06-28 12:13:18','2023-06-28 12:13:18',NULL),(374,7994,337,174609,40841,22,1,638,0.0000,0.0000,1,0.00,0.00,0.00,0.00,0.00,0.00,0.00,0.00,0,'2023-06-28 12:13:18','2023-06-28 12:13:18',NULL),(375,7994,337,174609,40841,22,1,716,0.0000,0.0000,1,0.00,0.00,0.00,0.00,0.00,0.00,0.00,0.00,0,'2023-06-28 12:13:18','2023-06-28 12:13:18',NULL),(376,7994,337,174609,40841,22,1,820,0.0000,0.0000,1,0.00,0.00,0.00,0.00,0.00,0.00,0.00,0.00,0,'2023-06-28 12:13:18','2023-06-28 12:13:18',NULL),(381,7994,341,174610,40841,22,1,484,0.0000,0.0000,1,1944455.86,0.00,0.00,0.00,0.00,0.00,0.00,0.00,0,'2023-06-28 12:16:51','2023-06-28 12:16:51',NULL),(382,7994,341,174610,40841,22,1,638,0.0000,0.0000,1,0.00,0.00,0.00,0.00,0.00,0.00,0.00,0.00,0,'2023-06-28 12:16:51','2023-06-28 12:16:51',NULL),(383,7994,341,174610,40841,22,1,716,0.0000,0.0000,1,0.00,0.00,0.00,0.00,0.00,0.00,0.00,0.00,0,'2023-06-28 12:16:51','2023-06-28 12:16:51',NULL),(384,7994,341,174610,40841,22,1,820,0.0000,0.0000,1,0.00,0.00,0.00,0.00,0.00,0.00,0.00,0.00,0,'2023-06-28 12:16:51','2023-06-28 12:16:51',NULL),(390,7994,353,118536,40800,22,1,624,0.0000,0.0000,1,1370410.69,0.00,0.00,0.00,0.00,0.00,0.00,0.00,0,'2023-06-28 15:47:50','2023-06-28 15:47:50',NULL),(391,7994,355,118537,40800,22,1,624,0.0000,0.0000,1,1270863.75,0.00,0.00,0.00,0.00,0.00,0.00,0.00,0,'2023-06-28 15:53:13','2023-06-28 15:53:13',NULL);
INSERT INTO `period_liquidation_details` VALUES (392,7994,357,118538,40800,22,1,624,0.0000,0.0000,1,1496145.57,0.00,0.00,0.00,0.00,0.00,0.00,0.00,0,'2023-06-28 15:57:16','2023-06-28 15:57:16',NULL),(393,7994,359,118539,40800,22,1,624,0.0000,0.0000,1,1505977.97,0.00,0.00,0.00,0.00,0.00,0.00,0.00,0,'2023-06-28 16:00:53','2023-06-28 16:00:53',NULL),(394,7994,361,118540,40800,22,1,624,0.0000,0.0000,1,1705956.95,0.00,0.00,0.00,0.00,0.00,0.00,0.00,0,'2023-06-28 16:03:12','2023-06-28 16:03:12',NULL),(405,7994,373,189819,40851,22,1,705,0.0000,0.0000,1,631634.69,0.00,0.00,0.00,0.00,0.00,0.00,0.00,0,'2023-06-29 15:22:24','2023-06-29 15:22:24',NULL),(406,7994,373,189819,40851,22,1,708,0.0000,0.0000,1,0.00,0.00,0.00,0.00,0.00,0.00,0.00,0.00,0,'2023-06-29 15:22:24','2023-06-29 15:22:24',NULL),(407,7994,375,189820,40851,22,1,705,0.0000,0.0000,1,516182.46,0.00,0.00,0.00,0.00,0.00,0.00,0.00,0,'2023-06-29 15:27:24','2023-06-29 15:27:24',NULL),(408,7994,375,189820,40851,22,1,708,0.0000,0.0000,1,0.00,0.00,0.00,0.00,0.00,0.00,0.00,0.00,0,'2023-06-29 15:27:24','2023-06-29 15:27:24',NULL),(409,7994,377,189821,40851,22,1,705,0.0000,0.0000,1,792218.98,0.00,0.00,0.00,0.00,0.00,0.00,0.00,0,'2023-06-29 15:38:18','2023-06-29 15:38:18',NULL),(410,7994,377,189821,40851,22,1,708,0.0000,0.0000,1,0.00,0.00,0.00,0.00,0.00,0.00,0.00,0.00,0,'2023-06-29 15:38:18','2023-06-29 15:38:18',NULL),(411,7994,379,189822,40851,22,1,705,0.0000,0.0000,1,873574.88,0.00,0.00,0.00,0.00,0.00,0.00,0.00,0,'2023-06-29 15:48:48','2023-06-29 15:48:48',NULL),(412,7994,379,189822,40851,22,1,708,0.0000,0.0000,1,0.00,0.00,0.00,0.00,0.00,0.00,0.00,0.00,0,'2023-06-29 15:48:48','2023-06-29 15:48:48',NULL),(413,7994,381,189823,40851,22,1,705,0.0000,0.0000,1,1182690.26,0.00,0.00,0.00,0.00,0.00,0.00,0.00,0,'2023-06-29 16:13:22','2023-06-29 16:13:22',NULL),(414,7994,381,189823,40851,22,1,708,0.0000,0.0000,1,0.00,0.00,0.00,0.00,0.00,0.00,0.00,0.00,0,'2023-06-29 16:13:22','2023-06-29 16:13:22',NULL),(416,7994,385,195881,40855,22,1,710,0.0000,0.0000,1,506793.05,0.00,0.00,0.00,0.00,0.00,0.00,0.00,0,'2023-06-30 12:55:12','2023-06-30 12:55:12',NULL),(418,7994,389,195882,40855,22,1,710,0.0000,0.0000,1,682754.05,0.00,0.00,0.00,0.00,0.00,0.00,0.00,0,'2023-06-30 13:27:12','2023-06-30 13:27:12',NULL),(420,7994,393,195883,40855,22,1,710,0.0000,0.0000,1,1157495.54,0.00,0.00,0.00,0.00,0.00,0.00,0.00,0,'2023-06-30 17:24:13','2023-06-30 17:24:13',NULL),(422,7994,397,195884,40855,22,1,710,0.0000,0.0000,1,907224.87,0.00,0.00,0.00,0.00,0.00,0.00,0.00,0,'2023-06-30 17:27:57','2023-06-30 17:27:57',NULL),(424,7994,401,195885,40855,22,1,710,0.0000,0.0000,1,811972.73,0.00,0.00,0.00,0.00,0.00,0.00,0.00,0,'2023-06-30 17:29:59','2023-06-30 17:29:59',NULL),(435,7994,413,9086,40727,23,1,573,0.0000,0.0000,1,1317666.84,0.00,0.00,0.00,0.00,0.00,0.00,0.00,0,'2023-06-30 18:44:03','2023-06-30 18:44:03',NULL),(436,7994,413,9086,40727,23,1,572,0.0000,0.0000,1,0.00,0.00,0.00,0.00,0.00,0.00,0.00,0.00,0,'2023-06-30 18:44:03','2023-06-30 18:44:03',NULL),(437,7994,415,9087,40727,23,1,573,0.0000,0.0000,1,862886.01,0.00,0.00,0.00,0.00,0.00,0.00,0.00,0,'2023-06-30 18:47:20','2023-06-30 18:47:20',NULL),(438,7994,415,9087,40727,23,1,572,0.0000,0.0000,1,0.00,0.00,0.00,0.00,0.00,0.00,0.00,0.00,0,'2023-06-30 18:47:20','2023-06-30 18:47:20',NULL),(439,7994,417,9088,40727,23,1,573,0.0000,0.0000,1,692098.36,0.00,0.00,0.00,0.00,0.00,0.00,0.00,0,'2023-06-30 18:49:46','2023-06-30 18:49:46',NULL),(440,7994,417,9088,40727,23,1,572,0.0000,0.0000,1,0.00,0.00,0.00,0.00,0.00,0.00,0.00,0.00,0,'2023-06-30 18:49:46','2023-06-30 18:49:46',NULL),(441,7994,419,9089,40727,23,1,573,0.0000,0.0000,1,1270189.45,0.00,0.00,0.00,0.00,0.00,0.00,0.00,0,'2023-06-30 18:54:51','2023-06-30 18:54:51',NULL),(442,7994,419,9089,40727,23,1,572,0.0000,0.0000,1,0.00,0.00,0.00,0.00,0.00,0.00,0.00,0.00,0,'2023-06-30 18:54:51','2023-06-30 18:54:51',NULL),(443,7994,421,9090,40727,23,1,573,0.0000,0.0000,1,124834.71,0.00,0.00,0.00,0.00,0.00,0.00,0.00,0,'2023-06-30 18:56:00','2023-06-30 18:56:00',NULL);
INSERT INTO `period_liquidation_details` VALUES (444,7994,421,9090,40727,23,1,572,0.0000,0.0000,1,0.00,0.00,0.00,0.00,0.00,0.00,0.00,0.00,0,'2023-06-30 18:56:00','2023-06-30 18:56:00',NULL),(449,7994,427,191334,40852,22,1,614,0.0000,0.0000,1,0.00,0.00,0.00,0.00,0.00,0.00,0.00,0.00,0,'2023-07-04 10:25:40','2023-07-04 10:25:40',NULL),(450,7994,427,191334,40852,22,1,618,0.0000,0.0000,1,0.00,0.00,0.00,0.00,0.00,0.00,0.00,0.00,0,'2023-07-04 10:25:40','2023-07-04 10:25:40',NULL),(459,7994,437,191335,40852,22,1,614,0.0000,0.0000,1,463654.57,0.00,0.00,0.00,0.00,0.00,0.00,0.00,0,'2023-07-04 10:34:22','2023-07-04 10:34:22',NULL),(460,7994,437,191335,40852,22,1,618,0.0000,0.0000,1,0.00,0.00,0.00,0.00,0.00,0.00,0.00,0.00,0,'2023-07-04 10:34:22','2023-07-04 10:34:22',NULL),(461,7994,439,191336,40852,22,1,614,0.0000,0.0000,1,659112.44,0.00,0.00,0.00,0.00,0.00,0.00,0.00,0,'2023-07-04 10:38:20','2023-07-04 10:38:20',NULL),(462,7994,439,191336,40852,22,1,618,0.0000,0.0000,1,0.00,0.00,0.00,0.00,0.00,0.00,0.00,0.00,0,'2023-07-04 10:38:20','2023-07-04 10:38:20',NULL),(463,7994,441,191337,40852,22,1,614,0.0000,0.0000,1,302479.56,0.00,0.00,0.00,0.00,0.00,0.00,0.00,0,'2023-07-04 10:40:41','2023-07-04 10:40:41',NULL),(464,7994,441,191337,40852,22,1,618,0.0000,0.0000,1,0.00,0.00,0.00,0.00,0.00,0.00,0.00,0.00,0,'2023-07-04 10:40:41','2023-07-04 10:40:41',NULL),(465,7994,443,191338,40852,22,1,614,0.0000,0.0000,1,2078198.10,0.00,0.00,0.00,0.00,0.00,0.00,0.00,0,'2023-07-04 10:42:47','2023-07-04 10:42:47',NULL),(466,7994,443,191338,40852,22,1,618,0.0000,0.0000,1,0.00,0.00,0.00,0.00,0.00,0.00,0.00,0.00,0,'2023-07-04 10:42:47','2023-07-04 10:42:47',NULL),(468,7994,447,4524,40723,22,1,361,0.0000,0.0000,1,856735.81,0.00,0.00,0.00,0.00,0.00,0.00,0.00,0,'2023-07-04 11:33:32','2023-07-04 11:33:32',NULL),(470,7994,451,4525,40723,22,1,361,0.0000,0.0000,1,1052676.52,0.00,0.00,0.00,0.00,0.00,0.00,0.00,0,'2023-07-04 11:38:35','2023-07-04 11:38:35',NULL),(474,7994,459,4526,40723,22,1,361,0.0000,0.0000,1,1382378.12,0.00,0.00,0.00,0.00,0.00,0.00,0.00,0,'2023-07-04 11:52:11','2023-07-04 11:52:11',NULL),(475,7994,461,4527,40723,22,1,361,0.0000,0.0000,1,1006114.17,0.00,0.00,0.00,0.00,0.00,0.00,0.00,0,'2023-07-04 11:54:20','2023-07-04 11:54:20',NULL),(476,7994,463,4528,40723,22,1,361,0.0000,0.0000,1,2402702.00,0.00,0.00,0.00,0.00,0.00,0.00,0.00,0,'2023-07-04 11:55:52','2023-07-04 11:55:52',NULL),(482,7994,475,176121,40842,23,1,591,0.0000,0.0000,1,1639401.52,0.00,0.00,0.00,0.00,0.00,0.00,0.00,0,'2023-07-04 12:38:12','2023-07-04 12:38:12',NULL),(483,7994,477,176122,40842,23,1,591,0.0000,0.0000,1,1783595.18,0.00,0.00,0.00,0.00,0.00,0.00,0.00,0,'2023-07-04 16:32:37','2023-07-04 16:32:37',NULL),(484,7994,479,176123,40842,23,1,591,0.0000,0.0000,1,2116815.46,0.00,0.00,0.00,0.00,0.00,0.00,0.00,0,'2023-07-04 16:41:55','2023-07-04 16:41:55',NULL),(485,7994,481,176124,40842,23,1,591,0.0000,0.0000,1,2171408.32,0.00,0.00,0.00,0.00,0.00,0.00,0.00,0,'2023-07-04 16:56:37','2023-07-04 16:56:37',NULL),(486,7994,483,176125,40842,23,1,591,0.0000,0.0000,1,2335935.90,0.00,0.00,0.00,0.00,0.00,0.00,0.00,0,'2023-07-04 17:04:56','2023-07-04 17:04:56',NULL),(490,7994,487,194364,40854,22,1,813,0.0000,0.0000,1,440398.69,0.00,0.00,0.00,0.00,0.00,0.00,0.00,0,'2023-07-05 12:16:13','2023-07-05 12:16:13',NULL),(491,7994,487,194364,40854,22,1,820,0.0000,0.0000,1,0.00,0.00,0.00,0.00,0.00,0.00,0.00,0.00,0,'2023-07-05 12:16:13','2023-07-05 12:16:13',NULL),(492,7994,487,194364,40854,22,1,814,0.0000,0.0000,1,0.00,0.00,0.00,0.00,0.00,0.00,0.00,0.00,0,'2023-07-05 12:16:13','2023-07-05 12:16:13',NULL),(496,7994,491,194365,40854,22,1,813,0.0000,0.0000,1,260786.00,0.00,0.00,0.00,0.00,0.00,0.00,0.00,0,'2023-07-05 12:22:18','2023-07-05 12:22:18',NULL),(497,7994,491,194365,40854,22,1,820,0.0000,0.0000,1,0.00,0.00,0.00,0.00,0.00,0.00,0.00,0.00,0,'2023-07-05 12:22:18','2023-07-05 12:22:18',NULL),(498,7994,491,194365,40854,22,1,814,0.0000,0.0000,1,0.00,0.00,0.00,0.00,0.00,0.00,0.00,0.00,0,'2023-07-05 12:22:18','2023-07-05 12:22:18',NULL);
INSERT INTO `period_liquidation_details` VALUES (502,7994,495,194366,40854,22,1,813,0.0000,0.0000,1,181522.14,0.00,0.00,0.00,0.00,0.00,0.00,0.00,0,'2023-07-05 12:28:36','2023-07-05 12:28:36',NULL),(503,7994,495,194366,40854,22,1,820,0.0000,0.0000,1,0.00,0.00,0.00,0.00,0.00,0.00,0.00,0.00,0,'2023-07-05 12:28:36','2023-07-05 12:28:36',NULL),(504,7994,495,194366,40854,22,1,814,0.0000,0.0000,1,0.00,0.00,0.00,0.00,0.00,0.00,0.00,0.00,0,'2023-07-05 12:28:36','2023-07-05 12:28:36',NULL),(508,7994,499,194367,40854,22,1,813,0.0000,0.0000,1,380422.14,0.00,0.00,0.00,0.00,0.00,0.00,0.00,0,'2023-07-05 12:34:08','2023-07-05 12:34:08',NULL),(509,7994,499,194367,40854,22,1,820,0.0000,0.0000,1,0.00,0.00,0.00,0.00,0.00,0.00,0.00,0.00,0,'2023-07-05 12:34:08','2023-07-05 12:34:08',NULL),(510,7994,499,194367,40854,22,1,814,0.0000,0.0000,1,0.00,0.00,0.00,0.00,0.00,0.00,0.00,0.00,0,'2023-07-05 12:34:08','2023-07-05 12:34:08',NULL),(514,7994,503,194368,40854,22,1,813,0.0000,0.0000,1,365100.21,0.00,0.00,0.00,0.00,0.00,0.00,0.00,0,'2023-07-05 12:36:51','2023-07-05 12:36:51',NULL),(515,7994,503,194368,40854,22,1,820,0.0000,0.0000,1,0.00,0.00,0.00,0.00,0.00,0.00,0.00,0.00,0,'2023-07-05 12:36:51','2023-07-05 12:36:51',NULL),(516,7994,503,194368,40854,22,1,814,0.0000,0.0000,1,0.00,0.00,0.00,0.00,0.00,0.00,0.00,0.00,0,'2023-07-05 12:36:51','2023-07-05 12:36:51',NULL),(520,7994,507,194369,40854,22,1,813,0.0000,0.0000,1,391176.00,0.00,0.00,0.00,0.00,0.00,0.00,0.00,0,'2023-07-05 12:39:10','2023-07-05 12:39:10',NULL),(521,7994,507,194369,40854,22,1,820,0.0000,0.0000,1,0.00,0.00,0.00,0.00,0.00,0.00,0.00,0.00,0,'2023-07-05 12:39:10','2023-07-05 12:39:10',NULL),(522,7994,507,194369,40854,22,1,814,0.0000,0.0000,1,0.00,0.00,0.00,0.00,0.00,0.00,0.00,0.00,0,'2023-07-05 12:39:10','2023-07-05 12:39:10',NULL),(524,7994,511,201046,40722,22,1,614,0.0000,0.0000,1,0.00,0.00,0.00,0.00,0.00,0.00,0.00,0.00,0,'2023-07-05 15:06:26','2023-07-05 15:06:26',NULL),(526,7994,515,201047,40722,22,1,614,0.0000,0.0000,1,0.00,0.00,0.00,0.00,0.00,0.00,0.00,0.00,0,'2023-07-05 15:08:12','2023-07-05 15:08:12',NULL),(528,7994,519,201048,40722,22,1,614,0.0000,0.0000,1,297484.93,0.00,0.00,0.00,0.00,0.00,0.00,0.00,0,'2023-07-05 15:27:42','2023-07-05 15:27:42',NULL),(530,7994,523,201049,40722,22,1,614,0.0000,0.0000,1,226364.54,0.00,0.00,0.00,0.00,0.00,0.00,0.00,0,'2023-07-05 15:35:43','2023-07-05 15:35:43',NULL),(532,7994,527,201050,40722,22,1,614,0.0000,0.0000,1,351176.27,0.00,0.00,0.00,0.00,0.00,0.00,0.00,0,'2023-07-05 15:49:19','2023-07-05 15:49:19',NULL),(534,7994,531,3018,40722,22,1,614,0.0000,0.0000,1,246652.99,0.00,0.00,0.00,0.00,0.00,0.00,0.00,0,'2023-07-05 15:57:02','2023-07-05 15:57:02',NULL),(536,7994,535,3019,40722,22,1,614,0.0000,0.0000,1,0.00,0.00,0.00,0.00,0.00,0.00,0.00,0.00,0,'2023-07-05 16:00:45','2023-07-05 16:00:45',NULL),(538,7994,539,3020,40722,22,1,614,0.0000,0.0000,1,0.00,0.00,0.00,0.00,0.00,0.00,0.00,0.00,0,'2023-07-05 16:02:08','2023-07-05 16:02:08',NULL),(540,7994,543,3021,40722,22,1,614,0.0000,0.0000,1,261510.09,0.00,0.00,0.00,0.00,0.00,0.00,0.00,0,'2023-07-05 16:08:54','2023-07-05 16:08:54',NULL),(542,7994,547,3022,40722,22,1,614,0.0000,0.0000,1,122971.57,0.00,0.00,0.00,0.00,0.00,0.00,0.00,0,'2023-07-05 16:12:01','2023-07-05 16:12:01',NULL),(544,7994,551,3023,40722,22,1,614,0.0000,0.0000,1,360621.09,0.00,0.00,0.00,0.00,0.00,0.00,0.00,0,'2023-07-05 16:16:13','2023-07-05 16:16:13',NULL),(546,7994,555,3024,40722,22,1,614,0.0000,0.0000,1,452786.14,0.00,0.00,0.00,0.00,0.00,0.00,0.00,0,'2023-07-05 16:19:40','2023-07-05 16:19:40',NULL),(548,7994,559,3025,40722,22,1,614,0.0000,0.0000,1,875680.03,0.00,0.00,0.00,0.00,0.00,0.00,0.00,0,'2023-07-05 16:23:25','2023-07-05 16:23:25',NULL),(551,7994,563,10616,40728,23,1,612,0.0000,0.0000,1,965082.79,0.00,0.00,0.00,0.00,0.00,0.00,0.00,0,'2023-07-19 12:27:35','2023-07-19 12:27:35',NULL),(552,7994,563,10616,40728,22,1,612,0.0000,0.0000,1,965082.79,0.00,0.00,0.00,0.00,0.00,0.00,0.00,0,'2023-07-19 12:27:35','2023-07-19 12:27:35',NULL);
INSERT INTO `period_liquidation_details` VALUES (555,7994,567,10617,40728,23,1,612,0.0000,0.0000,1,878429.86,0.00,0.00,0.00,0.00,0.00,0.00,0.00,0,'2023-07-19 12:29:52','2023-07-19 12:29:52',NULL),(556,7994,567,10617,40728,22,1,612,0.0000,0.0000,1,878429.86,0.00,0.00,0.00,0.00,0.00,0.00,0.00,0,'2023-07-19 12:29:52','2023-07-19 12:29:52',NULL),(559,7994,571,10618,40728,23,1,612,0.0000,0.0000,1,1046271.76,0.00,0.00,0.00,0.00,0.00,0.00,0.00,0,'2023-07-19 12:32:13','2023-07-19 12:32:13',NULL),(560,7994,571,10618,40728,22,1,612,0.0000,0.0000,1,1046271.76,0.00,0.00,0.00,0.00,0.00,0.00,0.00,0,'2023-07-19 12:32:13','2023-07-19 12:32:13',NULL),(563,7994,575,10619,40728,23,1,612,0.0000,0.0000,1,1050248.17,0.00,0.00,0.00,0.00,0.00,0.00,0.00,0,'2023-07-19 12:34:08','2023-07-19 12:34:08',NULL),(564,7994,575,10619,40728,22,1,612,0.0000,0.0000,1,1050248.17,0.00,0.00,0.00,0.00,0.00,0.00,0.00,0,'2023-07-19 12:34:08','2023-07-19 12:34:08',NULL),(567,7994,579,10620,40728,23,1,612,0.0000,0.0000,1,1228132.34,0.00,0.00,0.00,0.00,0.00,0.00,0.00,0,'2023-07-19 12:35:55','2023-07-19 12:35:55',NULL),(568,7994,579,10620,40728,22,1,612,0.0000,0.0000,1,1228132.34,0.00,0.00,0.00,0.00,0.00,0.00,0.00,0,'2023-07-19 12:35:55','2023-07-19 12:35:55',NULL),(574,7994,583,177636,40843,22,1,906,0.0000,0.0000,1,0.00,0.00,0.00,0.00,0.00,0.00,0.00,0.00,0,'2023-07-20 11:53:42','2023-07-20 11:53:42',NULL),(575,7994,583,177636,40843,22,1,902,0.0000,0.0000,1,0.00,0.00,0.00,0.00,0.00,0.00,0.00,0.00,0,'2023-07-20 11:53:42','2023-07-20 11:53:42',NULL),(576,7994,583,177636,40843,22,1,904,0.0000,0.0000,1,0.00,0.00,0.00,0.00,0.00,0.00,0.00,0.00,0,'2023-07-20 11:53:42','2023-07-20 11:53:42',NULL),(577,7994,583,177636,40843,22,1,720,0.0000,0.0000,1,0.00,0.00,0.00,0.00,0.00,0.00,0.00,0.00,0,'2023-07-20 11:53:42','2023-07-20 11:53:42',NULL),(578,7994,583,177636,40843,22,1,721,0.0000,0.0000,1,0.00,0.00,0.00,0.00,0.00,0.00,0.00,0.00,0,'2023-07-20 11:53:42','2023-07-20 11:53:42',NULL),(584,7994,587,177637,40843,22,1,906,0.0000,0.0000,1,0.00,0.00,0.00,0.00,0.00,0.00,0.00,0.00,0,'2023-07-20 11:56:09','2023-07-20 11:56:09',NULL),(585,7994,587,177637,40843,22,1,902,0.0000,0.0000,1,0.00,0.00,0.00,0.00,0.00,0.00,0.00,0.00,0,'2023-07-20 11:56:09','2023-07-20 11:56:09',NULL),(586,7994,587,177637,40843,22,1,904,0.0000,0.0000,1,0.00,0.00,0.00,0.00,0.00,0.00,0.00,0.00,0,'2023-07-20 11:56:09','2023-07-20 11:56:09',NULL),(587,7994,587,177637,40843,22,1,720,0.0000,0.0000,1,0.00,0.00,0.00,0.00,0.00,0.00,0.00,0.00,0,'2023-07-20 11:56:09','2023-07-20 11:56:09',NULL),(588,7994,587,177637,40843,22,1,721,0.0000,0.0000,1,0.00,0.00,0.00,0.00,0.00,0.00,0.00,0.00,0,'2023-07-20 11:56:09','2023-07-20 11:56:09',NULL),(594,7994,591,177638,40843,22,1,906,0.0000,0.0000,1,0.00,0.00,0.00,0.00,0.00,0.00,0.00,0.00,0,'2023-07-20 11:58:56','2023-07-20 11:58:56',NULL),(595,7994,591,177638,40843,22,1,902,0.0000,0.0000,1,0.00,0.00,0.00,0.00,0.00,0.00,0.00,0.00,0,'2023-07-20 11:58:56','2023-07-20 11:58:56',NULL),(596,7994,591,177638,40843,22,1,904,0.0000,0.0000,1,0.00,0.00,0.00,0.00,0.00,0.00,0.00,0.00,0,'2023-07-20 11:58:56','2023-07-20 11:58:56',NULL),(597,7994,591,177638,40843,22,1,720,0.0000,0.0000,1,0.00,0.00,0.00,0.00,0.00,0.00,0.00,0.00,0,'2023-07-20 11:58:56','2023-07-20 11:58:56',NULL),(598,7994,591,177638,40843,22,1,721,0.0000,0.0000,1,0.00,0.00,0.00,0.00,0.00,0.00,0.00,0.00,0,'2023-07-20 11:58:56','2023-07-20 11:58:56',NULL),(604,7994,595,177639,40843,22,1,906,0.0000,0.0000,1,0.00,0.00,0.00,0.00,0.00,0.00,0.00,0.00,0,'2023-07-20 12:02:16','2023-07-20 12:02:16',NULL),(605,7994,595,177639,40843,22,1,902,0.0000,0.0000,1,0.00,0.00,0.00,0.00,0.00,0.00,0.00,0.00,0,'2023-07-20 12:02:16','2023-07-20 12:02:16',NULL),(606,7994,595,177639,40843,22,1,904,0.0000,0.0000,1,0.00,0.00,0.00,0.00,0.00,0.00,0.00,0.00,0,'2023-07-20 12:02:16','2023-07-20 12:02:16',NULL),(607,7994,595,177639,40843,22,1,720,0.0000,0.0000,1,0.00,0.00,0.00,0.00,0.00,0.00,0.00,0.00,0,'2023-07-20 12:02:16','2023-07-20 12:02:16',NULL);
INSERT INTO `period_liquidation_details` VALUES (608,7994,595,177639,40843,22,1,721,0.0000,0.0000,1,0.00,0.00,0.00,0.00,0.00,0.00,0.00,0.00,0,'2023-07-20 12:02:16','2023-07-20 12:02:16',NULL),(614,7994,599,177640,40843,22,1,906,0.0000,0.0000,1,779100.00,0.00,0.00,0.00,0.00,0.00,0.00,0.00,0,'2023-07-20 12:08:16','2023-07-20 12:08:16',NULL),(615,7994,599,177640,40843,22,1,902,0.0000,0.0000,1,0.00,0.00,0.00,0.00,0.00,0.00,0.00,0.00,0,'2023-07-20 12:08:16','2023-07-20 12:08:16',NULL),(616,7994,599,177640,40843,22,1,904,0.0000,0.0000,1,0.00,0.00,0.00,0.00,0.00,0.00,0.00,0.00,0,'2023-07-20 12:08:16','2023-07-20 12:08:16',NULL),(617,7994,599,177640,40843,22,1,720,0.0000,0.0000,1,0.00,0.00,0.00,0.00,0.00,0.00,0.00,0.00,0,'2023-07-20 12:08:16','2023-07-20 12:08:16',NULL),(618,7994,599,177640,40843,22,1,721,0.0000,0.0000,1,0.00,0.00,0.00,0.00,0.00,0.00,0.00,0.00,0,'2023-07-20 12:08:16','2023-07-20 12:08:16',NULL),(624,7994,603,177641,40843,22,1,906,0.0000,0.0000,1,0.00,0.00,0.00,0.00,0.00,0.00,0.00,0.00,0,'2023-07-20 12:20:38','2023-07-20 12:20:38',NULL),(625,7994,603,177641,40843,22,1,902,0.0000,0.0000,1,0.00,0.00,0.00,0.00,0.00,0.00,0.00,0.00,0,'2023-07-20 12:20:38','2023-07-20 12:20:38',NULL),(626,7994,603,177641,40843,22,1,904,0.0000,0.0000,1,0.00,0.00,0.00,0.00,0.00,0.00,0.00,0.00,0,'2023-07-20 12:20:38','2023-07-20 12:20:38',NULL),(627,7994,603,177641,40843,22,1,720,0.0000,0.0000,1,0.00,0.00,0.00,0.00,0.00,0.00,0.00,0.00,0,'2023-07-20 12:20:38','2023-07-20 12:20:38',NULL),(628,7994,603,177641,40843,22,1,721,0.0000,0.0000,1,0.00,0.00,0.00,0.00,0.00,0.00,0.00,0.00,0,'2023-07-20 12:20:38','2023-07-20 12:20:38',NULL),(634,7994,607,177643,40843,22,1,906,0.0000,0.0000,1,0.00,0.00,0.00,0.00,0.00,0.00,0.00,0.00,0,'2023-07-20 12:21:57','2023-07-20 12:21:57',NULL),(635,7994,607,177643,40843,22,1,902,0.0000,0.0000,1,0.00,0.00,0.00,0.00,0.00,0.00,0.00,0.00,0,'2023-07-20 12:21:57','2023-07-20 12:21:57',NULL),(636,7994,607,177643,40843,22,1,904,0.0000,0.0000,1,0.00,0.00,0.00,0.00,0.00,0.00,0.00,0.00,0,'2023-07-20 12:21:57','2023-07-20 12:21:57',NULL),(637,7994,607,177643,40843,22,1,720,0.0000,0.0000,1,0.00,0.00,0.00,0.00,0.00,0.00,0.00,0.00,0,'2023-07-20 12:21:57','2023-07-20 12:21:57',NULL),(638,7994,607,177643,40843,22,1,721,0.0000,0.0000,1,0.00,0.00,0.00,0.00,0.00,0.00,0.00,0.00,0,'2023-07-20 12:21:57','2023-07-20 12:21:57',NULL),(644,7994,611,177644,40843,22,1,906,0.0000,0.0000,1,0.00,0.00,0.00,0.00,0.00,0.00,0.00,0.00,0,'2023-07-20 12:25:10','2023-07-20 12:25:10',NULL),(645,7994,611,177644,40843,22,1,902,0.0000,0.0000,1,0.00,0.00,0.00,0.00,0.00,0.00,0.00,0.00,0,'2023-07-20 12:25:10','2023-07-20 12:25:10',NULL),(646,7994,611,177644,40843,22,1,904,0.0000,0.0000,1,0.00,0.00,0.00,0.00,0.00,0.00,0.00,0.00,0,'2023-07-20 12:25:10','2023-07-20 12:25:10',NULL),(647,7994,611,177644,40843,22,1,720,0.0000,0.0000,1,0.00,0.00,0.00,0.00,0.00,0.00,0.00,0.00,0,'2023-07-20 12:25:10','2023-07-20 12:25:10',NULL),(648,7994,611,177644,40843,22,1,721,0.0000,0.0000,1,0.00,0.00,0.00,0.00,0.00,0.00,0.00,0.00,0,'2023-07-20 12:25:10','2023-07-20 12:25:10',NULL),(654,7994,615,177645,40843,22,1,906,0.0000,0.0000,1,0.00,0.00,0.00,0.00,0.00,0.00,0.00,0.00,0,'2023-07-20 12:26:32','2023-07-20 12:26:32',NULL),(655,7994,615,177645,40843,22,1,902,0.0000,0.0000,1,0.00,0.00,0.00,0.00,0.00,0.00,0.00,0.00,0,'2023-07-20 12:26:32','2023-07-20 12:26:32',NULL),(656,7994,615,177645,40843,22,1,904,0.0000,0.0000,1,0.00,0.00,0.00,0.00,0.00,0.00,0.00,0.00,0,'2023-07-20 12:26:32','2023-07-20 12:26:32',NULL),(657,7994,615,177645,40843,22,1,720,0.0000,0.0000,1,0.00,0.00,0.00,0.00,0.00,0.00,0.00,0.00,0,'2023-07-20 12:26:32','2023-07-20 12:26:32',NULL),(658,7994,615,177645,40843,22,1,721,0.0000,0.0000,1,0.00,0.00,0.00,0.00,0.00,0.00,0.00,0.00,0,'2023-07-20 12:26:32','2023-07-20 12:26:32',NULL),(664,7994,619,177646,40843,22,1,906,0.0000,0.0000,1,50000.00,0.00,0.00,0.00,0.00,0.00,0.00,0.00,0,'2023-07-20 12:27:43','2023-07-20 12:27:43',NULL);
INSERT INTO `period_liquidation_details` VALUES (665,7994,619,177646,40843,22,1,902,0.0000,0.0000,1,0.00,0.00,0.00,0.00,0.00,0.00,0.00,0.00,0,'2023-07-20 12:27:43','2023-07-20 12:27:43',NULL),(666,7994,619,177646,40843,22,1,904,0.0000,0.0000,1,0.00,0.00,0.00,0.00,0.00,0.00,0.00,0.00,0,'2023-07-20 12:27:43','2023-07-20 12:27:43',NULL),(667,7994,619,177646,40843,22,1,720,0.0000,0.0000,1,0.00,0.00,0.00,0.00,0.00,0.00,0.00,0.00,0,'2023-07-20 12:27:43','2023-07-20 12:27:43',NULL),(668,7994,619,177646,40843,22,1,721,0.0000,0.0000,1,0.00,0.00,0.00,0.00,0.00,0.00,0.00,0.00,0,'2023-07-20 12:27:43','2023-07-20 12:27:43',NULL),(671,7994,623,201194,40798,22,1,741,0.0000,0.0000,1,23128.16,0.00,0.00,0.00,0.00,0.00,0.00,0.00,0,'2023-09-05 10:36:00','2023-09-05 10:36:00',NULL),(672,7994,623,201194,40798,22,1,585,0.0000,0.0000,1,0.00,0.00,0.00,0.00,0.00,0.00,0.00,0.00,0,'2023-09-05 10:36:00','2023-09-05 10:36:00',NULL),(675,7994,627,201195,40798,22,1,741,0.0000,0.0000,1,1022323.08,0.00,0.00,0.00,0.00,0.00,0.00,0.00,0,'2023-09-05 10:38:54','2023-09-05 10:38:54',NULL),(676,7994,627,201195,40798,22,1,585,0.0000,0.0000,1,0.00,0.00,0.00,0.00,0.00,0.00,0.00,0.00,0,'2023-09-05 10:38:54','2023-09-05 10:38:54',NULL),(679,7994,631,201196,40798,22,1,741,0.0000,0.0000,1,378400.32,0.00,0.00,0.00,0.00,0.00,0.00,0.00,0,'2023-09-05 10:42:30','2023-09-05 10:42:30',NULL),(680,7994,631,201196,40798,22,1,585,0.0000,0.0000,1,0.00,0.00,0.00,0.00,0.00,0.00,0.00,0.00,0,'2023-09-05 10:42:30','2023-09-05 10:42:30',NULL),(683,7994,635,201197,40798,22,1,741,0.0000,0.0000,1,817004.57,0.00,0.00,0.00,0.00,0.00,0.00,0.00,0,'2023-09-05 10:45:32','2023-09-05 10:45:32',NULL),(684,7994,635,201197,40798,22,1,585,0.0000,0.0000,1,0.00,0.00,0.00,0.00,0.00,0.00,0.00,0.00,0,'2023-09-05 10:45:32','2023-09-05 10:45:32',NULL),(687,7994,639,201201,40798,22,1,741,0.0000,0.0000,1,2244960.20,0.00,0.00,0.00,0.00,0.00,0.00,0.00,0,'2023-09-05 10:52:34','2023-09-05 10:52:34',NULL),(688,7994,639,201201,40798,22,1,585,0.0000,0.0000,1,0.00,0.00,0.00,0.00,0.00,0.00,0.00,0.00,0,'2023-09-05 10:52:34','2023-09-05 10:52:34',NULL),(691,7994,643,201202,40798,22,1,741,0.0000,0.0000,1,4106952.17,0.00,0.00,0.00,0.00,0.00,0.00,0.00,0,'2023-09-05 10:56:24','2023-09-05 10:56:24',NULL),(692,7994,643,201202,40798,22,1,585,0.0000,0.0000,1,0.00,0.00,0.00,0.00,0.00,0.00,0.00,0.00,0,'2023-09-05 10:56:24','2023-09-05 10:56:24',NULL),(695,7994,647,201203,40798,22,1,741,0.0000,0.0000,1,5575940.33,0.00,0.00,0.00,0.00,0.00,0.00,0.00,0,'2023-09-05 10:58:58','2023-09-05 10:58:58',NULL),(696,7994,647,201203,40798,22,1,585,0.0000,0.0000,1,0.00,0.00,0.00,0.00,0.00,0.00,0.00,0.00,0,'2023-09-05 10:58:58','2023-09-05 10:58:58',NULL),(699,7994,651,201204,40798,22,1,741,0.0000,0.0000,1,8672841.02,0.00,0.00,0.00,0.00,0.00,0.00,0.00,0,'2023-09-05 11:02:00','2023-09-05 11:02:00',NULL),(700,7994,651,201204,40798,22,1,585,0.0000,0.0000,1,0.00,0.00,0.00,0.00,0.00,0.00,0.00,0.00,0,'2023-09-05 11:02:00','2023-09-05 11:02:00',NULL),(703,7994,655,201205,40798,22,1,741,0.0000,0.0000,1,1195473.86,0.00,0.00,0.00,0.00,0.00,0.00,0.00,0,'2023-09-05 11:13:46','2023-09-05 11:13:46',NULL),(704,7994,655,201205,40798,22,1,585,0.0000,0.0000,1,0.00,0.00,0.00,0.00,0.00,0.00,0.00,0.00,0,'2023-09-05 11:13:46','2023-09-05 11:13:46',NULL),(707,7994,659,201206,40798,22,1,741,0.0000,0.0000,1,7437965.77,0.00,0.00,0.00,0.00,0.00,0.00,0.00,0,'2023-09-05 11:15:37','2023-09-05 11:15:37',NULL),(708,7994,659,201206,40798,22,1,585,0.0000,0.0000,1,0.00,0.00,0.00,0.00,0.00,0.00,0.00,0.00,0,'2023-09-05 11:15:37','2023-09-05 11:15:37',NULL),(709,7994,661,201207,40798,22,1,741,0.0000,0.0000,1,2275103.50,0.00,0.00,0.00,0.00,0.00,0.00,0.00,0,'2023-09-05 11:22:46','2023-09-05 11:22:46',NULL),(710,7994,661,201207,40798,22,1,585,0.0000,0.0000,1,0.00,0.00,0.00,0.00,0.00,0.00,0.00,0.00,0,'2023-09-05 11:22:46','2023-09-05 11:22:46',NULL),(713,7994,665,201208,40798,22,1,741,0.0000,0.0000,1,10100339.06,0.00,0.00,0.00,0.00,0.00,0.00,0.00,0,'2023-09-05 12:16:50','2023-09-05 12:16:50',NULL);
INSERT INTO `period_liquidation_details` VALUES (714,7994,665,201208,40798,22,1,585,0.0000,0.0000,1,0.00,0.00,0.00,0.00,0.00,0.00,0.00,0.00,0,'2023-09-05 12:16:50','2023-09-05 12:16:50',NULL),(715,7994,667,201209,40798,22,1,741,0.0000,0.0000,1,0.00,0.00,0.00,0.00,0.00,0.00,0.00,0.00,0,'2023-09-05 12:32:37','2023-09-05 12:32:37',NULL),(716,7994,667,201209,40798,22,1,585,0.0000,0.0000,1,0.00,0.00,0.00,0.00,0.00,0.00,0.00,0.00,0,'2023-09-05 12:32:37','2023-09-05 12:32:37',NULL),(719,7994,671,201210,40798,22,1,741,0.0000,0.0000,1,10300098.05,0.00,0.00,0.00,0.00,0.00,0.00,0.00,0,'2023-09-05 12:34:49','2023-09-05 12:34:49',NULL),(720,7994,671,201210,40798,22,1,585,0.0000,0.0000,1,0.00,0.00,0.00,0.00,0.00,0.00,0.00,0.00,0,'2023-09-05 12:34:49','2023-09-05 12:34:49',NULL),(723,7994,675,201211,40798,22,1,741,0.0000,0.0000,1,1037767.00,0.00,0.00,0.00,0.00,0.00,0.00,0.00,0,'2023-09-05 12:38:11','2023-09-05 12:38:11',NULL),(724,7994,675,201211,40798,22,1,585,0.0000,0.0000,1,0.00,0.00,0.00,0.00,0.00,0.00,0.00,0.00,0,'2023-09-05 12:38:11','2023-09-05 12:38:11',NULL),(727,7994,679,201212,40798,22,1,741,0.0000,0.0000,1,11655.53,0.00,0.00,0.00,0.00,0.00,0.00,0.00,0,'2023-09-05 12:40:31','2023-09-05 12:40:31',NULL),(728,7994,679,201212,40798,22,1,585,0.0000,0.0000,1,0.00,0.00,0.00,0.00,0.00,0.00,0.00,0.00,0,'2023-09-05 12:40:31','2023-09-05 12:40:31',NULL),(731,7994,683,115506,40798,22,1,741,0.0000,0.0000,1,0.00,0.00,0.00,0.00,0.00,0.00,0.00,0.00,0,'2023-09-05 12:45:03','2023-09-05 12:45:03',NULL),(732,7994,683,115506,40798,22,1,585,0.0000,0.0000,1,0.00,0.00,0.00,0.00,0.00,0.00,0.00,0.00,0,'2023-09-05 12:45:03','2023-09-05 12:45:03',NULL),(735,7994,687,115507,40798,22,1,741,0.0000,0.0000,1,0.00,0.00,0.00,0.00,0.00,0.00,0.00,0.00,0,'2023-09-05 12:50:33','2023-09-05 12:50:33',NULL),(736,7994,687,115507,40798,22,1,585,0.0000,0.0000,1,0.00,0.00,0.00,0.00,0.00,0.00,0.00,0.00,0,'2023-09-05 12:50:33','2023-09-05 12:50:33',NULL),(739,7994,691,115508,40798,22,1,741,0.0000,0.0000,1,0.00,0.00,0.00,0.00,0.00,0.00,0.00,0.00,0,'2023-09-05 12:55:08','2023-09-05 12:55:08',NULL),(740,7994,691,115508,40798,22,1,585,0.0000,0.0000,1,0.00,0.00,0.00,0.00,0.00,0.00,0.00,0.00,0,'2023-09-05 12:55:08','2023-09-05 12:55:08',NULL),(743,7994,695,115509,40798,22,1,741,0.0000,0.0000,1,0.00,0.00,0.00,0.00,0.00,0.00,0.00,0.00,0,'2023-09-05 12:57:22','2023-09-05 12:57:22',NULL),(744,7994,695,115509,40798,22,1,585,0.0000,0.0000,1,0.00,0.00,0.00,0.00,0.00,0.00,0.00,0.00,0,'2023-09-05 12:57:22','2023-09-05 12:57:22',NULL),(747,7994,699,115510,40798,22,1,741,0.0000,0.0000,1,0.00,0.00,0.00,0.00,0.00,0.00,0.00,0.00,0,'2023-09-05 12:58:48','2023-09-05 12:58:48',NULL),(748,7994,699,115510,40798,22,1,585,0.0000,0.0000,1,0.00,0.00,0.00,0.00,0.00,0.00,0.00,0.00,0,'2023-09-05 12:58:48','2023-09-05 12:58:48',NULL),(751,7994,703,115511,40798,22,1,741,0.0000,0.0000,1,0.00,0.00,0.00,0.00,0.00,0.00,0.00,0.00,0,'2023-09-05 13:00:33','2023-09-05 13:00:33',NULL),(752,7994,703,115511,40798,22,1,585,0.0000,0.0000,1,0.00,0.00,0.00,0.00,0.00,0.00,0.00,0.00,0,'2023-09-05 13:00:33','2023-09-05 13:00:33',NULL),(755,7994,707,115512,40798,22,1,741,0.0000,0.0000,1,0.00,0.00,0.00,0.00,0.00,0.00,0.00,0.00,0,'2023-09-05 13:02:40','2023-09-05 13:02:40',NULL),(756,7994,707,115512,40798,22,1,585,0.0000,0.0000,1,0.00,0.00,0.00,0.00,0.00,0.00,0.00,0.00,0,'2023-09-05 13:02:40','2023-09-05 13:02:40',NULL),(759,7994,711,201311,40797,22,1,584,0.0000,0.0000,1,7136812.11,0.00,0.00,0.00,0.00,0.00,0.00,0.00,0,'2023-09-07 16:37:28','2023-09-07 16:37:28',NULL),(760,7994,711,201311,40797,22,1,739,0.0000,0.0000,1,0.00,0.00,0.00,0.00,0.00,0.00,0.00,0.00,0,'2023-09-07 16:37:28','2023-09-07 16:37:28',NULL),(763,NULL,714,201313,40797,22,1,584,0.0000,0.0000,1,23170427.60,0.00,0.00,0.00,0.00,0.00,0.00,0.00,0,'2023-09-07 16:50:23','2023-09-07 16:50:23',NULL),(764,NULL,714,201313,40797,22,1,739,0.0000,0.0000,1,0.00,0.00,0.00,0.00,0.00,0.00,0.00,0.00,0,'2023-09-07 16:50:23','2023-09-07 16:50:23',NULL);
INSERT INTO `period_liquidation_details` VALUES (771,7994,723,201316,40797,22,1,584,0.0000,0.0000,1,16123651.96,0.00,0.00,0.00,0.00,0.00,0.00,0.00,0,'2023-09-07 17:06:31','2023-09-07 17:06:31',NULL),(772,7994,723,201316,40797,22,1,739,0.0000,0.0000,1,0.00,0.00,0.00,0.00,0.00,0.00,0.00,0.00,0,'2023-09-07 17:06:31','2023-09-07 17:06:31',NULL),(787,NULL,739,113997,40797,22,1,584,0.0000,0.0000,1,57893870.28,0.00,0.00,0.00,0.00,0.00,0.00,0.00,0,'2023-11-08 12:05:00','2023-11-08 12:05:00',NULL),(788,NULL,739,113997,40797,22,1,739,0.0000,0.0000,1,0.00,0.00,0.00,0.00,0.00,0.00,0.00,0.00,0,'2023-11-08 12:05:00','2023-11-08 12:05:00',NULL),(792,7994,743,194370,40854,22,1,813,0.0000,0.0000,1,544998.21,0.00,0.00,0.00,0.00,0.00,0.00,0.00,0,'2023-11-09 09:53:54','2023-11-09 09:53:54',NULL),(793,7994,743,194370,40854,22,1,820,0.0000,0.0000,1,0.00,0.00,0.00,0.00,0.00,0.00,0.00,0.00,0,'2023-11-09 09:53:54','2023-11-09 09:53:54',NULL),(794,7994,743,194370,40854,22,1,814,0.0000,0.0000,1,0.00,0.00,0.00,0.00,0.00,0.00,0.00,0.00,0,'2023-11-09 09:53:54','2023-11-09 09:53:54',NULL),(798,7994,747,194371,40854,22,1,813,0.0000,0.0000,1,539506.57,0.00,0.00,0.00,0.00,0.00,0.00,0.00,0,'2023-11-09 10:04:05','2023-11-09 10:04:05',NULL),(799,7994,747,194371,40854,22,1,820,0.0000,0.0000,1,0.00,0.00,0.00,0.00,0.00,0.00,0.00,0.00,0,'2023-11-09 10:04:05','2023-11-09 10:04:05',NULL),(800,7994,747,194371,40854,22,1,814,0.0000,0.0000,1,0.00,0.00,0.00,0.00,0.00,0.00,0.00,0.00,0,'2023-11-09 10:04:05','2023-11-09 10:04:05',NULL),(804,7994,751,194372,40854,22,1,813,0.0000,0.0000,1,760303.04,0.00,0.00,0.00,0.00,0.00,0.00,0.00,0,'2023-11-09 10:07:28','2023-11-09 10:07:28',NULL),(805,7994,751,194372,40854,22,1,820,0.0000,0.0000,1,0.00,0.00,0.00,0.00,0.00,0.00,0.00,0.00,0,'2023-11-09 10:07:28','2023-11-09 10:07:28',NULL),(806,7994,751,194372,40854,22,1,814,0.0000,0.0000,1,0.00,0.00,0.00,0.00,0.00,0.00,0.00,0.00,0,'2023-11-09 10:07:28','2023-11-09 10:07:28',NULL),(810,7994,755,194373,40854,22,1,813,0.0000,0.0000,1,893179.50,0.00,0.00,0.00,0.00,0.00,0.00,0.00,0,'2023-11-09 10:12:35','2023-11-09 10:12:35',NULL),(811,7994,755,194373,40854,22,1,820,0.0000,0.0000,1,0.00,0.00,0.00,0.00,0.00,0.00,0.00,0.00,0,'2023-11-09 10:12:35','2023-11-09 10:12:35',NULL),(812,7994,755,194373,40854,22,1,814,0.0000,0.0000,1,0.00,0.00,0.00,0.00,0.00,0.00,0.00,0.00,0,'2023-11-09 10:12:35','2023-11-09 10:12:35',NULL),(815,7994,759,117023,40799,22,1,855,0.0000,0.0000,1,2848269.06,0.00,0.00,0.00,0.00,0.00,0.00,0.00,0,'2023-11-09 10:41:35','2023-11-09 10:41:35',NULL),(816,7994,759,117023,40799,22,1,497,0.0000,0.0000,1,0.00,0.00,0.00,0.00,0.00,0.00,0.00,0.00,0,'2023-11-09 10:41:35','2023-11-09 10:41:35',NULL),(819,7994,763,117024,40799,22,1,855,0.0000,0.0000,1,3236200.00,0.00,0.00,0.00,0.00,0.00,0.00,0.00,0,'2023-11-09 10:43:13','2023-11-09 10:43:13',NULL),(820,7994,763,117024,40799,22,1,497,0.0000,0.0000,1,0.00,0.00,0.00,0.00,0.00,0.00,0.00,0.00,0,'2023-11-09 10:43:13','2023-11-09 10:43:13',NULL),(823,7994,767,117025,40799,22,1,855,0.0000,0.0000,1,3529125.00,0.00,0.00,0.00,0.00,0.00,0.00,0.00,0,'2023-11-09 10:45:42','2023-11-09 10:45:42',NULL),(824,7994,767,117025,40799,22,1,497,0.0000,0.0000,1,0.00,0.00,0.00,0.00,0.00,0.00,0.00,0.00,0,'2023-11-09 10:45:42','2023-11-09 10:45:42',NULL),(827,7994,771,117026,40799,22,1,855,0.0000,0.0000,1,4507500.00,0.00,0.00,0.00,0.00,0.00,0.00,0.00,0,'2023-11-09 10:47:40','2023-11-09 10:47:40',NULL),(828,7994,771,117026,40799,22,1,497,0.0000,0.0000,1,0.00,0.00,0.00,0.00,0.00,0.00,0.00,0.00,0,'2023-11-09 10:47:41','2023-11-09 10:47:41',NULL),(833,7994,775,174611,40841,22,1,484,0.0000,0.0000,1,1741777.43,0.00,0.00,0.00,0.00,0.00,0.00,0.00,0,'2023-11-09 11:33:05','2023-11-09 11:33:05',NULL),(834,7994,775,174611,40841,22,1,638,0.0000,0.0000,1,0.00,0.00,0.00,0.00,0.00,0.00,0.00,0.00,0,'2023-11-09 11:33:05','2023-11-09 11:33:05',NULL),(835,7994,775,174611,40841,22,1,716,0.0000,0.0000,1,0.00,0.00,0.00,0.00,0.00,0.00,0.00,0.00,0,'2023-11-09 11:33:05','2023-11-09 11:33:05',NULL);
INSERT INTO `period_liquidation_details` VALUES (836,7994,775,174611,40841,22,1,820,0.0000,0.0000,1,0.00,0.00,0.00,0.00,0.00,0.00,0.00,0.00,0,'2023-11-09 11:33:05','2023-11-09 11:33:05',NULL),(841,7994,779,174612,40841,22,1,484,0.0000,0.0000,1,2105364.65,0.00,0.00,0.00,0.00,0.00,0.00,0.00,0,'2023-11-09 11:37:17','2023-11-09 11:37:17',NULL),(842,7994,779,174612,40841,22,1,638,0.0000,0.0000,1,0.00,0.00,0.00,0.00,0.00,0.00,0.00,0.00,0,'2023-11-09 11:37:17','2023-11-09 11:37:17',NULL),(843,7994,779,174612,40841,22,1,716,0.0000,0.0000,1,0.00,0.00,0.00,0.00,0.00,0.00,0.00,0.00,0,'2023-11-09 11:37:17','2023-11-09 11:37:17',NULL),(844,7994,779,174612,40841,22,1,820,0.0000,0.0000,1,0.00,0.00,0.00,0.00,0.00,0.00,0.00,0.00,0,'2023-11-09 11:37:17','2023-11-09 11:37:17',NULL),(845,7994,781,174613,40841,22,1,484,0.0000,0.0000,1,3284145.17,0.00,0.00,0.00,0.00,0.00,0.00,0.00,0,'2023-11-09 11:39:57','2023-11-09 11:39:57',NULL),(846,7994,781,174613,40841,22,1,638,0.0000,0.0000,1,0.00,0.00,0.00,0.00,0.00,0.00,0.00,0.00,0,'2023-11-09 11:39:57','2023-11-09 11:39:57',NULL),(847,7994,781,174613,40841,22,1,716,0.0000,0.0000,1,0.00,0.00,0.00,0.00,0.00,0.00,0.00,0.00,0,'2023-11-09 11:39:57','2023-11-09 11:39:57',NULL),(848,7994,781,174613,40841,22,1,820,0.0000,0.0000,1,0.00,0.00,0.00,0.00,0.00,0.00,0.00,0.00,0,'2023-11-09 11:39:57','2023-11-09 11:39:57',NULL),(853,7994,785,174614,40841,22,1,484,0.0000,0.0000,1,6782460.16,0.00,0.00,0.00,0.00,0.00,0.00,0.00,0,'2023-11-09 11:41:58','2023-11-09 11:41:58',NULL),(854,7994,785,174614,40841,22,1,638,0.0000,0.0000,1,0.00,0.00,0.00,0.00,0.00,0.00,0.00,0.00,0,'2023-11-09 11:41:58','2023-11-09 11:41:58',NULL),(855,7994,785,174614,40841,22,1,716,0.0000,0.0000,1,0.00,0.00,0.00,0.00,0.00,0.00,0.00,0.00,0,'2023-11-09 11:41:58','2023-11-09 11:41:58',NULL),(856,7994,785,174614,40841,22,1,820,0.0000,0.0000,1,0.00,0.00,0.00,0.00,0.00,0.00,0.00,0.00,0,'2023-11-09 11:41:58','2023-11-09 11:41:58',NULL),(861,7994,795,118541,40800,22,1,624,0.0000,0.0000,1,486398.90,0.00,0.00,0.00,0.00,0.00,0.00,0.00,0,'2023-11-10 10:33:34','2023-11-10 10:33:34',NULL),(862,7994,797,118542,40800,22,1,624,0.0000,0.0000,1,2535877.67,0.00,0.00,0.00,0.00,0.00,0.00,0.00,0,'2023-11-10 10:42:30','2023-11-10 10:42:30',NULL),(863,7994,799,118543,40800,22,1,624,0.0000,0.0000,1,3744882.31,0.00,0.00,0.00,0.00,0.00,0.00,0.00,0,'2023-11-10 10:44:07','2023-11-10 10:44:07',NULL),(864,7994,801,118544,40800,22,1,624,0.0000,0.0000,1,4183459.27,0.00,0.00,0.00,0.00,0.00,0.00,0.00,0,'2023-11-10 10:44:54','2023-11-10 10:44:54',NULL),(866,7994,805,3026,40722,22,1,614,0.0000,0.0000,1,668348.60,0.00,0.00,0.00,0.00,0.00,0.00,0.00,0,'2023-11-13 10:11:11','2023-11-13 10:11:11',NULL),(868,7994,809,3027,40722,22,1,614,0.0000,0.0000,1,68438.52,0.00,0.00,0.00,0.00,0.00,0.00,0.00,0,'2023-11-13 10:32:44','2023-11-13 10:32:44',NULL),(870,7994,813,3028,40722,22,1,614,0.0000,0.0000,1,396157.99,0.00,0.00,0.00,0.00,0.00,0.00,0.00,0,'2023-11-13 10:34:26','2023-11-13 10:34:26',NULL),(872,7994,817,3029,40722,22,1,614,0.0000,0.0000,1,61644.86,0.00,0.00,0.00,0.00,0.00,0.00,0.00,0,'2023-11-13 10:41:31','2023-11-13 10:41:31',NULL),(875,7994,821,189824,40851,22,1,705,0.0000,0.0000,1,1390039.39,0.00,0.00,0.00,0.00,0.00,0.00,0.00,0,'2023-11-14 10:15:56','2023-11-14 10:15:56',NULL),(876,7994,821,189824,40851,22,1,708,0.0000,0.0000,1,0.00,0.00,0.00,0.00,0.00,0.00,0.00,0.00,0,'2023-11-14 10:15:56','2023-11-14 10:15:56',NULL),(879,7994,825,189825,40851,22,1,705,0.0000,0.0000,1,1815368.95,0.00,0.00,0.00,0.00,0.00,0.00,0.00,0,'2023-11-14 10:20:55','2023-11-14 10:20:55',NULL),(880,7994,825,189825,40851,22,1,708,0.0000,0.0000,1,0.00,0.00,0.00,0.00,0.00,0.00,0.00,0.00,0,'2023-11-14 10:20:55','2023-11-14 10:20:55',NULL),(883,7994,829,189826,40851,22,1,705,0.0000,0.0000,1,1546208.65,0.00,0.00,0.00,0.00,0.00,0.00,0.00,0,'2023-11-14 10:28:32','2023-11-14 10:28:32',NULL),(884,7994,829,189826,40851,22,1,708,0.0000,0.0000,1,0.00,0.00,0.00,0.00,0.00,0.00,0.00,0.00,0,'2023-11-14 10:28:32','2023-11-14 10:28:32',NULL);
INSERT INTO `period_liquidation_details` VALUES (887,7994,833,189827,40851,22,1,705,0.0000,0.0000,1,1865096.51,0.00,0.00,0.00,0.00,0.00,0.00,0.00,0,'2023-11-14 10:37:28','2023-11-14 10:37:28',NULL),(888,7994,833,189827,40851,22,1,708,0.0000,0.0000,1,0.00,0.00,0.00,0.00,0.00,0.00,0.00,0.00,0,'2023-11-14 10:37:28','2023-11-14 10:37:28',NULL),(891,7994,837,10621,40728,23,1,612,0.0000,0.0000,1,1452330.70,0.00,0.00,0.00,0.00,0.00,0.00,0.00,0,'2023-11-14 10:56:35','2023-11-14 10:56:35',NULL),(892,7994,837,10621,40728,22,1,612,0.0000,0.0000,1,1452330.70,0.00,0.00,0.00,0.00,0.00,0.00,0.00,0,'2023-11-14 10:56:35','2023-11-14 10:56:35',NULL),(895,7994,841,10622,40728,23,1,612,0.0000,0.0000,1,1523337.90,0.00,0.00,0.00,0.00,0.00,0.00,0.00,0,'2023-11-14 11:00:53','2023-11-14 11:00:53',NULL),(896,7994,841,10622,40728,22,1,612,0.0000,0.0000,1,1523337.90,0.00,0.00,0.00,0.00,0.00,0.00,0.00,0,'2023-11-14 11:00:53','2023-11-14 11:00:53',NULL),(899,7994,845,10623,40728,23,1,612,0.0000,0.0000,1,1542206.70,0.00,0.00,0.00,0.00,0.00,0.00,0.00,0,'2023-11-14 11:03:11','2023-11-14 11:03:11',NULL),(900,7994,845,10623,40728,22,1,612,0.0000,0.0000,1,1542206.70,0.00,0.00,0.00,0.00,0.00,0.00,0.00,0,'2023-11-14 11:03:11','2023-11-14 11:03:11',NULL),(903,7994,849,10624,40728,23,1,612,0.0000,0.0000,1,1108347.20,0.00,0.00,0.00,0.00,0.00,0.00,0.00,0,'2023-11-14 11:04:55','2023-11-14 11:04:55',NULL),(904,7994,849,10624,40728,22,1,612,0.0000,0.0000,1,1108347.20,0.00,0.00,0.00,0.00,0.00,0.00,0.00,0,'2023-11-14 11:04:55','2023-11-14 11:04:55',NULL),(910,7994,853,177647,40843,22,1,906,0.0000,0.0000,1,1975000.00,0.00,0.00,0.00,0.00,0.00,0.00,0.00,0,'2023-11-14 12:07:29','2023-11-14 12:07:29',NULL),(911,7994,853,177647,40843,22,1,902,0.0000,0.0000,1,0.00,0.00,0.00,0.00,0.00,0.00,0.00,0.00,0,'2023-11-14 12:07:29','2023-11-14 12:07:29',NULL),(912,7994,853,177647,40843,22,1,904,0.0000,0.0000,1,0.00,0.00,0.00,0.00,0.00,0.00,0.00,0.00,0,'2023-11-14 12:07:29','2023-11-14 12:07:29',NULL),(913,7994,853,177647,40843,22,1,720,0.0000,0.0000,1,0.00,0.00,0.00,0.00,0.00,0.00,0.00,0.00,0,'2023-11-14 12:07:29','2023-11-14 12:07:29',NULL),(914,7994,853,177647,40843,22,1,721,0.0000,0.0000,1,0.00,0.00,0.00,0.00,0.00,0.00,0.00,0.00,0,'2023-11-14 12:07:29','2023-11-14 12:07:29',NULL),(920,7994,857,177648,40843,22,1,906,0.0000,0.0000,1,1150000.00,0.00,0.00,0.00,0.00,0.00,0.00,0.00,0,'2023-11-14 12:12:00','2023-11-14 12:12:00',NULL),(921,7994,857,177648,40843,22,1,902,0.0000,0.0000,1,0.00,0.00,0.00,0.00,0.00,0.00,0.00,0.00,0,'2023-11-14 12:12:00','2023-11-14 12:12:00',NULL),(922,7994,857,177648,40843,22,1,904,0.0000,0.0000,1,0.00,0.00,0.00,0.00,0.00,0.00,0.00,0.00,0,'2023-11-14 12:12:00','2023-11-14 12:12:00',NULL),(923,7994,857,177648,40843,22,1,720,0.0000,0.0000,1,0.00,0.00,0.00,0.00,0.00,0.00,0.00,0.00,0,'2023-11-14 12:12:00','2023-11-14 12:12:00',NULL),(924,7994,857,177648,40843,22,1,721,0.0000,0.0000,1,0.00,0.00,0.00,0.00,0.00,0.00,0.00,0.00,0,'2023-11-14 12:12:00','2023-11-14 12:12:00',NULL),(930,7994,861,177649,40843,22,1,906,0.0000,0.0000,1,576000.00,0.00,0.00,0.00,0.00,0.00,0.00,0.00,0,'2023-11-14 12:13:35','2023-11-14 12:13:35',NULL),(931,7994,861,177649,40843,22,1,902,0.0000,0.0000,1,0.00,0.00,0.00,0.00,0.00,0.00,0.00,0.00,0,'2023-11-14 12:13:35','2023-11-14 12:13:35',NULL),(932,7994,861,177649,40843,22,1,904,0.0000,0.0000,1,0.00,0.00,0.00,0.00,0.00,0.00,0.00,0.00,0,'2023-11-14 12:13:35','2023-11-14 12:13:35',NULL),(933,7994,861,177649,40843,22,1,720,0.0000,0.0000,1,0.00,0.00,0.00,0.00,0.00,0.00,0.00,0.00,0,'2023-11-14 12:13:35','2023-11-14 12:13:35',NULL),(934,7994,861,177649,40843,22,1,721,0.0000,0.0000,1,0.00,0.00,0.00,0.00,0.00,0.00,0.00,0.00,0,'2023-11-14 12:13:35','2023-11-14 12:13:35',NULL),(940,7994,865,177650,40843,22,1,906,0.0000,0.0000,1,1836964.00,0.00,0.00,0.00,0.00,0.00,0.00,0.00,0,'2023-11-14 12:18:23','2023-11-14 12:18:23',NULL),(941,7994,865,177650,40843,22,1,902,0.0000,0.0000,1,0.00,0.00,0.00,0.00,0.00,0.00,0.00,0.00,0,'2023-11-14 12:18:23','2023-11-14 12:18:23',NULL);
INSERT INTO `period_liquidation_details` VALUES (942,7994,865,177650,40843,22,1,904,0.0000,0.0000,1,0.00,0.00,0.00,0.00,0.00,0.00,0.00,0.00,0,'2023-11-14 12:18:23','2023-11-14 12:18:23',NULL),(943,7994,865,177650,40843,22,1,720,0.0000,0.0000,1,0.00,0.00,0.00,0.00,0.00,0.00,0.00,0.00,0,'2023-11-14 12:18:23','2023-11-14 12:18:23',NULL),(944,7994,865,177650,40843,22,1,721,0.0000,0.0000,1,0.00,0.00,0.00,0.00,0.00,0.00,0.00,0.00,0,'2023-11-14 12:18:23','2023-11-14 12:18:23',NULL),(950,7994,869,177651,40843,22,1,906,0.0000,0.0000,1,0.00,0.00,0.00,0.00,0.00,0.00,0.00,0.00,0,'2023-11-14 12:21:47','2023-11-14 12:21:47',NULL),(951,7994,869,177651,40843,22,1,902,0.0000,0.0000,1,0.00,0.00,0.00,0.00,0.00,0.00,0.00,0.00,0,'2023-11-14 12:21:47','2023-11-14 12:21:47',NULL),(952,7994,869,177651,40843,22,1,904,0.0000,0.0000,1,0.00,0.00,0.00,0.00,0.00,0.00,0.00,0.00,0,'2023-11-14 12:21:47','2023-11-14 12:21:47',NULL),(953,7994,869,177651,40843,22,1,720,0.0000,0.0000,1,0.00,0.00,0.00,0.00,0.00,0.00,0.00,0.00,0,'2023-11-14 12:21:47','2023-11-14 12:21:47',NULL),(954,7994,869,177651,40843,22,1,721,0.0000,0.0000,1,0.00,0.00,0.00,0.00,0.00,0.00,0.00,0.00,0,'2023-11-14 12:21:47','2023-11-14 12:21:47',NULL),(957,7994,873,115513,40798,22,1,741,0.0000,0.0000,1,0.00,0.00,0.00,0.00,0.00,0.00,0.00,0.00,0,'2023-11-15 10:45:53','2023-11-15 10:45:53',NULL),(958,7994,873,115513,40798,22,1,585,0.0000,0.0000,1,0.00,0.00,0.00,0.00,0.00,0.00,0.00,0.00,0,'2023-11-15 10:45:53','2023-11-15 10:45:53',NULL),(961,7994,877,115514,40798,22,1,741,0.0000,0.0000,1,0.00,0.00,0.00,0.00,0.00,0.00,0.00,0.00,0,'2023-11-15 10:49:40','2023-11-15 10:49:40',NULL),(962,7994,877,115514,40798,22,1,585,0.0000,0.0000,1,0.00,0.00,0.00,0.00,0.00,0.00,0.00,0.00,0,'2023-11-15 10:49:40','2023-11-15 10:49:40',NULL),(963,NULL,879,113998,40797,22,1,584,0.0000,0.0000,1,72603189.31,0.00,0.00,0.00,0.00,0.00,0.00,0.00,0,'2023-11-15 11:40:51','2023-11-15 11:40:51',NULL),(964,NULL,879,113998,40797,22,1,739,0.0000,0.0000,1,0.00,0.00,0.00,0.00,0.00,0.00,0.00,0.00,0,'2023-11-15 11:40:51','2023-11-15 11:40:51',NULL),(965,NULL,881,113999,40797,22,1,584,0.0000,0.0000,1,57795620.42,0.00,0.00,0.00,0.00,0.00,0.00,0.00,0,'2023-11-15 11:41:39','2023-11-15 11:41:39',NULL),(966,NULL,881,113999,40797,22,1,739,0.0000,0.0000,1,0.00,0.00,0.00,0.00,0.00,0.00,0.00,0.00,0,'2023-11-15 11:41:39','2023-11-15 11:41:39',NULL),(968,7994,885,195886,40855,22,1,710,0.0000,0.0000,1,952818.06,0.00,0.00,0.00,0.00,0.00,0.00,0.00,0,'2023-11-16 10:48:33','2023-11-16 10:48:33',NULL),(969,7994,887,195887,40855,22,1,710,0.0000,0.0000,1,0.00,0.00,0.00,0.00,0.00,0.00,0.00,0.00,0,'2023-11-16 10:53:20','2023-11-16 10:53:20',NULL),(971,7994,891,195888,40855,22,1,710,0.0000,0.0000,1,853582.83,0.00,0.00,0.00,0.00,0.00,0.00,0.00,0,'2023-11-16 10:55:39','2023-11-16 10:55:39',NULL),(973,7994,895,195889,40855,22,1,710,0.0000,0.0000,1,1111677.96,0.00,0.00,0.00,0.00,0.00,0.00,0.00,0,'2023-11-16 10:58:31','2023-11-16 10:58:31',NULL),(976,7994,899,9091,40727,23,1,573,0.0000,0.0000,1,4621008.10,0.00,0.00,0.00,0.00,0.00,0.00,0.00,0,'2023-11-16 12:14:40','2023-11-16 12:14:40',NULL),(977,7994,899,9091,40727,23,1,572,0.0000,0.0000,1,0.00,0.00,0.00,0.00,0.00,0.00,0.00,0.00,0,'2023-11-16 12:14:40','2023-11-16 12:14:40',NULL),(980,7994,903,9092,40727,23,1,573,0.0000,0.0000,1,779247.97,0.00,0.00,0.00,0.00,0.00,0.00,0.00,0,'2023-11-16 12:21:24','2023-11-16 12:21:24',NULL),(981,7994,903,9092,40727,23,1,572,0.0000,0.0000,1,0.00,0.00,0.00,0.00,0.00,0.00,0.00,0.00,0,'2023-11-16 12:21:24','2023-11-16 12:21:24',NULL),(984,7994,907,9093,40727,23,1,573,0.0000,0.0000,1,1499603.35,0.00,0.00,0.00,0.00,0.00,0.00,0.00,0,'2023-11-16 12:25:17','2023-11-16 12:25:17',NULL),(985,7994,907,9093,40727,23,1,572,0.0000,0.0000,1,0.00,0.00,0.00,0.00,0.00,0.00,0.00,0.00,0,'2023-11-16 12:25:17','2023-11-16 12:25:17',NULL),(988,7994,911,9094,40727,23,1,573,0.0000,0.0000,1,3167719.01,0.00,0.00,0.00,0.00,0.00,0.00,0.00,0,'2023-11-16 12:26:46','2023-11-16 12:26:46',NULL);
INSERT INTO `period_liquidation_details` VALUES (989,7994,911,9094,40727,23,1,572,0.0000,0.0000,1,0.00,0.00,0.00,0.00,0.00,0.00,0.00,0.00,0,'2023-11-16 12:26:46','2023-11-16 12:26:46',NULL),(992,7994,915,191339,40852,22,1,614,0.0000,0.0000,1,0.00,0.00,0.00,0.00,0.00,0.00,0.00,0.00,0,'2023-11-18 11:36:43','2023-11-18 11:36:43',NULL),(993,7994,915,191339,40852,22,1,618,0.0000,0.0000,1,0.00,0.00,0.00,0.00,0.00,0.00,0.00,0.00,0,'2023-11-18 11:36:43','2023-11-18 11:36:43',NULL),(996,7994,919,191340,40852,22,1,614,0.0000,0.0000,1,1434876.08,0.00,0.00,0.00,0.00,0.00,0.00,0.00,0,'2023-11-18 11:39:41','2023-11-18 11:39:41',NULL),(997,7994,919,191340,40852,22,1,618,0.0000,0.0000,1,0.00,0.00,0.00,0.00,0.00,0.00,0.00,0.00,0,'2023-11-18 11:39:41','2023-11-18 11:39:41',NULL),(1000,7994,923,191341,40852,22,1,614,0.0000,0.0000,1,0.00,0.00,0.00,0.00,0.00,0.00,0.00,0.00,0,'2023-11-18 11:45:52','2023-11-18 11:45:52',NULL),(1001,7994,923,191341,40852,22,1,618,0.0000,0.0000,1,0.00,0.00,0.00,0.00,0.00,0.00,0.00,0.00,0,'2023-11-18 11:45:52','2023-11-18 11:45:52',NULL),(1004,7994,927,191342,40852,22,1,614,0.0000,0.0000,1,2010202.74,0.00,0.00,0.00,0.00,0.00,0.00,0.00,0,'2023-11-18 11:47:07','2023-11-18 11:47:07',NULL),(1005,7994,927,191342,40852,22,1,618,0.0000,0.0000,1,0.00,0.00,0.00,0.00,0.00,0.00,0.00,0.00,0,'2023-11-18 11:47:07','2023-11-18 11:47:07',NULL),(1007,7994,931,4529,40723,22,1,361,0.0000,0.0000,1,1491489.19,0.00,0.00,0.00,0.00,0.00,0.00,0.00,0,'2023-11-18 12:08:38','2023-11-18 12:08:38',NULL),(1009,7994,935,4530,40723,22,1,361,0.0000,0.0000,1,1501625.92,0.00,0.00,0.00,0.00,0.00,0.00,0.00,0,'2023-11-18 12:11:16','2023-11-18 12:11:16',NULL),(1011,7994,939,4531,40723,22,1,361,0.0000,0.0000,1,1225230.44,0.00,0.00,0.00,0.00,0.00,0.00,0.00,0,'2023-11-18 12:13:53','2023-11-18 12:13:53',NULL),(1013,7994,943,4532,40723,22,1,361,0.0000,0.0000,1,1397455.52,0.00,0.00,0.00,0.00,0.00,0.00,0.00,0,'2023-11-18 12:15:06','2023-11-18 12:15:06',NULL),(1015,7994,947,176126,40842,23,1,591,0.0000,0.0000,1,2270781.53,0.00,0.00,0.00,0.00,0.00,0.00,0.00,0,'2023-11-24 13:34:03','2023-11-24 13:34:03',NULL),(1017,7994,951,176127,40842,23,1,591,0.0000,0.0000,1,3059555.57,0.00,0.00,0.00,0.00,0.00,0.00,0.00,0,'2023-11-24 13:35:39','2023-11-24 13:35:39',NULL),(1019,7994,955,176128,40842,23,1,591,0.0000,0.0000,1,3499731.65,0.00,0.00,0.00,0.00,0.00,0.00,0.00,0,'2023-11-24 13:37:38','2023-11-24 13:37:38',NULL),(1021,7994,959,176129,40842,23,1,591,0.0000,0.0000,1,3438805.18,0.00,0.00,0.00,0.00,0.00,0.00,0.00,0,'2023-11-24 13:39:18','2023-11-24 13:39:18',NULL),(1028,7975,967,189828,40851,22,1,705,0.0000,0.0000,1,2068311.27,0.00,0.00,0.00,0.00,0.00,0.00,0.00,0,'2024-05-27 15:52:52','2024-05-27 15:52:52',NULL),(1029,7975,967,189828,40851,22,1,708,0.0000,0.0000,1,0.00,0.00,0.00,0.00,0.00,0.00,0.00,0.00,0,'2024-05-27 15:52:52','2024-05-27 15:52:52',NULL),(1030,7975,969,189829,40851,22,1,705,0.0000,0.0000,1,2770748.78,0.00,0.00,0.00,0.00,0.00,0.00,0.00,0,'2024-05-27 15:53:48','2024-05-27 15:53:48',NULL),(1031,7975,969,189829,40851,22,1,708,0.0000,0.0000,1,0.00,0.00,0.00,0.00,0.00,0.00,0.00,0.00,0,'2024-05-27 15:53:48','2024-05-27 15:53:48',NULL),(1032,7975,971,189830,40851,22,1,705,0.0000,0.0000,1,3487785.48,0.00,0.00,0.00,0.00,0.00,0.00,0.00,0,'2024-05-27 15:54:45','2024-05-27 15:54:45',NULL),(1033,7975,971,189830,40851,22,1,708,0.0000,0.0000,1,0.00,0.00,0.00,0.00,0.00,0.00,0.00,0.00,0,'2024-05-27 15:54:45','2024-05-27 15:54:45',NULL),(1036,7975,977,189812,40851,22,1,705,0.0000,0.0000,1,0.00,0.00,0.00,0.00,0.00,0.00,0.00,0.00,0,'2024-05-29 17:42:00','2024-05-29 17:42:00',NULL),(1037,7975,977,189812,40851,22,1,708,0.0000,0.0000,1,0.00,0.00,0.00,0.00,0.00,0.00,0.00,0.00,0,'2024-05-29 17:42:00','2024-05-29 17:42:00',NULL);

--
