-- Table structure for table `blogs`
--

CREATE TABLE `blogs` (
  `id` int(10) unsigned NOT NULL AUTO_INCREMENT,
  `user_id` int(10) unsigned DEFAULT NULL,
  `fecha` date NOT NULL,
  `file` varchar(191) COLLATE utf8mb4_unicode_ci DEFAULT NULL,
  `blogs_categoria_id` int(10) unsigned NOT NULL,
  `blogs_categoria_sub_id` int(10) unsigned NOT NULL,
  `path` varchar(191) COLLATE utf8mb4_unicode_ci NOT NULL,
  `titulo` varchar(191) COLLATE utf8mb4_unicode_ci NOT NULL,
  `contenido` longtext COLLATE utf8mb4_unicode_ci NOT NULL,
  `autor` varchar(191) COLLATE utf8mb4_unicode_ci NOT NULL,
  `publicar` tinyint(1) NOT NULL DEFAULT '0',
  `created_at` timestamp NULL DEFAULT NULL,
  `updated_at` timestamp NULL DEFAULT NULL,
  `deleted_at` timestamp NULL DEFAULT NULL,
  PRIMARY KEY (`id`),
  KEY `blogs_blogs_categoria_id_foreign` (`blogs_categoria_id`),
  KEY `blogs_blogs_categoria_sub_id_foreign` (`blogs_categoria_sub_id`),
  CONSTRAINT `blogs_blogs_categoria_id_foreign` FOREIGN KEY (`blogs_categoria_id`) REFERENCES `blogs_categorias` (`id`),
  CONSTRAINT `blogs_blogs_categoria_sub_id_foreign` FOREIGN KEY (`blogs_categoria_sub_id`) REFERENCES `blogs_categorias_sub` (`id`)
) ENGINE=InnoDB DEFAULT CHARSET=utf8mb4 COLLATE=utf8mb4_unicode_ci;

--
-- Dumping data for table `blogs`
--


--
-- Table structure for table `blogs_categorias`
--

CREATE TABLE `blogs_categorias` (
  `id` int(10) unsigned NOT NULL AUTO_INCREMENT,
  `user_id` int(10) unsigned DEFAULT NULL,
  `descripcion` varchar(191) COLLATE utf8mb4_unicode_ci DEFAULT NULL,
  `created_at` timestamp NULL DEFAULT NULL,
  `updated_at` timestamp NULL DEFAULT NULL,
  `deleted_at` timestamp NULL DEFAULT NULL,
  PRIMARY KEY (`id`)
) ENGINE=InnoDB DEFAULT CHARSET=utf8mb4 COLLATE=utf8mb4_unicode_ci;

--
-- Dumping data for table `blogs_categorias`
--


--
-- Table structure for table `blogs_categorias_sub`
--

CREATE TABLE `blogs_categorias_sub` (
  `id` int(10) unsigned NOT NULL AUTO_INCREMENT,
  `user_id` int(10) unsigned DEFAULT NULL,
  `blogs_categoria_id` int(10) unsigned NOT NULL,
  `descripcion` varchar(191) COLLATE utf8mb4_unicode_ci NOT NULL,
  `created_at` timestamp NULL DEFAULT NULL,
  `updated_at` timestamp NULL DEFAULT NULL,
  `deleted_at` timestamp NULL DEFAULT NULL,
  PRIMARY KEY (`id`),
  KEY `blogs_categorias_sub_blogs_categoria_id_foreign` (`blogs_categoria_id`),
  CONSTRAINT `blogs_categorias_sub_blogs_categoria_id_foreign` FOREIGN KEY (`blogs_categoria_id`) REFERENCES `blogs_categorias` (`id`)
) ENGINE=InnoDB DEFAULT CHARSET=utf8mb4 COLLATE=utf8mb4_unicode_ci;

--
-- Dumping data for table `blogs_categorias_sub`
--


--
-- Table structure for table `bs_per_alicuotas`
--

CREATE TABLE `bs_per_alicuotas` (
  `id` int(10) unsigned NOT NULL AUTO_INCREMENT,
  `anio` int(10) unsigned NOT NULL,
  `min_no_imponible` decimal(16,2) NOT NULL DEFAULT '0.00',
  `desde` decimal(16,2) NOT NULL DEFAULT '0.00',
  `hasta` decimal(16,2) NOT NULL DEFAULT '0.00',
  `impuesto` decimal(16,2) NOT NULL DEFAULT '0.00',
  `mas_porcentaje` decimal(16,4) NOT NULL DEFAULT '0.0000',
  `excedente` decimal(16,2) NOT NULL DEFAULT '0.00',
  `created_at` timestamp NULL DEFAULT NULL,
  `updated_at` timestamp NULL DEFAULT NULL,
  `deleted_at` timestamp NULL DEFAULT NULL,
  PRIMARY KEY (`id`)
) ENGINE=InnoDB AUTO_INCREMENT=21 DEFAULT CHARSET=utf8mb4 COLLATE=utf8mb4_unicode_ci;

--
-- Dumping data for table `bs_per_alicuotas`
--

INSERT INTO `bs_per_alicuotas` VALUES (1,2017,950000.00,0.00,999999999.99,0.00,0.0050,950000.00,'2019-11-19 21:09:50','2019-11-19 21:09:50',NULL),(2,2018,1050000.00,0.00,999999999.99,0.00,0.0025,1050000.00,'2019-11-19 21:09:50','2019-11-19 21:09:50',NULL),(3,2019,2000000.00,0.00,3000000.00,0.00,0.0050,0.00,'2019-11-19 21:09:50','2022-08-27 17:46:23',NULL),(4,2019,2000000.00,3000000.00,6500000.00,15000.00,0.0075,3000000.00,'2019-11-19 21:09:50','2022-08-27 17:46:23',NULL),(5,2019,2000000.00,6500000.00,18000000.00,41250.00,0.0100,6500000.00,'2019-11-19 21:09:50','2022-08-27 17:46:23',NULL),(6,2019,2000000.00,18000000.00,999999999.99,156250.00,0.0125,18000000.00,'2022-08-27 17:46:23','2022-08-27 17:46:23',NULL),(7,2020,2000000.00,0.00,3000000.00,0.00,0.0050,0.00,'2022-08-27 17:46:29','2022-08-27 17:46:29',NULL),(8,2020,2000000.00,3000000.00,6500000.00,15000.00,0.0075,3000000.00,'2022-08-27 17:46:29','2022-08-27 17:46:29',NULL),(9,2020,2000000.00,6500000.00,18000000.00,41250.00,0.0100,6500000.00,'2022-08-27 17:46:29','2022-08-27 17:46:29',NULL),(10,2020,2000000.00,18000000.00,999999999.99,156250.00,0.0125,18000000.00,'2022-08-27 17:46:29','2022-08-27 17:46:29',NULL),(11,2021,6000000.00,0.00,3000000.00,0.00,0.0050,0.00,'2022-08-27 17:46:37','2022-08-27 17:46:37',NULL),(12,2021,6000000.00,3000000.00,6500000.00,15000.00,0.0075,3000000.00,'2022-08-27 17:46:37','2022-08-27 17:46:37',NULL),(13,2021,6000000.00,6500000.00,18000000.00,41250.00,0.0100,6500000.00,'2022-08-27 17:46:37','2022-08-27 17:46:37',NULL),(14,2021,6000000.00,18000000.00,999999999.99,156250.00,0.0125,18000000.00,'2022-08-27 17:46:37','2022-08-27 17:46:37',NULL),(15,2022,11282141.08,0.00,5641070.54,0.00,0.0050,0.00,'2023-05-30 15:04:17','2023-05-30 15:04:17',NULL),(16,2022,11282141.08,5641070.54,12222319.51,28205.35,0.0075,5641070.54,'2023-05-30 15:04:17','2023-05-30 15:04:17',NULL),(17,2022,11282141.08,12222319.51,33846423.25,77564.72,0.0100,12222319.51,'2023-05-30 15:04:17','2023-05-30 15:04:17',NULL),(18,2022,11282141.08,33846423.25,188035684.71,293802.76,0.0125,33846423.25,'2023-05-30 15:04:17','2023-05-30 15:04:17',NULL),(19,2022,11282141.08,188035684.71,564107054.14,2221171.53,0.0150,188035684.71,'2023-05-30 15:04:17','2023-05-30 15:04:17',NULL),(20,2022,11282141.08,564107054.14,999999999999.00,7682242.07,0.0175,564107054.14,'2023-05-30 15:04:17','2023-05-30 15:04:17',NULL);

--
-- Table structure for table `bs_per_ddjjs`
--

CREATE TABLE `bs_per_ddjjs` (
  `id` int(10) unsigned NOT NULL AUTO_INCREMENT,
  `user_id` int(10) unsigned DEFAULT NULL,
  `anio` int(10) unsigned NOT NULL,
  `person_id` int(10) unsigned NOT NULL,
  `total_bienes_gravados` decimal(16,2) NOT NULL DEFAULT '0.00',
  `total_bienes_exentos` decimal(16,2) NOT NULL DEFAULT '0.00',
  `min_no_imponible` decimal(16,2) NOT NULL DEFAULT '0.00',
  `base_imponible` decimal(16,2) NOT NULL DEFAULT '0.00',
  `impuesto_determinado` decimal(16,2) NOT NULL DEFAULT '0.00',
  `saldo_a_pagar` decimal(16,2) NOT NULL DEFAULT '0.00',
  `saldo_a_favor` decimal(16,2) NOT NULL DEFAULT '0.00',
  `comentario` varchar(191) COLLATE utf8mb4_unicode_ci DEFAULT NULL,
  `created_at` timestamp NULL DEFAULT NULL,
  `updated_at` timestamp NULL DEFAULT NULL,
  `deleted_at` timestamp NULL DEFAULT NULL,
  PRIMARY KEY (`id`),
  KEY `bs_per_ddjjs_person_id_foreign` (`person_id`),
  CONSTRAINT `bs_per_ddjjs_person_id_foreign` FOREIGN KEY (`person_id`) REFERENCES `persons` (`id`)
) ENGINE=InnoDB DEFAULT CHARSET=utf8mb4 COLLATE=utf8mb4_unicode_ci;

--
-- Dumping data for table `bs_per_ddjjs`
--


--
-- Table structure for table `bs_pers_conceptos`
--

CREATE TABLE `bs_pers_conceptos` (
  `id` int(10) unsigned NOT NULL AUTO_INCREMENT,
  `nombre` varchar(191) COLLATE utf8mb4_unicode_ci NOT NULL,
  `status` tinyint(1) NOT NULL DEFAULT '1',
  `created_at` timestamp NULL DEFAULT NULL,
  `updated_at` timestamp NULL DEFAULT NULL,
  `deleted_at` timestamp NULL DEFAULT NULL,
  PRIMARY KEY (`id`)
) ENGINE=InnoDB AUTO_INCREMENT=12 DEFAULT CHARSET=utf8mb4 COLLATE=utf8mb4_unicode_ci;

--
-- Dumping data for table `bs_pers_conceptos`
--

INSERT INTO `bs_pers_conceptos` VALUES (1,'Inmuebles',1,'2019-11-19 21:09:50','2019-11-19 21:09:50',NULL),(2,'Derechos Reales',1,'2019-11-19 21:09:50','2019-11-19 21:09:50',NULL),(3,'Naves y Aeronaves',1,'2019-11-19 21:09:50','2019-11-19 21:09:50',NULL),(4,'Automotores y otros rodados',1,'2019-11-19 21:09:50','2019-11-19 21:09:50',NULL),(5,'Dinero y depósitos en dinero',1,'2019-11-19 21:09:50','2019-11-19 21:09:50',NULL),(6,'Títulos, acciones, cuotas o participaciones sociales y otros títulos valores',1,'2019-11-19 21:09:50','2019-11-19 21:09:50',NULL),(7,'Patrimonio de empresas o explotaciones unipersonales',1,'2019-11-19 21:09:50','2019-11-19 21:09:50',NULL),(8,'Créditos y debentures',1,'2019-11-19 21:09:50','2019-11-19 21:09:50',NULL),(9,'Derechos de propiedad científica, literaria o artística, marcas, patentes y sus licencias',1,'2019-11-19 21:09:50','2019-11-19 21:09:50',NULL),(10,'Otros Bienes (incluye semovientes, antigüedades, objetos de colección, objetos de arte, ...)',1,'2019-11-19 21:09:50','2019-11-19 21:09:50',NULL),(11,'Objetos Personales y del Hogar',1,'2019-11-19 21:09:50','2019-11-19 21:09:50',NULL);

--
-- Table structure for table `bs_pers_detail_anticipos`
--

CREATE TABLE `bs_pers_detail_anticipos` (
  `id` int(10) unsigned NOT NULL AUTO_INCREMENT,
  `bs_per_ddjj_id` int(10) unsigned NOT NULL,
  `person_id` int(10) unsigned NOT NULL,
  `ganan_concepto_anticipo_id` int(10) unsigned NOT NULL,
  `importe` decimal(16,2) NOT NULL DEFAULT '0.00',
  `created_at` timestamp NULL DEFAULT NULL,
  `updated_at` timestamp NULL DEFAULT NULL,
  `deleted_at` timestamp NULL DEFAULT NULL,
  PRIMARY KEY (`id`),
  KEY `bs_pers_detail_anticipos_bs_per_ddjj_id_foreign` (`bs_per_ddjj_id`),
  KEY `bs_pers_detail_anticipos_person_id_foreign` (`person_id`),
  KEY `bs_pers_detail_anticipos_ganan_concepto_anticipo_id_foreign` (`ganan_concepto_anticipo_id`),
  CONSTRAINT `bs_pers_detail_anticipos_bs_per_ddjj_id_foreign` FOREIGN KEY (`bs_per_ddjj_id`) REFERENCES `bs_per_ddjjs` (`id`),
  CONSTRAINT `bs_pers_detail_anticipos_ganan_concepto_anticipo_id_foreign` FOREIGN KEY (`ganan_concepto_anticipo_id`) REFERENCES `ganan_conceptos_anticipos` (`id`),
  CONSTRAINT `bs_pers_detail_anticipos_person_id_foreign` FOREIGN KEY (`person_id`) REFERENCES `persons` (`id`)
) ENGINE=InnoDB DEFAULT CHARSET=utf8mb4 COLLATE=utf8mb4_unicode_ci;

--
-- Dumping data for table `bs_pers_detail_anticipos`
--


--
-- Table structure for table `bs_pers_detail_bienes`
--

CREATE TABLE `bs_pers_detail_bienes` (
  `id` int(10) unsigned NOT NULL AUTO_INCREMENT,
  `bs_per_ddjj_id` int(10) unsigned NOT NULL,
  `person_id` int(10) unsigned NOT NULL,
  `bs_pers_concepto_id` int(10) unsigned NOT NULL,
  `concepto` varchar(191) COLLATE utf8mb4_unicode_ci DEFAULT NULL,
  `importe_gravado` decimal(16,2) NOT NULL DEFAULT '0.00',
  `importe_exento` decimal(16,2) NOT NULL DEFAULT '0.00',
  `comentario` varchar(191) COLLATE utf8mb4_unicode_ci DEFAULT NULL,
  `created_at` timestamp NULL DEFAULT NULL,
  `updated_at` timestamp NULL DEFAULT NULL,
  `deleted_at` timestamp NULL DEFAULT NULL,
  PRIMARY KEY (`id`),
  KEY `bs_pers_detail_bienes_bs_per_ddjj_id_foreign` (`bs_per_ddjj_id`),
  KEY `bs_pers_detail_bienes_person_id_foreign` (`person_id`),
  KEY `bs_pers_detail_bienes_bs_pers_concepto_id_foreign` (`bs_pers_concepto_id`),
  CONSTRAINT `bs_pers_detail_bienes_bs_per_ddjj_id_foreign` FOREIGN KEY (`bs_per_ddjj_id`) REFERENCES `bs_per_ddjjs` (`id`),
  CONSTRAINT `bs_pers_detail_bienes_bs_pers_concepto_id_foreign` FOREIGN KEY (`bs_pers_concepto_id`) REFERENCES `bs_pers_conceptos` (`id`),
  CONSTRAINT `bs_pers_detail_bienes_person_id_foreign` FOREIGN KEY (`person_id`) REFERENCES `persons` (`id`)
) ENGINE=InnoDB DEFAULT CHARSET=utf8mb4 COLLATE=utf8mb4_unicode_ci;

--
-- Dumping data for table `bs_pers_detail_bienes`
--


--
-- Table structure for table `calendar`
--

CREATE TABLE `calendar` (
  `id` bigint(20) unsigned NOT NULL AUTO_INCREMENT,
  `user_id` int(10) unsigned DEFAULT NULL,
  `person_id` int(10) unsigned NOT NULL,
  `person_id_relationed` int(10) unsigned DEFAULT NULL,
  `ws_telefono_id` bigint(20) unsigned DEFAULT NULL,
  `title` longtext COLLATE utf8mb4_unicode_ci,
  `descripcion` longtext COLLATE utf8mb4_unicode_ci,
  `descripcion_text` longtext COLLATE utf8mb4_unicode_ci,
  `url` text COLLATE utf8mb4_unicode_ci,
  `start` datetime DEFAULT NULL,
  `startEditable` tinyint(1) NOT NULL DEFAULT '1',
  `startStr` text COLLATE utf8mb4_unicode_ci,
  `end` datetime DEFAULT NULL,
  `endStr` text COLLATE utf8mb4_unicode_ci,
  `allDay` tinyint(1) NOT NULL DEFAULT '1',
  `allow` tinyint(1) DEFAULT NULL,
  `backgroundColor` text COLLATE utf8mb4_unicode_ci,
  `borderColor` text COLLATE utf8mb4_unicode_ci,
  `classNames` longtext COLLATE utf8mb4_unicode_ci,
  `constraint` text COLLATE utf8mb4_unicode_ci,
  `display` text COLLATE utf8mb4_unicode_ci,
  `durationEditable` tinyint(1) NOT NULL DEFAULT '1',
  `extendedProps` longtext COLLATE utf8mb4_unicode_ci,
  `groupId` text COLLATE utf8mb4_unicode_ci,
  `overlap` text COLLATE utf8mb4_unicode_ci,
  `source` longtext COLLATE utf8mb4_unicode_ci,
  `textColor` text COLLATE utf8mb4_unicode_ci,
  `is_impuesto_from_taxes` tinyint(1) NOT NULL DEFAULT '0',
  `created_at` timestamp NULL DEFAULT NULL,
  `updated_at` timestamp NULL DEFAULT NULL,
  `deleted_at` timestamp NULL DEFAULT NULL,
  PRIMARY KEY (`id`),
  KEY `calendar_person_id_foreign` (`person_id`),
  KEY `calendar_person_id_relationed_foreign` (`person_id_relationed`),
  KEY `calendar_ws_telefono_id_foreign` (`ws_telefono_id`),
  CONSTRAINT `calendar_person_id_foreign` FOREIGN KEY (`person_id`) REFERENCES `persons` (`id`),
  CONSTRAINT `calendar_person_id_relationed_foreign` FOREIGN KEY (`person_id_relationed`) REFERENCES `persons` (`id`),
  CONSTRAINT `calendar_ws_telefono_id_foreign` FOREIGN KEY (`ws_telefono_id`) REFERENCES `ws_telefonos` (`id`)
) ENGINE=InnoDB DEFAULT CHARSET=utf8mb4 COLLATE=utf8mb4_unicode_ci;

--
-- Dumping data for table `calendar`
--


--
-- Table structure for table `calendar_emails_telefonos`
--

CREATE TABLE `calendar_emails_telefonos` (
  `id` bigint(20) unsigned NOT NULL AUTO_INCREMENT,
  `user_id` int(10) unsigned DEFAULT NULL,
  `calendar_id` bigint(20) unsigned NOT NULL,
  `email` text COLLATE utf8mb4_unicode_ci,
  `celular` text COLLATE utf8mb4_unicode_ci,
  `created_at` timestamp NULL DEFAULT NULL,
  `updated_at` timestamp NULL DEFAULT NULL,
  `deleted_at` timestamp NULL DEFAULT NULL,
  PRIMARY KEY (`id`),
  KEY `calendar_emails_telefonos_calendar_id_foreign` (`calendar_id`),
  CONSTRAINT `calendar_emails_telefonos_calendar_id_foreign` FOREIGN KEY (`calendar_id`) REFERENCES `calendar` (`id`)
) ENGINE=InnoDB DEFAULT CHARSET=utf8mb4 COLLATE=utf8mb4_unicode_ci;

--
-- Dumping data for table `calendar_emails_telefonos`
--


--
-- Table structure for table `calendar_files`
--

CREATE TABLE `calendar_files` (
  `id` bigint(20) unsigned NOT NULL AUTO_INCREMENT,
  `user_id` int(10) unsigned DEFAULT NULL,
  `calendar_id` bigint(20) unsigned NOT NULL,
  `path` text COLLATE utf8mb4_unicode_ci NOT NULL,
  `original_name` text COLLATE utf8mb4_unicode_ci NOT NULL,
  `created_at` timestamp NULL DEFAULT NULL,
  `updated_at` timestamp NULL DEFAULT NULL,
  `deleted_at` timestamp NULL DEFAULT NULL,
  PRIMARY KEY (`id`),
  KEY `calendar_files_calendar_id_foreign` (`calendar_id`),
  CONSTRAINT `calendar_files_calendar_id_foreign` FOREIGN KEY (`calendar_id`) REFERENCES `calendar` (`id`)
) ENGINE=InnoDB DEFAULT CHARSET=utf8mb4 COLLATE=utf8mb4_unicode_ci;

--
-- Dumping data for table `calendar_files`
--


--
-- Table structure for table `calendar_niv_1`
--

CREATE TABLE `calendar_niv_1` (
  `id` bigint(20) unsigned NOT NULL AUTO_INCREMENT,
  `user_id` int(10) unsigned DEFAULT NULL,
  `person_id` int(10) unsigned NOT NULL,
  `descripcion` longtext COLLATE utf8mb4_unicode_ci,
  `detalle` text COLLATE utf8mb4_unicode_ci,
  `habilitado` tinyint(1) NOT NULL DEFAULT '1',
  `created_at` timestamp NULL DEFAULT NULL,
  `updated_at` timestamp NULL DEFAULT NULL,
  `deleted_at` timestamp NULL DEFAULT NULL,
  PRIMARY KEY (`id`),
  KEY `calendar_niv_1_person_id_foreign` (`person_id`),
  CONSTRAINT `calendar_niv_1_person_id_foreign` FOREIGN KEY (`person_id`) REFERENCES `persons` (`id`)
) ENGINE=InnoDB DEFAULT CHARSET=utf8mb4 COLLATE=utf8mb4_unicode_ci;

--
-- Dumping data for table `calendar_niv_1`
--


--
-- Table structure for table `calendar_niv_1_2`
--

CREATE TABLE `calendar_niv_1_2` (
  `id` bigint(20) unsigned NOT NULL AUTO_INCREMENT,
  `user_id` int(10) unsigned DEFAULT NULL,
  `person_id` int(10) unsigned NOT NULL,
  `calendar_niv_1_id` bigint(20) unsigned NOT NULL,
  `calendar_niv_2_id` bigint(20) unsigned NOT NULL,
  `created_at` timestamp NULL DEFAULT NULL,
  `updated_at` timestamp NULL DEFAULT NULL,
  `deleted_at` timestamp NULL DEFAULT NULL,
  PRIMARY KEY (`id`),
  KEY `calendar_niv_1_2_person_id_foreign` (`person_id`),
  KEY `calendar_niv_1_2_calendar_niv_1_id_foreign` (`calendar_niv_1_id`),
  KEY `calendar_niv_1_2_calendar_niv_2_id_foreign` (`calendar_niv_2_id`),
  CONSTRAINT `calendar_niv_1_2_calendar_niv_1_id_foreign` FOREIGN KEY (`calendar_niv_1_id`) REFERENCES `calendar_niv_1` (`id`),
  CONSTRAINT `calendar_niv_1_2_calendar_niv_2_id_foreign` FOREIGN KEY (`calendar_niv_2_id`) REFERENCES `calendar_niv_2` (`id`),
  CONSTRAINT `calendar_niv_1_2_person_id_foreign` FOREIGN KEY (`person_id`) REFERENCES `persons` (`id`)
) ENGINE=InnoDB DEFAULT CHARSET=utf8mb4 COLLATE=utf8mb4_unicode_ci;

--
-- Dumping data for table `calendar_niv_1_2`
--


--
-- Table structure for table `calendar_niv_2`
--

CREATE TABLE `calendar_niv_2` (
  `id` bigint(20) unsigned NOT NULL AUTO_INCREMENT,
  `user_id` int(10) unsigned DEFAULT NULL,
  `person_id` int(10) unsigned NOT NULL,
  `descripcion` longtext COLLATE utf8mb4_unicode_ci,
  `detalle` text COLLATE utf8mb4_unicode_ci,
  `habilitado` tinyint(1) NOT NULL DEFAULT '1',
  `created_at` timestamp NULL DEFAULT NULL,
  `updated_at` timestamp NULL DEFAULT NULL,
  `deleted_at` timestamp NULL DEFAULT NULL,
  PRIMARY KEY (`id`),
  KEY `calendar_niv_2_person_id_foreign` (`person_id`),
  CONSTRAINT `calendar_niv_2_person_id_foreign` FOREIGN KEY (`person_id`) REFERENCES `persons` (`id`)
) ENGINE=InnoDB DEFAULT CHARSET=utf8mb4 COLLATE=utf8mb4_unicode_ci;

--
-- Dumping data for table `calendar_niv_2`
--


--
-- Table structure for table `calendar_notificaciones`
--

CREATE TABLE `calendar_notificaciones` (
  `id` bigint(20) unsigned NOT NULL AUTO_INCREMENT,
  `user_id` int(10) unsigned DEFAULT NULL,
  `calendar_id` bigint(20) unsigned NOT NULL,
  `start` datetime DEFAULT NULL,
  `tipo_de_notificacion_id` int(10) unsigned NOT NULL,
  `cantidad` int(10) unsigned NOT NULL,
  `unidad_de_tiempo_id` int(10) unsigned NOT NULL,
  `created_at` timestamp NULL DEFAULT NULL,
  `updated_at` timestamp NULL DEFAULT NULL,
  `deleted_at` timestamp NULL DEFAULT NULL,
  PRIMARY KEY (`id`),
  KEY `calendar_notificaciones_calendar_id_foreign` (`calendar_id`),
  CONSTRAINT `calendar_notificaciones_calendar_id_foreign` FOREIGN KEY (`calendar_id`) REFERENCES `calendar` (`id`)
) ENGINE=InnoDB DEFAULT CHARSET=utf8mb4 COLLATE=utf8mb4_unicode_ci;

--
-- Dumping data for table `calendar_notificaciones`
--


--
-- Table structure for table `calendar_tur_dispo`
--

CREATE TABLE `calendar_tur_dispo` (
  `id` bigint(20) unsigned NOT NULL AUTO_INCREMENT,
  `user_id` int(10) unsigned DEFAULT NULL,
  `person_id` int(10) unsigned NOT NULL,
  `calendar_niv_1_id` bigint(20) unsigned NOT NULL,
  `calendar_niv_2_id` bigint(20) unsigned NOT NULL,
  `dia_hora` datetime(5) DEFAULT NULL,
  `duracion` varchar(191) COLLATE utf8mb4_unicode_ci NOT NULL DEFAULT '00:30',
  `created_at` timestamp NULL DEFAULT NULL,
  `updated_at` timestamp NULL DEFAULT NULL,
  `deleted_at` timestamp NULL DEFAULT NULL,
  PRIMARY KEY (`id`),
  KEY `calendar_tur_dispo_person_id_foreign` (`person_id`),
  KEY `calendar_tur_dispo_calendar_niv_1_id_foreign` (`calendar_niv_1_id`),
  KEY `calendar_tur_dispo_calendar_niv_2_id_foreign` (`calendar_niv_2_id`),
  CONSTRAINT `calendar_tur_dispo_calendar_niv_1_id_foreign` FOREIGN KEY (`calendar_niv_1_id`) REFERENCES `calendar_niv_1` (`id`),
  CONSTRAINT `calendar_tur_dispo_calendar_niv_2_id_foreign` FOREIGN KEY (`calendar_niv_2_id`) REFERENCES `calendar_niv_2` (`id`),
  CONSTRAINT `calendar_tur_dispo_person_id_foreign` FOREIGN KEY (`person_id`) REFERENCES `persons` (`id`)
) ENGINE=InnoDB DEFAULT CHARSET=utf8mb4 COLLATE=utf8mb4_unicode_ci;

--
-- Dumping data for table `calendar_tur_dispo`
--


--
-- Table structure for table `calendar_tur_dispo_datos`
--

CREATE TABLE `calendar_tur_dispo_datos` (
  `id` bigint(20) unsigned NOT NULL AUTO_INCREMENT,
  `user_id` int(10) unsigned DEFAULT NULL,
  `person_id` int(10) unsigned NOT NULL,
  `calendar_tur_dispo_id` bigint(20) unsigned NOT NULL,
  `email` text COLLATE utf8mb4_unicode_ci NOT NULL,
  `nombre_ape` text COLLATE utf8mb4_unicode_ci NOT NULL,
  `celular` text COLLATE utf8mb4_unicode_ci NOT NULL,
  `created_at` timestamp NULL DEFAULT NULL,
  `updated_at` timestamp NULL DEFAULT NULL,
  `deleted_at` timestamp NULL DEFAULT NULL,
  PRIMARY KEY (`id`),
  KEY `calendar_tur_dispo_datos_person_id_foreign` (`person_id`),
  KEY `calendar_tur_dispo_datos_calendar_tur_dispo_id_foreign` (`calendar_tur_dispo_id`),
  CONSTRAINT `calendar_tur_dispo_datos_calendar_tur_dispo_id_foreign` FOREIGN KEY (`calendar_tur_dispo_id`) REFERENCES `calendar_tur_dispo` (`id`),
  CONSTRAINT `calendar_tur_dispo_datos_person_id_foreign` FOREIGN KEY (`person_id`) REFERENCES `persons` (`id`)
) ENGINE=InnoDB DEFAULT CHARSET=utf8mb4 COLLATE=utf8mb4_unicode_ci;

--
-- Dumping data for table `calendar_tur_dispo_datos`
--


--
-- Table structure for table `calle`
--

CREATE TABLE `calle` (
  `id` int(10) unsigned NOT NULL AUTO_INCREMENT,
  `user_id` int(10) unsigned DEFAULT NULL,
  `localidad_id` int(10) unsigned NOT NULL,
  `descripcion` varchar(191) COLLATE utf8mb4_unicode_ci NOT NULL,
  `desdealt` int(10) unsigned DEFAULT NULL,
  `hastaalt` int(10) unsigned DEFAULT NULL,
  `codpostal` int(10) unsigned DEFAULT NULL,
  `habilitado` tinyint(1) NOT NULL DEFAULT '1',
  `created_at` timestamp NULL DEFAULT NULL,
  `updated_at` timestamp NULL DEFAULT NULL,
  `deleted_at` timestamp NULL DEFAULT NULL,
  PRIMARY KEY (`id`),
  KEY `calle_localidad_id_foreign` (`localidad_id`),
  CONSTRAINT `calle_localidad_id_foreign` FOREIGN KEY (`localidad_id`) REFERENCES `localidad` (`id`)
) ENGINE=InnoDB AUTO_INCREMENT=2 DEFAULT CHARSET=utf8mb4 COLLATE=utf8mb4_unicode_ci;

--
-- Dumping data for table `calle`
--

INSERT INTO `calle` VALUES (1,NULL,1,'Ramon Falcon',6800,7500,1408,1,'2020-05-28 20:55:23','2020-05-28 20:55:23',NULL);

--
-- Table structure for table `categorias_iibb`
--

CREATE TABLE `categorias_iibb` (
  `id` int(10) unsigned NOT NULL AUTO_INCREMENT,
  `categoria` varchar(255) COLLATE utf8mb4_unicode_ci DEFAULT NULL,
  `impuesto` decimal(16,2) DEFAULT NULL,
  `anual` decimal(16,2) DEFAULT NULL,
  `facAnual` decimal(16,2) DEFAULT NULL,
  `superficie` int(11) DEFAULT NULL,
  `energia` int(11) DEFAULT NULL,
  `comentario` varchar(255) COLLATE utf8mb4_unicode_ci DEFAULT NULL,
  `vigente` varchar(255) COLLATE utf8mb4_unicode_ci NOT NULL DEFAULT '1',
  `created_at` timestamp NULL DEFAULT NULL,
  `updated_at` timestamp NULL DEFAULT NULL,
  `deleted_at` timestamp NULL DEFAULT NULL,
  PRIMARY KEY (`id`)
) ENGINE=InnoDB AUTO_INCREMENT=9 DEFAULT CHARSET=utf8mb4 COLLATE=utf8mb4_unicode_ci;

--
-- Dumping data for table `categorias_iibb`
--

INSERT INTO `categorias_iibb` VALUES (1,'A',1850.00,11100.00,370000.00,30,3300,NULL,'1',NULL,'2022-10-23 23:34:48',NULL),(2,'B',2750.00,16500.00,550000.00,45,5000,NULL,'1',NULL,'2022-10-23 23:34:48',NULL),(3,'C',3850.00,23100.00,770000.00,60,6700,NULL,'1',NULL,'2022-10-23 23:34:48',NULL),(4,'D',5300.00,31800.00,1060000.00,85,10000,NULL,'1',NULL,'2022-10-23 23:34:48',NULL),(5,'E',7000.00,42000.00,1400000.00,110,13000,NULL,'1',NULL,'2022-10-23 23:34:48',NULL),(6,'F',8750.00,52500.00,1750000.00,150,16500,NULL,'1',NULL,'2022-10-23 23:34:48',NULL),(7,'G',10500.00,63000.00,2100000.00,200,20000,NULL,'1',NULL,'2022-10-23 23:34:48',NULL),(8,'H',13000.00,78000.00,2600000.00,200,20000,NULL,'1',NULL,'2022-10-23 23:34:48',NULL);

--
-- Table structure for table `categorias_monotributo`
--

CREATE TABLE `categorias_monotributo` (
  `id` int(10) unsigned NOT NULL AUTO_INCREMENT,
  `categoria` varchar(255) COLLATE utf8mb4_unicode_ci DEFAULT NULL,
  `facAnual` decimal(16,2) DEFAULT NULL,
  `facMensual` decimal(16,2) DEFAULT NULL,
  `actividad` varchar(255) COLLATE utf8mb4_unicode_ci DEFAULT NULL,
  `empleados` varchar(255) COLLATE utf8mb4_unicode_ci DEFAULT NULL,
  `superficie` int(11) DEFAULT NULL,
  `energia` int(11) DEFAULT NULL,
  `alquileres` decimal(16,2) DEFAULT NULL,
  `impuesto_servicio` decimal(16,2) DEFAULT NULL,
  `impuesto_venta` decimal(16,2) DEFAULT NULL,
  `sipa` decimal(16,2) DEFAULT NULL,
  `obraSocial` decimal(16,2) DEFAULT NULL,
  `totalServicio` decimal(16,2) DEFAULT NULL,
  `totalVenta` decimal(16,2) DEFAULT NULL,
  `comentario` varchar(255) COLLATE utf8mb4_unicode_ci DEFAULT NULL,
  `desde` date DEFAULT NULL,
  `hasta` date DEFAULT NULL,
  `vigente` varchar(255) COLLATE utf8mb4_unicode_ci NOT NULL DEFAULT '0',
  `created_at` timestamp NULL DEFAULT NULL,
  `updated_at` timestamp NULL DEFAULT NULL,
  `deleted_at` timestamp NULL DEFAULT NULL,
  PRIMARY KEY (`id`)
) ENGINE=InnoDB AUTO_INCREMENT=15 DEFAULT CHARSET=utf8mb4 COLLATE=utf8mb4_unicode_ci;

--
-- Dumping data for table `categorias_monotributo`
--

INSERT INTO `categorias_monotributo` VALUES (1,'A',2108288.01,175690.67,'No Excluida','0',30,3330,485448.92,1047.86,1047.86,4623.27,6457.26,12128.39,12128.39,NULL,'2018-01-01',NULL,'1',NULL,NULL,NULL),(2,'B',3133941.63,261161.80,'No Excluida','0',45,5000,485448.92,2018.89,2018.89,5085.60,6457.26,13561.75,13561.75,NULL,'2018-01-01',NULL,'1',NULL,NULL,NULL),(3,'C',4387518.23,365626.52,'No Excluida','0',60,6700,970897.79,3452.09,3190.00,5594.16,6457.26,15503.51,15241.42,NULL,'2018-01-01',NULL,'1',NULL,NULL,NULL),(4,'D',5449094.55,454091.21,'No Excluida','0',85,10000,970897.79,5671.23,5239.75,6153.58,7673.13,19497.94,19066.46,NULL,'2018-01-01',NULL,'1',NULL,NULL,NULL),(5,'E',6416528.72,534710.73,'No Excluida','0',110,13000,1209769.40,10787.67,8368.13,6768.94,9389.36,26945.97,24526.43,NULL,'2018-01-01',NULL,'1',NULL,NULL,NULL),(6,'F',8020660.90,668388.41,'No Excluida','0',150,16500,1213622.14,14840.88,10926.38,7445.83,10850.90,33137.61,29223.11,NULL,'2018-01-01',NULL,'1',NULL,NULL,NULL),(7,'G',9624793.05,802066.09,'No Excluida','0',200,20000,1456346.67,18878.58,13623.24,8190.41,11625.96,38694.95,33439.61,NULL,'2018-01-01',NULL,'1',NULL,NULL,NULL),(8,'H',11916410.45,993034.20,'No Excluida','0',200,20000,1941795.53,43150.91,33442.08,9009.45,13951.15,66111.51,56402.68,NULL,'2018-01-01',NULL,'1',NULL,NULL,NULL),(9,'I',13337213.22,1111434.44,'Venta de Bs Muebles','0',200,20000,1941795.53,NULL,53938.71,9910.39,17272.86,NULL,81121.96,NULL,'2018-01-01',NULL,'1',NULL,NULL,NULL),(10,'J',15285088.04,1273757.34,'Venta de Bs Muebles','0',200,20000,1941795.53,NULL,63385.73,10901.43,19332.31,NULL,93619.47,NULL,'2018-01-01',NULL,'1',NULL,NULL,NULL),(11,'K',16957968.71,1413164.06,'Venta de Bs Muebles','0',200,20000,1941795.53,NULL,72817.31,11991.57,22155.77,NULL,106964.65,NULL,'2018-01-01',NULL,'1',NULL,NULL,NULL),(12,'Monotributo Social',1414762.00,117896.00,'No Excluida','0',0,0,0.00,0.00,0.00,0.00,0.00,0.00,0.00,NULL,'2018-01-01',NULL,'1','2020-02-27 02:46:40','2020-02-27 02:46:40',NULL),(13,'A Exento',1414762.00,117896.00,NULL,NULL,NULL,NULL,230178.48,0.00,0.00,2192.15,3061.75,5253.90,5253.90,'',NULL,NULL,'0',NULL,NULL,NULL),(14,'B Exento',2103025.00,175252.00,NULL,NULL,NULL,NULL,230178.48,0.00,0.00,2411.36,3061.75,5473.11,5473.11,'',NULL,NULL,'0',NULL,NULL,NULL);

--
-- Table structure for table `charlas_details`
--

CREATE TABLE `charlas_details` (
  `id` int(10) unsigned NOT NULL AUTO_INCREMENT,
  `user_id` int(10) unsigned DEFAULT NULL,
  `charla` longtext COLLATE utf8mb4_unicode_ci NOT NULL,
  `person_id` int(10) unsigned NOT NULL,
  `status` int(10) unsigned NOT NULL DEFAULT '1',
  `created_at` timestamp NULL DEFAULT NULL,
  `updated_at` timestamp NULL DEFAULT NULL,
  `deleted_at` timestamp NULL DEFAULT NULL,
  PRIMARY KEY (`id`),
  KEY `charlas_details_person_id_foreign` (`person_id`),
  CONSTRAINT `charlas_details_person_id_foreign` FOREIGN KEY (`person_id`) REFERENCES `persons` (`id`)
) ENGINE=InnoDB DEFAULT CHARSET=utf8mb4 COLLATE=utf8mb4_unicode_ci;

--
-- Dumping data for table `charlas_details`
--

DELIMITER ;;
/*!50003 CREATE*/ /*!50017 DEFINER=`forge`@`%`*/ /*!50003 TRIGGER `CharlaDetail_BD` BEFORE DELETE ON `charlas_details` FOR EACH ROW insert into back_up_charlas_details (charla,person_id,modificado)
values(old.charla,old.person_id,now()) */;;
DELIMITER ;

--
-- Table structure for table `chequeras_tipos`
--

CREATE TABLE `chequeras_tipos` (
  `id` int(10) unsigned NOT NULL AUTO_INCREMENT,
  `user_id` int(10) unsigned DEFAULT NULL,
  `descripcion` text COLLATE utf8mb4_unicode_ci NOT NULL,
  `habilitado` tinyint(1) NOT NULL DEFAULT '1',
  `created_at` timestamp NULL DEFAULT NULL,
  `updated_at` timestamp NULL DEFAULT NULL,
  `deleted_at` timestamp NULL DEFAULT NULL,
  PRIMARY KEY (`id`)
) ENGINE=InnoDB AUTO_INCREMENT=4 DEFAULT CHARSET=utf8mb4 COLLATE=utf8mb4_unicode_ci;

--
-- Dumping data for table `chequeras_tipos`
--

INSERT INTO `chequeras_tipos` VALUES (1,NULL,'Fisica',1,NULL,NULL,NULL),(2,NULL,'Electronica',1,NULL,NULL,NULL),(3,NULL,'Transferencias',1,NULL,NULL,NULL);

--
-- Table structure for table `cheques_transfer_emitidas`
--

CREATE TABLE `cheques_transfer_emitidas` (
  `id` bigint(20) unsigned NOT NULL AUTO_INCREMENT,
  `user_id` int(10) unsigned DEFAULT NULL,
  `person_id` int(10) unsigned NOT NULL,
  `cta_cte_cliente_detail_id` int(10) unsigned DEFAULT NULL,
  `cta_cte_tesoreria_detail_id` int(10) unsigned DEFAULT NULL,
  `cta_cte_tesoreria_cuenta_id` int(10) unsigned NOT NULL,
  `cta_cte_tesoreria_banco_cheq_id` int(10) unsigned NOT NULL,
  `fecha_emision` date NOT NULL,
  `fecha_cobro` date NOT NULL,
  `numero_cheque` int(11) NOT NULL,
  `importe` decimal(16,2) NOT NULL DEFAULT '0.00',
  `created_at` timestamp NULL DEFAULT NULL,
  `updated_at` timestamp NULL DEFAULT NULL,
  `deleted_at` timestamp NULL DEFAULT NULL,
  PRIMARY KEY (`id`),
  KEY `cheques_transfer_emitidas_person_id_foreign` (`person_id`),
  KEY `cheques_transfer_emitidas_cta_cte_cliente_detail_id_foreign` (`cta_cte_cliente_detail_id`),
  KEY `cheques_transfer_emitidas_cta_cte_tesoreria_detail_id_foreign` (`cta_cte_tesoreria_detail_id`),
  KEY `cheques_transfer_emitidas_cta_cte_tesoreria_cuenta_id_foreign` (`cta_cte_tesoreria_cuenta_id`),
  KEY `cte_tes_ban_che_id_foreign` (`cta_cte_tesoreria_banco_cheq_id`),
  CONSTRAINT `cheques_transfer_emitidas_cta_cte_cliente_detail_id_foreign` FOREIGN KEY (`cta_cte_cliente_detail_id`) REFERENCES `cta_cte_cliente_details` (`id`),
  CONSTRAINT `cheques_transfer_emitidas_cta_cte_tesoreria_cuenta_id_foreign` FOREIGN KEY (`cta_cte_tesoreria_cuenta_id`) REFERENCES `cta_cte_tesoreria_cuentas` (`id`),
  CONSTRAINT `cheques_transfer_emitidas_cta_cte_tesoreria_detail_id_foreign` FOREIGN KEY (`cta_cte_tesoreria_detail_id`) REFERENCES `cta_cte_tesoreria_detail` (`id`),
  CONSTRAINT `cheques_transfer_emitidas_person_id_foreign` FOREIGN KEY (`person_id`) REFERENCES `persons` (`id`),
  CONSTRAINT `cte_tes_ban_che_id_foreign` FOREIGN KEY (`cta_cte_tesoreria_banco_cheq_id`) REFERENCES `cta_cte_tesoreria_banco_cheq` (`id`)
) ENGINE=InnoDB DEFAULT CHARSET=utf8mb4 COLLATE=utf8mb4_unicode_ci;

--
-- Dumping data for table `cheques_transfer_emitidas`
--


--
-- Table structure for table `claves`
--

CREATE TABLE `claves` (
  `id` int(10) unsigned NOT NULL AUTO_INCREMENT,
  `user_id` int(10) unsigned DEFAULT NULL,
  `name` varchar(255) COLLATE utf8mb4_unicode_ci NOT NULL,
  `created_at` timestamp NULL DEFAULT NULL,
  `updated_at` timestamp NULL DEFAULT NULL,
  `deleted_at` timestamp NULL DEFAULT NULL,
  PRIMARY KEY (`id`)
) ENGINE=InnoDB AUTO_INCREMENT=44 DEFAULT CHARSET=utf8mb4 COLLATE=utf8mb4_unicode_ci;

--
-- Dumping data for table `claves`
--

INSERT INTO `claves` VALUES (1,NULL,'Clave Fiscal',NULL,NULL,NULL),(2,NULL,'Clave Ciudad',NULL,NULL,NULL),(3,NULL,'Clave ARBA',NULL,NULL,NULL),(4,NULL,'Clave ANSES',NULL,NULL,NULL),(5,NULL,'Catedral',NULL,NULL,NULL),(6,NULL,'CEMIBA',NULL,NULL,NULL),(7,NULL,'COMPRA ARG',NULL,NULL,NULL),(8,NULL,'Consejo Ciencias Economicas',NULL,NULL,NULL),(9,NULL,'Correo',NULL,NULL,NULL),(10,NULL,'CUR',NULL,NULL,NULL),(11,NULL,'Firma Digital',NULL,NULL,NULL),(12,NULL,'Interbanking',NULL,NULL,NULL),(13,NULL,'Banco Citibank',NULL,NULL,NULL),(14,NULL,'Banco Ciudad',NULL,NULL,NULL),(15,NULL,'Banco Frances',NULL,NULL,NULL),(16,NULL,'Banco Galicia',NULL,NULL,NULL),(17,NULL,'Banco HSBC',NULL,NULL,NULL),(18,NULL,'Banco Itau',NULL,NULL,NULL),(19,NULL,'Banco Nacion',NULL,NULL,NULL),(20,NULL,'Banco Macro',NULL,NULL,NULL),(21,NULL,'Banco Patagonia',NULL,NULL,NULL),(22,NULL,'Banco Provincia',NULL,NULL,NULL),(23,NULL,'Banco Santander',NULL,NULL,NULL),(24,NULL,'Banco Supervielle',NULL,NULL,NULL),(25,NULL,'Seguridad e Higiene',NULL,NULL,NULL),(26,NULL,'Sindicato - ANSES',NULL,NULL,NULL),(27,NULL,'Sindicato - AOT',NULL,NULL,NULL),(28,NULL,'Sindicato - ATSA',NULL,NULL,NULL),(29,NULL,'Sindicato - Camioneros',NULL,NULL,NULL),(30,NULL,'Sindicato - Guinchero',NULL,NULL,NULL),(31,NULL,'Sindicato - IERIC',NULL,NULL,NULL),(32,NULL,'Sindicato - La Estrella',NULL,NULL,NULL),(33,NULL,'Sindicato - Nemesis',NULL,NULL,NULL),(34,NULL,'Sindicato - Pasta',NULL,NULL,NULL),(35,NULL,'Sindicato - SEC',NULL,NULL,NULL),(36,NULL,'Sindicato - SICOP',NULL,NULL,NULL),(37,NULL,'Sindicato - SOCAYA',NULL,NULL,NULL),(38,NULL,'Sindicato - UTHGRA',NULL,NULL,NULL),(39,NULL,'Sindicato - INACAP',NULL,NULL,NULL),(40,NULL,'Sindicato - Otro',NULL,NULL,NULL),(41,NULL,'Otra',NULL,NULL,NULL),(42,NULL,'Prisma - Firma Digital',NULL,NULL,NULL),(43,NULL,'Sindicato - FATSA',NULL,NULL,NULL);

--
-- Table structure for table `claves_details`
--

CREATE TABLE `claves_details` (
  `id` int(10) unsigned NOT NULL AUTO_INCREMENT,
  `user_id` int(10) unsigned DEFAULT NULL,
  `clave` varchar(255) COLLATE utf8mb4_unicode_ci DEFAULT NULL,
  `valor` varchar(255) COLLATE utf8mb4_unicode_ci NOT NULL,
  `comentario` varchar(255) COLLATE utf8mb4_unicode_ci DEFAULT NULL,
  `clave_id` int(10) unsigned NOT NULL,
  `person_id` int(10) unsigned NOT NULL,
  `status` int(10) unsigned NOT NULL DEFAULT '1',
  `created_at` timestamp NULL DEFAULT NULL,
  `updated_at` timestamp NULL DEFAULT NULL,
  `deleted_at` timestamp NULL DEFAULT NULL,
  PRIMARY KEY (`id`),
  KEY `claves_details_clave_id_foreign` (`clave_id`),
  KEY `claves_details_person_id_foreign` (`person_id`),
  CONSTRAINT `claves_details_clave_id_foreign` FOREIGN KEY (`clave_id`) REFERENCES `claves` (`id`),
  CONSTRAINT `claves_details_person_id_foreign` FOREIGN KEY (`person_id`) REFERENCES `persons` (`id`)
) ENGINE=InnoDB DEFAULT CHARSET=utf8mb4 COLLATE=utf8mb4_unicode_ci;

--
-- Dumping data for table `claves_details`
--

DELIMITER ;;
/*!50003 CREATE*/ /*!50017 DEFINER=`forge`@`%`*/ /*!50003 TRIGGER `ClavesDetail_BD` BEFORE DELETE ON `claves_details` FOR EACH ROW insert into back_up_claves_details (clave,valor,comentario,clave_id,person_id,modificado)
values(old.clave,old.valor,old.comentario,old.clave_id,old.person_id,now()) */;;
DELIMITER ;

--
-- Table structure for table `claves_mails`
--

CREATE TABLE `claves_mails` (
  `id` int(10) unsigned NOT NULL AUTO_INCREMENT,
  `description` varchar(180) COLLATE utf8mb4_unicode_ci NOT NULL,
  `class` int(10) unsigned NOT NULL,
  `class_description` varchar(180) COLLATE utf8mb4_unicode_ci NOT NULL,
  `path` varchar(255) COLLATE utf8mb4_unicode_ci DEFAULT NULL,
  `created_at` timestamp NULL DEFAULT NULL,
  `updated_at` timestamp NULL DEFAULT NULL,
  PRIMARY KEY (`id`)
) ENGINE=InnoDB AUTO_INCREMENT=6 DEFAULT CHARSET=utf8mb4 COLLATE=utf8mb4_unicode_ci;

--
-- Dumping data for table `claves_mails`
--

INSERT INTO `claves_mails` VALUES (1,'Listado de Claves',1,'Claves','claves_mails/claves_listado',NULL,NULL),(3,'Listado de Mails',2,'Mails','claves_mails/mails_listado',NULL,NULL),(5,'Listado de Charlas',3,'Charlas','claves_mails/charlas_listado',NULL,NULL);

--
-- Table structure for table `cm_articulos_regimenes`
--

CREATE TABLE `cm_articulos_regimenes` (
  `id` int(10) unsigned NOT NULL AUTO_INCREMENT,
  `user_id` int(11) DEFAULT NULL,
  `descripcion` longtext COLLATE utf8mb4_unicode_ci,
  `codigo` int(11) DEFAULT NULL,
  `habilitado` tinyint(1) NOT NULL DEFAULT '0',
  `created_at` timestamp NULL DEFAULT NULL,
  `updated_at` timestamp NULL DEFAULT NULL,
  `deleted_at` timestamp NULL DEFAULT NULL,
  PRIMARY KEY (`id`)
) ENGINE=InnoDB AUTO_INCREMENT=11 DEFAULT CHARSET=utf8mb4 COLLATE=utf8mb4_unicode_ci;

--
-- Dumping data for table `cm_articulos_regimenes`
--

INSERT INTO `cm_articulos_regimenes` VALUES (1,NULL,'Articulo 2',2,1,'2022-08-27 17:46:30','2022-08-27 17:46:30',NULL),(2,NULL,'Articulo 6',6,0,'2022-08-27 17:46:30','2022-08-27 17:46:30',NULL),(3,NULL,'Articulo 7',7,0,'2022-08-27 17:46:30','2022-08-27 17:46:30',NULL),(4,NULL,'Articulo 8',8,0,'2022-08-27 17:46:30','2022-08-27 17:46:30',NULL),(5,NULL,'Articulo 9',9,0,'2022-08-27 17:46:30','2022-08-27 17:46:30',NULL),(6,NULL,'Articulo 10',10,0,'2022-08-27 17:46:30','2022-08-27 17:46:30',NULL),(7,NULL,'Articulo 11',11,0,'2022-08-27 17:46:30','2022-08-27 17:46:30',NULL),(8,NULL,'Articulo 12',12,0,'2022-08-27 17:46:30','2022-08-27 17:46:30',NULL),(9,NULL,'Articulo 13',13,0,'2022-08-27 17:46:30','2022-08-27 17:46:30',NULL),(10,NULL,'Articulo 14',14,1,'2022-08-27 17:46:30','2022-08-27 17:46:30',NULL);

--
-- Table structure for table `cobradores`
--

CREATE TABLE `cobradores` (
  `id` bigint(20) unsigned NOT NULL AUTO_INCREMENT,
  `person_id` int(10) unsigned NOT NULL,
  `descripcion` text COLLATE utf8mb4_unicode_ci NOT NULL,
  `telefono` text COLLATE utf8mb4_unicode_ci NOT NULL,
  `habilitado` tinyint(1) NOT NULL DEFAULT '1',
  `created_at` timestamp NULL DEFAULT NULL,
  `updated_at` timestamp NULL DEFAULT NULL,
  `deleted_at` timestamp NULL DEFAULT NULL,
  PRIMARY KEY (`id`),
  KEY `cobradores_person_id_foreign` (`person_id`),
  CONSTRAINT `cobradores_person_id_foreign` FOREIGN KEY (`person_id`) REFERENCES `persons` (`id`)
) ENGINE=InnoDB DEFAULT CHARSET=utf8mb4 COLLATE=utf8mb4_unicode_ci;

--
-- Dumping data for table `cobradores`
--


--
-- Table structure for table `cobradores_datos`
--

CREATE TABLE `cobradores_datos` (
  `id` bigint(20) unsigned NOT NULL AUTO_INCREMENT,
  `user_id` int(10) unsigned DEFAULT NULL,
  `cobrador_id` bigint(20) unsigned NOT NULL,
  `url_panel` longtext COLLATE utf8mb4_unicode_ci,
  `usuario` text COLLATE utf8mb4_unicode_ci,
  `clave` text COLLATE utf8mb4_unicode_ci,
  `numero_de_soporte` text COLLATE utf8mb4_unicode_ci,
  `inicial_create_user` text COLLATE utf8mb4_unicode_ci,
  `imp_min_p_retirar` int(11) DEFAULT NULL,
  `secret_recarga` text COLLATE utf8mb4_unicode_ci,
  `secret_on_off` text COLLATE utf8mb4_unicode_ci,
  `clave_new_user` text COLLATE utf8mb4_unicode_ci,
  `created_at` timestamp NULL DEFAULT NULL,
  `updated_at` timestamp NULL DEFAULT NULL,
  `deleted_at` timestamp NULL DEFAULT NULL,
  PRIMARY KEY (`id`),
  KEY `cobradores_datos_cobrador_id_foreign` (`cobrador_id`),
  CONSTRAINT `cobradores_datos_cobrador_id_foreign` FOREIGN KEY (`cobrador_id`) REFERENCES `cobradores` (`id`)
) ENGINE=InnoDB DEFAULT CHARSET=utf8mb4 COLLATE=utf8mb4_unicode_ci;

--
-- Dumping data for table `cobradores_datos`
--


--
-- Table structure for table `cobradores_metodos`
--

CREATE TABLE `cobradores_metodos` (
  `id` bigint(20) unsigned NOT NULL AUTO_INCREMENT,
  `user_id` int(10) unsigned DEFAULT NULL,
  `person_id` int(10) unsigned NOT NULL,
  `descripcion` varchar(255) COLLATE utf8mb4_unicode_ci NOT NULL,
  `habilitado` tinyint(1) NOT NULL DEFAULT '1',
  `created_at` timestamp NULL DEFAULT NULL,
  `updated_at` timestamp NULL DEFAULT NULL,
  `deleted_at` timestamp NULL DEFAULT NULL,
  PRIMARY KEY (`id`),
  UNIQUE KEY `cobradores_metodos_descripcion_unique` (`descripcion`),
  KEY `cobradores_metodos_person_id_foreign` (`person_id`),
  CONSTRAINT `cobradores_metodos_person_id_foreign` FOREIGN KEY (`person_id`) REFERENCES `persons` (`id`)
) ENGINE=InnoDB DEFAULT CHARSET=utf8mb4 COLLATE=utf8mb4_unicode_ci;

--
-- Dumping data for table `cobradores_metodos`
--


--
-- Table structure for table `cobradores_on_off`
--

CREATE TABLE `cobradores_on_off` (
  `id` bigint(20) unsigned NOT NULL AUTO_INCREMENT,
  `user_id` int(10) unsigned DEFAULT NULL,
  `cobrador_id` bigint(20) unsigned NOT NULL,
  `on_off` tinyint(1) NOT NULL,
  `created_at` timestamp NULL DEFAULT NULL,
  `updated_at` timestamp NULL DEFAULT NULL,
  `deleted_at` timestamp NULL DEFAULT NULL,
  PRIMARY KEY (`id`),
  KEY `cobradores_on_off_cobrador_id_foreign` (`cobrador_id`),
  CONSTRAINT `cobradores_on_off_cobrador_id_foreign` FOREIGN KEY (`cobrador_id`) REFERENCES `cobradores` (`id`)
) ENGINE=InnoDB DEFAULT CHARSET=utf8mb4 COLLATE=utf8mb4_unicode_ci;

--
-- Dumping data for table `cobradores_on_off`
--


--
-- Table structure for table `condicion_frente_al_iva`
--

CREATE TABLE `condicion_frente_al_iva` (
  `id` int(10) unsigned NOT NULL AUTO_INCREMENT,
  `user_id` int(10) unsigned DEFAULT NULL,
  `codigo_afip` int(11) DEFAULT NULL,
  `descripcion` text COLLATE utf8mb4_unicode_ci NOT NULL,
  `show_comprobantes_a` tinyint(1) NOT NULL DEFAULT '0',
  `show_comprobantes_b` tinyint(1) NOT NULL DEFAULT '0',
  `habilitado` tinyint(1) NOT NULL DEFAULT '1',
  `created_at` timestamp NULL DEFAULT NULL,
  `updated_at` timestamp NULL DEFAULT NULL,
  `deleted_at` timestamp NULL DEFAULT NULL,
  PRIMARY KEY (`id`)
) ENGINE=InnoDB AUTO_INCREMENT=17 DEFAULT CHARSET=utf8mb4 COLLATE=utf8mb4_unicode_ci;

--
-- Dumping data for table `condicion_frente_al_iva`
--

INSERT INTO `condicion_frente_al_iva` VALUES (1,NULL,1,'IVA Responsable Inscripto',1,0,1,NULL,NULL,NULL),(2,NULL,2,'IVA Responsable no Inscripto',0,0,1,NULL,NULL,NULL),(3,NULL,3,'IVA no Responsable',0,0,1,NULL,NULL,NULL),(4,NULL,4,'IVA Sujeto Exento',0,1,1,NULL,NULL,NULL),(5,NULL,5,'Consumidor Final',0,1,1,NULL,NULL,NULL),(6,NULL,6,'Responsable Monotributo',1,0,1,NULL,NULL,NULL),(7,NULL,7,'Sujeto no Categorizado',0,1,1,NULL,NULL,NULL),(8,NULL,8,'Proveedor del Exterior',0,1,1,NULL,NULL,NULL),(9,NULL,9,'Cliente del Exterior',0,1,1,NULL,NULL,NULL),(10,NULL,10,'IVA Liberado – Ley Nº 19.640',0,1,1,NULL,NULL,NULL),(11,NULL,11,'IVA Responsable Inscripto – Agente de Percepción',0,0,1,NULL,NULL,NULL),(12,NULL,12,'Pequeño Contribuyente Eventual',0,0,1,NULL,NULL,NULL),(13,NULL,13,'Monotributista Social',1,0,1,NULL,NULL,NULL),(14,NULL,14,'Pequeño Contribuyente Eventual Social',0,0,1,NULL,NULL,NULL),(15,NULL,NULL,'Monotributista Trabajador Independiente Promovido',1,0,1,NULL,NULL,NULL),(16,NULL,NULL,'IVA No Alcanzado',0,1,1,NULL,NULL,NULL);

--
-- Table structure for table `condiciones_venta`
--

CREATE TABLE `condiciones_venta` (
  `id` int(10) unsigned NOT NULL AUTO_INCREMENT,
  `descripcion` varchar(100) COLLATE utf8mb4_unicode_ci NOT NULL,
  `created_at` timestamp NULL DEFAULT NULL,
  `updated_at` timestamp NULL DEFAULT NULL,
  PRIMARY KEY (`id`)
) ENGINE=InnoDB AUTO_INCREMENT=9 DEFAULT CHARSET=utf8mb4 COLLATE=utf8mb4_unicode_ci;

--
-- Dumping data for table `condiciones_venta`
--

INSERT INTO `condiciones_venta` VALUES (1,'Contado',NULL,NULL),(2,'Tarjeta de Debito',NULL,NULL),(3,'Tarjeta de Credito',NULL,NULL),(4,'Cuenta Corriente',NULL,NULL),(5,'Cheque',NULL,NULL),(6,'Ticket',NULL,NULL),(7,'Transferencia',NULL,NULL),(8,'Otra',NULL,NULL);

--
-- Table structure for table `consultas`
--

CREATE TABLE `consultas` (
  `id` int(10) unsigned NOT NULL AUTO_INCREMENT,
  `user_id` int(11) DEFAULT NULL,
  `descripcion` varchar(191) COLLATE utf8mb4_unicode_ci DEFAULT NULL,
  `habilitado` tinyint(1) NOT NULL DEFAULT '1',
  `created_at` timestamp NULL DEFAULT NULL,
  `updated_at` timestamp NULL DEFAULT NULL,
  `deleted_at` timestamp NULL DEFAULT NULL,
  PRIMARY KEY (`id`)
) ENGINE=InnoDB AUTO_INCREMENT=4 DEFAULT CHARSET=utf8mb4 COLLATE=utf8mb4_unicode_ci;

--
-- Dumping data for table `consultas`
--

INSERT INTO `consultas` VALUES (1,NULL,'Estado Liquidaciones',1,NULL,NULL,NULL),(2,NULL,'Consumo',1,NULL,NULL,NULL),(3,NULL,'Resultado Liquidacion Hijas',1,'2023-03-12 23:43:23','2023-03-12 23:43:23',NULL);

--
-- Table structure for table `consultas_aux`
--

CREATE TABLE `consultas_aux` (
  `id` int(10) unsigned NOT NULL AUTO_INCREMENT,
  `user_id` int(11) DEFAULT NULL,
  `consulta_id` int(10) unsigned NOT NULL,
  `person_id` int(10) unsigned DEFAULT NULL,
  `descripcion` longtext COLLATE utf8mb4_unicode_ci,
  `estado` tinyint(1) NOT NULL DEFAULT '0',
  `created_at` timestamp NULL DEFAULT NULL,
  `updated_at` timestamp NULL DEFAULT NULL,
  `deleted_at` timestamp NULL DEFAULT NULL,
  PRIMARY KEY (`id`),
  KEY `consultas_aux_consulta_id_foreign` (`consulta_id`),
  KEY `consultas_aux_person_id_foreign` (`person_id`),
  CONSTRAINT `consultas_aux_consulta_id_foreign` FOREIGN KEY (`consulta_id`) REFERENCES `consultas` (`id`),
  CONSTRAINT `consultas_aux_person_id_foreign` FOREIGN KEY (`person_id`) REFERENCES `persons` (`id`)
) ENGINE=InnoDB DEFAULT CHARSET=utf8mb4 COLLATE=utf8mb4_unicode_ci;

--
-- Dumping data for table `consultas_aux`
--


--
-- Table structure for table `conta_asientos`
--

CREATE TABLE `conta_asientos` (
  `id` int(10) unsigned NOT NULL AUTO_INCREMENT,
  `user_id` int(10) unsigned DEFAULT NULL,
  `person_id` int(10) unsigned DEFAULT NULL,
  `period_id` int(10) unsigned DEFAULT NULL,
  `tipo_asiento_id` int(10) unsigned NOT NULL,
  `debe_cta_cte_tesoreria_cuenta_id` int(10) unsigned DEFAULT NULL,
  `haber_cta_cte_tesoreria_cuenta_id` int(10) unsigned DEFAULT NULL,
  `ctactecheque_id` int(10) unsigned DEFAULT NULL,
  `num_asiento` int(11) DEFAULT NULL,
  `fecha_registracion` date DEFAULT NULL,
  `fecha_vencimiento` date DEFAULT NULL,
  `total` decimal(16,2) NOT NULL,
  `adjunto` text COLLATE utf8mb4_unicode_ci,
  `comentario` varchar(255) COLLATE utf8mb4_unicode_ci DEFAULT NULL,
  `radioChecked` int(11) DEFAULT NULL,
  `status` int(11) NOT NULL DEFAULT '1',
  `CuentaTipo_id` int(10) unsigned DEFAULT NULL,
  `CentroCosto_id` int(10) unsigned DEFAULT NULL,
  `pagado` int(10) unsigned DEFAULT NULL,
  `created_at` timestamp NULL DEFAULT NULL,
  `updated_at` timestamp NULL DEFAULT NULL,
  `deleted_at` timestamp NULL DEFAULT NULL,
  PRIMARY KEY (`id`),
  KEY `conta_asientos_person_id_foreign` (`person_id`),
  KEY `conta_asientos_period_id_foreign` (`period_id`),
  KEY `conta_asientos_tipo_asiento_id_foreign` (`tipo_asiento_id`),
  KEY `conta_asientos_cuentatipo_id_foreign` (`CuentaTipo_id`),
  KEY `conta_asientos_centrocosto_id_foreign` (`CentroCosto_id`),
  KEY `conta_asientos_ctactecheque_id_foreign` (`ctactecheque_id`),
  KEY `conta_asientos_haber_cta_cte_tesoreria_cuenta_id_foreign` (`haber_cta_cte_tesoreria_cuenta_id`),
  KEY `conta_asientos_debe_cta_cte_tesoreria_cuenta_id_foreign` (`debe_cta_cte_tesoreria_cuenta_id`),
  CONSTRAINT `conta_asientos_centrocosto_id_foreign` FOREIGN KEY (`CentroCosto_id`) REFERENCES `ctactegastos_centrocosto` (`id`),
  CONSTRAINT `conta_asientos_ctactecheque_id_foreign` FOREIGN KEY (`ctactecheque_id`) REFERENCES `ctacte_cheques` (`id`),
  CONSTRAINT `conta_asientos_cuentatipo_id_foreign` FOREIGN KEY (`CuentaTipo_id`) REFERENCES `ctactegastos_cuenta_tipo` (`idCuentaTipo`),
  CONSTRAINT `conta_asientos_debe_cta_cte_tesoreria_cuenta_id_foreign` FOREIGN KEY (`debe_cta_cte_tesoreria_cuenta_id`) REFERENCES `cta_cte_tesoreria_cuentas` (`id`),
  CONSTRAINT `conta_asientos_haber_cta_cte_tesoreria_cuenta_id_foreign` FOREIGN KEY (`haber_cta_cte_tesoreria_cuenta_id`) REFERENCES `cta_cte_tesoreria_cuentas` (`id`),
  CONSTRAINT `conta_asientos_period_id_foreign` FOREIGN KEY (`period_id`) REFERENCES `periods` (`id`),
  CONSTRAINT `conta_asientos_person_id_foreign` FOREIGN KEY (`person_id`) REFERENCES `persons` (`id`),
  CONSTRAINT `conta_asientos_tipo_asiento_id_foreign` FOREIGN KEY (`tipo_asiento_id`) REFERENCES `conta_tipo_asientos` (`id`)
) ENGINE=InnoDB DEFAULT CHARSET=utf8mb4 COLLATE=utf8mb4_unicode_ci;

--
-- Dumping data for table `conta_asientos`
--


--
-- Table structure for table `conta_asientos_details`
--

CREATE TABLE `conta_asientos_details` (
  `id` int(10) unsigned NOT NULL AUTO_INCREMENT,
  `user_id` int(10) unsigned DEFAULT NULL,
  `conta_asiento_id` int(10) unsigned NOT NULL,
  `person_id` int(10) unsigned DEFAULT NULL,
  `period_id` int(10) unsigned DEFAULT NULL,
  `tipo_asiento_id` int(10) unsigned NOT NULL,
  `cta_cte_tesoreria_cuenta_id` int(10) unsigned DEFAULT NULL,
  `saldo_id` int(10) unsigned NOT NULL,
  `monto` decimal(16,2) NOT NULL,
  `created_at` timestamp NULL DEFAULT NULL,
  `updated_at` timestamp NULL DEFAULT NULL,
  `deleted_at` timestamp NULL DEFAULT NULL,
  PRIMARY KEY (`id`),
  KEY `conta_asientos_details_conta_asiento_id_foreign` (`conta_asiento_id`),
  KEY `conta_asientos_details_person_id_foreign` (`person_id`),
  KEY `conta_asientos_details_period_id_foreign` (`period_id`),
  KEY `conta_asientos_details_tipo_asiento_id_foreign` (`tipo_asiento_id`),
  KEY `conta_asientos_details_saldo_id_foreign` (`saldo_id`),
  KEY `conta_asientos_details_cta_cte_tesoreria_cuenta_id_foreign` (`cta_cte_tesoreria_cuenta_id`),
  CONSTRAINT `conta_asientos_details_conta_asiento_id_foreign` FOREIGN KEY (`conta_asiento_id`) REFERENCES `conta_asientos` (`id`),
  CONSTRAINT `conta_asientos_details_cta_cte_tesoreria_cuenta_id_foreign` FOREIGN KEY (`cta_cte_tesoreria_cuenta_id`) REFERENCES `cta_cte_tesoreria_cuentas` (`id`),
  CONSTRAINT `conta_asientos_details_period_id_foreign` FOREIGN KEY (`period_id`) REFERENCES `periods` (`id`),
  CONSTRAINT `conta_asientos_details_person_id_foreign` FOREIGN KEY (`person_id`) REFERENCES `persons` (`id`),
  CONSTRAINT `conta_asientos_details_saldo_id_foreign` FOREIGN KEY (`saldo_id`) REFERENCES `conta_tipo_saldos` (`id`),
  CONSTRAINT `conta_asientos_details_tipo_asiento_id_foreign` FOREIGN KEY (`tipo_asiento_id`) REFERENCES `conta_tipo_asientos` (`id`)
) ENGINE=InnoDB DEFAULT CHARSET=utf8mb4 COLLATE=utf8mb4_unicode_ci;

--
-- Dumping data for table `conta_asientos_details`
--


--
-- Table structure for table `conta_centro_costo_plan_cuenta`
--

CREATE TABLE `conta_centro_costo_plan_cuenta` (
  `id` bigint(20) unsigned NOT NULL AUTO_INCREMENT,
  `user_id` int(10) unsigned DEFAULT NULL,
  `conta_centro_costo_id` bigint(20) unsigned DEFAULT NULL,
  `conta_plan_cuenta_id` int(10) unsigned NOT NULL,
  `created_at` timestamp NULL DEFAULT NULL,
  `updated_at` timestamp NULL DEFAULT NULL,
  `deleted_at` timestamp NULL DEFAULT NULL,
  PRIMARY KEY (`id`),
  KEY `conta_centro_costo_plan_cuenta_conta_centro_costo_id_foreign` (`conta_centro_costo_id`),
  KEY `conta_centro_costo_plan_cuenta_conta_plan_cuenta_id_foreign` (`conta_plan_cuenta_id`),
  CONSTRAINT `conta_centro_costo_plan_cuenta_conta_centro_costo_id_foreign` FOREIGN KEY (`conta_centro_costo_id`) REFERENCES `conta_centro_costos` (`id`),
  CONSTRAINT `conta_centro_costo_plan_cuenta_conta_plan_cuenta_id_foreign` FOREIGN KEY (`conta_plan_cuenta_id`) REFERENCES `conta_plan_cuenta` (`id`)
) ENGINE=InnoDB DEFAULT CHARSET=utf8mb4 COLLATE=utf8mb4_unicode_ci;

--
-- Dumping data for table `conta_centro_costo_plan_cuenta`
--


--
-- Table structure for table `conta_centro_costos`
--

CREATE TABLE `conta_centro_costos` (
  `id` bigint(20) unsigned NOT NULL AUTO_INCREMENT,
  `user_id` int(10) unsigned DEFAULT NULL,
  `person_id` int(10) unsigned NOT NULL,
  `descripcion` text COLLATE utf8mb4_unicode_ci NOT NULL,
  `habilitado` tinyint(1) NOT NULL DEFAULT '1',
  `created_at` timestamp NULL DEFAULT NULL,
  `updated_at` timestamp NULL DEFAULT NULL,
  `deleted_at` timestamp NULL DEFAULT NULL,
  PRIMARY KEY (`id`),
  KEY `conta_centro_costos_person_id_foreign` (`person_id`),
  CONSTRAINT `conta_centro_costos_person_id_foreign` FOREIGN KEY (`person_id`) REFERENCES `persons` (`id`)
) ENGINE=InnoDB DEFAULT CHARSET=utf8mb4 COLLATE=utf8mb4_unicode_ci;

--
-- Dumping data for table `conta_centro_costos`
--


--
-- Table structure for table `conta_plan_cuenta`
--

CREATE TABLE `conta_plan_cuenta` (
  `id` int(10) unsigned NOT NULL AUTO_INCREMENT,
  `user_id` int(10) unsigned DEFAULT NULL,
  `codigo` int(11) NOT NULL,
  `tipo_cuenta_id` int(10) unsigned NOT NULL,
  `saldo_id` int(10) unsigned NOT NULL,
  `padre` int(11) NOT NULL,
  `nombre` varchar(255) COLLATE utf8mb4_unicode_ci NOT NULL,
  `rubro` varchar(255) COLLATE utf8mb4_unicode_ci DEFAULT NULL,
  `comentario` varchar(255) COLLATE utf8mb4_unicode_ci DEFAULT NULL,
  `status` int(10) unsigned NOT NULL DEFAULT '1',
  `no_editable` int(11) NOT NULL DEFAULT '1',
  `tes_cta_cte` tinyint(1) NOT NULL DEFAULT '0',
  `tes_cuenta_origen` tinyint(1) NOT NULL DEFAULT '0',
  `tes_cuenta_destino` tinyint(1) NOT NULL DEFAULT '0',
  `conta_asientos` tinyint(1) NOT NULL DEFAULT '0',
  `deleted_at` timestamp NULL DEFAULT NULL,
  PRIMARY KEY (`id`),
  KEY `conta_plan_cuenta_tipo_cuenta_id_foreign` (`tipo_cuenta_id`),
  KEY `conta_plan_cuenta_saldo_id_foreign` (`saldo_id`),
  CONSTRAINT `conta_plan_cuenta_saldo_id_foreign` FOREIGN KEY (`saldo_id`) REFERENCES `conta_tipo_saldos` (`id`),
  CONSTRAINT `conta_plan_cuenta_tipo_cuenta_id_foreign` FOREIGN KEY (`tipo_cuenta_id`) REFERENCES `conta_tipo_cuentas` (`id`)
) ENGINE=InnoDB AUTO_INCREMENT=1027 DEFAULT CHARSET=utf8mb4 COLLATE=utf8mb4_unicode_ci;

--
-- Dumping data for table `conta_plan_cuenta`
--

INSERT INTO `conta_plan_cuenta` VALUES (1,NULL,1000000,1,1,0,'ACTIVO','Activo',NULL,1,1,0,0,0,0,NULL),(2,NULL,1100000,2,1,1000000,'ACTIVO CORRIENTE','Activo',NULL,1,1,0,0,0,0,NULL),(3,NULL,1110000,3,1,1100000,'CAJA Y BANCOS','Activo',NULL,1,1,0,0,0,0,NULL),(4,NULL,1110100,4,1,1110000,'CAJAS','Activo',NULL,1,1,0,0,0,0,NULL),(5,NULL,1110101,5,1,1110100,'Caja Oficina','Activo',NULL,0,1,0,0,0,0,NULL),(6,NULL,1110102,5,1,1110100,'Caja Casa','Activo',NULL,0,1,0,0,0,0,NULL),(7,NULL,1110103,5,1,1110100,'Caja Dolares Casa','Activo',NULL,0,1,0,0,0,0,NULL),(8,NULL,1110104,5,1,1110100,'Banco Santander 015-372795/5','Activo',NULL,0,1,0,0,0,0,'2020-12-31 13:34:22'),(9,NULL,1110200,4,1,1110000,'BANCOS','Activo',NULL,1,1,0,0,0,0,NULL),(10,NULL,1110201,5,1,1110200,'Banco Santander Rio Cta Corriente','Activo',NULL,1,2,1,1,1,0,'2020-12-31 13:34:22'),(11,NULL,1110202,5,1,1110200,'Banco Santander Rio Cta Corriente DOLARES','Activo',NULL,1,2,1,1,1,0,'2020-12-31 13:34:22'),(12,NULL,1130000,3,1,1100000,'CREDITOS POR VENTAS','Activo',NULL,1,1,0,0,0,0,NULL),(13,NULL,1130101,5,1,1130100,'Clientes - Deudores','Activo',NULL,1,2,0,0,0,1,NULL),(14,NULL,1130102,5,1,1130100,'Deudores por ventas comunes','Activo',NULL,1,1,0,0,0,1,NULL),(15,NULL,1130103,5,1,1130100,'Deudores por ventas morosos','Activo',NULL,1,1,0,0,0,1,NULL),(16,NULL,1130104,5,1,1130100,'Deudores en gestión judicial','Activo',NULL,1,1,0,0,0,1,NULL),(17,NULL,1130105,5,1,1130100,'Previsión deudores incobrables','Activo',NULL,1,1,0,0,0,1,NULL),(18,NULL,1140000,3,1,1100000,'OTROS CREDITOS','Activo',NULL,1,1,0,0,0,0,NULL),(19,NULL,1140100,4,1,1140000,'Retenciones Sufridas','Activo',NULL,1,1,0,0,0,0,NULL),(20,NULL,1140301,5,1,1140300,'Anticipos Impuesto a las Ganancias','Activo',NULL,1,2,0,0,1,1,NULL),(21,NULL,1140102,5,1,1140100,'Retenciones Ingr. Brutos','Activo',NULL,0,1,0,0,0,0,NULL),(22,NULL,1140329,5,1,1140300,'Anticipo Impto.Ganancia Mínima Presunta','Activo',NULL,1,1,0,0,0,1,NULL),(23,NULL,1140105,5,1,1140100,'Retenciones Impuesto a las Ganancias','Activo',NULL,1,2,1,0,0,1,NULL),(24,NULL,1140106,5,1,1140100,'Impuesto a las Ganancias (Saldo a favor)','Activo',NULL,1,1,0,0,0,1,NULL),(25,NULL,1140107,5,1,1140100,'Retenciones de IVA','Activo',NULL,1,2,1,0,0,1,NULL),(26,NULL,1140200,4,1,1140000,'CREDITOS DIVERSOS','Activo',NULL,1,1,0,0,0,0,NULL),(27,NULL,1140201,5,1,1140200,'Anticipos de proveedores','Activo',NULL,1,1,0,0,0,1,NULL),(28,NULL,1140205,5,1,1140200,'Depósito en garantía alquileres','Activo',NULL,1,1,0,0,0,1,NULL),(29,NULL,1140206,5,1,1140200,'Derechos adquiridos a devengar','Activo',NULL,1,1,0,0,0,1,NULL),(30,NULL,1140207,5,1,1140200,'Intereses a devengar','Activo',NULL,1,1,0,0,0,1,NULL),(31,NULL,1140208,5,1,1140200,'Cuentas a rendir - Directores','Activo',NULL,1,1,0,0,0,1,NULL),(32,NULL,1140210,5,1,1140200,'Alquileres no devengados','Activo',NULL,1,1,0,0,0,1,NULL),(33,NULL,1150000,3,1,1100000,'BIENES DE CAMBIO','Activo',NULL,1,1,0,0,0,0,NULL),(34,NULL,1150400,4,1,1150000,'MERCADERIA DE REVENTA','Activo',NULL,1,1,0,0,0,0,NULL),(35,NULL,1200000,2,1,1000000,'ACTIVO NO CORRIENTE','Activo',NULL,1,1,0,0,0,0,NULL),(36,NULL,1220000,3,1,1200000,'BIENES DE USO','Activo',NULL,1,1,0,0,0,0,NULL),(37,NULL,1220100,4,1,1220000,'EQUIPOS DE COMPUTACION','Activo',NULL,1,1,0,0,0,0,NULL),(38,NULL,1220101,5,1,1220100,'Equipos de computación valores históricos','Activo',NULL,1,1,0,0,0,1,NULL),(39,NULL,1220102,5,1,1220100,'Equipos de computación ajuste','Activo',NULL,1,1,0,0,0,1,NULL),(40,NULL,1220108,5,1,1220100,'Amortización Acumulada Equipos de comput.','Activo',NULL,1,1,0,0,0,1,'2020-12-31 13:34:22'),(41,NULL,1220200,4,1,1220000,'INSTALACIONES','Activo',NULL,1,1,0,0,0,0,NULL),(42,NULL,1220201,5,1,1220200,'Instalaciones valores históricos','Activo',NULL,1,1,0,0,0,1,NULL),(43,NULL,1220202,5,1,1220200,'Instalaciones ajuste','Activo',NULL,1,1,0,0,0,1,NULL),(44,NULL,1220206,5,1,1220200,'Amortización Acumulada Instalaciones','Activo',NULL,1,1,0,0,0,1,NULL),(45,NULL,1220300,4,1,1220000,'MUEBLES Y UTILES','Activo',NULL,1,1,0,0,0,0,NULL);
INSERT INTO `conta_plan_cuenta` VALUES (46,NULL,1220301,5,1,1220300,'Muebles y utiles valores históricos','Activo',NULL,1,1,0,0,0,1,NULL),(47,NULL,1220302,5,1,1220300,'Muebles y utiles ajuste','Activo',NULL,1,1,0,0,0,1,NULL),(48,NULL,1220306,5,1,1220300,'Amortización Acumulada Muebles y Útiles','Activo',NULL,1,1,0,0,0,1,NULL),(49,NULL,1230000,3,1,1200000,'ACTIVOS INTANGIBLES','Activo',NULL,1,1,0,0,0,0,NULL),(50,NULL,1230101,5,1,1230100,'Gastos de organización valores historicos','Activo',NULL,1,1,0,0,0,1,NULL),(51,NULL,1230102,5,1,1230100,'Gastos de organización ajuste','Activo',NULL,1,1,0,0,0,1,NULL),(52,NULL,1230103,5,1,1230100,'Amortización acumulada gs. de organización','Activo',NULL,1,1,0,0,0,1,NULL),(53,NULL,2000000,1,2,0,'PASIVO','Pasivo',NULL,1,1,0,0,0,0,NULL),(54,NULL,2100000,2,2,2000000,'PASIVO CORRIENTE','Pasivo',NULL,1,1,0,0,0,0,NULL),(55,NULL,2110000,3,2,2100000,'Deudas','Pasivo',NULL,1,1,0,0,0,0,NULL),(56,NULL,2110100,4,2,2110000,'Comerciales','Pasivo',NULL,1,1,0,0,0,0,NULL),(57,NULL,2110101,5,2,2110100,'Proveedores en Cta. Cte. locales','Pasivo',NULL,1,2,0,0,0,1,NULL),(58,NULL,2110102,5,2,2110100,'Proveedores en cta. cte. exterior','Pasivo',NULL,1,1,0,0,0,1,NULL),(59,NULL,2110103,5,2,2110100,'Derechos de exhibición a devengar','Pasivo',NULL,1,1,0,0,0,1,NULL),(60,NULL,2110104,5,2,2110100,'Cheques emitidos ','Pasivo',NULL,1,2,1,1,1,1,NULL),(61,NULL,2110200,4,2,2110000,'REMUNERACIONES Y CARGAS SOCIALES','Pasivo',NULL,1,1,0,0,0,0,NULL),(62,NULL,2110201,5,2,2110200,'Sueldos y Jornales a pagar','Pasivo',NULL,1,2,0,0,1,1,NULL),(63,NULL,2110202,5,2,2110200,'Cargas sociales a pagar','Pasivo',NULL,1,1,0,0,0,1,NULL),(64,NULL,2110203,5,2,2110200,'Sindicatos a Pagar','Pasivo',NULL,1,1,0,0,0,1,NULL),(65,NULL,2110300,4,2,2110000,'CARGAS FISCALES','Pasivo',NULL,1,1,0,0,0,0,NULL),(67,NULL,2110301,5,2,2110300,'IVA Debito Fiscal','Pasivo',NULL,1,2,0,0,0,1,NULL),(68,NULL,1140222,5,1,1140200,'IVA Credito Fiscal','Activo',NULL,1,2,0,0,0,1,NULL),(69,NULL,2110303,5,2,2110300,'Impuestos Internos','Pasivo',NULL,1,1,0,0,0,1,NULL),(70,NULL,2110304,5,2,2110300,'Impuestos al Combustible','Pasivo',NULL,1,1,0,0,0,1,NULL),(71,NULL,2110601,5,2,2110600,'IVA Retenciones de terceros','Pasivo',NULL,1,1,0,0,0,1,NULL),(72,NULL,2110306,5,2,2110300,'IVA Percepciones realiz.por terceros','Pasivo',NULL,1,2,0,0,0,1,NULL),(73,NULL,2110307,5,2,2110300,'IVA Saldo a favor','Pasivo',NULL,1,1,0,0,0,1,NULL),(74,NULL,2110308,5,2,2110300,'IVA a pagar','Pasivo',NULL,1,2,0,0,0,1,NULL),(75,NULL,2110309,5,2,2110300,'Percepciones Ingresos Brutos','Pasivo',NULL,1,1,0,0,0,1,NULL),(76,NULL,2110310,5,2,2110300,'Otros Pagos AFIP','Pasivo',NULL,1,1,0,0,0,1,NULL),(78,NULL,2110350,5,2,2110300,'Impuesto a los Ingresos Brutos Pasivo','Pasivo',NULL,1,1,0,0,0,1,NULL),(79,7730,2110352,5,2,2110300,'Impuesto a las Ganancias a pagar','Pasivo',NULL,1,1,0,0,0,1,NULL),(80,NULL,2110314,5,2,2110300,'Impuesto a la Ganancia Mínima Presunta','Pasivo',NULL,1,1,0,0,0,1,NULL),(81,NULL,2110602,5,2,2110600,'AFIP - Retenciones Impuesto a las Ganancias','Pasivo',NULL,1,1,0,0,0,1,NULL),(82,NULL,2110316,5,2,2110300,'AFIP - Plan de Facilidades Decreto 338/02','Pasivo',NULL,1,1,0,0,0,1,NULL),(83,NULL,2200000,2,2,2000000,'PASIVO NO CORRIENTE','Pasivo',NULL,1,1,0,0,0,0,NULL),(84,NULL,3000000,1,2,0,'PATRIMONIO NETO','Patrimonio Neto',NULL,1,1,0,0,0,0,NULL),(85,NULL,3100000,2,2,3000000,'APORTE DE LOS PROPIETARIOS','Patrimonio Neto',NULL,1,1,0,0,0,0,NULL),(86,NULL,3110100,4,2,3110000,'CAPITAL SOCIAL','Patrimonio Neto',NULL,1,1,0,0,0,0,NULL),(87,NULL,3110101,5,2,3110100,'Acciones en circulación','Patrimonio Neto',NULL,1,1,0,0,0,1,NULL),(88,NULL,3110102,5,2,3110100,'Ajuste del Capital','Patrimonio Neto',NULL,1,2,0,0,0,1,NULL),(89,NULL,3110103,5,2,3110100,'Aportes Irrevocables Futuras Suscripciones','Patrimonio Neto',NULL,1,1,0,0,0,1,NULL),(90,NULL,3400000,2,2,3000000,'RESULTADOS','Patrimonio Neto',NULL,1,1,0,0,0,0,NULL),(91,NULL,3410101,5,2,3410100,'Resultado del ejercicio','Patrimonio Neto',NULL,1,1,0,0,0,1,NULL);
INSERT INTO `conta_plan_cuenta` VALUES (92,NULL,3410102,5,2,3410100,'Resultado ejercicios anteriores','Patrimonio Neto',NULL,1,1,0,0,0,1,NULL),(93,NULL,3410103,5,2,3410100,'A.R.E.A.','Patrimonio Neto',NULL,1,1,0,0,0,1,NULL),(94,NULL,4000000,1,2,0,'INGRESOS','Result. Positivo',NULL,1,1,0,0,0,0,NULL),(95,NULL,4100000,2,2,4000000,'INGRESOS ORDINARIOS','Result. Positivo',NULL,1,1,0,0,0,0,NULL),(96,NULL,4110101,5,2,4110100,'VENTAS','Result. Positivo',NULL,1,2,0,0,0,1,NULL),(97,NULL,4110102,5,2,4110100,'Honorarios','Result. Positivo',NULL,1,1,0,0,0,1,NULL),(98,NULL,4110103,5,2,4110100,'Sueldo Vane','Result. Positivo',NULL,0,1,0,0,0,0,'2020-12-31 13:34:22'),(99,NULL,4110104,5,2,4110100,'Descuentos obtenidos','Result. Positivo',NULL,1,1,0,0,0,1,NULL),(100,NULL,4110105,5,2,4110100,'Reintegros por exportaciones','Result. Positivo',NULL,1,1,0,0,0,1,NULL),(101,NULL,4120000,3,2,4100000,'OTROS INGRESOS','Result. Positivo',NULL,1,1,0,0,0,0,NULL),(102,NULL,4120101,5,2,4120100,'Intereses Cobrados','Result. Positivo',NULL,1,1,0,0,0,1,NULL),(103,NULL,4120102,5,2,4120100,'Diferencias de cambio','Result. Positivo',NULL,1,1,0,0,0,1,NULL),(104,NULL,4120103,5,2,4120100,'Descuentos obtenidos','Result. Positivo',NULL,1,1,0,0,0,1,NULL),(107,NULL,5000000,1,1,0,'GASTOS','Result. Negativo',NULL,1,1,0,0,0,0,NULL),(108,NULL,5100000,2,1,5000000,'GASTOS ORDINARIOS','Result. Negativo',NULL,1,1,0,0,0,0,NULL),(109,NULL,5110100,4,1,5110000,'ASIENTO DE SUELDO','Result. Negativo',NULL,1,1,0,0,0,0,NULL),(110,NULL,5110101,5,1,5110100,'Sueldos','Result. Negativo',NULL,1,1,0,0,0,1,NULL),(111,NULL,5110102,5,1,5110100,'Contribuciones','Result. Negativo',NULL,1,1,0,0,0,1,NULL),(112,NULL,5110103,5,1,5110100,'Sindicato','Result. Negativo',NULL,1,1,0,0,0,1,NULL),(113,NULL,5120100,4,1,5120000,'GASTOS DE OPERACION','Result. Negativo',NULL,1,1,0,0,0,0,NULL),(114,NULL,5120101,5,1,5120100,'ACA','Result. Negativo',NULL,1,1,0,0,0,1,'2020-12-31 13:34:22'),(115,NULL,5120102,5,1,5120100,'Aereos','Result. Negativo',NULL,1,1,0,0,0,1,NULL),(116,NULL,5120103,5,1,5120100,'Alquiler','Result. Negativo',NULL,1,1,0,0,0,1,NULL),(117,NULL,5120104,5,1,5120100,'AGUA AYSA','Result. Negativo',NULL,1,1,0,0,0,1,'2020-12-31 13:34:22'),(118,NULL,5120105,5,1,5120100,'TV Cablevision','Result. Negativo',NULL,1,1,0,0,0,1,'2020-12-31 13:34:22'),(119,NULL,5120106,5,1,5120100,'Caja Jubilacion Consejo','Result. Negativo',NULL,1,1,0,0,0,1,NULL),(120,NULL,5120107,5,1,5120100,'Celulares','Result. Negativo',NULL,1,1,0,0,0,1,NULL),(121,NULL,5120108,5,1,5120100,'Cheques','Result. Negativo',NULL,1,1,0,0,0,1,NULL),(122,NULL,5120109,5,1,5120100,'Club la Nacion','Result. Negativo',NULL,0,1,0,0,0,0,'2020-12-31 13:34:22'),(123,NULL,5120110,5,1,5120100,'Comida','Result. Negativo',NULL,1,1,0,0,0,1,'2020-12-31 13:34:22'),(124,NULL,5120111,5,1,5120100,'Diario Clarin','Result. Negativo',NULL,0,1,0,0,0,0,'2020-12-31 13:34:22'),(125,NULL,5120112,5,1,5120100,'Digital Ocean','Result. Negativo',NULL,0,1,0,0,0,0,'2020-12-31 13:34:22'),(126,NULL,5120113,5,1,5120100,'Fletes y acarreos','Result. Negativo',NULL,1,1,0,0,0,1,NULL),(127,NULL,5120114,5,1,5120100,'Luz Edesur','Result. Negativo',NULL,1,1,0,0,0,1,'2020-12-31 13:34:22'),(128,NULL,5120115,5,1,5120100,'Movilidad y Viáticos','Result. Negativo',NULL,1,1,0,0,0,1,NULL),(129,NULL,5120116,5,1,5120100,'Mantenimiento','Result. Negativo',NULL,1,1,0,0,0,1,'2020-12-31 13:34:22'),(130,NULL,5120117,5,1,5120100,'IVA No Computable','Result. Negativo',NULL,1,1,0,0,0,1,'2020-12-31 13:34:22'),(131,NULL,5120118,5,1,5120100,'Entretenimiento','Result. Negativo',NULL,1,1,0,0,0,1,'2020-12-31 13:34:22'),(132,NULL,5120119,5,1,5120100,'Amortización Bienes de Uso','Result. Negativo',NULL,1,1,0,0,0,1,NULL),(133,NULL,5120120,5,1,5120100,'Errepar','Result. Negativo',NULL,0,1,0,0,0,0,'2020-12-31 13:34:22'),(134,NULL,5120121,5,1,5120100,'Hosting Página Web To Webs','Result. Negativo',NULL,0,1,0,0,0,0,'2020-12-31 13:34:22'),(135,NULL,5120122,5,1,5120100,'Gastos varios','Result. Negativo',NULL,1,1,0,0,0,1,NULL);
INSERT INTO `conta_plan_cuenta` VALUES (136,NULL,5120123,5,1,5120100,'Ajuste por redondeo','Result. Negativo',NULL,1,2,0,0,0,1,NULL),(137,NULL,5120124,5,1,5120100,'Deudores Incobrables','Result. Negativo',NULL,1,1,0,0,0,1,NULL),(138,NULL,5120125,5,1,5120100,'Faby Goncalves','Result. Negativo',NULL,0,1,0,0,0,0,'2020-12-31 13:34:22'),(139,NULL,5130100,4,1,5130000,'GASTOS FINANCIEROS','Result. Negativo',NULL,1,1,0,0,0,0,NULL),(140,NULL,5130101,5,1,5130100,'Intereses y Gastos bancarios','Result. Negativo',NULL,1,2,0,0,1,1,NULL),(141,NULL,5130102,5,1,5130100,'Intereses Proveedores','Result. Negativo',NULL,1,1,0,0,0,1,NULL),(142,NULL,5130103,5,1,5130100,'Damian Financiera','Result. Negativo',NULL,0,1,0,0,0,0,'2020-12-31 13:34:22'),(143,NULL,5130104,5,1,5130100,'Diferencias de cambio','Result. Negativo',NULL,1,1,0,0,0,1,NULL),(144,NULL,5130105,5,1,5130100,'Diferencia de Cambio Bces. en M.Extranjera','Result. Negativo',NULL,1,1,0,0,0,1,'2020-12-31 13:34:22'),(145,NULL,5130106,5,1,5130100,'Diferencia tipo cambio Vendedor/Comprador','Result. Negativo',NULL,1,1,0,0,0,1,NULL),(146,NULL,5130107,5,1,5130100,'Diferencia por conversion en Bce. en Mon. Extranj.','Result. Negativo',NULL,1,1,0,0,0,1,'2020-12-31 13:34:22'),(147,NULL,5130108,5,1,5130100,'Diferencia de cambio CMV','Result. Negativo',NULL,1,1,0,0,0,1,'2020-12-31 13:34:22'),(148,NULL,5130109,5,1,5130100,'Diferencia de cambio PT','Result. Negativo',NULL,1,1,0,0,0,1,'2020-12-31 13:34:22'),(149,NULL,5130110,5,1,5130100,'Resultado por Exposición a la Inflación','Result. Negativo',NULL,1,1,0,0,0,1,'2020-12-31 13:34:22'),(150,NULL,5130111,5,1,5130100,'Diferencia de cambio PE','Result. Negativo',NULL,1,1,0,0,0,1,'2020-12-31 13:34:22'),(151,NULL,5130112,5,1,5130100,'Diferencia de cambio Ds.Vtas.','Result. Negativo',NULL,1,1,0,0,0,1,'2020-12-31 13:34:22'),(152,NULL,5130113,5,1,5130100,'Diferencia de cambio ME','Result. Negativo',NULL,1,1,0,0,0,1,NULL),(153,NULL,5130114,5,1,5130100,'Descuentos otorgados','Result. Negativo',NULL,1,1,0,0,0,1,NULL),(154,NULL,5140100,4,1,5140000,'IMPUESTOS','Result. Negativo',NULL,1,1,0,0,0,0,NULL),(155,NULL,5140101,5,1,5140100,'Impuesto a las Ganancias','Result. Negativo',NULL,1,1,0,0,0,1,NULL),(156,NULL,5140164,5,1,5140100,'Impuesto a los Ingresos Brutos','Result. Negativo',NULL,1,2,0,0,0,1,NULL),(157,NULL,5140102,5,1,5140100,'Impuesto al Debito y Credito Bancario','Result. Negativo',NULL,1,1,0,0,0,1,NULL),(158,NULL,5200000,2,1,5000000,'GASTOS EXTRAORDINARIOS','Result. Negativo',NULL,1,1,0,0,0,0,NULL),(159,NULL,5210101,5,1,5210100,'Pérdida por venta bienes de uso','Result. Negativo',NULL,1,1,0,0,0,1,NULL),(160,NULL,5210102,5,1,5210100,'Inversiones','Result. Negativo',NULL,1,1,0,0,0,1,NULL),(161,NULL,5210103,5,1,5210100,'Amortizaciones extraordinarias','Result. Negativo',NULL,1,1,0,0,0,1,NULL),(162,NULL,1140103,5,1,1140100,'Retenciones SUSS','Activo',NULL,1,2,1,0,0,1,NULL),(163,NULL,1110122,5,1,1110100,'Banco Patagonia Cta. Cte.','Activo',NULL,0,1,0,0,0,0,NULL),(164,NULL,1110106,5,1,1110100,'Banco HSBC','Activo',NULL,0,1,0,0,0,0,'2020-12-31 13:34:22'),(165,NULL,1110123,5,1,1110100,'Banco Ciudad Cta. Cte.','Activo',NULL,0,1,0,0,0,0,NULL),(166,NULL,1110124,5,1,1110100,'Banco Nacion Cta. Cte.','Activo',NULL,0,1,0,0,0,0,NULL),(167,NULL,1110109,5,1,1110100,'Banco Galicia Vane','Activo',NULL,0,1,0,0,0,0,'2020-12-31 13:34:22'),(168,NULL,1110110,5,1,1110100,'Banco Frances Vane','Activo',NULL,0,1,0,0,0,0,'2020-12-31 13:34:22'),(169,NULL,1110111,5,1,1110100,'Banco Patagonia In Time SRL','Activo',NULL,0,1,0,0,0,0,'2020-12-31 13:34:22'),(170,NULL,1110112,5,1,1110100,'Banco Ciudad In Time SRL','Activo',NULL,0,1,0,0,0,0,'2020-12-31 13:34:22'),(171,NULL,1110113,5,1,1110100,'Banco Provincia In Time SRL','Activo',NULL,0,1,0,0,0,0,'2020-12-31 13:34:22'),(172,NULL,1110114,5,1,1110100,'Banco Macro PedimeOnline','Activo',NULL,0,1,0,0,0,0,'2020-12-31 13:34:22'),(173,NULL,1110115,5,1,1110100,'Banco Patagonia Problema Resuelto','Activo',NULL,0,1,0,0,0,0,'2020-12-31 13:34:22');
INSERT INTO `conta_plan_cuenta` VALUES (174,NULL,1110116,5,1,1110100,'Banco Patagonia Graciela','Activo',NULL,0,1,0,0,0,0,'2020-12-31 13:34:22'),(175,NULL,1110117,5,1,1110100,'Banco Patagonia Omar','Activo',NULL,0,1,0,0,0,0,'2020-12-31 13:34:22'),(176,NULL,1110118,5,1,1110100,'Cheques','Activo',NULL,1,2,1,1,1,0,NULL),(177,NULL,5120126,5,1,5120100,'Gisela Larzabal','Result. Negativo',NULL,0,1,0,0,0,0,'2020-12-31 13:34:22'),(178,NULL,5120127,5,1,5120100,'Google','Result. Negativo',NULL,1,1,0,0,0,1,'2020-12-31 13:34:22'),(179,NULL,5120128,5,1,5120100,'Seguro Moto','Result. Negativo',NULL,0,1,0,0,0,0,'2020-12-31 13:34:22'),(180,NULL,5120129,5,1,5120100,'Sueldo Agustina','Result. Negativo',NULL,0,1,0,0,0,0,NULL),(181,NULL,5120130,5,1,5120100,'Sueldo Betty','Result. Negativo',NULL,0,1,0,0,0,0,'2020-12-31 13:34:22'),(182,NULL,5120131,5,1,5120100,'Sueldo Elizabet','Result. Negativo',NULL,0,1,0,0,0,0,'2020-12-31 13:34:22'),(183,NULL,5120132,5,1,5120100,'Sueldo Florencia','Result. Negativo',NULL,0,1,0,0,0,0,'2020-12-31 13:34:22'),(184,NULL,5120133,5,1,5120100,'Sueldo Graciela','Result. Negativo',NULL,0,1,0,0,0,0,'2020-12-31 13:34:22'),(185,NULL,5120134,5,1,5120100,'Sueldo Franco Sanchez','Result. Negativo',NULL,0,1,0,0,0,0,'2020-12-31 13:34:22'),(186,NULL,5120135,5,1,5120100,'Sueldo Santiago Sanchez','Result. Negativo',NULL,0,1,0,0,0,0,'2020-12-31 13:34:22'),(187,NULL,5120136,5,1,5120100,'Sueldo Jose Luis','Result. Negativo',NULL,0,1,0,0,0,0,'2020-12-31 13:34:22'),(188,NULL,5120137,5,1,5120100,'Publicidad','Result. Negativo',NULL,1,1,0,0,0,1,NULL),(189,NULL,5120138,5,1,5120100,'Las Nieves','Result. Negativo',NULL,0,1,0,0,0,0,'2020-12-31 13:34:22'),(190,NULL,5120139,5,1,5120100,'Sueldo Lidia','Result. Negativo',NULL,0,1,0,0,0,0,'2020-12-31 13:34:22'),(191,NULL,5120140,5,1,5120100,'Cargas Sociales','Result. Negativo',NULL,1,1,0,0,0,1,NULL),(192,NULL,5120141,5,1,5120100,'Honorarios','Result. Negativo',NULL,1,1,0,0,0,1,NULL),(193,NULL,5120142,5,1,5120100,'Telefono Fijo','Result. Negativo',NULL,1,1,0,0,0,1,NULL),(194,NULL,5120143,5,1,5120100,'ONE DRIVE','Result. Negativo',NULL,0,1,0,0,0,0,'2020-12-31 13:34:22'),(195,NULL,5120144,5,1,5120100,'OSDE','Result. Negativo',NULL,0,1,0,0,0,0,'2020-12-31 13:34:22'),(196,NULL,5120145,5,1,5120100,'SAS Constitucion','Result. Negativo',NULL,0,1,0,0,0,0,'2020-12-31 13:34:22'),(197,NULL,5120146,5,1,5120100,'Seguro de Vida Zurich','Result. Negativo',NULL,0,1,0,0,0,0,'2020-12-31 13:34:22'),(198,NULL,5120147,5,1,5120100,'Seguros','Result. Negativo',NULL,1,1,0,0,0,1,NULL),(199,NULL,5120148,5,1,5120100,'Internet','Result. Negativo',NULL,1,1,0,0,0,1,NULL),(200,NULL,5120149,5,1,5120100,'Seguro de Retiro Zurich','Result. Negativo',NULL,0,1,0,0,0,0,'2020-12-31 13:34:22'),(201,NULL,5140165,5,1,5140100,'Monotributo','Result. Negativo',NULL,1,2,0,0,1,1,NULL),(202,NULL,5140104,5,1,5140100,'IVA In Time SRL','Result. Negativo',NULL,0,1,0,0,0,0,'2020-12-31 13:34:22'),(203,NULL,5140105,5,1,5140100,'Autonomos','Result. Negativo',NULL,1,2,0,0,1,1,NULL),(204,NULL,5140106,5,1,5140100,'Multas Impositivas','Result. Negativo',NULL,1,1,0,0,0,1,NULL),(207,NULL,5120150,5,1,5120100,'Vanesa Gastos','Result. Negativo',NULL,0,1,0,0,0,0,'2020-12-31 13:34:22'),(208,NULL,5140166,5,1,5140100,'Impuesto a los Ingresos Brutos - BS AS','Result. Negativo',NULL,1,1,0,0,0,1,NULL),(209,NULL,5140107,5,1,5140100,'SIRCREB','Result. Negativo',NULL,1,1,0,0,0,1,NULL),(210,NULL,5140108,5,1,5140100,'Consejo Ciencias Economicas','Result. Negativo',NULL,0,1,0,0,0,0,'2020-12-31 13:34:22'),(211,NULL,5120152,5,1,5120100,'Albano Andres','Result. Negativo',NULL,0,1,0,0,0,0,'2020-12-31 13:34:22'),(212,NULL,5120153,5,1,5120100,'Tarjeta Visa','Result. Negativo',NULL,1,1,0,0,0,1,NULL),(213,NULL,5120154,5,1,5120100,'Tarjeta American Express','Result. Negativo',NULL,1,1,0,0,0,1,NULL),(214,NULL,5120155,5,1,5120100,'Tarjeta Mastercard','Result. Negativo',NULL,1,1,0,0,0,1,NULL),(215,NULL,5120156,5,1,5120100,'Imp. Municipales','Result. Negativo',NULL,1,2,0,0,0,1,'2020-12-31 13:34:22');
INSERT INTO `conta_plan_cuenta` VALUES (216,NULL,5120157,5,1,5120100,'Perc/Ret. Imp. Ganancias','Result. Negativo',NULL,1,2,0,0,0,1,NULL),(217,NULL,5120158,5,1,5120100,'Compras','Result. Negativo',NULL,1,2,0,0,0,1,NULL),(218,NULL,4110106,5,2,4110100,'Ventas No Gravadas','Result. Positivo',NULL,1,2,0,0,0,1,NULL),(219,NULL,6110103,5,1,6110100,'Pagos AFIP','Movimiento',NULL,1,2,0,0,1,1,NULL),(220,NULL,5140167,5,1,5140100,'Perc IVA -RG3337','Result. Negativo',NULL,1,2,0,0,0,1,NULL),(221,NULL,5140109,5,1,5140100,'Imps. Internos','Result. Negativo',NULL,1,2,0,0,0,1,NULL),(222,NULL,5140110,5,1,5140100,'Imp. Gasoil','Result. Negativo',NULL,1,2,0,0,0,1,NULL),(223,NULL,5140111,5,1,5140100,'Imp. Hídricos','Result. Negativo',NULL,1,2,0,0,0,1,NULL),(224,NULL,5140112,5,1,5140100,'ITC','Result. Negativo',NULL,1,2,0,0,0,1,NULL),(225,NULL,5140113,5,1,5140100,'Perc IIBB  Buenos Aires','Result. Negativo',NULL,1,2,0,0,0,1,NULL),(226,NULL,5140114,5,1,5140100,'Perc IIBB  Capital Federal','Result. Negativo',NULL,1,2,0,0,0,1,NULL),(227,NULL,5140115,5,1,5140100,'Perc IIBB  Catamarca','Result. Negativo',NULL,1,2,0,0,0,1,NULL),(228,NULL,5140116,5,1,5140100,'Perc IIBB  Chaco','Result. Negativo',NULL,1,2,0,0,0,1,NULL),(229,NULL,5140117,5,1,5140100,'Perc IIBB  Chubut','Result. Negativo',NULL,1,2,0,0,0,1,NULL),(230,NULL,5140118,5,1,5140100,'Perc IIBB  Córdoba','Result. Negativo',NULL,1,2,0,0,0,1,NULL),(231,NULL,5140119,5,1,5140100,'Perc IIBB  Corrientes','Result. Negativo',NULL,1,2,0,0,0,1,NULL),(232,NULL,5140120,5,1,5140100,'Perc IIBB  Entre Ríos','Result. Negativo',NULL,1,2,0,0,0,1,NULL),(233,NULL,5140121,5,1,5140100,'Perc IIBB  Formosa','Result. Negativo',NULL,1,2,0,0,0,1,NULL),(234,NULL,5140122,5,1,5140100,'Perc IIBB  Jujuy','Result. Negativo',NULL,1,2,0,0,0,1,NULL),(235,NULL,5140123,5,1,5140100,'Perc IIBB  La Pampa','Result. Negativo',NULL,1,2,0,0,0,1,NULL),(236,NULL,5140124,5,1,5140100,'Perc IIBB  La Rioja','Result. Negativo',NULL,1,2,0,0,0,1,NULL),(237,NULL,5140125,5,1,5140100,'Perc IIBB  Mendoza','Result. Negativo',NULL,1,2,0,0,0,1,NULL),(238,NULL,5140126,5,1,5140100,'Perc IIBB  Misiones','Result. Negativo',NULL,1,2,0,0,0,1,NULL),(239,NULL,5140127,5,1,5140100,'Perc IIBB  Neuquén','Result. Negativo',NULL,1,2,0,0,0,1,NULL),(240,NULL,5140128,5,1,5140100,'Perc IIBB  Pascua Lama','Result. Negativo',NULL,1,2,0,0,0,1,NULL),(241,NULL,5140129,5,1,5140100,'Perc IIBB  Río Negro','Result. Negativo',NULL,1,2,0,0,0,1,NULL),(242,NULL,5140130,5,1,5140100,'Perc IIBB  Salta','Result. Negativo',NULL,1,2,0,0,0,1,NULL),(243,NULL,5140131,5,1,5140100,'Perc IIBB  San Juan','Result. Negativo',NULL,1,2,0,0,0,1,NULL),(244,NULL,5140132,5,1,5140100,'Perc IIBB  San Luis','Result. Negativo',NULL,1,2,0,0,0,1,NULL),(245,NULL,5140133,5,1,5140100,'Perc IIBB  Santa Cruz','Result. Negativo',NULL,1,2,0,0,0,1,NULL),(246,NULL,5140134,5,1,5140100,'Perc IIBB  Santa Fe','Result. Negativo',NULL,1,2,0,0,0,1,NULL),(247,NULL,5140135,5,1,5140100,'Perc IIBB  Santiago del Estero','Result. Negativo',NULL,1,2,0,0,0,1,NULL),(248,NULL,5140136,5,1,5140100,'Perc IIBB  Tierra del Fuego','Result. Negativo',NULL,1,2,0,0,0,1,NULL),(249,NULL,5140137,5,1,5140100,'Perc IIBB  Tucuman','Result. Negativo',NULL,1,2,0,0,0,1,NULL),(250,NULL,5140138,5,1,5140100,'Compras No Gravadas','Result. Negativo',NULL,1,2,0,0,0,1,NULL),(251,NULL,1140108,5,1,1140100,'Retenciones de IIBB Buenos Aires','Activo',NULL,1,2,1,0,0,1,NULL),(252,NULL,1140109,5,1,1140100,'Retenciones de IIBB Capital Federal','Activo',NULL,1,2,1,0,0,1,NULL),(253,NULL,1140110,5,1,1140100,'Retenciones de IIBB Catamarca','Activo',NULL,1,2,1,0,0,1,NULL),(254,NULL,1140111,5,1,1140100,'Retenciones de IIBB Chaco','Activo',NULL,1,2,1,0,0,1,NULL),(255,NULL,1140112,5,1,1140100,'Retenciones de IIBB Chubut','Activo',NULL,1,2,1,0,0,1,NULL),(256,NULL,1140113,5,1,1140100,'Retenciones de IIBB Córdoba','Activo',NULL,1,2,1,0,0,1,NULL),(257,NULL,1140114,5,1,1140100,'Retenciones de IIBB Corrientes','Activo',NULL,1,2,1,0,0,1,NULL);
INSERT INTO `conta_plan_cuenta` VALUES (258,NULL,1140115,5,1,1140100,'Retenciones de IIBB Entre Ríos','Activo',NULL,1,2,1,0,0,1,NULL),(259,NULL,1140116,5,1,1140100,'Retenciones de IIBB Formosa','Activo',NULL,1,2,1,0,0,1,NULL),(260,NULL,1140117,5,1,1140100,'Retenciones de IIBB Jujuy','Activo',NULL,1,2,1,0,0,1,NULL),(261,NULL,1140118,5,1,1140100,'Retenciones de IIBB La Pampa','Activo',NULL,1,2,1,0,0,1,NULL),(262,NULL,1140119,5,1,1140100,'Retenciones de IIBB La Rioja','Activo',NULL,1,2,1,0,0,1,NULL),(263,NULL,1140120,5,1,1140100,'Retenciones de IIBB Mendoza','Activo',NULL,1,2,1,0,0,1,NULL),(264,NULL,1140121,5,1,1140100,'Retenciones de IIBB Misiones','Activo',NULL,1,2,1,0,0,1,NULL),(265,NULL,1140122,5,1,1140100,'Retenciones de IIBB Neuquén','Activo',NULL,1,2,1,0,0,1,NULL),(266,NULL,1140123,5,1,1140100,'Retenciones de IIBB Pascua Lama','Activo',NULL,1,2,1,0,0,1,NULL),(267,NULL,1140124,5,1,1140100,'Retenciones de IIBB Río Negro','Activo',NULL,1,2,1,0,0,1,NULL),(268,NULL,1140125,5,1,1140100,'Retenciones de IIBB Salta','Activo',NULL,1,2,1,0,0,1,NULL),(269,NULL,1140126,5,1,1140100,'Retenciones de IIBB San Juan','Activo',NULL,1,2,1,0,0,1,NULL),(270,NULL,1140127,5,1,1140100,'Retenciones de IIBB San Luis','Activo',NULL,1,2,1,0,0,1,NULL),(271,NULL,1140128,5,1,1140100,'Retenciones de IIBB Santa Cruz','Activo',NULL,1,2,1,0,0,1,NULL),(272,NULL,1140129,5,1,1140100,'Retenciones de IIBB Santa Fe','Activo',NULL,1,2,1,0,0,1,NULL),(273,NULL,1140130,5,1,1140100,'Retenciones de IIBB Santiago del Estero','Activo',NULL,1,2,1,0,0,1,NULL),(274,NULL,1140131,5,1,1140100,'Retenciones de IIBB Tierra del Fuego','Activo',NULL,1,2,1,0,0,1,NULL),(275,NULL,1140132,5,1,1140100,'Retenciones de IIBB Tucuman','Activo',NULL,1,2,1,0,0,1,NULL),(276,NULL,5140168,5,1,5140100,'SIRCREB Buenos Aires','Result. Negativo',NULL,1,2,0,0,0,1,NULL),(277,NULL,5140139,5,1,5140100,'SIRCREB Capital Federal','Result. Negativo',NULL,1,2,0,0,0,1,NULL),(278,NULL,5140140,5,1,5140100,'SIRCREB Catamarca','Result. Negativo',NULL,1,2,0,0,0,1,NULL),(279,NULL,5140141,5,1,5140100,'SIRCREB Chaco','Result. Negativo',NULL,1,2,0,0,0,1,NULL),(280,NULL,5140142,5,1,5140100,'SIRCREB Chubut','Result. Negativo',NULL,1,2,0,0,0,1,NULL),(281,NULL,5140143,5,1,5140100,'SIRCREB Córdoba','Result. Negativo',NULL,1,2,0,0,0,1,NULL),(282,NULL,5140144,5,1,5140100,'SIRCREB Corrientes','Result. Negativo',NULL,1,2,0,0,0,1,NULL),(283,NULL,5140145,5,1,5140100,'SIRCREB Entre Ríos','Result. Negativo',NULL,1,2,0,0,0,1,NULL),(284,NULL,5140146,5,1,5140100,'SIRCREB Formosa','Result. Negativo',NULL,1,2,0,0,0,1,NULL),(285,NULL,5140147,5,1,5140100,'SIRCREB Jujuy','Result. Negativo',NULL,1,2,0,0,0,1,NULL),(286,NULL,5140148,5,1,5140100,'SIRCREB La Pampa','Result. Negativo',NULL,1,2,0,0,0,1,NULL),(287,NULL,5140149,5,1,5140100,'SIRCREB La Rioja','Result. Negativo',NULL,1,2,0,0,0,1,NULL),(288,NULL,5140150,5,1,5140100,'SIRCREB Mendoza','Result. Negativo',NULL,1,2,0,0,0,1,NULL),(289,NULL,5140151,5,1,5140100,'SIRCREB Misiones','Result. Negativo',NULL,1,2,0,0,0,1,NULL),(290,NULL,5140152,5,1,5140100,'SIRCREB Neuquén','Result. Negativo',NULL,1,2,0,0,0,1,NULL),(291,NULL,5140153,5,1,5140100,'SIRCREB Pascua Lama','Result. Negativo',NULL,1,2,0,0,0,1,NULL),(292,NULL,5140154,5,1,5140100,'SIRCREB Río Negro','Result. Negativo',NULL,1,2,0,0,0,1,NULL),(293,NULL,5140155,5,1,5140100,'SIRCREB Salta','Result. Negativo',NULL,1,2,0,0,0,1,NULL),(294,NULL,5140156,5,1,5140100,'SIRCREB San Juan','Result. Negativo',NULL,1,2,0,0,0,1,NULL),(295,NULL,5140157,5,1,5140100,'SIRCREB San Luis','Result. Negativo',NULL,1,2,0,0,0,1,NULL),(296,NULL,5140158,5,1,5140100,'SIRCREB Santa Cruz','Result. Negativo',NULL,1,2,0,0,0,1,NULL),(297,NULL,5140159,5,1,5140100,'SIRCREB Santa Fe','Result. Negativo',NULL,1,2,0,0,0,1,NULL),(298,NULL,5140160,5,1,5140100,'SIRCREB Santiago del Estero','Result. Negativo',NULL,1,2,0,0,0,1,NULL),(299,NULL,5140161,5,1,5140100,'SIRCREB Tierra del Fuego','Result. Negativo',NULL,1,2,0,0,0,1,NULL),(300,NULL,5140162,5,1,5140100,'SIRCREB Tucuman','Result. Negativo',NULL,1,2,0,0,0,1,NULL);
INSERT INTO `conta_plan_cuenta` VALUES (301,NULL,1140326,5,1,1140300,'IIBB a Favor Buenos Aires','Activo',NULL,1,2,0,0,0,1,NULL),(302,NULL,1140302,5,1,1140300,'IIBB a Favor Capital Federal','Activo',NULL,1,2,0,0,0,1,NULL),(303,NULL,1140303,5,1,1140300,'IIBB a Favor Catamarca','Activo',NULL,1,2,0,0,0,1,NULL),(304,NULL,1140304,5,1,1140300,'IIBB a Favor Chaco','Activo',NULL,1,2,0,0,0,1,NULL),(305,NULL,1140305,5,1,1140300,'IIBB a Favor Chubut','Activo',NULL,1,2,0,0,0,1,NULL),(306,NULL,1140306,5,1,1140300,'IIBB a Favor Córdoba','Activo',NULL,1,2,0,0,0,1,NULL),(307,NULL,1140307,5,1,1140300,'IIBB a Favor Corrientes','Activo',NULL,1,2,0,0,0,1,NULL),(308,NULL,1140308,5,1,1140300,'IIBB a Favor Entre Ríos','Activo',NULL,1,2,0,0,0,1,NULL),(309,NULL,1140309,5,1,1140300,'IIBB a Favor Formosa','Activo',NULL,1,2,0,0,0,1,NULL),(310,NULL,1140310,5,1,1140300,'IIBB a Favor Jujuy','Activo',NULL,1,2,0,0,0,1,NULL),(311,NULL,1140311,5,1,1140300,'IIBB a Favor La Pampa','Activo',NULL,1,2,0,0,0,1,NULL),(312,NULL,1140312,5,1,1140300,'IIBB a Favor La Rioja','Activo',NULL,1,2,0,0,0,1,NULL),(313,NULL,1140313,5,1,1140300,'IIBB a Favor Mendoza','Activo',NULL,1,2,0,0,0,1,NULL),(314,NULL,1140314,5,1,1140300,'IIBB a Favor Misiones','Activo',NULL,1,2,0,0,0,1,NULL),(315,NULL,1140315,5,1,1140300,'IIBB a Favor Neuquén','Activo',NULL,1,2,0,0,0,1,NULL),(316,NULL,1140316,5,1,1140300,'IIBB a Favor Pascua Lama','Activo',NULL,1,2,0,0,0,1,NULL),(317,NULL,1140317,5,1,1140300,'IIBB a Favor Río Negro','Activo',NULL,1,2,0,0,0,1,NULL),(318,NULL,1140318,5,1,1140300,'IIBB a Favor Salta','Activo',NULL,1,2,0,0,0,1,NULL),(319,NULL,1140319,5,1,1140300,'IIBB a Favor San Juan','Activo',NULL,1,2,0,0,0,1,NULL),(320,NULL,1140320,5,1,1140300,'IIBB a Favor San Luis','Activo',NULL,1,2,0,0,0,1,NULL),(321,NULL,1140321,5,1,1140300,'IIBB a Favor Santa Cruz','Activo',NULL,1,2,0,0,0,1,NULL),(322,NULL,1140322,5,1,1140300,'IIBB a Favor Santa Fe','Activo',NULL,1,2,0,0,0,1,NULL),(323,NULL,1140323,5,1,1140300,'IIBB a Favor Santiago del Estero','Activo',NULL,1,2,0,0,0,1,NULL),(324,NULL,1140324,5,1,1140300,'IIBB a Favor Tierra del Fuego','Activo',NULL,1,2,0,0,0,1,NULL),(325,NULL,1140325,5,1,1140300,'IIBB a Favor Tucuman','Activo',NULL,1,2,0,0,0,1,NULL),(326,NULL,2110317,5,2,2110300,'IIBB a Pagar Buenos Aires','Pasivo',NULL,1,2,0,0,0,1,NULL),(327,NULL,2110318,5,2,2110300,'IIBB a Pagar Capital Federal','Pasivo',NULL,1,2,0,0,0,1,NULL),(328,NULL,2110319,5,2,2110300,'IIBB a Pagar Catamarca','Pasivo',NULL,1,2,0,0,0,1,NULL),(329,NULL,2110320,5,2,2110300,'IIBB a Pagar Chaco','Pasivo',NULL,1,2,0,0,0,1,NULL),(330,NULL,2110321,5,2,2110300,'IIBB a Pagar Chubut','Pasivo',NULL,1,2,0,0,0,1,NULL),(331,NULL,2110322,5,2,2110300,'IIBB a Pagar Córdoba','Pasivo',NULL,1,2,0,0,0,1,NULL),(332,NULL,2110323,5,2,2110300,'IIBB a Pagar Corrientes','Pasivo',NULL,1,2,0,0,0,1,NULL),(333,NULL,2110324,5,2,2110300,'IIBB a Pagar Entre Ríos','Pasivo',NULL,1,2,0,0,0,1,NULL),(334,NULL,2110325,5,2,2110300,'IIBB a Pagar Formosa','Pasivo',NULL,1,2,0,0,0,1,NULL),(335,NULL,2110326,5,2,2110300,'IIBB a Pagar Jujuy','Pasivo',NULL,1,2,0,0,0,1,NULL),(336,NULL,2110327,5,2,2110300,'IIBB a Pagar La Pampa','Pasivo',NULL,1,2,0,0,0,1,NULL),(337,NULL,2110328,5,2,2110300,'IIBB a Pagar La Rioja','Pasivo',NULL,1,2,0,0,0,1,NULL),(338,NULL,2110329,5,2,2110300,'IIBB a Pagar Mendoza','Pasivo',NULL,1,2,0,0,0,1,NULL),(339,NULL,2110330,5,2,2110300,'IIBB a Pagar Misiones','Pasivo',NULL,1,2,0,0,0,1,NULL),(340,NULL,2110331,5,2,2110300,'IIBB a Pagar Neuquén','Pasivo',NULL,1,2,0,0,0,1,NULL),(341,NULL,2110332,5,2,2110300,'IIBB a Pagar Pascua Lama','Pasivo',NULL,1,2,0,0,0,1,NULL),(342,NULL,2110333,5,2,2110300,'IIBB a Pagar Río Negro','Pasivo',NULL,1,2,0,0,0,1,NULL),(343,NULL,2110334,5,2,2110300,'IIBB a Pagar Salta','Pasivo',NULL,1,2,0,0,0,1,NULL),(344,NULL,2110335,5,2,2110300,'IIBB a Pagar San Juan','Pasivo',NULL,1,2,0,0,0,1,NULL),(345,NULL,2110336,5,2,2110300,'IIBB a Pagar San Luis','Pasivo',NULL,1,2,0,0,0,1,NULL),(346,NULL,2110337,5,2,2110300,'IIBB a Pagar Santa Cruz','Pasivo',NULL,1,2,0,0,0,1,NULL);
INSERT INTO `conta_plan_cuenta` VALUES (347,NULL,2110338,5,2,2110300,'IIBB a Pagar Santa Fe','Pasivo',NULL,1,2,0,0,0,1,NULL),(348,NULL,2110339,5,2,2110300,'IIBB a Pagar Santiago del Estero','Pasivo',NULL,1,2,0,0,0,1,NULL),(349,NULL,2110340,5,2,2110300,'IIBB a Pagar Tierra del Fuego','Pasivo',NULL,1,2,0,0,0,1,NULL),(350,NULL,2110341,5,2,2110300,'IIBB a Pagar Tucuman','Pasivo',NULL,1,2,0,0,0,1,NULL),(351,NULL,6110101,5,1,6110100,'BANCO SIRCREB','Movimiento',NULL,1,2,0,0,1,1,NULL),(352,NULL,6110102,5,1,6110100,'Compensacion','Movimiento',NULL,1,2,0,0,0,1,'2020-12-31 13:34:22'),(353,NULL,1140327,5,1,1140300,'IVA Saldo Tecnico','Activo',NULL,1,2,0,0,0,1,NULL),(354,NULL,1140328,5,1,1140300,'IVA Saldo Libre Disponibilidad','Activo',NULL,1,2,0,0,0,1,NULL),(355,NULL,6000000,1,1,0,'Movimiento','Movimiento',NULL,1,1,0,0,0,0,NULL),(356,NULL,6100000,2,1,6000000,'Movimiento','Movimiento',NULL,1,1,0,0,0,0,NULL),(357,NULL,6110000,3,1,6100000,'Movimiento','Movimiento',NULL,1,1,0,0,0,0,NULL),(358,NULL,4110000,3,2,4100000,'Ingresos Operativos','Result. Positivo',NULL,1,1,0,0,0,0,NULL),(359,NULL,1110120,5,1,1110100,'Caja en Pesos','Activo',NULL,1,2,1,1,1,0,NULL),(360,NULL,1140211,5,1,1140200,'Retenciones Bancarias de Ganancias a Favor','Activo',NULL,1,2,0,0,1,1,NULL),(361,NULL,1220104,5,1,1220100,'Equipos de Computación','Activo',NULL,1,1,0,0,0,1,NULL),(362,NULL,1220105,5,1,1220100,'Computadoras','Activo',NULL,1,1,0,0,0,1,NULL),(363,NULL,1220304,5,1,1220300,'Muebles y Utiles','Activo',NULL,1,1,0,0,0,1,NULL),(364,NULL,2110105,5,2,2110100,'Anticipo de Clientes','Pasivo',NULL,1,2,0,0,1,1,NULL),(365,NULL,2110401,5,2,2110400,'Provision Honorarios','Pasivo',NULL,1,1,0,0,0,1,NULL),(366,NULL,2110106,5,2,2110100,'Cta. Cte Directores','Pasivo',NULL,1,1,0,0,0,1,NULL),(367,NULL,2110107,5,2,2110100,'Provisión Honorarios Directores','Pasivo',NULL,1,1,0,0,0,1,NULL),(368,NULL,2110110,5,2,2110100,'Cuenta Particular Socio 1','Pasivo',NULL,1,1,0,0,0,1,NULL),(369,NULL,3110104,5,2,3110100,'Capital','Patrimonio Neto',NULL,1,1,0,0,0,1,NULL),(370,NULL,1120000,3,1,1100000,'INVERSIONES','Activo',NULL,1,1,0,0,0,0,NULL),(371,NULL,1160000,3,1,1100000,'OTROS ACTIVOS','Activo',NULL,1,1,0,0,0,0,NULL),(372,NULL,1160100,4,1,1160000,'OTROS','Activo',NULL,1,1,0,0,0,0,NULL),(373,NULL,2110400,4,2,2110000,'Provision de Honorarios','Pasivo',NULL,1,1,0,0,0,0,NULL),(374,NULL,3410100,4,1,3410000,'RESULTADOS ACUMULADOS','Patrimonio Neto',NULL,1,1,0,0,0,0,NULL),(375,NULL,3420000,3,1,3400000,'GANACIAS RESERVADAS','Patrimonio Neto',NULL,1,1,0,0,0,0,NULL),(376,NULL,3420100,4,1,3420000,'Rerva Legal','Patrimonio Neto',NULL,1,1,0,0,0,0,NULL),(377,NULL,1220400,4,1,1220000,'INMUEBLES','Activo',NULL,1,1,0,0,0,0,NULL),(378,NULL,1220500,4,1,1220000,'RODADOS','Activo',NULL,1,1,0,0,0,0,NULL),(379,NULL,1220600,4,1,1220000,'MAQUINARIAS','Activo',NULL,1,1,0,0,0,0,NULL),(380,NULL,1220204,5,1,1220200,'Instalaciones','Activo',NULL,1,1,0,0,0,1,NULL),(381,NULL,3420101,5,2,3420100,'Reserva Legal','Patrimonio Neto',NULL,1,1,0,0,0,1,NULL),(382,NULL,3420102,5,2,3420100,'Reserva Legal','Patrimonio Neto',NULL,1,1,0,0,0,1,'2020-12-31 13:34:22'),(383,NULL,3410105,5,2,3410100,'Resultado no asignado','Patrimonio Neto',NULL,1,1,0,0,0,1,NULL),(384,NULL,1110121,5,1,1110100,'Caja en Dolares','Activo',NULL,1,2,1,1,1,0,NULL),(385,NULL,1120100,4,1,1120000,'TEMPORARIAS','Activo',NULL,1,1,0,0,0,0,NULL),(386,NULL,1120101,5,1,1120100,'PLAZO FIJO','Activo',NULL,1,1,0,0,0,1,NULL),(387,NULL,1120200,4,1,1120000,'PERMANENTES','Activo',NULL,1,1,0,0,0,0,NULL),(388,NULL,1120201,5,1,1120200,'ACCIONES','Activo',NULL,1,1,0,0,0,1,NULL),(389,NULL,1220401,5,1,1220400,'Inmuebles','Activo',NULL,1,1,0,0,0,1,NULL),(390,NULL,1220501,5,1,1220500,'Vehiculos','Activo',NULL,1,1,0,0,0,1,NULL),(391,NULL,1220601,5,1,1220600,'Maquinarias','Activo',NULL,1,1,0,0,0,1,NULL),(392,NULL,1150401,5,1,1150400,'MERCADERIAS','Activo',NULL,1,1,0,0,0,1,NULL),(393,NULL,1160101,5,1,1160100,'OTROS','Activo',NULL,1,1,0,0,0,1,NULL),(394,NULL,1230100,4,1,1230000,'INTANGIBLES','Activo',NULL,1,1,0,0,0,0,NULL);
INSERT INTO `conta_plan_cuenta` VALUES (395,NULL,2110119,5,2,2110100,'Cuenta Particular Socio 2','Pasivo',NULL,1,1,0,0,0,1,NULL),(396,NULL,5120160,5,1,5120100,'Comisiones Y gastos Bancarios','Result. Negativo',NULL,1,1,0,0,0,1,NULL),(397,NULL,4110100,4,2,4110000,'Ingresos Operativos','Result. Positivo',NULL,1,1,0,0,0,0,NULL),(398,NULL,4120100,4,2,4120000,'OTROS INGRESOS','Result. Positivo',NULL,1,1,0,0,0,0,NULL),(399,NULL,5110000,3,1,5100000,'GASTOS ORDINARIOS','Result. Negativo',NULL,1,1,0,0,0,0,NULL),(400,NULL,5120000,3,1,5100000,'GASTOS DE OPERACION','Result. Negativo',NULL,1,1,0,0,0,0,NULL),(401,NULL,5130000,3,1,5100000,'GASTOS DE OPERACION','Result. Negativo',NULL,1,1,0,0,0,0,NULL),(402,NULL,5140000,3,1,5100000,'GASTOS DE OPERACION','Result. Negativo',NULL,1,1,0,0,0,0,NULL),(403,NULL,5210000,3,1,5200000,'GASTOS EXTRAORDINARIOS','Result. Negativo',NULL,1,1,0,0,0,0,NULL),(404,NULL,5210100,4,1,5210000,'GASTOS EXTRAORDINARIOS','Result. Negativo',NULL,1,1,0,0,0,0,NULL),(405,NULL,6110100,4,1,6110000,'Movimiento','Movimiento',NULL,1,1,0,0,0,0,NULL),(406,NULL,1130100,4,1,1130000,'Operaciones Ordinarias','Activo',NULL,1,1,0,0,0,0,NULL),(407,NULL,3110000,3,2,3100000,'CAPITAL SOCIAL','Patrimonio Neto',NULL,1,1,0,0,0,0,NULL),(408,NULL,3410000,3,2,3400000,'RESULTADOS ANTERIORES','Patrimonio Neto',NULL,1,1,0,0,0,0,NULL),(409,NULL,5110101,5,2,5110000,'IVA Crédito Fiscal No computable','Result. Negativo',NULL,1,2,0,0,1,1,NULL),(410,NULL,1110203,5,1,1110200,'Banco ICBC Cta. Cte.','Activo',NULL,1,2,1,1,1,0,NULL),(411,NULL,2110342,5,2,2110300,'Provisión Impuesto a las Ganancias','Pasivo',NULL,1,1,0,0,0,1,NULL),(412,NULL,5120107,5,2,5120000,'Amortización Muebles y Útiles','Result. Negativo',NULL,1,1,0,0,0,1,NULL),(413,NULL,5120102,5,2,5120000,'Amortización Equipos','Result. Negativo',NULL,1,1,0,0,0,1,NULL),(414,NULL,1220109,5,1,1220100,'Amortizacion Acumulada Equipos','Activo',NULL,1,1,0,0,0,1,NULL),(415,NULL,1220602,5,1,1220600,'Amortización Acumulada Maquinarias','Activo',NULL,1,1,0,0,0,1,NULL),(416,NULL,1160102,5,1,1160100,'Materias Primas','Activo',NULL,1,1,0,0,0,1,NULL),(417,NULL,1110204,5,1,1110200,'Banco Itaú Cta. Cte.','Activo',NULL,1,2,1,1,1,0,NULL),(418,NULL,2110113,5,2,2110100,'Deudas Bancarias','Pasivo',NULL,1,2,0,1,1,1,NULL),(419,NULL,1220502,5,1,1220500,'Rodados','Activo',NULL,1,1,0,0,0,1,NULL),(420,NULL,1220503,5,1,1220500,'Amortización Acumulada Rodados','Activo',NULL,1,1,0,0,0,1,NULL),(421,NULL,5120105,5,2,5120000,'Amortización Rodados','Result. Negativo',NULL,1,1,0,0,0,1,'2020-12-31 13:34:22'),(422,NULL,5120109,5,2,5120000,'Amortización Maquinarias','Result. Negativo',NULL,1,1,0,0,0,1,'2020-12-31 13:34:22'),(423,NULL,1220504,5,1,1220500,'Accesorios','Activo',NULL,1,1,0,0,0,1,NULL),(424,NULL,1220505,5,1,1220500,'Amortización Acumulada Accesorios','Activo',NULL,1,1,0,0,0,1,NULL),(425,NULL,1110205,5,1,1110200,'Banco Galicia Cta. Cte.','Activo',NULL,1,2,1,1,1,0,NULL),(426,NULL,3420101,5,2,3420000,'Reserva Facultativa','Patrimonio Neto',NULL,1,1,0,0,0,1,NULL),(427,NULL,1140212,5,1,1140200,'Créditos por Impuestos Diferidos','Activo',NULL,1,1,0,0,0,1,NULL),(428,NULL,1160103,5,1,1160100,'Fondo de Comercio','Activo',NULL,1,1,0,0,0,1,NULL),(429,NULL,1160104,5,1,1160100,'Amortizacion Acumulada Fondo de Comercio','Activo',NULL,1,1,0,0,0,1,NULL),(430,NULL,1140213,5,1,1140200,'Intereses a devengar AGIP','Activo',NULL,1,1,0,0,0,1,NULL),(431,NULL,2110343,5,2,2110300,'PFP IIBB','Pasivo',NULL,1,1,0,0,0,1,'2020-12-31 13:34:22'),(432,NULL,1140330,5,1,1140300,'Pago a Cuenta ITC','Activo',NULL,1,2,0,0,0,1,NULL),(433,NULL,2110114,5,2,2110100,'Préstamo','Pasivo',NULL,1,2,0,1,1,1,NULL),(434,NULL,1160106,5,1,1160100,'Productos','Activo',NULL,1,1,0,0,0,1,NULL),(435,NULL,2110345,5,2,2110300,'Intereses a devengar PFP','Pasivo',NULL,1,1,0,0,0,1,NULL),(436,NULL,1110206,5,1,1110200,'Banco Provincia Cta. Cte.','Activo',NULL,1,2,1,1,1,0,NULL),(437,NULL,1140215,5,1,1140200,'Imp. Ley 25413 Cred 0.6%','Activo',NULL,1,1,0,0,0,1,NULL);
INSERT INTO `conta_plan_cuenta` VALUES (438,NULL,2110402,5,2,2110400,'Honorarios Directorio a Pagar','Pasivo',NULL,1,1,0,0,0,1,NULL),(439,NULL,3110101,5,2,3110100,'Reserva para Futuras Inversiones','Patrimonio Neto',NULL,1,1,0,0,0,1,NULL),(440,NULL,1130106,5,1,1130100,'TEAC - Trabajos Ejecutados a Certificar','Activo',NULL,1,1,0,0,0,1,NULL),(441,NULL,2110115,5,2,2110100,'Leasing','Pasivo',NULL,1,2,0,1,1,1,NULL),(442,NULL,1110207,5,1,1110200,'Banco Comafi Cta. Cte','Activo',NULL,1,2,1,1,1,0,NULL),(443,NULL,2110500,4,2,2110000,'Deudas Financieras','Pasivo',NULL,1,1,0,0,0,0,NULL),(444,NULL,2110501,5,2,2110500,'Banco Santander Rio Cta Cte','Pasivo',NULL,1,1,0,0,0,1,NULL),(446,NULL,2210000,3,2,2200000,'Deudas','Pasivo',NULL,1,1,0,0,0,0,NULL),(447,NULL,2210100,4,2,2210000,'Otras Deudas','Pasivo',NULL,1,1,0,0,0,0,NULL),(448,NULL,2210101,5,2,2210100,'Planes de Pagos AFIP','Pasivo',NULL,1,2,0,1,1,1,NULL),(449,NULL,2110502,5,2,2110500,'Leasing','Pasivo',NULL,1,1,0,0,0,1,NULL),(450,NULL,6110101,5,1,6110000,'Cheques Rechazados','Movimiento',NULL,1,2,0,0,1,1,NULL),(451,NULL,1110208,5,1,1110200,'Banco Patagonia Taxes Software','Activo',NULL,1,2,1,1,1,0,NULL),(452,NULL,1110209,5,1,1110200,'Banco Macro Cta. Cte.','Activo',NULL,1,2,1,1,1,0,NULL),(453,NULL,1120202,5,1,1120200,'Inversión Central Caribe','Activo',NULL,1,1,0,0,0,1,'2020-12-31 13:34:22'),(454,NULL,1120102,5,1,1120100,'Otras Inversiones','Activo',NULL,1,1,0,0,0,1,NULL),(455,NULL,1140216,5,1,1140200,'Otros Créditos','Activo',NULL,1,1,0,0,0,1,NULL),(456,NULL,2110403,5,2,2110400,'Provisión Honorarios Socio Gerente','Pasivo',NULL,1,1,0,0,0,1,NULL),(457,NULL,1110210,5,1,1110200,'Cheque Diferido Banco Santander Rio','Activo',NULL,1,2,1,1,1,0,'2020-12-31 13:34:22'),(458,NULL,1110211,5,1,1110200,'Cheque Diferido Banco Macro','Activo',NULL,1,2,1,1,1,0,'2020-12-31 13:34:22'),(459,NULL,2110204,5,2,2110200,'Moratoria SUSS a pagar','Pasivo',NULL,1,1,0,0,0,1,NULL),(460,NULL,2110344,5,2,2110300,'Impuestos Municipales a Pagar','Pasivo',NULL,1,1,0,0,0,1,NULL),(461,NULL,5110103,5,2,5110000,'Amortización Instalaciones','Result. Negativo',NULL,1,1,0,0,0,1,NULL),(462,NULL,5120110,5,2,5120000,'Amortización Equipos de comput.','Result. Negativo',NULL,1,1,0,0,0,1,'2020-12-31 13:34:22'),(463,NULL,2110118,5,2,2110100,'Cuenta Particular Socio 3','Pasivo',NULL,1,1,0,0,0,1,NULL),(464,NULL,2110120,5,2,2110100,'Cuenta Particular Socio 4','Pasivo',NULL,1,1,0,0,0,1,NULL),(465,NULL,3110102,5,2,3110100,'Otras Reservas','Patrimonio Neto',NULL,1,1,0,0,0,1,NULL),(466,NULL,1140331,5,1,1140300,'IGMP (Saldo a Favor)','Activo',NULL,1,1,0,0,0,1,NULL),(467,NULL,5110104,5,2,5110000,'Interés','Result. Negativo',NULL,1,2,0,0,1,1,NULL),(468,NULL,1150402,5,1,1150400,'Productos en Proceso','Activo',NULL,1,1,0,0,0,1,NULL),(469,NULL,2110205,5,2,2110200,'Depósitos en Garantía Socio Gerente','Pasivo',NULL,1,1,0,0,0,1,NULL),(470,NULL,2110346,5,2,2110300,'Fondos Embargados','Pasivo',NULL,1,1,0,0,0,1,NULL),(471,NULL,2110347,5,2,2110300,'Cuota Solid.','Pasivo',NULL,1,1,0,0,0,1,'2020-12-31 13:34:22'),(472,NULL,1140332,5,1,1140300,'Anticipo Honorarios Directores','Activo',NULL,1,1,0,0,0,1,NULL),(473,NULL,2110348,5,2,2110300,'SICORE a Pagar','Pasivo',NULL,1,1,0,0,0,1,NULL),(474,NULL,1110212,5,1,1110200,'Banco Credicoop Cta. Cte.','Activo',NULL,1,2,1,1,1,0,NULL),(475,NULL,1110213,5,1,1110200,'Banco Superville Cta. Cte.','Activo',NULL,1,2,1,1,1,0,NULL),(476,NULL,5110105,5,2,5110000,'RECPAM','Result. Negativo',NULL,1,2,0,0,0,1,NULL),(477,NULL,1110125,5,1,1110100,'Caja Reales','Activo',NULL,1,2,1,1,1,0,NULL),(478,NULL,5140169,5,1,5140100,'CO2 - Imp. Al Carbono','Result. Negativo',NULL,1,2,0,0,0,1,NULL),(479,NULL,1140300,4,1,1140000,'Anticipo de Impuestos','Activo',NULL,1,1,0,0,0,0,NULL),(480,NULL,2110600,4,2,2110000,'Retenciones Efectuadas','Pasivo',NULL,1,1,0,0,0,0,NULL),(481,NULL,4200000,2,2,4000000,'INGRESOS EXTRAORDINARIOS','Result. Positivo',NULL,1,1,0,0,0,0,NULL),(482,7730,1140225,5,1,1140200,'Accionistas','Activo',NULL,1,1,0,0,0,0,NULL);
INSERT INTO `conta_plan_cuenta` VALUES (483,7730,3110101,5,2,3110100,'Acciones a emitir','Patrimonio Neto',NULL,1,1,0,0,0,1,NULL),(484,7730,1110216,5,1,1110200,'Mercado Pago','Activo',NULL,1,1,1,1,1,0,NULL),(485,7730,2110503,5,2,2110500,'Acreedores Varios','Pasivo',NULL,1,1,0,0,0,1,NULL),(486,7730,5120108,5,2,5120100,'Costo de mercaderias vendidas','Result. Negativo',NULL,1,1,0,0,0,1,NULL),(487,7730,5120108,5,2,5120100,'Servicio de informática','Result. Negativo',NULL,1,1,0,0,0,1,NULL),(488,7730,5120108,5,2,5120100,'Comisiones Mercado Libre','Result. Negativo',NULL,1,1,0,0,0,1,NULL),(489,7730,5120108,5,2,5120100,'Servicio de telefonía','Result. Negativo',NULL,1,1,0,0,0,1,NULL),(490,7730,2110121,5,2,2110100,'Servicio de informática a pagar','Pasivo',NULL,1,1,0,0,0,0,NULL),(491,7730,2110122,5,2,2110100,'Servicio de telefonía a pagar','Pasivo',NULL,1,1,0,0,0,0,NULL),(492,7730,2110131,5,2,2110100,'Comisiones Mercado Libre a pagar','Pasivo',NULL,1,1,0,0,0,0,NULL),(493,7730,2110124,5,2,2110100,'Honorarios a pagar','Pasivo',NULL,1,1,0,0,0,0,NULL),(494,7730,2110125,5,2,2110100,'Gastor de organización a pagar','Pasivo',NULL,1,1,0,0,0,0,NULL),(495,7730,1160107,5,1,1160100,'Gastos de organización','Activo',NULL,1,1,0,0,0,0,NULL),(496,7730,2110126,5,2,2110100,'Gastos de organización a pagar','Pasivo',NULL,1,1,0,0,0,0,NULL),(497,7730,1110217,5,1,1110200,'Banco Santander Rio cta. cte.','Activo',NULL,1,1,1,1,1,0,NULL),(498,7730,5120108,5,2,5120100,'Servicio de Marketing Digital','Result. Negativo',NULL,1,1,0,0,0,1,NULL),(499,7730,5120108,5,2,5120100,'Amortización Maquinarias','Result. Negativo',NULL,1,1,0,0,0,1,NULL),(500,7730,5120108,5,2,5120100,'Amortización gastos de organización','Result. Negativo',NULL,1,1,0,0,0,1,NULL),(501,7730,4120101,5,1,4120100,'RECPAM','Result. Positivo',NULL,1,1,0,0,0,1,NULL),(502,7730,5140101,5,2,5140100,'Impuesto a los ingresos Brutos - Capital Federal','Result. Negativo',NULL,1,1,0,0,0,1,NULL),(503,7730,5140101,5,2,5140100,'Intereses Resarcitorios Impositivos','Result. Negativo',NULL,1,1,0,0,0,1,NULL),(504,7730,4120101,5,1,4120100,'Ajuste por redondeo','Result. Positivo',NULL,1,1,0,0,0,0,NULL),(505,7730,1140333,5,1,1140300,'Percepciones IIBB - Prov. Buenos Aires','Activo',NULL,1,1,0,0,0,0,NULL),(506,7730,1140334,5,1,1140300,'Percepciones IVA RG 2408','Activo',NULL,1,1,0,0,0,0,NULL),(507,7730,1140226,5,1,1140200,'Cuenta Particular - Socio Balbuena','Activo',NULL,1,1,0,0,0,0,NULL),(1001,NULL,5140170,5,1,5140100,'SIRTAC Córdoba','Result. Negativo',NULL,1,2,0,0,0,1,NULL),(1002,NULL,5140171,5,1,5140100,'SIRTAC Corrientes','Result. Negativo',NULL,1,2,0,0,0,1,NULL),(1003,NULL,5140172,5,1,5140100,'SIRTAC Chaco','Result. Negativo',NULL,1,2,0,0,0,1,NULL),(1004,NULL,5140173,5,1,5140100,'SIRTAC Chubut','Result. Negativo',NULL,1,2,0,0,0,1,NULL),(1005,NULL,5140174,5,1,5140100,'SIRTAC Entre Ríos','Result. Negativo',NULL,1,2,0,0,0,1,NULL),(1006,NULL,5140175,5,1,5140100,'SIRTAC Formosa','Result. Negativo',NULL,1,2,0,0,0,1,NULL),(1007,NULL,5140176,5,1,5140100,'SIRTAC Jujuy','Result. Negativo',NULL,1,2,0,0,0,1,NULL),(1008,NULL,5140177,5,1,5140100,'SIRTAC La Pampa','Result. Negativo',NULL,1,2,0,0,0,1,NULL),(1009,NULL,5140178,5,1,5140100,'SIRTAC La Rioja','Result. Negativo',NULL,1,2,0,0,0,1,NULL),(1010,NULL,5140179,5,1,5140100,'SIRTAC Mendoza','Result. Negativo',NULL,1,2,0,0,0,1,NULL),(1011,NULL,5140180,5,1,5140100,'SIRTAC Misiones','Result. Negativo',NULL,1,2,0,0,0,1,NULL),(1012,NULL,5140181,5,1,5140100,'SIRTAC Neuquén','Result. Negativo',NULL,1,2,0,0,0,1,NULL),(1013,NULL,5140182,5,1,5140100,'SIRTAC Río Negro','Result. Negativo',NULL,1,2,0,0,0,1,NULL),(1014,NULL,5140183,5,1,5140100,'SIRTAC Salta','Result. Negativo',NULL,1,2,0,0,0,1,NULL),(1015,NULL,5140184,5,1,5140100,'SIRTAC San Juan','Result. Negativo',NULL,1,2,0,0,0,1,NULL),(1016,NULL,5140185,5,1,5140100,'SIRTAC San Luis','Result. Negativo',NULL,1,2,0,0,0,1,NULL),(1017,NULL,5140186,5,1,5140100,'SIRTAC Santa Cruz','Result. Negativo',NULL,1,2,0,0,0,1,NULL);
INSERT INTO `conta_plan_cuenta` VALUES (1018,NULL,5140187,5,1,5140100,'SIRTAC Santa Fe','Result. Negativo',NULL,1,2,0,0,0,1,NULL),(1019,NULL,5140188,5,1,5140100,'SIRTAC Santiago del Estero','Result. Negativo',NULL,1,2,0,0,0,1,NULL),(1020,NULL,5140189,5,1,5140100,'SIRTAC Tierra del Fuego','Result. Negativo',NULL,1,2,0,0,0,1,NULL),(1021,NULL,5140190,5,1,5140100,'SIRTAC Tucuman','Result. Negativo',NULL,1,2,0,0,0,1,NULL),(1022,NULL,5140191,5,1,5140100,'SIRTAC Capital Federal','Result. Negativo',NULL,1,2,0,0,0,1,NULL),(1023,NULL,5140192,5,1,5140100,'SIRTAC Buenos Aires','Result. Negativo',NULL,1,2,0,0,0,1,NULL),(1024,NULL,5140193,5,1,5140100,'SIRTAC Catamarca','Result. Negativo',NULL,1,2,0,0,0,1,NULL),(1025,NULL,5140194,5,1,5140100,'SIRTAC Pascua Lama','Result. Negativo',NULL,1,2,0,0,0,1,NULL),(1026,NULL,6110104,5,1,6110100,'BANCO SIRTAC','Movimiento',NULL,1,2,0,0,1,1,NULL);

--
-- Table structure for table `conta_tipo_asientos`
--

CREATE TABLE `conta_tipo_asientos` (
  `id` int(10) unsigned NOT NULL AUTO_INCREMENT,
  `nombre` varchar(255) COLLATE utf8mb4_unicode_ci DEFAULT NULL,
  `created_at` timestamp NULL DEFAULT NULL,
  `updated_at` timestamp NULL DEFAULT NULL,
  `deleted_at` timestamp NULL DEFAULT NULL,
  `orden` int(11) DEFAULT NULL,
  PRIMARY KEY (`id`)
) ENGINE=InnoDB AUTO_INCREMENT=25 DEFAULT CHARSET=utf8mb4 COLLATE=utf8mb4_unicode_ci;

--
-- Dumping data for table `conta_tipo_asientos`
--

INSERT INTO `conta_tipo_asientos` VALUES (1,'Sueldos',NULL,NULL,NULL,11),(2,'Ingresos',NULL,NULL,NULL,9),(3,'Egresos',NULL,NULL,NULL,10),(4,'Amortizaciones',NULL,NULL,NULL,4),(5,'Banco',NULL,NULL,NULL,15),(6,'Ganancias',NULL,NULL,NULL,12),(7,'Retenciones',NULL,NULL,NULL,13),(8,'SIRCREB',NULL,NULL,NULL,14),(9,'Compensaciones',NULL,NULL,NULL,16),(10,'Pagos AFIP',NULL,NULL,NULL,17),(11,'Ajustes',NULL,NULL,NULL,3),(12,'Saldos Iniciales',NULL,NULL,NULL,1),(13,'Cancelacion de Iniciales',NULL,NULL,NULL,2),(14,'Patrimonio Neto',NULL,NULL,NULL,8),(15,'Liquidaciones IVA',NULL,NULL,NULL,18),(16,'Liquidacion IIBB',NULL,NULL,NULL,19),(17,'Asientos de Cierre',NULL,NULL,NULL,5),(18,'Reclasificacion',NULL,NULL,NULL,6),(19,'Otros',NULL,NULL,NULL,7),(20,'Cobranzas','2019-10-02 03:20:37','2019-10-02 03:20:37',NULL,NULL),(21,'Pagos','2019-10-02 03:20:37','2019-10-02 03:20:37',NULL,NULL),(22,'Tesoreria','2019-10-19 02:10:24','2019-10-19 02:10:24',NULL,NULL),(23,'Ajuste por Inflacion','2020-03-01 06:39:20','2020-03-01 06:39:20',NULL,NULL),(24,'SIRTAC','2023-10-16 21:14:54','2023-10-16 21:14:54',NULL,20);

--
-- Table structure for table `conta_tipo_cuentas`
--

CREATE TABLE `conta_tipo_cuentas` (
  `id` int(10) unsigned NOT NULL AUTO_INCREMENT,
  `tipo_cuenta` varchar(255) COLLATE utf8mb4_unicode_ci DEFAULT NULL,
  `created_at` timestamp NULL DEFAULT NULL,
  `updated_at` timestamp NULL DEFAULT NULL,
  `deleted_at` timestamp NULL DEFAULT NULL,
  PRIMARY KEY (`id`)
) ENGINE=InnoDB AUTO_INCREMENT=6 DEFAULT CHARSET=utf8mb4 COLLATE=utf8mb4_unicode_ci;

--
-- Dumping data for table `conta_tipo_cuentas`
--

INSERT INTO `conta_tipo_cuentas` VALUES (1,'Rubro',NULL,NULL,NULL),(2,'SubRubro',NULL,NULL,NULL),(3,'Grupo',NULL,NULL,NULL),(4,'SubGrupo',NULL,NULL,NULL),(5,'Cuenta',NULL,NULL,NULL);

--
-- Table structure for table `conta_tipo_saldos`
--

CREATE TABLE `conta_tipo_saldos` (
  `id` int(10) unsigned NOT NULL AUTO_INCREMENT,
  `saldo` varchar(255) COLLATE utf8mb4_unicode_ci DEFAULT NULL,
  `created_at` timestamp NULL DEFAULT NULL,
  `updated_at` timestamp NULL DEFAULT NULL,
  `deleted_at` timestamp NULL DEFAULT NULL,
  PRIMARY KEY (`id`)
) ENGINE=InnoDB AUTO_INCREMENT=3 DEFAULT CHARSET=utf8mb4 COLLATE=utf8mb4_unicode_ci;

--
-- Dumping data for table `conta_tipo_saldos`
--

INSERT INTO `conta_tipo_saldos` VALUES (1,'Deudor',NULL,NULL,NULL),(2,'Acreedor',NULL,NULL,NULL);

--
-- Table structure for table `control_cuits_afip`
--

CREATE TABLE `control_cuits_afip` (
  `id` int(10) unsigned NOT NULL AUTO_INCREMENT,
  `user_id` int(10) unsigned DEFAULT NULL,
  `person_id` int(10) unsigned NOT NULL,
  `field_name1` varchar(191) COLLATE utf8mb4_unicode_ci DEFAULT NULL,
  `cuit` varchar(191) COLLATE utf8mb4_unicode_ci DEFAULT NULL,
  `error` varchar(191) COLLATE utf8mb4_unicode_ci DEFAULT NULL,
  `created_at` timestamp NULL DEFAULT NULL,
  `updated_at` timestamp NULL DEFAULT NULL,
  `deleted_at` timestamp NULL DEFAULT NULL,
  PRIMARY KEY (`id`),
  KEY `control_cuits_afip_person_id_foreign` (`person_id`),
  CONSTRAINT `control_cuits_afip_person_id_foreign` FOREIGN KEY (`person_id`) REFERENCES `persons` (`id`)
) ENGINE=InnoDB DEFAULT CHARSET=utf8mb4 COLLATE=utf8mb4_unicode_ci;

--
-- Dumping data for table `control_cuits_afip`
--


--
-- Table structure for table `control_general`
--

CREATE TABLE `control_general` (
  `id` int(10) unsigned NOT NULL AUTO_INCREMENT,
  `description` varchar(180) COLLATE utf8mb4_unicode_ci NOT NULL,
  `class` int(10) unsigned NOT NULL,
  `class_description` varchar(180) COLLATE utf8mb4_unicode_ci NOT NULL,
  `path` varchar(255) COLLATE utf8mb4_unicode_ci DEFAULT NULL,
  `created_at` timestamp NULL DEFAULT NULL,
  `updated_at` timestamp NULL DEFAULT NULL,
  PRIMARY KEY (`id`),
  UNIQUE KEY `control_general_description_unique` (`description`)
) ENGINE=InnoDB AUTO_INCREMENT=6 DEFAULT CHARSET=utf8mb4 COLLATE=utf8mb4_unicode_ci;

--
-- Dumping data for table `control_general`
--

INSERT INTO `control_general` VALUES (1,'Ingresos - Egresos - Resultado',1,'Proyeccion Ganancias','control_general/proyecGanancias',NULL,NULL),(2,'IVA',2,'IVA','control_general/iva',NULL,NULL),(3,'IIBB',3,'IIBB','control_general/iibb',NULL,NULL),(4,'Por Mes',4,'Vto. Impuestos','control_general/vto',NULL,NULL),(5,'Por Impuesto',4,'Vto. Impuestos','control_general/vtoPorImpuestos',NULL,NULL);

--
-- Table structure for table `cta_cte_cliente`
--

CREATE TABLE `cta_cte_cliente` (
  `id` int(10) unsigned NOT NULL AUTO_INCREMENT,
  `user_id` int(10) unsigned DEFAULT NULL,
  `tipo_asiento_id` int(10) unsigned NOT NULL,
  `person_id` int(10) unsigned NOT NULL,
  `person_id_relationed` int(10) unsigned NOT NULL,
  `cta_cte_tesoreria_cuenta_id` int(10) unsigned DEFAULT NULL,
  `period_id` int(10) unsigned NOT NULL,
  `saldo_id` int(10) unsigned NOT NULL,
  `compensado` tinyint(1) NOT NULL DEFAULT '0',
  `fecha` date DEFAULT NULL,
  `fecha_vencimiento` date DEFAULT NULL,
  `total` decimal(16,2) NOT NULL,
  `moneda_id` int(10) unsigned NOT NULL DEFAULT '1',
  `cotizacion` decimal(9,2) NOT NULL DEFAULT '1.00',
  `comentario` varchar(191) COLLATE utf8mb4_unicode_ci DEFAULT NULL,
  `file` varchar(191) COLLATE utf8mb4_unicode_ci DEFAULT NULL,
  `created_at` timestamp NULL DEFAULT NULL,
  `updated_at` timestamp NULL DEFAULT NULL,
  `deleted_at` timestamp NULL DEFAULT NULL,
  PRIMARY KEY (`id`),
  KEY `cta_cte_cliente_person_id_foreign` (`person_id`),
  KEY `cta_cte_cliente_person_id_relationed_foreign` (`person_id_relationed`),
  KEY `cta_cte_cliente_period_id_foreign` (`period_id`),
  KEY `cta_cte_cliente_saldo_id_foreign` (`saldo_id`),
  KEY `cta_cte_cliente_tipo_asiento_id_foreign` (`tipo_asiento_id`),
  KEY `cta_cte_cliente_cta_cte_tesoreria_cuenta_id_foreign` (`cta_cte_tesoreria_cuenta_id`),
  KEY `cta_cte_cliente_moneda_id_foreign` (`moneda_id`),
  CONSTRAINT `cta_cte_cliente_cta_cte_tesoreria_cuenta_id_foreign` FOREIGN KEY (`cta_cte_tesoreria_cuenta_id`) REFERENCES `cta_cte_tesoreria_cuentas` (`id`),
  CONSTRAINT `cta_cte_cliente_moneda_id_foreign` FOREIGN KEY (`moneda_id`) REFERENCES `monedas` (`id`),
  CONSTRAINT `cta_cte_cliente_period_id_foreign` FOREIGN KEY (`period_id`) REFERENCES `periods` (`id`),
  CONSTRAINT `cta_cte_cliente_person_id_foreign` FOREIGN KEY (`person_id`) REFERENCES `persons` (`id`),
  CONSTRAINT `cta_cte_cliente_person_id_relationed_foreign` FOREIGN KEY (`person_id_relationed`) REFERENCES `persons` (`id`),
  CONSTRAINT `cta_cte_cliente_saldo_id_foreign` FOREIGN KEY (`saldo_id`) REFERENCES `conta_tipo_saldos` (`id`),
  CONSTRAINT `cta_cte_cliente_tipo_asiento_id_foreign` FOREIGN KEY (`tipo_asiento_id`) REFERENCES `conta_tipo_asientos` (`id`)
) ENGINE=InnoDB AUTO_INCREMENT=598 DEFAULT CHARSET=utf8mb4 COLLATE=utf8mb4_unicode_ci;

--
-- Dumping data for table `cta_cte_cliente`
--

INSERT INTO `cta_cte_cliente` VALUES (1,7730,2,40720,40721,13,1520,1,0,'2020-09-30','2020-09-30',5272.00,1,1.00,'Factura B N°: 0001-00000001',NULL,'2022-08-28 13:01:48','2022-08-28 13:04:51','2022-08-28 13:04:51'),(2,7730,2,40720,40721,13,1520,1,0,'2020-09-30','2020-09-30',5272.01,1,1.00,'Factura B N°: 0001-00000001',NULL,'2022-08-28 13:04:51','2022-08-28 13:05:09','2022-08-28 13:05:09'),(3,7730,2,40720,40721,13,1520,1,0,'2020-09-30','2020-09-30',5271.99,1,1.00,'Factura B N°: 0001-00000001',NULL,'2022-08-28 13:05:09','2022-08-28 13:13:02','2022-08-28 13:13:02'),(4,7730,2,40720,40721,13,1520,1,0,'2020-09-30','2020-09-30',5271.99,1,1.00,'Factura B N°: 0001-00000001',NULL,'2022-08-28 13:13:02','2022-08-28 18:21:56','2022-08-28 18:21:56'),(5,7730,20,40720,40721,13,1520,2,0,'2020-09-30','2020-09-30',5271.99,1,1.00,NULL,NULL,'2022-08-28 15:04:15','2022-08-28 16:39:22','2022-08-28 16:39:22'),(6,7730,20,40720,40721,13,1520,2,0,'2020-09-30','2020-09-30',5272.00,1,1.00,NULL,NULL,'2022-08-28 16:43:18','2022-08-28 16:54:30','2022-08-28 16:54:30'),(7,7730,20,40720,40721,13,1520,2,0,'2020-09-30','2020-09-30',5271.99,1,1.00,NULL,NULL,'2022-08-28 16:55:29','2022-08-28 23:49:23','2022-08-28 23:49:23'),(8,7730,2,40720,40721,13,1520,1,0,'2020-09-30','2020-09-30',5271.99,1,1.00,'Factura B N°: 0001-00000001',NULL,'2022-08-28 18:21:56','2022-08-28 20:10:04','2022-08-28 20:10:04'),(9,7730,2,40720,40721,13,1520,1,0,'2020-09-30','2020-09-30',5271.99,1,1.00,'Factura B N°: 0001-00000001',NULL,'2022-08-28 20:41:57','2022-08-28 23:31:51','2022-08-28 23:31:51'),(10,7730,2,40720,40721,13,1520,1,0,'2020-09-30','2020-09-30',5272.00,1,1.00,'Factura B N°: 0001-00000001',NULL,'2022-08-28 23:35:04','2022-09-02 04:23:51','2022-09-02 04:23:51'),(11,7730,20,40720,40721,13,1520,2,0,'2020-10-01','2020-10-01',5272.00,1,1.00,NULL,NULL,'2022-08-28 23:51:22','2022-08-29 00:15:32','2022-08-29 00:15:32'),(12,7730,20,40720,40721,13,1520,2,0,'2020-09-30','2020-09-30',5272.00,1,1.00,NULL,NULL,'2022-08-29 00:16:35','2022-09-02 04:26:26','2022-09-02 04:26:26'),(13,7730,2,40720,40723,13,1521,1,0,'2020-10-15','2020-10-15',4815.00,1,1.00,'Factura B N°: 0001-00000002',NULL,'2022-08-29 00:23:21','2022-08-29 00:27:06','2022-08-29 00:27:06'),(14,7730,2,40720,40723,13,1521,1,0,'2020-10-15','2020-10-15',4815.00,1,1.00,'Factura B N°: 0001-00000002',NULL,'2022-08-29 00:27:06','2022-09-02 04:24:05','2022-09-02 04:24:05'),(15,7730,20,40720,40723,13,1521,2,0,'2020-10-15','2020-10-15',4815.00,1,1.00,NULL,NULL,'2022-08-29 00:39:42','2022-09-02 04:26:31','2022-09-02 04:26:31'),(16,7730,3,40720,40724,57,1521,2,0,'2020-10-01','2020-10-01',3953.98,1,1.00,'Factura A N°: 0003-00004168',NULL,'2022-08-29 00:44:09','2022-08-29 01:44:34','2022-08-29 01:44:34'),(17,7730,3,40720,40725,57,1521,2,0,'2020-10-05','2020-10-05',786.50,1,1.00,'Factura B N°: 0003-00040186',NULL,'2022-08-29 00:44:09','2022-08-29 01:02:45','2022-08-29 01:02:45'),(18,7730,3,40720,40726,57,1521,2,0,'2020-10-07','2020-10-07',14400.00,1,1.00,'Factura C N°: 0002-00000102',NULL,'2022-08-29 00:44:09','2022-08-29 01:02:36','2022-08-29 01:02:36'),(19,7730,3,40720,40727,57,1521,2,0,'2020-10-08','2020-10-08',747.66,1,1.00,'Factura B N°: 0011-07066419',NULL,'2022-08-29 00:44:09','2022-08-29 00:56:54','2022-08-29 00:56:54'),(20,7730,3,40720,40724,57,1521,2,0,'2020-10-22','2020-10-22',2990.21,1,1.00,'Factura A N°: 0003-00004227',NULL,'2022-08-29 00:44:09','2022-08-29 01:45:25','2022-08-29 01:45:25'),(21,7730,3,40720,40728,57,1521,2,0,'2020-10-31','2020-10-31',989.41,1,1.00,'Factura A N°: 6364-03838983',NULL,'2022-08-29 00:44:09','2022-08-29 00:53:15','2022-08-29 00:53:15'),(22,7730,3,40720,40728,57,1521,2,0,'2020-10-31','2020-10-31',989.41,1,1.00,'Factura A N°: 6364-03838983',NULL,'2022-08-29 00:53:15','2022-08-29 01:02:22','2022-08-29 01:02:22'),(23,7730,3,40720,40727,57,1521,2,0,'2020-10-08','2020-10-08',747.66,1,1.00,'Factura B N°: 0011-07066419',NULL,'2022-08-29 00:56:54','2022-08-29 01:26:01','2022-08-29 01:26:01');
INSERT INTO `cta_cte_cliente` VALUES (24,7730,3,40720,40725,57,1521,2,0,'2020-10-05','2020-10-05',786.50,1,1.00,'Factura B N°: 0003-00040186',NULL,'2022-08-29 01:12:29','2022-08-29 01:20:08','2022-08-29 01:20:08'),(25,7730,3,40720,40725,57,1521,2,0,'2020-10-05','2020-10-05',786.50,1,1.00,'Factura B N°: 0003-00040186',NULL,'2022-08-29 01:20:08','2022-09-02 02:51:17','2022-09-02 02:51:17'),(26,7730,3,40720,40727,57,1521,2,0,'2020-10-08','2020-10-08',747.66,1,1.00,'Factura B N°: 0011-07066419',NULL,'2022-08-29 01:26:01','2022-08-29 02:09:54','2022-08-29 02:09:54'),(27,7730,3,40720,40728,57,1521,2,0,'2020-10-31','2020-10-31',989.41,1,1.00,'Factura A N°: 6364-03838983',NULL,'2022-08-29 01:31:55','2022-09-02 02:54:54','2022-09-02 02:54:54'),(28,7730,3,40720,40726,57,1521,2,0,'2020-10-07','2020-10-07',14400.00,1,1.00,'Factura C N°: 0002-00000102',NULL,'2022-08-29 01:37:02','2022-09-02 02:30:33','2022-09-02 02:30:33'),(29,7730,3,40720,40724,57,1521,2,0,'2020-10-01','2020-10-01',3953.98,1,1.00,'Factura A N°: 0003-00004168',NULL,'2022-08-29 01:44:34','2023-03-28 17:17:32',NULL),(30,7730,3,40720,40724,57,1521,2,0,'2020-10-22','2020-10-22',2990.21,1,1.00,'Factura A N°: 0003-00004227',NULL,'2022-08-29 01:45:25','2023-03-28 17:17:32',NULL),(31,7730,21,40720,40726,57,1521,1,0,'2020-10-07','2020-10-07',14400.00,1,1.00,NULL,NULL,'2022-08-29 01:53:25','2022-09-02 02:50:01','2022-09-02 02:50:01'),(32,7730,21,40720,40726,57,1521,1,0,'2020-10-05','2020-10-05',786.50,1,1.00,NULL,NULL,'2022-08-29 01:55:39','2022-08-29 01:56:02','2022-08-29 01:56:02'),(33,7730,21,40720,40726,57,1521,1,0,'2020-10-05','2020-10-05',786.50,1,1.00,NULL,NULL,'2022-08-29 01:56:57','2022-08-29 01:59:28','2022-08-29 01:59:28'),(34,7730,21,40720,40727,57,1521,1,0,'2020-10-08','2020-10-08',747.66,1,1.00,NULL,NULL,'2022-08-29 01:59:15','2022-08-29 02:06:13','2022-08-29 02:06:13'),(35,7730,21,40720,40727,57,1521,1,0,'2020-10-05','2020-10-05',786.50,1,1.00,NULL,NULL,'2022-08-29 02:01:13','2022-08-29 02:07:43','2022-08-29 02:07:43'),(36,7730,3,40720,40727,57,1521,2,0,'2020-10-08','2020-10-08',747.66,1,1.00,'Factura B N°: 0011-07066419',NULL,'2022-08-29 02:09:54','2022-09-02 02:36:32','2022-09-02 02:36:32'),(37,7730,21,40720,40727,57,1521,1,0,'2020-10-08','2020-10-08',747.66,1,1.00,NULL,NULL,'2022-08-29 02:12:05','2022-09-02 02:02:41','2022-09-02 02:02:41'),(38,7730,21,40720,40725,57,1521,1,0,'2020-10-05','2020-10-05',786.50,1,1.00,NULL,NULL,'2022-08-29 02:13:35','2022-09-02 02:50:52','2022-09-02 02:50:52'),(39,7730,21,40720,40725,57,1521,1,0,'2020-10-31','2020-10-31',989.41,1,1.00,NULL,NULL,'2022-08-29 02:14:47','2022-08-29 02:15:06','2022-08-29 02:15:06'),(40,7730,21,40720,40728,57,1521,1,0,'2020-10-31','2020-10-31',989.41,1,1.00,NULL,NULL,'2022-08-29 02:16:34','2022-09-02 02:54:54','2022-09-02 02:54:54'),(41,7730,2,40720,40729,13,1522,1,0,'2020-11-03','2020-11-03',5295.00,1,1.00,'Factura B N°: 0001-00000003',NULL,'2022-09-01 14:28:33','2022-09-01 14:33:01','2022-09-01 14:33:01'),(42,7730,2,40720,40730,13,1522,1,0,'2020-11-20','2020-11-20',11754.01,1,1.00,'Factura A N°: 0001-00000001',NULL,'2022-09-01 14:28:33','2022-09-01 14:43:32','2022-09-01 14:43:32'),(43,7730,2,40720,40731,13,1522,1,0,'2020-11-20','2020-11-20',150.00,1,1.00,'Factura B N°: 0001-00000004',NULL,'2022-09-01 14:28:33','2022-09-01 14:33:35','2022-09-01 14:33:35'),(44,7730,2,40720,40732,13,1522,1,0,'2020-11-20','2020-11-20',150.00,1,1.00,'Factura B N°: 0001-00000005',NULL,'2022-09-01 14:28:33','2022-09-01 14:34:12','2022-09-01 14:34:12'),(45,7730,2,40720,40729,13,1522,1,0,'2020-11-20','2020-11-20',219.00,1,1.00,'Factura B N°: 0001-00000006',NULL,'2022-09-01 14:28:34','2022-09-01 14:38:43','2022-09-01 14:38:43'),(46,7730,2,40720,40733,13,1522,1,0,'2020-11-20','2020-11-20',219.00,1,1.00,'Factura B N°: 0001-00000007',NULL,'2022-09-01 14:28:34','2022-09-01 14:40:17','2022-09-01 14:40:17'),(47,7730,2,40720,40734,13,1522,1,0,'2020-11-20','2020-11-20',1959.00,1,1.00,'Factura B N°: 0001-00000008',NULL,'2022-09-01 14:28:34','2022-09-01 14:41:46','2022-09-01 14:41:46');
INSERT INTO `cta_cte_cliente` VALUES (48,7730,2,40720,40735,13,1522,1,0,'2020-11-30','2020-11-30',150.00,1,1.00,'Factura A N°: 0001-00000002',NULL,'2022-09-01 14:28:34','2022-09-01 14:42:46','2022-09-01 14:42:46'),(49,7730,2,40720,40729,13,1522,1,0,'2020-11-03','2020-11-03',5295.00,1,1.00,'Factura B N°: 0001-00000003',NULL,'2022-09-01 14:33:01','2022-09-02 04:28:12','2022-09-02 04:28:12'),(50,7730,2,40720,40731,13,1522,1,0,'2020-11-20','2020-11-20',150.00,1,1.00,'Factura B N°: 0001-00000004',NULL,'2022-09-01 14:33:35','2022-09-01 14:37:19','2022-09-01 14:37:19'),(51,7730,2,40720,40732,13,1522,1,0,'2020-11-20','2020-11-20',150.00,1,1.00,'Factura B N°: 0001-00000005',NULL,'2022-09-01 14:34:12','2022-09-01 14:35:57','2022-09-01 14:35:57'),(52,7730,2,40720,40732,13,1522,1,0,'2020-11-20','2020-11-20',150.00,1,1.00,'Factura B N°: 0001-00000005',NULL,'2022-09-01 14:35:57','2022-09-02 04:29:26','2022-09-02 04:29:26'),(53,7730,2,40720,40731,13,1522,1,0,'2020-11-20','2020-11-20',150.00,1,1.00,'Factura B N°: 0001-00000004',NULL,'2022-09-01 14:37:19','2022-09-02 04:28:43','2022-09-02 04:28:43'),(54,7730,2,40720,40729,13,1522,1,0,'2020-11-20','2020-11-20',219.00,1,1.00,'Factura B N°: 0001-00000006',NULL,'2022-09-01 14:38:43','2022-09-02 04:29:38','2022-09-02 04:29:38'),(55,7730,2,40720,40733,13,1522,1,0,'2020-11-20','2020-11-20',219.00,1,1.00,'Factura B N°: 0001-00000007',NULL,'2022-09-01 14:40:17','2022-09-02 04:30:02','2022-09-02 04:30:02'),(56,7730,2,40720,40734,13,1522,1,0,'2020-11-20','2020-11-20',1959.00,1,1.00,'Factura B N°: 0001-00000008',NULL,'2022-09-01 14:41:46','2022-09-02 04:30:20','2022-09-02 04:30:20'),(57,7730,2,40720,40735,13,1522,1,0,'2020-11-30','2020-11-30',150.00,1,1.00,'Factura A N°: 0001-00000002',NULL,'2022-09-01 14:42:46','2022-09-02 04:30:32','2022-09-02 04:30:32'),(58,7730,2,40720,40730,13,1522,1,0,'2020-11-20','2020-11-20',11754.01,1,1.00,'Factura A N°: 0001-00000001',NULL,'2022-09-01 14:43:32','2022-09-02 04:28:27','2022-09-02 04:28:27'),(59,7730,20,40720,40718,13,1522,2,0,'2020-11-03','2020-11-03',5295.00,1,1.00,NULL,NULL,'2022-09-01 18:27:19','2022-09-01 18:29:15','2022-09-01 18:29:15'),(60,7730,20,40720,40718,13,1522,2,0,'2020-11-20','2020-11-20',219.00,1,1.00,NULL,NULL,'2022-09-01 18:29:03','2022-09-01 18:32:07','2022-09-01 18:32:07'),(61,7730,20,40720,40718,13,1522,2,0,'2020-11-03','2020-11-03',5295.00,1,1.00,NULL,NULL,'2022-09-01 18:31:32','2022-09-01 18:51:47','2022-09-01 18:51:47'),(62,7730,20,40720,40718,13,1522,2,0,'2020-11-20','2020-11-20',150.00,1,1.00,NULL,NULL,'2022-09-01 18:50:21','2022-09-01 18:50:39','2022-09-01 18:50:39'),(63,7730,20,40720,40729,13,1522,2,0,'2020-11-03','2020-11-03',5295.00,1,1.00,NULL,NULL,'2022-09-01 18:56:40','2022-09-02 04:26:39','2022-09-02 04:26:39'),(64,7730,20,40720,40729,13,1522,2,0,'2020-11-20','2020-11-20',150.00,1,1.00,NULL,NULL,'2022-09-01 19:00:43','2022-09-01 19:27:11','2022-09-01 19:27:11'),(65,7730,20,40720,40729,13,1522,2,0,'2020-11-20','2020-11-20',219.00,1,1.00,NULL,NULL,'2022-09-01 19:28:36','2022-09-02 04:26:35','2022-09-02 04:26:35'),(66,7730,20,40720,40731,13,1522,2,0,'2020-11-20','2020-11-20',150.00,1,1.00,NULL,NULL,'2022-09-01 19:30:20','2022-09-02 04:26:43','2022-09-02 04:26:43'),(67,7730,20,40720,40731,13,1522,2,0,'2020-11-20','2020-11-20',150.00,1,1.00,NULL,NULL,'2022-09-01 19:32:09','2022-09-01 19:32:44','2022-09-01 19:32:44'),(68,7730,20,40720,40732,13,1522,2,0,'2020-11-20','2020-11-20',150.00,1,1.00,NULL,NULL,'2022-09-01 19:34:00','2022-09-02 04:26:47','2022-09-02 04:26:47'),(69,7730,20,40720,40733,13,1522,2,0,'2020-11-20','2020-11-20',219.00,1,1.00,NULL,NULL,'2022-09-01 19:35:26','2022-09-02 04:26:50','2022-09-02 04:26:50'),(70,7730,20,40720,40733,13,1522,2,0,'2020-11-20','2020-11-20',1959.00,1,1.00,NULL,NULL,'2022-09-01 19:36:21','2022-09-01 19:36:31','2022-09-01 19:36:31'),(71,7730,20,40720,40734,13,1522,2,0,'2020-11-20','2020-11-20',1959.00,1,1.00,NULL,NULL,'2022-09-01 19:37:39','2022-09-02 04:26:54','2022-09-02 04:26:54');
INSERT INTO `cta_cte_cliente` VALUES (72,7730,20,40720,40730,13,1522,2,0,'2020-11-20','2020-11-20',11754.01,1,1.00,NULL,NULL,'2022-09-01 19:38:51','2022-09-02 04:26:58','2022-09-02 04:26:58'),(73,7730,20,40720,40735,13,1522,2,0,'2020-11-30','2020-11-30',150.00,1,1.00,NULL,NULL,'2022-09-01 19:39:57','2022-09-02 04:27:02','2022-09-02 04:27:02'),(74,7730,3,40720,40727,57,1522,2,0,'2020-11-10','2020-11-10',1346.89,1,1.00,'Factura A N°: 0011-00943147',NULL,'2022-09-02 00:53:11','2022-09-02 00:56:28','2022-09-02 00:56:28'),(75,7730,3,40720,40727,57,1522,2,0,'2020-11-10','2020-11-10',1346.92,1,1.00,'Factura A N°: 0011-00943147',NULL,'2022-09-02 00:56:28','2022-09-02 00:57:48','2022-09-02 00:57:48'),(76,7730,3,40720,40727,57,1522,2,0,'2020-11-10','2020-11-10',1346.89,1,1.00,'Factura A N°: 0011-00943147',NULL,'2022-09-02 00:57:48','2022-09-02 00:58:14','2022-09-02 00:58:14'),(77,7730,3,40720,40727,57,1522,2,0,'2020-11-10','2020-11-10',1346.89,1,1.00,'Factura A N°: 0011-00943147',NULL,'2022-09-02 00:58:14','2022-09-02 00:58:14',NULL),(78,7730,21,40720,40727,57,1521,1,0,'2020-10-08','2020-10-08',747.66,1,1.00,NULL,NULL,'2022-09-02 02:26:47','2022-09-02 02:36:33','2022-09-02 02:36:33'),(79,7730,3,40720,40727,57,1521,2,0,'2020-10-08','2020-10-08',747.66,1,1.00,'Factura B N°: 0011-07066419',NULL,'2022-09-02 03:17:22','2022-09-02 03:20:56','2022-09-02 03:20:56'),(80,7730,2,40720,40721,13,1520,1,0,'2020-09-30','2020-09-30',5271.99,1,1.00,'Factura B N°: 0001-00000001',NULL,'2022-09-02 04:23:51','2022-09-02 04:43:00','2022-09-02 04:43:00'),(81,7730,2,40720,40723,13,1521,1,0,'2020-10-15','2020-10-15',4815.00,1,1.00,'Factura B N°: 0001-00000002',NULL,'2022-09-02 04:24:05','2022-09-02 04:24:05',NULL),(82,7730,2,40720,40729,13,1522,1,0,'2020-11-03','2020-11-03',5295.00,1,1.00,'Factura B N°: 0001-00000003',NULL,'2022-09-02 04:28:12','2022-09-02 04:28:12',NULL),(83,7730,2,40720,40730,13,1522,1,0,'2020-11-20','2020-11-20',11754.01,1,1.00,'Factura A N°: 0001-00000001',NULL,'2022-09-02 04:28:27','2022-09-04 02:29:11','2022-09-04 02:29:11'),(84,7730,2,40720,40731,13,1522,1,0,'2020-11-20','2020-11-20',150.00,1,1.00,'Factura B N°: 0001-00000004',NULL,'2022-09-02 04:28:43','2022-09-02 04:28:43',NULL),(85,7730,2,40720,40732,13,1522,1,0,'2020-11-20','2020-11-20',150.00,1,1.00,'Factura B N°: 0001-00000005',NULL,'2022-09-02 04:29:26','2022-09-02 04:29:26',NULL),(86,7730,2,40720,40729,13,1522,1,0,'2020-11-20','2020-11-20',219.00,1,1.00,'Factura B N°: 0001-00000006',NULL,'2022-09-02 04:29:38','2022-09-02 04:29:38',NULL),(87,7730,2,40720,40733,13,1522,1,0,'2020-11-20','2020-11-20',219.00,1,1.00,'Factura B N°: 0001-00000007',NULL,'2022-09-02 04:30:02','2022-09-02 04:30:02',NULL),(88,7730,2,40720,40734,13,1522,1,0,'2020-11-20','2020-11-20',1959.00,1,1.00,'Factura B N°: 0001-00000008',NULL,'2022-09-02 04:30:20','2022-09-02 04:30:20',NULL),(89,7730,2,40720,40735,13,1522,1,0,'2020-11-30','2020-11-30',150.00,1,1.00,'Factura A N°: 0001-00000002',NULL,'2022-09-02 04:30:32','2022-09-04 02:28:54','2022-09-04 02:28:54'),(90,7730,2,40720,40721,13,1520,1,0,'2020-09-30','2020-09-30',5272.00,1,1.00,'Factura B N°: 0001-00000001',NULL,'2022-09-02 04:44:36','2022-09-02 04:44:36',NULL),(91,7730,20,40720,40721,13,1520,2,0,'2020-09-30','2020-09-30',5272.00,1,1.00,NULL,NULL,'2022-09-02 04:48:48','2022-09-02 04:48:48',NULL),(92,7730,20,40720,40723,13,1521,2,0,'2020-10-15','2020-10-15',4815.00,1,1.00,NULL,NULL,'2022-09-02 04:50:02','2022-09-02 04:50:02',NULL),(93,7730,20,40720,40729,13,1521,2,0,'2020-11-03','2020-11-03',5295.00,1,1.00,NULL,NULL,'2022-09-02 04:51:17','2022-09-02 05:10:29','2022-09-02 05:10:29'),(94,7730,20,40720,40729,13,1522,2,0,'2020-11-20','2020-11-20',219.00,1,1.00,NULL,NULL,'2022-09-02 04:52:22','2022-09-02 04:52:22',NULL),(95,7730,20,40720,40729,13,1522,2,0,'2020-11-20','2020-11-20',150.00,1,1.00,NULL,NULL,'2022-09-02 04:53:18','2022-09-02 04:53:30','2022-09-02 04:53:30'),(96,7730,20,40720,40731,13,1522,2,0,'2020-11-20','2020-11-20',150.00,1,1.00,NULL,NULL,'2022-09-02 04:54:33','2022-09-02 04:54:33',NULL);
INSERT INTO `cta_cte_cliente` VALUES (97,7730,20,40720,40732,13,1522,2,0,'2020-11-20','2020-11-20',150.00,1,1.00,NULL,NULL,'2022-09-02 04:55:29','2022-09-02 04:55:29',NULL),(98,7730,20,40720,40733,13,1522,2,0,'2020-11-20','2020-11-20',219.00,1,1.00,NULL,NULL,'2022-09-02 04:56:45','2022-09-02 04:56:45',NULL),(99,7730,20,40720,40734,13,1522,2,0,'2020-11-20','2020-11-20',1959.00,1,1.00,NULL,NULL,'2022-09-02 04:57:54','2022-09-02 04:57:54',NULL),(100,7730,20,40720,40730,13,1522,2,0,'2020-11-20','2020-11-20',11754.01,1,1.00,NULL,NULL,'2022-09-02 04:58:54','2022-09-04 02:28:22','2022-09-04 02:28:22'),(101,7730,20,40720,40735,13,1522,2,0,'2020-11-30','2020-11-30',150.00,1,1.00,NULL,NULL,'2022-09-02 04:59:43','2022-09-04 02:28:10','2022-09-04 02:28:10'),(102,7730,20,40720,40729,13,1522,2,0,'2020-11-03','2020-11-03',5295.00,1,1.00,NULL,NULL,'2022-09-02 05:11:36','2022-09-02 05:11:36',NULL),(103,7730,21,40720,40727,57,1522,1,0,'2020-11-12','2020-11-12',1346.89,1,1.00,NULL,NULL,'2022-09-03 23:06:29','2022-09-03 23:06:29',NULL),(104,7730,2,40720,40735,13,1522,1,0,'2020-11-30','2020-11-30',150.00,1,1.00,'Factura A N°: 0001-00000002',NULL,'2022-09-04 02:28:54','2022-09-04 02:28:54',NULL),(105,7730,2,40720,40730,13,1522,1,0,'2020-11-20','2020-11-20',11754.01,1,1.00,'Factura A N°: 0001-00000001',NULL,'2022-09-04 02:29:11','2022-09-04 02:29:11',NULL),(106,7730,20,40720,40730,13,1522,2,0,'2020-11-20','2020-11-20',11754.01,1,1.00,NULL,NULL,'2022-09-04 02:30:53','2022-09-04 02:30:53',NULL),(107,7730,20,40720,40735,13,1522,2,0,'2020-11-30','2020-11-30',150.00,1,1.00,NULL,NULL,'2022-09-04 02:32:18','2022-09-04 02:32:18',NULL),(108,7730,2,40720,40736,13,1523,1,0,'2020-12-03','2020-12-03',7239.00,1,1.00,'Factura B N°: 0001-00000009',NULL,'2022-09-04 03:29:55','2022-09-04 03:34:24','2022-09-04 03:34:24'),(109,7730,2,40720,40737,13,1523,1,0,'2020-12-03','2020-12-03',7239.00,1,1.00,'Factura B N°: 0001-00000010',NULL,'2022-09-04 03:29:55','2022-09-04 03:37:12','2022-09-04 03:37:12'),(110,7730,2,40720,40738,13,1523,1,0,'2020-12-03','2020-12-03',7239.00,1,1.00,'Factura B N°: 0001-00000011',NULL,'2022-09-04 03:29:56','2022-09-04 03:40:13','2022-09-04 03:40:13'),(111,7730,2,40720,40739,13,1523,1,0,'2020-12-04','2020-12-04',14478.00,1,1.00,'Factura B N°: 0001-00000012',NULL,'2022-09-04 03:29:56','2022-09-04 03:45:21','2022-09-04 03:45:21'),(112,7730,2,40720,40740,13,1523,1,0,'2020-12-07','2020-12-07',7239.00,1,1.00,'Factura B N°: 0001-00000013',NULL,'2022-09-04 03:29:56','2022-09-04 03:49:24','2022-09-04 03:49:24'),(113,7730,2,40720,40741,13,1523,1,0,'2020-12-07','2020-12-07',8685.00,1,1.00,'Factura B N°: 0001-00000014',NULL,'2022-09-04 03:29:56','2022-09-04 03:47:43','2022-09-04 03:47:43'),(114,7730,2,40720,40742,13,1523,1,0,'2020-12-09','2020-12-09',7239.00,1,1.00,'Factura B N°: 0001-00000015',NULL,'2022-09-04 03:29:56','2022-09-04 03:51:07','2022-09-04 03:51:07'),(115,7730,2,40720,40743,13,1523,1,0,'2020-12-09','2020-12-09',7239.00,1,1.00,'Factura B N°: 0001-00000016',NULL,'2022-09-04 03:29:56','2022-09-04 03:53:01','2022-09-04 03:53:01'),(116,7730,2,40720,40744,13,1523,1,0,'2020-12-10','2020-12-10',7239.00,1,1.00,'Factura B N°: 0001-00000017',NULL,'2022-09-04 03:29:56','2022-09-04 03:54:26','2022-09-04 03:54:26'),(117,7730,2,40720,40745,13,1523,1,0,'2020-12-17','2020-12-17',8685.00,1,1.00,'Factura A N°: 0001-00000003',NULL,'2022-09-04 03:29:56','2022-09-04 03:29:56',NULL),(118,7730,2,40720,40746,13,1523,1,0,'2020-12-17','2020-12-17',7239.00,1,1.00,'Factura B N°: 0001-00000018',NULL,'2022-09-04 03:29:56','2022-09-04 03:57:17','2022-09-04 03:57:17'),(119,7730,2,40720,40747,13,1523,1,0,'2020-12-17','2020-12-17',4955.00,1,1.00,'Factura B N°: 0001-00000019',NULL,'2022-09-04 03:29:56','2022-09-04 04:18:26','2022-09-04 04:18:26'),(120,7730,2,40720,40748,13,1523,1,0,'2020-12-17','2020-12-17',7239.00,1,1.00,'Factura B N°: 0001-00000020',NULL,'2022-09-04 03:29:56','2022-09-04 04:04:23','2022-09-04 04:04:23');
INSERT INTO `cta_cte_cliente` VALUES (121,7730,2,40720,40749,13,1523,1,0,'2020-12-17','2020-12-17',7239.00,1,1.00,'Factura B N°: 0001-00000021',NULL,'2022-09-04 03:29:56','2022-09-04 04:06:04','2022-09-04 04:06:04'),(122,7730,2,40720,40750,13,1523,1,0,'2020-12-17','2020-12-17',7239.00,1,1.00,'Factura B N°: 0001-00000022',NULL,'2022-09-04 03:29:56','2022-09-04 04:07:36','2022-09-04 04:07:36'),(123,7730,2,40720,40751,13,1523,1,0,'2020-12-17','2020-12-17',7239.00,1,1.00,'Factura B N°: 0001-00000023',NULL,'2022-09-04 03:29:56','2022-09-04 04:09:11','2022-09-04 04:09:11'),(124,7730,2,40720,40752,13,1523,1,0,'2020-12-17','2020-12-17',7239.00,1,1.00,'Factura B N°: 0001-00000024',NULL,'2022-09-04 03:29:56','2022-09-04 04:12:01','2022-09-04 04:12:01'),(125,7730,2,40720,40753,13,1523,1,0,'2020-12-17','2020-12-17',7239.00,1,1.00,'Factura B N°: 0001-00000025',NULL,'2022-09-04 03:29:56','2022-09-04 04:13:18','2022-09-04 04:13:18'),(126,7730,2,40720,40754,13,1523,1,0,'2020-12-17','2020-12-17',7239.00,1,1.00,'Factura B N°: 0001-00000026',NULL,'2022-09-04 03:29:56','2022-09-04 04:14:25','2022-09-04 04:14:25'),(127,7730,2,40720,40755,13,1523,1,0,'2020-12-17','2020-12-17',8685.00,1,1.00,'Factura B N°: 0001-00000027',NULL,'2022-09-04 03:29:56','2022-09-04 04:10:49','2022-09-04 04:10:49'),(128,7730,2,40720,40752,13,1523,1,0,'2020-12-17','2020-12-17',3880.00,1,1.00,'Factura B N°: 0001-00000028',NULL,'2022-09-04 03:29:56','2022-09-04 04:19:28','2022-09-04 04:19:28'),(129,7730,2,40720,40756,13,1523,1,0,'2020-12-17','2020-12-17',7239.00,1,1.00,'Factura B N°: 0001-00000029',NULL,'2022-09-04 03:29:56','2022-09-04 04:15:43','2022-09-04 04:15:43'),(130,7730,2,40720,40757,13,1523,1,0,'2020-12-17','2020-12-17',14478.00,1,1.00,'Factura B N°: 0001-00000030',NULL,'2022-09-04 03:29:56','2022-09-04 04:20:58','2022-09-04 04:20:58'),(131,7730,2,40720,40758,13,1523,1,0,'2020-12-18','2020-12-18',7239.00,1,1.00,'Factura B N°: 0001-00000031',NULL,'2022-09-04 03:29:56','2022-09-04 04:22:49','2022-09-04 04:22:49'),(132,7730,2,40720,40759,13,1523,1,0,'2020-12-22','2020-12-22',7971.00,1,1.00,'Factura B N°: 0001-00000032',NULL,'2022-09-04 03:29:56','2022-09-04 04:24:10','2022-09-04 04:24:10'),(133,7730,2,40720,40760,13,1523,1,0,'2020-12-22','2020-12-22',7239.00,1,1.00,'Factura B N°: 0001-00000033',NULL,'2022-09-04 03:29:57','2022-09-04 04:25:04','2022-09-04 04:25:04'),(134,7730,2,40720,40736,13,1523,1,0,'2020-12-03','2020-12-03',7238.99,1,1.00,'Factura B N°: 0001-00000009',NULL,'2022-09-04 03:34:24','2022-09-04 03:35:39','2022-09-04 03:35:39'),(135,7730,2,40720,40736,13,1523,1,0,'2020-12-03','2020-12-03',7238.99,1,1.00,'Factura B N°: 0001-00000009',NULL,'2022-09-04 03:35:39','2022-09-04 03:36:17','2022-09-04 03:36:17'),(136,7730,2,40720,40736,13,1523,1,0,'2020-12-03','2020-12-03',7238.99,1,1.00,'Factura B N°: 0001-00000009',NULL,'2022-09-04 03:36:17','2022-09-04 03:41:24','2022-09-04 03:41:24'),(137,7730,2,40720,40737,13,1523,1,0,'2020-12-03','2020-12-03',7238.99,1,1.00,'Factura B N°: 0001-00000010',NULL,'2022-09-04 03:37:12','2022-09-04 03:42:40','2022-09-04 03:42:40'),(138,7730,2,40720,40738,13,1523,1,0,'2020-12-03','2020-12-03',7238.99,1,1.00,'Factura B N°: 0001-00000011',NULL,'2022-09-04 03:40:13','2022-09-04 03:43:54','2022-09-04 03:43:54'),(139,7730,2,40720,40736,13,1523,1,0,'2020-12-03','2020-12-03',7238.99,1,1.00,'Factura B N°: 0001-00000009',NULL,'2022-09-04 03:41:24','2022-09-04 03:41:24',NULL),(140,7730,2,40720,40737,13,1523,1,0,'2020-12-03','2020-12-03',7238.99,1,1.00,'Factura B N°: 0001-00000010',NULL,'2022-09-04 03:42:40','2022-09-04 03:42:40',NULL),(141,7730,2,40720,40738,13,1523,1,0,'2020-12-03','2020-12-03',7238.99,1,1.00,'Factura B N°: 0001-00000011',NULL,'2022-09-04 03:43:54','2022-09-04 03:43:54',NULL),(142,7730,2,40720,40739,13,1523,1,0,'2020-12-04','2020-12-04',14478.00,1,1.00,'Factura B N°: 0001-00000012',NULL,'2022-09-04 03:45:21','2022-09-04 03:45:21',NULL);
INSERT INTO `cta_cte_cliente` VALUES (143,7730,2,40720,40741,13,1523,1,0,'2020-12-07','2020-12-07',8685.00,1,1.00,'Factura B N°: 0001-00000014',NULL,'2022-09-04 03:47:43','2022-09-04 03:47:43',NULL),(144,7730,2,40720,40740,13,1523,1,0,'2020-12-07','2020-12-07',7238.99,1,1.00,'Factura B N°: 0001-00000013',NULL,'2022-09-04 03:49:24','2022-09-04 03:49:24',NULL),(145,7730,2,40720,40742,13,1523,1,0,'2020-12-09','2020-12-09',7238.99,1,1.00,'Factura B N°: 0001-00000015',NULL,'2022-09-04 03:51:07','2022-09-04 03:51:07',NULL),(146,7730,2,40720,40743,13,1523,1,0,'2020-12-09','2020-12-09',7238.99,1,1.00,'Factura B N°: 0001-00000016',NULL,'2022-09-04 03:53:01','2022-09-04 03:53:01',NULL),(147,7730,2,40720,40744,13,1523,1,0,'2020-12-10','2020-12-10',7238.99,1,1.00,'Factura B N°: 0001-00000017',NULL,'2022-09-04 03:54:26','2022-09-04 03:54:26',NULL),(148,7730,2,40720,40746,13,1523,1,0,'2020-12-17','2020-12-17',7238.99,1,1.00,'Factura B N°: 0001-00000018',NULL,'2022-09-04 03:57:17','2022-09-04 03:59:00','2022-09-04 03:59:00'),(149,7730,2,40720,40746,13,1523,1,0,'2020-12-17','2020-12-17',7238.99,1,1.00,'Factura B N°: 0001-00000018',NULL,'2022-09-04 03:59:00','2022-09-04 04:02:49','2022-09-04 04:02:49'),(150,7730,2,40720,40746,13,1523,1,0,'2020-12-17','2020-12-17',7238.99,1,1.00,'Factura B N°: 0001-00000018',NULL,'2022-09-04 04:02:49','2022-09-04 04:02:49',NULL),(151,7730,2,40720,40748,13,1523,1,0,'2020-12-17','2020-12-17',7238.99,1,1.00,'Factura B N°: 0001-00000020',NULL,'2022-09-04 04:04:23','2022-09-04 04:47:07','2022-09-04 04:47:07'),(152,7730,2,40720,40749,13,1523,1,0,'2020-12-17','2020-12-17',7238.99,1,1.00,'Factura B N°: 0001-00000021',NULL,'2022-09-04 04:06:04','2022-09-04 04:06:04',NULL),(153,7730,2,40720,40750,13,1523,1,0,'2020-12-17','2020-12-17',7238.99,1,1.00,'Factura B N°: 0001-00000022',NULL,'2022-09-04 04:07:36','2022-09-04 04:07:36',NULL),(154,7730,2,40720,40751,13,1523,1,0,'2020-12-17','2020-12-17',7238.99,1,1.00,'Factura B N°: 0001-00000023',NULL,'2022-09-04 04:09:11','2022-09-04 04:09:11',NULL),(155,7730,2,40720,40755,13,1523,1,0,'2020-12-17','2020-12-17',8685.00,1,1.00,'Factura B N°: 0001-00000027',NULL,'2022-09-04 04:10:49','2022-09-04 04:10:49',NULL),(156,7730,2,40720,40752,13,1523,1,0,'2020-12-17','2020-12-17',7238.99,1,1.00,'Factura B N°: 0001-00000024',NULL,'2022-09-04 04:12:01','2022-09-04 04:12:01',NULL),(157,7730,2,40720,40753,13,1523,1,0,'2020-12-17','2020-12-17',7238.99,1,1.00,'Factura B N°: 0001-00000025',NULL,'2022-09-04 04:13:18','2022-09-04 04:13:18',NULL),(158,7730,2,40720,40754,13,1523,1,0,'2020-12-17','2020-12-17',7238.99,1,1.00,'Factura B N°: 0001-00000026',NULL,'2022-09-04 04:14:25','2022-09-04 04:14:25',NULL),(159,7730,2,40720,40756,13,1523,1,0,'2020-12-17','2020-12-17',7238.99,1,1.00,'Factura B N°: 0001-00000029',NULL,'2022-09-04 04:15:43','2022-09-04 04:15:43',NULL),(160,7730,2,40720,40747,13,1523,1,0,'2020-12-17','2020-12-17',4955.00,1,1.00,'Factura B N°: 0001-00000019',NULL,'2022-09-04 04:18:26','2022-09-04 04:18:26',NULL),(161,7730,2,40720,40752,13,1523,1,0,'2020-12-17','2020-12-17',3880.00,1,1.00,'Factura B N°: 0001-00000028',NULL,'2022-09-04 04:19:28','2022-09-04 04:19:28',NULL),(162,7730,2,40720,40757,13,1523,1,0,'2020-12-17','2020-12-17',14478.00,1,1.00,'Factura B N°: 0001-00000030',NULL,'2022-09-04 04:20:58','2022-09-04 04:20:58',NULL),(163,7730,2,40720,40758,13,1523,1,0,'2020-12-18','2020-12-18',7238.99,1,1.00,'Factura B N°: 0001-00000031',NULL,'2022-09-04 04:22:49','2022-09-04 04:22:49',NULL),(164,7730,2,40720,40759,13,1523,1,0,'2020-12-22','2020-12-22',7971.00,1,1.00,'Factura B N°: 0001-00000032',NULL,'2022-09-04 04:24:10','2022-09-04 04:24:10',NULL),(165,7730,2,40720,40760,13,1523,1,0,'2020-12-22','2020-12-22',7238.99,1,1.00,'Factura B N°: 0001-00000033',NULL,'2022-09-04 04:25:04','2022-09-04 04:25:04',NULL),(166,7730,20,40720,40736,13,1523,2,0,'2020-12-03','2020-12-03',7238.99,1,1.00,NULL,NULL,'2022-09-04 04:29:57','2022-09-04 04:29:57',NULL);
INSERT INTO `cta_cte_cliente` VALUES (167,7730,20,40720,40737,13,1523,2,0,'2020-12-03','2020-12-03',7238.99,1,1.00,NULL,NULL,'2022-09-04 04:31:28','2022-09-04 04:31:28',NULL),(168,7730,20,40720,40738,13,1523,2,0,'2020-12-03','2020-12-03',7238.99,1,1.00,NULL,NULL,'2022-09-04 04:37:21','2022-09-04 04:37:21',NULL),(169,7730,20,40720,40739,13,1523,2,0,'2020-12-04','2020-12-04',14478.00,1,1.00,NULL,NULL,'2022-09-04 04:38:26','2022-09-04 04:38:26',NULL),(170,7730,20,40720,40741,13,1523,2,0,'2020-12-07','2020-12-07',8685.00,1,1.00,NULL,NULL,'2022-09-04 04:39:39','2022-09-04 04:39:39',NULL),(171,7730,20,40720,40740,13,1523,2,0,'2020-12-07','2020-12-07',7238.99,1,1.00,NULL,NULL,'2022-09-04 04:40:44','2022-09-04 04:40:44',NULL),(172,7730,20,40720,40742,13,1523,2,0,'2020-12-09','2020-12-09',7238.99,1,1.00,NULL,NULL,'2022-09-04 04:42:14','2022-09-04 04:42:14',NULL),(173,7730,20,40720,40743,13,1523,2,0,'2020-12-09','2020-12-09',7238.99,1,1.00,NULL,NULL,'2022-09-04 04:43:40','2022-09-04 04:43:40',NULL),(174,7730,20,40720,40744,13,1523,2,0,'2020-12-10','2020-12-10',7238.99,1,1.00,NULL,NULL,'2022-09-04 04:44:24','2022-09-04 04:44:24',NULL),(175,7730,20,40720,40746,13,1523,2,0,'2020-12-17','2020-12-17',7238.99,1,1.00,NULL,NULL,'2022-09-04 04:45:26','2022-09-04 04:45:26',NULL),(176,7730,2,40720,40748,13,1523,1,0,'2020-12-17','2020-12-17',7238.99,1,1.00,'Factura B N°: 0001-00000020',NULL,'2022-09-04 04:47:07','2022-09-04 04:47:07',NULL),(177,7730,20,40720,40748,13,1523,2,0,'2020-12-17','2020-12-17',7238.99,1,1.00,NULL,NULL,'2022-09-04 04:47:59','2022-09-04 04:47:59',NULL),(178,7730,20,40720,40749,13,1523,2,0,'2020-12-17','2020-12-17',7238.99,1,1.00,NULL,NULL,'2022-09-04 04:48:58','2022-09-04 04:48:58',NULL),(179,7730,20,40720,40750,13,1523,2,0,'2020-12-17','2020-12-17',7238.99,1,1.00,NULL,NULL,'2022-09-04 04:50:16','2022-09-04 04:50:16',NULL),(180,7730,20,40720,40751,13,1523,2,0,'2020-12-17','2020-12-17',7238.99,1,1.00,NULL,NULL,'2022-09-04 04:51:10','2022-09-04 04:51:10',NULL),(181,7730,20,40720,40755,13,1523,2,0,'2020-12-17','2020-12-17',8685.00,1,1.00,NULL,NULL,'2022-09-04 04:52:07','2022-09-04 04:52:07',NULL),(182,7730,20,40720,40752,13,1523,2,0,'2020-12-17','2020-12-17',7238.99,1,1.00,NULL,NULL,'2022-09-04 04:53:16','2022-09-04 04:53:16',NULL),(183,7730,20,40720,40753,13,1523,2,0,'2020-12-17','2020-12-17',7238.99,1,1.00,NULL,NULL,'2022-09-04 04:54:08','2022-09-04 04:54:08',NULL),(184,7730,20,40720,40754,13,1523,2,0,'2020-12-17','2020-12-17',7238.99,1,1.00,NULL,NULL,'2022-09-04 04:55:06','2022-09-04 04:55:06',NULL),(185,7730,20,40720,40756,13,1523,2,0,'2020-12-17','2020-12-17',7238.99,1,1.00,NULL,NULL,'2022-09-04 04:56:15','2022-09-04 04:56:15',NULL),(186,7730,20,40720,40745,13,1523,2,0,'2020-12-17','2020-12-17',8685.00,1,1.00,NULL,NULL,'2022-09-04 04:57:04','2022-09-04 04:57:04',NULL),(187,7730,20,40720,40747,13,1523,2,0,'2020-12-17','2020-12-17',4955.00,1,1.00,NULL,NULL,'2022-09-04 04:57:56','2022-09-04 04:57:56',NULL),(188,7730,20,40720,40752,13,1523,2,0,'2020-12-17','2020-12-17',3880.00,1,1.00,NULL,NULL,'2022-09-04 04:58:49','2022-09-04 04:58:49',NULL),(189,7730,20,40720,40757,13,1523,2,0,'2020-12-17','2020-12-17',14478.00,1,1.00,NULL,NULL,'2022-09-04 04:59:44','2022-09-04 04:59:44',NULL),(190,7730,20,40720,40758,13,1523,2,0,'2020-12-18','2020-12-18',7238.99,1,1.00,NULL,NULL,'2022-09-04 05:00:55','2022-09-04 05:00:55',NULL),(191,7730,20,40720,40759,13,1523,2,0,'2020-12-22','2020-12-22',7971.00,1,1.00,NULL,NULL,'2022-09-04 05:01:50','2022-09-04 05:01:50',NULL),(192,7730,20,40720,40760,13,1523,2,0,'2020-12-22','2020-12-22',7238.99,1,1.00,NULL,NULL,'2022-09-04 05:02:47','2022-09-04 05:02:47',NULL),(193,7730,3,40720,40761,57,1523,2,0,'2020-12-03','2020-12-03',1513750.00,1,1.00,'Factura A N°: 0031-00001752',NULL,'2022-09-04 05:07:48','2022-09-04 05:17:23','2022-09-04 05:17:23'),(194,7730,3,40720,40762,57,1523,2,0,'2020-12-04','2020-12-04',20000.00,1,1.00,'Factura C N°: 0002-00000027',NULL,'2022-09-04 05:07:48','2022-09-04 05:28:22','2022-09-04 05:28:22');
INSERT INTO `cta_cte_cliente` VALUES (195,7730,3,40720,40727,57,1523,2,0,'2020-12-09','2020-12-09',17067.75,1,1.00,'Factura A N°: 0011-00976912',NULL,'2022-09-04 05:07:48','2022-09-04 05:13:32','2022-09-04 05:13:32'),(196,7730,3,40720,40761,57,1523,1,0,'2020-12-09','2020-12-09',1513750.00,1,1.00,'Nota de crédito A N°: 0031-00000183',NULL,'2022-09-04 05:07:48','2022-09-04 05:16:20','2022-09-04 05:16:20'),(197,7730,3,40720,40763,57,1523,2,0,'2020-12-09','2020-12-09',1513750.00,1,1.00,'Factura A N°: 0031-00000462',NULL,'2022-09-04 05:07:49','2022-09-04 05:18:16','2022-09-04 05:18:16'),(198,7730,3,40720,40764,57,1523,2,0,'2020-12-17','2020-12-17',84572.83,1,1.00,'Factura A N°: 0002-00000041',NULL,'2022-09-04 05:07:49','2022-09-04 10:51:32','2022-09-04 10:51:32'),(199,7730,3,40720,40764,57,1523,2,0,'2020-12-18','2020-12-18',5880.60,1,1.00,'Factura A N°: 0002-00000042',NULL,'2022-09-04 05:07:49','2022-09-04 10:51:55','2022-09-04 10:51:55'),(200,7730,3,40720,40764,57,1523,2,0,'2020-12-22','2020-12-22',47044.80,1,1.00,'Factura A N°: 0002-00000043',NULL,'2022-09-04 05:07:49','2022-09-04 10:52:38','2022-09-04 10:52:38'),(201,7730,3,40720,40727,57,1523,2,0,'2020-12-09','2020-12-09',21155.94,1,1.00,'Factura A N°: 0011-00976912',NULL,'2022-09-04 05:13:32','2022-09-04 05:13:57','2022-09-04 05:13:57'),(202,7730,3,40720,40727,57,1523,2,0,'2020-12-09','2020-12-09',17067.75,1,1.00,'Factura A N°: 0011-00976912',NULL,'2022-09-04 05:13:57','2022-09-04 05:13:57',NULL),(203,7730,3,40720,40761,57,1523,1,0,'2020-12-09','2020-12-09',1513750.00,1,1.00,'Nota de crédito A N°: 0031-00000183',NULL,'2022-09-04 05:16:20','2022-09-04 05:16:20',NULL),(204,7730,3,40720,40761,57,1523,2,0,'2020-12-03','2020-12-03',1513750.00,1,1.00,'Factura A N°: 0031-00001752',NULL,'2022-09-04 05:17:23','2022-09-04 05:17:23',NULL),(205,7730,3,40720,40763,57,1523,2,0,'2020-12-09','2020-12-09',1513750.00,1,1.00,'Factura A N°: 0031-00000462',NULL,'2022-09-04 05:18:16','2023-03-29 14:02:04',NULL),(206,7730,21,40720,40727,57,1523,1,0,'2020-12-09','2020-12-09',17067.75,1,1.00,NULL,NULL,'2022-09-04 05:23:20','2022-09-04 05:23:20',NULL),(207,7730,3,40720,40762,57,1523,2,0,'2020-12-04','2020-12-04',20000.00,1,1.00,'Factura C N°: 0002-00000027',NULL,'2022-09-04 05:28:22','2022-09-04 05:28:22',NULL),(208,7730,21,40720,40762,57,1523,1,0,'2020-12-15','2020-12-15',20000.00,1,1.00,NULL,NULL,'2022-09-04 05:34:03','2022-09-04 05:34:03',NULL),(209,7730,3,40720,40764,57,1523,2,1,'2020-12-17','2020-12-17',84572.83,1,1.00,'Factura A N°: 0002-00000041',NULL,'2022-09-04 10:51:32','2023-03-27 18:58:21',NULL),(210,7730,3,40720,40764,57,1523,2,1,'2020-12-18','2020-12-18',5880.60,1,1.00,'Factura A N°: 0002-00000042',NULL,'2022-09-04 10:51:55','2023-03-27 18:58:21',NULL),(211,7730,3,40720,40764,57,1523,2,1,'2020-12-22','2020-12-22',47044.80,1,1.00,'Factura A N°: 0002-00000043',NULL,'2022-09-04 10:52:38','2023-03-27 18:58:21',NULL),(212,7730,2,40720,40745,13,1525,2,0,'2021-01-04','2021-01-04',1446.00,1,1.00,'Nota de crédito A N°: 0001-00000001',NULL,'2023-03-26 23:30:20','2023-03-27 11:15:02','2023-03-27 11:15:02'),(213,7730,2,40720,40765,13,1525,1,0,'2021-01-04','2021-01-04',6490.00,1,1.00,'Factura B N°: 0001-00000034',NULL,'2023-03-26 23:30:20','2023-03-27 11:14:55','2023-03-27 11:14:55'),(214,7730,2,40720,40765,13,1525,1,0,'2021-01-04','2021-01-04',1600.00,1,1.00,'Factura B N°: 0001-00000035',NULL,'2023-03-26 23:30:20','2023-03-27 11:14:48','2023-03-27 11:14:48'),(215,7730,2,40720,40766,13,1525,1,0,'2021-01-06','2021-01-06',7590.00,1,1.00,'Factura B N°: 0001-00000036',NULL,'2023-03-26 23:30:20','2023-03-27 11:14:39','2023-03-27 11:14:39'),(216,7730,2,40720,40767,13,1525,1,0,'2021-01-06','2021-01-06',7590.00,1,1.00,'Factura B N°: 0001-00000037',NULL,'2023-03-26 23:30:20','2023-03-27 11:14:31','2023-03-27 11:14:31'),(217,7730,2,40720,40767,13,1525,1,0,'2021-01-06','2021-01-06',1500.00,1,1.00,'Factura B N°: 0001-00000038',NULL,'2023-03-26 23:30:20','2023-03-27 11:14:21','2023-03-27 11:14:21');
INSERT INTO `cta_cte_cliente` VALUES (218,7730,2,40720,40768,13,1525,1,0,'2021-01-06','2021-01-06',19470.00,1,1.00,'Factura B N°: 0001-00000039',NULL,'2023-03-26 23:30:20','2023-03-27 11:14:13','2023-03-27 11:14:13'),(219,7730,2,40720,40769,13,1525,1,0,'2021-01-07','2021-01-07',150.00,1,1.00,'Factura B N°: 0001-00000040',NULL,'2023-03-26 23:30:20','2023-03-27 11:14:04','2023-03-27 11:14:04'),(220,7730,2,40720,40770,13,1525,1,0,'2021-01-07','2021-01-07',7590.00,1,1.00,'Factura B N°: 0001-00000041',NULL,'2023-03-26 23:30:20','2023-03-27 11:13:57','2023-03-27 11:13:57'),(221,7730,2,40720,40771,13,1525,1,0,'2021-01-07','2021-01-07',150.00,1,1.00,'Factura B N°: 0001-00000042',NULL,'2023-03-26 23:30:20','2023-03-27 11:13:48','2023-03-27 11:13:48'),(222,7730,2,40720,40772,13,1525,1,0,'2021-01-07','2021-01-07',150.00,1,1.00,'Factura B N°: 0001-00000043',NULL,'2023-03-26 23:30:20','2023-03-27 11:13:40','2023-03-27 11:13:40'),(223,7730,2,40720,40773,13,1525,1,0,'2021-01-12','2021-01-12',150.00,1,1.00,'Factura B N°: 0001-00000044',NULL,'2023-03-26 23:30:20','2023-03-27 11:13:32','2023-03-27 11:13:32'),(224,7730,2,40720,40774,13,1525,1,0,'2021-01-12','2021-01-12',7590.00,1,1.00,'Factura B N°: 0001-00000045',NULL,'2023-03-26 23:30:20','2023-03-27 11:13:25','2023-03-27 11:13:25'),(225,7730,2,40720,40731,13,1525,1,0,'2021-01-13','2021-01-13',150.00,1,1.00,'Factura B N°: 0001-00000046',NULL,'2023-03-26 23:30:20','2023-03-27 11:13:19','2023-03-27 11:13:19'),(226,7730,2,40720,40775,13,1525,1,0,'2021-01-13','2021-01-13',150.00,1,1.00,'Factura B N°: 0001-00000047',NULL,'2023-03-26 23:30:20','2023-03-27 11:13:10','2023-03-27 11:13:10'),(227,7730,2,40720,40733,13,1525,1,0,'2021-01-13','2021-01-13',799.00,1,1.00,'Factura B N°: 0001-00000048',NULL,'2023-03-26 23:30:20','2023-03-27 11:13:00','2023-03-27 11:13:00'),(228,7730,2,40720,40764,13,1525,1,0,'2021-01-14','2021-01-14',150.00,1,1.00,'Factura A N°: 0001-00000005',NULL,'2023-03-26 23:30:20','2023-03-27 11:12:53','2023-03-27 11:12:53'),(229,7730,2,40720,40776,13,1525,1,0,'2021-01-14','2021-01-14',150.00,1,1.00,'Factura B N°: 0001-00000049',NULL,'2023-03-26 23:30:20','2023-03-27 11:12:46','2023-03-27 11:12:46'),(230,7730,2,40720,40777,13,1525,1,0,'2021-01-14','2021-01-14',150.00,1,1.00,'Factura B N°: 0001-00000050',NULL,'2023-03-26 23:30:20','2023-03-27 11:12:39','2023-03-27 11:12:39'),(231,7730,2,40720,40733,13,1525,1,0,'2021-01-14','2021-01-14',150.00,1,1.00,'Factura B N°: 0001-00000051',NULL,'2023-03-26 23:30:21','2023-03-27 11:12:11','2023-03-27 11:12:11'),(232,7730,2,40720,40778,13,1525,1,0,'2021-01-15','2021-01-15',150.00,1,1.00,'Factura B N°: 0001-00000052',NULL,'2023-03-26 23:30:21','2023-03-27 11:12:03','2023-03-27 11:12:03'),(233,7730,2,40720,40779,13,1525,1,0,'2021-01-18','2021-01-18',1379.00,1,1.00,'Factura B N°: 0001-00000053',NULL,'2023-03-26 23:30:21','2023-03-27 11:10:53','2023-03-27 11:10:53'),(234,7730,2,40720,40780,13,1525,1,0,'2021-01-18','2021-01-18',7590.00,1,1.00,'Factura B N°: 0001-00000054',NULL,'2023-03-26 23:30:21','2023-03-27 11:10:44','2023-03-27 11:10:44'),(235,7730,2,40720,40781,13,1525,1,0,'2021-01-18','2021-01-18',7819.00,1,1.00,'Factura B N°: 0001-00000055',NULL,'2023-03-26 23:30:21','2023-03-27 11:10:36','2023-03-27 11:10:36'),(236,7730,2,40720,40782,13,1525,1,0,'2021-01-19','2021-01-19',6490.00,1,1.00,'Factura B N°: 0001-00000056',NULL,'2023-03-26 23:30:21','2023-03-27 11:09:34','2023-03-27 11:09:34'),(237,7730,2,40720,40781,13,1525,1,0,'2021-01-19','2021-01-19',6490.00,1,1.00,'Factura B N°: 0001-00000057',NULL,'2023-03-26 23:30:21','2023-03-27 11:09:26','2023-03-27 11:09:26'),(238,7730,2,40720,40783,13,1525,1,0,'2021-01-20','2021-01-20',6490.00,1,1.00,'Factura B N°: 0001-00000058',NULL,'2023-03-26 23:30:21','2023-03-27 11:09:19','2023-03-27 11:09:19'),(239,7730,2,40720,40784,13,1525,1,0,'2021-01-20','2021-01-20',8685.00,1,1.00,'Factura B N°: 0001-00000059',NULL,'2023-03-26 23:30:21','2023-03-27 11:09:12','2023-03-27 11:09:12');
INSERT INTO `cta_cte_cliente` VALUES (240,7730,2,40720,40785,13,1525,1,0,'2021-01-21','2021-01-21',8685.00,1,1.00,'Factura B N°: 0001-00000060',NULL,'2023-03-26 23:30:21','2023-03-27 11:09:03','2023-03-27 11:09:03'),(241,7730,2,40720,40786,13,1525,1,0,'2021-01-22','2021-01-22',300.00,1,1.00,'Factura B N°: 0001-00000061',NULL,'2023-03-26 23:30:21','2023-03-27 11:08:56','2023-03-27 11:08:56'),(242,7730,2,40720,40787,13,1525,1,0,'2021-01-25','2021-01-25',7590.00,1,1.00,'Factura B N°: 0001-00000062',NULL,'2023-03-26 23:30:21','2023-03-27 11:08:48','2023-03-27 11:08:48'),(243,7730,2,40720,40788,13,1525,1,0,'2021-01-25','2021-01-25',6490.00,1,1.00,'Factura B N°: 0001-00000063',NULL,'2023-03-26 23:30:21','2023-03-27 11:08:41','2023-03-27 11:08:41'),(244,7730,2,40720,40789,13,1525,1,0,'2021-01-25','2021-01-25',8685.00,1,1.00,'Factura B N°: 0001-00000064',NULL,'2023-03-26 23:30:21','2023-03-27 11:08:33','2023-03-27 11:08:33'),(245,7730,2,40720,40790,13,1525,1,0,'2021-01-26','2021-01-26',6490.00,1,1.00,'Factura B N°: 0001-00000065',NULL,'2023-03-26 23:30:21','2023-03-27 11:08:26','2023-03-27 11:08:26'),(246,7730,2,40720,40791,13,1525,1,0,'2021-01-26','2021-01-26',7590.00,1,1.00,'Factura B N°: 0001-00000066',NULL,'2023-03-26 23:30:21','2023-03-27 11:08:18','2023-03-27 11:08:18'),(247,7730,2,40720,40792,13,1525,1,0,'2021-01-26','2021-01-26',6490.00,1,1.00,'Factura B N°: 0001-00000067',NULL,'2023-03-26 23:30:21','2023-03-27 11:08:12','2023-03-27 11:08:12'),(248,7730,2,40720,40793,13,1525,1,0,'2021-01-26','2021-01-26',6490.00,1,1.00,'Factura B N°: 0001-00000068',NULL,'2023-03-26 23:30:21','2023-03-27 11:08:05','2023-03-27 11:08:05'),(249,7730,2,40720,40794,13,1525,1,0,'2021-01-26','2021-01-26',8685.00,1,1.00,'Factura B N°: 0001-00000069',NULL,'2023-03-26 23:30:21','2023-03-27 11:07:58','2023-03-27 11:07:58'),(250,7730,2,40720,40795,13,1525,1,0,'2021-01-28','2021-01-28',7590.00,1,1.00,'Factura B N°: 0001-00000070',NULL,'2023-03-26 23:30:21','2023-03-27 11:07:48','2023-03-27 11:07:48'),(251,7730,2,40720,40791,13,1525,2,0,'2021-01-28','2021-01-28',7590.00,1,1.00,'Nota de crédito B N°: 0001-00000001',NULL,'2023-03-26 23:30:21','2023-03-27 11:07:36','2023-03-27 11:07:36'),(252,7730,2,40720,40796,13,1525,1,0,'2021-01-14','2021-01-14',150.00,1,1.00,'Factura A N°: 0001-00000004',NULL,'2023-03-26 23:31:17','2023-03-27 11:07:29','2023-03-27 11:07:29'),(253,7730,2,40720,40797,13,1525,1,0,'2021-01-26','2021-01-26',6799.00,1,1.00,'Factura A N°: 0001-00000006',NULL,'2023-03-26 23:31:17','2023-03-27 11:07:22','2023-03-27 11:07:22'),(254,7730,2,40720,40797,13,1525,1,0,'2021-01-26','2021-01-26',40794.00,1,1.00,'Factura A N°: 0001-00000007',NULL,'2023-03-26 23:31:17','2023-03-27 11:07:14','2023-03-27 11:07:14'),(255,7730,2,40720,40797,13,1525,1,0,'2021-01-27','2021-01-27',40794.00,1,1.00,'Factura A N°: 0001-00000008',NULL,'2023-03-26 23:31:17','2023-03-27 11:06:51','2023-03-27 11:06:51'),(256,7730,2,40720,40797,13,1525,2,0,'2021-01-27','2021-01-27',40794.00,1,1.00,'Nota de crédito A N°: 0001-00000002',NULL,'2023-03-26 23:31:17','2023-03-27 11:06:31','2023-03-27 11:06:31'),(257,7730,3,40720,40762,57,1525,2,0,'2021-01-05','2021-01-05',20000.00,1,1.00,'Factura C N°: 0002-00000028',NULL,'2023-03-26 23:43:09','2023-03-27 00:08:06','2023-03-27 00:08:06'),(258,7730,3,40720,40727,57,1525,1,0,'2021-01-08','2021-01-08',1204.90,1,1.00,'Nota de crédito A N°: 0011-00471338',NULL,'2023-03-26 23:43:09','2023-03-26 23:56:30','2023-03-26 23:56:30'),(259,7730,3,40720,40724,57,1525,2,0,'2021-01-08','2021-01-08',5719.07,1,1.00,'Factura A N°: 0003-00004406',NULL,'2023-03-26 23:43:09','2023-03-27 00:07:32','2023-03-27 00:07:32'),(260,7730,3,40720,40727,57,1525,2,0,'2021-01-10','2021-01-10',40365.09,1,1.00,'Factura A N°: 0011-01002751',NULL,'2023-03-26 23:43:09','2023-03-27 00:00:20','2023-03-27 00:00:20'),(261,7730,3,40720,40724,57,1525,2,0,'2021-01-12','2021-01-12',12801.20,1,1.00,'Factura A N°: 0003-00004414',NULL,'2023-03-26 23:43:09','2023-03-27 00:07:15','2023-03-27 00:07:15');
INSERT INTO `cta_cte_cliente` VALUES (262,7730,3,40720,40724,57,1525,2,0,'2021-01-21','2021-01-21',7234.59,1,1.00,'Factura A N°: 0003-00004440',NULL,'2023-03-26 23:43:09','2023-03-27 00:07:01','2023-03-27 00:07:01'),(263,7730,3,40720,40724,57,1525,2,0,'2021-01-21','2021-01-21',4267.07,1,1.00,'Factura A N°: 0003-00004441',NULL,'2023-03-26 23:43:09','2023-03-27 00:06:45','2023-03-27 00:06:45'),(264,7730,3,40720,40764,57,1525,2,0,'2021-01-29','2021-01-29',10684.52,1,1.00,'Factura A N°: 0002-00000048',NULL,'2023-03-26 23:43:09','2023-03-27 00:06:20','2023-03-27 00:06:20'),(265,7730,3,40720,40798,57,1525,2,0,'2021-01-31','2021-01-31',3298.42,1,1.00,'Factura A N°: 0005-00000024',NULL,'2023-03-26 23:43:09','2023-03-27 00:05:01','2023-03-27 00:05:01'),(266,7730,3,40720,40728,57,1525,2,0,'2021-01-31','2021-01-31',1206.09,1,1.00,'Factura A N°: 6364-04165950',NULL,'2023-03-26 23:43:10','2023-03-27 00:03:07','2023-03-27 00:03:07'),(267,7730,3,40720,40727,57,1525,1,0,'2021-01-08','2021-01-08',1204.90,1,1.00,'Nota de crédito A N°: 0011-00471338',NULL,'2023-03-26 23:56:30','2023-03-27 00:08:53','2023-03-27 00:08:53'),(268,7730,3,40720,40727,57,1525,2,0,'2021-01-10','2021-01-10',40365.09,1,1.00,'Factura A N°: 0011-01002751',NULL,'2023-03-27 00:00:20','2023-03-27 00:09:11','2023-03-27 00:09:11'),(269,7730,3,40720,40728,57,1525,2,0,'2021-01-31','2021-01-31',1241.12,1,1.00,'Factura A N°: 6364-04165950',NULL,'2023-03-27 00:03:07','2023-03-27 00:04:10','2023-03-27 00:04:10'),(270,7730,3,40720,40728,57,1525,2,0,'2021-01-31','2021-01-31',1206.09,1,1.00,'Factura A N°: 6364-04165950',NULL,'2023-03-27 00:04:10','2023-03-27 00:09:49','2023-03-27 00:09:49'),(271,7730,3,40720,40798,57,1525,2,0,'2021-01-31','2021-01-31',3298.43,1,1.00,'Factura A N°: 0005-00000024',NULL,'2023-03-27 00:05:01','2023-03-27 00:09:30','2023-03-27 00:09:30'),(272,7730,3,40720,40764,57,1525,2,0,'2021-01-29','2021-01-29',10684.52,1,1.00,'Factura A N°: 0002-00000048',NULL,'2023-03-27 00:06:20','2023-03-27 00:06:20',NULL),(273,7730,3,40720,40724,57,1525,2,0,'2021-01-21','2021-01-21',4267.07,1,1.00,'Factura A N°: 0003-00004441',NULL,'2023-03-27 00:06:45','2023-03-28 17:17:32',NULL),(274,7730,3,40720,40724,57,1525,2,0,'2021-01-21','2021-01-21',7234.59,1,1.00,'Factura A N°: 0003-00004440',NULL,'2023-03-27 00:07:01','2023-03-28 17:17:32',NULL),(275,7730,3,40720,40724,57,1525,2,0,'2021-01-12','2021-01-12',12801.20,1,1.00,'Factura A N°: 0003-00004414',NULL,'2023-03-27 00:07:15','2023-03-28 17:17:32',NULL),(276,7730,3,40720,40724,57,1525,2,0,'2021-01-08','2021-01-08',5719.07,1,1.00,'Factura A N°: 0003-00004406',NULL,'2023-03-27 00:07:32','2023-03-28 17:17:32',NULL),(277,7730,3,40720,40762,57,1525,2,0,'2021-01-05','2021-01-05',20000.00,1,1.00,'Factura C N°: 0002-00000028',NULL,'2023-03-27 00:08:06','2023-03-27 00:08:38','2023-03-27 00:08:38'),(278,7730,3,40720,40762,57,1525,2,1,'2021-01-05','2021-01-05',20000.00,1,1.00,'Factura C N°: 0002-00000028',NULL,'2023-03-27 00:08:38','2023-03-28 12:40:44',NULL),(279,7730,3,40720,40727,57,1525,1,0,'2021-01-08','2021-01-08',1204.90,1,1.00,'Nota de crédito A N°: 0011-00471338',NULL,'2023-03-27 00:08:53','2023-03-28 12:44:11','2023-03-28 12:44:11'),(280,7730,3,40720,40727,57,1525,2,0,'2021-01-10','2021-01-10',40365.09,1,1.00,'Factura A N°: 0011-01002751',NULL,'2023-03-27 00:09:11','2023-03-28 13:21:48','2023-03-28 13:21:48'),(281,7730,3,40720,40798,57,1525,2,1,'2021-01-31','2021-01-31',3298.43,1,1.00,'Factura A N°: 0005-00000024',NULL,'2023-03-27 00:09:30','2023-03-28 12:24:10',NULL),(282,7730,3,40720,40728,57,1525,2,0,'2021-01-31','2021-01-31',1206.09,1,1.00,'Factura A N°: 6364-04165950',NULL,'2023-03-27 00:09:49','2023-03-28 12:14:55','2023-03-28 12:14:55'),(283,7730,2,40720,40745,13,1525,2,0,'2021-01-04','2021-01-04',1446.00,1,1.00,'Nota de crédito A N°: 0001-00000001',NULL,'2023-03-27 14:34:42','2023-03-27 14:34:42',NULL);
INSERT INTO `cta_cte_cliente` VALUES (284,7730,2,40720,40765,13,1525,1,0,'2021-01-04','2021-01-04',6490.00,1,1.00,'Factura B N°: 0001-00000034',NULL,'2023-03-27 14:34:42','2023-03-27 14:42:48','2023-03-27 14:42:48'),(285,7730,2,40720,40765,13,1525,1,0,'2021-01-04','2021-01-04',1600.00,1,1.00,'Factura B N°: 0001-00000035',NULL,'2023-03-27 14:34:42','2023-03-27 14:44:21','2023-03-27 14:44:21'),(286,7730,2,40720,40766,13,1525,1,0,'2021-01-06','2021-01-06',7590.00,1,1.00,'Factura B N°: 0001-00000036',NULL,'2023-03-27 14:34:42','2023-03-27 14:45:24','2023-03-27 14:45:24'),(287,7730,2,40720,40767,13,1525,1,0,'2021-01-06','2021-01-06',7590.00,1,1.00,'Factura B N°: 0001-00000037',NULL,'2023-03-27 14:34:42','2023-03-27 14:47:13','2023-03-27 14:47:13'),(288,7730,2,40720,40767,13,1525,1,0,'2021-01-06','2021-01-06',1500.00,1,1.00,'Factura B N°: 0001-00000038',NULL,'2023-03-27 14:34:42','2023-03-27 14:48:01','2023-03-27 14:48:01'),(289,7730,2,40720,40768,13,1525,1,0,'2021-01-06','2021-01-06',19470.00,1,1.00,'Factura B N°: 0001-00000039',NULL,'2023-03-27 14:34:42','2023-03-27 14:49:25','2023-03-27 14:49:25'),(290,7730,2,40720,40769,13,1525,1,0,'2021-01-07','2021-01-07',150.00,1,1.00,'Factura B N°: 0001-00000040',NULL,'2023-03-27 14:34:42','2023-03-27 14:50:41','2023-03-27 14:50:41'),(291,7730,2,40720,40770,13,1525,1,0,'2021-01-07','2021-01-07',7590.00,1,1.00,'Factura B N°: 0001-00000041',NULL,'2023-03-27 14:34:42','2023-03-27 14:52:37','2023-03-27 14:52:37'),(292,7730,2,40720,40771,13,1525,1,0,'2021-01-07','2021-01-07',150.00,1,1.00,'Factura B N°: 0001-00000042',NULL,'2023-03-27 14:34:42','2023-03-27 14:53:54','2023-03-27 14:53:54'),(293,7730,2,40720,40772,13,1525,1,0,'2021-01-07','2021-01-07',150.00,1,1.00,'Factura B N°: 0001-00000043',NULL,'2023-03-27 14:34:43','2023-03-27 14:55:03','2023-03-27 14:55:03'),(294,7730,2,40720,40773,13,1525,1,0,'2021-01-12','2021-01-12',150.00,1,1.00,'Factura B N°: 0001-00000044',NULL,'2023-03-27 14:34:43','2023-03-27 14:56:02','2023-03-27 14:56:02'),(295,7730,2,40720,40774,13,1525,1,0,'2021-01-12','2021-01-12',7590.00,1,1.00,'Factura B N°: 0001-00000045',NULL,'2023-03-27 14:34:43','2023-03-27 14:57:22','2023-03-27 14:57:22'),(296,7730,2,40720,40731,13,1525,1,0,'2021-01-13','2021-01-13',150.00,1,1.00,'Factura B N°: 0001-00000046',NULL,'2023-03-27 14:34:43','2023-03-27 14:58:21','2023-03-27 14:58:21'),(297,7730,2,40720,40775,13,1525,1,0,'2021-01-13','2021-01-13',150.00,1,1.00,'Factura B N°: 0001-00000047',NULL,'2023-03-27 14:34:43','2023-03-27 14:59:37','2023-03-27 14:59:37'),(298,7730,2,40720,40733,13,1525,1,0,'2021-01-13','2021-01-13',799.00,1,1.00,'Factura B N°: 0001-00000048',NULL,'2023-03-27 14:34:43','2023-03-27 15:00:29','2023-03-27 15:00:29'),(299,7730,2,40720,40764,13,1525,1,0,'2021-01-14','2021-01-14',150.00,1,1.00,'Factura A N°: 0001-00000005',NULL,'2023-03-27 14:34:43','2023-03-27 15:06:44','2023-03-27 15:06:44'),(300,7730,2,40720,40776,13,1525,1,0,'2021-01-14','2021-01-14',150.00,1,1.00,'Factura B N°: 0001-00000049',NULL,'2023-03-27 14:34:43','2023-03-27 15:02:54','2023-03-27 15:02:54'),(301,7730,2,40720,40777,13,1525,1,0,'2021-01-14','2021-01-14',150.00,1,1.00,'Factura B N°: 0001-00000050',NULL,'2023-03-27 14:34:43','2023-03-27 15:04:08','2023-03-27 15:04:08'),(302,7730,2,40720,40733,13,1525,1,0,'2021-01-14','2021-01-14',150.00,1,1.00,'Factura B N°: 0001-00000051',NULL,'2023-03-27 14:34:43','2023-03-27 15:04:42','2023-03-27 15:04:42'),(303,7730,2,40720,40778,13,1525,1,0,'2021-01-15','2021-01-15',150.00,1,1.00,'Factura B N°: 0001-00000052',NULL,'2023-03-27 14:34:43','2023-03-27 15:05:54','2023-03-27 15:05:54'),(304,7730,2,40720,40779,13,1525,1,0,'2021-01-18','2021-01-18',1379.00,1,1.00,'Factura B N°: 0001-00000053',NULL,'2023-03-27 14:34:43','2023-03-27 15:08:24','2023-03-27 15:08:24'),(305,7730,2,40720,40780,13,1525,1,0,'2021-01-18','2021-01-18',7590.00,1,1.00,'Factura B N°: 0001-00000054',NULL,'2023-03-27 14:34:43','2023-03-27 15:11:08','2023-03-27 15:11:08');
INSERT INTO `cta_cte_cliente` VALUES (306,7730,2,40720,40781,13,1525,1,0,'2021-01-18','2021-01-18',7819.00,1,1.00,'Factura B N°: 0001-00000055',NULL,'2023-03-27 14:34:43','2023-03-27 15:12:51','2023-03-27 15:12:51'),(307,7730,2,40720,40782,13,1525,1,0,'2021-01-19','2021-01-19',6490.00,1,1.00,'Factura B N°: 0001-00000056',NULL,'2023-03-27 14:34:43','2023-03-27 15:14:06','2023-03-27 15:14:06'),(308,7730,2,40720,40781,13,1525,1,0,'2021-01-19','2021-01-19',6490.00,1,1.00,'Factura B N°: 0001-00000057',NULL,'2023-03-27 14:34:43','2023-03-27 15:14:41','2023-03-27 15:14:41'),(309,7730,2,40720,40783,13,1525,1,0,'2021-01-20','2021-01-20',6490.00,1,1.00,'Factura B N°: 0001-00000058',NULL,'2023-03-27 14:34:43','2023-03-27 15:15:48','2023-03-27 15:15:48'),(310,7730,2,40720,40784,13,1525,1,0,'2021-01-20','2021-01-20',8685.00,1,1.00,'Factura B N°: 0001-00000059',NULL,'2023-03-27 14:34:43','2023-03-27 15:17:10','2023-03-27 15:17:10'),(311,7730,2,40720,40785,13,1525,1,0,'2021-01-21','2021-01-21',8685.00,1,1.00,'Factura B N°: 0001-00000060',NULL,'2023-03-27 14:34:43','2023-03-27 15:18:09','2023-03-27 15:18:09'),(312,7730,2,40720,40786,13,1525,1,0,'2021-01-22','2021-01-22',300.00,1,1.00,'Factura B N°: 0001-00000061',NULL,'2023-03-27 14:34:44','2023-03-27 15:20:22','2023-03-27 15:20:22'),(313,7730,2,40720,40787,13,1525,1,0,'2021-01-25','2021-01-25',7590.00,1,1.00,'Factura B N°: 0001-00000062',NULL,'2023-03-27 14:34:44','2023-03-27 15:21:38','2023-03-27 15:21:38'),(314,7730,2,40720,40788,13,1525,1,0,'2021-01-25','2021-01-25',6490.00,1,1.00,'Factura B N°: 0001-00000063',NULL,'2023-03-27 14:34:44','2023-03-27 15:22:48','2023-03-27 15:22:48'),(315,7730,2,40720,40789,13,1525,1,0,'2021-01-25','2021-01-25',8685.00,1,1.00,'Factura B N°: 0001-00000064',NULL,'2023-03-27 14:34:44','2023-03-27 15:23:55','2023-03-27 15:23:55'),(316,7730,2,40720,40790,13,1525,1,0,'2021-01-26','2021-01-26',6490.00,1,1.00,'Factura B N°: 0001-00000065',NULL,'2023-03-27 14:34:44','2023-03-27 15:25:16','2023-03-27 15:25:16'),(317,7730,2,40720,40791,13,1525,1,0,'2021-01-26','2021-01-26',7590.00,1,1.00,'Factura B N°: 0001-00000066',NULL,'2023-03-27 14:34:44','2023-03-27 15:26:08','2023-03-27 15:26:08'),(318,7730,2,40720,40792,13,1525,1,0,'2021-01-26','2021-01-26',6490.00,1,1.00,'Factura B N°: 0001-00000067',NULL,'2023-03-27 14:34:44','2023-03-27 15:27:27','2023-03-27 15:27:27'),(319,7730,2,40720,40793,13,1525,1,0,'2021-01-26','2021-01-26',6490.00,1,1.00,'Factura B N°: 0001-00000068',NULL,'2023-03-27 14:34:44','2023-03-27 15:28:27','2023-03-27 15:28:27'),(320,7730,2,40720,40794,13,1525,1,0,'2021-01-26','2021-01-26',8685.00,1,1.00,'Factura B N°: 0001-00000069',NULL,'2023-03-27 14:34:44','2023-03-27 15:29:31','2023-03-27 15:29:31'),(321,7730,2,40720,40795,13,1525,1,0,'2021-01-28','2021-01-28',7590.00,1,1.00,'Factura B N°: 0001-00000070',NULL,'2023-03-27 14:34:44','2023-03-27 15:30:29','2023-03-27 15:30:29'),(322,7730,2,40720,40791,13,1525,2,0,'2021-01-28','2021-01-28',7590.00,1,1.00,'Nota de crédito B N°: 0001-00000001',NULL,'2023-03-27 14:34:44','2023-03-27 15:31:17','2023-03-27 15:31:17'),(323,7730,2,40720,40796,13,1525,1,0,'2021-01-14','2021-01-14',150.00,1,1.00,'Factura A N°: 0001-00000004',NULL,'2023-03-27 14:36:03','2023-03-27 15:32:52','2023-03-27 15:32:52'),(324,7730,2,40720,40797,13,1525,1,0,'2021-01-26','2021-01-26',6799.00,1,1.00,'Factura A N°: 0001-00000006',NULL,'2023-03-27 14:36:03','2023-03-27 15:33:40','2023-03-27 15:33:40'),(325,7730,2,40720,40797,13,1525,1,1,'2021-01-26','2021-01-26',40794.00,1,1.00,'Factura A N°: 0001-00000007',NULL,'2023-03-27 14:36:03','2023-03-27 16:47:49',NULL),(326,7730,2,40720,40797,13,1525,1,0,'2021-01-27','2021-01-27',40794.00,1,1.00,'Factura A N°: 0001-00000008',NULL,'2023-03-27 14:36:03','2023-03-27 14:36:03',NULL),(327,7730,2,40720,40797,13,1525,2,0,'2021-01-27','2021-01-27',40794.00,1,1.00,'Nota de crédito A N°: 0001-00000002',NULL,'2023-03-27 14:36:03','2023-03-27 15:32:17','2023-03-27 15:32:17');
INSERT INTO `cta_cte_cliente` VALUES (328,7730,2,40720,40765,13,1525,1,1,'2021-01-04','2021-01-04',6490.00,1,1.00,'Factura B N°: 0001-00000034',NULL,'2023-03-27 14:42:48','2023-03-27 16:00:34',NULL),(329,7730,2,40720,40765,13,1525,1,1,'2021-01-04','2021-01-04',1600.00,1,1.00,'Factura B N°: 0001-00000035',NULL,'2023-03-27 14:44:21','2023-03-27 16:00:34',NULL),(330,7730,2,40720,40766,13,1525,1,1,'2021-01-06','2021-01-06',7590.00,1,1.00,'Factura B N°: 0001-00000036',NULL,'2023-03-27 14:45:24','2023-03-27 16:02:07',NULL),(331,7730,2,40720,40767,13,1525,1,1,'2021-01-06','2021-01-06',7590.00,1,1.00,'Factura B N°: 0001-00000037',NULL,'2023-03-27 14:47:13','2023-03-27 16:03:07',NULL),(332,7730,2,40720,40767,13,1525,1,1,'2021-01-06','2021-01-06',1500.00,1,1.00,'Factura B N°: 0001-00000038',NULL,'2023-03-27 14:48:01','2023-03-27 16:03:07',NULL),(333,7730,2,40720,40768,13,1525,1,1,'2021-01-06','2021-01-06',19470.00,1,1.00,'Factura B N°: 0001-00000039',NULL,'2023-03-27 14:49:25','2023-03-27 16:03:59',NULL),(334,7730,2,40720,40769,13,1525,1,1,'2021-01-07','2021-01-07',150.00,1,1.00,'Factura B N°: 0001-00000040',NULL,'2023-03-27 14:50:41','2023-03-27 16:05:00',NULL),(335,7730,2,40720,40770,13,1525,1,1,'2021-01-07','2021-01-07',7590.00,1,1.00,'Factura B N°: 0001-00000041',NULL,'2023-03-27 14:52:37','2023-03-27 16:06:03',NULL),(336,7730,2,40720,40771,13,1525,1,1,'2021-01-07','2021-01-07',150.00,1,1.00,'Factura B N°: 0001-00000042',NULL,'2023-03-27 14:53:54','2023-03-27 16:06:54',NULL),(337,7730,2,40720,40772,13,1525,1,1,'2021-01-07','2021-01-07',150.00,1,1.00,'Factura B N°: 0001-00000043',NULL,'2023-03-27 14:55:03','2023-03-27 16:07:35',NULL),(338,7730,2,40720,40773,13,1525,1,1,'2021-01-12','2021-01-12',150.00,1,1.00,'Factura B N°: 0001-00000044',NULL,'2023-03-27 14:56:02','2023-03-27 16:08:33',NULL),(339,7730,2,40720,40774,13,1525,1,1,'2021-01-12','2021-01-12',7590.00,1,1.00,'Factura B N°: 0001-00000045',NULL,'2023-03-27 14:57:22','2023-03-27 16:09:12',NULL),(340,7730,2,40720,40731,13,1525,1,1,'2021-01-13','2021-01-13',150.00,1,1.00,'Factura B N°: 0001-00000046',NULL,'2023-03-27 14:58:21','2023-03-27 15:56:08',NULL),(341,7730,2,40720,40775,13,1525,1,1,'2021-01-13','2021-01-13',150.00,1,1.00,'Factura B N°: 0001-00000047',NULL,'2023-03-27 14:59:37','2023-03-27 16:09:56',NULL),(342,7730,2,40720,40733,13,1525,1,1,'2021-01-13','2021-01-13',799.00,1,1.00,'Factura B N°: 0001-00000048',NULL,'2023-03-27 15:00:29','2023-03-27 15:58:45',NULL),(343,7730,2,40720,40776,13,1525,1,1,'2021-01-14','2021-01-14',150.00,1,1.00,'Factura B N°: 0001-00000049',NULL,'2023-03-27 15:02:54','2023-03-27 16:11:16',NULL),(344,7730,2,40720,40777,13,1525,1,1,'2021-01-14','2021-01-14',150.00,1,1.00,'Factura B N°: 0001-00000050',NULL,'2023-03-27 15:04:08','2023-03-27 16:11:52',NULL),(345,7730,2,40720,40733,13,1525,1,1,'2021-01-14','2021-01-14',150.00,1,1.00,'Factura B N°: 0001-00000051',NULL,'2023-03-27 15:04:42','2023-03-27 15:58:45',NULL),(346,7730,2,40720,40778,13,1525,1,1,'2021-01-15','2021-01-15',150.00,1,1.00,'Factura B N°: 0001-00000052',NULL,'2023-03-27 15:05:54','2023-03-27 16:12:34',NULL),(347,7730,2,40720,40764,13,1525,1,1,'2021-01-14','2021-01-14',150.00,1,1.00,'Factura A N°: 0001-00000005',NULL,'2023-03-27 15:06:44','2023-03-27 16:54:51',NULL),(348,7730,2,40720,40779,13,1525,1,1,'2021-01-18','2021-01-18',1379.00,1,1.00,'Factura B N°: 0001-00000053',NULL,'2023-03-27 15:08:24','2023-03-27 16:13:20',NULL),(349,7730,2,40720,40780,13,1525,1,1,'2021-01-18','2021-01-18',7590.00,1,1.00,'Factura B N°: 0001-00000054',NULL,'2023-03-27 15:11:08','2023-03-27 16:14:22',NULL),(350,7730,2,40720,40781,13,1525,1,1,'2021-01-18','2021-01-18',7819.00,1,1.00,'Factura B N°: 0001-00000055',NULL,'2023-03-27 15:12:51','2023-03-27 16:16:08',NULL),(351,7730,2,40720,40782,13,1525,1,1,'2021-01-19','2021-01-19',6490.00,1,1.00,'Factura B N°: 0001-00000056',NULL,'2023-03-27 15:14:06','2023-03-27 16:18:43',NULL);
INSERT INTO `cta_cte_cliente` VALUES (352,7730,2,40720,40781,13,1525,1,1,'2021-01-19','2021-01-19',6490.00,1,1.00,'Factura B N°: 0001-00000057',NULL,'2023-03-27 15:14:41','2023-03-27 16:17:14',NULL),(353,7730,2,40720,40783,13,1525,1,1,'2021-01-20','2021-01-20',6490.00,1,1.00,'Factura B N°: 0001-00000058',NULL,'2023-03-27 15:15:48','2023-03-27 16:19:37',NULL),(354,7730,2,40720,40784,13,1525,1,1,'2021-01-20','2021-01-20',8685.00,1,1.00,'Factura B N°: 0001-00000059',NULL,'2023-03-27 15:17:10','2023-03-27 16:20:30',NULL),(355,7730,2,40720,40785,13,1525,1,0,'2021-01-21','2021-01-21',8685.00,1,1.00,'Factura B N°: 0001-00000060',NULL,'2023-03-27 15:18:09','2023-03-27 15:18:52','2023-03-27 15:18:52'),(356,7730,2,40720,40785,13,1525,1,0,'2021-01-21','2021-01-21',8685.00,1,1.00,'Factura B N°: 0001-00000060',NULL,'2023-03-27 15:18:52','2023-03-27 15:19:25','2023-03-27 15:19:25'),(357,7730,2,40720,40785,13,1525,1,1,'2021-01-21','2021-01-21',8685.00,1,1.00,'Factura B N°: 0001-00000060',NULL,'2023-03-27 15:19:25','2023-03-27 16:21:24',NULL),(358,7730,2,40720,40786,13,1525,1,1,'2021-01-22','2021-01-22',300.00,1,1.00,'Factura B N°: 0001-00000061',NULL,'2023-03-27 15:20:22','2023-03-27 16:30:20',NULL),(359,7730,2,40720,40787,13,1525,1,1,'2021-01-25','2021-01-25',7590.00,1,1.00,'Factura B N°: 0001-00000062',NULL,'2023-03-27 15:21:38','2023-03-27 16:31:13',NULL),(360,7730,2,40720,40788,13,1525,1,1,'2021-01-25','2021-01-25',6490.00,1,1.00,'Factura B N°: 0001-00000063',NULL,'2023-03-27 15:22:48','2023-03-27 16:32:13',NULL),(361,7730,2,40720,40789,13,1525,1,1,'2021-01-25','2021-01-25',8685.00,1,1.00,'Factura B N°: 0001-00000064',NULL,'2023-03-27 15:23:55','2023-03-27 16:33:00',NULL),(362,7730,2,40720,40790,13,1525,1,1,'2021-01-26','2021-01-26',6490.00,1,1.00,'Factura B N°: 0001-00000065',NULL,'2023-03-27 15:25:16','2023-03-27 16:33:48',NULL),(363,7730,2,40720,40791,13,1525,1,0,'2021-01-26','2021-01-26',7590.00,1,1.00,'Factura B N°: 0001-00000066',NULL,'2023-03-27 15:26:08','2023-03-27 15:26:08',NULL),(364,7730,2,40720,40792,13,1525,1,1,'2021-01-26','2021-01-26',6490.00,1,1.00,'Factura B N°: 0001-00000067',NULL,'2023-03-27 15:27:27','2023-03-27 16:34:55',NULL),(365,7730,2,40720,40793,13,1525,1,1,'2021-01-26','2021-01-26',6490.00,1,1.00,'Factura B N°: 0001-00000068',NULL,'2023-03-27 15:28:27','2023-03-27 16:38:54',NULL),(366,7730,2,40720,40794,13,1525,1,1,'2021-01-26','2021-01-26',8685.00,1,1.00,'Factura B N°: 0001-00000069',NULL,'2023-03-27 15:29:31','2023-03-27 16:39:47',NULL),(367,7730,2,40720,40795,13,1525,1,1,'2021-01-28','2021-01-28',7590.00,1,1.00,'Factura B N°: 0001-00000070',NULL,'2023-03-27 15:30:29','2023-03-27 16:40:40',NULL),(368,7730,2,40720,40791,13,1525,2,0,'2021-01-28','2021-01-28',7590.00,1,1.00,'Nota de crédito B N°: 0001-00000001',NULL,'2023-03-27 15:31:17','2023-03-27 15:31:17',NULL),(369,7730,2,40720,40797,13,1525,2,0,'2021-01-27','2021-01-27',40794.00,1,1.00,'Nota de crédito A N°: 0001-00000002',NULL,'2023-03-27 15:32:17','2023-03-27 15:32:17',NULL),(370,7730,2,40720,40796,13,1525,1,1,'2021-01-14','2021-01-14',150.00,1,1.00,'Factura A N°: 0001-00000004',NULL,'2023-03-27 15:32:52','2023-03-27 16:43:44',NULL),(371,7730,2,40720,40797,13,1525,1,1,'2021-01-26','2021-01-26',6799.00,1,1.00,'Factura A N°: 0001-00000006',NULL,'2023-03-27 15:33:40','2023-03-27 16:45:38',NULL),(372,7730,20,40720,40731,13,1525,2,1,'2021-01-13','2021-01-13',150.00,1,1.00,NULL,NULL,'2023-03-27 15:56:08','2023-03-27 15:56:08',NULL),(373,7730,20,40720,40733,13,1525,2,1,'2021-01-14','2021-01-14',949.00,1,1.00,NULL,NULL,'2023-03-27 15:58:45','2023-03-27 15:58:45',NULL),(374,7730,20,40720,40765,13,1525,2,1,'2021-01-04','2021-01-04',8090.00,1,1.00,NULL,NULL,'2023-03-27 16:00:34','2023-03-27 16:00:34',NULL),(375,7730,20,40720,40766,13,1525,2,1,'2021-01-06','2021-01-06',7590.00,1,1.00,NULL,NULL,'2023-03-27 16:02:07','2023-03-27 16:02:07',NULL),(376,7730,20,40720,40767,13,1525,2,1,'2021-01-06','2021-01-06',9090.00,1,1.00,NULL,NULL,'2023-03-27 16:03:07','2023-03-27 16:03:07',NULL);
INSERT INTO `cta_cte_cliente` VALUES (377,7730,20,40720,40768,13,1525,2,1,'2021-01-06','2021-01-06',19470.00,1,1.00,NULL,NULL,'2023-03-27 16:03:59','2023-03-27 16:03:59',NULL),(378,7730,20,40720,40769,13,1525,2,1,'2021-01-07','2021-01-07',150.00,1,1.00,NULL,NULL,'2023-03-27 16:05:00','2023-03-27 16:05:00',NULL),(379,7730,20,40720,40770,13,1525,2,1,'2021-01-07','2021-01-07',7590.00,1,1.00,NULL,NULL,'2023-03-27 16:06:03','2023-03-27 16:06:03',NULL),(380,7730,20,40720,40771,13,1525,2,1,'2021-01-07','2021-01-07',150.00,1,1.00,NULL,NULL,'2023-03-27 16:06:54','2023-03-27 16:06:54',NULL),(381,7730,20,40720,40772,13,1525,2,1,'2021-01-07','2021-01-07',150.00,1,1.00,NULL,NULL,'2023-03-27 16:07:35','2023-03-27 16:07:35',NULL),(382,7730,20,40720,40773,13,1525,2,1,'2021-01-12','2021-01-12',150.00,1,1.00,NULL,NULL,'2023-03-27 16:08:33','2023-03-27 16:08:33',NULL),(383,7730,20,40720,40774,13,1525,2,1,'2021-01-12','2021-01-12',7590.00,1,1.00,NULL,NULL,'2023-03-27 16:09:12','2023-03-27 16:09:12',NULL),(384,7730,20,40720,40775,13,1525,2,1,'2021-01-13','2021-01-13',150.00,1,1.00,NULL,NULL,'2023-03-27 16:09:56','2023-03-27 16:09:56',NULL),(385,7730,20,40720,40776,13,1525,2,1,'2021-01-14','2021-01-14',150.00,1,1.00,NULL,NULL,'2023-03-27 16:11:16','2023-03-27 16:11:16',NULL),(386,7730,20,40720,40777,13,1525,2,1,'2021-01-14','2021-01-14',150.00,1,1.00,NULL,NULL,'2023-03-27 16:11:52','2023-03-27 16:11:52',NULL),(387,7730,20,40720,40778,13,1525,2,1,'2021-01-14','2021-01-14',150.00,1,1.00,NULL,NULL,'2023-03-27 16:12:34','2023-03-27 16:12:34',NULL),(388,7730,20,40720,40779,13,1525,2,1,'2021-01-14','2021-01-14',1379.00,1,1.00,NULL,NULL,'2023-03-27 16:13:20','2023-03-27 16:13:20',NULL),(389,7730,20,40720,40780,13,1525,2,1,'2021-01-18','2021-01-18',7590.00,1,1.00,NULL,NULL,'2023-03-27 16:14:22','2023-03-27 16:14:22',NULL),(390,7730,20,40720,40781,13,1525,2,1,'2021-01-18','2021-01-18',7819.00,1,1.00,NULL,NULL,'2023-03-27 16:16:08','2023-03-27 16:16:08',NULL),(391,7730,20,40720,40781,13,1525,2,1,'2021-01-19','2021-01-19',6490.00,1,1.00,NULL,NULL,'2023-03-27 16:17:14','2023-03-27 16:17:14',NULL),(392,7730,20,40720,40782,13,1525,2,1,'2021-01-19','2021-01-19',6490.00,1,1.00,NULL,NULL,'2023-03-27 16:18:43','2023-03-27 16:18:43',NULL),(393,7730,20,40720,40783,13,1525,2,1,'2021-01-20','2021-01-20',6490.00,1,1.00,NULL,NULL,'2023-03-27 16:19:37','2023-03-27 16:19:37',NULL),(394,7730,20,40720,40784,13,1525,2,1,'2021-01-20','2021-01-20',8685.00,1,1.00,NULL,NULL,'2023-03-27 16:20:30','2023-03-27 16:20:30',NULL),(395,7730,20,40720,40785,13,1525,2,1,'2021-01-21','2021-01-21',8685.00,1,1.00,NULL,NULL,'2023-03-27 16:21:24','2023-03-27 16:21:24',NULL),(396,7730,20,40720,40786,13,1525,2,1,'2021-01-22','2021-01-22',300.00,1,1.00,NULL,NULL,'2023-03-27 16:30:20','2023-03-27 16:30:20',NULL),(397,7730,20,40720,40787,13,1525,2,1,'2021-01-25','2021-01-25',7590.00,1,1.00,NULL,NULL,'2023-03-27 16:31:13','2023-03-27 16:31:13',NULL),(398,7730,20,40720,40788,13,1525,2,1,'2021-01-25','2021-01-25',6490.00,1,1.00,NULL,NULL,'2023-03-27 16:32:13','2023-03-27 16:32:13',NULL),(399,7730,20,40720,40789,13,1525,2,1,'2021-01-25','2021-01-25',8685.00,1,1.00,NULL,NULL,'2023-03-27 16:33:00','2023-03-27 16:33:00',NULL),(400,7730,20,40720,40790,13,1525,2,1,'2021-01-26','2021-01-26',6490.00,1,1.00,NULL,NULL,'2023-03-27 16:33:48','2023-03-27 16:33:48',NULL),(401,7730,20,40720,40792,13,1525,2,1,'2021-01-26','2021-01-26',6490.00,1,1.00,NULL,NULL,'2023-03-27 16:34:55','2023-03-27 16:34:55',NULL),(402,7730,20,40720,40793,13,1525,2,1,'2021-01-26','2021-01-26',6490.00,1,1.00,NULL,NULL,'2023-03-27 16:38:54','2023-03-27 16:38:54',NULL),(403,7730,20,40720,40794,13,1525,2,1,'2021-01-26','2021-01-26',8685.00,1,1.00,NULL,NULL,'2023-03-27 16:39:47','2023-03-27 16:39:47',NULL),(404,7730,20,40720,40795,13,1525,2,1,'2021-01-28','2021-01-28',7590.00,1,1.00,NULL,NULL,'2023-03-27 16:40:40','2023-03-27 16:40:40',NULL),(405,7730,20,40720,40796,13,1525,2,1,'2021-01-14','2021-01-14',150.00,1,1.00,NULL,NULL,'2023-03-27 16:43:44','2023-03-27 16:43:44',NULL);
INSERT INTO `cta_cte_cliente` VALUES (406,7730,20,40720,40797,13,1525,2,1,'2021-01-26','2021-01-26',6799.00,1,1.00,NULL,NULL,'2023-03-27 16:45:38','2023-03-27 16:45:38',NULL),(407,7730,20,40720,40797,13,1525,2,1,'2021-01-27','2021-01-27',40794.00,1,1.00,NULL,NULL,'2023-03-27 16:47:49','2023-03-27 16:47:49',NULL),(408,7730,20,40720,40764,13,1525,2,1,'2021-01-14','2021-01-14',150.00,1,1.00,NULL,NULL,'2023-03-27 16:54:51','2023-03-27 16:54:51',NULL),(409,7730,21,40720,40724,57,1525,1,0,'2021-01-04','2021-01-04',36966.12,1,1.00,'Transferencia realizada por 50000.00',NULL,'2023-03-27 18:30:31','2023-03-28 17:17:32','2023-03-28 17:17:32'),(410,7730,21,40720,40764,57,1525,1,1,'2021-01-29','2021-01-29',137498.23,1,1.00,NULL,NULL,'2023-03-27 18:58:21','2023-03-27 18:58:21',NULL),(411,7730,3,40720,40728,57,1525,2,1,'2021-01-31','2021-01-31',1206.09,1,1.00,'Factura A N°: 6364-04165950',NULL,'2023-03-28 12:14:55','2023-03-28 12:46:41',NULL),(412,7730,21,40720,40727,57,1525,1,0,'2021-01-31','2021-01-31',40365.09,1,1.00,NULL,NULL,'2023-03-28 12:20:13','2023-03-28 13:21:24','2023-03-28 13:21:24'),(413,7730,21,40720,40728,57,1525,1,0,'2021-01-31','2021-01-31',1206.09,1,1.00,NULL,NULL,'2023-03-28 12:22:21','2023-03-28 12:42:47','2023-03-28 12:42:47'),(414,7730,21,40720,40798,57,1525,1,1,'2021-01-31','2021-01-31',3298.43,1,1.00,NULL,NULL,'2023-03-28 12:24:10','2023-03-28 12:24:10',NULL),(415,7730,21,40720,40762,57,1525,1,1,'2021-01-22','2021-01-22',20000.00,1,1.00,NULL,NULL,'2023-03-28 12:40:44','2023-03-28 12:40:44',NULL),(416,7730,21,40720,40728,57,1525,1,1,'2021-01-31','2021-01-31',1206.09,1,1.00,NULL,NULL,'2023-03-28 12:46:41','2023-03-28 12:46:41',NULL),(417,7730,3,40720,40727,57,1525,1,0,'2021-01-08','2021-01-08',1204.90,1,1.00,'Nota de crédito A N°: 0011-00471338',NULL,'2023-03-28 13:14:06','2023-03-28 13:16:58','2023-03-28 13:16:58'),(418,7730,3,40720,40727,57,1525,1,0,'2021-01-08','2021-01-08',1204.90,1,1.00,'Nota de crédito A N°: 0011-00471338',NULL,'2023-03-28 13:16:58','2023-03-28 13:41:33','2023-03-28 13:41:33'),(419,7730,3,40720,40727,57,1525,2,0,'2021-01-10','2021-01-10',40365.09,1,1.00,'Factura A N°: 0011-01002751',NULL,'2023-03-28 13:22:49','2023-03-28 13:24:56','2023-03-28 13:24:56'),(420,7730,3,40720,40727,57,1525,2,0,'2021-01-10','2021-01-10',40365.09,1,1.00,'Factura A N°: 0011-01002751',NULL,'2023-03-28 13:24:56','2023-03-28 14:25:03',NULL),(421,7730,21,40720,40727,57,1525,1,0,'2021-01-31','2021-01-31',40365.09,1,1.00,NULL,NULL,'2023-03-28 13:26:34','2023-03-28 14:25:03','2023-03-28 14:25:03'),(422,7730,3,40720,40727,57,1525,1,0,'2021-01-08','2021-01-08',1204.90,1,1.00,'Nota de crédito A N°: 0011-00471338',NULL,'2023-03-28 13:41:33','2023-03-28 13:41:33',NULL),(423,7730,21,40720,40727,57,1525,1,0,'2021-01-31','2021-01-31',39160.19,1,1.00,NULL,NULL,'2023-03-28 14:38:52','2023-03-28 14:38:52',NULL),(424,7730,2,40720,40799,13,1526,1,0,'2021-02-01','2021-02-01',9990.00,1,1.00,'Factura B N°: 0001-00000071',NULL,'2023-03-28 15:17:33','2023-03-28 15:22:21','2023-03-28 15:22:21'),(425,7730,2,40720,40800,13,1526,1,0,'2021-02-02','2021-02-02',7919.00,1,1.00,'Factura B N°: 0001-00000072',NULL,'2023-03-28 15:17:33','2023-03-28 15:23:10','2023-03-28 15:23:10'),(426,7730,2,40720,40801,13,1526,1,0,'2021-02-02','2021-02-02',8557.00,1,1.00,'Factura B N°: 0001-00000073',NULL,'2023-03-28 15:17:33','2023-03-28 15:23:57','2023-03-28 15:23:57'),(427,7730,2,40720,40802,13,1526,1,0,'2021-02-02','2021-02-02',9990.00,1,1.00,'Factura B N°: 0001-00000074',NULL,'2023-03-28 15:17:33','2023-03-28 15:24:57','2023-03-28 15:24:57'),(428,7730,2,40720,40803,13,1526,1,0,'2021-02-02','2021-02-02',7590.00,1,1.00,'Factura B N°: 0001-00000075',NULL,'2023-03-28 15:17:33','2023-03-28 15:25:56','2023-03-28 15:25:56'),(429,7730,2,40720,40802,13,1526,1,0,'2021-02-02','2021-02-02',2990.00,1,1.00,'Factura B N°: 0001-00000076',NULL,'2023-03-28 15:17:33','2023-03-28 15:26:38','2023-03-28 15:26:38');
INSERT INTO `cta_cte_cliente` VALUES (430,7730,2,40720,40804,13,1526,1,0,'2021-02-02','2021-02-02',9990.00,1,1.00,'Factura B N°: 0001-00000077',NULL,'2023-03-28 15:17:34','2023-03-28 15:27:43','2023-03-28 15:27:43'),(431,7730,2,40720,40805,13,1526,1,0,'2021-02-09','2021-02-09',9990.00,1,1.00,'Factura B N°: 0001-00000078',NULL,'2023-03-28 15:17:34','2023-03-28 15:28:30','2023-03-28 15:28:30'),(432,7730,2,40720,40806,13,1526,1,0,'2021-02-10','2021-02-10',17780.00,1,1.00,'Factura A N°: 0001-00000009',NULL,'2023-03-28 15:17:34','2023-03-28 15:20:06','2023-03-28 15:20:06'),(433,7730,2,40720,40807,13,1526,1,0,'2021-02-10','2021-02-10',9990.00,1,1.00,'Factura B N°: 0001-00000079',NULL,'2023-03-28 15:17:34','2023-03-28 15:29:20','2023-03-28 15:29:20'),(434,7730,2,40720,40808,13,1526,1,0,'2021-02-10','2021-02-10',9990.00,1,1.00,'Factura B N°: 0001-00000080',NULL,'2023-03-28 15:17:34','2023-03-28 15:30:03','2023-03-28 15:30:03'),(435,7730,2,40720,40808,13,1526,1,0,'2021-02-10','2021-02-10',17780.00,1,1.00,'Factura B N°: 0001-00000081',NULL,'2023-03-28 15:17:34','2023-03-28 15:30:46','2023-03-28 15:30:46'),(436,7730,2,40720,40809,13,1526,1,0,'2021-02-10','2021-02-10',7919.00,1,1.00,'Factura B N°: 0001-00000082',NULL,'2023-03-28 15:17:34','2023-03-28 15:31:38','2023-03-28 15:31:38'),(437,7730,2,40720,40810,13,1526,1,0,'2021-02-10','2021-02-10',7990.00,1,1.00,'Factura B N°: 0001-00000083',NULL,'2023-03-28 15:17:34','2023-03-28 15:33:16','2023-03-28 15:33:16'),(438,7730,2,40720,40811,13,1526,1,0,'2021-02-12','2021-02-12',9990.00,1,1.00,'Factura B N°: 0001-00000084',NULL,'2023-03-28 15:17:34','2023-03-28 15:34:36','2023-03-28 15:34:36'),(439,7730,2,40720,40812,13,1526,1,0,'2021-02-18','2021-02-18',7990.00,1,1.00,'Factura A N°: 0001-00000010',NULL,'2023-03-28 15:17:34','2023-03-28 15:39:33','2023-03-28 15:39:33'),(440,7730,2,40720,40813,13,1526,1,0,'2021-02-18','2021-02-18',3400.00,1,1.00,'Factura B N°: 0001-00000085',NULL,'2023-03-28 15:17:34','2023-03-28 15:35:23','2023-03-28 15:35:23'),(441,7730,2,40720,40814,13,1526,1,0,'2021-02-18','2021-02-18',2750.00,1,1.00,'Factura B N°: 0001-00000086',NULL,'2023-03-28 15:17:34','2023-03-28 15:36:27','2023-03-28 15:36:27'),(442,7730,2,40720,40814,13,1526,1,0,'2021-02-18','2021-02-18',9990.00,1,1.00,'Factura B N°: 0001-00000087',NULL,'2023-03-28 15:17:34','2023-03-28 15:36:53','2023-03-28 15:36:53'),(443,7730,2,40720,40815,13,1526,1,0,'2021-02-19','2021-02-19',9990.00,1,1.00,'Factura B N°: 0001-00000088',NULL,'2023-03-28 15:17:34','2023-03-28 15:37:46','2023-03-28 15:37:46'),(444,7730,2,40720,40816,13,1526,1,0,'2021-02-22','2021-02-22',9490.50,1,1.00,'Factura B N°: 0001-00000089',NULL,'2023-03-28 15:17:34','2023-03-28 15:38:39','2023-03-28 15:38:39'),(445,7730,2,40720,40806,13,1526,1,0,'2021-02-10','2021-02-10',17780.00,1,1.00,'Factura A N°: 0001-00000009',NULL,'2023-03-28 15:21:09','2023-03-28 15:40:44','2023-03-28 15:40:44'),(446,7730,2,40720,40799,13,1526,1,1,'2021-02-01','2021-02-01',9990.00,1,1.00,'Factura B N°: 0001-00000071',NULL,'2023-03-28 15:22:21','2023-03-28 15:45:24',NULL),(447,7730,2,40720,40800,13,1526,1,1,'2021-02-02','2021-02-02',7919.00,1,1.00,'Factura B N°: 0001-00000072',NULL,'2023-03-28 15:23:10','2023-03-28 15:49:20',NULL),(448,7730,2,40720,40801,13,1526,1,1,'2021-02-02','2021-02-02',8557.00,1,1.00,'Factura B N°: 0001-00000073',NULL,'2023-03-28 15:23:57','2023-03-28 15:50:10',NULL),(449,7730,2,40720,40802,13,1526,1,1,'2021-02-02','2021-02-02',9990.00,1,1.00,'Factura B N°: 0001-00000074',NULL,'2023-03-28 15:24:57','2023-03-28 15:51:22',NULL),(450,7730,2,40720,40803,13,1526,1,1,'2021-02-02','2021-02-02',7590.00,1,1.00,'Factura B N°: 0001-00000075',NULL,'2023-03-28 15:25:56','2023-03-28 15:52:07',NULL),(451,7730,2,40720,40802,13,1526,1,1,'2021-02-02','2021-02-02',2990.00,1,1.00,'Factura B N°: 0001-00000076',NULL,'2023-03-28 15:26:38','2023-03-28 15:51:22',NULL),(452,7730,2,40720,40804,13,1526,1,1,'2021-02-02','2021-02-02',9990.00,1,1.00,'Factura B N°: 0001-00000077',NULL,'2023-03-28 15:27:43','2023-03-28 15:52:50',NULL);
INSERT INTO `cta_cte_cliente` VALUES (453,7730,2,40720,40805,13,1526,1,1,'2021-02-09','2021-02-09',9990.00,1,1.00,'Factura B N°: 0001-00000078',NULL,'2023-03-28 15:28:30','2023-03-28 15:53:55',NULL),(454,7730,2,40720,40807,13,1526,1,1,'2021-02-10','2021-02-10',9990.00,1,1.00,'Factura B N°: 0001-00000079',NULL,'2023-03-28 15:29:20','2023-03-28 15:54:34',NULL),(455,7730,2,40720,40808,13,1526,1,1,'2021-02-10','2021-02-10',9990.00,1,1.00,'Factura B N°: 0001-00000080',NULL,'2023-03-28 15:30:03','2023-03-28 15:55:24',NULL),(456,7730,2,40720,40808,13,1526,1,1,'2021-02-10','2021-02-10',17780.00,1,1.00,'Factura B N°: 0001-00000081',NULL,'2023-03-28 15:30:46','2023-03-28 15:55:24',NULL),(457,7730,2,40720,40809,13,1526,1,1,'2021-02-10','2021-02-10',7919.00,1,1.00,'Factura B N°: 0001-00000082',NULL,'2023-03-28 15:31:38','2023-03-28 15:56:05',NULL),(458,7730,2,40720,40810,13,1526,1,0,'2021-02-10','2021-02-10',7990.01,1,1.00,'Factura B N°: 0001-00000083',NULL,'2023-03-28 15:33:16','2023-03-28 15:33:38','2023-03-28 15:33:38'),(459,7730,2,40720,40811,13,1526,1,1,'2021-02-12','2021-02-12',9990.00,1,1.00,'Factura B N°: 0001-00000084',NULL,'2023-03-28 15:34:36','2023-03-28 15:56:48',NULL),(460,7730,2,40720,40813,13,1526,1,1,'2021-02-18','2021-02-18',3400.00,1,1.00,'Factura B N°: 0001-00000085',NULL,'2023-03-28 15:35:23','2023-03-28 15:57:28',NULL),(461,7730,2,40720,40814,13,1526,1,1,'2021-02-18','2021-02-18',2750.00,1,1.00,'Factura B N°: 0001-00000086',NULL,'2023-03-28 15:36:27','2023-03-28 16:00:04',NULL),(462,7730,2,40720,40814,13,1526,1,1,'2021-02-18','2021-02-18',9990.00,1,1.00,'Factura B N°: 0001-00000087',NULL,'2023-03-28 15:36:53','2023-03-28 16:00:04',NULL),(463,7730,2,40720,40815,13,1526,1,1,'2021-02-19','2021-02-19',9990.00,1,1.00,'Factura B N°: 0001-00000088',NULL,'2023-03-28 15:37:46','2023-03-28 16:00:52',NULL),(464,7730,2,40720,40816,13,1526,1,1,'2021-02-22','2021-02-22',9490.50,1,1.00,'Factura B N°: 0001-00000089',NULL,'2023-03-28 15:38:39','2023-03-28 16:02:38',NULL),(465,7730,2,40720,40812,13,1526,1,0,'2021-02-18','2021-02-18',7990.01,1,1.00,'Factura A N°: 0001-00000010',NULL,'2023-03-28 15:39:33','2023-03-28 15:44:07','2023-03-28 15:44:07'),(466,7730,2,40720,40806,13,1526,1,1,'2021-02-10','2021-02-10',17780.00,1,1.00,'Factura A N°: 0001-00000009',NULL,'2023-03-28 15:40:44','2023-03-28 16:03:43',NULL),(467,7730,2,40720,40810,13,1526,1,0,'2021-02-10','2021-02-10',7990.00,1,1.00,'Factura B N°: 0001-00000083',NULL,'2023-03-28 15:41:42','2023-03-28 15:43:08','2023-03-28 15:43:08'),(468,7730,2,40720,40810,13,1526,1,1,'2021-02-10','2021-02-10',7990.00,1,1.00,'Factura B N°: 0001-00000083',NULL,'2023-03-28 15:43:08','2023-03-28 16:01:53',NULL),(469,7730,2,40720,40812,13,1526,1,1,'2021-02-18','2021-02-18',7990.00,1,1.00,'Factura A N°: 0001-00000010',NULL,'2023-03-28 15:44:07','2023-03-28 16:04:41',NULL),(470,7730,20,40720,40799,13,1526,2,1,'2021-02-01','2021-02-01',9990.00,1,1.00,NULL,NULL,'2023-03-28 15:45:24','2023-03-28 15:45:24',NULL),(471,7730,20,40720,40800,13,1526,2,1,'2021-02-02','2021-02-02',7919.00,1,1.00,NULL,NULL,'2023-03-28 15:49:20','2023-03-28 15:49:20',NULL),(472,7730,20,40720,40801,13,1526,2,1,'2021-02-02','2021-02-02',8557.00,1,1.00,NULL,NULL,'2023-03-28 15:50:10','2023-03-28 15:50:10',NULL),(473,7730,20,40720,40802,13,1526,2,1,'2021-02-02','2021-02-02',12980.00,1,1.00,NULL,NULL,'2023-03-28 15:51:22','2023-03-28 15:51:22',NULL),(474,7730,20,40720,40803,13,1526,2,1,'2021-02-02','2021-02-02',7590.00,1,1.00,NULL,NULL,'2023-03-28 15:52:07','2023-03-28 15:52:07',NULL),(475,7730,20,40720,40804,13,1526,2,1,'2021-02-02','2021-02-02',9990.00,1,1.00,NULL,NULL,'2023-03-28 15:52:50','2023-03-28 15:52:50',NULL),(476,7730,20,40720,40805,13,1526,2,1,'2021-02-09','2021-02-09',9990.00,1,1.00,NULL,NULL,'2023-03-28 15:53:55','2023-03-28 15:53:55',NULL),(477,7730,20,40720,40807,13,1526,2,1,'2021-02-10','2021-02-10',9990.00,1,1.00,NULL,NULL,'2023-03-28 15:54:34','2023-03-28 15:54:34',NULL);
INSERT INTO `cta_cte_cliente` VALUES (478,7730,20,40720,40808,13,1526,2,1,'2021-02-10','2021-02-10',27770.00,1,1.00,NULL,NULL,'2023-03-28 15:55:24','2023-03-28 15:55:24',NULL),(479,7730,20,40720,40809,13,1526,2,1,'2021-02-10','2021-02-10',7919.00,1,1.00,NULL,NULL,'2023-03-28 15:56:05','2023-03-28 15:56:05',NULL),(480,7730,20,40720,40811,13,1526,2,1,'2021-02-12','2021-02-12',9990.00,1,1.00,NULL,NULL,'2023-03-28 15:56:48','2023-03-28 15:56:48',NULL),(481,7730,20,40720,40813,13,1526,2,1,'2021-02-18','2021-02-18',3400.00,1,1.00,NULL,NULL,'2023-03-28 15:57:28','2023-03-28 15:57:28',NULL),(482,7730,20,40720,40814,13,1526,2,1,'2021-02-18','2021-02-18',12740.00,1,1.00,NULL,NULL,'2023-03-28 16:00:04','2023-03-28 16:00:04',NULL),(483,7730,20,40720,40815,13,1526,2,1,'2021-02-19','2021-02-19',9990.00,1,1.00,NULL,NULL,'2023-03-28 16:00:52','2023-03-28 16:00:52',NULL),(484,7730,20,40720,40810,13,1526,2,1,'2021-02-10','2021-02-10',7990.00,1,1.00,NULL,NULL,'2023-03-28 16:01:53','2023-03-28 16:01:53',NULL),(485,7730,20,40720,40816,13,1526,2,1,'2021-02-22','2021-02-22',9490.50,1,1.00,NULL,NULL,'2023-03-28 16:02:38','2023-03-28 16:02:38',NULL),(486,7730,20,40720,40806,13,1526,2,1,'2021-02-10','2021-02-10',17780.00,1,1.00,NULL,NULL,'2023-03-28 16:03:43','2023-03-28 16:03:43',NULL),(487,7730,20,40720,40812,13,1526,2,1,'2021-02-18','2021-02-18',7990.00,1,1.00,NULL,NULL,'2023-03-28 16:04:41','2023-03-28 16:04:41',NULL),(488,7730,3,40720,40724,57,1526,2,0,'2021-02-01','2021-02-01',25003.44,1,1.00,'Factura A N°: 0003-00004470',NULL,'2023-03-28 16:08:42','2023-03-29 10:33:33','2023-03-29 10:33:33'),(489,7730,3,40720,40764,57,1526,2,0,'2021-02-03','2021-02-03',2244.43,1,1.00,'Factura A N°: 0002-00000049',NULL,'2023-03-28 16:08:42','2023-03-29 10:33:15','2023-03-29 10:33:15'),(490,7730,3,40720,40762,57,1526,2,0,'2021-02-03','2021-02-03',20000.00,1,1.00,'Factura C N°: 0002-00000029',NULL,'2023-03-28 16:08:43','2023-03-28 16:10:10','2023-03-28 16:10:10'),(491,7730,3,40720,40725,57,1526,2,0,'2021-02-04','2021-02-04',1754.50,1,1.00,'Factura B N°: 0003-00044154',NULL,'2023-03-28 16:08:43','2023-03-28 16:10:37','2023-03-28 16:10:37'),(492,7730,3,40720,40724,57,1526,2,0,'2021-02-08','2021-02-08',4378.50,1,1.00,'Factura A N°: 0003-00004488',NULL,'2023-03-28 16:08:43','2023-03-29 10:32:55','2023-03-29 10:32:55'),(493,7730,3,40720,40727,57,1526,2,0,'2021-02-09','2021-02-09',42059.18,1,1.00,'Factura A N°: 0011-01029077',NULL,'2023-03-28 16:08:43','2023-03-28 16:13:57','2023-03-28 16:13:57'),(494,7730,3,40720,40724,57,1526,2,0,'2021-02-09','2021-02-09',5307.97,1,1.00,'Factura A N°: 0003-00004490',NULL,'2023-03-28 16:08:43','2023-03-29 10:32:43','2023-03-29 10:32:43'),(495,7730,3,40720,40724,57,1526,2,0,'2021-02-10','2021-02-10',4267.07,1,1.00,'Factura A N°: 0003-00004496',NULL,'2023-03-28 16:08:43','2023-03-29 10:36:56','2023-03-29 10:36:56'),(496,7730,3,40720,40724,57,1526,2,0,'2021-02-10','2021-02-10',5103.78,1,1.00,'Factura A N°: 0003-00004495',NULL,'2023-03-28 16:08:43','2023-03-29 10:32:30','2023-03-29 10:32:30'),(497,7730,3,40720,40724,57,1526,2,0,'2021-02-10','2021-02-10',5934.14,1,1.00,'Factura A N°: 0003-00004497',NULL,'2023-03-28 16:08:43','2023-03-29 10:32:13','2023-03-29 10:32:13'),(498,7730,3,40720,40764,57,1526,2,0,'2021-02-11','2021-02-11',29520.61,1,1.00,'Factura A N°: 0002-00000052',NULL,'2023-03-28 16:08:43','2023-03-29 10:31:59','2023-03-29 10:31:59'),(499,7730,3,40720,40764,57,1526,2,0,'2021-02-23','2021-02-23',12374.31,1,1.00,'Factura A N°: 0002-00000054',NULL,'2023-03-28 16:08:43','2023-03-29 10:31:45','2023-03-29 10:31:45'),(500,7730,3,40720,40728,57,1526,2,0,'2021-02-28','2021-02-28',1206.09,1,1.00,'Factura A N°: 6364-04272969',NULL,'2023-03-28 16:08:43','2023-03-28 16:16:33','2023-03-28 16:16:33'),(501,7730,3,40720,40762,57,1526,2,0,'2021-02-03','2021-02-03',20000.00,1,1.00,'Factura C N°: 0002-00000029',NULL,'2023-03-28 16:10:10','2023-03-28 16:14:44','2023-03-28 16:14:44');
INSERT INTO `cta_cte_cliente` VALUES (502,7730,3,40720,40727,57,1526,2,1,'2021-02-09','2021-02-09',42059.18,1,1.00,'Factura A N°: 0011-01029077',NULL,'2023-03-28 16:13:57','2023-03-28 16:17:50',NULL),(503,7730,3,40720,40762,57,1526,2,1,'2021-02-03','2021-02-03',20000.00,1,1.00,'Factura C N°: 0002-00000029',NULL,'2023-03-28 16:14:44','2023-03-28 16:20:44',NULL),(504,7730,3,40720,40728,57,1526,2,1,'2021-02-28','2021-02-28',1206.09,1,1.00,'Factura A N°: 6364-04272969',NULL,'2023-03-28 16:16:33','2023-03-28 16:46:32',NULL),(505,7730,21,40720,40727,57,1526,1,1,'2021-02-28','2021-02-28',42059.18,1,1.00,NULL,NULL,'2023-03-28 16:17:50','2023-03-28 16:17:50',NULL),(506,7730,21,40720,40762,57,1526,1,1,'2021-02-28','2021-02-28',20000.00,1,1.00,NULL,NULL,'2023-03-28 16:20:44','2023-03-28 16:20:44',NULL),(507,7730,20,40720,40728,13,1526,2,0,'2021-02-28','2021-02-28',1206.09,1,1.00,NULL,NULL,'2023-03-28 16:21:40','2023-03-28 16:45:54','2023-03-28 16:45:54'),(508,7730,21,40720,40728,57,1526,1,1,'2021-02-28','2021-02-28',1206.09,1,1.00,NULL,NULL,'2023-03-28 16:46:32','2023-03-28 16:46:32',NULL),(509,7730,21,40720,40724,57,1525,1,0,'2021-01-04','2021-01-04',50000.00,1,1.00,NULL,NULL,'2023-03-28 17:19:46','2023-03-28 17:19:46',NULL),(510,7730,21,40720,40724,57,1526,1,0,'2021-02-17','2021-02-17',90000.00,1,1.00,NULL,NULL,'2023-03-28 17:23:20','2023-03-28 17:23:20',NULL),(511,7730,3,40720,40764,57,1526,2,0,'2021-02-23','2021-02-23',12374.31,1,1.00,'Factura A N°: 0002-00000054',NULL,'2023-03-29 10:31:45','2023-03-29 10:31:45',NULL),(512,7730,3,40720,40764,57,1526,2,0,'2021-02-11','2021-02-11',29520.61,1,1.00,'Factura A N°: 0002-00000052',NULL,'2023-03-29 10:31:59','2023-03-29 10:31:59',NULL),(513,7730,3,40720,40724,57,1526,2,0,'2021-02-10','2021-02-10',5934.14,1,1.00,'Factura A N°: 0003-00004497',NULL,'2023-03-29 10:32:13','2023-03-29 10:32:13',NULL),(514,7730,3,40720,40724,57,1526,2,0,'2021-02-10','2021-02-10',5103.78,1,1.00,'Factura A N°: 0003-00004495',NULL,'2023-03-29 10:32:30','2023-03-29 10:32:30',NULL),(515,7730,3,40720,40724,57,1526,2,0,'2021-02-09','2021-02-09',5307.97,1,1.00,'Factura A N°: 0003-00004490',NULL,'2023-03-29 10:32:43','2023-03-29 10:32:43',NULL),(516,7730,3,40720,40724,57,1526,2,0,'2021-02-08','2021-02-08',4378.50,1,1.00,'Factura A N°: 0003-00004488',NULL,'2023-03-29 10:32:55','2023-03-29 10:32:55',NULL),(517,7730,3,40720,40764,57,1526,2,0,'2021-02-03','2021-02-03',2244.43,1,1.00,'Factura A N°: 0002-00000049',NULL,'2023-03-29 10:33:15','2023-03-29 10:33:15',NULL),(518,7730,3,40720,40724,57,1526,2,0,'2021-02-01','2021-02-01',25003.44,1,1.00,'Factura A N°: 0003-00004470',NULL,'2023-03-29 10:33:33','2023-03-29 10:33:33',NULL),(519,7730,3,40720,40724,57,1526,2,0,'2021-02-10','2021-02-10',4267.07,1,1.00,'Factura A N°: 0003-00004496',NULL,'2023-03-29 10:36:56','2023-03-29 10:36:56',NULL),(520,7730,2,40720,40817,13,1527,1,0,'2021-03-01','2021-03-01',2000.00,1,1.00,'Factura B N°: 0001-00000091',NULL,'2023-03-29 10:40:16','2023-03-29 10:42:31','2023-03-29 10:42:31'),(521,7730,2,40720,40817,13,1527,1,0,'2021-03-01','2021-03-01',6800.00,1,1.00,'Factura B N°: 0001-00000090',NULL,'2023-03-29 10:40:16','2023-03-29 10:42:06','2023-03-29 10:42:06'),(522,7730,2,40720,40818,13,1527,1,0,'2021-03-02','2021-03-02',2397.00,1,1.00,'Factura B N°: 0001-00000092',NULL,'2023-03-29 10:40:16','2023-03-29 10:43:38','2023-03-29 10:43:38'),(523,7730,2,40720,40819,13,1527,1,0,'2021-03-02','2021-03-02',7990.00,1,1.00,'Factura B N°: 0001-00000093',NULL,'2023-03-29 10:40:16','2023-03-29 10:45:21','2023-03-29 10:45:21'),(524,7730,2,40720,40820,13,1527,1,0,'2021-03-05','2021-03-05',7830.00,1,1.00,'Factura B N°: 0001-00000094',NULL,'2023-03-29 10:40:16','2023-03-29 10:47:01','2023-03-29 10:47:01'),(525,7730,2,40720,40820,13,1527,1,0,'2021-03-05','2021-03-05',1500.00,1,1.00,'Factura B N°: 0001-00000095',NULL,'2023-03-29 10:40:16','2023-03-29 10:47:18','2023-03-29 10:47:18');
INSERT INTO `cta_cte_cliente` VALUES (526,7730,2,40720,40820,13,1527,1,0,'2021-03-05','2021-03-05',7990.00,1,1.00,'Factura B N°: 0001-00000096',NULL,'2023-03-29 10:40:16','2023-03-29 10:47:55','2023-03-29 10:47:55'),(527,7730,2,40720,40817,13,1527,1,1,'2021-03-01','2021-03-01',6800.00,1,1.00,'Factura B N°: 0001-00000090',NULL,'2023-03-29 10:42:06','2023-03-29 10:50:15',NULL),(528,7730,2,40720,40817,13,1527,1,1,'2021-03-01','2021-03-01',2000.00,1,1.00,'Factura B N°: 0001-00000091',NULL,'2023-03-29 10:42:31','2023-03-29 10:50:15',NULL),(529,7730,2,40720,40818,13,1527,1,1,'2021-03-02','2021-03-02',2397.00,1,1.00,'Factura B N°: 0001-00000092',NULL,'2023-03-29 10:43:38','2023-03-29 11:05:47','2023-03-29 11:05:47'),(530,7730,2,40720,40819,13,1527,1,1,'2021-03-02','2021-03-02',7990.00,1,1.00,'Factura B N°: 0001-00000093',NULL,'2023-03-29 10:45:21','2023-03-29 10:53:20',NULL),(531,7730,2,40720,40820,13,1527,1,1,'2021-03-05','2021-03-05',7830.00,1,1.00,'Factura B N°: 0001-00000094',NULL,'2023-03-29 10:47:01','2023-03-29 11:22:52','2023-03-29 11:22:52'),(532,7730,2,40720,40820,13,1527,1,1,'2021-03-05','2021-03-05',1500.00,1,1.00,'Factura B N°: 0001-00000095',NULL,'2023-03-29 10:47:18','2023-03-29 11:23:17','2023-03-29 11:23:17'),(533,7730,2,40720,40820,13,1527,1,1,'2021-03-05','2021-03-05',7990.00,1,1.00,'Factura B N°: 0001-00000096',NULL,'2023-03-29 10:47:55','2023-03-29 11:23:51','2023-03-29 11:23:51'),(534,7730,20,40720,40817,13,1527,2,1,'2021-03-01','2021-03-01',8800.00,1,1.00,NULL,NULL,'2023-03-29 10:50:15','2023-03-29 10:50:15',NULL),(535,7730,20,40720,40819,13,1527,2,1,'2021-03-02','2021-03-02',7990.00,1,1.00,NULL,NULL,'2023-03-29 10:53:20','2023-03-29 10:53:20',NULL),(536,7730,20,40720,40818,13,1527,2,0,'2021-03-02','2021-03-02',2397.00,1,1.00,NULL,NULL,'2023-03-29 11:05:46','2023-03-29 13:19:28',NULL),(537,7730,2,40720,40818,13,1527,1,0,'2021-03-02','2021-03-02',2397.00,1,1.00,'Factura B N°: 0001-00000092',NULL,'2023-03-29 11:05:47','2023-03-29 11:05:47',NULL),(538,7730,20,40720,40820,13,1527,2,0,'2021-03-05','2021-03-05',7830.00,1,1.00,NULL,NULL,'2023-03-29 11:22:52','2023-03-29 13:19:28',NULL),(539,7730,2,40720,40820,13,1527,1,0,'2021-03-05','2021-03-05',7830.00,1,1.00,'Factura B N°: 0001-00000094',NULL,'2023-03-29 11:22:52','2023-03-29 11:22:52',NULL),(540,7730,20,40720,40820,13,1527,2,0,'2021-03-05','2021-03-05',1500.00,1,1.00,NULL,NULL,'2023-03-29 11:23:16','2023-03-29 13:19:28',NULL),(541,7730,2,40720,40820,13,1527,1,0,'2021-03-05','2021-03-05',1500.00,1,1.00,'Factura B N°: 0001-00000095',NULL,'2023-03-29 11:23:17','2023-03-29 11:23:17',NULL),(542,7730,20,40720,40820,13,1527,2,0,'2021-03-05','2021-03-05',7990.00,1,1.00,NULL,NULL,'2023-03-29 11:23:50','2023-03-29 13:19:28',NULL),(543,7730,2,40720,40820,13,1527,1,0,'2021-03-05','2021-03-05',7990.00,1,1.00,'Factura B N°: 0001-00000096',NULL,'2023-03-29 11:23:51','2023-03-29 11:23:51',NULL),(544,7730,3,40720,40728,57,1527,2,0,'2021-03-31','2021-03-31',1206.09,1,1.00,'Factura A N°: 6364-04381710',NULL,'2023-03-29 11:27:14','2023-03-29 13:05:26','2023-03-29 13:05:26'),(545,7730,3,40720,40727,57,1527,2,0,'2021-03-29','2021-03-29',31867.42,1,1.00,'Factura A N°: 0011-01059571',NULL,'2023-03-29 11:27:14','2023-03-29 11:39:39','2023-03-29 11:39:39'),(546,7730,3,40720,40724,57,1527,2,0,'2021-03-16','2021-03-16',4653.66,1,1.00,'Factura A N°: 0003-00004567',NULL,'2023-03-29 11:27:14','2023-03-29 11:30:03','2023-03-29 11:30:03'),(547,7730,3,40720,40724,57,1527,2,0,'2021-03-11','2021-03-11',6053.03,1,1.00,'Factura A N°: 0003-00004558',NULL,'2023-03-29 11:27:14','2023-03-29 11:29:51','2023-03-29 11:29:51'),(548,7730,3,40720,40724,57,1527,2,0,'2021-03-11','2021-03-11',7567.64,1,1.00,'Factura A N°: 0003-00004559',NULL,'2023-03-29 11:27:14','2023-03-29 11:29:38','2023-03-29 11:29:38'),(549,7730,3,40720,40764,57,1527,2,0,'2021-03-08','2021-03-08',6969.60,1,1.00,'Factura A N°: 0002-00000058',NULL,'2023-03-29 11:27:14','2023-03-29 11:29:25','2023-03-29 11:29:25');
INSERT INTO `cta_cte_cliente` VALUES (550,7730,3,40720,40764,57,1527,2,0,'2021-03-05','2021-03-05',5454.80,1,1.00,'Factura A N°: 0002-00000056',NULL,'2023-03-29 11:27:14','2023-03-29 11:29:14','2023-03-29 11:29:14'),(551,7730,3,40720,40724,57,1527,2,0,'2021-03-05','2021-03-05',7567.64,1,1.00,'Factura A N°: 0003-00004553',NULL,'2023-03-29 11:27:14','2023-03-29 11:28:59','2023-03-29 11:28:59'),(552,7730,3,40720,40724,57,1527,2,0,'2021-03-04','2021-03-04',5767.16,1,1.00,'Factura A N°: 0003-00004546',NULL,'2023-03-29 11:27:14','2023-03-29 11:28:45','2023-03-29 11:28:45'),(553,7730,3,40720,40724,57,1527,2,0,'2021-03-03','2021-03-03',4267.07,1,1.00,'Factura A N°: 0003-00004540',NULL,'2023-03-29 11:27:14','2023-03-29 11:28:34','2023-03-29 11:28:34'),(554,7730,3,40720,40762,57,1527,2,0,'2021-03-02','2021-03-02',20000.00,1,1.00,'Factura C N°: 0002-00000030',NULL,'2023-03-29 11:27:14','2023-03-29 11:28:21','2023-03-29 11:28:21'),(555,7730,3,40720,40762,57,1527,2,1,'2021-03-02','2021-03-02',20000.00,1,1.00,'Factura C N°: 0002-00000030',NULL,'2023-03-29 11:28:21','2023-03-29 13:07:14','2023-03-29 13:07:14'),(556,7730,3,40720,40724,57,1527,2,0,'2021-03-03','2021-03-03',4267.07,1,1.00,'Factura A N°: 0003-00004540',NULL,'2023-03-29 11:28:34','2023-03-29 13:09:37','2023-03-29 13:09:37'),(557,7730,3,40720,40724,57,1527,2,0,'2021-03-04','2021-03-04',5767.16,1,1.00,'Factura A N°: 0003-00004546',NULL,'2023-03-29 11:28:45','2023-03-29 11:28:45',NULL),(558,7730,3,40720,40724,57,1527,2,0,'2021-03-05','2021-03-05',7567.64,1,1.00,'Factura A N°: 0003-00004553',NULL,'2023-03-29 11:28:59','2023-03-29 11:28:59',NULL),(559,7730,3,40720,40764,57,1527,2,0,'2021-03-05','2021-03-05',5454.80,1,1.00,'Factura A N°: 0002-00000056',NULL,'2023-03-29 11:29:14','2023-03-29 13:12:50','2023-03-29 13:12:50'),(560,7730,3,40720,40764,57,1527,2,0,'2021-03-08','2021-03-08',6969.60,1,1.00,'Factura A N°: 0002-00000058',NULL,'2023-03-29 11:29:25','2023-03-29 11:29:25',NULL),(561,7730,3,40720,40724,57,1527,2,0,'2021-03-11','2021-03-11',7567.64,1,1.00,'Factura A N°: 0003-00004559',NULL,'2023-03-29 11:29:38','2023-03-29 11:29:38',NULL),(562,7730,3,40720,40724,57,1527,2,0,'2021-03-11','2021-03-11',6053.03,1,1.00,'Factura A N°: 0003-00004558',NULL,'2023-03-29 11:29:51','2023-03-29 11:29:51',NULL),(563,7730,3,40720,40724,57,1527,2,0,'2021-03-16','2021-03-16',4653.66,1,1.00,'Factura A N°: 0003-00004567',NULL,'2023-03-29 11:30:03','2023-03-29 11:30:03',NULL),(564,7730,3,40720,40727,57,1527,2,0,'2021-03-29','2021-03-29',39278.17,1,1.00,'Factura A N°: 0011-01059571',NULL,'2023-03-29 11:39:39','2023-03-29 11:41:30','2023-03-29 11:41:30'),(565,7730,3,40720,40727,57,1527,2,1,'2021-03-29','2021-03-29',31867.42,1,1.00,'Factura A N°: 0011-01059571',NULL,'2023-03-29 11:41:30','2023-03-29 13:07:55','2023-03-29 13:07:55'),(566,7730,3,40720,40728,57,1527,2,0,'2021-03-31','2021-03-31',1206.09,1,1.00,'Factura A N°: 6364-04381710',NULL,'2023-03-29 13:05:26','2023-03-29 13:05:48','2023-03-29 13:05:48'),(567,7730,3,40720,40728,57,1527,2,1,'2021-03-31','2021-03-31',1206.09,1,1.00,'Factura A N°: 6364-04381710',NULL,'2023-03-29 13:05:48','2023-03-29 13:14:05','2023-03-29 13:14:05'),(568,7730,21,40720,40762,57,1527,1,0,'2021-03-02','2021-03-02',20000.00,1,1.00,NULL,NULL,'2023-03-29 13:07:13','2023-03-29 13:19:28',NULL),(569,7730,3,40720,40762,57,1527,2,0,'2021-03-02','2021-03-02',20000.00,1,1.00,'Factura C N°: 0002-00000030',NULL,'2023-03-29 13:07:14','2023-03-29 13:07:14',NULL),(570,7730,21,40720,40727,57,1527,1,0,'2021-03-29','2021-03-29',31867.42,1,1.00,NULL,NULL,'2023-03-29 13:07:54','2023-03-29 13:19:28',NULL),(571,7730,3,40720,40727,57,1527,2,0,'2021-03-29','2021-03-29',31867.42,1,1.00,'Factura A N°: 0011-01059571',NULL,'2023-03-29 13:07:55','2023-03-29 13:07:55',NULL),(572,7730,21,40720,40724,57,1527,1,0,'2021-03-03','2021-03-03',11721.00,1,1.00,NULL,NULL,'2023-03-29 13:09:36','2023-03-29 13:09:36',NULL);
INSERT INTO `cta_cte_cliente` VALUES (573,7730,3,40720,40724,57,1527,2,0,'2021-03-03','2021-03-03',4267.07,1,1.00,'Factura A N°: 0003-00004540',NULL,'2023-03-29 13:09:37','2023-03-29 13:09:37',NULL),(574,7730,21,40720,40764,57,1527,1,0,'2021-03-05','2021-03-05',67248.27,1,1.00,NULL,NULL,'2023-03-29 13:12:50','2023-03-29 13:19:28','2023-03-29 13:19:28'),(575,7730,3,40720,40764,57,1527,2,0,'2021-03-05','2021-03-05',5454.80,1,1.00,'Factura A N°: 0002-00000056',NULL,'2023-03-29 13:12:50','2023-03-29 13:21:22','2023-03-29 13:21:22'),(576,7730,21,40720,40728,57,1527,1,0,'2021-03-31','2021-03-31',1206.09,1,1.00,NULL,NULL,'2023-03-29 13:14:05','2023-03-29 14:54:23','2023-03-29 14:54:23'),(577,7730,3,40720,40728,57,1527,2,0,'2021-03-31','2021-03-31',1206.09,1,1.00,'Factura A N°: 6364-04381710',NULL,'2023-03-29 13:14:05','2023-03-29 14:54:53','2023-03-29 14:54:53'),(578,7730,21,40720,40764,57,1527,1,0,'2021-03-05','2021-03-05',67248.27,1,1.00,NULL,NULL,'2023-03-29 13:21:21','2023-03-29 13:21:21',NULL),(579,7730,3,40720,40764,57,1527,2,0,'2021-03-05','2021-03-05',5454.80,1,1.00,'Factura A N°: 0002-00000056',NULL,'2023-03-29 13:21:22','2023-03-29 13:21:22',NULL),(580,7730,21,40720,40763,57,1525,1,0,'2021-01-10','2021-01-10',1513750.00,1,1.00,NULL,NULL,'2023-03-29 13:30:40','2023-03-29 14:02:04','2023-03-29 14:02:04'),(581,7730,3,40720,40728,57,1527,2,1,'2021-03-31','2021-03-31',1206.09,1,1.00,'Factura A N°: 6364-04381710',NULL,'2023-03-29 14:54:53','2023-03-29 14:56:01',NULL),(582,7730,21,40720,40728,57,1527,1,1,'2021-03-31','2021-03-31',1206.09,1,1.00,NULL,NULL,'2023-03-29 14:56:01','2023-03-29 14:56:01',NULL),(583,7730,3,40720,40728,57,1528,2,0,'2021-04-30','2021-04-30',1206.09,1,1.00,'Factura A N°: 6364-04489633',NULL,'2023-03-29 17:30:47','2023-03-29 17:32:16','2023-03-29 17:32:16'),(584,7730,3,40720,40728,57,1528,2,1,'2021-04-30','2021-04-30',1206.09,1,1.00,'Factura A N°: 6364-04489633',NULL,'2023-03-29 17:32:16','2023-03-29 18:42:54',NULL),(585,7730,21,40720,40728,57,1528,1,0,'2021-05-10','2021-05-10',1206.09,1,1.00,NULL,NULL,'2023-03-29 17:36:56','2023-03-29 18:41:50','2023-03-29 18:41:50'),(586,7730,3,40720,40728,57,1529,2,0,'2021-05-31','2021-05-31',261.88,1,1.00,'Factura A N°: 6364-04599360',NULL,'2023-03-29 18:29:35','2023-03-29 18:41:12','2023-03-29 18:41:12'),(587,7730,3,40720,40728,57,1529,2,1,'2021-05-31','2021-05-31',261.88,1,1.00,'Factura A N°: 6364-04599360',NULL,'2023-03-29 18:41:12','2023-03-29 20:05:20',NULL),(588,7730,21,40720,40728,57,1529,1,1,'2021-05-31','2021-05-31',1206.09,1,1.00,NULL,NULL,'2023-03-29 18:42:54','2023-03-29 18:42:54',NULL),(589,7730,3,40720,40728,57,1530,2,0,'2021-06-30','2021-06-30',1528.76,1,1.00,'Factura A N°: 6364-04706100',NULL,'2023-03-29 19:28:12','2023-03-29 20:01:23','2023-03-29 20:01:23'),(590,7730,3,40720,40728,57,1530,2,0,'2021-06-30','2021-06-30',1528.76,1,1.00,'Factura A N°: 6364-04706100',NULL,'2023-03-29 20:01:23','2023-03-29 20:03:43','2023-03-29 20:03:43'),(591,7730,3,40720,40728,57,1530,2,1,'2021-06-30','2021-06-30',1528.76,1,1.00,'Factura A N°: 6364-04706100',NULL,'2023-03-29 20:03:43','2023-03-29 20:20:24',NULL),(592,7730,21,40720,40728,57,1530,1,1,'2021-06-10','2021-06-10',261.88,1,1.00,NULL,NULL,'2023-03-29 20:05:20','2023-03-29 20:05:20',NULL),(593,7730,3,40720,40728,57,1531,2,0,'2021-07-31','2021-07-31',366.63,1,1.00,'Factura A N°: 6364-04848739',NULL,'2023-03-29 20:18:01','2023-03-29 20:19:14','2023-03-29 20:19:14'),(594,7730,3,40720,40728,57,1531,2,0,'2021-07-31','2021-07-31',366.63,1,1.00,'Factura A N°: 6364-04848739',NULL,'2023-03-29 20:19:14','2023-03-29 20:19:39','2023-03-29 20:19:39'),(595,7730,3,40720,40728,57,1531,2,1,'2021-07-31','2021-07-31',366.63,1,1.00,'Factura A N°: 6364-04848739',NULL,'2023-03-29 20:19:39','2023-03-29 20:37:23',NULL),(596,7730,21,40720,40728,57,1531,1,1,'2021-07-10','2021-07-10',1528.76,1,1.00,NULL,NULL,'2023-03-29 20:20:24','2023-03-29 20:20:24',NULL),(597,7730,21,40720,40728,57,1532,1,1,'2021-08-10','2021-08-10',366.63,1,1.00,NULL,NULL,'2023-03-29 20:37:23','2023-03-29 20:37:23',NULL);

--
-- Table structure for table `cta_cte_cliente_details`
--

CREATE TABLE `cta_cte_cliente_details` (
  `id` int(10) unsigned NOT NULL AUTO_INCREMENT,
  `user_id` int(10) unsigned DEFAULT NULL,
  `cta_cte_cliente_id` int(10) unsigned NOT NULL,
  `person_id` int(10) unsigned DEFAULT NULL,
  `person_id_relationed` int(10) unsigned DEFAULT NULL,
  `cta_cte_tesoreria_cuenta_id` int(10) unsigned DEFAULT NULL,
  `period_id` int(10) unsigned DEFAULT NULL,
  `tipo_asiento_id` int(10) unsigned NOT NULL,
  `saldo_id` int(10) unsigned NOT NULL,
  `monto` decimal(16,2) NOT NULL,
  `created_at` timestamp NULL DEFAULT NULL,
  `updated_at` timestamp NULL DEFAULT NULL,
  `deleted_at` timestamp NULL DEFAULT NULL,
  PRIMARY KEY (`id`),
  KEY `cta_cte_cliente_details_cta_cte_cliente_id_foreign` (`cta_cte_cliente_id`),
  KEY `cta_cte_cliente_details_person_id_foreign` (`person_id`),
  KEY `cta_cte_cliente_details_person_id_relationed_foreign` (`person_id_relationed`),
  KEY `cta_cte_cliente_details_period_id_foreign` (`period_id`),
  KEY `cta_cte_cliente_details_tipo_asiento_id_foreign` (`tipo_asiento_id`),
  KEY `cta_cte_cliente_details_saldo_id_foreign` (`saldo_id`),
  KEY `cta_cte_cliente_details_cta_cte_tesoreria_cuenta_id_foreign` (`cta_cte_tesoreria_cuenta_id`),
  CONSTRAINT `cta_cte_cliente_details_cta_cte_cliente_id_foreign` FOREIGN KEY (`cta_cte_cliente_id`) REFERENCES `cta_cte_cliente` (`id`),
  CONSTRAINT `cta_cte_cliente_details_cta_cte_tesoreria_cuenta_id_foreign` FOREIGN KEY (`cta_cte_tesoreria_cuenta_id`) REFERENCES `cta_cte_tesoreria_cuentas` (`id`),
  CONSTRAINT `cta_cte_cliente_details_period_id_foreign` FOREIGN KEY (`period_id`) REFERENCES `periods` (`id`),
  CONSTRAINT `cta_cte_cliente_details_person_id_foreign` FOREIGN KEY (`person_id`) REFERENCES `persons` (`id`),
  CONSTRAINT `cta_cte_cliente_details_person_id_relationed_foreign` FOREIGN KEY (`person_id_relationed`) REFERENCES `persons` (`id`),
  CONSTRAINT `cta_cte_cliente_details_saldo_id_foreign` FOREIGN KEY (`saldo_id`) REFERENCES `conta_tipo_saldos` (`id`),
  CONSTRAINT `cta_cte_cliente_details_tipo_asiento_id_foreign` FOREIGN KEY (`tipo_asiento_id`) REFERENCES `conta_tipo_asientos` (`id`)
) ENGINE=InnoDB AUTO_INCREMENT=327 DEFAULT CHARSET=utf8mb4 COLLATE=utf8mb4_unicode_ci;

--
-- Dumping data for table `cta_cte_cliente_details`
--

INSERT INTO `cta_cte_cliente_details` VALUES (1,7730,5,40720,40721,13,1520,20,2,5271.99,'2022-08-28 15:04:15','2022-08-28 16:39:22','2022-08-28 16:39:22'),(2,7730,5,40720,40721,757,1520,20,1,5271.99,'2022-08-28 15:04:15','2022-08-28 16:39:22','2022-08-28 16:39:22'),(3,7730,6,40720,40721,13,1520,20,2,5272.00,'2022-08-28 16:43:18','2022-08-28 16:54:30','2022-08-28 16:54:30'),(4,7730,6,40720,40721,757,1520,20,1,5272.00,'2022-08-28 16:43:18','2022-08-28 16:54:30','2022-08-28 16:54:30'),(5,7730,7,40720,40721,13,1520,20,2,5271.99,'2022-08-28 16:55:29','2022-08-28 23:49:23','2022-08-28 23:49:23'),(6,7730,7,40720,40721,757,1520,20,1,5271.99,'2022-08-28 16:55:29','2022-08-28 23:49:23','2022-08-28 23:49:23'),(7,7730,11,40720,40721,13,1520,20,2,5272.00,'2022-08-28 23:51:22','2022-08-29 00:15:32','2022-08-29 00:15:32'),(8,7730,11,40720,40721,757,1520,20,1,5272.00,'2022-08-28 23:51:22','2022-08-29 00:15:32','2022-08-29 00:15:32'),(9,7730,12,40720,40721,13,1520,20,2,5272.00,'2022-08-29 00:16:35','2022-09-02 04:26:26','2022-09-02 04:26:26'),(10,7730,12,40720,40721,757,1520,20,1,5272.00,'2022-08-29 00:16:35','2022-09-02 04:26:26','2022-09-02 04:26:26'),(11,7730,15,40720,40723,13,1521,20,2,4815.00,'2022-08-29 00:39:42','2022-09-02 04:26:31','2022-09-02 04:26:31'),(12,7730,15,40720,40723,757,1521,20,1,4815.00,'2022-08-29 00:39:42','2022-09-02 04:26:31','2022-09-02 04:26:31'),(13,7730,31,40720,40726,57,1521,21,1,14400.00,'2022-08-29 01:53:25','2022-09-02 02:50:01','2022-09-02 02:50:01'),(14,7730,31,40720,40726,359,1521,21,2,14400.00,'2022-08-29 01:53:25','2022-09-02 02:50:01','2022-09-02 02:50:01'),(15,7730,32,40720,40726,57,1521,21,1,786.50,'2022-08-29 01:55:39','2022-08-29 01:56:02','2022-08-29 01:56:02'),(16,7730,32,40720,40726,359,1521,21,2,786.50,'2022-08-29 01:55:39','2022-08-29 01:56:02','2022-08-29 01:56:02'),(17,7730,33,40720,40726,57,1521,21,1,786.50,'2022-08-29 01:56:57','2022-08-29 01:59:28','2022-08-29 01:59:28'),(18,7730,33,40720,40726,359,1521,21,2,786.50,'2022-08-29 01:56:57','2022-08-29 01:59:28','2022-08-29 01:59:28'),(19,7730,34,40720,40727,57,1521,21,1,747.66,'2022-08-29 01:59:15','2022-08-29 02:06:13','2022-08-29 02:06:13'),(20,7730,34,40720,40727,757,1521,21,2,747.66,'2022-08-29 01:59:15','2022-08-29 02:06:13','2022-08-29 02:06:13'),(21,7730,35,40720,40727,57,1521,21,1,786.50,'2022-08-29 02:01:13','2022-08-29 02:07:43','2022-08-29 02:07:43'),(22,7730,35,40720,40727,359,1521,21,2,786.50,'2022-08-29 02:01:13','2022-08-29 02:07:43','2022-08-29 02:07:43'),(23,7730,37,40720,40727,57,1521,21,1,747.66,'2022-08-29 02:12:05','2022-09-02 02:02:41','2022-09-02 02:02:41'),(24,7730,37,40720,40727,757,1521,21,2,747.66,'2022-08-29 02:12:05','2022-09-02 02:02:41','2022-09-02 02:02:41'),(25,7730,38,40720,40725,57,1521,21,1,786.50,'2022-08-29 02:13:35','2022-09-02 02:50:52','2022-09-02 02:50:52'),(26,7730,38,40720,40725,359,1521,21,2,786.50,'2022-08-29 02:13:35','2022-09-02 02:50:52','2022-09-02 02:50:52'),(27,7730,39,40720,40725,57,1521,21,1,989.41,'2022-08-29 02:14:47','2022-08-29 02:15:06','2022-08-29 02:15:06'),(28,7730,39,40720,40725,359,1521,21,2,989.41,'2022-08-29 02:14:47','2022-08-29 02:15:06','2022-08-29 02:15:06'),(29,7730,40,40720,40728,57,1521,21,1,989.41,'2022-08-29 02:16:34','2022-09-02 02:54:54','2022-09-02 02:54:54'),(30,7730,40,40720,40728,359,1521,21,2,989.41,'2022-08-29 02:16:34','2022-09-02 02:54:54','2022-09-02 02:54:54'),(31,7730,59,40720,40718,13,1522,20,2,5295.00,'2022-09-01 18:27:19','2022-09-01 18:29:15','2022-09-01 18:29:15'),(32,7730,59,40720,40718,757,1522,20,1,5295.00,'2022-09-01 18:27:19','2022-09-01 18:29:15','2022-09-01 18:29:15'),(33,7730,60,40720,40718,13,1522,20,2,219.00,'2022-09-01 18:29:03','2022-09-01 18:32:07','2022-09-01 18:32:07'),(34,7730,60,40720,40718,757,1522,20,1,219.00,'2022-09-01 18:29:03','2022-09-01 18:32:07','2022-09-01 18:32:07'),(35,7730,61,40720,40718,13,1522,20,2,5295.00,'2022-09-01 18:31:32','2022-09-01 18:51:47','2022-09-01 18:51:47');
INSERT INTO `cta_cte_cliente_details` VALUES (36,7730,61,40720,40718,757,1522,20,1,5295.00,'2022-09-01 18:31:32','2022-09-01 18:51:47','2022-09-01 18:51:47'),(37,7730,62,40720,40718,13,1522,20,2,150.00,'2022-09-01 18:50:21','2022-09-01 18:50:39','2022-09-01 18:50:39'),(38,7730,62,40720,40718,757,1522,20,1,150.00,'2022-09-01 18:50:21','2022-09-01 18:50:39','2022-09-01 18:50:39'),(39,7730,63,40720,40729,13,1522,20,2,5295.00,'2022-09-01 18:56:40','2022-09-02 04:26:39','2022-09-02 04:26:39'),(40,7730,63,40720,40729,757,1522,20,1,5295.00,'2022-09-01 18:56:40','2022-09-02 04:26:39','2022-09-02 04:26:39'),(41,7730,64,40720,40729,13,1522,20,2,150.00,'2022-09-01 19:00:43','2022-09-01 19:27:11','2022-09-01 19:27:11'),(42,7730,64,40720,40729,757,1522,20,1,150.00,'2022-09-01 19:00:43','2022-09-01 19:27:11','2022-09-01 19:27:11'),(43,7730,65,40720,40729,13,1522,20,2,219.00,'2022-09-01 19:28:36','2022-09-02 04:26:35','2022-09-02 04:26:35'),(44,7730,65,40720,40729,757,1522,20,1,219.00,'2022-09-01 19:28:36','2022-09-02 04:26:35','2022-09-02 04:26:35'),(45,7730,66,40720,40731,13,1522,20,2,150.00,'2022-09-01 19:30:20','2022-09-02 04:26:43','2022-09-02 04:26:43'),(46,7730,66,40720,40731,757,1522,20,1,150.00,'2022-09-01 19:30:20','2022-09-02 04:26:43','2022-09-02 04:26:43'),(47,7730,67,40720,40731,13,1522,20,2,150.00,'2022-09-01 19:32:09','2022-09-01 19:32:44','2022-09-01 19:32:44'),(48,7730,67,40720,40731,757,1522,20,1,150.00,'2022-09-01 19:32:09','2022-09-01 19:32:44','2022-09-01 19:32:44'),(49,7730,68,40720,40732,13,1522,20,2,150.00,'2022-09-01 19:34:00','2022-09-02 04:26:47','2022-09-02 04:26:47'),(50,7730,68,40720,40732,757,1522,20,1,150.00,'2022-09-01 19:34:00','2022-09-02 04:26:47','2022-09-02 04:26:47'),(51,7730,69,40720,40733,13,1522,20,2,219.00,'2022-09-01 19:35:26','2022-09-02 04:26:50','2022-09-02 04:26:50'),(52,7730,69,40720,40733,757,1522,20,1,219.00,'2022-09-01 19:35:26','2022-09-02 04:26:50','2022-09-02 04:26:50'),(53,7730,70,40720,40733,13,1522,20,2,1959.00,'2022-09-01 19:36:21','2022-09-01 19:36:31','2022-09-01 19:36:31'),(54,7730,70,40720,40733,757,1522,20,1,1959.00,'2022-09-01 19:36:21','2022-09-01 19:36:31','2022-09-01 19:36:31'),(55,7730,71,40720,40734,13,1522,20,2,1959.00,'2022-09-01 19:37:39','2022-09-02 04:26:54','2022-09-02 04:26:54'),(56,7730,71,40720,40734,757,1522,20,1,1959.00,'2022-09-01 19:37:39','2022-09-02 04:26:54','2022-09-02 04:26:54'),(57,7730,72,40720,40730,13,1522,20,2,11754.01,'2022-09-01 19:38:51','2022-09-02 04:26:58','2022-09-02 04:26:58'),(58,7730,72,40720,40730,757,1522,20,1,11754.01,'2022-09-01 19:38:51','2022-09-02 04:26:58','2022-09-02 04:26:58'),(59,7730,73,40720,40735,13,1522,20,2,150.00,'2022-09-01 19:39:57','2022-09-02 04:27:02','2022-09-02 04:27:02'),(60,7730,73,40720,40735,757,1522,20,1,150.00,'2022-09-01 19:39:57','2022-09-02 04:27:02','2022-09-02 04:27:02'),(61,7730,78,40720,40727,57,1521,21,1,747.66,'2022-09-02 02:26:47','2022-09-02 02:36:33','2022-09-02 02:36:33'),(62,7730,78,40720,40727,757,1521,21,2,747.66,'2022-09-02 02:26:47','2022-09-02 02:36:33','2022-09-02 02:36:33'),(63,7730,91,40720,40721,13,1520,20,2,5272.00,'2022-09-02 04:48:48','2022-09-02 04:48:48',NULL),(64,7730,91,40720,40721,757,1520,20,1,5272.00,'2022-09-02 04:48:48','2022-09-02 04:48:48',NULL),(65,7730,92,40720,40723,13,1521,20,2,4815.00,'2022-09-02 04:50:02','2022-09-02 04:50:02',NULL),(66,7730,92,40720,40723,757,1521,20,1,4815.00,'2022-09-02 04:50:02','2022-09-02 04:50:02',NULL),(67,7730,93,40720,40729,13,1521,20,2,5295.00,'2022-09-02 04:51:17','2022-09-02 05:10:29','2022-09-02 05:10:29'),(68,7730,93,40720,40729,757,1521,20,1,5295.00,'2022-09-02 04:51:17','2022-09-02 05:10:29','2022-09-02 05:10:29'),(69,7730,94,40720,40729,13,1522,20,2,219.00,'2022-09-02 04:52:22','2022-09-02 04:52:22',NULL),(70,7730,94,40720,40729,757,1522,20,1,219.00,'2022-09-02 04:52:22','2022-09-02 04:52:22',NULL),(71,7730,95,40720,40729,13,1522,20,2,150.00,'2022-09-02 04:53:18','2022-09-02 04:53:30','2022-09-02 04:53:30');
INSERT INTO `cta_cte_cliente_details` VALUES (72,7730,95,40720,40729,757,1522,20,1,150.00,'2022-09-02 04:53:18','2022-09-02 04:53:30','2022-09-02 04:53:30'),(73,7730,96,40720,40731,13,1522,20,2,150.00,'2022-09-02 04:54:33','2022-09-02 04:54:33',NULL),(74,7730,96,40720,40731,757,1522,20,1,150.00,'2022-09-02 04:54:33','2022-09-02 04:54:33',NULL),(75,7730,97,40720,40732,13,1522,20,2,150.00,'2022-09-02 04:55:29','2022-09-02 04:55:29',NULL),(76,7730,97,40720,40732,757,1522,20,1,150.00,'2022-09-02 04:55:29','2022-09-02 04:55:29',NULL),(77,7730,98,40720,40733,13,1522,20,2,219.00,'2022-09-02 04:56:45','2022-09-02 04:56:45',NULL),(78,7730,98,40720,40733,757,1522,20,1,219.00,'2022-09-02 04:56:45','2022-09-02 04:56:45',NULL),(79,7730,99,40720,40734,13,1522,20,2,1959.00,'2022-09-02 04:57:54','2022-09-02 04:57:54',NULL),(80,7730,99,40720,40734,757,1522,20,1,1959.00,'2022-09-02 04:57:54','2022-09-02 04:57:54',NULL),(81,7730,100,40720,40730,13,1522,20,2,11754.01,'2022-09-02 04:58:54','2022-09-04 02:28:22','2022-09-04 02:28:22'),(82,7730,100,40720,40730,757,1522,20,1,11754.01,'2022-09-02 04:58:54','2022-09-04 02:28:22','2022-09-04 02:28:22'),(83,7730,101,40720,40735,13,1522,20,2,150.00,'2022-09-02 04:59:43','2022-09-04 02:28:10','2022-09-04 02:28:10'),(84,7730,101,40720,40735,757,1522,20,1,150.00,'2022-09-02 04:59:43','2022-09-04 02:28:10','2022-09-04 02:28:10'),(85,7730,102,40720,40729,13,1522,20,2,5295.00,'2022-09-02 05:11:36','2022-09-02 05:11:36',NULL),(86,7730,102,40720,40729,757,1522,20,1,5295.00,'2022-09-02 05:11:36','2022-09-02 05:11:36',NULL),(87,7730,103,40720,40727,57,1522,21,1,1346.89,'2022-09-03 23:06:29','2022-09-03 23:06:29',NULL),(88,7730,103,40720,40727,757,1522,21,2,1346.89,'2022-09-03 23:06:29','2022-09-03 23:06:29',NULL),(89,7730,106,40720,40730,13,1522,20,2,11754.01,'2022-09-04 02:30:53','2022-09-04 02:30:53',NULL),(90,7730,106,40720,40730,757,1522,20,1,11754.01,'2022-09-04 02:30:53','2022-09-04 02:30:53',NULL),(91,7730,107,40720,40735,13,1522,20,2,150.00,'2022-09-04 02:32:18','2022-09-04 02:32:18',NULL),(92,7730,107,40720,40735,757,1522,20,1,150.00,'2022-09-04 02:32:18','2022-09-04 02:32:18',NULL),(93,7730,166,40720,40736,13,1523,20,2,7238.99,'2022-09-04 04:29:57','2022-09-04 04:29:57',NULL),(94,7730,166,40720,40736,757,1523,20,1,7238.99,'2022-09-04 04:29:57','2022-09-04 04:29:57',NULL),(95,7730,167,40720,40737,13,1523,20,2,7238.99,'2022-09-04 04:31:28','2022-09-04 04:31:28',NULL),(96,7730,167,40720,40737,757,1523,20,1,7238.99,'2022-09-04 04:31:28','2022-09-04 04:31:28',NULL),(97,7730,168,40720,40738,13,1523,20,2,7238.99,'2022-09-04 04:37:21','2022-09-04 04:37:21',NULL),(98,7730,168,40720,40738,757,1523,20,1,7238.99,'2022-09-04 04:37:21','2022-09-04 04:37:21',NULL),(99,7730,169,40720,40739,13,1523,20,2,14478.00,'2022-09-04 04:38:26','2022-09-04 04:38:26',NULL),(100,7730,169,40720,40739,757,1523,20,1,14478.00,'2022-09-04 04:38:26','2022-09-04 04:38:26',NULL),(101,7730,170,40720,40741,13,1523,20,2,8685.00,'2022-09-04 04:39:39','2022-09-04 04:39:39',NULL),(102,7730,170,40720,40741,757,1523,20,1,8685.00,'2022-09-04 04:39:39','2022-09-04 04:39:39',NULL),(103,7730,171,40720,40740,13,1523,20,2,7238.99,'2022-09-04 04:40:44','2022-09-04 04:40:44',NULL),(104,7730,171,40720,40740,757,1523,20,1,7238.99,'2022-09-04 04:40:44','2022-09-04 04:40:44',NULL),(105,7730,172,40720,40742,13,1523,20,2,7238.99,'2022-09-04 04:42:14','2022-09-04 04:42:14',NULL),(106,7730,172,40720,40742,757,1523,20,1,7238.99,'2022-09-04 04:42:14','2022-09-04 04:42:14',NULL),(107,7730,173,40720,40743,13,1523,20,2,7238.99,'2022-09-04 04:43:40','2022-09-04 04:43:40',NULL),(108,7730,173,40720,40743,757,1523,20,1,7238.99,'2022-09-04 04:43:40','2022-09-04 04:43:40',NULL),(109,7730,174,40720,40744,13,1523,20,2,7238.99,'2022-09-04 04:44:24','2022-09-04 04:44:24',NULL),(110,7730,174,40720,40744,757,1523,20,1,7238.99,'2022-09-04 04:44:24','2022-09-04 04:44:24',NULL),(111,7730,175,40720,40746,13,1523,20,2,7238.99,'2022-09-04 04:45:26','2022-09-04 04:45:26',NULL);
INSERT INTO `cta_cte_cliente_details` VALUES (112,7730,175,40720,40746,757,1523,20,1,7238.99,'2022-09-04 04:45:26','2022-09-04 04:45:26',NULL),(113,7730,177,40720,40748,13,1523,20,2,7238.99,'2022-09-04 04:47:59','2022-09-04 04:47:59',NULL),(114,7730,177,40720,40748,757,1523,20,1,7238.99,'2022-09-04 04:47:59','2022-09-04 04:47:59',NULL),(115,7730,178,40720,40749,13,1523,20,2,7238.99,'2022-09-04 04:48:58','2022-09-04 04:48:58',NULL),(116,7730,178,40720,40749,757,1523,20,1,7238.99,'2022-09-04 04:48:58','2022-09-04 04:48:58',NULL),(117,7730,179,40720,40750,13,1523,20,2,7238.99,'2022-09-04 04:50:16','2022-09-04 04:50:16',NULL),(118,7730,179,40720,40750,757,1523,20,1,7238.99,'2022-09-04 04:50:16','2022-09-04 04:50:16',NULL),(119,7730,180,40720,40751,13,1523,20,2,7238.99,'2022-09-04 04:51:10','2022-09-04 04:51:10',NULL),(120,7730,180,40720,40751,757,1523,20,1,7238.99,'2022-09-04 04:51:10','2022-09-04 04:51:10',NULL),(121,7730,181,40720,40755,13,1523,20,2,8685.00,'2022-09-04 04:52:07','2022-09-04 04:52:07',NULL),(122,7730,181,40720,40755,757,1523,20,1,8685.00,'2022-09-04 04:52:07','2022-09-04 04:52:07',NULL),(123,7730,182,40720,40752,13,1523,20,2,7238.99,'2022-09-04 04:53:16','2022-09-04 04:53:16',NULL),(124,7730,182,40720,40752,757,1523,20,1,7238.99,'2022-09-04 04:53:16','2022-09-04 04:53:16',NULL),(125,7730,183,40720,40753,13,1523,20,2,7238.99,'2022-09-04 04:54:08','2022-09-04 04:54:08',NULL),(126,7730,183,40720,40753,757,1523,20,1,7238.99,'2022-09-04 04:54:08','2022-09-04 04:54:08',NULL),(127,7730,184,40720,40754,13,1523,20,2,7238.99,'2022-09-04 04:55:06','2022-09-04 04:55:06',NULL),(128,7730,184,40720,40754,757,1523,20,1,7238.99,'2022-09-04 04:55:06','2022-09-04 04:55:06',NULL),(129,7730,185,40720,40756,13,1523,20,2,7238.99,'2022-09-04 04:56:15','2022-09-04 04:56:15',NULL),(130,7730,185,40720,40756,757,1523,20,1,7238.99,'2022-09-04 04:56:15','2022-09-04 04:56:15',NULL),(131,7730,186,40720,40745,13,1523,20,2,8685.00,'2022-09-04 04:57:04','2022-09-04 04:57:04',NULL),(132,7730,186,40720,40745,757,1523,20,1,8685.00,'2022-09-04 04:57:04','2022-09-04 04:57:04',NULL),(133,7730,187,40720,40747,13,1523,20,2,4955.00,'2022-09-04 04:57:56','2022-09-04 04:57:56',NULL),(134,7730,187,40720,40747,757,1523,20,1,4955.00,'2022-09-04 04:57:56','2022-09-04 04:57:56',NULL),(135,7730,188,40720,40752,13,1523,20,2,3880.00,'2022-09-04 04:58:49','2022-09-04 04:58:49',NULL),(136,7730,188,40720,40752,757,1523,20,1,3880.00,'2022-09-04 04:58:49','2022-09-04 04:58:49',NULL),(137,7730,189,40720,40757,13,1523,20,2,14478.00,'2022-09-04 04:59:44','2022-09-04 04:59:44',NULL),(138,7730,189,40720,40757,757,1523,20,1,14478.00,'2022-09-04 04:59:44','2022-09-04 04:59:44',NULL),(139,7730,190,40720,40758,13,1523,20,2,7238.99,'2022-09-04 05:00:55','2022-09-04 05:00:55',NULL),(140,7730,190,40720,40758,757,1523,20,1,7238.99,'2022-09-04 05:00:55','2022-09-04 05:00:55',NULL),(141,7730,191,40720,40759,13,1523,20,2,7971.00,'2022-09-04 05:01:50','2022-09-04 05:01:50',NULL),(142,7730,191,40720,40759,757,1523,20,1,7971.00,'2022-09-04 05:01:50','2022-09-04 05:01:50',NULL),(143,7730,192,40720,40760,13,1523,20,2,7238.99,'2022-09-04 05:02:47','2022-09-04 05:02:47',NULL),(144,7730,192,40720,40760,757,1523,20,1,7238.99,'2022-09-04 05:02:47','2022-09-04 05:02:47',NULL),(145,7730,206,40720,40727,57,1523,21,1,17067.75,'2022-09-04 05:23:20','2022-09-04 05:23:20',NULL),(146,7730,206,40720,40727,757,1523,21,2,17067.75,'2022-09-04 05:23:20','2022-09-04 05:23:20',NULL),(147,7730,208,40720,40762,57,1523,21,1,20000.00,'2022-09-04 05:34:03','2022-09-04 05:34:03',NULL),(148,7730,208,40720,40762,758,1523,21,2,20000.00,'2022-09-04 05:34:03','2022-09-04 05:34:03',NULL),(149,7730,372,40720,40731,13,1525,20,2,150.00,'2023-03-27 15:56:08','2023-03-27 15:56:08',NULL),(150,7730,372,40720,40731,759,1525,20,1,150.00,'2023-03-27 15:56:08','2023-03-27 15:56:08',NULL),(151,7730,373,40720,40733,13,1525,20,2,949.00,'2023-03-27 15:58:45','2023-03-27 15:58:45',NULL),(152,7730,373,40720,40733,759,1525,20,1,949.00,'2023-03-27 15:58:45','2023-03-27 15:58:45',NULL);
INSERT INTO `cta_cte_cliente_details` VALUES (153,7730,374,40720,40765,13,1525,20,2,8090.00,'2023-03-27 16:00:34','2023-03-27 16:00:34',NULL),(154,7730,374,40720,40765,759,1525,20,1,8090.00,'2023-03-27 16:00:34','2023-03-27 16:00:34',NULL),(155,7730,375,40720,40766,13,1525,20,2,7590.00,'2023-03-27 16:02:07','2023-03-27 16:02:07',NULL),(156,7730,375,40720,40766,759,1525,20,1,7590.00,'2023-03-27 16:02:07','2023-03-27 16:02:07',NULL),(157,7730,376,40720,40767,13,1525,20,2,9090.00,'2023-03-27 16:03:07','2023-03-27 16:03:07',NULL),(158,7730,376,40720,40767,759,1525,20,1,9090.00,'2023-03-27 16:03:07','2023-03-27 16:03:07',NULL),(159,7730,377,40720,40768,13,1525,20,2,19470.00,'2023-03-27 16:03:59','2023-03-27 16:03:59',NULL),(160,7730,377,40720,40768,759,1525,20,1,19470.00,'2023-03-27 16:03:59','2023-03-27 16:03:59',NULL),(161,7730,378,40720,40769,13,1525,20,2,150.00,'2023-03-27 16:05:00','2023-03-27 16:05:00',NULL),(162,7730,378,40720,40769,759,1525,20,1,150.00,'2023-03-27 16:05:00','2023-03-27 16:05:00',NULL),(163,7730,379,40720,40770,13,1525,20,2,7590.00,'2023-03-27 16:06:03','2023-03-27 16:06:03',NULL),(164,7730,379,40720,40770,759,1525,20,1,7590.00,'2023-03-27 16:06:03','2023-03-27 16:06:03',NULL),(165,7730,380,40720,40771,13,1525,20,2,150.00,'2023-03-27 16:06:54','2023-03-27 16:06:54',NULL),(166,7730,380,40720,40771,759,1525,20,1,150.00,'2023-03-27 16:06:54','2023-03-27 16:06:54',NULL),(167,7730,381,40720,40772,13,1525,20,2,150.00,'2023-03-27 16:07:35','2023-03-27 16:07:35',NULL),(168,7730,381,40720,40772,759,1525,20,1,150.00,'2023-03-27 16:07:35','2023-03-27 16:07:35',NULL),(169,7730,382,40720,40773,13,1525,20,2,150.00,'2023-03-27 16:08:33','2023-03-27 16:08:33',NULL),(170,7730,382,40720,40773,759,1525,20,1,150.00,'2023-03-27 16:08:33','2023-03-27 16:08:33',NULL),(171,7730,383,40720,40774,13,1525,20,2,7590.00,'2023-03-27 16:09:12','2023-03-27 16:09:12',NULL),(172,7730,383,40720,40774,759,1525,20,1,7590.00,'2023-03-27 16:09:12','2023-03-27 16:09:12',NULL),(173,7730,384,40720,40775,13,1525,20,2,150.00,'2023-03-27 16:09:56','2023-03-27 16:09:56',NULL),(174,7730,384,40720,40775,759,1525,20,1,150.00,'2023-03-27 16:09:56','2023-03-27 16:09:56',NULL),(175,7730,385,40720,40776,13,1525,20,2,150.00,'2023-03-27 16:11:16','2023-03-27 16:11:16',NULL),(176,7730,385,40720,40776,759,1525,20,1,150.00,'2023-03-27 16:11:16','2023-03-27 16:11:16',NULL),(177,7730,386,40720,40777,13,1525,20,2,150.00,'2023-03-27 16:11:52','2023-03-27 16:11:52',NULL),(178,7730,386,40720,40777,759,1525,20,1,150.00,'2023-03-27 16:11:52','2023-03-27 16:11:52',NULL),(179,7730,387,40720,40778,13,1525,20,2,150.00,'2023-03-27 16:12:34','2023-03-27 16:12:34',NULL),(180,7730,387,40720,40778,759,1525,20,1,150.00,'2023-03-27 16:12:34','2023-03-27 16:12:34',NULL),(181,7730,388,40720,40779,13,1525,20,2,1379.00,'2023-03-27 16:13:20','2023-03-27 16:13:20',NULL),(182,7730,388,40720,40779,759,1525,20,1,1379.00,'2023-03-27 16:13:20','2023-03-27 16:13:20',NULL),(183,7730,389,40720,40780,13,1525,20,2,7590.00,'2023-03-27 16:14:22','2023-03-27 16:14:22',NULL),(184,7730,389,40720,40780,759,1525,20,1,7590.00,'2023-03-27 16:14:22','2023-03-27 16:14:22',NULL),(185,7730,390,40720,40781,13,1525,20,2,7819.00,'2023-03-27 16:16:08','2023-03-27 16:16:08',NULL),(186,7730,390,40720,40781,759,1525,20,1,7819.00,'2023-03-27 16:16:08','2023-03-27 16:16:08',NULL),(187,7730,391,40720,40781,13,1525,20,2,6490.00,'2023-03-27 16:17:14','2023-03-27 16:17:14',NULL),(188,7730,391,40720,40781,759,1525,20,1,6490.00,'2023-03-27 16:17:14','2023-03-27 16:17:14',NULL),(189,7730,392,40720,40782,13,1525,20,2,6490.00,'2023-03-27 16:18:43','2023-03-27 16:18:43',NULL),(190,7730,392,40720,40782,759,1525,20,1,6490.00,'2023-03-27 16:18:43','2023-03-27 16:18:43',NULL),(191,7730,393,40720,40783,13,1525,20,2,6490.00,'2023-03-27 16:19:37','2023-03-27 16:19:37',NULL),(192,7730,393,40720,40783,759,1525,20,1,6490.00,'2023-03-27 16:19:37','2023-03-27 16:19:37',NULL),(193,7730,394,40720,40784,13,1525,20,2,8685.00,'2023-03-27 16:20:30','2023-03-27 16:20:30',NULL);
INSERT INTO `cta_cte_cliente_details` VALUES (194,7730,394,40720,40784,759,1525,20,1,8685.00,'2023-03-27 16:20:30','2023-03-27 16:20:30',NULL),(195,7730,395,40720,40785,13,1525,20,2,8685.00,'2023-03-27 16:21:24','2023-03-27 16:21:24',NULL),(196,7730,395,40720,40785,759,1525,20,1,8685.00,'2023-03-27 16:21:24','2023-03-27 16:21:24',NULL),(197,7730,396,40720,40786,13,1525,20,2,300.00,'2023-03-27 16:30:20','2023-03-27 16:30:20',NULL),(198,7730,396,40720,40786,759,1525,20,1,300.00,'2023-03-27 16:30:20','2023-03-27 16:30:20',NULL),(199,7730,397,40720,40787,13,1525,20,2,7590.00,'2023-03-27 16:31:13','2023-03-27 16:31:13',NULL),(200,7730,397,40720,40787,759,1525,20,1,7590.00,'2023-03-27 16:31:13','2023-03-27 16:31:13',NULL),(201,7730,398,40720,40788,13,1525,20,2,6490.00,'2023-03-27 16:32:13','2023-03-27 16:32:13',NULL),(202,7730,398,40720,40788,759,1525,20,1,6490.00,'2023-03-27 16:32:13','2023-03-27 16:32:13',NULL),(203,7730,399,40720,40789,13,1525,20,2,8685.00,'2023-03-27 16:33:00','2023-03-27 16:33:00',NULL),(204,7730,399,40720,40789,759,1525,20,1,8685.00,'2023-03-27 16:33:00','2023-03-27 16:33:00',NULL),(205,7730,400,40720,40790,13,1525,20,2,6490.00,'2023-03-27 16:33:48','2023-03-27 16:33:48',NULL),(206,7730,400,40720,40790,759,1525,20,1,6490.00,'2023-03-27 16:33:48','2023-03-27 16:33:48',NULL),(207,7730,401,40720,40792,13,1525,20,2,6490.00,'2023-03-27 16:34:55','2023-03-27 16:34:55',NULL),(208,7730,401,40720,40792,759,1525,20,1,6490.00,'2023-03-27 16:34:55','2023-03-27 16:34:55',NULL),(209,7730,402,40720,40793,13,1525,20,2,6490.00,'2023-03-27 16:38:54','2023-03-27 16:38:54',NULL),(210,7730,402,40720,40793,759,1525,20,1,6490.00,'2023-03-27 16:38:54','2023-03-27 16:38:54',NULL),(211,7730,403,40720,40794,13,1525,20,2,8685.00,'2023-03-27 16:39:47','2023-03-27 16:39:47',NULL),(212,7730,403,40720,40794,759,1525,20,1,8685.00,'2023-03-27 16:39:47','2023-03-27 16:39:47',NULL),(213,7730,404,40720,40795,13,1525,20,2,7590.00,'2023-03-27 16:40:40','2023-03-27 16:40:40',NULL),(214,7730,404,40720,40795,759,1525,20,1,7590.00,'2023-03-27 16:40:40','2023-03-27 16:40:40',NULL),(215,7730,405,40720,40796,13,1525,20,2,150.00,'2023-03-27 16:43:44','2023-03-27 16:43:44',NULL),(216,7730,405,40720,40796,759,1525,20,1,150.00,'2023-03-27 16:43:44','2023-03-27 16:43:44',NULL),(217,7730,406,40720,40797,13,1525,20,2,6799.00,'2023-03-27 16:45:38','2023-03-27 16:45:38',NULL),(218,7730,406,40720,40797,759,1525,20,1,6799.00,'2023-03-27 16:45:38','2023-03-27 16:45:38',NULL),(219,7730,407,40720,40797,13,1525,20,2,40794.00,'2023-03-27 16:47:49','2023-03-27 16:47:49',NULL),(220,7730,407,40720,40797,758,1525,20,1,40794.00,'2023-03-27 16:47:49','2023-03-27 16:47:49',NULL),(221,7730,408,40720,40764,13,1525,20,2,150.00,'2023-03-27 16:54:51','2023-03-27 16:54:51',NULL),(222,7730,408,40720,40764,759,1525,20,1,150.00,'2023-03-27 16:54:51','2023-03-27 16:54:51',NULL),(223,7730,409,40720,40724,57,1525,21,1,36966.12,'2023-03-27 18:30:31','2023-03-28 17:17:32','2023-03-28 17:17:32'),(224,7730,409,40720,40724,758,1525,21,2,36966.12,'2023-03-27 18:30:31','2023-03-28 17:17:32','2023-03-28 17:17:32'),(225,7730,410,40720,40764,57,1525,21,1,137498.23,'2023-03-27 18:58:21','2023-03-27 18:58:21',NULL),(226,7730,410,40720,40764,758,1525,21,2,137498.23,'2023-03-27 18:58:21','2023-03-27 18:58:21',NULL),(227,7730,412,40720,40727,57,1525,21,1,40365.09,'2023-03-28 12:20:13','2023-03-28 13:21:24','2023-03-28 13:21:24'),(228,7730,412,40720,40727,759,1525,21,2,40365.09,'2023-03-28 12:20:13','2023-03-28 13:21:24','2023-03-28 13:21:24'),(229,7730,413,40720,40728,57,1525,21,1,1206.09,'2023-03-28 12:22:21','2023-03-28 12:42:47','2023-03-28 12:42:47'),(230,7730,413,40720,40728,759,1525,21,2,1206.09,'2023-03-28 12:22:21','2023-03-28 12:42:47','2023-03-28 12:42:47'),(231,7730,414,40720,40798,57,1525,21,1,3298.43,'2023-03-28 12:24:10','2023-03-28 12:24:10',NULL),(232,7730,414,40720,40798,759,1525,21,2,3298.43,'2023-03-28 12:24:10','2023-03-28 12:24:10',NULL);
INSERT INTO `cta_cte_cliente_details` VALUES (233,7730,415,40720,40762,57,1525,21,1,20000.00,'2023-03-28 12:40:44','2023-03-28 12:40:44',NULL),(234,7730,415,40720,40762,758,1525,21,2,20000.00,'2023-03-28 12:40:44','2023-03-28 12:40:44',NULL),(235,7730,416,40720,40728,57,1525,21,1,1206.09,'2023-03-28 12:46:41','2023-03-28 12:46:41',NULL),(236,7730,416,40720,40728,759,1525,21,2,1206.09,'2023-03-28 12:46:41','2023-03-28 12:46:41',NULL),(237,7730,421,40720,40727,57,1525,21,1,40365.09,'2023-03-28 13:26:34','2023-03-28 14:25:03','2023-03-28 14:25:03'),(238,7730,421,40720,40727,759,1525,21,2,40365.09,'2023-03-28 13:26:34','2023-03-28 14:25:03','2023-03-28 14:25:03'),(239,7730,423,40720,40727,57,1525,21,1,39160.19,'2023-03-28 14:38:52','2023-03-28 14:38:52',NULL),(240,7730,423,40720,40727,759,1525,21,2,39160.19,'2023-03-28 14:38:52','2023-03-28 14:38:52',NULL),(241,7730,470,40720,40799,13,1526,20,2,9990.00,'2023-03-28 15:45:24','2023-03-28 15:45:24',NULL),(242,7730,470,40720,40799,759,1526,20,1,9990.00,'2023-03-28 15:45:24','2023-03-28 15:45:24',NULL),(243,7730,471,40720,40800,13,1526,20,2,7919.00,'2023-03-28 15:49:20','2023-03-28 15:49:20',NULL),(244,7730,471,40720,40800,759,1526,20,1,7919.00,'2023-03-28 15:49:20','2023-03-28 15:49:20',NULL),(245,7730,472,40720,40801,13,1526,20,2,8557.00,'2023-03-28 15:50:10','2023-03-28 15:50:10',NULL),(246,7730,472,40720,40801,759,1526,20,1,8557.00,'2023-03-28 15:50:10','2023-03-28 15:50:10',NULL),(247,7730,473,40720,40802,13,1526,20,2,12980.00,'2023-03-28 15:51:22','2023-03-28 15:51:22',NULL),(248,7730,473,40720,40802,759,1526,20,1,12980.00,'2023-03-28 15:51:22','2023-03-28 15:51:22',NULL),(249,7730,474,40720,40803,13,1526,20,2,7590.00,'2023-03-28 15:52:07','2023-03-28 15:52:07',NULL),(250,7730,474,40720,40803,759,1526,20,1,7590.00,'2023-03-28 15:52:07','2023-03-28 15:52:07',NULL),(251,7730,475,40720,40804,13,1526,20,2,9990.00,'2023-03-28 15:52:50','2023-03-28 15:52:50',NULL),(252,7730,475,40720,40804,759,1526,20,1,9990.00,'2023-03-28 15:52:50','2023-03-28 15:52:50',NULL),(253,7730,476,40720,40805,13,1526,20,2,9990.00,'2023-03-28 15:53:55','2023-03-28 15:53:55',NULL),(254,7730,476,40720,40805,759,1526,20,1,9990.00,'2023-03-28 15:53:55','2023-03-28 15:53:55',NULL),(255,7730,477,40720,40807,13,1526,20,2,9990.00,'2023-03-28 15:54:34','2023-03-28 15:54:34',NULL),(256,7730,477,40720,40807,759,1526,20,1,9990.00,'2023-03-28 15:54:34','2023-03-28 15:54:34',NULL),(257,7730,478,40720,40808,13,1526,20,2,27770.00,'2023-03-28 15:55:24','2023-03-28 15:55:24',NULL),(258,7730,478,40720,40808,759,1526,20,1,27770.00,'2023-03-28 15:55:24','2023-03-28 15:55:24',NULL),(259,7730,479,40720,40809,13,1526,20,2,7919.00,'2023-03-28 15:56:05','2023-03-28 15:56:05',NULL),(260,7730,479,40720,40809,759,1526,20,1,7919.00,'2023-03-28 15:56:05','2023-03-28 15:56:05',NULL),(261,7730,480,40720,40811,13,1526,20,2,9990.00,'2023-03-28 15:56:48','2023-03-28 15:56:48',NULL),(262,7730,480,40720,40811,759,1526,20,1,9990.00,'2023-03-28 15:56:48','2023-03-28 15:56:48',NULL),(263,7730,481,40720,40813,13,1526,20,2,3400.00,'2023-03-28 15:57:28','2023-03-28 15:57:28',NULL),(264,7730,481,40720,40813,759,1526,20,1,3400.00,'2023-03-28 15:57:28','2023-03-28 15:57:28',NULL),(265,7730,482,40720,40814,13,1526,20,2,12740.00,'2023-03-28 16:00:04','2023-03-28 16:00:04',NULL),(266,7730,482,40720,40814,759,1526,20,1,12740.00,'2023-03-28 16:00:04','2023-03-28 16:00:04',NULL),(267,7730,483,40720,40815,13,1526,20,2,9990.00,'2023-03-28 16:00:52','2023-03-28 16:00:52',NULL),(268,7730,483,40720,40815,759,1526,20,1,9990.00,'2023-03-28 16:00:52','2023-03-28 16:00:52',NULL),(269,7730,484,40720,40810,13,1526,20,2,7990.00,'2023-03-28 16:01:53','2023-03-28 16:01:53',NULL),(270,7730,484,40720,40810,759,1526,20,1,7990.00,'2023-03-28 16:01:53','2023-03-28 16:01:53',NULL),(271,7730,485,40720,40816,13,1526,20,2,9490.50,'2023-03-28 16:02:38','2023-03-28 16:02:38',NULL),(272,7730,485,40720,40816,759,1526,20,1,9490.50,'2023-03-28 16:02:38','2023-03-28 16:02:38',NULL);
INSERT INTO `cta_cte_cliente_details` VALUES (273,7730,486,40720,40806,13,1526,20,2,17780.00,'2023-03-28 16:03:43','2023-03-28 16:03:43',NULL),(274,7730,486,40720,40806,759,1526,20,1,17780.00,'2023-03-28 16:03:43','2023-03-28 16:03:43',NULL),(275,7730,487,40720,40812,13,1526,20,2,7990.00,'2023-03-28 16:04:41','2023-03-28 16:04:41',NULL),(276,7730,487,40720,40812,759,1526,20,1,7990.00,'2023-03-28 16:04:41','2023-03-28 16:04:41',NULL),(277,7730,505,40720,40727,57,1526,21,1,42059.18,'2023-03-28 16:17:50','2023-03-28 16:17:50',NULL),(278,7730,505,40720,40727,759,1526,21,2,42059.18,'2023-03-28 16:17:50','2023-03-28 16:17:50',NULL),(279,7730,506,40720,40762,57,1526,21,1,20000.00,'2023-03-28 16:20:44','2023-03-28 16:20:44',NULL),(280,7730,506,40720,40762,760,1526,21,2,20000.00,'2023-03-28 16:20:44','2023-03-28 16:20:44',NULL),(281,7730,507,40720,40728,13,1526,20,2,1206.09,'2023-03-28 16:21:40','2023-03-28 16:45:54','2023-03-28 16:45:54'),(282,7730,507,40720,40728,759,1526,20,1,1206.09,'2023-03-28 16:21:40','2023-03-28 16:45:54','2023-03-28 16:45:54'),(283,7730,508,40720,40728,57,1526,21,1,1206.09,'2023-03-28 16:46:32','2023-03-28 16:46:32',NULL),(284,7730,508,40720,40728,759,1526,21,2,1206.09,'2023-03-28 16:46:32','2023-03-28 16:46:32',NULL),(285,7730,509,40720,40724,57,1525,21,1,50000.00,'2023-03-28 17:19:46','2023-03-28 17:19:46',NULL),(286,7730,509,40720,40724,758,1525,21,2,50000.00,'2023-03-28 17:19:46','2023-03-28 17:19:46',NULL),(287,7730,510,40720,40724,57,1526,21,1,90000.00,'2023-03-28 17:23:20','2023-03-28 17:23:20',NULL),(288,7730,510,40720,40724,758,1526,21,2,90000.00,'2023-03-28 17:23:20','2023-03-28 17:23:20',NULL),(289,7730,534,40720,40817,13,1527,20,2,8800.00,'2023-03-29 10:50:15','2023-03-29 10:50:15',NULL),(290,7730,534,40720,40817,759,1527,20,1,8800.00,'2023-03-29 10:50:15','2023-03-29 10:50:15',NULL),(291,7730,535,40720,40819,13,1527,20,2,7990.00,'2023-03-29 10:53:20','2023-03-29 10:53:20',NULL),(292,7730,535,40720,40819,759,1527,20,1,7990.00,'2023-03-29 10:53:20','2023-03-29 10:53:20',NULL),(293,7730,536,40720,40818,13,1527,20,2,2397.00,'2023-03-29 11:05:46','2023-03-29 11:05:46',NULL),(294,7730,536,40720,40818,759,1527,20,1,2397.00,'2023-03-29 11:05:46','2023-03-29 11:05:46',NULL),(295,7730,538,40720,40820,13,1527,20,2,7830.00,'2023-03-29 11:22:52','2023-03-29 11:22:52',NULL),(296,7730,538,40720,40820,759,1527,20,1,7830.00,'2023-03-29 11:22:52','2023-03-29 11:22:52',NULL),(297,7730,540,40720,40820,13,1527,20,2,1500.00,'2023-03-29 11:23:16','2023-03-29 11:23:16',NULL),(298,7730,540,40720,40820,759,1527,20,1,1500.00,'2023-03-29 11:23:16','2023-03-29 11:23:16',NULL),(299,7730,542,40720,40820,13,1527,20,2,7990.00,'2023-03-29 11:23:50','2023-03-29 11:23:50',NULL),(300,7730,542,40720,40820,759,1527,20,1,7990.00,'2023-03-29 11:23:50','2023-03-29 11:23:50',NULL),(301,7730,568,40720,40762,57,1527,21,1,20000.00,'2023-03-29 13:07:13','2023-03-29 13:07:13',NULL),(302,7730,568,40720,40762,760,1527,21,2,20000.00,'2023-03-29 13:07:13','2023-03-29 13:07:13',NULL),(303,7730,570,40720,40727,57,1527,21,1,31867.42,'2023-03-29 13:07:54','2023-03-29 13:07:54',NULL),(304,7730,570,40720,40727,759,1527,21,2,31867.42,'2023-03-29 13:07:54','2023-03-29 13:07:54',NULL),(305,7730,572,40720,40724,57,1527,21,1,11721.00,'2023-03-29 13:09:36','2023-03-29 13:09:36',NULL),(306,7730,572,40720,40724,759,1527,21,2,11721.00,'2023-03-29 13:09:36','2023-03-29 13:09:36',NULL),(307,7730,574,40720,40764,57,1527,21,1,67248.27,'2023-03-29 13:12:50','2023-03-29 13:19:28','2023-03-29 13:19:28'),(308,7730,574,40720,40764,759,1527,21,2,67248.27,'2023-03-29 13:12:50','2023-03-29 13:19:28','2023-03-29 13:19:28'),(309,7730,576,40720,40728,57,1527,21,1,1206.09,'2023-03-29 13:14:05','2023-03-29 14:54:23','2023-03-29 14:54:23'),(310,7730,576,40720,40728,759,1527,21,2,1206.09,'2023-03-29 13:14:05','2023-03-29 14:54:23','2023-03-29 14:54:23'),(311,7730,578,40720,40764,57,1527,21,1,67248.27,'2023-03-29 13:21:21','2023-03-29 13:21:21',NULL);
INSERT INTO `cta_cte_cliente_details` VALUES (312,7730,578,40720,40764,760,1527,21,2,67248.27,'2023-03-29 13:21:21','2023-03-29 13:21:21',NULL),(313,7730,580,40720,40763,57,1525,21,1,1513750.00,'2023-03-29 13:30:40','2023-03-29 14:02:04','2023-03-29 14:02:04'),(314,7730,580,40720,40763,760,1525,21,2,1513750.00,'2023-03-29 13:30:40','2023-03-29 14:02:04','2023-03-29 14:02:04'),(315,7730,582,40720,40728,57,1527,21,1,1206.09,'2023-03-29 14:56:01','2023-03-29 14:56:01',NULL),(316,7730,582,40720,40728,759,1527,21,2,1206.09,'2023-03-29 14:56:01','2023-03-29 14:56:01',NULL),(317,7730,585,40720,40728,57,1528,21,1,1206.09,'2023-03-29 17:36:56','2023-03-29 18:41:50','2023-03-29 18:41:50'),(318,7730,585,40720,40728,759,1528,21,2,1206.09,'2023-03-29 17:36:56','2023-03-29 18:41:50','2023-03-29 18:41:50'),(319,7730,588,40720,40728,57,1529,21,1,1206.09,'2023-03-29 18:42:54','2023-03-29 18:42:54',NULL),(320,7730,588,40720,40728,759,1529,21,2,1206.09,'2023-03-29 18:42:54','2023-03-29 18:42:54',NULL),(321,7730,592,40720,40728,57,1530,21,1,261.88,'2023-03-29 20:05:20','2023-03-29 20:05:20',NULL),(322,7730,592,40720,40728,759,1530,21,2,261.88,'2023-03-29 20:05:20','2023-03-29 20:05:20',NULL),(323,7730,596,40720,40728,57,1531,21,1,1528.76,'2023-03-29 20:20:24','2023-03-29 20:20:24',NULL),(324,7730,596,40720,40728,759,1531,21,2,1528.76,'2023-03-29 20:20:24','2023-03-29 20:20:24',NULL),(325,7730,597,40720,40728,57,1532,21,1,366.63,'2023-03-29 20:37:23','2023-03-29 20:37:23',NULL),(326,7730,597,40720,40728,759,1532,21,2,366.63,'2023-03-29 20:37:23','2023-03-29 20:37:23',NULL);

--
