-- Table structure for table `cta_cte_tesoreria`
--

CREATE TABLE `cta_cte_tesoreria` (
  `id` int(10) unsigned NOT NULL AUTO_INCREMENT,
  `bind_apibank_movement_id` bigint(20) unsigned DEFAULT NULL COMMENT 'FK soft a bind_apibank_movements (movimiento que originó este registro)',
  `bind_apibank_transfer_id` bigint(20) unsigned DEFAULT NULL COMMENT 'FK soft a bind_apibank_transfers (transferencia que originó este registro)',
  `bind_sync_status` enum('pending','synced','error') COLLATE utf8mb4_unicode_ci DEFAULT NULL COMMENT 'Estado de sincronización: pending=pendiente, synced=sincronizado, error=error al sincronizar',
  `user_id` int(10) unsigned DEFAULT NULL,
  `person_id` int(10) unsigned NOT NULL,
  `cta_cte_cliente_id` int(10) unsigned DEFAULT NULL,
  `nf_cta_cte_id` int(10) unsigned DEFAULT NULL,
  `cta_cte_tesoreria_cuenta_id` int(10) unsigned NOT NULL,
  `period_id` int(10) unsigned NOT NULL,
  `fecha` date DEFAULT NULL,
  `total` decimal(16,2) NOT NULL,
  `moneda_id` int(10) unsigned NOT NULL DEFAULT '1',
  `cotizacion` decimal(9,2) NOT NULL DEFAULT '1.00',
  `comentario` varchar(191) COLLATE utf8mb4_unicode_ci DEFAULT NULL,
  `file` varchar(191) COLLATE utf8mb4_unicode_ci DEFAULT NULL,
  `created_at` timestamp NULL DEFAULT NULL,
  `updated_at` timestamp NULL DEFAULT NULL,
  `deleted_at` timestamp NULL DEFAULT NULL,
  `ticket_id` bigint(20) unsigned DEFAULT NULL,
  PRIMARY KEY (`id`),
  KEY `cta_cte_tesoreria_person_id_foreign` (`person_id`),
  KEY `cta_cte_tesoreria_cta_cte_cliente_id_foreign` (`cta_cte_cliente_id`),
  KEY `cta_cte_tesoreria_cta_cte_tesoreria_cuenta_id_foreign` (`cta_cte_tesoreria_cuenta_id`),
  KEY `cta_cte_tesoreria_period_id_foreign` (`period_id`),
  KEY `cta_cte_tesoreria_nf_cta_cte_id_foreign` (`nf_cta_cte_id`),
  KEY `cta_cte_tesoreria_moneda_id_foreign` (`moneda_id`),
  KEY `cta_cte_tesoreria_ticket_id_foreign` (`ticket_id`),
  KEY `idx_cct_bind_apibank_mov` (`bind_apibank_movement_id`),
  KEY `idx_cct_bind_apibank_trf` (`bind_apibank_transfer_id`),
  KEY `idx_cct_bind_sync_status` (`bind_sync_status`),
  CONSTRAINT `cta_cte_tesoreria_cta_cte_cliente_id_foreign` FOREIGN KEY (`cta_cte_cliente_id`) REFERENCES `cta_cte_cliente` (`id`),
  CONSTRAINT `cta_cte_tesoreria_cta_cte_tesoreria_cuenta_id_foreign` FOREIGN KEY (`cta_cte_tesoreria_cuenta_id`) REFERENCES `cta_cte_tesoreria_cuentas` (`id`),
  CONSTRAINT `cta_cte_tesoreria_moneda_id_foreign` FOREIGN KEY (`moneda_id`) REFERENCES `monedas` (`id`),
  CONSTRAINT `cta_cte_tesoreria_nf_cta_cte_id_foreign` FOREIGN KEY (`nf_cta_cte_id`) REFERENCES `nf_cta_cte` (`id`),
  CONSTRAINT `cta_cte_tesoreria_period_id_foreign` FOREIGN KEY (`period_id`) REFERENCES `periods` (`id`),
  CONSTRAINT `cta_cte_tesoreria_person_id_foreign` FOREIGN KEY (`person_id`) REFERENCES `persons` (`id`),
  CONSTRAINT `cta_cte_tesoreria_ticket_id_foreign` FOREIGN KEY (`ticket_id`) REFERENCES `tickets` (`id`)
) ENGINE=InnoDB AUTO_INCREMENT=572 DEFAULT CHARSET=utf8mb4 COLLATE=utf8mb4_unicode_ci;

--
-- Dumping data for table `cta_cte_tesoreria`
--

INSERT INTO `cta_cte_tesoreria` VALUES (1,NULL,NULL,NULL,8434,40846,NULL,NULL,757,119616,'2023-04-10',0.00,1,1.00,'Saldo Inicial',NULL,'2023-01-30 14:16:20','2023-04-10 11:20:09',NULL,NULL),(2,NULL,NULL,NULL,8434,40846,93,NULL,57,119616,'2023-01-06',134784.00,1,1.00,NULL,NULL,'2023-01-30 14:18:34','2023-01-30 14:18:34',NULL,NULL),(3,NULL,NULL,NULL,8434,40846,94,NULL,57,119616,'2023-01-06',160954.20,1,1.00,NULL,NULL,'2023-01-30 14:20:08','2023-01-30 14:20:08',NULL,NULL),(4,NULL,NULL,NULL,8434,40846,95,NULL,57,119616,'2023-01-06',12100.00,1,1.00,NULL,NULL,'2023-01-30 14:20:52','2023-01-30 14:20:52',NULL,NULL),(5,NULL,NULL,NULL,8434,40846,96,NULL,57,119616,'2023-01-06',101334.17,1,1.00,NULL,NULL,'2023-01-30 14:22:39','2023-01-30 14:22:39',NULL,NULL),(6,NULL,NULL,NULL,8434,40846,97,NULL,57,119616,'2023-01-09',291005.00,1,1.00,NULL,NULL,'2023-01-30 14:26:51','2023-01-30 14:26:51',NULL,NULL),(7,NULL,NULL,NULL,8434,40846,99,NULL,57,119616,'2023-01-17',4840000.00,1,1.00,NULL,NULL,'2023-01-30 14:41:02','2023-01-30 15:16:50','2023-01-30 15:16:50',NULL),(8,NULL,NULL,NULL,8434,40846,100,NULL,57,119616,'2023-01-23',95000.00,1,1.00,NULL,NULL,'2023-01-30 14:42:14','2023-01-30 15:04:30','2023-01-30 15:04:30',NULL),(9,NULL,NULL,NULL,8434,40846,102,NULL,57,119616,'2023-01-10',5534.79,1,1.00,NULL,NULL,'2023-01-30 14:48:58','2023-01-30 14:48:58',NULL,NULL),(10,NULL,NULL,NULL,8434,40846,104,NULL,57,119616,'2023-01-10',5178.27,1,1.00,NULL,NULL,'2023-01-30 14:52:06','2023-01-30 14:52:06',NULL,NULL),(11,NULL,NULL,NULL,8434,40846,NULL,NULL,758,119616,'2023-01-30',-748588.12,1,1.00,'Saldo Inicial',NULL,'2023-01-30 15:01:38','2023-01-30 15:01:38',NULL,NULL),(12,NULL,NULL,NULL,8434,40846,105,NULL,57,119616,'2023-01-27',11741.24,1,1.00,NULL,NULL,'2023-01-30 15:03:14','2023-01-30 15:03:14',NULL,NULL),(13,NULL,NULL,NULL,8434,40846,106,NULL,57,119616,'2023-01-23',95000.00,1,1.00,NULL,NULL,'2023-01-30 15:05:07','2023-01-30 15:05:07',NULL,NULL),(14,NULL,NULL,NULL,8434,40846,107,NULL,57,119616,'2023-01-04',8800.00,1,1.00,NULL,NULL,'2023-01-30 15:08:37','2023-01-30 15:08:37',NULL,NULL),(15,NULL,NULL,NULL,8434,40846,108,NULL,57,119616,'2023-01-02',1200.00,1,1.00,NULL,NULL,'2023-01-30 15:10:58','2023-01-30 15:10:58',NULL,NULL),(16,NULL,NULL,NULL,8434,40846,109,NULL,57,119616,'2023-01-13',1700.00,1,1.00,NULL,NULL,'2023-01-30 15:11:37','2023-01-30 15:11:37',NULL,NULL),(17,NULL,NULL,NULL,8434,40846,110,NULL,57,119616,'2023-01-08',4890.00,1,1.00,NULL,NULL,'2023-01-30 15:12:52','2023-01-30 15:12:52',NULL,NULL),(18,NULL,NULL,NULL,8434,40846,111,NULL,57,119616,'2023-01-08',2060.39,1,1.00,NULL,NULL,'2023-01-30 15:13:45','2023-01-30 15:13:45',NULL,NULL),(19,NULL,NULL,NULL,8434,40846,112,NULL,57,119616,'2023-01-12',905.00,1,1.00,NULL,NULL,'2023-01-30 15:14:47','2023-01-30 15:14:47',NULL,NULL),(20,NULL,NULL,NULL,8434,40846,114,NULL,57,119616,'2023-01-10',374993.52,1,1.00,NULL,NULL,'2023-01-30 15:18:51','2023-01-30 15:18:51',NULL,NULL),(21,NULL,NULL,NULL,8434,40846,115,NULL,57,119616,'2023-01-17',4840000.00,1,1.00,NULL,NULL,'2023-01-30 19:19:00','2023-01-30 19:19:00',NULL,NULL),(22,NULL,NULL,NULL,8434,40846,116,NULL,57,119616,'2023-01-19',2360.00,1,1.00,NULL,NULL,'2023-01-31 14:18:04','2023-01-31 14:18:04',NULL,NULL),(23,NULL,NULL,NULL,8434,40846,117,NULL,57,119616,'2023-01-13',8164.92,1,1.00,NULL,NULL,'2023-01-31 14:20:33','2023-01-31 14:20:33',NULL,NULL),(24,NULL,NULL,NULL,8434,40846,118,NULL,57,119616,'2023-01-20',12785.02,1,1.00,NULL,NULL,'2023-01-31 14:21:24','2023-01-31 14:21:24',NULL,NULL),(25,NULL,NULL,NULL,8434,40846,119,NULL,57,119616,'2023-01-25',20625.00,1,1.00,NULL,NULL,'2023-01-31 14:27:14','2023-01-31 14:27:14',NULL,NULL),(26,NULL,NULL,NULL,8434,40846,120,NULL,57,119616,'2023-01-25',22625.00,1,1.00,NULL,NULL,'2023-01-31 14:27:47','2023-01-31 14:27:47',NULL,NULL),(27,NULL,NULL,NULL,8434,40846,122,NULL,57,119616,'2023-01-05',16034.51,1,1.00,NULL,NULL,'2023-01-31 16:13:48','2023-01-31 16:17:52','2023-01-31 16:17:52',NULL);
INSERT INTO `cta_cte_tesoreria` VALUES (28,NULL,NULL,NULL,8434,40846,124,NULL,57,119616,'2023-01-05',16034.51,1,1.00,NULL,NULL,'2023-01-31 16:18:23','2023-01-31 16:18:23',NULL,NULL),(29,NULL,NULL,NULL,8434,40846,136,NULL,13,119616,'2023-01-03',3828375.14,1,1.00,NULL,NULL,'2023-02-02 11:46:24','2023-02-02 11:46:24',NULL,NULL),(30,NULL,NULL,NULL,8433,40846,140,NULL,13,119616,'2023-01-06',3601855.04,1,1.00,NULL,NULL,'2023-02-02 13:54:18','2023-02-02 13:54:18',NULL,NULL),(31,NULL,NULL,NULL,8434,40846,141,NULL,13,119616,'2023-01-20',557250.00,1,1.00,NULL,NULL,'2023-02-02 13:58:13','2023-09-21 01:41:37','2023-09-21 01:41:37',NULL),(32,NULL,NULL,NULL,8434,40846,142,NULL,13,119616,'2023-01-24',459800.00,1,1.00,NULL,NULL,'2023-02-02 14:07:35','2023-09-21 01:32:47','2023-09-21 01:32:47',NULL),(33,NULL,NULL,NULL,8434,40846,143,NULL,13,119616,'2023-01-26',4840000.00,1,1.00,NULL,NULL,'2023-02-02 14:09:04','2023-09-21 01:40:24','2023-09-21 01:40:24',NULL),(34,NULL,NULL,NULL,8434,40762,NULL,NULL,759,54472,'2023-02-08',896295.85,1,1.00,'Saldo Inicial',NULL,'2023-02-08 14:10:04','2023-02-08 14:10:04',NULL,NULL),(35,NULL,NULL,NULL,8433,40762,202,NULL,57,54471,'2023-01-02',15000.00,1,1.00,NULL,NULL,'2023-02-08 14:12:17','2023-02-08 14:20:50','2023-02-08 14:20:50',NULL),(36,NULL,NULL,NULL,8433,40762,203,NULL,57,54471,'2023-01-09',300000.00,1,1.00,NULL,NULL,'2023-02-08 14:21:47','2023-02-08 14:21:47',NULL,NULL),(37,NULL,NULL,NULL,8434,40846,206,NULL,13,119616,'2023-01-02',2812645.63,1,1.00,NULL,NULL,'2023-02-10 02:01:56','2023-02-10 02:01:56',NULL,NULL),(38,NULL,NULL,NULL,8434,40846,207,NULL,57,119616,'2023-01-31',9531.85,1,1.00,NULL,NULL,'2023-02-10 02:05:29','2023-02-10 02:05:29',NULL,NULL),(39,NULL,NULL,NULL,8434,40846,208,NULL,57,119616,'2023-01-26',827.74,1,1.00,NULL,NULL,'2023-02-10 02:06:14','2023-02-10 02:06:14',NULL,NULL),(40,NULL,NULL,NULL,8433,40762,212,NULL,57,54471,'2023-01-09',15000.00,1,1.00,NULL,NULL,'2023-02-10 10:51:43','2023-02-10 10:51:43',NULL,NULL),(41,NULL,NULL,NULL,8433,40762,213,NULL,57,54471,'2023-01-09',176680.00,1,1.00,NULL,NULL,'2023-02-10 10:53:25','2023-02-10 10:53:25',NULL,NULL),(42,NULL,NULL,NULL,8433,40762,214,NULL,57,54471,'2023-01-09',55000.00,1,1.00,NULL,NULL,'2023-02-10 10:54:17','2023-02-10 10:54:17',NULL,NULL),(43,NULL,NULL,NULL,8433,40762,215,NULL,57,54471,'2023-01-09',90205.50,1,1.00,NULL,NULL,'2023-02-10 10:55:26','2023-02-10 10:55:26',NULL,NULL),(44,NULL,NULL,NULL,8433,40762,216,NULL,57,54471,'2023-01-09',185000.00,1,1.00,NULL,NULL,'2023-02-10 10:56:22','2023-02-10 10:56:22',NULL,NULL),(45,NULL,NULL,NULL,8433,40762,217,NULL,57,54471,'2023-01-09',150000.00,1,1.00,NULL,NULL,'2023-02-10 10:58:52','2023-02-10 10:58:52',NULL,NULL),(46,NULL,NULL,NULL,8433,40762,218,NULL,57,54471,'2023-01-10',60500.00,1,1.00,NULL,NULL,'2023-02-10 10:59:55','2023-02-10 10:59:55',NULL,NULL),(47,NULL,NULL,NULL,8433,40762,219,NULL,57,54471,'2023-01-16',5900.00,1,1.00,NULL,NULL,'2023-02-10 11:00:52','2023-02-10 11:00:52',NULL,NULL),(48,NULL,NULL,NULL,8433,40762,220,NULL,57,54471,'2023-01-31',2145.87,1,1.00,NULL,NULL,'2023-02-10 11:02:21','2023-02-10 11:02:21',NULL,NULL),(49,NULL,NULL,NULL,8433,40846,2274,NULL,57,119617,'2023-02-24',23375.00,1,1.00,NULL,NULL,'2023-03-01 12:34:32','2023-03-01 12:34:32',NULL,NULL),(50,NULL,NULL,NULL,8433,40846,2275,NULL,57,119617,'2023-02-24',25625.00,1,1.00,NULL,NULL,'2023-03-01 12:35:24','2023-03-01 12:35:24',NULL,NULL),(51,NULL,NULL,NULL,8433,40846,2276,NULL,57,119617,'2023-02-08',160954.20,1,1.00,NULL,NULL,'2023-03-01 13:37:33','2023-03-01 13:37:33',NULL,NULL),(52,NULL,NULL,NULL,8433,40846,2277,NULL,57,119617,'2023-02-08',18150.00,1,1.00,NULL,NULL,'2023-03-01 13:38:36','2023-03-01 13:38:36',NULL,NULL),(53,NULL,NULL,NULL,8433,40846,2278,NULL,57,119617,'2023-02-08',134478.00,1,1.00,NULL,NULL,'2023-03-01 13:39:33','2023-03-01 13:39:33',NULL,NULL),(54,NULL,NULL,NULL,8434,40846,2279,NULL,57,119617,'2023-02-14',89000.00,1,1.00,NULL,NULL,'2023-03-01 13:40:54','2023-03-18 21:43:17','2023-03-18 21:43:17',NULL);
INSERT INTO `cta_cte_tesoreria` VALUES (55,NULL,NULL,NULL,8433,40846,2280,NULL,57,119617,'2023-02-08',291005.00,1,1.00,NULL,NULL,'2023-03-02 10:44:55','2023-03-02 10:44:55',NULL,NULL),(56,NULL,NULL,NULL,8434,40846,2281,NULL,57,119617,'2023-02-16',100846.00,1,1.00,NULL,NULL,'2023-03-02 10:49:43','2023-03-18 21:20:39','2023-03-18 21:20:39',NULL),(57,NULL,NULL,NULL,8433,40846,2282,NULL,57,119617,'2023-02-22',105814.97,1,1.00,NULL,NULL,'2023-03-02 10:56:35','2023-03-02 10:56:35',NULL,NULL),(58,NULL,NULL,NULL,8434,40846,2283,NULL,57,119617,'2023-02-23',12236.03,1,1.00,NULL,NULL,'2023-03-02 10:59:00','2023-03-17 20:12:20','2023-03-17 20:12:20',NULL),(59,NULL,NULL,NULL,8434,40846,2286,NULL,57,119617,'2023-02-28',7793.55,1,1.00,NULL,NULL,'2023-03-02 11:31:22','2023-03-17 12:35:43','2023-03-17 12:35:43',NULL),(60,NULL,NULL,NULL,8433,40846,2287,NULL,13,119617,'2023-02-18',147187.50,1,1.00,NULL,NULL,'2023-03-03 10:47:23','2023-03-03 10:47:23',NULL,NULL),(61,NULL,NULL,NULL,8434,40846,2288,NULL,57,119617,'2023-02-22',1950.00,1,1.00,NULL,NULL,'2023-03-03 11:11:33','2023-03-10 19:05:38','2023-03-10 19:05:38',NULL),(62,NULL,NULL,NULL,8433,40846,2289,NULL,57,119617,'2023-02-22',7500.00,1,1.00,NULL,NULL,'2023-03-03 11:14:36','2023-03-03 11:14:36',NULL,NULL),(63,NULL,NULL,NULL,8434,40846,2329,NULL,57,119617,'2023-02-09',6682.15,1,1.00,NULL,NULL,'2023-03-07 09:57:40','2023-03-17 12:56:37','2023-03-17 12:56:37',NULL),(64,NULL,NULL,NULL,8434,40846,2330,NULL,57,119617,'2023-02-14',57632.89,1,1.00,NULL,NULL,'2023-03-07 09:59:01','2023-03-07 09:59:01',NULL,NULL),(65,NULL,NULL,NULL,8434,40846,2331,NULL,57,119617,'2023-02-14',7645.39,1,1.00,NULL,NULL,'2023-03-07 10:00:11','2023-03-07 10:00:11',NULL,NULL),(66,NULL,NULL,NULL,8434,40846,2332,NULL,57,119617,'2023-02-24',13424.28,1,1.00,NULL,NULL,'2023-03-07 10:01:20','2023-03-20 22:37:07','2023-03-20 22:37:07',NULL),(67,NULL,NULL,NULL,8434,40846,2334,NULL,57,119617,'2023-02-28',936.26,1,1.00,NULL,NULL,'2023-03-07 10:05:47','2023-03-07 10:05:47',NULL,NULL),(68,NULL,NULL,NULL,8434,40846,2335,NULL,57,119617,'2023-02-23',4440.00,1,1.00,NULL,NULL,'2023-03-07 10:29:23','2023-03-07 10:29:23',NULL,NULL),(69,NULL,NULL,NULL,8434,40846,2336,NULL,57,119617,'2023-02-14',398.18,1,1.00,NULL,NULL,'2023-03-07 10:48:21','2023-03-18 21:20:21','2023-03-18 21:20:21',NULL),(70,NULL,NULL,NULL,8434,40846,2337,NULL,57,119617,'2023-02-07',1544.67,1,1.00,NULL,NULL,'2023-03-07 10:49:36','2023-03-18 21:20:15','2023-03-18 21:20:15',NULL),(71,NULL,NULL,NULL,8434,40846,2338,NULL,57,119617,'2023-02-14',1275.44,1,1.00,NULL,NULL,'2023-03-07 10:50:47','2023-03-18 21:20:09','2023-03-18 21:20:09',NULL),(72,NULL,NULL,NULL,8434,40846,2339,NULL,57,119617,'2023-02-13',500.00,1,1.00,NULL,NULL,'2023-03-07 10:51:54','2023-03-18 21:20:54','2023-03-18 21:20:54',NULL),(73,NULL,NULL,NULL,8433,40846,2340,NULL,57,119617,'2023-02-02',1800.00,1,1.00,NULL,NULL,'2023-03-07 10:52:50','2023-03-07 10:52:50',NULL,NULL),(74,NULL,NULL,NULL,8433,40846,2341,NULL,57,119617,'2023-02-14',1700.00,1,1.00,NULL,NULL,'2023-03-07 10:53:58','2023-03-07 10:53:58',NULL,NULL),(75,NULL,NULL,NULL,8434,40846,2568,NULL,57,119617,'2023-02-22',1950.00,1,1.00,NULL,NULL,'2023-03-10 19:07:55','2023-03-10 19:07:55',NULL,NULL),(76,NULL,NULL,NULL,7931,40719,NULL,NULL,359,19,'2023-03-16',2500.00,1,1.00,'',NULL,'2023-03-16 08:04:45','2023-03-16 08:04:45',NULL,NULL),(77,NULL,NULL,NULL,7931,40719,NULL,NULL,760,20,'2023-03-16',3000.00,1,1.00,'',NULL,'2023-03-16 08:07:14','2023-03-16 08:07:14',NULL,NULL),(78,NULL,NULL,NULL,7931,40719,3641,NULL,13,20,'2023-03-16',10000.00,1,1.00,NULL,NULL,'2023-03-16 08:10:13','2023-03-16 08:10:13',NULL,NULL),(79,NULL,NULL,NULL,8434,40846,3691,NULL,57,119617,'2023-02-28',12793.55,1,1.00,NULL,NULL,'2023-03-17 12:37:40','2023-03-17 12:37:40',NULL,NULL),(80,NULL,NULL,NULL,8434,40846,3709,NULL,57,119617,'2023-02-09',6682.15,1,1.00,NULL,NULL,'2023-03-17 19:16:27','2023-03-17 19:16:27',NULL,NULL);
INSERT INTO `cta_cte_tesoreria` VALUES (81,NULL,NULL,NULL,8434,40846,3712,NULL,57,119617,'2023-02-23',12236.03,1,1.00,NULL,NULL,'2023-03-17 20:16:13','2023-03-17 20:16:13',NULL,NULL),(82,NULL,NULL,NULL,8434,40846,3724,NULL,57,119617,'2023-02-17',100846.00,1,1.00,NULL,NULL,'2023-03-18 21:42:54','2023-03-18 21:42:54',NULL,NULL),(83,NULL,NULL,NULL,8434,40846,3726,NULL,57,119617,'2023-02-15',89000.00,1,1.00,NULL,NULL,'2023-03-18 21:45:12','2023-03-18 21:45:12',NULL,NULL),(84,NULL,NULL,NULL,8434,40846,3727,NULL,57,119617,'2023-02-14',500.00,1,1.00,NULL,NULL,'2023-03-18 21:58:02','2023-03-20 23:14:00','2023-03-20 23:14:00',NULL),(85,NULL,NULL,NULL,8434,40846,3728,NULL,57,119617,'2023-02-08',1544.67,1,1.00,NULL,NULL,'2023-03-18 22:00:24','2023-03-18 22:00:24',NULL,NULL),(86,NULL,NULL,NULL,8434,40846,3729,NULL,57,119617,'2023-02-15',398.18,1,1.00,NULL,NULL,'2023-03-18 22:01:07','2023-03-18 22:01:07',NULL,NULL),(87,NULL,NULL,NULL,8434,40846,3730,NULL,57,119617,'2023-02-15',1275.44,1,1.00,NULL,NULL,'2023-03-18 22:02:07','2023-03-18 22:02:07',NULL,NULL),(88,NULL,NULL,NULL,8434,40846,3757,NULL,57,119617,'2023-02-25',13424.28,1,1.00,NULL,NULL,'2023-03-20 22:39:07','2023-03-20 22:39:07',NULL,NULL),(89,NULL,NULL,NULL,8434,40846,NULL,NULL,761,119619,'2023-04-06',0.00,1,1.00,'Saldo Inicial',NULL,'2023-04-06 18:04:30','2023-04-06 18:04:30',NULL,NULL),(90,NULL,NULL,NULL,8434,40846,NULL,NULL,762,119619,'2023-04-06',0.00,1,1.00,'Saldo Inicial',NULL,'2023-04-06 18:06:35','2023-04-06 18:06:35',NULL,NULL),(91,NULL,NULL,NULL,8434,40846,4202,NULL,57,119618,'2023-03-07',62364.32,1,1.00,NULL,NULL,'2023-04-06 18:07:59','2023-04-06 18:07:59',NULL,NULL),(92,NULL,NULL,NULL,8434,40846,4226,NULL,57,119618,'2023-03-06',160954.20,1,1.00,NULL,NULL,'2023-04-10 11:22:07','2023-04-10 11:22:07',NULL,NULL),(93,NULL,NULL,NULL,8433,40846,4228,NULL,57,119618,'2023-03-06',18150.00,1,1.00,NULL,NULL,'2023-04-10 11:25:49','2023-04-10 11:25:49',NULL,NULL),(94,NULL,NULL,NULL,8433,40846,4229,NULL,57,119618,'2023-03-06',111821.51,1,1.00,NULL,NULL,'2023-04-10 11:34:04','2023-04-10 11:34:04',NULL,NULL),(95,NULL,NULL,NULL,8433,40846,4230,NULL,57,119618,'2023-03-03',950.00,1,1.00,NULL,NULL,'2023-04-10 11:48:33','2023-04-10 11:48:33',NULL,NULL),(96,NULL,NULL,NULL,8433,40846,4231,NULL,57,119618,'2023-03-10',1900.00,1,1.00,NULL,NULL,'2023-04-10 11:50:28','2023-04-10 11:50:28',NULL,NULL),(97,NULL,NULL,NULL,8433,40846,4232,NULL,57,119618,'2023-03-17',1900.00,1,1.00,NULL,NULL,'2023-04-10 11:51:36','2023-04-10 11:51:36',NULL,NULL),(98,NULL,NULL,NULL,8433,40846,4245,NULL,57,119618,'2023-03-12',10300.00,1,1.00,NULL,NULL,'2023-04-10 12:02:37','2023-04-10 12:02:37',NULL,NULL),(99,NULL,NULL,NULL,8433,40846,4246,NULL,57,119618,'2023-03-13',940.00,1,1.00,NULL,NULL,'2023-04-10 12:03:49','2023-04-10 12:03:49',NULL,NULL),(100,NULL,NULL,NULL,8433,40846,4253,NULL,57,119618,'2023-03-29',8060.00,1,1.00,NULL,NULL,'2023-04-10 12:05:03','2023-04-10 12:05:03',NULL,NULL),(101,NULL,NULL,NULL,8433,40846,4263,NULL,57,119618,'2023-03-06',142.00,1,1.00,NULL,NULL,'2023-04-10 12:06:52','2023-04-10 12:06:52',NULL,NULL),(102,NULL,NULL,NULL,8433,40846,4264,NULL,57,119618,'2023-03-29',434.00,1,1.00,NULL,NULL,'2023-04-10 12:08:05','2023-04-10 12:08:05',NULL,NULL),(103,NULL,NULL,NULL,8433,40846,4265,NULL,57,119618,'2023-03-03',833.00,1,1.00,NULL,NULL,'2023-04-10 12:10:00','2023-04-10 12:10:00',NULL,NULL),(104,NULL,NULL,NULL,8433,40846,4282,NULL,57,119618,'2023-03-25',22358.61,1,1.00,NULL,NULL,'2023-04-10 12:50:34','2023-04-10 12:50:34',NULL,NULL),(105,NULL,NULL,NULL,8433,40846,4283,NULL,57,119618,'2023-03-24',16850.10,1,1.00,NULL,NULL,'2023-04-10 12:52:49','2023-04-10 12:52:49',NULL,NULL),(106,NULL,NULL,NULL,8433,40846,4292,NULL,57,119618,'2023-03-27',20570.00,1,1.00,NULL,NULL,'2023-04-10 13:22:56','2023-04-10 13:22:56',NULL,NULL),(107,NULL,NULL,NULL,8434,40846,4293,NULL,57,119617,'2023-03-22',3200.00,1,1.00,NULL,NULL,'2023-04-10 13:25:29','2023-11-19 23:28:31','2023-11-19 23:28:31',NULL);
INSERT INTO `cta_cte_tesoreria` VALUES (108,NULL,NULL,NULL,8433,40846,4294,NULL,57,119618,'2023-03-30',46558.07,1,1.00,NULL,NULL,'2023-04-10 13:27:06','2023-04-10 13:27:06',NULL,NULL),(109,NULL,NULL,NULL,8433,40846,4295,NULL,57,119618,'2023-03-17',1400.00,1,1.00,NULL,NULL,'2023-04-10 13:28:55','2023-04-10 13:28:55',NULL,NULL),(110,NULL,NULL,NULL,8433,40846,4296,NULL,57,119618,'2023-03-16',11100.40,1,1.00,NULL,NULL,'2023-04-10 13:30:37','2023-04-10 13:30:37',NULL,NULL),(111,NULL,NULL,NULL,8433,40846,4297,NULL,57,119618,'2023-03-16',15125.00,1,1.00,NULL,NULL,'2023-04-10 13:32:13','2023-04-10 13:32:13',NULL,NULL),(112,NULL,NULL,NULL,8433,40846,4298,NULL,57,119618,'2023-03-13',9501.00,1,1.00,NULL,NULL,'2023-04-10 13:36:00','2023-04-10 13:36:00',NULL,NULL),(113,NULL,NULL,NULL,8433,40846,4299,NULL,57,119618,'2023-03-13',21660.00,1,1.00,NULL,NULL,'2023-04-10 13:38:22','2023-04-10 13:38:22',NULL,NULL),(114,NULL,NULL,NULL,8433,40846,4300,NULL,57,119618,'2023-03-13',5050.00,1,1.00,NULL,NULL,'2023-04-10 13:40:10','2023-04-10 13:40:10',NULL,NULL),(115,NULL,NULL,NULL,8433,40846,4301,NULL,57,119618,'2023-03-13',12365.63,1,1.00,NULL,NULL,'2023-04-10 13:41:55','2023-04-10 13:41:55',NULL,NULL),(116,NULL,NULL,NULL,8433,40846,4352,NULL,57,119618,'2023-03-10',11000.00,1,1.00,NULL,NULL,'2023-04-11 09:38:43','2023-04-11 09:38:43',NULL,NULL),(117,NULL,NULL,NULL,8433,40846,4372,NULL,57,119618,'2023-03-06',11000.00,1,1.00,NULL,NULL,'2023-04-11 09:40:06','2023-04-11 09:40:06',NULL,NULL),(118,NULL,NULL,NULL,8433,40846,4373,NULL,57,119618,'2023-03-08',9379.96,1,1.00,NULL,NULL,'2023-04-11 09:43:11','2023-04-11 09:43:11',NULL,NULL),(119,NULL,NULL,NULL,8433,40846,4376,NULL,57,119618,'2023-03-06',33810.46,1,1.00,NULL,NULL,'2023-04-11 09:46:21','2023-04-11 09:46:21',NULL,NULL),(120,NULL,NULL,NULL,8433,40846,4380,NULL,57,119618,'2023-03-07',134478.00,1,1.00,NULL,NULL,'2023-04-11 09:52:54','2023-04-11 09:52:54',NULL,NULL),(121,NULL,NULL,NULL,8433,40846,4382,NULL,57,119618,'2023-03-10',6250.89,1,1.00,NULL,NULL,'2023-04-11 09:58:30','2023-04-11 09:58:30',NULL,NULL),(122,NULL,NULL,NULL,8433,40846,4399,NULL,57,119618,'2023-03-01',7641.78,1,1.00,NULL,NULL,'2023-04-11 10:32:20','2023-04-11 10:32:20',NULL,NULL),(123,NULL,NULL,NULL,8433,40846,4400,NULL,57,119618,'2023-03-04',7666.53,1,1.00,NULL,NULL,'2023-04-11 10:33:44','2023-04-11 10:33:44',NULL,NULL),(124,NULL,NULL,NULL,8433,40846,4406,NULL,57,119618,'2023-03-07',497360.01,1,1.00,NULL,NULL,'2023-04-11 10:34:56','2023-04-11 10:34:56',NULL,NULL),(125,NULL,NULL,NULL,8433,40846,4408,NULL,57,119618,'2023-03-23',14028.37,1,1.00,NULL,NULL,'2023-04-11 10:37:58','2023-04-11 10:37:58',NULL,NULL),(126,NULL,NULL,NULL,8434,40846,4587,NULL,13,119618,'2023-03-17',155625.00,1,1.00,NULL,NULL,'2023-04-11 11:39:32','2023-04-11 11:39:32',NULL,NULL),(127,NULL,NULL,NULL,8434,40846,NULL,NULL,763,119619,'2023-04-11',0.00,1,1.00,'Saldo Inicial',NULL,'2023-04-11 11:44:04','2023-04-11 11:44:04',NULL,NULL),(128,NULL,NULL,NULL,8434,40846,4604,NULL,57,119618,'2023-03-17',2579478.00,1,1.00,NULL,NULL,'2023-04-11 11:57:16','2023-12-06 22:26:20','2023-12-06 22:26:20',NULL),(129,NULL,NULL,NULL,8434,40846,4623,NULL,57,119618,'2023-03-06',402022.50,1,1.00,NULL,NULL,'2023-04-11 12:33:26','2023-04-11 12:33:26',NULL,NULL),(130,NULL,NULL,NULL,8434,40846,4629,NULL,57,119618,'2023-03-31',11174.78,1,1.00,NULL,NULL,'2023-04-11 12:57:06','2023-04-15 19:53:37','2023-04-15 19:53:37',NULL),(131,NULL,NULL,NULL,8433,40846,4659,NULL,57,119618,'2023-03-31',8761.55,1,1.00,NULL,NULL,'2023-04-11 13:00:14','2023-04-11 13:00:14',NULL,NULL),(132,NULL,NULL,NULL,8434,40846,5904,NULL,57,119618,'2023-03-31',11174.78,1,1.00,NULL,NULL,'2023-04-15 20:19:13','2023-04-15 20:19:13',NULL,NULL),(133,NULL,NULL,NULL,8444,40724,NULL,NULL,764,7533,'2023-04-27',0.00,1,1.00,'Saldo Inicial',NULL,'2023-04-27 08:26:42','2023-04-27 08:26:42',NULL,NULL),(134,NULL,NULL,NULL,8444,40724,6406,NULL,13,7533,'2023-04-10',122560.90,1,219.00,'Honorarios 03-2023',NULL,'2023-04-27 08:28:35','2023-04-27 08:28:35',NULL,NULL);
INSERT INTO `cta_cte_tesoreria` VALUES (135,NULL,NULL,NULL,8433,40846,6527,NULL,57,119619,'2023-04-26',4099.18,1,223.00,NULL,NULL,'2023-05-03 09:51:51','2023-05-03 09:51:51',NULL,NULL),(136,NULL,NULL,NULL,8433,40846,6528,NULL,57,119619,'2023-04-26',24562.50,1,223.00,NULL,NULL,'2023-05-03 09:57:19','2023-05-03 09:57:19',NULL,NULL),(137,NULL,NULL,NULL,8433,40846,6529,NULL,57,119619,'2023-04-26',26937.50,1,223.00,NULL,NULL,'2023-05-03 09:59:21','2023-05-03 09:59:21',NULL,NULL),(138,NULL,NULL,NULL,8433,40846,6530,NULL,57,119619,'2023-04-04',112000.00,1,223.00,NULL,NULL,'2023-05-03 10:05:15','2023-05-03 10:05:15',NULL,NULL),(139,NULL,NULL,NULL,8433,40846,6531,NULL,57,119619,'2023-04-11',118548.38,1,223.00,NULL,NULL,'2023-05-03 10:39:31','2023-05-03 10:39:31',NULL,NULL),(140,NULL,NULL,NULL,8433,40846,6532,NULL,57,119619,'2023-04-11',18150.00,1,223.00,NULL,NULL,'2023-05-03 10:40:41','2023-05-03 10:40:41',NULL,NULL),(141,NULL,NULL,NULL,8433,40846,6533,NULL,57,119619,'2023-04-11',209240.46,1,223.00,NULL,NULL,'2023-05-03 10:42:00','2023-05-03 10:42:00',NULL,NULL),(142,NULL,NULL,NULL,8433,40846,6534,NULL,57,119619,'2023-04-05',134478.00,1,223.00,NULL,NULL,'2023-05-03 10:45:20','2023-05-03 10:45:20',NULL,NULL),(143,NULL,NULL,NULL,8433,40846,6535,NULL,57,119619,'2023-04-05',402022.50,1,223.00,NULL,NULL,'2023-05-03 10:50:18','2023-05-03 10:50:18',NULL,NULL),(144,NULL,NULL,NULL,8433,40846,6536,NULL,57,119619,'2023-04-10',6623.26,1,223.00,NULL,NULL,'2023-05-03 10:59:34','2023-05-03 10:59:34',NULL,NULL),(145,NULL,NULL,NULL,8433,40846,6538,NULL,57,119619,'2023-04-30',12624.15,1,223.00,NULL,NULL,'2023-05-03 13:44:29','2023-05-03 13:44:29',NULL,NULL),(146,NULL,NULL,NULL,8433,40846,6539,NULL,57,119619,'2023-04-14',10117.06,1,224.00,NULL,NULL,'2023-05-04 09:35:25','2023-05-04 09:35:25',NULL,NULL),(147,NULL,NULL,NULL,8433,40846,6540,NULL,57,119619,'2023-04-05',615.94,1,224.00,NULL,NULL,'2023-05-04 10:57:28','2023-05-04 10:57:28',NULL,NULL),(148,NULL,NULL,NULL,8433,40846,6541,NULL,57,119619,'2023-04-12',263.00,1,224.00,NULL,NULL,'2023-05-04 10:59:25','2023-05-04 10:59:25',NULL,NULL),(149,NULL,NULL,NULL,8433,40846,6542,NULL,57,119619,'2023-04-10',7634.69,1,224.00,NULL,NULL,'2023-05-04 11:01:45','2023-05-04 11:01:45',NULL,NULL),(150,NULL,NULL,NULL,8433,40846,6543,NULL,57,119619,'2023-04-04',25625.00,1,224.00,NULL,NULL,'2023-05-04 11:34:48','2023-05-04 11:34:48',NULL,NULL),(151,NULL,NULL,NULL,8433,40846,6544,NULL,57,119619,'2023-04-04',23375.00,1,224.00,NULL,NULL,'2023-05-04 11:35:57','2023-05-04 11:35:57',NULL,NULL),(152,NULL,NULL,NULL,8433,40846,6545,NULL,57,119619,'2023-04-05',67141.16,1,224.00,NULL,NULL,'2023-05-04 11:38:59','2023-05-04 11:38:59',NULL,NULL),(153,NULL,NULL,NULL,8433,40846,8341,NULL,57,119620,'2023-05-05',134478.00,1,239.00,NULL,NULL,'2023-05-30 11:44:32','2023-05-30 11:44:32',NULL,NULL),(154,NULL,NULL,NULL,8433,40846,8342,NULL,57,119620,'2023-05-09',15000.00,1,239.00,NULL,NULL,'2023-05-30 11:45:42','2023-05-30 11:45:42',NULL,NULL),(155,NULL,NULL,NULL,8433,40846,8343,NULL,57,119620,'2023-05-22',18150.00,1,239.00,NULL,NULL,'2023-05-30 11:46:42','2023-05-30 11:46:42',NULL,NULL),(156,NULL,NULL,NULL,8433,40846,8344,NULL,57,119620,'2023-05-22',209240.46,1,239.00,NULL,NULL,'2023-05-30 11:48:05','2023-05-30 11:48:05',NULL,NULL),(157,NULL,NULL,NULL,8433,40846,8345,NULL,57,119620,'2023-05-22',126301.87,1,239.00,NULL,NULL,'2023-05-30 11:49:05','2023-05-30 11:49:05',NULL,NULL),(158,NULL,NULL,NULL,8433,40846,8346,NULL,57,119620,'2023-05-05',402022.50,1,239.00,NULL,NULL,'2023-05-30 11:51:44','2023-05-30 11:51:44',NULL,NULL),(159,NULL,NULL,NULL,8434,40846,8347,NULL,57,119620,'2023-05-08',5538.86,1,239.00,NULL,NULL,'2023-05-30 11:54:57','2023-06-21 11:44:16','2023-06-21 11:44:16',NULL),(160,NULL,NULL,NULL,8433,40846,8348,NULL,57,119620,'2023-05-29',24562.50,1,239.00,NULL,NULL,'2023-05-30 11:57:34','2023-05-30 11:57:34',NULL,NULL),(161,NULL,NULL,NULL,8433,40846,8349,NULL,57,119620,'2023-05-29',26937.50,1,239.00,NULL,NULL,'2023-05-30 11:58:28','2023-05-30 11:58:28',NULL,NULL);
INSERT INTO `cta_cte_tesoreria` VALUES (162,NULL,NULL,NULL,8433,40846,8359,NULL,57,119620,'2023-05-31',19555.40,1,242.00,NULL,NULL,'2023-06-05 13:21:18','2023-06-05 13:21:18',NULL,NULL),(163,NULL,NULL,NULL,8433,40846,8360,NULL,57,119620,'2023-05-11',9277.33,1,244.00,NULL,NULL,'2023-06-06 09:36:53','2023-06-06 09:36:53',NULL,NULL),(164,NULL,NULL,NULL,8433,40846,8361,NULL,57,119620,'2023-05-14',9460.64,1,244.00,NULL,NULL,'2023-06-06 09:38:04','2023-06-06 09:38:04',NULL,NULL),(165,NULL,NULL,NULL,8433,40846,8362,NULL,57,119620,'2023-05-24',16974.32,1,244.00,NULL,NULL,'2023-06-06 09:39:03','2023-06-06 09:39:03',NULL,NULL),(166,NULL,NULL,NULL,8433,40846,8363,NULL,57,119620,'2023-05-08',68725.37,1,244.00,NULL,NULL,'2023-06-06 09:43:16','2023-06-06 09:43:16',NULL,NULL),(167,NULL,NULL,NULL,8433,40846,8364,NULL,57,119620,'2023-05-04',744.42,1,244.00,NULL,NULL,'2023-06-06 09:57:36','2023-06-06 09:57:36',NULL,NULL),(168,NULL,NULL,NULL,8433,40846,8366,NULL,57,119620,'2023-05-31',15300.88,1,244.00,NULL,NULL,'2023-06-06 10:05:26','2023-06-06 10:05:26',NULL,NULL),(169,NULL,NULL,NULL,8433,40846,10105,NULL,57,119621,'2023-06-14',9570.57,1,262.00,NULL,NULL,'2023-07-04 11:30:30','2023-07-04 11:30:30',NULL,NULL),(170,NULL,NULL,NULL,8433,40846,10106,NULL,57,119621,'2023-06-05',611.03,1,262.00,NULL,NULL,'2023-07-04 11:33:40','2023-07-04 11:33:40',NULL,NULL),(171,NULL,NULL,NULL,8433,40846,10107,NULL,57,119621,'2023-06-08',13338.50,1,262.00,NULL,NULL,'2023-07-04 11:34:48','2023-07-04 11:34:48',NULL,NULL),(172,NULL,NULL,NULL,8433,40846,10108,NULL,57,119621,'2023-06-09',200.00,1,262.00,NULL,NULL,'2023-07-04 11:35:45','2023-07-04 11:35:45',NULL,NULL),(173,NULL,NULL,NULL,8434,40846,10109,NULL,57,119621,'2023-06-23',19859.96,1,262.00,NULL,NULL,'2023-07-04 11:40:24','2023-07-19 15:56:56','2023-07-19 15:56:56',NULL),(174,NULL,NULL,NULL,8433,40846,10110,NULL,57,119621,'2023-06-26',71995.70,1,262.00,NULL,NULL,'2023-07-04 11:41:29','2023-07-04 11:41:29',NULL,NULL),(175,NULL,NULL,NULL,8433,40846,10112,NULL,57,119621,'2023-06-30',20400.23,1,262.00,NULL,NULL,'2023-07-04 11:53:20','2023-07-04 11:53:20',NULL,NULL),(176,NULL,NULL,NULL,8433,40846,10113,NULL,57,119621,'2023-06-07',161740.00,1,262.00,NULL,NULL,'2023-07-05 11:20:24','2023-07-05 11:20:24',NULL,NULL),(177,NULL,NULL,NULL,8433,40846,10114,NULL,57,119621,'2023-06-12',12712.68,1,262.00,NULL,NULL,'2023-07-05 11:33:05','2023-07-05 11:33:05',NULL,NULL),(178,NULL,NULL,NULL,8433,40846,10115,NULL,57,119621,'2023-06-12',35197.47,1,262.00,NULL,NULL,'2023-07-05 11:34:13','2023-07-05 11:34:13',NULL,NULL),(179,NULL,NULL,NULL,8433,40846,10116,NULL,57,119621,'2023-06-12',12250.00,1,262.00,NULL,NULL,'2023-07-05 11:43:42','2023-07-05 11:43:42',NULL,NULL),(180,NULL,NULL,NULL,8433,40846,10117,NULL,57,119621,'2023-06-21',209240.46,1,262.00,NULL,NULL,'2023-07-05 11:52:23','2023-07-05 11:52:23',NULL,NULL),(181,NULL,NULL,NULL,8433,40846,10118,NULL,57,119621,'2023-06-21',18150.00,1,262.00,NULL,NULL,'2023-07-05 12:05:45','2023-07-05 12:05:45',NULL,NULL),(182,NULL,NULL,NULL,8433,40846,10119,NULL,57,119621,'2023-06-21',12400.00,1,262.00,NULL,NULL,'2023-07-05 12:06:48','2023-07-05 12:06:48',NULL,NULL),(183,NULL,NULL,NULL,8433,40846,10120,NULL,57,119621,'2023-06-26',11100.00,1,262.00,NULL,NULL,'2023-07-05 12:07:54','2023-07-05 12:07:54',NULL,NULL),(184,NULL,NULL,NULL,8433,40846,10121,NULL,57,119621,'2023-06-26',13302.99,1,262.00,NULL,NULL,'2023-07-05 12:09:17','2023-07-05 12:09:17',NULL,NULL),(185,NULL,NULL,NULL,8433,40846,10122,NULL,57,119621,'2023-06-29',25000.00,1,262.00,NULL,NULL,'2023-07-05 12:10:28','2023-07-05 12:10:28',NULL,NULL),(186,NULL,NULL,NULL,8433,40846,10123,NULL,57,119621,'2023-06-26',135842.01,1,262.00,NULL,NULL,'2023-07-05 12:16:27','2023-07-05 12:16:27',NULL,NULL),(187,NULL,NULL,NULL,8433,40846,16925,NULL,57,119622,'2023-07-03',2000.01,1,279.00,NULL,NULL,'2023-08-02 11:53:30','2023-08-02 12:56:10','2023-08-02 12:56:10',NULL);
INSERT INTO `cta_cte_tesoreria` VALUES (188,NULL,NULL,NULL,8433,40846,16927,NULL,57,119622,'2023-07-24',11200.00,1,279.00,NULL,NULL,'2023-08-02 11:59:04','2023-08-02 13:00:32','2023-08-02 13:00:32',NULL),(189,NULL,NULL,NULL,8433,40846,16928,NULL,57,119622,'2023-07-03',14399.99,1,279.00,NULL,NULL,'2023-08-02 12:05:06','2023-08-02 13:04:52','2023-08-02 13:04:52',NULL),(190,NULL,NULL,NULL,8433,40846,16930,NULL,57,119622,'2023-07-24',18199.99,1,279.00,NULL,NULL,'2023-08-02 12:34:25','2023-08-02 12:34:25',NULL,NULL),(191,NULL,NULL,NULL,8434,40846,16932,NULL,57,119621,'2023-07-26',18502.72,1,279.00,NULL,NULL,'2023-08-02 12:41:48','2023-12-07 02:02:16','2023-12-07 02:02:16',NULL),(192,NULL,NULL,NULL,8433,40846,16935,NULL,57,119622,'2023-07-03',1999.99,1,279.00,NULL,NULL,'2023-08-02 12:58:47','2023-08-02 12:58:47',NULL,NULL),(193,NULL,NULL,NULL,8433,40846,16937,NULL,57,119622,'2023-07-24',11200.00,1,279.00,NULL,NULL,'2023-08-02 13:02:45','2023-08-02 13:02:45',NULL,NULL),(194,NULL,NULL,NULL,8433,40846,16939,NULL,57,119622,'2023-07-03',14399.99,1,279.00,NULL,NULL,'2023-08-02 13:07:40','2023-08-02 13:07:40',NULL,NULL),(195,NULL,NULL,NULL,8433,40846,16941,NULL,57,119622,'2023-07-31',21184.20,1,279.00,NULL,NULL,'2023-08-02 13:50:30','2023-08-02 13:50:30',NULL,NULL),(196,NULL,NULL,NULL,8433,40846,16944,NULL,57,119622,'2023-07-03',161740.00,1,280.00,NULL,NULL,'2023-08-03 10:19:19','2023-08-03 10:19:19',NULL,NULL),(197,NULL,NULL,NULL,8433,40846,16945,NULL,57,119622,'2023-07-03',10850.00,1,280.00,NULL,NULL,'2023-08-03 10:20:33','2023-08-03 10:20:33',NULL,NULL),(198,NULL,NULL,NULL,8433,40846,16946,NULL,57,119622,'2023-07-03',18150.00,1,280.00,NULL,NULL,'2023-08-03 10:21:46','2023-08-03 10:21:46',NULL,NULL),(199,NULL,NULL,NULL,8433,40846,16947,NULL,57,119622,'2023-07-03',278300.00,1,280.00,NULL,NULL,'2023-08-03 10:22:54','2023-08-03 10:22:54',NULL,NULL),(200,NULL,NULL,NULL,8433,40846,16948,NULL,57,119622,'2023-07-05',145597.67,1,280.00,NULL,NULL,'2023-08-03 10:29:00','2023-08-03 10:29:00',NULL,NULL),(201,NULL,NULL,NULL,8433,40846,16949,NULL,57,119622,'2023-07-10',3500.00,1,280.00,NULL,NULL,'2023-08-03 10:31:46','2023-08-03 10:31:46',NULL,NULL),(202,NULL,NULL,NULL,8433,40846,16950,NULL,57,119622,'2023-07-12',48000.00,1,280.00,NULL,NULL,'2023-08-03 10:32:54','2023-08-03 10:32:54',NULL,NULL),(203,NULL,NULL,NULL,8433,40846,16951,NULL,57,119622,'2023-07-14',151200.00,1,280.00,NULL,NULL,'2023-08-03 10:34:25','2023-08-03 10:34:25',NULL,NULL),(204,NULL,NULL,NULL,8433,40846,16952,NULL,57,119622,'2023-07-19',85317.56,1,280.00,NULL,NULL,'2023-08-03 10:35:34','2023-08-03 10:35:34',NULL,NULL),(205,NULL,NULL,NULL,8433,40846,16953,NULL,57,119622,'2023-07-03',75948.15,1,280.00,NULL,NULL,'2023-08-03 11:22:32','2023-08-03 11:22:32',NULL,NULL),(206,NULL,NULL,NULL,8433,40846,16954,NULL,57,119622,'2023-07-05',431.16,1,280.00,NULL,NULL,'2023-08-03 11:35:34','2023-08-03 11:35:34',NULL,NULL),(207,NULL,NULL,NULL,8433,40846,16955,NULL,57,119622,'2023-07-06',14420.79,1,280.00,NULL,NULL,'2023-08-03 11:39:44','2023-08-03 11:39:44',NULL,NULL),(208,NULL,NULL,NULL,8433,40846,16956,NULL,57,119622,'2023-07-14',12093.68,1,280.00,NULL,NULL,'2023-08-03 11:40:38','2023-08-03 11:40:38',NULL,NULL),(209,NULL,NULL,NULL,8433,40846,16957,NULL,57,119622,'2023-07-18',53099.00,1,280.00,NULL,NULL,'2023-08-03 11:54:58','2023-08-03 11:54:58',NULL,NULL),(210,NULL,NULL,NULL,8434,40846,16958,NULL,57,119622,'2023-07-21',21448.75,1,280.00,NULL,NULL,'2023-08-03 11:55:48','2023-10-18 02:54:42','2023-10-18 02:54:42',NULL),(211,NULL,NULL,NULL,8434,40846,16960,NULL,57,119622,'2023-07-31',1625.65,1,280.00,NULL,NULL,'2023-08-03 12:02:06','2023-10-18 03:01:31','2023-10-18 03:01:31',NULL),(212,NULL,NULL,NULL,8433,40846,16961,NULL,57,119622,'2023-07-05',29437.50,1,280.00,NULL,NULL,'2023-08-03 13:09:10','2023-08-03 13:09:10',NULL,NULL),(213,NULL,NULL,NULL,8433,40846,16962,NULL,57,119622,'2023-07-05',32312.50,1,280.00,NULL,NULL,'2023-08-03 13:10:20','2023-08-03 13:10:20',NULL,NULL);
INSERT INTO `cta_cte_tesoreria` VALUES (214,NULL,NULL,NULL,8433,40846,18347,NULL,57,119623,'2023-08-02',29437.50,1,347.00,NULL,NULL,'2023-09-04 10:07:26','2023-09-04 10:07:26',NULL,NULL),(215,NULL,NULL,NULL,8433,40846,18348,NULL,57,119623,'2023-08-02',32312.50,1,347.00,NULL,NULL,'2023-09-04 10:09:46','2023-09-04 10:09:46',NULL,NULL),(216,NULL,NULL,NULL,8433,40846,18349,NULL,57,119623,'2023-08-30',4999.29,1,347.00,NULL,NULL,'2023-09-04 10:45:48','2023-09-04 10:45:48',NULL,NULL),(217,NULL,NULL,NULL,8433,40846,18350,NULL,57,119623,'2023-08-07',14400.50,1,347.00,NULL,NULL,'2023-09-04 10:49:13','2023-09-04 10:49:13',NULL,NULL),(218,NULL,NULL,NULL,8433,40846,18351,NULL,57,119623,'2023-08-14',4300.00,1,347.00,NULL,NULL,'2023-09-04 10:53:57','2023-09-04 10:53:57',NULL,NULL),(219,NULL,NULL,NULL,8433,40846,18352,NULL,57,119623,'2023-08-22',22900.02,1,347.00,NULL,NULL,'2023-09-04 10:55:49','2023-09-04 10:55:49',NULL,NULL),(220,NULL,NULL,NULL,8434,40846,18353,NULL,57,119623,'2023-08-04',1222.06,1,347.00,NULL,NULL,'2023-09-04 11:08:57','2023-10-23 19:25:25','2023-10-23 19:25:25',NULL),(221,NULL,NULL,NULL,8433,40846,18354,NULL,57,119623,'2023-08-14',13463.46,1,347.00,NULL,NULL,'2023-09-04 11:09:58','2023-09-04 11:09:58',NULL,NULL),(222,NULL,NULL,NULL,8433,40846,18355,NULL,57,119623,'2023-08-25',23486.38,1,347.00,NULL,NULL,'2023-09-04 11:10:53','2023-09-04 11:10:53',NULL,NULL),(223,NULL,NULL,NULL,8433,40846,18356,NULL,57,119623,'2023-08-10',15708.45,1,347.00,NULL,NULL,'2023-09-04 11:21:00','2023-09-04 11:21:00',NULL,NULL),(224,NULL,NULL,NULL,8434,40846,18358,NULL,57,119623,'2023-08-31',1805.99,1,347.00,NULL,NULL,'2023-09-04 11:25:53','2023-10-24 01:46:26','2023-10-24 01:46:26',NULL),(225,NULL,NULL,NULL,8433,40846,18359,NULL,57,119623,'2023-08-02',161740.00,1,347.00,NULL,NULL,'2023-09-04 12:52:21','2023-09-04 12:52:21',NULL,NULL),(226,NULL,NULL,NULL,8433,40846,18360,NULL,57,119623,'2023-08-04',278300.00,1,347.00,NULL,NULL,'2023-09-04 12:56:46','2023-09-04 12:56:46',NULL,NULL),(227,NULL,NULL,NULL,8433,40846,18361,NULL,57,119623,'2023-08-04',18150.00,1,347.00,NULL,NULL,'2023-09-04 12:57:56','2023-09-04 12:57:56',NULL,NULL),(228,NULL,NULL,NULL,8433,40846,18362,NULL,57,119623,'2023-08-04',15303.00,1,347.00,NULL,NULL,'2023-09-04 12:59:04','2023-09-04 12:59:04',NULL,NULL),(229,NULL,NULL,NULL,8433,40846,18363,NULL,57,119623,'2023-08-23',64105.00,1,347.00,NULL,NULL,'2023-09-04 13:00:58','2023-09-04 13:00:58',NULL,NULL),(230,NULL,NULL,NULL,8433,40846,18364,NULL,57,119623,'2023-08-30',117000.00,1,347.00,NULL,NULL,'2023-09-04 13:02:10','2023-09-04 13:02:10',NULL,NULL),(231,NULL,NULL,NULL,8433,40846,18365,NULL,57,119623,'2023-08-04',156119.05,1,347.00,NULL,NULL,'2023-09-04 13:03:23','2023-09-04 13:03:23',NULL,NULL),(232,NULL,NULL,NULL,8434,40846,18367,NULL,57,119623,'2023-08-31',24972.50,1,347.00,NULL,NULL,'2023-09-04 13:10:39','2023-10-24 01:46:35','2023-10-24 01:46:35',NULL),(233,NULL,NULL,NULL,8434,40846,19622,NULL,13,119620,'2023-05-24',538125.00,1,347.00,NULL,NULL,'2023-09-20 18:37:24','2023-09-20 18:37:24',NULL,NULL),(234,NULL,NULL,NULL,8434,40846,19623,NULL,13,119621,'2023-06-06',4907322.08,1,347.00,NULL,NULL,'2023-09-20 18:50:53','2023-09-20 18:50:53',NULL,NULL),(235,NULL,NULL,NULL,8434,40846,19624,NULL,13,119621,'2023-06-13',8286336.52,1,347.00,NULL,NULL,'2023-09-20 18:55:05','2023-09-20 18:55:05',NULL,NULL),(236,NULL,NULL,NULL,8434,40846,19625,NULL,13,119621,'2023-06-15',505440.00,1,347.00,NULL,NULL,'2023-09-20 19:16:05','2023-09-20 19:16:05',NULL,NULL),(237,NULL,NULL,NULL,8434,40846,19626,NULL,13,119621,'2023-06-21',8751458.00,1,347.00,NULL,NULL,'2023-09-20 19:20:12','2023-09-20 19:20:12',NULL,NULL),(238,NULL,NULL,NULL,8434,40846,19627,NULL,13,119621,'2023-06-22',1342212.54,1,347.00,NULL,NULL,'2023-09-21 00:00:50','2023-09-21 00:00:50',NULL,NULL),(239,NULL,NULL,NULL,8434,40846,19628,NULL,13,119621,'2023-06-29',189375.00,1,347.00,NULL,NULL,'2023-09-21 00:07:13','2023-09-21 00:07:13',NULL,NULL);
INSERT INTO `cta_cte_tesoreria` VALUES (240,NULL,NULL,NULL,8434,40846,19629,NULL,13,119621,'2023-06-30',4995688.76,1,347.00,NULL,NULL,'2023-09-21 00:12:14','2023-09-21 00:12:14',NULL,NULL),(241,NULL,NULL,NULL,8434,40846,19630,NULL,13,119621,'2023-06-30',3258984.96,1,347.00,NULL,NULL,'2023-09-21 00:15:55','2023-09-21 00:15:55',NULL,NULL),(242,NULL,NULL,NULL,8434,40846,19631,NULL,13,119622,'2023-07-05',7968217.84,1,347.00,NULL,NULL,'2023-09-21 00:23:09','2023-09-21 00:23:09',NULL,NULL),(243,NULL,NULL,NULL,8434,40846,19632,NULL,13,119622,'2023-07-07',432864.00,1,347.00,NULL,NULL,'2023-09-21 00:34:40','2023-09-21 00:34:40',NULL,NULL),(244,NULL,NULL,NULL,8434,40846,19633,NULL,13,119622,'2023-07-13',5620219.33,1,347.00,NULL,NULL,'2023-09-21 00:39:29','2023-09-21 00:39:29',NULL,NULL),(245,NULL,NULL,NULL,8434,40846,19634,NULL,13,119622,'2023-07-28',198375.00,1,347.00,NULL,NULL,'2023-09-21 00:42:12','2023-09-21 00:42:12',NULL,NULL),(246,NULL,NULL,NULL,8434,40846,19635,NULL,13,119623,'2023-08-07',3058696.08,1,347.00,NULL,NULL,'2023-09-21 00:53:21','2023-09-21 00:53:21',NULL,NULL),(247,NULL,NULL,NULL,8434,40846,19636,NULL,13,119623,'2023-08-09',8823902.01,1,347.00,NULL,NULL,'2023-09-21 01:02:13','2023-09-21 01:02:13',NULL,NULL),(248,NULL,NULL,NULL,8434,40846,19637,NULL,13,119623,'2023-08-17',363024.61,1,347.00,NULL,NULL,'2023-09-21 01:08:58','2023-09-21 01:08:58',NULL,NULL),(249,NULL,NULL,NULL,8434,40846,19638,NULL,13,119623,'2023-08-18',407625.00,1,347.00,NULL,NULL,'2023-09-21 01:11:08','2023-09-21 01:11:08',NULL,NULL),(250,NULL,NULL,NULL,8434,40846,19639,NULL,13,119623,'2023-08-25',204750.00,1,347.00,NULL,NULL,'2023-09-21 01:13:26','2023-09-21 01:13:26',NULL,NULL),(251,NULL,NULL,NULL,8434,40846,19640,NULL,13,119622,'2023-07-28',642279.49,1,347.00,NULL,NULL,'2023-09-21 01:26:07','2023-09-21 01:26:07',NULL,NULL),(252,NULL,NULL,NULL,8434,40846,19641,NULL,13,119616,'2023-01-24',459800.00,1,347.00,NULL,NULL,'2023-09-21 01:39:14','2023-09-21 01:39:14',NULL,NULL),(253,NULL,NULL,NULL,8434,40846,19642,NULL,13,119616,'2023-01-26',4840000.00,1,347.00,NULL,NULL,'2023-09-21 01:41:03','2023-09-21 01:41:03',NULL,NULL),(254,NULL,NULL,NULL,8434,40846,19643,NULL,13,119616,'2023-01-20',557250.00,1,347.00,NULL,NULL,'2023-09-21 01:43:23','2023-09-21 01:43:23',NULL,NULL),(255,NULL,NULL,NULL,8434,40846,19752,NULL,13,119622,'2023-07-21',1476913.90,1,347.00,NULL,NULL,'2023-09-21 21:01:42','2023-09-21 21:01:42',NULL,NULL),(256,NULL,NULL,NULL,8433,40846,19926,NULL,57,119624,'2023-09-27',288000.00,1,347.00,NULL,NULL,'2023-10-09 11:26:28','2023-10-09 11:26:28',NULL,NULL),(257,NULL,NULL,NULL,8433,40846,19927,NULL,57,119624,'2023-09-11',17200.41,1,347.00,NULL,NULL,'2023-10-09 11:31:32','2023-10-09 11:31:32',NULL,NULL),(258,NULL,NULL,NULL,8434,40846,19928,NULL,57,119624,'2023-09-01',161740.00,1,347.00,NULL,NULL,'2023-10-09 11:53:00','2023-10-23 19:03:54','2023-10-23 19:03:54',NULL),(259,NULL,NULL,NULL,8433,40846,19929,NULL,57,119624,'2023-09-01',18150.00,1,347.00,NULL,NULL,'2023-10-09 11:55:39','2023-10-09 11:55:39',NULL,NULL),(260,NULL,NULL,NULL,8433,40846,19930,NULL,57,119624,'2023-09-01',198516.50,1,347.00,NULL,NULL,'2023-10-09 11:56:44','2023-10-09 11:56:44',NULL,NULL),(261,NULL,NULL,NULL,8434,40846,19931,NULL,57,119624,'2023-09-04',48347.90,1,347.00,NULL,NULL,'2023-10-09 11:58:14','2023-10-23 19:27:19','2023-10-23 19:27:19',NULL),(262,NULL,NULL,NULL,8433,40846,19932,NULL,57,119624,'2023-09-04',20000.00,1,347.00,NULL,NULL,'2023-10-09 11:59:19','2023-10-09 11:59:19',NULL,NULL),(263,NULL,NULL,NULL,8433,40846,19933,NULL,57,119624,'2023-09-07',278300.00,1,347.00,NULL,NULL,'2023-10-09 12:00:23','2023-10-09 12:00:23',NULL,NULL),(264,NULL,NULL,NULL,8433,40846,19934,NULL,57,119624,'2023-09-20',220000.00,1,347.00,NULL,NULL,'2023-10-09 12:03:00','2023-10-09 12:03:00',NULL,NULL),(265,NULL,NULL,NULL,8433,40846,19935,NULL,57,119624,'2023-09-20',96292.41,1,347.00,NULL,NULL,'2023-10-09 12:04:10','2023-10-09 12:04:10',NULL,NULL);
INSERT INTO `cta_cte_tesoreria` VALUES (266,NULL,NULL,NULL,8433,40846,19936,NULL,57,119624,'2023-09-27',503000.00,1,347.00,NULL,NULL,'2023-10-09 12:05:41','2023-10-09 12:05:41',NULL,NULL),(267,NULL,NULL,NULL,8434,40846,19940,NULL,57,119624,'2023-09-04',89580.41,1,347.00,NULL,NULL,'2023-10-10 10:06:21','2023-10-23 19:26:44','2023-10-23 19:26:44',NULL),(268,NULL,NULL,NULL,8433,40846,19941,NULL,57,119624,'2023-09-07',16949.45,1,347.00,NULL,NULL,'2023-10-10 10:12:14','2023-10-10 10:12:14',NULL,NULL),(269,NULL,NULL,NULL,8433,40846,19942,NULL,57,119624,'2023-09-08',350.00,1,347.00,NULL,NULL,'2023-10-10 10:13:13','2023-10-10 10:13:13',NULL,NULL),(270,NULL,NULL,NULL,8433,40846,19943,NULL,57,119624,'2023-09-14',12367.07,1,347.00,NULL,NULL,'2023-10-10 10:14:16','2023-10-10 10:14:16',NULL,NULL),(271,NULL,NULL,NULL,8433,40846,19944,NULL,57,119624,'2023-09-22',27502.54,1,347.00,NULL,NULL,'2023-10-10 10:15:19','2023-10-10 10:15:19',NULL,NULL),(272,NULL,NULL,NULL,8433,40846,19946,NULL,57,119624,'2023-09-29',1375.63,1,347.00,NULL,NULL,'2023-10-10 10:20:45','2023-10-10 10:20:45',NULL,NULL),(273,NULL,NULL,NULL,8433,40846,19947,NULL,57,119624,'2023-09-01',35000.00,1,347.00,NULL,NULL,'2023-10-10 11:12:09','2023-10-10 11:12:09',NULL,NULL),(274,NULL,NULL,NULL,8433,40846,19948,NULL,57,119624,'2023-09-01',38437.50,1,347.00,NULL,NULL,'2023-10-10 11:13:02','2023-10-10 11:13:02',NULL,NULL),(275,NULL,NULL,NULL,8433,40846,21281,NULL,57,119625,'2023-10-05',1042.19,1,348.00,NULL,NULL,'2023-11-03 11:55:55','2023-11-03 11:55:55',NULL,NULL),(276,NULL,NULL,NULL,8433,40846,21282,NULL,57,119625,'2023-10-11',223996.00,1,348.00,NULL,NULL,'2023-11-03 11:57:00','2023-11-03 11:57:00',NULL,NULL),(277,NULL,NULL,NULL,8433,40846,21283,NULL,57,119625,'2023-10-14',16150.72,1,348.00,NULL,NULL,'2023-11-03 11:58:57','2023-11-03 11:58:57',NULL,NULL),(278,NULL,NULL,NULL,8433,40846,21284,NULL,57,119625,'2023-10-19',550.00,1,348.00,NULL,NULL,'2023-11-03 12:28:32','2023-11-03 12:28:32',NULL,NULL),(279,NULL,NULL,NULL,8433,40846,21285,NULL,57,119625,'2023-10-20',433.66,1,348.00,NULL,NULL,'2023-11-03 12:31:31','2023-11-03 12:31:31',NULL,NULL),(280,NULL,NULL,NULL,8433,40846,21286,NULL,57,119625,'2023-10-20',30940.36,1,348.00,NULL,NULL,'2023-11-03 12:32:23','2023-11-03 12:32:23',NULL,NULL),(281,NULL,NULL,NULL,8433,40846,21288,NULL,57,119625,'2023-10-31',39417.35,1,348.00,NULL,NULL,'2023-11-03 12:58:06','2023-11-03 12:58:06',NULL,NULL),(282,NULL,NULL,NULL,8433,40846,21289,NULL,57,119625,'2023-10-05',161740.00,1,348.00,NULL,NULL,'2023-11-06 10:39:26','2023-11-06 10:39:26',NULL,NULL),(283,NULL,NULL,NULL,8433,40846,21290,NULL,57,119625,'2023-10-10',605000.00,1,348.00,NULL,NULL,'2023-11-06 10:40:40','2023-11-06 10:40:40',NULL,NULL),(284,NULL,NULL,NULL,8433,40846,21291,NULL,57,119625,'2023-10-10',353320.00,1,348.00,NULL,NULL,'2023-11-06 10:41:58','2023-11-06 10:41:58',NULL,NULL),(285,NULL,NULL,NULL,8433,40846,21292,NULL,57,119625,'2023-10-10',198488.13,1,348.00,NULL,NULL,'2023-11-06 10:43:09','2023-11-06 10:43:09',NULL,NULL),(286,NULL,NULL,NULL,8433,40846,21293,NULL,57,119625,'2023-10-10',49491.94,1,348.00,NULL,NULL,'2023-11-06 10:44:21','2023-11-06 10:44:21',NULL,NULL),(287,NULL,NULL,NULL,8433,40846,21294,NULL,57,119625,'2023-10-27',22000.00,1,348.00,NULL,NULL,'2023-11-06 10:45:16','2023-11-06 10:45:16',NULL,NULL),(288,NULL,NULL,NULL,8433,40846,21295,NULL,57,119625,'2023-10-27',243875.50,1,348.00,NULL,NULL,'2023-11-06 10:46:40','2023-11-06 10:46:40',NULL,NULL),(289,NULL,NULL,NULL,8433,40846,21296,NULL,57,119625,'2023-10-27',46185.70,1,348.00,NULL,NULL,'2023-11-06 10:47:46','2023-11-06 10:47:46',NULL,NULL),(290,NULL,NULL,NULL,8433,40846,21297,NULL,57,119625,'2023-10-27',32706.30,1,348.00,NULL,NULL,'2023-11-06 10:48:49','2023-11-06 10:48:49',NULL,NULL),(291,NULL,NULL,NULL,8433,40846,21298,NULL,57,119625,'2023-10-27',32706.30,1,348.00,NULL,NULL,'2023-11-06 10:49:50','2023-11-06 10:49:50',NULL,NULL),(292,NULL,NULL,NULL,8433,40846,21299,NULL,57,119625,'2023-10-27',62784.89,1,348.00,NULL,NULL,'2023-11-06 10:53:15','2023-11-06 10:53:15',NULL,NULL);
INSERT INTO `cta_cte_tesoreria` VALUES (293,NULL,NULL,NULL,8433,40846,21300,NULL,57,119625,'2023-10-10',38437.50,1,348.00,NULL,NULL,'2023-11-06 13:00:05','2023-11-06 13:00:05',NULL,NULL),(294,NULL,NULL,NULL,8433,40846,21301,NULL,57,119625,'2023-10-10',35000.00,1,348.00,NULL,NULL,'2023-11-06 13:01:03','2023-11-06 13:01:03',NULL,NULL),(295,NULL,NULL,NULL,8433,40846,21302,NULL,57,119625,'2023-10-10',12136.75,1,348.00,NULL,NULL,'2023-11-06 13:03:38','2023-11-06 13:03:38',NULL,NULL),(296,NULL,NULL,NULL,8433,40846,21303,NULL,57,119625,'2023-10-17',24650.00,1,348.00,NULL,NULL,'2023-11-06 13:25:57','2023-11-06 13:25:57',NULL,NULL),(297,NULL,NULL,NULL,8433,40846,21304,NULL,57,119625,'2023-10-17',20100.00,1,348.00,NULL,NULL,'2023-11-06 13:27:41','2023-11-06 13:27:41',NULL,NULL),(298,NULL,NULL,NULL,8434,40846,21323,NULL,57,119618,'2023-03-22',3200.00,1,352.00,NULL,NULL,'2023-11-19 23:30:11','2023-11-19 23:30:11',NULL,NULL),(299,NULL,NULL,NULL,8434,40846,21324,NULL,57,119617,'2023-02-10',5232.63,1,352.00,NULL,NULL,'2023-11-19 23:34:28','2023-11-19 23:34:28',NULL,NULL),(300,NULL,NULL,NULL,8434,40846,21325,NULL,57,119617,'2023-02-22',15000.01,1,352.00,NULL,NULL,'2023-11-19 23:38:39','2023-11-19 23:38:39',NULL,NULL),(301,NULL,NULL,NULL,8434,40846,21326,NULL,57,119617,'2023-02-28',13291.72,1,352.00,NULL,NULL,'2023-11-19 23:43:19','2023-11-19 23:43:19',NULL,NULL),(302,NULL,NULL,NULL,8433,40846,21402,NULL,57,119626,'2023-11-21',44100.00,1,359.00,NULL,NULL,'2023-12-04 11:55:14','2023-12-04 11:55:14',NULL,NULL),(303,NULL,NULL,NULL,8433,40846,21404,NULL,57,119626,'2023-11-30',35177.25,1,360.00,NULL,NULL,'2023-12-05 09:52:40','2023-12-05 09:52:40',NULL,NULL),(304,NULL,NULL,NULL,8433,40846,21406,NULL,57,119626,'2023-11-02',198516.50,1,360.00,NULL,NULL,'2023-12-05 12:50:29','2023-12-05 12:50:29',NULL,NULL),(305,NULL,NULL,NULL,8433,40846,21407,NULL,57,119626,'2023-11-02',90000.00,1,360.00,NULL,NULL,'2023-12-05 12:51:37','2023-12-05 12:51:37',NULL,NULL),(306,NULL,NULL,NULL,8433,40846,21408,NULL,57,119626,'2023-11-02',353320.00,1,360.00,NULL,NULL,'2023-12-05 12:52:39','2023-12-05 12:52:39',NULL,NULL),(307,NULL,NULL,NULL,8433,40846,21409,NULL,57,119626,'2023-11-10',136054.82,1,360.00,NULL,NULL,'2023-12-05 12:54:41','2023-12-05 12:54:41',NULL,NULL),(308,NULL,NULL,NULL,8433,40846,21410,NULL,57,119626,'2023-11-21',93170.00,1,360.00,NULL,NULL,'2023-12-05 12:55:43','2023-12-05 12:55:43',NULL,NULL),(309,NULL,NULL,NULL,8433,40846,21411,NULL,57,119626,'2023-11-24',25000.00,1,360.00,NULL,NULL,'2023-12-05 12:56:48','2023-12-05 12:56:48',NULL,NULL),(310,NULL,NULL,NULL,8433,40846,21412,NULL,57,119626,'2023-11-02',161740.00,1,360.00,NULL,NULL,'2023-12-05 12:58:38','2023-12-05 12:58:38',NULL,NULL),(311,NULL,NULL,NULL,8433,40846,21414,NULL,57,119626,'2023-11-09',20617.61,1,361.00,NULL,NULL,'2023-12-06 10:08:47','2023-12-06 10:08:47',NULL,NULL),(312,NULL,NULL,NULL,8433,40846,21415,NULL,57,119626,'2023-11-14',13945.18,1,361.00,NULL,NULL,'2023-12-06 10:09:45','2023-12-06 10:09:45',NULL,NULL),(313,NULL,NULL,NULL,8433,40846,21416,NULL,57,119626,'2023-11-24',36385.86,1,361.00,NULL,NULL,'2023-12-06 10:10:47','2023-12-06 10:10:47',NULL,NULL),(314,NULL,NULL,NULL,8433,40846,21420,NULL,57,119626,'2023-11-02',40250.00,1,361.00,NULL,NULL,'2023-12-06 11:51:20','2023-12-06 11:51:20',NULL,NULL),(315,NULL,NULL,NULL,8433,40846,21421,NULL,57,119626,'2023-11-02',44187.50,1,361.00,NULL,NULL,'2023-12-06 11:52:28','2023-12-06 11:52:28',NULL,NULL),(316,NULL,NULL,NULL,8433,40846,21422,NULL,57,119626,'2023-11-09',11745.25,1,361.00,NULL,NULL,'2023-12-06 11:54:08','2023-12-06 11:54:08',NULL,NULL),(317,NULL,NULL,NULL,8433,40846,21424,NULL,57,119626,'2023-11-02',21395.00,1,361.00,NULL,NULL,'2023-12-06 13:07:00','2023-12-06 13:07:00',NULL,NULL),(318,NULL,NULL,NULL,8434,40846,21425,NULL,57,119618,'2023-03-17',2579478.00,1,361.00,NULL,NULL,'2023-12-06 22:31:18','2023-12-06 22:31:18',NULL,NULL),(319,NULL,NULL,NULL,8434,40846,21426,NULL,57,119619,'2023-04-10',18000.00,1,361.00,NULL,NULL,'2023-12-07 00:07:53','2023-12-07 00:07:53',NULL,NULL);
INSERT INTO `cta_cte_tesoreria` VALUES (320,NULL,NULL,NULL,8434,40846,21427,NULL,57,119619,'2023-04-05',1440.00,1,361.00,NULL,NULL,'2023-12-07 00:09:20','2023-12-07 00:09:20',NULL,NULL),(321,NULL,NULL,NULL,8434,40846,21428,NULL,57,119619,'2023-04-05',195125.00,1,361.00,NULL,NULL,'2023-12-07 00:12:56','2023-12-07 00:12:56',NULL,NULL),(322,NULL,NULL,NULL,8434,40846,21429,NULL,57,119620,'2023-05-08',5538.86,1,361.00,NULL,NULL,'2023-12-07 00:54:13','2023-12-07 00:54:13',NULL,NULL),(323,NULL,NULL,NULL,8434,40846,21430,NULL,57,119620,'2023-05-10',7482.81,1,361.00,NULL,NULL,'2023-12-07 00:55:42','2023-12-07 00:55:42',NULL,NULL),(324,NULL,NULL,NULL,8434,40846,21431,NULL,57,119620,'2023-05-22',10700.01,1,361.00,NULL,NULL,'2023-12-07 00:57:09','2023-12-07 00:57:09',NULL,NULL),(325,NULL,NULL,NULL,8434,40846,21432,NULL,57,119620,'2023-05-23',9578.83,1,361.00,NULL,NULL,'2023-12-07 00:59:52','2023-12-07 00:59:52',NULL,NULL),(326,NULL,NULL,NULL,8434,40846,21433,NULL,57,119620,'2023-05-23',21800.00,1,361.00,NULL,NULL,'2023-12-07 01:02:08','2023-12-07 01:02:08',NULL,NULL),(327,NULL,NULL,NULL,8434,40846,21434,NULL,57,119620,'2023-05-29',14900.12,1,361.00,NULL,NULL,'2023-12-07 01:03:41','2023-12-07 01:03:41',NULL,NULL),(328,NULL,NULL,NULL,8434,40846,21435,NULL,57,119620,'2023-05-29',15400.16,1,361.00,NULL,NULL,'2023-12-07 01:04:39','2023-12-07 01:04:39',NULL,NULL),(329,NULL,NULL,NULL,8434,40846,21436,NULL,57,119620,'2023-05-01',12001.01,1,361.00,NULL,NULL,'2023-12-07 01:06:37','2023-12-07 01:06:37',NULL,NULL),(330,NULL,NULL,NULL,8434,40846,21437,NULL,57,119621,'2023-06-05',10000.20,1,361.00,NULL,NULL,'2023-12-07 01:17:55','2023-12-07 01:17:55',NULL,NULL),(331,NULL,NULL,NULL,8434,40846,21438,NULL,57,119621,'2023-06-08',709556.10,1,361.00,NULL,NULL,'2023-12-07 01:22:03','2023-12-07 01:22:03',NULL,NULL),(332,NULL,NULL,NULL,8434,40846,21439,NULL,57,119621,'2023-06-09',402022.50,1,361.00,NULL,NULL,'2023-12-07 01:27:22','2023-12-07 01:27:22',NULL,NULL),(333,NULL,NULL,NULL,8434,40846,21440,NULL,57,119621,'2023-06-12',7859.61,1,361.00,NULL,NULL,'2023-12-07 01:29:44','2023-12-07 01:29:44',NULL,NULL),(334,NULL,NULL,NULL,8434,40846,21441,NULL,57,119621,'2023-06-14',3055656.19,1,361.00,NULL,NULL,'2023-12-07 01:45:58','2023-12-07 01:45:58',NULL,NULL),(335,NULL,NULL,NULL,8434,40846,21442,NULL,57,119621,'2023-06-15',24000.00,1,361.00,NULL,NULL,'2023-12-07 01:47:31','2023-12-07 01:47:31',NULL,NULL),(336,NULL,NULL,NULL,8434,40846,21443,NULL,57,119621,'2023-06-16',323000.00,1,361.00,NULL,NULL,'2023-12-07 01:48:56','2023-12-07 01:48:56',NULL,NULL),(337,NULL,NULL,NULL,8434,40846,21444,NULL,57,119621,'2023-06-27',13600.22,1,361.00,NULL,NULL,'2023-12-07 01:51:52','2023-12-07 01:51:52',NULL,NULL),(338,NULL,NULL,NULL,8434,40846,21445,NULL,57,119621,'2023-06-28',5870381.11,1,361.00,NULL,NULL,'2023-12-07 01:53:42','2023-12-07 01:53:42',NULL,NULL),(339,NULL,NULL,NULL,8434,40846,21446,NULL,57,119621,'2023-06-30',29050.03,1,361.00,NULL,NULL,'2023-12-07 01:56:18','2023-12-07 01:56:18',NULL,NULL),(340,NULL,NULL,NULL,8434,40846,21447,NULL,57,119621,'2023-06-30',19712.70,1,361.00,NULL,NULL,'2023-12-07 02:06:09','2023-12-07 02:06:09',NULL,NULL),(341,NULL,NULL,NULL,8434,40846,21448,NULL,57,119622,'2023-07-05',4589480.18,1,361.00,NULL,NULL,'2023-12-07 02:27:59','2023-12-07 02:27:59',NULL,NULL),(342,NULL,NULL,NULL,8434,40846,21449,NULL,57,119622,'2023-07-05',481580.00,1,361.00,NULL,NULL,'2023-12-07 02:31:05','2023-12-07 02:31:05',NULL,NULL),(343,NULL,NULL,NULL,8434,40846,21450,NULL,57,119622,'2023-07-07',650096.70,1,361.00,NULL,NULL,'2023-12-07 02:35:58','2023-12-07 02:35:58',NULL,NULL),(344,NULL,NULL,NULL,8434,40846,21451,NULL,57,119622,'2023-07-20',4082391.78,1,361.00,NULL,NULL,'2023-12-07 02:45:09','2023-12-07 02:45:09',NULL,NULL),(345,NULL,NULL,NULL,8434,40846,21452,NULL,57,119622,'2023-07-10',35200.01,1,361.00,NULL,NULL,'2023-12-07 02:52:08','2023-12-07 02:52:08',NULL,NULL),(346,NULL,NULL,NULL,8434,40846,21453,NULL,57,119622,'2023-07-11',9216.63,1,361.00,NULL,NULL,'2023-12-07 02:57:28','2023-12-07 02:57:28',NULL,NULL);
INSERT INTO `cta_cte_tesoreria` VALUES (347,NULL,NULL,NULL,8434,40846,21454,NULL,57,119622,'2023-07-11',20000.00,1,361.00,NULL,NULL,'2023-12-07 03:00:07','2023-12-07 03:00:07',NULL,NULL),(348,NULL,NULL,NULL,8434,40846,21455,NULL,57,119622,'2023-07-25',20400.00,1,361.00,NULL,NULL,'2023-12-07 03:02:08','2023-12-07 13:44:11','2023-12-07 13:44:11',NULL),(349,NULL,NULL,NULL,8434,40846,21456,NULL,57,119622,'2023-07-24',32000.00,1,361.00,NULL,NULL,'2023-12-07 03:03:48','2023-12-07 03:03:48',NULL,NULL),(350,NULL,NULL,NULL,8434,40846,21457,NULL,57,119622,'2023-07-24',18700.01,1,361.00,NULL,NULL,'2023-12-07 03:05:49','2023-12-07 03:05:49',NULL,NULL),(351,NULL,NULL,NULL,8434,40846,21458,NULL,57,119622,'2023-07-14',11944.81,1,361.00,NULL,NULL,'2023-12-07 03:08:13','2023-12-07 03:08:13',NULL,NULL),(352,NULL,NULL,NULL,8434,40846,21459,NULL,57,119622,'2023-07-10',5328.93,1,361.00,NULL,NULL,'2023-12-07 03:10:17','2023-12-07 03:10:17',NULL,NULL),(353,NULL,NULL,NULL,8434,40846,21460,NULL,57,119622,'2023-07-12',6251.24,1,361.00,NULL,NULL,'2023-12-07 03:11:29','2023-12-07 03:11:29',NULL,NULL),(354,NULL,NULL,NULL,8434,40846,21461,NULL,57,119623,'2023-08-01',9800.00,1,361.00,NULL,NULL,'2023-12-07 03:29:47','2023-12-07 03:29:47',NULL,NULL),(355,NULL,NULL,NULL,8434,40846,21462,NULL,57,119623,'2023-08-31',24971.50,1,361.00,NULL,NULL,'2023-12-07 03:37:35','2023-12-07 03:37:35',NULL,NULL),(356,NULL,NULL,NULL,8434,40846,21463,NULL,57,119623,'2023-08-04',481580.00,1,361.00,NULL,NULL,'2023-12-07 03:39:45','2023-12-07 03:39:45',NULL,NULL),(357,NULL,NULL,NULL,8434,40846,21464,NULL,57,119623,'2023-08-04',15466.90,1,361.00,NULL,NULL,'2023-12-07 03:40:56','2023-12-07 03:40:56',NULL,NULL),(358,NULL,NULL,NULL,8434,40846,21465,NULL,57,119623,'2023-08-09',1219116.74,1,361.00,NULL,NULL,'2023-12-07 03:46:07','2023-12-07 03:46:07',NULL,NULL),(359,NULL,NULL,NULL,8434,40846,21466,NULL,57,119623,'2023-08-30',2634876.36,1,361.00,NULL,NULL,'2023-12-07 03:48:09','2023-12-07 03:48:09',NULL,NULL),(360,NULL,NULL,NULL,8434,40846,21467,NULL,57,119623,'2023-08-10',9672.88,1,361.00,NULL,NULL,'2023-12-07 03:55:43','2023-12-07 03:55:43',NULL,NULL),(361,NULL,NULL,NULL,8434,40846,21468,NULL,57,119623,'2023-08-17',73449.77,1,361.00,NULL,NULL,'2023-12-07 03:57:39','2023-12-07 03:57:39',NULL,NULL),(362,NULL,NULL,NULL,8434,40846,21469,NULL,57,119623,'2023-08-25',27000.00,1,361.00,NULL,NULL,'2023-12-07 03:59:12','2023-12-07 03:59:12',NULL,NULL),(363,NULL,NULL,NULL,8434,40846,21470,NULL,57,119623,'2023-08-30',30349.00,1,361.00,NULL,NULL,'2023-12-07 04:00:51','2023-12-07 04:00:51',NULL,NULL),(364,NULL,NULL,NULL,8434,40846,21471,NULL,57,119624,'2023-09-30',33223.25,1,361.00,NULL,NULL,'2023-12-07 04:05:41','2023-12-07 04:05:41',NULL,NULL),(365,NULL,NULL,NULL,8434,40846,21472,NULL,57,119624,'2023-09-04',48347.90,1,361.00,NULL,NULL,'2023-12-07 04:07:04','2023-12-07 04:07:04',NULL,NULL),(366,NULL,NULL,NULL,8434,40846,21473,NULL,57,119624,'2023-09-11',9360.89,1,361.00,NULL,NULL,'2023-12-07 04:19:49','2023-12-07 04:19:49',NULL,NULL),(367,NULL,NULL,NULL,8434,40846,21474,NULL,57,119624,'2023-09-01',161740.00,1,361.00,NULL,NULL,'2023-12-07 04:25:59','2023-12-07 04:25:59',NULL,NULL),(368,NULL,NULL,NULL,8434,40846,21475,NULL,13,119624,'2023-09-08',548250.00,1,361.00,NULL,NULL,'2023-12-07 04:32:52','2023-12-07 04:32:52',NULL,NULL),(369,NULL,NULL,NULL,8434,40846,21476,NULL,57,119624,'2023-09-04',481580.00,1,361.00,NULL,NULL,'2023-12-07 04:35:42','2023-12-07 04:35:42',NULL,NULL),(370,NULL,NULL,NULL,8434,40846,21477,NULL,57,119624,'2023-09-13',460500.00,1,361.00,NULL,NULL,'2023-12-07 04:37:43','2023-12-07 04:37:43',NULL,NULL),(371,NULL,NULL,NULL,8434,40846,21478,NULL,57,119624,'2023-09-27',507144.29,1,361.00,NULL,NULL,'2023-12-07 04:40:23','2023-12-07 04:40:23',NULL,NULL),(372,NULL,NULL,NULL,8434,40846,21479,NULL,57,119621,'2023-06-02',5459.99,1,361.00,NULL,NULL,'2023-12-07 10:02:04','2023-12-07 10:02:04',NULL,NULL),(373,NULL,NULL,NULL,8434,40846,21481,NULL,57,119621,'2023-06-09',64500.01,1,361.00,NULL,NULL,'2023-12-07 10:25:00','2023-12-07 10:25:00',NULL,NULL);
INSERT INTO `cta_cte_tesoreria` VALUES (374,NULL,NULL,NULL,8434,40846,21482,NULL,57,119621,'2023-06-15',269998.99,1,361.00,NULL,NULL,'2023-12-07 10:27:07','2023-12-07 10:27:07',NULL,NULL),(375,NULL,NULL,NULL,8434,40846,21483,NULL,57,119622,'2023-07-26',18502.72,1,361.00,NULL,NULL,'2023-12-07 13:28:30','2023-12-07 13:28:30',NULL,NULL),(376,NULL,NULL,NULL,8434,40846,21484,NULL,57,119622,'2023-07-12',20400.00,1,361.00,NULL,NULL,'2023-12-07 13:48:37','2024-02-08 22:22:24','2024-02-08 22:22:24',NULL),(377,NULL,NULL,NULL,8434,40846,21485,NULL,57,119622,'2023-07-12',30000.00,1,361.00,NULL,NULL,'2023-12-07 13:55:53','2023-12-07 13:55:53',NULL,NULL),(378,NULL,NULL,NULL,8434,40846,21487,NULL,57,119622,'2023-07-06',5319.04,1,361.00,NULL,NULL,'2023-12-07 14:31:55','2023-12-07 14:31:55',NULL,NULL),(379,NULL,NULL,NULL,8434,40846,21488,NULL,57,119624,'2023-09-04',27316.00,1,361.00,NULL,NULL,'2023-12-07 14:33:44','2023-12-07 14:33:44',NULL,NULL),(380,NULL,NULL,NULL,8434,40846,21489,NULL,57,119624,'2023-09-04',87558.00,1,361.00,NULL,NULL,'2023-12-07 14:35:02','2023-12-07 14:35:02',NULL,NULL),(381,NULL,NULL,NULL,8434,40846,21490,NULL,57,119624,'2023-09-07',73905.76,1,361.00,NULL,NULL,'2023-12-07 14:36:18','2023-12-07 14:36:18',NULL,NULL),(382,NULL,NULL,NULL,8434,40846,21491,NULL,57,119624,'2023-09-08',8276.00,1,361.00,NULL,NULL,'2023-12-07 14:37:43','2023-12-07 14:37:43',NULL,NULL),(383,NULL,NULL,NULL,8434,40846,21492,NULL,57,119624,'2023-09-14',89800.00,1,361.00,NULL,NULL,'2023-12-07 14:43:04','2023-12-07 14:43:04',NULL,NULL),(384,NULL,NULL,NULL,8434,40846,21493,NULL,57,119624,'2023-09-18',15570.00,1,361.00,NULL,NULL,'2023-12-07 14:44:47','2023-12-07 14:44:47',NULL,NULL),(385,NULL,NULL,NULL,8434,40846,21494,NULL,57,119624,'2023-09-21',30798.70,1,361.00,NULL,NULL,'2023-12-07 14:46:45','2023-12-07 14:46:45',NULL,NULL),(386,NULL,NULL,NULL,8434,40846,21495,NULL,57,119624,'2023-09-25',103200.00,1,361.00,NULL,NULL,'2023-12-07 14:48:00','2023-12-07 14:48:00',NULL,NULL),(387,NULL,NULL,NULL,8434,40846,21496,NULL,57,119624,'2023-09-25',10400.70,1,361.00,NULL,NULL,'2023-12-07 14:49:08','2023-12-07 14:49:08',NULL,NULL),(388,NULL,NULL,NULL,8434,40846,21497,NULL,57,119624,'2023-03-31',600.16,1,361.00,NULL,NULL,'2023-12-07 14:50:52','2023-12-07 14:50:52',NULL,NULL),(389,NULL,NULL,NULL,8434,40846,21498,NULL,57,119619,'2023-04-27',1474.12,1,361.00,NULL,NULL,'2023-12-07 14:51:33','2023-12-07 14:51:33',NULL,NULL),(390,NULL,NULL,NULL,8434,40846,21499,NULL,57,119624,'2023-09-18',9289.99,1,361.00,NULL,NULL,'2023-12-07 14:54:10','2023-12-07 14:54:10',NULL,NULL),(391,NULL,NULL,NULL,8434,40846,21500,NULL,57,119624,'2023-09-27',12700.00,1,361.00,NULL,NULL,'2023-12-07 14:55:24','2023-12-07 14:55:24',NULL,NULL),(392,NULL,NULL,NULL,8433,40846,21503,NULL,57,119625,'2023-10-18',3043.00,1,787.00,NULL,NULL,'2023-12-27 13:11:30','2023-12-27 13:11:30',NULL,NULL),(393,NULL,NULL,NULL,8433,40846,21504,NULL,57,119625,'2023-10-09',2127.00,1,787.00,NULL,NULL,'2023-12-27 13:12:41','2023-12-27 13:12:41',NULL,NULL),(394,NULL,NULL,NULL,8433,40846,21505,NULL,57,119625,'2023-10-18',13030.01,1,787.00,NULL,NULL,'2023-12-27 13:13:48','2023-12-27 13:13:48',NULL,NULL),(395,NULL,NULL,NULL,8433,40846,21506,NULL,57,119625,'2023-10-26',1750.00,1,787.00,NULL,NULL,'2023-12-27 13:14:46','2023-12-27 13:14:46',NULL,NULL),(396,NULL,NULL,NULL,8433,40846,21507,NULL,57,119625,'2023-10-06',3140.00,1,787.00,NULL,NULL,'2023-12-27 13:16:52','2023-12-27 13:16:52',NULL,NULL),(397,NULL,NULL,NULL,8433,40846,21508,NULL,57,119625,'2023-10-20',13200.00,1,787.00,NULL,NULL,'2023-12-27 13:18:33','2023-12-27 13:18:33',NULL,NULL),(398,NULL,NULL,NULL,8433,40846,21509,NULL,57,119625,'2023-10-25',6350.01,1,787.00,NULL,NULL,'2023-12-27 13:19:29','2023-12-27 13:19:29',NULL,NULL),(399,NULL,NULL,NULL,8433,40846,21510,NULL,57,119626,'2023-11-06',27000.00,1,787.00,NULL,NULL,'2023-12-27 13:30:49','2023-12-27 13:30:49',NULL,NULL),(400,NULL,NULL,NULL,8433,40846,21511,NULL,57,119626,'2023-11-07',14300.00,1,787.00,NULL,NULL,'2023-12-27 13:39:51','2023-12-27 13:39:51',NULL,NULL);
INSERT INTO `cta_cte_tesoreria` VALUES (401,NULL,NULL,NULL,8433,40846,21512,NULL,57,119626,'2023-11-13',1438.85,1,787.00,NULL,NULL,'2023-12-27 13:43:47','2023-12-27 13:43:47',NULL,NULL),(402,NULL,NULL,NULL,8433,40846,21513,NULL,57,119626,'2023-11-13',19100.00,1,787.00,NULL,NULL,'2023-12-27 13:45:38','2023-12-27 13:45:38',NULL,NULL),(403,NULL,NULL,NULL,8433,40846,21514,NULL,57,119626,'2023-11-08',11737.00,1,787.00,NULL,NULL,'2023-12-27 13:47:33','2023-12-27 13:47:33',NULL,NULL),(404,NULL,NULL,NULL,8433,40846,21515,NULL,57,119626,'2023-11-23',50400.00,1,787.00,NULL,NULL,'2023-12-27 13:49:32','2023-12-27 13:49:32',NULL,NULL),(405,NULL,NULL,NULL,8433,40846,21516,NULL,57,119626,'2023-11-24',7340.00,1,787.00,NULL,NULL,'2023-12-27 13:50:33','2023-12-27 13:50:33',NULL,NULL),(406,NULL,NULL,NULL,8433,40846,21517,NULL,57,119626,'2023-11-21',10000.00,1,787.00,NULL,NULL,'2023-12-27 13:52:07','2023-12-27 13:52:07',NULL,NULL),(407,NULL,NULL,NULL,8433,40846,21518,NULL,57,119626,'2023-11-21',9500.00,1,787.00,NULL,NULL,'2023-12-27 13:53:16','2023-12-27 13:53:16',NULL,NULL),(408,NULL,NULL,NULL,8433,40846,21519,NULL,57,119626,'2023-11-03',3831.41,1,787.00,NULL,NULL,'2023-12-27 13:55:11','2023-12-27 13:55:11',NULL,NULL),(409,NULL,NULL,NULL,8433,40846,21520,NULL,57,119626,'2023-11-24',3831.41,1,787.00,NULL,NULL,'2023-12-27 13:55:59','2023-12-27 13:55:59',NULL,NULL),(410,NULL,NULL,NULL,8433,40846,21521,NULL,57,119625,'2023-10-06',21103.57,1,788.00,NULL,NULL,'2023-12-28 10:51:07','2023-12-28 10:51:07',NULL,NULL),(411,NULL,NULL,NULL,8433,40846,21522,NULL,57,119626,'2023-11-03',9941.75,1,788.00,NULL,NULL,'2023-12-28 13:04:59','2023-12-28 13:04:59',NULL,NULL),(412,NULL,NULL,NULL,8433,40846,21523,NULL,57,119626,'2023-11-06',1473.12,1,788.00,NULL,NULL,'2023-12-28 13:14:21','2023-12-28 13:14:21',NULL,NULL),(413,NULL,NULL,NULL,8433,40846,21524,NULL,57,119626,'2023-11-21',3463.14,1,788.00,NULL,NULL,'2023-12-28 13:15:37','2023-12-28 13:15:37',NULL,NULL),(414,NULL,NULL,NULL,8433,40846,21525,NULL,57,119626,'2023-11-23',750.00,1,788.00,NULL,NULL,'2023-12-28 13:18:34','2023-12-28 13:18:34',NULL,NULL),(415,NULL,NULL,NULL,8433,40846,21526,NULL,57,119626,'2023-11-10',600.00,1,788.00,NULL,NULL,'2023-12-28 13:19:55','2023-12-28 13:19:55',NULL,NULL),(416,NULL,NULL,NULL,8433,40846,21527,NULL,57,119626,'2023-11-07',190000.00,1,789.00,NULL,NULL,'2023-12-29 11:03:21','2023-12-29 11:03:21',NULL,NULL),(417,NULL,NULL,NULL,8434,40846,21528,NULL,57,119617,'2023-02-28',500.00,1,790.00,NULL,NULL,'2024-01-02 15:09:21','2024-01-02 15:09:21',NULL,NULL),(418,NULL,NULL,NULL,8434,40846,21529,NULL,57,119619,'2023-04-30',1900.00,1,790.00,NULL,NULL,'2024-01-02 15:15:54','2024-01-02 15:15:54',NULL,NULL),(419,NULL,NULL,NULL,8434,40846,21530,NULL,57,119619,'2023-04-24',15908.00,1,790.00,NULL,NULL,'2024-01-02 15:19:38','2024-01-02 15:19:38',NULL,NULL),(420,NULL,NULL,NULL,8434,40846,21531,NULL,57,119619,'2023-04-03',9040.01,1,790.00,NULL,NULL,'2024-01-02 15:21:12','2024-01-02 15:21:12',NULL,NULL),(421,NULL,NULL,NULL,8434,40846,21532,NULL,57,119619,'2023-04-17',10339.00,1,790.00,NULL,NULL,'2024-01-02 15:22:21','2024-01-02 15:22:21',NULL,NULL),(422,NULL,NULL,NULL,8434,40846,21533,NULL,57,119620,'2023-05-15',2550.00,1,790.00,NULL,NULL,'2024-01-02 15:28:40','2024-01-02 15:28:40',NULL,NULL),(423,NULL,NULL,NULL,8434,40846,21534,NULL,57,119620,'2023-05-22',10000.00,1,790.00,NULL,NULL,'2024-01-02 15:29:42','2024-01-02 15:29:42',NULL,NULL),(424,NULL,NULL,NULL,8434,40846,21535,NULL,57,119620,'2023-05-08',3420.00,1,790.00,NULL,NULL,'2024-01-02 15:37:04','2024-01-02 15:37:04',NULL,NULL),(425,NULL,NULL,NULL,8434,40846,21536,NULL,57,119620,'2023-05-18',700.00,1,790.00,NULL,NULL,'2024-01-02 15:38:10','2024-01-02 15:38:10',NULL,NULL),(426,NULL,NULL,NULL,8434,40846,21537,NULL,57,119620,'2023-05-18',2600.00,1,790.00,NULL,NULL,'2024-01-02 15:39:16','2024-01-02 15:39:16',NULL,NULL),(427,NULL,NULL,NULL,8434,40846,21538,NULL,57,119620,'2023-05-17',16334.02,1,790.00,NULL,NULL,'2024-01-02 15:40:12','2024-01-02 15:40:12',NULL,NULL);
INSERT INTO `cta_cte_tesoreria` VALUES (428,NULL,NULL,NULL,8434,40846,21539,NULL,57,119620,'2023-05-23',23283.00,1,790.00,NULL,NULL,'2024-01-02 15:41:11','2024-01-02 15:41:11',NULL,NULL),(429,NULL,NULL,NULL,8434,40846,21540,NULL,57,119620,'2023-05-08',1325.00,1,790.00,NULL,NULL,'2024-01-02 15:42:56','2024-01-02 15:42:56',NULL,NULL),(430,NULL,NULL,NULL,8434,40846,21541,NULL,57,119620,'2023-05-23',4800.00,1,790.00,NULL,NULL,'2024-01-02 15:45:45','2024-01-02 15:45:45',NULL,NULL),(431,NULL,NULL,NULL,8434,40846,21542,NULL,57,119620,'2023-05-19',6720.00,1,790.00,NULL,NULL,'2024-01-02 16:03:13','2024-01-02 16:03:13',NULL,NULL),(432,NULL,NULL,NULL,8434,40846,21545,NULL,57,119620,'2023-05-24',51800.00,1,790.00,NULL,NULL,'2024-01-02 16:14:14','2024-01-02 16:14:14',NULL,NULL),(433,NULL,NULL,NULL,8434,40846,21546,NULL,57,119620,'2023-05-24',47000.01,1,790.00,NULL,NULL,'2024-01-02 16:14:52','2024-01-02 16:14:52',NULL,NULL),(434,NULL,NULL,NULL,8434,40846,21547,NULL,57,119621,'2023-06-17',16000.00,1,790.00,NULL,NULL,'2024-01-02 16:53:59','2024-01-02 16:53:59',NULL,NULL),(435,NULL,NULL,NULL,8434,40846,21548,NULL,57,119621,'2023-06-09',17999.38,1,790.00,NULL,NULL,'2024-01-02 16:55:05','2024-01-02 16:55:05',NULL,NULL),(436,NULL,NULL,NULL,8434,40846,21549,NULL,57,119621,'2023-06-10',45000.00,1,790.00,NULL,NULL,'2024-01-02 16:56:39','2024-01-02 16:56:39',NULL,NULL),(437,NULL,NULL,NULL,8434,40846,21550,NULL,57,119621,'2023-06-01',7000.00,1,790.00,NULL,NULL,'2024-01-02 16:57:43','2024-01-02 16:57:43',NULL,NULL),(438,NULL,NULL,NULL,8434,40846,21551,NULL,57,119621,'2023-06-23',7840.00,1,790.00,NULL,NULL,'2024-01-02 16:59:32','2024-01-02 16:59:32',NULL,NULL),(439,NULL,NULL,NULL,8434,40846,21552,NULL,57,119621,'2023-06-30',14650.01,1,790.00,NULL,NULL,'2024-01-02 17:01:03','2024-01-02 17:01:03',NULL,NULL),(440,NULL,NULL,NULL,8434,40846,21558,NULL,57,119621,'2023-06-30',106288.07,1,790.00,NULL,NULL,'2024-01-02 17:32:15','2024-01-02 17:32:15',NULL,NULL),(441,NULL,NULL,NULL,8434,40846,21559,NULL,57,119621,'2023-06-01',3200.00,1,790.00,NULL,NULL,'2024-01-02 17:32:55','2024-01-02 17:32:55',NULL,NULL),(442,NULL,NULL,NULL,8434,40846,21560,NULL,57,119622,'2023-07-27',20500.69,1,790.00,NULL,NULL,'2024-01-02 18:39:34','2024-01-02 18:39:34',NULL,NULL),(443,NULL,NULL,NULL,8434,40846,21561,NULL,57,119622,'2023-07-31',8980.00,1,790.00,NULL,NULL,'2024-01-02 18:40:53','2024-01-02 18:40:53',NULL,NULL),(444,NULL,NULL,NULL,8434,40846,21562,NULL,57,119622,'2023-07-01',3500.00,1,790.00,NULL,NULL,'2024-01-02 18:45:21','2024-01-02 18:45:21',NULL,NULL),(445,NULL,NULL,NULL,8434,40846,21563,NULL,57,119622,'2023-07-01',9436.00,1,790.00,NULL,NULL,'2024-01-02 22:02:36','2024-01-02 22:02:36',NULL,NULL),(446,NULL,NULL,NULL,8434,40846,21564,NULL,57,119622,'2023-07-01',21619.00,1,790.00,NULL,NULL,'2024-01-02 22:03:38','2024-01-02 22:03:38',NULL,NULL),(447,NULL,NULL,NULL,8434,40846,21565,NULL,57,119622,'2023-07-16',13670.84,1,790.00,NULL,NULL,'2024-01-02 22:05:46','2024-01-02 22:05:46',NULL,NULL),(448,NULL,NULL,NULL,8434,40846,21567,NULL,57,119622,'2023-07-18',24638.36,1,793.00,NULL,NULL,'2024-01-03 00:18:42','2024-01-03 00:18:42',NULL,NULL),(449,NULL,NULL,NULL,8434,40846,21568,NULL,57,119623,'2023-08-31',6550.00,1,793.00,NULL,NULL,'2024-01-03 01:16:18','2024-01-03 01:16:18',NULL,NULL),(450,NULL,NULL,NULL,8434,40846,21569,NULL,57,119623,'2023-08-07',649.00,1,793.00,NULL,NULL,'2024-01-03 01:19:25','2024-01-03 01:19:25',NULL,NULL),(451,NULL,NULL,NULL,8434,40846,21570,NULL,57,119623,'2023-08-11',3710.00,1,793.00,NULL,NULL,'2024-01-03 01:20:30','2024-01-03 01:20:30',NULL,NULL),(452,NULL,NULL,NULL,8434,40846,21571,NULL,57,119623,'2023-08-20',17001.10,1,793.00,NULL,NULL,'2024-01-03 01:21:22','2024-01-03 01:21:22',NULL,NULL),(453,NULL,NULL,NULL,8434,40846,21572,NULL,57,119624,'2023-09-13',854.00,1,793.00,NULL,NULL,'2024-01-03 01:28:41','2024-01-03 01:28:41',NULL,NULL),(454,NULL,NULL,NULL,8434,40846,21573,NULL,57,119624,'2023-09-11',1300.00,1,793.00,NULL,NULL,'2024-01-03 01:29:49','2024-01-03 01:29:49',NULL,NULL);
INSERT INTO `cta_cte_tesoreria` VALUES (455,NULL,NULL,NULL,8434,40846,21574,NULL,57,119624,'2023-09-07',5750.00,1,793.00,NULL,NULL,'2024-01-03 01:30:38','2024-01-03 01:30:38',NULL,NULL),(456,NULL,NULL,NULL,8434,40846,21575,NULL,57,119624,'2023-09-30',12560.00,1,793.00,NULL,NULL,'2024-01-03 01:32:10','2024-01-03 01:32:10',NULL,NULL),(457,NULL,NULL,NULL,8434,40846,21576,NULL,57,119624,'2023-09-20',12400.00,1,793.00,NULL,NULL,'2024-01-03 01:36:56','2024-01-03 01:36:56',NULL,NULL),(458,NULL,NULL,NULL,8434,40846,21577,NULL,57,119624,'2023-09-20',18908.59,1,793.00,NULL,NULL,'2024-01-03 01:37:58','2024-01-03 01:37:58',NULL,NULL),(459,NULL,NULL,NULL,8434,40846,21578,NULL,57,119624,'2023-09-19',9500.00,1,793.00,NULL,NULL,'2024-01-03 01:38:53','2024-01-03 01:38:53',NULL,NULL),(460,NULL,NULL,NULL,8434,40846,21579,NULL,57,119624,'2023-09-27',4730.00,1,793.00,NULL,NULL,'2024-01-03 01:40:38','2024-01-03 01:40:38',NULL,NULL),(461,NULL,NULL,NULL,8434,40846,21580,NULL,57,119624,'2023-09-30',680.00,1,793.00,NULL,NULL,'2024-01-03 01:42:20','2024-01-03 01:42:20',NULL,NULL),(462,NULL,NULL,NULL,8434,40846,21581,NULL,57,119624,'2023-09-18',900.00,1,793.00,NULL,NULL,'2024-01-03 01:43:15','2024-01-03 01:43:15',NULL,NULL),(463,NULL,NULL,NULL,8434,40846,21582,NULL,57,119624,'2023-09-17',23694.21,1,793.00,NULL,NULL,'2024-01-03 01:44:59','2024-01-03 01:44:59',NULL,NULL),(464,NULL,NULL,NULL,8434,40846,21583,NULL,57,119624,'2023-09-11',1596.08,1,793.00,NULL,NULL,'2024-01-03 01:45:51','2024-01-03 01:45:51',NULL,NULL),(465,NULL,NULL,NULL,8434,40846,21584,NULL,57,119624,'2023-09-19',7000.00,1,793.00,NULL,NULL,'2024-01-03 01:47:37','2024-01-03 01:47:37',NULL,NULL),(466,NULL,NULL,NULL,8434,40846,21650,NULL,57,119625,'2023-10-01',61700.03,1,793.00,NULL,NULL,'2024-01-03 12:55:01','2024-01-03 12:55:01',NULL,NULL),(467,NULL,NULL,NULL,8434,40846,21651,NULL,57,119625,'2023-10-18',6329.99,1,793.00,NULL,NULL,'2024-01-03 12:56:02','2024-01-03 12:56:02',NULL,NULL),(468,NULL,NULL,NULL,8434,40846,21652,NULL,57,119625,'2023-10-01',40323.52,1,793.00,NULL,NULL,'2024-01-03 12:58:16','2024-01-03 12:58:16',NULL,NULL),(469,NULL,NULL,NULL,8434,40846,21655,NULL,57,119626,'2023-11-01',36146.70,1,793.00,NULL,NULL,'2024-01-03 16:14:29','2024-01-03 16:14:29',NULL,NULL),(470,NULL,NULL,NULL,8434,40846,21656,NULL,57,119626,'2023-11-23',4195.06,1,793.00,NULL,NULL,'2024-01-03 16:17:10','2024-01-03 16:17:10',NULL,NULL),(471,NULL,NULL,NULL,8434,40846,21657,NULL,57,119626,'2023-11-03',681835.00,1,793.00,NULL,NULL,'2024-01-03 16:39:05','2024-01-03 16:39:05',NULL,NULL),(472,NULL,NULL,NULL,8434,40846,21658,NULL,57,119626,'2023-11-13',76600.01,1,793.00,NULL,NULL,'2024-01-03 16:40:26','2024-01-03 16:40:26',NULL,NULL),(473,NULL,NULL,NULL,8434,40846,21659,NULL,57,119625,'2023-10-31',31772.25,1,793.00,NULL,NULL,'2024-01-03 17:02:16','2024-02-08 15:43:03','2024-02-08 15:43:03',NULL),(474,NULL,NULL,NULL,8434,40846,21660,NULL,57,119626,'2023-11-30',18976.09,1,793.00,NULL,NULL,'2024-01-03 17:02:52','2024-01-03 17:02:52',NULL,NULL),(475,NULL,NULL,NULL,8434,40846,21661,NULL,57,119625,'2023-10-04',19485.01,1,793.00,NULL,NULL,'2024-01-03 17:12:55','2024-01-03 17:12:55',NULL,NULL),(476,NULL,NULL,NULL,8434,40846,21662,NULL,57,119625,'2023-10-27',2032800.00,1,793.00,NULL,NULL,'2024-01-03 17:29:18','2024-01-03 17:29:18',NULL,NULL),(477,NULL,NULL,NULL,8434,40846,NULL,NULL,765,119631,'2024-01-03',0.00,1,1.00,'Saldo Inicial',NULL,'2024-01-03 18:00:48','2024-01-03 18:00:48',NULL,NULL),(478,NULL,NULL,NULL,8434,40846,21663,NULL,57,119625,'2023-10-31',132676.50,1,793.00,NULL,NULL,'2024-01-03 18:03:21','2024-01-03 18:03:21',NULL,NULL),(479,NULL,NULL,NULL,8433,40846,21670,NULL,57,119627,'2023-12-07',63600.01,1,798.00,NULL,NULL,'2024-01-09 10:24:11','2024-01-09 10:24:11',NULL,NULL),(480,NULL,NULL,NULL,8433,40846,21671,NULL,57,119627,'2023-12-18',96000.01,1,798.00,NULL,NULL,'2024-01-09 10:38:44','2024-01-09 10:38:44',NULL,NULL),(481,NULL,NULL,NULL,8433,40846,21672,NULL,57,119627,'2023-12-04',16638.89,1,798.00,NULL,NULL,'2024-01-09 10:44:42','2024-01-09 10:44:42',NULL,NULL);
INSERT INTO `cta_cte_tesoreria` VALUES (482,NULL,NULL,NULL,8433,40846,21673,NULL,57,119627,'2023-12-11',18239.04,1,798.00,NULL,NULL,'2024-01-09 10:46:05','2024-01-09 10:46:05',NULL,NULL),(483,NULL,NULL,NULL,8433,40846,21674,NULL,57,119627,'2023-12-11',140400.00,1,798.00,NULL,NULL,'2024-01-09 10:52:10','2024-01-09 10:52:10',NULL,NULL),(484,NULL,NULL,NULL,8433,40846,21675,NULL,57,119627,'2023-12-11',94400.00,1,798.00,NULL,NULL,'2024-01-09 10:54:54','2024-01-09 10:54:54',NULL,NULL),(485,NULL,NULL,NULL,8433,40846,21676,NULL,57,119627,'2023-12-27',417450.00,1,798.00,NULL,NULL,'2024-01-09 10:56:35','2024-01-09 10:56:35',NULL,NULL),(486,NULL,NULL,NULL,8433,40846,21677,NULL,57,119627,'2023-12-29',136500.00,1,798.00,NULL,NULL,'2024-01-09 10:57:51','2024-01-09 10:57:51',NULL,NULL),(487,NULL,NULL,NULL,8434,40846,21678,NULL,57,119627,'2023-12-05',46250.00,1,798.00,NULL,NULL,'2024-01-09 11:02:38','2024-02-09 03:12:49','2024-02-09 03:12:49',NULL),(488,NULL,NULL,NULL,8433,40846,21679,NULL,57,119627,'2023-12-05',50812.50,1,798.00,NULL,NULL,'2024-01-09 11:03:32','2024-01-09 11:03:32',NULL,NULL),(489,NULL,NULL,NULL,8433,40846,21680,NULL,57,119627,'2023-12-28',94287.33,1,798.00,NULL,NULL,'2024-01-09 13:28:30','2024-01-09 13:28:30',NULL,NULL),(490,NULL,NULL,NULL,8433,40846,21681,NULL,57,119627,'2023-12-11',353320.00,1,798.00,NULL,NULL,'2024-01-09 13:30:49','2024-01-09 13:30:49',NULL,NULL),(491,NULL,NULL,NULL,8433,40846,21682,NULL,57,119627,'2023-12-11',204472.00,1,798.00,NULL,NULL,'2024-01-09 13:31:49','2024-01-09 13:31:49',NULL,NULL),(492,NULL,NULL,NULL,8433,40846,21683,NULL,57,119627,'2023-12-06',739794.00,1,798.00,NULL,NULL,'2024-01-09 13:34:09','2024-01-09 13:34:09',NULL,NULL),(493,NULL,NULL,NULL,8433,40846,21685,NULL,57,119627,'2023-12-11',84799.99,1,800.00,NULL,NULL,'2024-01-10 09:55:08','2024-01-10 09:55:08',NULL,NULL),(494,NULL,NULL,NULL,8433,40846,21686,NULL,57,119627,'2023-12-18',38000.00,1,800.00,NULL,NULL,'2024-01-10 10:03:33','2024-01-10 10:03:33',NULL,NULL),(495,NULL,NULL,NULL,8433,40846,21687,NULL,57,119627,'2023-12-22',43299.18,1,800.00,NULL,NULL,'2024-01-10 10:04:54','2024-01-10 10:04:54',NULL,NULL),(496,NULL,NULL,NULL,8433,40846,21688,NULL,57,119627,'2023-12-06',2911.17,1,800.00,NULL,NULL,'2024-01-10 10:07:18','2024-01-10 10:07:18',NULL,NULL),(497,NULL,NULL,NULL,8433,40846,21689,NULL,57,119627,'2023-12-07',23341.40,1,800.00,NULL,NULL,'2024-01-10 10:08:36','2024-01-10 10:08:36',NULL,NULL),(498,NULL,NULL,NULL,8433,40846,21690,NULL,57,119627,'2023-12-07',300.00,1,800.00,NULL,NULL,'2024-01-10 10:09:41','2024-01-10 10:09:41',NULL,NULL),(499,NULL,NULL,NULL,8433,40846,21691,NULL,57,119627,'2023-12-07',1450.00,1,800.00,NULL,NULL,'2024-01-10 10:11:02','2024-01-10 10:11:02',NULL,NULL),(500,NULL,NULL,NULL,8433,40846,21692,NULL,57,119627,'2023-12-14',14000.51,1,800.00,NULL,NULL,'2024-01-10 10:12:10','2024-01-10 10:12:10',NULL,NULL),(501,NULL,NULL,NULL,8433,40846,21693,NULL,57,119627,'2023-12-20',2338.40,1,800.00,NULL,NULL,'2024-01-10 10:13:07','2024-01-10 10:13:07',NULL,NULL),(502,NULL,NULL,NULL,8433,40846,21695,NULL,57,119627,'2023-12-11',38000.00,1,800.00,NULL,NULL,'2024-01-10 12:07:49','2024-01-10 12:07:49',NULL,NULL),(503,NULL,NULL,NULL,8433,40846,21696,NULL,57,119627,'2023-12-06',7710.00,1,800.00,NULL,NULL,'2024-01-10 12:10:14','2024-01-10 12:10:14',NULL,NULL),(504,NULL,NULL,NULL,8433,40846,21697,NULL,57,119627,'2023-12-18',1217.08,1,800.00,NULL,NULL,'2024-01-10 12:11:16','2024-01-10 12:11:16',NULL,NULL),(505,NULL,NULL,NULL,8433,40846,21698,NULL,57,119627,'2023-12-12',314979.34,1,800.00,NULL,NULL,'2024-01-10 12:12:51','2024-01-10 12:12:51',NULL,NULL),(506,NULL,NULL,NULL,8433,40846,21699,NULL,57,119627,'2023-12-15',4638.02,1,800.00,NULL,NULL,'2024-01-10 12:17:37','2024-01-10 12:17:37',NULL,NULL),(507,NULL,NULL,NULL,8433,40846,21700,NULL,57,119627,'2023-12-22',4638.02,1,800.00,NULL,NULL,'2024-01-10 12:18:17','2024-01-10 12:18:17',NULL,NULL),(508,NULL,NULL,NULL,8433,40846,21701,NULL,57,119627,'2023-12-29',2300.00,1,800.00,NULL,NULL,'2024-01-10 12:19:26','2024-01-10 12:19:26',NULL,NULL);
INSERT INTO `cta_cte_tesoreria` VALUES (509,NULL,NULL,NULL,8433,40846,21702,NULL,57,119627,'2023-12-11',13688.07,1,800.00,NULL,NULL,'2024-01-10 13:53:34','2024-01-10 13:53:34',NULL,NULL),(510,NULL,NULL,NULL,8433,40846,21703,NULL,57,119627,'2023-12-28',315326.00,1,800.00,NULL,NULL,'2024-01-11 09:55:23','2024-01-11 09:55:23',NULL,NULL),(511,NULL,NULL,NULL,8433,40846,21704,NULL,13,119627,'2023-12-22',279750.00,1,800.00,NULL,NULL,'2024-01-11 10:08:51','2024-01-11 10:08:51',NULL,NULL),(512,NULL,NULL,NULL,8433,40846,21705,NULL,13,119627,'2023-12-28',548250.00,1,800.00,NULL,NULL,'2024-01-11 10:10:35','2024-01-11 10:10:35',NULL,NULL),(513,NULL,NULL,NULL,8434,40846,21706,NULL,13,119627,'2023-12-27',753948.00,1,818.00,NULL,NULL,'2024-02-07 13:57:48','2024-02-07 13:57:48',NULL,NULL),(514,NULL,NULL,NULL,8434,40846,21707,NULL,13,119627,'2023-12-28',5660864.00,1,818.00,NULL,NULL,'2024-02-07 18:12:18','2024-02-07 18:12:18',NULL,NULL),(515,NULL,NULL,NULL,8434,40846,21708,NULL,13,119627,'2023-12-28',13196205.02,1,818.00,NULL,NULL,'2024-02-07 18:16:47','2024-02-07 18:16:47',NULL,NULL),(516,NULL,NULL,NULL,8434,40846,21709,NULL,13,119627,'2023-12-29',4245648.00,1,818.00,NULL,NULL,'2024-02-07 18:20:56','2024-02-07 18:20:56',NULL,NULL),(517,NULL,NULL,NULL,8434,40846,21710,NULL,57,119627,'2023-12-31',18947.25,1,818.00,NULL,NULL,'2024-02-07 18:28:55','2024-02-07 18:28:55',NULL,NULL),(518,NULL,NULL,NULL,8434,40846,21711,NULL,57,119627,'2023-12-29',2592.84,1,818.00,NULL,NULL,'2024-02-07 18:30:31','2024-02-07 18:30:31',NULL,NULL),(519,NULL,NULL,NULL,8434,40846,21712,NULL,57,119622,'2023-07-29',1625.65,1,818.00,NULL,NULL,'2024-02-07 18:31:49','2024-02-07 18:31:49',NULL,NULL),(520,NULL,NULL,NULL,8434,40846,21713,NULL,57,119623,'2023-08-31',1805.99,1,818.00,NULL,NULL,'2024-02-07 18:32:48','2024-02-07 18:32:48',NULL,NULL),(521,NULL,NULL,NULL,8434,40846,21714,NULL,57,119625,'2023-10-31',31772.25,1,819.00,NULL,NULL,'2024-02-08 15:43:42','2024-02-08 15:43:42',NULL,NULL),(522,NULL,NULL,NULL,8434,40846,21715,NULL,57,119624,'2023-09-08',2340.00,1,819.00,NULL,NULL,'2024-02-08 20:03:15','2024-02-08 20:03:15',NULL,NULL),(523,NULL,NULL,NULL,8434,40846,21716,NULL,57,119622,'2023-07-25',20400.00,1,819.00,NULL,NULL,'2024-02-08 22:23:43','2024-02-08 22:23:43',NULL,NULL),(524,NULL,NULL,NULL,8434,40846,21718,NULL,57,119626,'2023-11-07',960.00,1,819.00,NULL,NULL,'2024-02-08 22:45:32','2024-02-08 22:45:32',NULL,NULL),(525,NULL,NULL,NULL,8434,40846,21719,NULL,57,119622,'2023-07-25',45970.08,1,819.00,NULL,NULL,'2024-02-08 23:16:58','2024-02-08 23:16:58',NULL,NULL),(526,NULL,NULL,NULL,8434,40846,21720,NULL,57,119618,'2023-03-31',2850.00,1,819.00,NULL,NULL,'2024-02-09 00:26:09','2024-02-09 00:26:09',NULL,NULL),(527,NULL,NULL,NULL,8434,40846,21721,NULL,57,119619,'2023-04-21',950.00,1,819.00,NULL,NULL,'2024-02-09 00:27:05','2024-02-09 00:27:05',NULL,NULL),(528,NULL,NULL,NULL,8434,40846,21722,NULL,57,119619,'2023-04-28',950.00,1,819.00,NULL,NULL,'2024-02-09 00:27:40','2024-02-09 00:27:40',NULL,NULL),(529,NULL,NULL,NULL,8434,40846,21724,NULL,57,119624,'2023-09-10',26700.01,1,819.00,NULL,NULL,'2024-02-09 00:48:49','2024-02-09 00:48:49',NULL,NULL),(530,NULL,NULL,NULL,8434,40846,21728,NULL,57,119619,'2023-04-02',2259.67,1,819.00,NULL,NULL,'2024-02-09 01:42:08','2024-02-09 01:42:08',NULL,NULL),(531,NULL,NULL,NULL,8434,40846,21729,NULL,57,119619,'2023-04-20',744.42,1,819.00,NULL,NULL,'2024-02-09 01:45:52','2024-02-09 01:45:52',NULL,NULL),(532,NULL,NULL,NULL,8434,40846,21730,NULL,57,119619,'2023-04-20',163.00,1,819.00,NULL,NULL,'2024-02-09 01:46:30','2024-02-09 01:46:30',NULL,NULL),(533,NULL,NULL,NULL,8434,40846,21731,NULL,57,119619,'2023-04-25',300.00,1,819.00,NULL,NULL,'2024-02-09 01:47:01','2024-02-09 01:47:01',NULL,NULL),(534,NULL,NULL,NULL,8434,40846,21732,NULL,57,119619,'2023-04-21',15431.21,1,819.00,NULL,NULL,'2024-02-09 01:47:40','2024-02-09 01:47:40',NULL,NULL),(535,NULL,NULL,NULL,8434,40846,21733,NULL,57,119621,'2023-06-16',151149.00,1,819.00,NULL,NULL,'2024-02-09 01:58:46','2024-02-09 01:58:46',NULL,NULL);
INSERT INTO `cta_cte_tesoreria` VALUES (536,NULL,NULL,NULL,8434,40846,21734,NULL,57,119621,'2023-06-16',63635.33,1,819.00,NULL,NULL,'2024-02-09 01:59:45','2024-02-09 01:59:45',NULL,NULL),(537,NULL,NULL,NULL,8434,40846,21735,NULL,57,119621,'2023-06-22',107071.28,1,819.00,NULL,NULL,'2024-02-09 02:00:56','2024-02-09 02:00:56',NULL,NULL),(538,NULL,NULL,NULL,8434,40846,21736,NULL,57,119621,'2023-06-23',19859.96,1,819.00,NULL,NULL,'2024-02-09 02:01:38','2024-02-09 02:01:38',NULL,NULL),(539,NULL,NULL,NULL,8434,40846,21737,NULL,57,119621,'2023-06-29',19046.16,1,819.00,NULL,NULL,'2024-02-09 02:03:14','2024-02-09 02:03:14',NULL,NULL),(540,NULL,NULL,NULL,8434,40846,21738,NULL,57,119621,'2023-06-29',150.00,1,819.00,NULL,NULL,'2024-02-09 02:04:02','2024-02-09 02:04:02',NULL,NULL),(541,NULL,NULL,NULL,8434,40846,21739,NULL,57,119622,'2023-07-18',67552.71,1,819.00,NULL,NULL,'2024-02-09 02:13:38','2024-02-09 02:13:38',NULL,NULL),(542,NULL,NULL,NULL,8434,40846,21740,NULL,57,119622,'2023-07-24',200.00,1,819.00,NULL,NULL,'2024-02-09 02:14:12','2024-02-09 02:14:12',NULL,NULL),(543,NULL,NULL,NULL,8434,40846,21741,NULL,57,119623,'2023-08-04',1222.06,1,819.00,NULL,NULL,'2024-02-09 02:17:54','2024-02-09 02:17:54',NULL,NULL),(544,NULL,NULL,NULL,8434,40846,21742,NULL,57,119623,'2023-08-04',84119.93,1,819.00,NULL,NULL,'2024-02-09 02:18:50','2024-02-09 02:18:50',NULL,NULL),(545,NULL,NULL,NULL,8434,40846,21743,NULL,57,119623,'2023-08-23',350.00,1,819.00,NULL,NULL,'2024-02-09 02:20:45','2024-02-09 02:20:45',NULL,NULL),(546,NULL,NULL,NULL,8434,40846,21744,NULL,57,119623,'2023-08-28',300.00,1,819.00,NULL,NULL,'2024-02-09 02:21:23','2024-02-09 02:21:23',NULL,NULL),(547,NULL,NULL,NULL,8434,40846,21745,NULL,57,119624,'2023-09-04',89580.41,1,819.00,NULL,NULL,'2024-02-09 02:27:02','2024-02-09 02:27:02',NULL,NULL),(548,NULL,NULL,NULL,8434,40846,21746,NULL,57,119624,'2023-09-08',200.00,1,819.00,NULL,NULL,'2024-02-09 02:28:50','2024-02-09 02:28:50',NULL,NULL),(549,NULL,NULL,NULL,8434,40846,21747,NULL,57,119624,'2023-09-25',350.00,1,819.00,NULL,NULL,'2024-02-09 02:29:35','2024-02-09 02:29:35',NULL,NULL),(550,NULL,NULL,NULL,8434,40846,21748,NULL,57,119624,'2023-09-20',750.00,1,819.00,NULL,NULL,'2024-02-09 02:41:07','2024-02-09 02:41:07',NULL,NULL),(551,NULL,NULL,NULL,8434,40846,21752,NULL,57,119627,'2023-12-05',46250.00,1,819.00,NULL,NULL,'2024-02-09 03:15:37','2024-02-09 03:15:37',NULL,NULL),(552,NULL,NULL,NULL,8434,40846,21753,NULL,57,119625,'2023-10-31',96012.10,1,819.00,NULL,NULL,'2024-02-09 03:20:34','2024-02-09 03:20:34',NULL,NULL),(553,NULL,NULL,NULL,8434,40846,21754,NULL,57,119618,'2023-03-11',67545.98,1,819.00,NULL,NULL,'2024-02-09 03:42:51','2024-02-09 03:42:51',NULL,NULL),(554,NULL,NULL,NULL,8434,40846,21755,NULL,57,119622,'2023-07-21',21448.75,1,819.00,NULL,NULL,'2024-02-09 03:46:25','2024-02-09 03:46:25',NULL,NULL),(555,NULL,NULL,NULL,8434,40846,21756,NULL,57,119619,'2023-04-20',94380.00,1,833.00,NULL,NULL,'2024-03-06 09:04:28','2024-03-06 09:04:28',NULL,NULL),(556,NULL,NULL,NULL,8434,40846,21757,NULL,57,119626,'2023-11-07',290400.00,1,833.00,NULL,NULL,'2024-03-06 09:05:16','2024-03-06 09:05:16',NULL,NULL),(557,NULL,NULL,NULL,8434,40846,21758,NULL,57,119626,'2023-11-30',13520.54,1,833.00,NULL,NULL,'2024-03-06 09:06:39','2024-03-06 09:06:39',NULL,NULL),(558,NULL,NULL,NULL,8434,40846,21759,NULL,57,119626,'2023-11-15',2250.00,1,833.00,NULL,NULL,'2024-03-06 09:07:38','2024-03-06 09:07:38',NULL,NULL),(559,NULL,NULL,NULL,8434,40846,21760,NULL,57,119620,'2023-05-30',750.00,1,833.00,NULL,NULL,'2024-03-06 09:08:28','2024-03-06 09:08:28',NULL,NULL),(560,NULL,NULL,NULL,8434,40846,21761,NULL,57,119627,'2023-12-18',363000.00,1,833.00,NULL,NULL,'2024-03-06 09:09:19','2024-03-06 09:09:19',NULL,NULL),(561,NULL,NULL,NULL,8434,40846,21762,NULL,57,119626,'2023-11-09',13618.50,1,833.00,NULL,NULL,'2024-03-06 09:42:33','2024-03-06 09:42:33',NULL,NULL),(562,NULL,NULL,NULL,8434,40846,21763,NULL,57,119626,'2023-11-29',11702.70,1,833.00,NULL,NULL,'2024-03-06 09:43:39','2024-03-06 09:43:39',NULL,NULL);
INSERT INTO `cta_cte_tesoreria` VALUES (563,NULL,NULL,NULL,8434,40846,21764,NULL,57,119625,'2023-10-04',14700.00,1,833.00,NULL,NULL,'2024-03-06 10:03:19','2024-03-06 10:03:19',NULL,NULL),(564,NULL,NULL,NULL,8434,40846,21765,NULL,57,119625,'2023-10-30',18984.42,1,833.00,NULL,NULL,'2024-03-06 10:04:59','2024-03-06 10:04:59',NULL,NULL),(565,NULL,NULL,NULL,8434,40846,21766,NULL,57,119625,'2023-10-15',11002.71,1,833.00,NULL,NULL,'2024-03-06 10:06:07','2024-03-06 10:06:07',NULL,NULL),(566,NULL,NULL,NULL,8434,40846,21767,NULL,57,119626,'2023-11-05',29700.00,1,833.00,NULL,NULL,'2024-03-06 10:08:49','2024-03-06 10:08:49',NULL,NULL),(567,NULL,NULL,NULL,8434,40846,21768,NULL,57,119626,'2023-11-11',14000.00,1,833.00,NULL,NULL,'2024-03-06 10:13:28','2024-03-06 10:13:28',NULL,NULL),(568,NULL,NULL,NULL,8434,40846,21769,NULL,57,119626,'2023-11-22',15271.86,1,833.00,NULL,NULL,'2024-03-06 10:14:14','2024-03-06 10:14:14',NULL,NULL),(569,NULL,NULL,NULL,8434,40846,21770,NULL,57,119626,'2023-11-19',20726.97,1,833.00,NULL,NULL,'2024-03-06 10:15:07','2024-03-06 10:15:07',NULL,NULL),(570,NULL,NULL,NULL,8434,40846,21771,NULL,57,119625,'2023-10-21',200193.22,1,833.00,NULL,NULL,'2024-03-06 10:24:19','2024-03-06 10:24:19',NULL,NULL),(571,NULL,NULL,NULL,8434,40846,21772,NULL,57,119626,'2023-11-01',2926.05,1,833.00,NULL,NULL,'2024-03-06 10:59:05','2024-03-06 10:59:05',NULL,NULL);

--
-- Table structure for table `cta_cte_tesoreria_banco_cheq`
--

CREATE TABLE `cta_cte_tesoreria_banco_cheq` (
  `id` int(10) unsigned NOT NULL AUTO_INCREMENT,
  `user_id` int(10) unsigned DEFAULT NULL,
  `person_id` int(10) unsigned NOT NULL,
  `cta_cte_tesoreria_cuenta_id` int(10) unsigned NOT NULL,
  `cta_cte_tesoreria_banco_id` int(10) unsigned NOT NULL,
  `chequera_tipo_id` int(10) unsigned NOT NULL,
  `serie` text COLLATE utf8mb4_unicode_ci,
  `numero_cheque` int(11) DEFAULT NULL,
  `habilitado` tinyint(1) NOT NULL DEFAULT '1',
  `created_at` timestamp NULL DEFAULT NULL,
  `updated_at` timestamp NULL DEFAULT NULL,
  `deleted_at` timestamp NULL DEFAULT NULL,
  PRIMARY KEY (`id`),
  KEY `cta_cte_tesoreria_banco_cheq_person_id_foreign` (`person_id`),
  KEY `cta_cte_tesoreria_banco_cheq_cta_cte_tesoreria_cuenta_id_foreign` (`cta_cte_tesoreria_cuenta_id`),
  KEY `cta_cte_tesoreria_banco_cheq_cta_cte_tesoreria_banco_id_foreign` (`cta_cte_tesoreria_banco_id`),
  KEY `cta_cte_tesoreria_banco_cheq_chequera_tipo_id_foreign` (`chequera_tipo_id`),
  CONSTRAINT `cta_cte_tesoreria_banco_cheq_chequera_tipo_id_foreign` FOREIGN KEY (`chequera_tipo_id`) REFERENCES `chequeras_tipos` (`id`),
  CONSTRAINT `cta_cte_tesoreria_banco_cheq_cta_cte_tesoreria_banco_id_foreign` FOREIGN KEY (`cta_cte_tesoreria_banco_id`) REFERENCES `cta_cte_tesoreria_bancos` (`id`),
  CONSTRAINT `cta_cte_tesoreria_banco_cheq_cta_cte_tesoreria_cuenta_id_foreign` FOREIGN KEY (`cta_cte_tesoreria_cuenta_id`) REFERENCES `cta_cte_tesoreria_cuentas` (`id`),
  CONSTRAINT `cta_cte_tesoreria_banco_cheq_person_id_foreign` FOREIGN KEY (`person_id`) REFERENCES `persons` (`id`)
) ENGINE=InnoDB AUTO_INCREMENT=4 DEFAULT CHARSET=utf8mb4 COLLATE=utf8mb4_unicode_ci;

--
-- Dumping data for table `cta_cte_tesoreria_banco_cheq`
--

INSERT INTO `cta_cte_tesoreria_banco_cheq` VALUES (1,8434,40846,757,1,3,'',99,0,'2023-03-27 00:14:12','2024-03-06 10:15:07',NULL),(2,NULL,40762,759,2,1,'T',1541545,1,'2023-03-27 00:14:12','2023-03-27 00:14:12',NULL),(3,8444,40724,764,3,1,NULL,1,1,'2023-04-27 08:26:42','2023-04-27 08:26:42',NULL);

--
-- Table structure for table `cta_cte_tesoreria_banco_claves`
--

CREATE TABLE `cta_cte_tesoreria_banco_claves` (
  `id` int(10) unsigned NOT NULL AUTO_INCREMENT,
  `user_id` int(10) unsigned DEFAULT NULL,
  `person_id` int(10) unsigned NOT NULL,
  `cta_cte_tesoreria_cuenta_id` int(10) unsigned NOT NULL,
  `cta_cte_tesoreria_banco_id` int(10) unsigned NOT NULL,
  `descripcion_name` text COLLATE utf8mb4_unicode_ci,
  `descripcion` longtext COLLATE utf8mb4_unicode_ci,
  `created_at` timestamp NULL DEFAULT NULL,
  `updated_at` timestamp NULL DEFAULT NULL,
  `deleted_at` timestamp NULL DEFAULT NULL,
  PRIMARY KEY (`id`),
  KEY `cta_cte_tesoreria_banco_claves_person_id_foreign` (`person_id`),
  KEY `ct_cuenta_id` (`cta_cte_tesoreria_cuenta_id`),
  KEY `ct_banco_id` (`cta_cte_tesoreria_banco_id`),
  CONSTRAINT `ct_banco_id` FOREIGN KEY (`cta_cte_tesoreria_banco_id`) REFERENCES `cta_cte_tesoreria_bancos` (`id`),
  CONSTRAINT `ct_cuenta_id` FOREIGN KEY (`cta_cte_tesoreria_cuenta_id`) REFERENCES `cta_cte_tesoreria_cuentas` (`id`),
  CONSTRAINT `cta_cte_tesoreria_banco_claves_person_id_foreign` FOREIGN KEY (`person_id`) REFERENCES `persons` (`id`)
) ENGINE=InnoDB DEFAULT CHARSET=utf8mb4 COLLATE=utf8mb4_unicode_ci;

--
-- Dumping data for table `cta_cte_tesoreria_banco_claves`
--


--
-- Table structure for table `cta_cte_tesoreria_banco_comentarios`
--

CREATE TABLE `cta_cte_tesoreria_banco_comentarios` (
  `id` int(10) unsigned NOT NULL AUTO_INCREMENT,
  `user_id` int(10) unsigned DEFAULT NULL,
  `person_id` int(10) unsigned NOT NULL,
  `cta_cte_tesoreria_cuenta_id` int(10) unsigned NOT NULL,
  `cta_cte_tesoreria_banco_id` int(10) unsigned NOT NULL,
  `fecha` datetime NOT NULL,
  `descripcion` longtext COLLATE utf8mb4_unicode_ci NOT NULL,
  `created_at` timestamp NULL DEFAULT NULL,
  `updated_at` timestamp NULL DEFAULT NULL,
  `deleted_at` timestamp NULL DEFAULT NULL,
  PRIMARY KEY (`id`),
  KEY `cta_cte_tesoreria_banco_comentarios_person_id_foreign` (`person_id`),
  KEY `ct_cuentas_id` (`cta_cte_tesoreria_cuenta_id`),
  KEY `ct_bancos_id` (`cta_cte_tesoreria_banco_id`),
  CONSTRAINT `ct_bancos_id` FOREIGN KEY (`cta_cte_tesoreria_banco_id`) REFERENCES `cta_cte_tesoreria_bancos` (`id`),
  CONSTRAINT `ct_cuentas_id` FOREIGN KEY (`cta_cte_tesoreria_cuenta_id`) REFERENCES `cta_cte_tesoreria_cuentas` (`id`),
  CONSTRAINT `cta_cte_tesoreria_banco_comentarios_person_id_foreign` FOREIGN KEY (`person_id`) REFERENCES `persons` (`id`)
) ENGINE=InnoDB DEFAULT CHARSET=utf8mb4 COLLATE=utf8mb4_unicode_ci;

--
-- Dumping data for table `cta_cte_tesoreria_banco_comentarios`
--


--
-- Table structure for table `cta_cte_tesoreria_banco_estados`
--

CREATE TABLE `cta_cte_tesoreria_banco_estados` (
  `id` int(10) unsigned NOT NULL AUTO_INCREMENT,
  `user_id` int(10) unsigned DEFAULT NULL,
  `descripcion` text COLLATE utf8mb4_unicode_ci NOT NULL,
  `habilitado` tinyint(1) NOT NULL,
  `created_at` timestamp NULL DEFAULT NULL,
  `updated_at` timestamp NULL DEFAULT NULL,
  `deleted_at` timestamp NULL DEFAULT NULL,
  PRIMARY KEY (`id`)
) ENGINE=InnoDB AUTO_INCREMENT=6 DEFAULT CHARSET=utf8mb4 COLLATE=utf8mb4_unicode_ci;

--
-- Dumping data for table `cta_cte_tesoreria_banco_estados`
--

INSERT INTO `cta_cte_tesoreria_banco_estados` VALUES (1,NULL,'Habilitado',0,NULL,NULL,NULL),(2,NULL,'En Proceso',0,NULL,NULL,NULL),(3,NULL,'Bloqueado',0,NULL,NULL,NULL),(4,NULL,'Reconocimiento',0,NULL,NULL,NULL),(5,NULL,'Inhabilitado',0,NULL,NULL,NULL);

--
-- Table structure for table `cta_cte_tesoreria_bancos`
--

CREATE TABLE `cta_cte_tesoreria_bancos` (
  `id` int(10) unsigned NOT NULL AUTO_INCREMENT,
  `user_id` int(10) unsigned DEFAULT NULL,
  `person_id` int(10) unsigned NOT NULL,
  `cta_cte_tesoreria_cuenta_id` int(10) unsigned NOT NULL,
  `ctacte_banco_id` int(10) unsigned NOT NULL,
  `persona_empresa` int(11) NOT NULL DEFAULT '1',
  `zone_id` int(10) unsigned NOT NULL,
  `cuenta_contable_id` int(10) unsigned NOT NULL,
  `cuenta_contable_id_diferido` int(10) unsigned DEFAULT NULL,
  `cuenta_contable_id_pend_acred` int(10) unsigned DEFAULT NULL,
  `numero_cuenta` text COLLATE utf8mb4_unicode_ci,
  `cbu` text COLLATE utf8mb4_unicode_ci,
  `alias` text COLLATE utf8mb4_unicode_ci,
  `cta_cte_tesoreria_banco_estado_id` int(10) unsigned DEFAULT NULL,
  `person_id_relationed` int(10) unsigned DEFAULT NULL,
  `habilitado` tinyint(1) NOT NULL DEFAULT '1',
  `created_at` timestamp NULL DEFAULT NULL,
  `updated_at` timestamp NULL DEFAULT NULL,
  `deleted_at` timestamp NULL DEFAULT NULL,
  PRIMARY KEY (`id`),
  KEY `cta_cte_tesoreria_bancos_person_id_foreign` (`person_id`),
  KEY `cta_cte_tesoreria_bancos_cta_cte_tesoreria_cuenta_id_foreign` (`cta_cte_tesoreria_cuenta_id`),
  KEY `cta_cte_tesoreria_bancos_ctacte_banco_id_foreign` (`ctacte_banco_id`),
  KEY `cta_cte_tesoreria_bancos_zone_id_foreign` (`zone_id`),
  KEY `cta_cte_tesoreria_bancos_cuenta_contable_id_foreign` (`cuenta_contable_id`),
  KEY `cta_cte_tesoreria_bancos_cuenta_contable_id_diferido_foreign` (`cuenta_contable_id_diferido`),
  KEY `cta_cte_tesoreria_bancos_cuenta_contable_id_pend_acred_foreign` (`cuenta_contable_id_pend_acred`),
  KEY `cta_cte_tesoreria_bancos_person_id_relationed_foreign` (`person_id_relationed`),
  KEY `ct_banco_estado_id` (`cta_cte_tesoreria_banco_estado_id`),
  CONSTRAINT `ct_banco_estado_id` FOREIGN KEY (`cta_cte_tesoreria_banco_estado_id`) REFERENCES `cta_cte_tesoreria_banco_estados` (`id`),
  CONSTRAINT `cta_cte_tesoreria_bancos_cta_cte_tesoreria_cuenta_id_foreign` FOREIGN KEY (`cta_cte_tesoreria_cuenta_id`) REFERENCES `cta_cte_tesoreria_cuentas` (`id`),
  CONSTRAINT `cta_cte_tesoreria_bancos_ctacte_banco_id_foreign` FOREIGN KEY (`ctacte_banco_id`) REFERENCES `ctacte_bancos` (`id`),
  CONSTRAINT `cta_cte_tesoreria_bancos_cuenta_contable_id_diferido_foreign` FOREIGN KEY (`cuenta_contable_id_diferido`) REFERENCES `conta_plan_cuenta` (`id`),
  CONSTRAINT `cta_cte_tesoreria_bancos_cuenta_contable_id_foreign` FOREIGN KEY (`cuenta_contable_id`) REFERENCES `conta_plan_cuenta` (`id`),
  CONSTRAINT `cta_cte_tesoreria_bancos_cuenta_contable_id_pend_acred_foreign` FOREIGN KEY (`cuenta_contable_id_pend_acred`) REFERENCES `conta_plan_cuenta` (`id`),
  CONSTRAINT `cta_cte_tesoreria_bancos_person_id_foreign` FOREIGN KEY (`person_id`) REFERENCES `persons` (`id`),
  CONSTRAINT `cta_cte_tesoreria_bancos_person_id_relationed_foreign` FOREIGN KEY (`person_id_relationed`) REFERENCES `persons` (`id`),
  CONSTRAINT `cta_cte_tesoreria_bancos_zone_id_foreign` FOREIGN KEY (`zone_id`) REFERENCES `zones` (`id`)
) ENGINE=InnoDB AUTO_INCREMENT=4 DEFAULT CHARSET=utf8mb4 COLLATE=utf8mb4_unicode_ci;

--
-- Dumping data for table `cta_cte_tesoreria_bancos`
--

INSERT INTO `cta_cte_tesoreria_bancos` VALUES (1,8434,40846,757,1,1,22,425,425,425,'0005207-0 026-2','0070026920000005207028',NULL,NULL,NULL,1,'2023-03-27 00:14:12','2023-04-10 11:15:38',NULL),(2,NULL,40762,759,1,1,22,444,444,444,'015-Ejemplo','1234567890123456789012',NULL,NULL,NULL,1,'2023-03-27 00:14:12','2023-03-27 00:14:12',NULL),(3,8444,40724,764,3,1,23,14,14,14,'719351341/8','0140320401719305134189',NULL,NULL,NULL,1,'2023-04-27 08:26:42','2023-04-27 08:26:42',NULL);

--
-- Table structure for table `cta_cte_tesoreria_cuenta_tipos`
--

CREATE TABLE `cta_cte_tesoreria_cuenta_tipos` (
  `id` int(10) unsigned NOT NULL AUTO_INCREMENT,
  `user_id` int(10) unsigned DEFAULT NULL,
  `descripcion` text COLLATE utf8mb4_unicode_ci NOT NULL,
  `habilitado` tinyint(1) NOT NULL DEFAULT '1',
  `created_at` timestamp NULL DEFAULT NULL,
  `updated_at` timestamp NULL DEFAULT NULL,
  `deleted_at` timestamp NULL DEFAULT NULL,
  PRIMARY KEY (`id`)
) ENGINE=InnoDB AUTO_INCREMENT=11 DEFAULT CHARSET=utf8mb4 COLLATE=utf8mb4_unicode_ci;

--
-- Dumping data for table `cta_cte_tesoreria_cuenta_tipos`
--

INSERT INTO `cta_cte_tesoreria_cuenta_tipos` VALUES (1,NULL,'CAJA',1,NULL,NULL,NULL),(2,NULL,'BANCOS',1,NULL,NULL,NULL),(3,NULL,'CHEQUES',1,NULL,NULL,NULL),(4,NULL,'RETENCIONES EFECTUADAS',1,NULL,'2024-05-26 20:59:11',NULL),(5,NULL,'PERCEPCIONES EFECTUADAS',1,NULL,'2024-05-26 20:59:11',NULL),(6,NULL,'RESULTADO NEGATIVO',1,NULL,NULL,NULL),(7,NULL,'RESULTADO POSITIVO',1,NULL,NULL,NULL),(8,NULL,'MOVIMIENTO',1,NULL,NULL,NULL),(9,NULL,'RETENCIONES SUFRIDAS',1,NULL,NULL,NULL),(10,NULL,'PERCEPCIONES SUFRIDAS',1,NULL,NULL,NULL);

--
-- Table structure for table `cta_cte_tesoreria_cuentas`
--

CREATE TABLE `cta_cte_tesoreria_cuentas` (
  `id` int(10) unsigned NOT NULL AUTO_INCREMENT,
  `bind_apibank_enabled` tinyint(1) NOT NULL DEFAULT '0' COMMENT 'Tiene Bind APIBank habilitado?',
  `bind_account_id` varchar(50) COLLATE utf8mb4_unicode_ci DEFAULT NULL COMMENT 'ID de cuenta en Bind APIBank (obtenido al configurar)',
  `user_id` int(10) unsigned DEFAULT NULL,
  `is_no_fiscal` tinyint(1) DEFAULT '0',
  `moneda_id` int(10) unsigned NOT NULL DEFAULT '1',
  `plan_cuenta_id` int(10) unsigned NOT NULL,
  `person_id` int(10) unsigned DEFAULT NULL,
  `cta_cte_tesoreria_cuenta_tipo_id` int(10) unsigned NOT NULL DEFAULT '8',
  `retention_type_id` int(10) unsigned DEFAULT NULL,
  `nombre` varchar(191) COLLATE utf8mb4_unicode_ci NOT NULL,
  `cuit` text COLLATE utf8mb4_unicode_ci,
  `cheque3ros` tinyint(1) NOT NULL DEFAULT '0',
  `cheque_emitidos` tinyint(1) NOT NULL DEFAULT '0',
  `tes_cta_cte` tinyint(1) NOT NULL DEFAULT '0',
  `tes_cuenta_origen` tinyint(1) NOT NULL DEFAULT '0',
  `tes_cuenta_destino` tinyint(1) NOT NULL DEFAULT '0',
  `conta_asientos` tinyint(1) NOT NULL DEFAULT '0',
  `habilitado` tinyint(1) NOT NULL DEFAULT '1',
  `created_at` timestamp NULL DEFAULT NULL,
  `updated_at` timestamp NULL DEFAULT NULL,
  `deleted_at` timestamp NULL DEFAULT NULL,
  PRIMARY KEY (`id`),
  KEY `cta_cte_tesoreria_cuentas_person_id_foreign` (`person_id`),
  KEY `cta_cte_tesoreria_cuentas_plan_cuenta_id_foreign` (`plan_cuenta_id`),
  KEY `cta_tes_tipo_id_foreign` (`cta_cte_tesoreria_cuenta_tipo_id`),
  KEY `cta_cte_tesoreria_cuentas_moneda_id_foreign` (`moneda_id`),
  KEY `cta_cte_tesoreria_cuentas_retention_type_id_foreign` (`retention_type_id`),
  KEY `idx_cctc_bind_apibank_enabled` (`bind_apibank_enabled`),
  KEY `idx_cctc_bind_account_id` (`bind_account_id`),
  CONSTRAINT `cta_cte_tesoreria_cuentas_moneda_id_foreign` FOREIGN KEY (`moneda_id`) REFERENCES `monedas` (`id`),
  CONSTRAINT `cta_cte_tesoreria_cuentas_person_id_foreign` FOREIGN KEY (`person_id`) REFERENCES `persons` (`id`),
  CONSTRAINT `cta_cte_tesoreria_cuentas_plan_cuenta_id_foreign` FOREIGN KEY (`plan_cuenta_id`) REFERENCES `conta_plan_cuenta` (`id`),
  CONSTRAINT `cta_cte_tesoreria_cuentas_retention_type_id_foreign` FOREIGN KEY (`retention_type_id`) REFERENCES `retention_types` (`id`),
  CONSTRAINT `cta_tes_tipo_id_foreign` FOREIGN KEY (`cta_cte_tesoreria_cuenta_tipo_id`) REFERENCES `cta_cte_tesoreria_cuenta_tipos` (`id`)
) ENGINE=InnoDB AUTO_INCREMENT=766 DEFAULT CHARSET=utf8mb4 COLLATE=utf8mb4_unicode_ci;

--
-- Dumping data for table `cta_cte_tesoreria_cuentas`
--

INSERT INTO `cta_cte_tesoreria_cuentas` VALUES (13,0,NULL,NULL,0,1,13,NULL,8,NULL,'Clientes - Deudores',NULL,0,0,0,0,0,0,1,'2019-10-19 02:10:24','2019-10-19 02:10:24',NULL),(20,0,NULL,NULL,0,1,20,NULL,8,NULL,'Anticipos Impuesto a las Ganancias',NULL,0,0,0,0,1,0,1,'2019-10-19 02:10:24','2019-10-19 02:10:24',NULL),(23,0,NULL,NULL,0,1,23,NULL,4,NULL,'Retenciones Impuesto a las Ganancias',NULL,0,0,1,0,0,0,1,'2019-10-19 02:10:24','2023-03-27 00:14:11',NULL),(25,0,NULL,NULL,0,1,25,NULL,4,NULL,'Retenciones de IVA',NULL,0,0,1,0,0,0,1,'2019-10-19 02:10:24','2023-03-27 00:14:11',NULL),(57,0,NULL,NULL,0,1,57,NULL,8,NULL,'Proveedores en Cta. Cte. locales',NULL,0,0,0,0,0,0,1,'2019-10-19 02:10:24','2019-10-19 02:10:24',NULL),(60,0,NULL,NULL,0,1,60,NULL,3,NULL,'Cheques emitidos ',NULL,0,1,1,1,1,0,1,'2019-10-19 02:10:24','2023-03-27 00:14:11',NULL),(62,0,NULL,NULL,0,1,62,NULL,8,NULL,'Sueldos y Jornales a pagar',NULL,0,0,0,0,1,0,1,'2019-10-19 02:10:24','2019-10-19 02:10:24',NULL),(140,0,NULL,NULL,0,1,140,NULL,6,NULL,'Intereses y Gastos bancarios',NULL,0,0,0,0,1,0,1,'2019-10-19 02:10:24','2023-03-27 00:14:11',NULL),(162,0,NULL,NULL,0,1,162,NULL,4,NULL,'Retenciones SUSS',NULL,0,0,1,0,0,0,1,'2019-10-19 02:10:24','2023-03-27 00:14:11',NULL),(176,0,NULL,NULL,0,1,176,NULL,3,NULL,'Cheques en Cartera',NULL,1,0,1,1,1,0,1,'2019-10-19 02:10:24','2023-03-27 00:14:11',NULL),(201,0,NULL,NULL,0,1,201,NULL,6,NULL,'Monotributo',NULL,0,0,0,0,1,0,1,'2019-10-19 02:10:24','2023-03-27 00:14:11',NULL),(203,0,NULL,NULL,0,1,203,NULL,6,NULL,'Autonomos',NULL,0,0,0,0,1,0,1,'2019-10-19 02:10:24','2023-03-27 00:14:11',NULL),(219,0,NULL,NULL,0,1,219,NULL,8,NULL,'Pagos AFIP',NULL,0,0,0,0,1,0,1,'2019-10-19 02:10:24','2019-10-19 02:10:24',NULL),(251,0,NULL,NULL,0,1,251,NULL,4,NULL,'Retenciones de IIBB Buenos Aires',NULL,0,0,1,0,0,0,1,'2019-10-19 02:10:24','2023-03-27 00:14:11',NULL),(252,0,NULL,NULL,0,1,252,NULL,4,NULL,'Retenciones de IIBB Capital Federal',NULL,0,0,1,0,0,0,1,'2019-10-19 02:10:24','2023-03-27 00:14:11',NULL),(253,0,NULL,NULL,0,1,253,NULL,4,NULL,'Retenciones de IIBB Catamarca',NULL,0,0,1,0,0,0,1,'2019-10-19 02:10:24','2023-03-27 00:14:11',NULL),(254,0,NULL,NULL,0,1,254,NULL,4,NULL,'Retenciones de IIBB Chaco',NULL,0,0,1,0,0,0,1,'2019-10-19 02:10:24','2023-03-27 00:14:11',NULL),(255,0,NULL,NULL,0,1,255,NULL,4,NULL,'Retenciones de IIBB Chubut',NULL,0,0,1,0,0,0,1,'2019-10-19 02:10:24','2023-03-27 00:14:11',NULL),(256,0,NULL,NULL,0,1,256,NULL,4,NULL,'Retenciones de IIBB Córdoba',NULL,0,0,1,0,0,0,1,'2019-10-19 02:10:24','2023-03-27 00:14:11',NULL),(257,0,NULL,NULL,0,1,257,NULL,4,NULL,'Retenciones de IIBB Corrientes',NULL,0,0,1,0,0,0,1,'2019-10-19 02:10:24','2023-03-27 00:14:11',NULL),(258,0,NULL,NULL,0,1,258,NULL,4,NULL,'Retenciones de IIBB Entre Ríos',NULL,0,0,1,0,0,0,1,'2019-10-19 02:10:24','2023-03-27 00:14:11',NULL),(259,0,NULL,NULL,0,1,259,NULL,4,NULL,'Retenciones de IIBB Formosa',NULL,0,0,1,0,0,0,1,'2019-10-19 02:10:24','2023-03-27 00:14:11',NULL),(260,0,NULL,NULL,0,1,260,NULL,4,NULL,'Retenciones de IIBB Jujuy',NULL,0,0,1,0,0,0,1,'2019-10-19 02:10:24','2023-03-27 00:14:11',NULL),(261,0,NULL,NULL,0,1,261,NULL,4,NULL,'Retenciones de IIBB La Pampa',NULL,0,0,1,0,0,0,1,'2019-10-19 02:10:24','2023-03-27 00:14:11',NULL),(262,0,NULL,NULL,0,1,262,NULL,4,NULL,'Retenciones de IIBB La Rioja',NULL,0,0,1,0,0,0,1,'2019-10-19 02:10:24','2023-03-27 00:14:11',NULL),(263,0,NULL,NULL,0,1,263,NULL,4,NULL,'Retenciones de IIBB Mendoza',NULL,0,0,1,0,0,0,1,'2019-10-19 02:10:24','2023-03-27 00:14:11',NULL),(264,0,NULL,NULL,0,1,264,NULL,4,NULL,'Retenciones de IIBB Misiones',NULL,0,0,1,0,0,0,1,'2019-10-19 02:10:24','2023-03-27 00:14:11',NULL),(265,0,NULL,NULL,0,1,265,NULL,4,NULL,'Retenciones de IIBB Neuquén',NULL,0,0,1,0,0,0,1,'2019-10-19 02:10:24','2023-03-27 00:14:11',NULL),(266,0,NULL,NULL,0,1,266,NULL,4,NULL,'Retenciones de IIBB Pascua Lama',NULL,0,0,1,0,0,0,1,'2019-10-19 02:10:24','2023-03-27 00:14:11',NULL);
INSERT INTO `cta_cte_tesoreria_cuentas` VALUES (267,0,NULL,NULL,0,1,267,NULL,4,NULL,'Retenciones de IIBB Río Negro',NULL,0,0,1,0,0,0,1,'2019-10-19 02:10:24','2023-03-27 00:14:11',NULL),(268,0,NULL,NULL,0,1,268,NULL,4,NULL,'Retenciones de IIBB Salta',NULL,0,0,1,0,0,0,1,'2019-10-19 02:10:24','2023-03-27 00:14:11',NULL),(269,0,NULL,NULL,0,1,269,NULL,4,NULL,'Retenciones de IIBB San Juan',NULL,0,0,1,0,0,0,1,'2019-10-19 02:10:24','2023-03-27 00:14:11',NULL),(270,0,NULL,NULL,0,1,270,NULL,4,NULL,'Retenciones de IIBB San Luis',NULL,0,0,1,0,0,0,1,'2019-10-19 02:10:24','2023-03-27 00:14:11',NULL),(271,0,NULL,NULL,0,1,271,NULL,4,NULL,'Retenciones de IIBB Santa Cruz',NULL,0,0,1,0,0,0,1,'2019-10-19 02:10:24','2023-03-27 00:14:11',NULL),(272,0,NULL,NULL,0,1,272,NULL,4,NULL,'Retenciones de IIBB Santa Fe',NULL,0,0,1,0,0,0,1,'2019-10-19 02:10:24','2023-03-27 00:14:11',NULL),(273,0,NULL,NULL,0,1,273,NULL,4,NULL,'Retenciones de IIBB Santiago del Estero',NULL,0,0,1,0,0,0,1,'2019-10-19 02:10:24','2023-03-27 00:14:11',NULL),(274,0,NULL,NULL,0,1,274,NULL,4,NULL,'Retenciones de IIBB Tierra del Fuego',NULL,0,0,1,0,0,0,1,'2019-10-19 02:10:24','2023-03-27 00:14:11',NULL),(275,0,NULL,NULL,0,1,275,NULL,4,NULL,'Retenciones de IIBB Tucuman',NULL,0,0,1,0,0,0,1,'2019-10-19 02:10:24','2023-03-27 00:14:11',NULL),(351,0,NULL,NULL,0,1,351,NULL,8,NULL,'BANCO SIRCREB',NULL,0,0,0,0,1,0,1,'2019-10-19 02:10:24','2019-10-19 02:10:24',NULL),(359,0,NULL,NULL,0,1,359,NULL,8,NULL,'Caja en Pesos',NULL,0,0,1,1,1,0,1,'2019-10-19 02:10:24','2023-03-20 23:15:11','2023-03-20 23:15:11'),(360,0,NULL,NULL,0,1,360,NULL,8,NULL,'Retenciones Bancarias de Ganancias a Favor',NULL,0,0,0,0,1,0,1,'2019-10-19 02:10:24','2019-10-19 02:10:24',NULL),(364,0,NULL,NULL,0,1,364,NULL,8,NULL,'Anticipo de Clientes',NULL,0,0,0,0,1,0,1,'2019-10-19 02:10:24','2019-10-19 02:10:24',NULL),(384,0,NULL,NULL,0,1,384,NULL,8,NULL,'Caja en Dolares',NULL,0,0,1,1,1,0,1,'2019-10-19 02:10:24','2023-03-20 23:15:11','2023-03-20 23:15:11'),(409,0,NULL,NULL,0,1,409,NULL,6,NULL,'IVA Crédito Fiscal No computable',NULL,0,0,0,0,1,0,1,'2019-10-19 02:10:24','2023-03-27 00:14:11',NULL),(418,0,NULL,NULL,0,1,418,NULL,8,NULL,'Deudas Bancarias',NULL,0,0,0,1,1,0,1,'2019-10-19 02:10:24','2019-10-19 02:10:24',NULL),(433,0,NULL,NULL,0,1,433,NULL,8,NULL,'Préstamo',NULL,0,0,0,1,1,0,1,'2019-10-19 02:10:24','2019-10-19 02:10:24',NULL),(441,0,NULL,NULL,0,1,441,NULL,8,NULL,'Leasing',NULL,0,0,0,1,1,0,1,'2019-10-19 02:10:24','2019-10-19 02:10:24',NULL),(448,0,NULL,NULL,0,1,448,NULL,8,NULL,'Planes de Pagos AFIP',NULL,0,0,0,1,1,0,1,'2019-10-19 02:10:24','2019-10-19 02:10:24',NULL),(450,0,NULL,NULL,0,1,450,NULL,3,NULL,'Cheques Rechazados',NULL,0,0,0,0,1,0,1,'2019-10-19 02:10:24','2023-03-27 00:14:11',NULL),(467,0,NULL,NULL,0,1,467,NULL,6,NULL,'Interés',NULL,0,0,0,0,1,0,1,'2019-10-19 02:10:24','2023-03-27 00:14:11',NULL),(468,0,NULL,NULL,0,1,14,NULL,8,NULL,'Deudores por ventas comunes',NULL,0,0,0,0,0,1,1,'2020-02-06 17:23:07','2023-03-27 00:14:11',NULL),(469,0,NULL,NULL,0,1,15,NULL,8,NULL,'Deudores por ventas morosos',NULL,0,0,0,0,0,1,1,'2020-02-06 17:23:07','2023-03-27 00:14:11',NULL),(470,0,NULL,NULL,0,1,16,NULL,8,NULL,'Deudores en gestión judicial',NULL,0,0,0,0,0,1,1,'2020-02-06 17:23:07','2023-03-27 00:14:11',NULL),(471,0,NULL,NULL,0,1,17,NULL,8,NULL,'Previsión deudores incobrables',NULL,0,0,0,0,0,1,1,'2020-02-06 17:23:07','2023-03-27 00:14:11',NULL),(472,0,NULL,NULL,0,1,22,NULL,8,NULL,'Anticipo Impto.Ganancia Mínima Presunta',NULL,0,0,0,0,0,1,1,'2020-02-06 17:23:07','2023-03-27 00:14:11',NULL),(473,0,NULL,NULL,0,1,24,NULL,4,NULL,'Impuesto a las Ganancias (Saldo a favor)',NULL,0,0,0,0,0,1,0,'2020-02-06 17:23:07','2023-06-02 07:55:24',NULL),(474,0,NULL,NULL,0,1,27,NULL,8,NULL,'Anticipos de proveedores',NULL,0,0,0,0,0,1,1,'2020-02-06 17:23:07','2023-03-27 00:14:11',NULL),(475,0,NULL,NULL,0,1,28,NULL,8,NULL,'Depósito en garantía alquileres',NULL,0,0,0,0,0,1,1,'2020-02-06 17:23:07','2023-03-27 00:14:11',NULL);
INSERT INTO `cta_cte_tesoreria_cuentas` VALUES (476,0,NULL,NULL,0,1,29,NULL,8,NULL,'Derechos adquiridos a devengar',NULL,0,0,0,0,0,1,1,'2020-02-06 17:23:07','2023-03-27 00:14:11',NULL),(477,0,NULL,NULL,0,1,30,NULL,8,NULL,'Intereses a devengar',NULL,0,0,0,0,0,1,1,'2020-02-06 17:23:07','2023-03-27 00:14:11',NULL),(478,0,NULL,NULL,0,1,31,NULL,8,NULL,'Cuentas a rendir - Directores',NULL,0,0,0,0,0,1,1,'2020-02-06 17:23:07','2023-03-27 00:14:11',NULL),(479,0,NULL,NULL,0,1,32,NULL,8,NULL,'Alquileres no devengados',NULL,0,0,0,0,0,1,1,'2020-02-06 17:23:07','2023-03-27 00:14:11',NULL),(480,0,NULL,NULL,0,1,38,NULL,8,NULL,'Equipos de computación valores históricos',NULL,0,0,0,0,0,1,1,'2020-02-06 17:23:07','2023-03-27 00:14:11',NULL),(481,0,NULL,NULL,0,1,39,NULL,8,NULL,'Equipos de computación ajuste',NULL,0,0,0,0,0,1,1,'2020-02-06 17:23:07','2023-03-27 00:14:11',NULL),(482,0,NULL,NULL,0,1,40,NULL,8,NULL,'Amortización Acumulada Equipos de comput.',NULL,0,0,0,0,0,1,1,'2020-02-06 17:23:07','2023-03-27 00:14:11',NULL),(483,0,NULL,NULL,0,1,42,NULL,8,NULL,'Instalaciones valores históricos',NULL,0,0,0,0,0,1,1,'2020-02-06 17:23:07','2023-03-27 00:14:11',NULL),(484,0,NULL,NULL,0,1,43,NULL,8,NULL,'Instalaciones ajuste',NULL,0,0,0,0,0,1,1,'2020-02-06 17:23:07','2023-03-27 00:14:11',NULL),(485,0,NULL,NULL,0,1,44,NULL,8,NULL,'Amortización Acumulada Instalaciones',NULL,0,0,0,0,0,1,1,'2020-02-06 17:23:07','2023-03-27 00:14:11',NULL),(486,0,NULL,NULL,0,1,46,NULL,8,NULL,'Muebles y utiles valores históricos',NULL,0,0,0,0,0,1,1,'2020-02-06 17:23:07','2023-03-27 00:14:11',NULL),(487,0,NULL,NULL,0,1,47,NULL,8,NULL,'Muebles y utiles ajuste',NULL,0,0,0,0,0,1,1,'2020-02-06 17:23:07','2023-03-27 00:14:11',NULL),(488,0,NULL,NULL,0,1,48,NULL,8,NULL,'Amortización Acumulada Muebles y Útiles',NULL,0,0,0,0,0,1,1,'2020-02-06 17:23:07','2023-03-27 00:14:11',NULL),(489,0,NULL,NULL,0,1,50,NULL,8,NULL,'Gastos de organización valores historicos',NULL,0,0,0,0,0,1,1,'2020-02-06 17:23:07','2023-03-27 00:14:11',NULL),(490,0,NULL,NULL,0,1,51,NULL,8,NULL,'Gastos de organización ajuste',NULL,0,0,0,0,0,1,1,'2020-02-06 17:23:07','2023-03-27 00:14:11',NULL),(491,0,NULL,NULL,0,1,52,NULL,8,NULL,'Amortización acumulada gs. de organización',NULL,0,0,0,0,0,1,1,'2020-02-06 17:23:07','2023-03-27 00:14:11',NULL),(492,0,NULL,NULL,0,1,58,NULL,8,NULL,'Proveedores en cta. cte. exterior',NULL,0,0,0,0,0,1,1,'2020-02-06 17:23:07','2023-03-27 00:14:11',NULL),(493,0,NULL,NULL,0,1,59,NULL,8,NULL,'Derechos de exhibición a devengar',NULL,0,0,0,0,0,1,1,'2020-02-06 17:23:07','2023-03-27 00:14:11',NULL),(494,0,NULL,NULL,0,1,63,NULL,8,NULL,'Cargas sociales a pagar',NULL,0,0,0,0,0,1,1,'2020-02-06 17:23:07','2023-03-27 00:14:11',NULL),(495,0,NULL,NULL,0,1,64,NULL,8,NULL,'Sindicatos a Pagar',NULL,0,0,0,0,0,1,1,'2020-02-06 17:23:07','2023-03-27 00:14:11',NULL),(496,0,NULL,NULL,0,1,67,NULL,8,NULL,'IVA Debito Fiscal',NULL,0,0,0,0,0,1,1,'2020-02-06 17:23:07','2023-03-27 00:14:11',NULL),(497,0,NULL,NULL,0,1,68,NULL,8,NULL,'IVA Credito Fiscal',NULL,0,0,0,0,0,1,1,'2020-02-06 17:23:07','2023-03-27 00:14:11',NULL),(498,0,NULL,NULL,0,1,69,NULL,8,NULL,'Impuestos Internos',NULL,0,0,0,0,0,1,1,'2020-02-06 17:23:07','2023-03-27 00:14:11',NULL),(499,0,NULL,NULL,0,1,70,NULL,8,NULL,'Impuestos al Combustible',NULL,0,0,0,0,0,1,1,'2020-02-06 17:23:07','2023-03-27 00:14:11',NULL),(500,0,NULL,NULL,0,1,71,NULL,8,NULL,'IVA Retenciones de terceros',NULL,0,0,0,0,0,1,1,'2020-02-06 17:23:07','2023-03-27 00:14:11',NULL),(501,0,NULL,NULL,0,1,72,NULL,5,NULL,'IVA Percepciones realiz.por terceros',NULL,0,0,0,0,0,1,1,'2020-02-06 17:23:07','2023-03-27 00:14:11',NULL),(502,0,NULL,NULL,0,1,73,NULL,8,NULL,'IVA Saldo a favor',NULL,0,0,0,0,0,1,1,'2020-02-06 17:23:07','2023-03-27 00:14:11',NULL),(503,0,NULL,NULL,0,1,74,NULL,8,NULL,'IVA a pagar',NULL,0,0,0,0,0,1,1,'2020-02-06 17:23:07','2023-03-27 00:14:11',NULL),(504,0,NULL,NULL,0,1,75,NULL,5,NULL,'Percepciones Ingresos Brutos',NULL,0,0,0,0,0,1,1,'2020-02-06 17:23:07','2023-03-27 00:14:11',NULL);
INSERT INTO `cta_cte_tesoreria_cuentas` VALUES (505,0,NULL,NULL,0,1,76,NULL,8,NULL,'Otros Pagos AFIP',NULL,0,0,0,0,0,1,1,'2020-02-06 17:23:07','2023-03-27 00:14:11',NULL),(506,0,NULL,NULL,0,1,78,NULL,8,NULL,'Impuesto a los Ingresos Brutos Pasivo',NULL,0,0,0,0,0,1,1,'2020-02-06 17:23:07','2023-03-27 00:14:11',NULL),(507,0,NULL,NULL,0,1,79,NULL,8,NULL,'Impuesto a las Ganancias',NULL,0,0,0,0,0,1,1,'2020-02-06 17:23:07','2023-03-27 00:14:11',NULL),(508,0,NULL,NULL,0,1,80,NULL,8,NULL,'Impuesto a la Ganancia Mínima Presunta',NULL,0,0,0,0,0,1,1,'2020-02-06 17:23:07','2023-03-27 00:14:11',NULL),(509,0,NULL,NULL,0,1,81,NULL,8,NULL,'AFIP - Retenciones Impuesto a las Ganancias',NULL,0,0,0,0,0,1,1,'2020-02-06 17:23:07','2023-03-27 00:14:11',NULL),(510,0,NULL,NULL,0,1,82,NULL,8,NULL,'AFIP - Plan de Facilidades Decreto 338/02',NULL,0,0,0,0,0,1,1,'2020-02-06 17:23:07','2023-03-27 00:14:11',NULL),(511,0,NULL,NULL,0,1,87,NULL,8,NULL,'Acciones en circulación',NULL,0,0,0,0,0,1,1,'2020-02-06 17:23:07','2023-03-27 00:14:11',NULL),(512,0,NULL,NULL,0,1,88,NULL,8,NULL,'Ajuste del Capital',NULL,0,0,0,0,0,1,1,'2020-02-06 17:23:07','2023-03-27 00:14:11',NULL),(513,0,NULL,NULL,0,1,89,NULL,8,NULL,'Aportes Irrevocables Futuras Suscripciones',NULL,0,0,0,0,0,1,1,'2020-02-06 17:23:07','2023-03-27 00:14:11',NULL),(514,0,NULL,NULL,0,1,91,NULL,8,NULL,'Resultado del ejercicio',NULL,0,0,0,0,0,1,1,'2020-02-06 17:23:07','2023-03-27 00:14:11',NULL),(515,0,NULL,NULL,0,1,92,NULL,8,NULL,'Resultado ejercicios anteriores',NULL,0,0,0,0,0,1,1,'2020-02-06 17:23:07','2023-03-27 00:14:11',NULL),(516,0,NULL,NULL,0,1,93,NULL,8,NULL,'A.R.E.A.',NULL,0,0,0,0,0,1,1,'2020-02-06 17:23:07','2023-03-27 00:14:11',NULL),(517,0,NULL,NULL,0,1,96,NULL,7,NULL,'VENTAS',NULL,0,0,0,0,1,1,1,'2020-02-06 17:23:07','2023-03-27 00:14:11',NULL),(518,0,NULL,NULL,0,1,97,NULL,7,NULL,'Honorarios',NULL,0,0,0,0,1,1,1,'2020-02-06 17:23:07','2023-03-27 00:14:11',NULL),(519,0,NULL,NULL,0,1,99,NULL,7,NULL,'Descuentos obtenidos',NULL,0,0,0,0,1,1,1,'2020-02-06 17:23:07','2023-03-27 00:14:11',NULL),(520,0,NULL,NULL,0,1,100,NULL,7,NULL,'Reintegros por exportaciones',NULL,0,0,0,0,1,1,1,'2020-02-06 17:23:07','2023-03-27 00:14:11',NULL),(521,0,NULL,NULL,0,1,102,NULL,7,NULL,'Intereses Cobrados',NULL,0,0,0,0,1,1,1,'2020-02-06 17:23:07','2023-03-27 00:14:11',NULL),(522,0,NULL,NULL,0,1,103,NULL,7,NULL,'Diferencias de cambio',NULL,0,0,0,0,1,1,1,'2020-02-06 17:23:07','2023-03-27 00:14:11',NULL),(523,0,NULL,NULL,0,1,104,NULL,7,NULL,'Descuentos obtenidos',NULL,0,0,0,0,1,1,1,'2020-02-06 17:23:07','2023-03-27 00:14:11',NULL),(524,0,NULL,NULL,0,1,110,NULL,6,NULL,'Sueldos',NULL,0,0,0,0,0,1,1,'2020-02-06 17:23:07','2023-03-27 00:14:11',NULL),(525,0,NULL,NULL,0,1,111,NULL,6,NULL,'Contribuciones',NULL,0,0,0,0,0,1,1,'2020-02-06 17:23:07','2023-03-27 00:14:11',NULL),(526,0,NULL,NULL,0,1,112,NULL,6,NULL,'Sindicato',NULL,0,0,0,0,0,1,1,'2020-02-06 17:23:07','2023-03-27 00:14:11',NULL),(527,0,NULL,NULL,0,1,114,NULL,8,NULL,'ACA',NULL,0,0,0,0,0,1,1,'2020-02-06 17:23:07','2023-03-27 00:14:11',NULL),(528,0,NULL,NULL,0,1,115,NULL,6,NULL,'Aereos',NULL,0,0,0,0,0,1,1,'2020-02-06 17:23:07','2023-03-27 00:14:11',NULL),(529,0,NULL,NULL,0,1,116,NULL,6,NULL,'Alquiler',NULL,0,0,0,0,0,1,1,'2020-02-06 17:23:07','2023-03-27 00:14:11',NULL),(530,0,NULL,NULL,0,1,117,NULL,8,NULL,'AGUA AYSA',NULL,0,0,0,0,0,1,1,'2020-02-06 17:23:07','2023-03-27 00:14:11',NULL),(531,0,NULL,NULL,0,1,118,NULL,8,NULL,'TV Cablevision',NULL,0,0,0,0,0,1,1,'2020-02-06 17:23:07','2023-03-27 00:14:11',NULL),(532,0,NULL,NULL,0,1,119,NULL,1,NULL,'Caja Jubilacion Consejo',NULL,0,0,0,0,0,1,1,'2020-02-06 17:23:07','2023-03-27 00:14:11',NULL),(533,0,NULL,NULL,0,1,120,NULL,6,NULL,'Celulares',NULL,0,0,0,0,0,1,1,'2020-02-06 17:23:07','2023-03-27 00:14:11',NULL),(534,0,NULL,NULL,0,1,121,NULL,3,NULL,'Cheques',NULL,0,0,0,0,0,1,1,'2020-02-06 17:23:07','2023-03-27 00:14:11',NULL),(535,0,NULL,NULL,0,1,123,NULL,8,NULL,'Comida',NULL,0,0,0,0,0,1,1,'2020-02-06 17:23:07','2023-03-27 00:14:11',NULL);
INSERT INTO `cta_cte_tesoreria_cuentas` VALUES (536,0,NULL,NULL,0,1,126,NULL,6,NULL,'Fletes y acarreos',NULL,0,0,0,0,0,1,1,'2020-02-06 17:23:07','2023-03-27 00:14:11',NULL),(537,0,NULL,NULL,0,1,127,NULL,8,NULL,'Luz Edesur',NULL,0,0,0,0,0,1,1,'2020-02-06 17:23:07','2023-03-27 00:14:11',NULL),(538,0,NULL,NULL,0,1,128,NULL,6,NULL,'Movilidad y Viáticos',NULL,0,0,0,0,0,1,1,'2020-02-06 17:23:07','2023-03-27 00:14:11',NULL),(539,0,NULL,NULL,0,1,129,NULL,8,NULL,'Mantenimiento',NULL,0,0,0,0,0,1,1,'2020-02-06 17:23:07','2023-03-27 00:14:11',NULL),(540,0,NULL,NULL,0,1,130,NULL,8,NULL,'IVA No Computable',NULL,0,0,0,0,0,1,1,'2020-02-06 17:23:07','2023-03-27 00:14:11',NULL),(541,0,NULL,NULL,0,1,131,NULL,8,NULL,'Entretenimiento',NULL,0,0,0,0,0,1,1,'2020-02-06 17:23:07','2023-03-27 00:14:11',NULL),(542,0,NULL,NULL,0,1,132,NULL,6,NULL,'Amortización Bienes de Uso',NULL,0,0,0,0,0,1,1,'2020-02-06 17:23:07','2023-03-27 00:14:11',NULL),(543,0,NULL,NULL,0,1,135,NULL,6,NULL,'Gastos varios',NULL,0,0,0,0,0,1,1,'2020-02-06 17:23:07','2023-03-27 00:14:11',NULL),(544,0,NULL,NULL,0,1,136,NULL,6,NULL,'Ajuste por redondeo',NULL,0,0,0,0,0,1,1,'2020-02-06 17:23:07','2023-03-27 00:14:11',NULL),(545,0,NULL,NULL,0,1,137,NULL,6,NULL,'Deudores Incobrables',NULL,0,0,0,0,0,1,1,'2020-02-06 17:23:07','2023-03-27 00:14:11',NULL),(546,0,NULL,NULL,0,1,141,NULL,6,NULL,'Intereses Proveedores',NULL,0,0,0,0,0,1,1,'2020-02-06 17:23:07','2023-03-27 00:14:11',NULL),(547,0,NULL,NULL,0,1,143,NULL,6,NULL,'Diferencias de cambio',NULL,0,0,0,0,0,1,1,'2020-02-06 17:23:07','2023-03-27 00:14:11',NULL),(548,0,NULL,NULL,0,1,144,NULL,8,NULL,'Diferencia de Cambio Bces. en M.Extranjera',NULL,0,0,0,0,0,1,1,'2020-02-06 17:23:07','2023-03-27 00:14:11',NULL),(549,0,NULL,NULL,0,1,145,NULL,6,NULL,'Diferencia tipo cambio Vendedor/Comprador',NULL,0,0,0,0,0,1,1,'2020-02-06 17:23:07','2023-03-27 00:14:11',NULL),(550,0,NULL,NULL,0,1,146,NULL,8,NULL,'Diferencia por conversion en Bce. en Mon. Extranj.',NULL,0,0,0,0,0,1,1,'2020-02-06 17:23:07','2023-03-27 00:14:11',NULL),(551,0,NULL,NULL,0,1,147,NULL,8,NULL,'Diferencia de cambio CMV',NULL,0,0,0,0,0,1,1,'2020-02-06 17:23:07','2023-03-27 00:14:11',NULL),(552,0,NULL,NULL,0,1,148,NULL,8,NULL,'Diferencia de cambio PT',NULL,0,0,0,0,0,1,1,'2020-02-06 17:23:07','2023-03-27 00:14:11',NULL),(553,0,NULL,NULL,0,1,149,NULL,8,NULL,'Resultado por Exposición a la Inflación',NULL,0,0,0,0,0,1,1,'2020-02-06 17:23:07','2023-03-27 00:14:11',NULL),(554,0,NULL,NULL,0,1,150,NULL,8,NULL,'Diferencia de cambio PE',NULL,0,0,0,0,0,1,1,'2020-02-06 17:23:07','2023-03-27 00:14:11',NULL),(555,0,NULL,NULL,0,1,151,NULL,8,NULL,'Diferencia de cambio Ds.Vtas.',NULL,0,0,0,0,0,1,1,'2020-02-06 17:23:07','2023-03-27 00:14:11',NULL),(556,0,NULL,NULL,0,1,152,NULL,6,NULL,'Diferencia de cambio ME',NULL,0,0,0,0,0,1,1,'2020-02-06 17:23:07','2023-03-27 00:14:11',NULL),(557,0,NULL,NULL,0,1,153,NULL,6,NULL,'Descuentos otorgados',NULL,0,0,0,0,0,1,1,'2020-02-06 17:23:07','2023-03-27 00:14:11',NULL),(558,0,NULL,NULL,0,1,155,NULL,6,NULL,'Impuesto a las Ganancias',NULL,0,0,0,0,0,1,1,'2020-02-06 17:23:07','2023-03-27 00:14:11',NULL),(559,0,NULL,NULL,0,1,156,NULL,6,NULL,'Impuesto a los Ingresos Brutos',NULL,0,0,0,0,0,1,1,'2020-02-06 17:23:07','2023-03-27 00:14:11',NULL),(560,0,NULL,NULL,0,1,157,NULL,6,NULL,'Impuesto al Debito y Credito Bancario',NULL,0,0,0,0,0,1,1,'2020-02-06 17:23:07','2023-03-27 00:14:11',NULL),(561,0,NULL,NULL,0,1,159,NULL,6,NULL,'Pérdida por venta bienes de uso',NULL,0,0,0,0,0,1,1,'2020-02-06 17:23:07','2023-03-27 00:14:11',NULL),(562,0,NULL,NULL,0,1,160,NULL,6,NULL,'Inversiones',NULL,0,0,0,0,0,1,1,'2020-02-06 17:23:07','2023-03-27 00:14:11',NULL),(563,0,NULL,NULL,0,1,161,NULL,6,NULL,'Amortizaciones extraordinarias',NULL,0,0,0,0,0,1,1,'2020-02-06 17:23:07','2023-03-27 00:14:11',NULL),(564,0,NULL,NULL,0,1,178,NULL,8,NULL,'Google',NULL,0,0,0,0,0,1,1,'2020-02-06 17:23:07','2023-03-27 00:14:11',NULL),(565,0,NULL,NULL,0,1,188,NULL,6,NULL,'Publicidad',NULL,0,0,0,0,0,1,1,'2020-02-06 17:23:07','2023-03-27 00:14:11',NULL);
INSERT INTO `cta_cte_tesoreria_cuentas` VALUES (566,0,NULL,NULL,0,1,191,NULL,6,NULL,'Cargas Sociales',NULL,0,0,0,0,0,1,1,'2020-02-06 17:23:07','2023-03-27 00:14:11',NULL),(567,0,NULL,NULL,0,1,192,NULL,6,NULL,'Honorarios',NULL,0,0,0,0,0,1,1,'2020-02-06 17:23:07','2023-03-27 00:14:11',NULL),(568,0,NULL,NULL,0,1,193,NULL,6,NULL,'Telefono Fijo',NULL,0,0,0,0,0,1,1,'2020-02-06 17:23:07','2023-03-27 00:14:11',NULL),(569,0,NULL,NULL,0,1,198,NULL,6,NULL,'Seguros',NULL,0,0,0,0,0,1,1,'2020-02-06 17:23:07','2023-03-27 00:14:11',NULL),(570,0,NULL,NULL,0,1,199,NULL,6,NULL,'Internet',NULL,0,0,0,0,0,1,1,'2020-02-06 17:23:07','2023-03-27 00:14:11',NULL),(571,0,NULL,NULL,0,1,204,NULL,6,NULL,'Multas Impositivas',NULL,0,0,0,0,0,1,1,'2020-02-06 17:23:07','2023-03-27 00:14:11',NULL),(572,0,NULL,NULL,0,1,208,NULL,6,NULL,'Impuesto a los Ingresos Brutos - BS AS',NULL,0,0,0,0,0,1,1,'2020-02-06 17:23:07','2023-03-27 00:14:11',NULL),(573,0,NULL,NULL,0,1,209,NULL,6,NULL,'SIRCREB',NULL,0,0,0,0,0,1,1,'2020-02-06 17:23:07','2023-03-27 00:14:11',NULL),(574,0,NULL,NULL,0,1,212,NULL,8,NULL,'Tarjeta Visa',NULL,0,0,0,0,0,1,1,'2020-02-06 17:23:07','2023-03-27 00:14:11',NULL),(575,0,NULL,NULL,0,1,213,NULL,6,NULL,'Tarjeta American Express',NULL,0,0,0,0,0,1,1,'2020-02-06 17:23:07','2023-03-27 00:14:11',NULL),(576,0,NULL,NULL,0,1,214,NULL,6,NULL,'Tarjeta Mastercard',NULL,0,0,0,0,0,1,1,'2020-02-06 17:23:07','2023-03-27 00:14:11',NULL),(577,0,NULL,NULL,0,1,215,NULL,8,NULL,'Tarjeta Shopping',NULL,0,0,0,0,0,1,1,'2020-02-06 17:23:07','2023-03-27 00:14:11',NULL),(578,0,NULL,NULL,0,1,216,NULL,6,NULL,'Tarjeta Cencosud',NULL,0,0,0,0,0,1,1,'2020-02-06 17:23:07','2023-03-27 00:14:11',NULL),(579,0,NULL,NULL,0,1,217,NULL,6,NULL,'Compras',NULL,0,0,0,0,0,1,1,'2020-02-06 17:23:07','2023-03-27 00:14:11',NULL),(580,0,NULL,NULL,0,1,218,NULL,7,NULL,'Ventas No Gravadas',NULL,0,0,0,0,1,1,1,'2020-02-06 17:23:07','2023-03-27 00:14:11',NULL),(581,0,NULL,NULL,0,1,220,NULL,5,NULL,'Perc IVA -RG3337',NULL,0,0,0,0,0,1,0,'2020-02-06 17:23:07','2023-06-02 07:55:24',NULL),(582,0,NULL,NULL,0,1,221,NULL,6,NULL,'Imps. Internos',NULL,0,0,0,0,0,1,1,'2020-02-06 17:23:07','2023-03-27 00:14:11',NULL),(583,0,NULL,NULL,0,1,222,NULL,6,NULL,'Imp. Gasoil',NULL,0,0,0,0,0,1,1,'2020-02-06 17:23:07','2023-03-27 00:14:11',NULL),(584,0,NULL,NULL,0,1,223,NULL,6,NULL,'Imp. Hídricos',NULL,0,0,0,0,0,1,1,'2020-02-06 17:23:07','2023-03-27 00:14:11',NULL),(585,0,NULL,NULL,0,1,224,NULL,6,NULL,'ITC',NULL,0,0,0,0,0,1,1,'2020-02-06 17:23:07','2023-03-27 00:14:11',NULL),(586,0,NULL,NULL,0,1,225,NULL,5,NULL,'Perc IIBB  Buenos Aires',NULL,0,0,0,0,0,1,1,'2020-02-06 17:23:07','2023-03-27 00:14:12',NULL),(587,0,NULL,NULL,0,1,226,NULL,5,NULL,'Perc IIBB  Capital Federal',NULL,0,0,0,0,0,1,1,'2020-02-06 17:23:07','2023-03-27 00:14:12',NULL),(588,0,NULL,NULL,0,1,227,NULL,5,NULL,'Perc IIBB  Catamarca',NULL,0,0,0,0,0,1,1,'2020-02-06 17:23:07','2023-03-27 00:14:12',NULL),(589,0,NULL,NULL,0,1,228,NULL,5,NULL,'Perc IIBB  Chaco',NULL,0,0,0,0,0,1,1,'2020-02-06 17:23:07','2023-03-27 00:14:12',NULL),(590,0,NULL,NULL,0,1,229,NULL,5,NULL,'Perc IIBB  Chubut',NULL,0,0,0,0,0,1,1,'2020-02-06 17:23:07','2023-03-27 00:14:12',NULL),(591,0,NULL,NULL,0,1,230,NULL,5,NULL,'Perc IIBB  Córdoba',NULL,0,0,0,0,0,1,1,'2020-02-06 17:23:07','2023-03-27 00:14:12',NULL),(592,0,NULL,NULL,0,1,231,NULL,5,NULL,'Perc IIBB  Corrientes',NULL,0,0,0,0,0,1,1,'2020-02-06 17:23:07','2023-03-27 00:14:12',NULL),(593,0,NULL,NULL,0,1,232,NULL,5,NULL,'Perc IIBB  Entre Ríos',NULL,0,0,0,0,0,1,1,'2020-02-06 17:23:07','2023-03-27 00:14:12',NULL),(594,0,NULL,NULL,0,1,233,NULL,5,NULL,'Perc IIBB  Formosa',NULL,0,0,0,0,0,1,1,'2020-02-06 17:23:07','2023-03-27 00:14:12',NULL),(595,0,NULL,NULL,0,1,234,NULL,5,NULL,'Perc IIBB  Jujuy',NULL,0,0,0,0,0,1,1,'2020-02-06 17:23:07','2023-03-27 00:14:12',NULL),(596,0,NULL,NULL,0,1,235,NULL,5,NULL,'Perc IIBB  La Pampa',NULL,0,0,0,0,0,1,1,'2020-02-06 17:23:07','2023-03-27 00:14:12',NULL),(597,0,NULL,NULL,0,1,236,NULL,5,NULL,'Perc IIBB  La Rioja',NULL,0,0,0,0,0,1,1,'2020-02-06 17:23:07','2023-03-27 00:14:12',NULL);
INSERT INTO `cta_cte_tesoreria_cuentas` VALUES (598,0,NULL,NULL,0,1,237,NULL,5,NULL,'Perc IIBB  Mendoza',NULL,0,0,0,0,0,1,1,'2020-02-06 17:23:07','2023-03-27 00:14:12',NULL),(599,0,NULL,NULL,0,1,238,NULL,5,NULL,'Perc IIBB  Misiones',NULL,0,0,0,0,0,1,1,'2020-02-06 17:23:07','2023-03-27 00:14:12',NULL),(600,0,NULL,NULL,0,1,239,NULL,5,NULL,'Perc IIBB  Neuquén',NULL,0,0,0,0,0,1,1,'2020-02-06 17:23:07','2023-03-27 00:14:12',NULL),(601,0,NULL,NULL,0,1,240,NULL,5,NULL,'Perc IIBB  Pascua Lama',NULL,0,0,0,0,0,1,1,'2020-02-06 17:23:07','2023-03-27 00:14:12',NULL),(602,0,NULL,NULL,0,1,241,NULL,5,NULL,'Perc IIBB  Río Negro',NULL,0,0,0,0,0,1,1,'2020-02-06 17:23:07','2023-03-27 00:14:12',NULL),(603,0,NULL,NULL,0,1,242,NULL,5,NULL,'Perc IIBB  Salta',NULL,0,0,0,0,0,1,1,'2020-02-06 17:23:07','2023-03-27 00:14:12',NULL),(604,0,NULL,NULL,0,1,243,NULL,5,NULL,'Perc IIBB  San Juan',NULL,0,0,0,0,0,1,1,'2020-02-06 17:23:07','2023-03-27 00:14:12',NULL),(605,0,NULL,NULL,0,1,244,NULL,5,NULL,'Perc IIBB  San Luis',NULL,0,0,0,0,0,1,1,'2020-02-06 17:23:07','2023-03-27 00:14:12',NULL),(606,0,NULL,NULL,0,1,245,NULL,5,NULL,'Perc IIBB  Santa Cruz',NULL,0,0,0,0,0,1,1,'2020-02-06 17:23:07','2023-03-27 00:14:12',NULL),(607,0,NULL,NULL,0,1,246,NULL,5,NULL,'Perc IIBB  Santa Fe',NULL,0,0,0,0,0,1,1,'2020-02-06 17:23:07','2023-03-27 00:14:12',NULL),(608,0,NULL,NULL,0,1,247,NULL,5,NULL,'Perc IIBB  Santiago del Estero',NULL,0,0,0,0,0,1,1,'2020-02-06 17:23:07','2023-03-27 00:14:12',NULL),(609,0,NULL,NULL,0,1,248,NULL,5,NULL,'Perc IIBB  Tierra del Fuego',NULL,0,0,0,0,0,1,1,'2020-02-06 17:23:07','2023-03-27 00:14:12',NULL),(610,0,NULL,NULL,0,1,249,NULL,5,NULL,'Perc IIBB  Tucuman',NULL,0,0,0,0,0,1,1,'2020-02-06 17:23:07','2023-03-27 00:14:12',NULL),(611,0,NULL,NULL,0,1,250,NULL,6,NULL,'Compras No Gravadas',NULL,0,0,0,0,0,1,1,'2020-02-06 17:23:07','2023-03-27 00:14:12',NULL),(612,0,NULL,NULL,0,1,276,NULL,6,NULL,'SIRCREB Buenos Aires',NULL,0,0,0,0,0,1,1,'2020-02-06 17:23:07','2023-03-27 00:14:12',NULL),(613,0,NULL,NULL,0,1,277,NULL,6,NULL,'SIRCREB Capital Federal',NULL,0,0,0,0,0,1,1,'2020-02-06 17:23:07','2023-03-27 00:14:12',NULL),(614,0,NULL,NULL,0,1,278,NULL,6,NULL,'SIRCREB Catamarca',NULL,0,0,0,0,0,1,1,'2020-02-06 17:23:07','2023-03-27 00:14:12',NULL),(615,0,NULL,NULL,0,1,279,NULL,6,NULL,'SIRCREB Chaco',NULL,0,0,0,0,0,1,1,'2020-02-06 17:23:07','2023-03-27 00:14:12',NULL),(616,0,NULL,NULL,0,1,280,NULL,6,NULL,'SIRCREB Chubut',NULL,0,0,0,0,0,1,1,'2020-02-06 17:23:07','2023-03-27 00:14:12',NULL),(617,0,NULL,NULL,0,1,281,NULL,6,NULL,'SIRCREB Córdoba',NULL,0,0,0,0,0,1,1,'2020-02-06 17:23:07','2023-03-27 00:14:12',NULL),(618,0,NULL,NULL,0,1,282,NULL,6,NULL,'SIRCREB Corrientes',NULL,0,0,0,0,0,1,1,'2020-02-06 17:23:07','2023-03-27 00:14:12',NULL),(619,0,NULL,NULL,0,1,283,NULL,6,NULL,'SIRCREB Entre Ríos',NULL,0,0,0,0,0,1,1,'2020-02-06 17:23:07','2023-03-27 00:14:12',NULL),(620,0,NULL,NULL,0,1,284,NULL,6,NULL,'SIRCREB Formosa',NULL,0,0,0,0,0,1,1,'2020-02-06 17:23:07','2023-03-27 00:14:12',NULL),(621,0,NULL,NULL,0,1,285,NULL,6,NULL,'SIRCREB Jujuy',NULL,0,0,0,0,0,1,1,'2020-02-06 17:23:07','2023-03-27 00:14:12',NULL),(622,0,NULL,NULL,0,1,286,NULL,6,NULL,'SIRCREB La Pampa',NULL,0,0,0,0,0,1,1,'2020-02-06 17:23:07','2023-03-27 00:14:12',NULL),(623,0,NULL,NULL,0,1,287,NULL,6,NULL,'SIRCREB La Rioja',NULL,0,0,0,0,0,1,1,'2020-02-06 17:23:07','2023-03-27 00:14:12',NULL),(624,0,NULL,NULL,0,1,288,NULL,6,NULL,'SIRCREB Mendoza',NULL,0,0,0,0,0,1,1,'2020-02-06 17:23:07','2023-03-27 00:14:12',NULL),(625,0,NULL,NULL,0,1,289,NULL,6,NULL,'SIRCREB Misiones',NULL,0,0,0,0,0,1,1,'2020-02-06 17:23:07','2023-03-27 00:14:12',NULL),(626,0,NULL,NULL,0,1,290,NULL,6,NULL,'SIRCREB Neuquén',NULL,0,0,0,0,0,1,1,'2020-02-06 17:23:07','2023-03-27 00:14:12',NULL),(627,0,NULL,NULL,0,1,291,NULL,6,NULL,'SIRCREB Pascua Lama',NULL,0,0,0,0,0,1,1,'2020-02-06 17:23:07','2023-03-27 00:14:12',NULL),(628,0,NULL,NULL,0,1,292,NULL,6,NULL,'SIRCREB Río Negro',NULL,0,0,0,0,0,1,1,'2020-02-06 17:23:07','2023-03-27 00:14:12',NULL);
INSERT INTO `cta_cte_tesoreria_cuentas` VALUES (629,0,NULL,NULL,0,1,293,NULL,6,NULL,'SIRCREB Salta',NULL,0,0,0,0,0,1,1,'2020-02-06 17:23:07','2023-03-27 00:14:12',NULL),(630,0,NULL,NULL,0,1,294,NULL,6,NULL,'SIRCREB San Juan',NULL,0,0,0,0,0,1,1,'2020-02-06 17:23:07','2023-03-27 00:14:12',NULL),(631,0,NULL,NULL,0,1,295,NULL,6,NULL,'SIRCREB San Luis',NULL,0,0,0,0,0,1,1,'2020-02-06 17:23:07','2023-03-27 00:14:12',NULL),(632,0,NULL,NULL,0,1,296,NULL,6,NULL,'SIRCREB Santa Cruz',NULL,0,0,0,0,0,1,1,'2020-02-06 17:23:07','2023-03-27 00:14:12',NULL),(633,0,NULL,NULL,0,1,297,NULL,6,NULL,'SIRCREB Santa Fe',NULL,0,0,0,0,0,1,1,'2020-02-06 17:23:07','2023-03-27 00:14:12',NULL),(634,0,NULL,NULL,0,1,298,NULL,6,NULL,'SIRCREB Santiago del Estero',NULL,0,0,0,0,0,1,1,'2020-02-06 17:23:07','2023-03-27 00:14:12',NULL),(635,0,NULL,NULL,0,1,299,NULL,6,NULL,'SIRCREB Tierra del Fuego',NULL,0,0,0,0,0,1,1,'2020-02-06 17:23:07','2023-03-27 00:14:12',NULL),(636,0,NULL,NULL,0,1,300,NULL,6,NULL,'SIRCREB Tucuman',NULL,0,0,0,0,0,1,1,'2020-02-06 17:23:07','2023-03-27 00:14:12',NULL),(637,0,NULL,NULL,0,1,301,NULL,8,NULL,'IIBB a Favor Buenos Aires',NULL,0,0,0,0,0,1,1,'2020-02-06 17:23:07','2023-03-27 00:14:12',NULL),(638,0,NULL,NULL,0,1,302,NULL,8,NULL,'IIBB a Favor Capital Federal',NULL,0,0,0,0,0,1,1,'2020-02-06 17:23:07','2023-03-27 00:14:12',NULL),(639,0,NULL,NULL,0,1,303,NULL,8,NULL,'IIBB a Favor Catamarca',NULL,0,0,0,0,0,1,1,'2020-02-06 17:23:07','2023-03-27 00:14:12',NULL),(640,0,NULL,NULL,0,1,304,NULL,8,NULL,'IIBB a Favor Chaco',NULL,0,0,0,0,0,1,1,'2020-02-06 17:23:07','2023-03-27 00:14:12',NULL),(641,0,NULL,NULL,0,1,305,NULL,8,NULL,'IIBB a Favor Chubut',NULL,0,0,0,0,0,1,1,'2020-02-06 17:23:07','2023-03-27 00:14:12',NULL),(642,0,NULL,NULL,0,1,306,NULL,8,NULL,'IIBB a Favor Córdoba',NULL,0,0,0,0,0,1,1,'2020-02-06 17:23:07','2023-03-27 00:14:12',NULL),(643,0,NULL,NULL,0,1,307,NULL,8,NULL,'IIBB a Favor Corrientes',NULL,0,0,0,0,0,1,1,'2020-02-06 17:23:07','2023-03-27 00:14:12',NULL),(644,0,NULL,NULL,0,1,308,NULL,8,NULL,'IIBB a Favor Entre Ríos',NULL,0,0,0,0,0,1,1,'2020-02-06 17:23:07','2023-03-27 00:14:12',NULL),(645,0,NULL,NULL,0,1,309,NULL,8,NULL,'IIBB a Favor Formosa',NULL,0,0,0,0,0,1,1,'2020-02-06 17:23:07','2023-03-27 00:14:12',NULL),(646,0,NULL,NULL,0,1,310,NULL,8,NULL,'IIBB a Favor Jujuy',NULL,0,0,0,0,0,1,1,'2020-02-06 17:23:07','2023-03-27 00:14:12',NULL),(647,0,NULL,NULL,0,1,311,NULL,8,NULL,'IIBB a Favor La Pampa',NULL,0,0,0,0,0,1,1,'2020-02-06 17:23:07','2023-03-27 00:14:12',NULL),(648,0,NULL,NULL,0,1,312,NULL,8,NULL,'IIBB a Favor La Rioja',NULL,0,0,0,0,0,1,1,'2020-02-06 17:23:07','2023-03-27 00:14:12',NULL),(649,0,NULL,NULL,0,1,313,NULL,8,NULL,'IIBB a Favor Mendoza',NULL,0,0,0,0,0,1,1,'2020-02-06 17:23:07','2023-03-27 00:14:12',NULL),(650,0,NULL,NULL,0,1,314,NULL,8,NULL,'IIBB a Favor Misiones',NULL,0,0,0,0,0,1,1,'2020-02-06 17:23:08','2023-03-27 00:14:12',NULL),(651,0,NULL,NULL,0,1,315,NULL,8,NULL,'IIBB a Favor Neuquén',NULL,0,0,0,0,0,1,1,'2020-02-06 17:23:08','2023-03-27 00:14:12',NULL),(652,0,NULL,NULL,0,1,316,NULL,8,NULL,'IIBB a Favor Pascua Lama',NULL,0,0,0,0,0,1,1,'2020-02-06 17:23:08','2023-03-27 00:14:12',NULL),(653,0,NULL,NULL,0,1,317,NULL,8,NULL,'IIBB a Favor Río Negro',NULL,0,0,0,0,0,1,1,'2020-02-06 17:23:08','2023-03-27 00:14:12',NULL),(654,0,NULL,NULL,0,1,318,NULL,8,NULL,'IIBB a Favor Salta',NULL,0,0,0,0,0,1,1,'2020-02-06 17:23:08','2023-03-27 00:14:12',NULL),(655,0,NULL,NULL,0,1,319,NULL,8,NULL,'IIBB a Favor San Juan',NULL,0,0,0,0,0,1,1,'2020-02-06 17:23:08','2023-03-27 00:14:12',NULL),(656,0,NULL,NULL,0,1,320,NULL,8,NULL,'IIBB a Favor San Luis',NULL,0,0,0,0,0,1,1,'2020-02-06 17:23:08','2023-03-27 00:14:12',NULL),(657,0,NULL,NULL,0,1,321,NULL,8,NULL,'IIBB a Favor Santa Cruz',NULL,0,0,0,0,0,1,1,'2020-02-06 17:23:08','2023-03-27 00:14:12',NULL),(658,0,NULL,NULL,0,1,322,NULL,8,NULL,'IIBB a Favor Santa Fe',NULL,0,0,0,0,0,1,1,'2020-02-06 17:23:08','2023-03-27 00:14:12',NULL);
INSERT INTO `cta_cte_tesoreria_cuentas` VALUES (659,0,NULL,NULL,0,1,323,NULL,8,NULL,'IIBB a Favor Santiago del Estero',NULL,0,0,0,0,0,1,1,'2020-02-06 17:23:08','2023-03-27 00:14:12',NULL),(660,0,NULL,NULL,0,1,324,NULL,8,NULL,'IIBB a Favor Tierra del Fuego',NULL,0,0,0,0,0,1,1,'2020-02-06 17:23:08','2023-03-27 00:14:12',NULL),(661,0,NULL,NULL,0,1,325,NULL,8,NULL,'IIBB a Favor Tucuman',NULL,0,0,0,0,0,1,1,'2020-02-06 17:23:08','2023-03-27 00:14:12',NULL),(662,0,NULL,NULL,0,1,326,NULL,8,NULL,'IIBB a Pagar Buenos Aires',NULL,0,0,0,0,0,1,1,'2020-02-06 17:23:08','2023-03-27 00:14:12',NULL),(663,0,NULL,NULL,0,1,327,NULL,8,NULL,'IIBB a Pagar Capital Federal',NULL,0,0,0,0,0,1,1,'2020-02-06 17:23:08','2023-03-27 00:14:12',NULL),(664,0,NULL,NULL,0,1,328,NULL,8,NULL,'IIBB a Pagar Catamarca',NULL,0,0,0,0,0,1,1,'2020-02-06 17:23:08','2023-03-27 00:14:12',NULL),(665,0,NULL,NULL,0,1,329,NULL,8,NULL,'IIBB a Pagar Chaco',NULL,0,0,0,0,0,1,1,'2020-02-06 17:23:08','2023-03-27 00:14:12',NULL),(666,0,NULL,NULL,0,1,330,NULL,8,NULL,'IIBB a Pagar Chubut',NULL,0,0,0,0,0,1,1,'2020-02-06 17:23:08','2023-03-27 00:14:12',NULL),(667,0,NULL,NULL,0,1,331,NULL,8,NULL,'IIBB a Pagar Córdoba',NULL,0,0,0,0,0,1,1,'2020-02-06 17:23:08','2023-03-27 00:14:12',NULL),(668,0,NULL,NULL,0,1,332,NULL,8,NULL,'IIBB a Pagar Corrientes',NULL,0,0,0,0,0,1,1,'2020-02-06 17:23:08','2023-03-27 00:14:12',NULL),(669,0,NULL,NULL,0,1,333,NULL,8,NULL,'IIBB a Pagar Entre Ríos',NULL,0,0,0,0,0,1,1,'2020-02-06 17:23:08','2023-03-27 00:14:12',NULL),(670,0,NULL,NULL,0,1,334,NULL,8,NULL,'IIBB a Pagar Formosa',NULL,0,0,0,0,0,1,1,'2020-02-06 17:23:08','2023-03-27 00:14:12',NULL),(671,0,NULL,NULL,0,1,335,NULL,8,NULL,'IIBB a Pagar Jujuy',NULL,0,0,0,0,0,1,1,'2020-02-06 17:23:08','2023-03-27 00:14:12',NULL),(672,0,NULL,NULL,0,1,336,NULL,8,NULL,'IIBB a Pagar La Pampa',NULL,0,0,0,0,0,1,1,'2020-02-06 17:23:08','2023-03-27 00:14:12',NULL),(673,0,NULL,NULL,0,1,337,NULL,8,NULL,'IIBB a Pagar La Rioja',NULL,0,0,0,0,0,1,1,'2020-02-06 17:23:08','2023-03-27 00:14:12',NULL),(674,0,NULL,NULL,0,1,338,NULL,8,NULL,'IIBB a Pagar Mendoza',NULL,0,0,0,0,0,1,1,'2020-02-06 17:23:08','2023-03-27 00:14:12',NULL),(675,0,NULL,NULL,0,1,339,NULL,8,NULL,'IIBB a Pagar Misiones',NULL,0,0,0,0,0,1,1,'2020-02-06 17:23:08','2023-03-27 00:14:12',NULL),(676,0,NULL,NULL,0,1,340,NULL,8,NULL,'IIBB a Pagar Neuquén',NULL,0,0,0,0,0,1,1,'2020-02-06 17:23:08','2023-03-27 00:14:12',NULL),(677,0,NULL,NULL,0,1,341,NULL,8,NULL,'IIBB a Pagar Pascua Lama',NULL,0,0,0,0,0,1,1,'2020-02-06 17:23:08','2023-03-27 00:14:12',NULL),(678,0,NULL,NULL,0,1,342,NULL,8,NULL,'IIBB a Pagar Río Negro',NULL,0,0,0,0,0,1,1,'2020-02-06 17:23:08','2023-03-27 00:14:12',NULL),(679,0,NULL,NULL,0,1,343,NULL,8,NULL,'IIBB a Pagar Salta',NULL,0,0,0,0,0,1,1,'2020-02-06 17:23:08','2023-03-27 00:14:12',NULL),(680,0,NULL,NULL,0,1,344,NULL,8,NULL,'IIBB a Pagar San Juan',NULL,0,0,0,0,0,1,1,'2020-02-06 17:23:08','2023-03-27 00:14:12',NULL),(681,0,NULL,NULL,0,1,345,NULL,8,NULL,'IIBB a Pagar San Luis',NULL,0,0,0,0,0,1,1,'2020-02-06 17:23:08','2023-03-27 00:14:12',NULL),(682,0,NULL,NULL,0,1,346,NULL,8,NULL,'IIBB a Pagar Santa Cruz',NULL,0,0,0,0,0,1,1,'2020-02-06 17:23:08','2023-03-27 00:14:12',NULL),(683,0,NULL,NULL,0,1,347,NULL,8,NULL,'IIBB a Pagar Santa Fe',NULL,0,0,0,0,0,1,1,'2020-02-06 17:23:08','2023-03-27 00:14:12',NULL),(684,0,NULL,NULL,0,1,348,NULL,8,NULL,'IIBB a Pagar Santiago del Estero',NULL,0,0,0,0,0,1,1,'2020-02-06 17:23:08','2023-03-27 00:14:12',NULL),(685,0,NULL,NULL,0,1,349,NULL,8,NULL,'IIBB a Pagar Tierra del Fuego',NULL,0,0,0,0,0,1,1,'2020-02-06 17:23:08','2023-03-27 00:14:12',NULL),(686,0,NULL,NULL,0,1,350,NULL,8,NULL,'IIBB a Pagar Tucuman',NULL,0,0,0,0,0,1,1,'2020-02-06 17:23:08','2023-03-27 00:14:12',NULL),(687,0,NULL,NULL,0,1,352,NULL,8,NULL,'Compensacion',NULL,0,0,0,0,0,1,1,'2020-02-06 17:23:08','2023-03-27 00:14:12',NULL),(688,0,NULL,NULL,0,1,353,NULL,8,NULL,'IVA Saldo Tecnico',NULL,0,0,0,0,0,1,1,'2020-02-06 17:23:08','2023-03-27 00:14:12',NULL);
INSERT INTO `cta_cte_tesoreria_cuentas` VALUES (689,0,NULL,NULL,0,1,354,NULL,8,NULL,'IVA Saldo Libre Disponibilidad',NULL,0,0,0,0,0,1,1,'2020-02-06 17:23:08','2023-03-27 00:14:12',NULL),(690,0,NULL,NULL,0,1,361,NULL,8,NULL,'Equipos de Computación',NULL,0,0,0,0,0,1,1,'2020-02-06 17:23:08','2023-03-27 00:14:12',NULL),(691,0,NULL,NULL,0,1,362,NULL,8,NULL,'Computadoras',NULL,0,0,0,0,0,1,1,'2020-02-06 17:23:08','2023-03-27 00:14:12',NULL),(692,0,NULL,NULL,0,1,363,NULL,8,NULL,'Muebles y Utiles',NULL,0,0,0,0,0,1,1,'2020-02-06 17:23:08','2023-03-27 00:14:12',NULL),(693,0,NULL,NULL,0,1,365,NULL,8,NULL,'Provision Honorarios',NULL,0,0,0,0,0,1,1,'2020-02-06 17:23:08','2023-03-27 00:14:12',NULL),(694,0,NULL,NULL,0,1,366,NULL,8,NULL,'Cta. Cte Directores',NULL,0,0,0,0,0,1,1,'2020-02-06 17:23:08','2023-03-27 00:14:12',NULL),(695,0,NULL,NULL,0,1,367,NULL,8,NULL,'Provisión Honorarios Directores',NULL,0,0,0,0,0,1,1,'2020-02-06 17:23:08','2023-03-27 00:14:12',NULL),(696,0,NULL,NULL,0,1,368,NULL,8,NULL,'Cuenta Particular Socio 1',NULL,0,0,0,0,0,1,1,'2020-02-06 17:23:08','2023-03-27 00:14:12',NULL),(697,0,NULL,NULL,0,1,369,NULL,8,NULL,'Capital',NULL,0,0,0,0,0,1,1,'2020-02-06 17:23:08','2023-03-27 00:14:12',NULL),(698,0,NULL,NULL,0,1,380,NULL,8,NULL,'Instalaciones',NULL,0,0,0,0,0,1,1,'2020-02-06 17:23:08','2023-03-27 00:14:12',NULL),(699,0,NULL,NULL,0,1,381,NULL,8,NULL,'Reserva Legal',NULL,0,0,0,0,0,1,1,'2020-02-06 17:23:08','2023-03-27 00:14:12',NULL),(700,0,NULL,NULL,0,1,382,NULL,8,NULL,'Reserva Legal',NULL,0,0,0,0,0,1,1,'2020-02-06 17:23:08','2023-03-27 00:14:12',NULL),(701,0,NULL,NULL,0,1,383,NULL,8,NULL,'Resultado no asignado',NULL,0,0,0,0,0,1,1,'2020-02-06 17:23:08','2023-03-27 00:14:12',NULL),(702,0,NULL,NULL,0,1,386,NULL,8,NULL,'PLAZO FIJO',NULL,0,0,0,0,0,1,1,'2020-02-06 17:23:08','2023-03-27 00:14:12',NULL),(703,0,NULL,NULL,0,1,388,NULL,8,NULL,'ACCIONES',NULL,0,0,0,0,0,1,1,'2020-02-06 17:23:08','2023-03-27 00:14:12',NULL),(704,0,NULL,NULL,0,1,389,NULL,8,NULL,'Inmuebles',NULL,0,0,0,0,0,1,1,'2020-02-06 17:23:08','2023-03-27 00:14:12',NULL),(705,0,NULL,NULL,0,1,390,NULL,8,NULL,'Vehiculos',NULL,0,0,0,0,0,1,1,'2020-02-06 17:23:08','2023-03-27 00:14:12',NULL),(706,0,NULL,NULL,0,1,391,NULL,8,NULL,'Maquinarias',NULL,0,0,0,0,0,1,1,'2020-02-06 17:23:08','2023-03-27 00:14:12',NULL),(707,0,NULL,NULL,0,1,392,NULL,8,NULL,'MERCADERIAS',NULL,0,0,0,0,0,1,1,'2020-02-06 17:23:08','2023-03-27 00:14:12',NULL),(708,0,NULL,NULL,0,1,393,NULL,8,NULL,'OTROS',NULL,0,0,0,0,0,1,1,'2020-02-06 17:23:08','2023-03-27 00:14:12',NULL),(709,0,NULL,NULL,0,1,395,NULL,8,NULL,'Cuenta Particular Socio 2',NULL,0,0,0,0,0,1,1,'2020-02-06 17:23:08','2023-03-27 00:14:12',NULL),(710,0,NULL,NULL,0,1,396,NULL,6,NULL,'Comisiones Y gastos Bancarios',NULL,0,0,0,0,0,1,1,'2020-02-06 17:23:08','2023-03-27 00:14:12',NULL),(711,0,NULL,NULL,0,1,411,NULL,8,NULL,'Provisión Impuesto a las Ganancias',NULL,0,0,0,0,0,1,1,'2020-02-06 17:23:08','2023-03-27 00:14:12',NULL),(712,0,NULL,NULL,0,1,412,NULL,6,NULL,'Amortización Muebles y Útiles',NULL,0,0,0,0,0,1,1,'2020-02-06 17:23:08','2023-03-27 00:14:12',NULL),(713,0,NULL,NULL,0,1,413,NULL,6,NULL,'Amortización Equipos',NULL,0,0,0,0,0,1,1,'2020-02-06 17:23:08','2023-03-27 00:14:12',NULL),(714,0,NULL,NULL,0,1,414,NULL,8,NULL,'Amortizacion Acumulada Equipos',NULL,0,0,0,0,0,1,1,'2020-02-06 17:23:08','2023-03-27 00:14:12',NULL),(715,0,NULL,NULL,0,1,415,NULL,8,NULL,'Amortización Acumulada Maquinarias',NULL,0,0,0,0,0,1,1,'2020-02-06 17:23:08','2023-03-27 00:14:12',NULL),(716,0,NULL,NULL,0,1,416,NULL,8,NULL,'Materias Primas',NULL,0,0,0,0,0,1,1,'2020-02-06 17:23:08','2023-03-27 00:14:12',NULL),(717,0,NULL,NULL,0,1,419,NULL,8,NULL,'Rodados',NULL,0,0,0,0,0,1,1,'2020-02-06 17:23:08','2023-03-27 00:14:12',NULL),(718,0,NULL,NULL,0,1,420,NULL,8,NULL,'Amortización Acumulada Rodados',NULL,0,0,0,0,0,1,1,'2020-02-06 17:23:08','2023-03-27 00:14:12',NULL),(719,0,NULL,NULL,0,1,421,NULL,8,NULL,'Amortización Rodados',NULL,0,0,0,0,0,1,1,'2020-02-06 17:23:08','2023-03-27 00:14:12',NULL);
INSERT INTO `cta_cte_tesoreria_cuentas` VALUES (720,0,NULL,NULL,0,1,422,NULL,8,NULL,'Amortización Maquinarias',NULL,0,0,0,0,0,1,1,'2020-02-06 17:23:08','2023-03-27 00:14:12',NULL),(721,0,NULL,NULL,0,1,423,NULL,8,NULL,'Accesorios',NULL,0,0,0,0,0,1,1,'2020-02-06 17:23:08','2023-03-27 00:14:12',NULL),(722,0,NULL,NULL,0,1,424,NULL,8,NULL,'Amortización Acumulada Accesorios',NULL,0,0,0,0,0,1,1,'2020-02-06 17:23:08','2023-03-27 00:14:12',NULL),(723,0,NULL,NULL,0,1,426,NULL,8,NULL,'Reserva Facultativa',NULL,0,0,0,0,0,1,1,'2020-02-06 17:23:08','2023-03-27 00:14:12',NULL),(724,0,NULL,NULL,0,1,427,NULL,8,NULL,'Créditos por Impuestos Diferidos',NULL,0,0,0,0,0,1,1,'2020-02-06 17:23:08','2023-03-27 00:14:12',NULL),(725,0,NULL,NULL,0,1,428,NULL,8,NULL,'Fondo de Comercio',NULL,0,0,0,0,0,1,1,'2020-02-06 17:23:08','2023-03-27 00:14:12',NULL),(726,0,NULL,NULL,0,1,429,NULL,8,NULL,'Amortizacion Acumulada Fondo de Comercio',NULL,0,0,0,0,0,1,1,'2020-02-06 17:23:08','2023-03-27 00:14:12',NULL),(727,0,NULL,NULL,0,1,430,NULL,8,NULL,'Intereses a devengar AGIP',NULL,0,0,0,0,0,1,1,'2020-02-06 17:23:08','2023-03-27 00:14:12',NULL),(728,0,NULL,NULL,0,1,431,NULL,8,NULL,'PFP IIBB',NULL,0,0,0,0,0,1,1,'2020-02-06 17:23:08','2023-03-27 00:14:12',NULL),(729,0,NULL,NULL,0,1,434,NULL,8,NULL,'Productos',NULL,0,0,0,0,0,1,1,'2020-02-06 17:23:08','2023-03-27 00:14:12',NULL),(730,0,NULL,NULL,0,1,435,NULL,8,NULL,'Intereses a devengar PFP',NULL,0,0,0,0,0,1,1,'2020-02-06 17:23:08','2023-03-27 00:14:12',NULL),(731,0,NULL,NULL,0,1,437,NULL,8,NULL,'Imp. Ley 25413 Cred 0.6%',NULL,0,0,0,0,0,1,1,'2020-02-06 17:23:08','2023-03-27 00:14:12',NULL),(732,0,NULL,NULL,0,1,438,NULL,8,NULL,'Honorarios Directorio a Pagar',NULL,0,0,0,0,0,1,1,'2020-02-06 17:23:08','2023-03-27 00:14:12',NULL),(733,0,NULL,NULL,0,1,439,NULL,8,NULL,'Reserva para Futuras Inversiones',NULL,0,0,0,0,0,1,1,'2020-02-06 17:23:08','2023-03-27 00:14:12',NULL),(734,0,NULL,NULL,0,1,440,NULL,8,NULL,'TEAC - Trabajos Ejecutados a Certificar',NULL,0,0,0,0,0,1,1,'2020-02-06 17:23:08','2023-03-27 00:14:12',NULL),(735,0,NULL,NULL,0,1,444,NULL,8,NULL,'Banco Santander Rio Cta Cte',NULL,0,0,0,0,0,1,1,'2020-02-06 17:23:08','2023-03-27 00:14:12',NULL),(736,0,NULL,NULL,0,1,449,NULL,8,NULL,'Leasing',NULL,0,0,0,0,0,1,1,'2020-02-06 17:23:08','2023-03-27 00:14:12',NULL),(737,0,NULL,NULL,0,1,453,NULL,8,NULL,'Inversión Central Caribe',NULL,0,0,0,0,0,1,1,'2020-02-06 17:23:08','2023-03-27 00:14:12',NULL),(738,0,NULL,NULL,0,1,454,NULL,8,NULL,'Otras Inversiones',NULL,0,0,0,0,0,1,1,'2020-02-06 17:23:08','2023-03-27 00:14:12',NULL),(739,0,NULL,NULL,0,1,455,NULL,8,NULL,'Otros Créditos',NULL,0,0,0,0,0,1,1,'2020-02-06 17:23:08','2023-03-27 00:14:12',NULL),(740,0,NULL,NULL,0,1,456,NULL,8,NULL,'Provisión Honorarios Socio Gerente',NULL,0,0,0,0,0,1,1,'2020-02-06 17:23:08','2023-03-27 00:14:12',NULL),(741,0,NULL,NULL,0,1,459,NULL,8,NULL,'Moratoria SUSS a pagar',NULL,0,0,0,0,0,1,1,'2020-02-06 17:23:08','2023-03-27 00:14:12',NULL),(742,0,NULL,NULL,0,1,460,NULL,8,NULL,'Impuestos Municipales a Pagar',NULL,0,0,0,0,0,1,1,'2020-02-06 17:23:08','2023-03-27 00:14:12',NULL),(743,0,NULL,NULL,0,1,461,NULL,6,NULL,'Amortización Instalaciones',NULL,0,0,0,0,0,1,1,'2020-02-06 17:23:08','2023-03-27 00:14:12',NULL),(744,0,NULL,NULL,0,1,462,NULL,8,NULL,'Amortización Equipos de comput.',NULL,0,0,0,0,0,1,1,'2020-02-06 17:23:08','2023-03-27 00:14:12',NULL),(745,0,NULL,NULL,0,1,463,NULL,8,NULL,'Cuenta Particular Socio 3',NULL,0,0,0,0,0,1,1,'2020-02-06 17:23:08','2023-03-27 00:14:12',NULL),(746,0,NULL,NULL,0,1,464,NULL,8,NULL,'Cuenta Particular Socio 4',NULL,0,0,0,0,0,1,1,'2020-02-06 17:23:08','2023-03-27 00:14:12',NULL),(747,0,NULL,NULL,0,1,465,NULL,8,NULL,'Otras Reservas',NULL,0,0,0,0,0,1,1,'2020-02-06 17:23:08','2023-03-27 00:14:12',NULL),(748,0,NULL,NULL,0,1,466,NULL,8,NULL,'IGMP (Saldo a Favor)',NULL,0,0,0,0,0,1,1,'2020-02-06 17:23:08','2023-03-27 00:14:12',NULL),(749,0,NULL,NULL,0,1,468,NULL,8,NULL,'Productos en Proceso',NULL,0,0,0,0,0,1,1,'2020-02-06 17:23:08','2023-03-27 00:14:12',NULL);
INSERT INTO `cta_cte_tesoreria_cuentas` VALUES (750,0,NULL,NULL,0,1,469,NULL,8,NULL,'Depósitos en Garantía Socio Gerente',NULL,0,0,0,0,0,1,1,'2020-02-06 17:23:08','2023-03-27 00:14:12',NULL),(751,0,NULL,NULL,0,1,470,NULL,8,NULL,'Fondos Embargados',NULL,0,0,0,0,0,1,1,'2020-02-06 17:23:08','2023-03-27 00:14:12',NULL),(752,0,NULL,NULL,0,1,471,NULL,8,NULL,'Cuota Solid.',NULL,0,0,0,0,0,1,1,'2020-02-06 17:23:08','2023-03-27 00:14:12',NULL),(753,0,NULL,NULL,0,1,472,NULL,8,NULL,'Anticipo Honorarios Directores',NULL,0,0,0,0,0,1,1,'2020-02-06 17:23:08','2023-03-27 00:14:12',NULL),(754,0,NULL,NULL,0,1,473,NULL,8,NULL,'SICORE a Pagar',NULL,0,0,0,0,0,1,1,'2020-02-06 17:23:08','2023-03-27 00:14:12',NULL),(755,0,NULL,NULL,0,1,476,NULL,6,NULL,'RECPAM',NULL,0,0,0,0,0,1,1,'2020-02-06 17:23:08','2023-03-27 00:14:12',NULL),(756,0,NULL,NULL,0,1,478,NULL,6,NULL,'CO2 - Imp. Al Carbono',NULL,0,0,0,0,0,1,1,'2020-02-06 17:23:08','2023-03-27 00:14:12',NULL),(757,0,NULL,8434,0,1,425,40846,2,NULL,'Banco Galicia cc',NULL,0,0,1,1,1,0,1,'2023-01-30 14:16:20','2023-04-10 11:15:38',NULL),(758,0,NULL,NULL,0,1,212,40846,8,NULL,'Tarjeta VISA',NULL,0,0,1,1,1,0,1,'2023-01-30 15:01:38','2023-03-27 00:14:12',NULL),(759,0,NULL,NULL,0,1,444,40762,2,NULL,'Banco Santander Rio Cta Cte',NULL,0,0,1,1,1,0,1,'2023-02-08 14:10:04','2023-03-27 00:14:12',NULL),(760,0,NULL,NULL,0,1,359,40719,1,NULL,'Caja Ezequiel',NULL,0,0,1,1,1,0,1,'2023-03-16 08:02:34','2023-03-27 00:14:12',NULL),(761,0,NULL,8434,0,1,359,40846,1,NULL,'Caja en Pesos',NULL,0,0,1,1,1,0,1,'2023-04-06 18:04:30','2023-04-06 18:04:30',NULL),(762,0,NULL,8434,0,1,212,40846,1,NULL,'Tarjeta VISA',NULL,0,0,1,1,1,0,1,'2023-04-06 18:06:35','2023-04-06 18:06:35',NULL),(763,0,NULL,8434,0,1,81,40846,1,NULL,'Retenciones de Ganancias a Proveedores',NULL,0,0,1,1,1,0,1,'2023-04-11 11:44:04','2023-04-11 11:44:04',NULL),(764,0,NULL,8444,0,1,14,40724,2,NULL,'Banco Provincia',NULL,0,0,1,1,1,0,1,'2023-04-27 08:26:42','2023-04-27 08:26:42',NULL),(765,0,NULL,8434,0,1,493,40846,1,NULL,'Cuenta Particular',NULL,0,0,1,1,1,0,1,'2024-01-03 18:00:48','2024-01-03 18:00:48',NULL);

--
-- Table structure for table `cta_cte_tesoreria_detail`
--

CREATE TABLE `cta_cte_tesoreria_detail` (
  `id` int(10) unsigned NOT NULL AUTO_INCREMENT,
  `user_id` int(10) unsigned DEFAULT NULL,
  `cta_cte_tesoreria_id` int(10) unsigned NOT NULL,
  `cta_cte_tesoreria_cuenta_id` int(10) unsigned NOT NULL,
  `person_id` int(10) unsigned DEFAULT NULL,
  `period_id` int(10) unsigned DEFAULT NULL,
  `saldo_id` int(10) unsigned NOT NULL,
  `monto` decimal(16,2) NOT NULL,
  `is_conciliado` tinyint(1) NOT NULL DEFAULT '0',
  `fecha` date DEFAULT NULL,
  `created_at` timestamp NULL DEFAULT NULL,
  `updated_at` timestamp NULL DEFAULT NULL,
  `deleted_at` timestamp NULL DEFAULT NULL,
  PRIMARY KEY (`id`),
  KEY `cta_cte_tesoreria_detail_cta_cte_tesoreria_id_foreign` (`cta_cte_tesoreria_id`),
  KEY `cta_cte_tesoreria_detail_cta_cte_tesoreria_cuenta_id_foreign` (`cta_cte_tesoreria_cuenta_id`),
  KEY `cta_cte_tesoreria_detail_person_id_foreign` (`person_id`),
  KEY `cta_cte_tesoreria_detail_period_id_foreign` (`period_id`),
  KEY `cta_cte_tesoreria_detail_saldo_id_foreign` (`saldo_id`),
  CONSTRAINT `cta_cte_tesoreria_detail_cta_cte_tesoreria_cuenta_id_foreign` FOREIGN KEY (`cta_cte_tesoreria_cuenta_id`) REFERENCES `cta_cte_tesoreria_cuentas` (`id`),
  CONSTRAINT `cta_cte_tesoreria_detail_cta_cte_tesoreria_id_foreign` FOREIGN KEY (`cta_cte_tesoreria_id`) REFERENCES `cta_cte_tesoreria` (`id`),
  CONSTRAINT `cta_cte_tesoreria_detail_period_id_foreign` FOREIGN KEY (`period_id`) REFERENCES `periods` (`id`),
  CONSTRAINT `cta_cte_tesoreria_detail_person_id_foreign` FOREIGN KEY (`person_id`) REFERENCES `persons` (`id`),
  CONSTRAINT `cta_cte_tesoreria_detail_saldo_id_foreign` FOREIGN KEY (`saldo_id`) REFERENCES `conta_tipo_saldos` (`id`)
) ENGINE=InnoDB AUTO_INCREMENT=1245 DEFAULT CHARSET=utf8mb4 COLLATE=utf8mb4_unicode_ci;

--
-- Dumping data for table `cta_cte_tesoreria_detail`
--

INSERT INTO `cta_cte_tesoreria_detail` VALUES (1,8434,1,757,40846,119616,1,0.00,0,'2023-04-10','2023-01-30 14:16:20','2023-04-10 11:20:09',NULL),(2,8434,2,57,40846,119616,1,134784.00,0,'2023-01-06','2023-01-30 14:18:34','2023-01-30 14:18:34',NULL),(3,8434,2,757,40846,119616,2,134784.00,0,'2023-01-06','2023-01-30 14:18:34','2023-01-30 14:18:34',NULL),(4,8434,3,57,40846,119616,1,160954.20,0,'2023-01-06','2023-01-30 14:20:08','2023-01-30 14:20:08',NULL),(5,8434,3,757,40846,119616,2,160954.20,0,'2023-01-06','2023-01-30 14:20:08','2023-01-30 14:20:08',NULL),(6,8434,4,57,40846,119616,1,12100.00,0,'2023-01-06','2023-01-30 14:20:52','2023-01-30 14:20:52',NULL),(7,8434,4,757,40846,119616,2,12100.00,0,'2023-01-06','2023-01-30 14:20:52','2023-01-30 14:20:52',NULL),(8,8434,5,57,40846,119616,1,101334.17,0,'2023-01-06','2023-01-30 14:22:39','2023-01-30 14:22:39',NULL),(9,8434,5,757,40846,119616,2,101334.17,0,'2023-01-06','2023-01-30 14:22:39','2023-01-30 14:22:39',NULL),(10,8434,6,57,40846,119616,1,291005.00,0,'2023-01-09','2023-01-30 14:26:51','2023-01-30 14:26:51',NULL),(11,8434,6,757,40846,119616,2,277247.00,0,'2023-01-09','2023-01-30 14:26:51','2023-01-30 14:26:51',NULL),(12,8434,6,23,40846,119616,2,13758.00,0,'2023-01-09','2023-01-30 14:26:51','2023-01-30 14:26:51',NULL),(18,8434,9,57,40846,119616,1,5534.79,0,'2023-01-10','2023-01-30 14:48:58','2023-01-30 14:48:58',NULL),(19,8434,9,757,40846,119616,2,5534.79,0,'2023-01-10','2023-01-30 14:48:58','2023-01-30 14:48:58',NULL),(20,8434,10,57,40846,119616,1,5178.27,0,'2023-01-10','2023-01-30 14:52:06','2023-01-30 14:52:06',NULL),(21,8434,10,757,40846,119616,2,5178.27,0,'2023-01-10','2023-01-30 14:52:06','2023-01-30 14:52:06',NULL),(22,8434,11,758,40846,119616,1,-748588.12,0,'2023-01-30','2023-01-30 15:01:38','2023-01-30 15:01:38',NULL),(23,8434,12,57,40846,119616,1,11741.24,0,'2023-01-27','2023-01-30 15:03:14','2023-01-30 15:03:14',NULL),(24,8434,12,758,40846,119616,2,11741.24,0,'2023-01-27','2023-01-30 15:03:14','2023-01-30 15:03:14',NULL),(25,8434,13,57,40846,119616,1,95000.00,0,'2023-01-23','2023-01-30 15:05:07','2023-01-30 15:05:07',NULL),(26,8434,13,757,40846,119616,2,95000.00,0,'2023-01-23','2023-01-30 15:05:07','2023-01-30 15:05:07',NULL),(27,8434,14,57,40846,119616,1,8800.00,0,'2023-01-04','2023-01-30 15:08:37','2023-01-30 15:08:37',NULL),(28,8434,14,359,40846,119616,2,8800.00,0,'2023-01-04','2023-01-30 15:08:37','2023-01-30 15:08:37',NULL),(29,8434,15,57,40846,119616,1,1200.00,0,'2023-01-02','2023-01-30 15:10:58','2023-01-30 15:10:58',NULL),(30,8434,15,359,40846,119616,2,1200.00,0,'2023-01-02','2023-01-30 15:10:58','2023-01-30 15:10:58',NULL),(31,8434,16,57,40846,119616,1,1700.00,0,'2023-01-13','2023-01-30 15:11:37','2023-01-30 15:11:37',NULL),(32,8434,16,359,40846,119616,2,1700.00,0,'2023-01-13','2023-01-30 15:11:37','2023-01-30 15:11:37',NULL),(33,8434,17,57,40846,119616,1,4890.00,0,'2023-01-08','2023-01-30 15:12:52','2023-01-30 15:12:52',NULL),(34,8434,17,359,40846,119616,2,4890.00,0,'2023-01-08','2023-01-30 15:12:52','2023-01-30 15:12:52',NULL),(35,8434,18,57,40846,119616,1,2060.39,0,'2023-01-08','2023-01-30 15:13:45','2023-01-30 15:13:45',NULL),(36,8434,18,359,40846,119616,2,2060.39,0,'2023-01-08','2023-01-30 15:13:45','2023-01-30 15:13:45',NULL),(37,8434,19,57,40846,119616,1,905.00,0,'2023-01-12','2023-01-30 15:14:47','2023-01-30 15:14:47',NULL),(38,8434,19,359,40846,119616,2,905.00,0,'2023-01-12','2023-01-30 15:14:47','2023-01-30 15:14:47',NULL),(39,8434,20,57,40846,119616,1,374993.52,0,'2023-01-10','2023-01-30 15:18:51','2023-01-30 15:18:51',NULL),(40,8434,20,757,40846,119616,2,374993.52,0,'2023-01-10','2023-01-30 15:18:51','2023-01-30 15:18:51',NULL),(41,8434,21,57,40846,119616,1,4840000.00,0,'2023-01-17','2023-01-30 19:19:00','2023-01-30 19:19:00',NULL),(42,8434,21,757,40846,119616,2,4761343.40,0,'2023-01-17','2023-01-30 19:19:00','2023-01-30 19:19:00',NULL),(43,8434,21,23,40846,119616,2,78656.60,0,'2023-01-17','2023-01-30 19:19:00','2023-01-30 19:19:00',NULL);
INSERT INTO `cta_cte_tesoreria_detail` VALUES (44,8434,22,57,40846,119616,1,2360.00,0,'2023-01-19','2023-01-31 14:18:04','2023-01-31 14:18:04',NULL),(45,8434,22,359,40846,119616,2,2360.00,0,'2023-01-19','2023-01-31 14:18:04','2023-01-31 14:18:04',NULL),(46,8434,23,57,40846,119616,1,8164.92,0,'2023-01-13','2023-01-31 14:20:33','2023-01-31 14:20:33',NULL),(47,8434,23,758,40846,119616,2,8164.92,0,'2023-01-13','2023-01-31 14:20:33','2023-01-31 14:20:33',NULL),(48,8434,24,57,40846,119616,1,12785.02,0,'2023-01-20','2023-01-31 14:21:24','2023-01-31 14:21:24',NULL),(49,8434,24,758,40846,119616,2,12785.02,0,'2023-01-20','2023-01-31 14:21:24','2023-01-31 14:21:24',NULL),(50,8434,25,57,40846,119616,1,20625.00,0,'2023-01-25','2023-01-31 14:27:14','2023-01-31 14:27:14',NULL),(51,8434,25,757,40846,119616,2,20625.00,0,'2023-01-25','2023-01-31 14:27:14','2023-01-31 14:27:14',NULL),(52,8434,26,57,40846,119616,1,22625.00,0,'2023-01-25','2023-01-31 14:27:47','2023-01-31 14:27:47',NULL),(53,8434,26,757,40846,119616,2,22625.00,0,'2023-01-25','2023-01-31 14:27:47','2023-01-31 14:27:47',NULL),(56,8434,28,57,40846,119616,1,16034.51,0,'2023-01-05','2023-01-31 16:18:23','2023-01-31 16:18:23',NULL),(57,8434,28,757,40846,119616,2,16034.51,0,'2023-01-05','2023-01-31 16:18:23','2023-01-31 16:18:23',NULL),(58,8434,29,13,40846,119616,2,3828375.14,0,'2023-01-03','2023-02-02 11:46:24','2023-02-02 11:46:24',NULL),(59,8434,29,757,40846,119616,1,3180286.91,0,'2023-01-03','2023-02-02 11:46:24','2023-02-02 11:46:24',NULL),(60,8434,29,23,40846,119616,1,61935.53,0,'2023-01-03','2023-02-02 11:46:24','2023-02-02 11:46:24',NULL),(61,8434,29,272,40846,119616,1,22970.25,0,'2023-01-03','2023-02-02 11:46:24','2023-02-02 11:46:24',NULL),(62,8434,29,25,40846,119616,1,531542.99,0,'2023-01-03','2023-02-02 11:46:24','2023-02-02 11:46:24',NULL),(63,8434,29,162,40846,119616,1,31639.46,0,'2023-01-03','2023-02-02 11:46:24','2023-02-02 11:46:24',NULL),(64,8433,30,13,40846,119616,2,3601855.04,0,'2023-01-06','2023-02-02 13:54:18','2023-02-02 13:54:18',NULL),(65,8433,30,757,40846,119616,1,3543663.65,0,'2023-01-06','2023-02-02 13:54:18','2023-02-02 13:54:18',NULL),(66,8433,30,23,40846,119616,1,58191.39,0,'2023-01-06','2023-02-02 13:54:18','2023-02-02 13:54:18',NULL),(67,8434,31,13,40846,119616,2,557250.00,0,'2023-01-20','2023-02-02 13:58:13','2023-09-21 01:41:37','2023-09-21 01:41:37'),(68,8434,31,757,40846,119616,1,546959.00,0,'2023-01-20','2023-02-02 13:58:13','2023-09-21 01:41:37','2023-09-21 01:41:37'),(69,8434,31,23,40846,119616,1,10291.00,0,'2023-01-20','2023-02-02 13:58:13','2023-09-21 01:41:37','2023-09-21 01:41:37'),(70,8434,32,13,40846,119616,2,459800.00,0,'2023-01-24','2023-02-02 14:07:35','2023-09-21 01:32:46','2023-09-21 01:32:46'),(71,8434,32,757,40846,119616,1,383303.40,0,'2023-01-24','2023-02-02 14:07:35','2023-09-21 01:32:46','2023-09-21 01:32:46'),(72,8434,32,23,40846,119616,1,6256.60,0,'2023-01-24','2023-02-02 14:07:35','2023-09-21 01:32:46','2023-09-21 01:32:46'),(73,8434,32,252,40846,119616,1,3000.00,0,'2023-01-24','2023-02-02 14:07:35','2023-09-21 01:32:46','2023-09-21 01:32:46'),(74,8434,32,25,40846,119616,1,63840.00,0,'2023-01-24','2023-02-02 14:07:35','2023-09-21 01:32:47','2023-09-21 01:32:47'),(75,8434,32,162,40846,119616,1,3400.00,0,'2023-01-24','2023-02-02 14:07:35','2023-09-21 01:32:47','2023-09-21 01:32:47'),(76,8434,33,13,40846,119616,2,4840000.00,0,'2023-01-26','2023-02-02 14:09:04','2023-09-21 01:40:24','2023-09-21 01:40:24'),(77,8434,33,757,40846,119616,1,4840000.00,0,'2023-01-26','2023-02-02 14:09:04','2023-09-21 01:40:24','2023-09-21 01:40:24'),(78,8434,34,759,40762,54472,1,896295.85,0,'2023-02-08','2023-02-08 14:10:04','2023-02-08 14:10:04',NULL),(81,8433,36,57,40762,54471,1,300000.00,0,'2023-01-09','2023-02-08 14:21:47','2023-02-08 14:21:47',NULL),(82,8433,36,759,40762,54471,2,300000.00,0,'2023-01-09','2023-02-08 14:21:47','2023-02-08 14:21:47',NULL),(83,8434,37,13,40846,119616,2,2812645.63,0,'2023-01-02','2023-02-10 02:01:56','2023-02-10 02:01:56',NULL);
INSERT INTO `cta_cte_tesoreria_detail` VALUES (84,8434,37,757,40846,119616,1,2342870.88,0,'2023-01-02','2023-02-10 02:01:56','2023-02-10 02:01:56',NULL),(85,8434,37,25,40846,119616,1,393770.39,0,'2023-01-02','2023-02-10 02:01:56','2023-02-10 02:01:56',NULL),(86,8434,37,23,40846,119616,1,45534.03,0,'2023-01-02','2023-02-10 02:01:56','2023-02-10 02:01:56',NULL),(87,8434,37,251,40846,119616,1,30470.33,0,'2023-01-02','2023-02-10 02:01:56','2023-02-10 02:01:56',NULL),(88,8434,38,57,40846,119616,1,9531.85,0,'2023-01-31','2023-02-10 02:05:29','2023-02-10 02:05:29',NULL),(89,8434,38,757,40846,119616,2,9531.85,0,'2023-01-31','2023-02-10 02:05:29','2023-02-10 02:05:29',NULL),(90,8434,39,57,40846,119616,1,827.74,0,'2023-01-26','2023-02-10 02:06:14','2023-02-10 02:06:14',NULL),(91,8434,39,758,40846,119616,2,827.74,0,'2023-01-26','2023-02-10 02:06:14','2023-02-10 02:06:14',NULL),(92,8433,40,57,40762,54471,1,15000.00,0,'2023-01-09','2023-02-10 10:51:43','2023-02-10 10:51:43',NULL),(93,8433,40,759,40762,54471,2,15000.00,0,'2023-01-09','2023-02-10 10:51:43','2023-02-10 10:51:43',NULL),(94,8433,41,57,40762,54471,1,176680.00,0,'2023-01-09','2023-02-10 10:53:25','2023-02-10 10:53:25',NULL),(95,8433,41,759,40762,54471,2,176680.00,0,'2023-01-09','2023-02-10 10:53:25','2023-02-10 10:53:25',NULL),(96,8433,42,57,40762,54471,1,55000.00,0,'2023-01-09','2023-02-10 10:54:17','2023-02-10 10:54:17',NULL),(97,8433,42,759,40762,54471,2,55000.00,0,'2023-01-09','2023-02-10 10:54:17','2023-02-10 10:54:17',NULL),(98,8433,43,57,40762,54471,1,90205.50,0,'2023-01-09','2023-02-10 10:55:26','2023-02-10 10:55:26',NULL),(99,8433,43,759,40762,54471,2,90205.50,0,'2023-01-09','2023-02-10 10:55:26','2023-02-10 10:55:26',NULL),(100,8433,44,57,40762,54471,1,185000.00,0,'2023-01-09','2023-02-10 10:56:22','2023-02-10 10:56:22',NULL),(101,8433,44,759,40762,54471,2,185000.00,0,'2023-01-09','2023-02-10 10:56:22','2023-02-10 10:56:22',NULL),(102,8433,45,57,40762,54471,1,150000.00,0,'2023-01-09','2023-02-10 10:58:52','2023-02-10 10:58:52',NULL),(103,8433,45,759,40762,54471,2,150000.00,0,'2023-01-09','2023-02-10 10:58:52','2023-02-10 10:58:52',NULL),(104,8433,46,57,40762,54471,1,60500.00,0,'2023-01-10','2023-02-10 10:59:55','2023-02-10 10:59:55',NULL),(105,8433,46,759,40762,54471,2,60500.00,0,'2023-01-10','2023-02-10 10:59:55','2023-02-10 10:59:55',NULL),(106,8433,47,57,40762,54471,1,5900.00,0,'2023-01-16','2023-02-10 11:00:52','2023-02-10 11:00:52',NULL),(107,8433,47,759,40762,54471,2,5900.00,0,'2023-01-16','2023-02-10 11:00:52','2023-02-10 11:00:52',NULL),(108,8433,48,57,40762,54471,1,2145.87,0,'2023-01-31','2023-02-10 11:02:21','2023-02-10 11:02:21',NULL),(109,8433,48,759,40762,54471,2,2145.87,0,'2023-01-31','2023-02-10 11:02:21','2023-02-10 11:02:21',NULL),(110,8433,49,57,40846,119617,1,23375.00,0,'2023-02-24','2023-03-01 12:34:32','2023-03-01 12:34:32',NULL),(111,8433,49,757,40846,119617,2,23375.00,0,'2023-02-24','2023-03-01 12:34:32','2023-03-01 12:34:32',NULL),(112,8433,50,57,40846,119617,1,25625.00,0,'2023-02-24','2023-03-01 12:35:24','2023-03-01 12:35:24',NULL),(113,8433,50,757,40846,119617,2,25625.00,0,'2023-02-24','2023-03-01 12:35:24','2023-03-01 12:35:24',NULL),(114,8433,51,57,40846,119617,1,160954.20,0,'2023-02-08','2023-03-01 13:37:33','2023-03-01 13:37:33',NULL),(115,8433,51,757,40846,119617,2,160954.20,0,'2023-02-08','2023-03-01 13:37:33','2023-03-01 13:37:33',NULL),(116,8433,52,57,40846,119617,1,18150.00,0,'2023-02-08','2023-03-01 13:38:36','2023-03-01 13:38:36',NULL),(117,8433,52,757,40846,119617,2,18150.00,0,'2023-02-08','2023-03-01 13:38:36','2023-03-01 13:38:36',NULL),(118,8433,53,57,40846,119617,1,134478.00,0,'2023-02-08','2023-03-01 13:39:33','2023-03-01 13:39:33',NULL),(119,8433,53,757,40846,119617,2,134478.00,0,'2023-02-08','2023-03-01 13:39:33','2023-03-01 13:39:33',NULL),(122,8433,55,57,40846,119617,1,291005.00,0,'2023-02-08','2023-03-02 10:44:55','2023-03-02 10:44:55',NULL),(123,8433,55,23,40846,119617,2,13758.00,0,'2023-02-08','2023-03-02 10:44:55','2023-03-02 10:44:55',NULL);
INSERT INTO `cta_cte_tesoreria_detail` VALUES (124,8433,55,757,40846,119617,2,277247.00,0,'2023-02-08','2023-03-02 10:44:55','2023-03-02 10:44:55',NULL),(128,8433,57,57,40846,119617,1,105814.97,0,'2023-02-22','2023-03-02 10:56:35','2023-03-02 10:56:35',NULL),(129,8433,57,757,40846,119617,2,105814.97,0,'2023-02-22','2023-03-02 10:56:35','2023-03-02 10:56:35',NULL),(134,8433,60,13,40846,119617,2,147187.50,0,'2023-02-18','2023-03-03 10:47:23','2023-03-03 10:47:23',NULL),(135,8433,60,23,40846,119617,1,2089.75,0,'2023-02-18','2023-03-03 10:47:23','2023-03-03 10:47:23',NULL),(136,8433,60,757,40846,119617,1,145097.75,0,'2023-02-18','2023-03-03 10:47:23','2023-03-03 10:47:23',NULL),(139,8433,62,57,40846,119617,1,7500.00,0,'2023-02-22','2023-03-03 11:14:36','2023-03-03 11:14:36',NULL),(140,8433,62,757,40846,119617,2,7500.00,0,'2023-02-22','2023-03-03 11:14:36','2023-03-03 11:14:36',NULL),(143,8434,64,57,40846,119617,1,57632.89,0,'2023-02-14','2023-03-07 09:59:01','2023-03-07 09:59:01',NULL),(144,8434,64,758,40846,119617,2,57632.89,0,'2023-02-14','2023-03-07 09:59:01','2023-03-07 09:59:01',NULL),(145,8434,65,57,40846,119617,1,7645.39,0,'2023-02-14','2023-03-07 10:00:11','2023-03-07 10:00:11',NULL),(146,8434,65,758,40846,119617,2,7645.39,0,'2023-02-14','2023-03-07 10:00:11','2023-03-07 10:00:11',NULL),(149,8434,67,57,40846,119617,1,936.26,0,'2023-02-28','2023-03-07 10:05:47','2023-03-07 10:05:47',NULL),(150,8434,67,758,40846,119617,2,936.26,0,'2023-02-28','2023-03-07 10:05:47','2023-03-07 10:05:47',NULL),(151,8434,68,57,40846,119617,1,4440.00,0,'2023-02-23','2023-03-07 10:29:23','2023-03-07 10:29:23',NULL),(152,8434,68,359,40846,119617,2,4440.00,0,'2023-02-23','2023-03-07 10:29:23','2023-03-07 10:29:23',NULL),(161,8433,73,57,40846,119617,1,1800.00,0,'2023-02-02','2023-03-07 10:52:50','2023-03-07 10:52:50',NULL),(162,8433,73,359,40846,119617,2,1800.00,0,'2023-02-02','2023-03-07 10:52:50','2023-03-07 10:52:50',NULL),(163,8433,74,57,40846,119617,1,1700.00,0,'2023-02-14','2023-03-07 10:53:58','2023-03-07 10:53:58',NULL),(164,8433,74,359,40846,119617,2,1700.00,0,'2023-02-14','2023-03-07 10:53:58','2023-03-07 10:53:58',NULL),(165,8434,75,57,40846,119617,1,1950.00,0,'2023-02-22','2023-03-10 19:07:55','2023-03-10 19:07:55',NULL),(166,8434,75,757,40846,119617,2,1950.00,0,'2023-02-22','2023-03-10 19:07:55','2023-03-10 19:07:55',NULL),(167,7931,76,359,40719,19,2,2500.00,0,'2023-03-16','2023-03-16 08:04:45','2023-03-16 08:04:45',NULL),(168,7931,76,201,40719,19,1,2500.00,0,'2023-03-16','2023-03-16 08:04:45','2023-03-16 08:04:45',NULL),(169,7931,77,760,40719,20,2,3000.00,0,'2023-03-16','2023-03-16 08:07:14','2023-03-16 08:07:14',NULL),(170,7931,77,140,40719,20,1,3000.00,0,'2023-03-16','2023-03-16 08:07:14','2023-03-16 08:07:14',NULL),(171,7931,78,13,40719,20,2,10000.00,0,'2023-03-16','2023-03-16 08:10:13','2023-03-16 08:10:13',NULL),(172,7931,78,760,40719,20,1,10000.00,0,'2023-03-16','2023-03-16 08:10:13','2023-03-16 08:10:13',NULL),(173,8434,79,57,40846,119617,1,12793.55,0,'2023-02-28','2023-03-17 12:37:40','2023-03-17 12:37:40',NULL),(174,8434,79,757,40846,119617,2,12793.55,0,'2023-02-28','2023-03-17 12:37:40','2023-03-17 12:37:40',NULL),(175,8434,80,57,40846,119617,1,6682.15,0,'2023-02-09','2023-03-17 19:16:27','2023-03-17 19:16:27',NULL),(176,8434,80,758,40846,119617,2,6682.15,0,'2023-02-09','2023-03-17 19:16:27','2023-03-17 19:16:27',NULL),(177,8434,81,57,40846,119617,1,12236.03,0,'2023-02-23','2023-03-17 20:16:13','2023-03-17 20:16:13',NULL),(178,8434,81,757,40846,119617,2,12236.03,0,'2023-02-23','2023-03-17 20:16:13','2023-03-17 20:16:13',NULL),(179,8434,82,57,40846,119617,1,100846.00,0,'2023-02-17','2023-03-18 21:42:54','2023-03-18 21:42:54',NULL),(180,8434,82,23,40846,119617,2,323.48,0,'2023-02-17','2023-03-18 21:42:54','2023-03-18 21:42:54',NULL),(181,8434,82,757,40846,119617,2,100522.52,0,'2023-02-17','2023-03-18 21:42:54','2023-03-18 21:42:54',NULL),(182,8434,83,57,40846,119617,1,89000.00,0,'2023-02-15','2023-03-18 21:45:12','2023-03-18 21:45:12',NULL);
INSERT INTO `cta_cte_tesoreria_detail` VALUES (183,8434,83,757,40846,119617,2,89000.00,0,'2023-02-15','2023-03-18 21:45:12','2023-03-18 21:45:12',NULL),(186,8434,85,57,40846,119617,1,1544.67,0,'2023-02-08','2023-03-18 22:00:24','2023-03-18 22:00:24',NULL),(187,8434,85,359,40846,119617,2,1544.67,0,'2023-02-08','2023-03-18 22:00:24','2023-03-18 22:00:24',NULL),(188,8434,86,57,40846,119617,1,398.18,0,'2023-02-15','2023-03-18 22:01:07','2023-03-18 22:01:07',NULL),(189,8434,86,359,40846,119617,2,398.18,0,'2023-02-15','2023-03-18 22:01:07','2023-03-18 22:01:07',NULL),(190,8434,87,57,40846,119617,1,1275.44,0,'2023-02-15','2023-03-18 22:02:07','2023-03-18 22:02:07',NULL),(191,8434,87,359,40846,119617,2,1275.44,0,'2023-02-15','2023-03-18 22:02:07','2023-03-18 22:02:07',NULL),(192,8434,88,57,40846,119617,1,13424.28,0,'2023-02-25','2023-03-20 22:39:07','2023-03-20 22:39:07',NULL),(193,8434,88,758,40846,119617,2,13424.28,0,'2023-02-25','2023-03-20 22:39:07','2023-03-20 22:39:07',NULL),(194,8434,89,761,40846,119619,1,0.00,0,'2023-04-06','2023-04-06 18:04:30','2023-04-06 18:04:30',NULL),(195,8434,90,762,40846,119619,1,0.00,0,'2023-04-06','2023-04-06 18:06:35','2023-04-06 18:06:35',NULL),(196,8434,91,57,40846,119618,1,62364.32,0,'2023-03-07','2023-04-06 18:07:59','2023-04-06 18:07:59',NULL),(197,8434,91,762,40846,119618,2,62364.32,0,'2023-03-07','2023-04-06 18:07:59','2023-04-06 18:07:59',NULL),(198,8434,92,57,40846,119618,1,160954.20,0,'2023-03-06','2023-04-10 11:22:07','2023-04-10 11:22:07',NULL),(199,8434,92,757,40846,119618,2,160954.20,0,'2023-03-06','2023-04-10 11:22:07','2023-04-10 11:22:07',NULL),(200,8433,93,57,40846,119618,1,18150.00,0,'2023-03-06','2023-04-10 11:25:49','2023-04-10 11:25:49',NULL),(201,8433,93,757,40846,119618,2,18150.00,0,'2023-03-06','2023-04-10 11:25:49','2023-04-10 11:25:49',NULL),(202,8433,94,57,40846,119618,1,111821.51,0,'2023-03-06','2023-04-10 11:34:04','2023-04-10 11:34:04',NULL),(203,8433,94,757,40846,119618,2,111821.51,0,'2023-03-06','2023-04-10 11:34:04','2023-04-10 11:34:04',NULL),(204,8433,95,57,40846,119618,1,950.00,0,'2023-03-03','2023-04-10 11:48:33','2023-04-10 11:48:33',NULL),(205,8433,95,761,40846,119618,2,950.00,0,'2023-03-03','2023-04-10 11:48:33','2023-04-10 11:48:33',NULL),(206,8433,96,57,40846,119618,1,1900.00,0,'2023-03-10','2023-04-10 11:50:28','2023-04-10 11:50:28',NULL),(207,8433,96,761,40846,119618,2,1900.00,0,'2023-03-10','2023-04-10 11:50:28','2023-04-10 11:50:28',NULL),(208,8433,97,57,40846,119618,1,1900.00,0,'2023-03-17','2023-04-10 11:51:36','2023-04-10 11:51:36',NULL),(209,8433,97,761,40846,119618,2,1900.00,0,'2023-03-17','2023-04-10 11:51:36','2023-04-10 11:51:36',NULL),(210,8433,98,57,40846,119618,1,10300.00,0,'2023-03-12','2023-04-10 12:02:37','2023-04-10 12:02:37',NULL),(211,8433,98,761,40846,119618,2,10300.00,0,'2023-03-12','2023-04-10 12:02:37','2023-04-10 12:02:37',NULL),(212,8433,99,57,40846,119618,1,940.00,0,'2023-03-13','2023-04-10 12:03:49','2023-04-10 12:03:49',NULL),(213,8433,99,761,40846,119618,2,940.00,0,'2023-03-13','2023-04-10 12:03:49','2023-04-10 12:03:49',NULL),(214,8433,100,57,40846,119618,1,8060.00,0,'2023-03-29','2023-04-10 12:05:03','2023-04-10 12:05:03',NULL),(215,8433,100,761,40846,119618,2,8060.00,0,'2023-03-29','2023-04-10 12:05:03','2023-04-10 12:05:03',NULL),(216,8433,101,57,40846,119618,1,142.00,0,'2023-03-06','2023-04-10 12:06:52','2023-04-10 12:06:52',NULL),(217,8433,101,761,40846,119618,2,142.00,0,'2023-03-06','2023-04-10 12:06:52','2023-04-10 12:06:52',NULL),(218,8433,102,57,40846,119618,1,434.00,0,'2023-03-29','2023-04-10 12:08:05','2023-04-10 12:08:05',NULL),(219,8433,102,761,40846,119618,2,434.00,0,'2023-03-29','2023-04-10 12:08:05','2023-04-10 12:08:05',NULL),(220,8433,103,57,40846,119618,1,833.00,0,'2023-03-03','2023-04-10 12:10:00','2023-04-10 12:10:00',NULL),(221,8433,103,761,40846,119618,2,833.00,0,'2023-03-03','2023-04-10 12:10:00','2023-04-10 12:10:00',NULL),(222,8433,104,57,40846,119618,1,22358.61,0,'2023-03-25','2023-04-10 12:50:34','2023-04-10 12:50:34',NULL);
INSERT INTO `cta_cte_tesoreria_detail` VALUES (223,8433,104,757,40846,119618,2,22358.61,0,'2023-03-25','2023-04-10 12:50:34','2023-04-10 12:50:34',NULL),(224,8433,105,57,40846,119618,1,16850.10,0,'2023-03-24','2023-04-10 12:52:49','2023-04-10 12:52:49',NULL),(225,8433,105,757,40846,119618,2,16850.10,0,'2023-03-24','2023-04-10 12:52:49','2023-04-10 12:52:49',NULL),(226,8433,106,57,40846,119618,1,20570.00,0,'2023-03-27','2023-04-10 13:22:56','2023-04-10 13:22:56',NULL),(227,8433,106,757,40846,119618,2,20570.00,0,'2023-03-27','2023-04-10 13:22:56','2023-04-10 13:22:56',NULL),(228,8434,107,57,40846,119617,1,3200.00,0,'2023-03-22','2023-04-10 13:25:29','2023-11-19 23:28:31','2023-11-19 23:28:31'),(229,8434,107,757,40846,119617,2,3200.00,0,'2023-03-22','2023-04-10 13:25:29','2023-11-19 23:28:31','2023-11-19 23:28:31'),(230,8433,108,57,40846,119618,1,46558.07,0,'2023-03-30','2023-04-10 13:27:06','2023-04-10 13:27:06',NULL),(231,8433,108,757,40846,119618,2,46558.07,0,'2023-03-30','2023-04-10 13:27:06','2023-04-10 13:27:06',NULL),(232,8433,109,57,40846,119618,1,1400.00,0,'2023-03-17','2023-04-10 13:28:55','2023-04-10 13:28:55',NULL),(233,8433,109,757,40846,119618,2,1400.00,0,'2023-03-17','2023-04-10 13:28:55','2023-04-10 13:28:55',NULL),(234,8433,110,57,40846,119618,1,11100.40,0,'2023-03-16','2023-04-10 13:30:37','2023-04-10 13:30:37',NULL),(235,8433,110,757,40846,119618,2,11100.40,0,'2023-03-16','2023-04-10 13:30:37','2023-04-10 13:30:37',NULL),(236,8433,111,57,40846,119618,1,15125.00,0,'2023-03-16','2023-04-10 13:32:13','2023-04-10 13:32:13',NULL),(237,8433,111,757,40846,119618,2,15125.00,0,'2023-03-16','2023-04-10 13:32:13','2023-04-10 13:32:13',NULL),(238,8433,112,57,40846,119618,1,9501.00,0,'2023-03-13','2023-04-10 13:36:00','2023-04-10 13:36:00',NULL),(239,8433,112,757,40846,119618,2,9501.00,0,'2023-03-13','2023-04-10 13:36:00','2023-04-10 13:36:00',NULL),(240,8433,113,57,40846,119618,1,21660.00,0,'2023-03-13','2023-04-10 13:38:22','2023-04-10 13:38:22',NULL),(241,8433,113,757,40846,119618,2,21660.00,0,'2023-03-13','2023-04-10 13:38:22','2023-04-10 13:38:22',NULL),(242,8433,114,57,40846,119618,1,5050.00,0,'2023-03-13','2023-04-10 13:40:10','2023-04-10 13:40:10',NULL),(243,8433,114,757,40846,119618,2,5050.00,0,'2023-03-13','2023-04-10 13:40:10','2023-04-10 13:40:10',NULL),(244,8433,115,57,40846,119618,1,12365.63,0,'2023-03-13','2023-04-10 13:41:55','2023-04-10 13:41:55',NULL),(245,8433,115,757,40846,119618,2,12365.63,0,'2023-03-13','2023-04-10 13:41:55','2023-04-10 13:41:55',NULL),(246,8433,116,57,40846,119618,1,11000.00,0,'2023-03-10','2023-04-11 09:38:43','2023-04-11 09:38:43',NULL),(247,8433,116,757,40846,119618,2,11000.00,0,'2023-03-10','2023-04-11 09:38:43','2023-04-11 09:38:43',NULL),(248,8433,117,57,40846,119618,1,11000.00,0,'2023-03-06','2023-04-11 09:40:06','2023-04-11 09:40:06',NULL),(249,8433,117,757,40846,119618,2,11000.00,0,'2023-03-06','2023-04-11 09:40:06','2023-04-11 09:40:06',NULL),(250,8433,118,57,40846,119618,1,9379.96,0,'2023-03-08','2023-04-11 09:43:11','2023-04-11 09:43:11',NULL),(251,8433,118,757,40846,119618,2,9379.96,0,'2023-03-08','2023-04-11 09:43:11','2023-04-11 09:43:11',NULL),(252,8433,119,57,40846,119618,1,33810.46,0,'2023-03-06','2023-04-11 09:46:21','2023-04-11 09:46:21',NULL),(253,8433,119,757,40846,119618,2,33810.46,0,'2023-03-06','2023-04-11 09:46:21','2023-04-11 09:46:21',NULL),(254,8433,120,57,40846,119618,1,134478.00,0,'2023-03-07','2023-04-11 09:52:54','2023-04-11 09:52:54',NULL),(255,8433,120,757,40846,119618,2,134478.00,0,'2023-03-07','2023-04-11 09:52:54','2023-04-11 09:52:54',NULL),(256,8433,121,57,40846,119618,1,6250.89,0,'2023-03-10','2023-04-11 09:58:30','2023-04-11 09:58:30',NULL),(257,8433,121,757,40846,119618,2,6250.89,0,'2023-03-10','2023-04-11 09:58:30','2023-04-11 09:58:30',NULL),(258,8433,122,57,40846,119618,1,7641.78,0,'2023-03-01','2023-04-11 10:32:20','2023-04-11 10:32:20',NULL),(259,8433,122,762,40846,119618,2,7641.78,0,'2023-03-01','2023-04-11 10:32:20','2023-04-11 10:32:20',NULL);
INSERT INTO `cta_cte_tesoreria_detail` VALUES (260,8433,123,57,40846,119618,1,7666.53,0,'2023-03-04','2023-04-11 10:33:44','2023-04-11 10:33:44',NULL),(261,8433,123,762,40846,119618,2,7666.53,0,'2023-03-04','2023-04-11 10:33:44','2023-04-11 10:33:44',NULL),(262,8433,124,57,40846,119618,1,497360.01,0,'2023-03-07','2023-04-11 10:34:56','2023-04-11 10:34:56',NULL),(263,8433,124,762,40846,119618,2,497360.01,0,'2023-03-07','2023-04-11 10:34:56','2023-04-11 10:34:56',NULL),(264,8433,125,57,40846,119618,1,14028.37,0,'2023-03-23','2023-04-11 10:37:58','2023-04-11 10:37:58',NULL),(265,8433,125,762,40846,119618,2,14028.37,0,'2023-03-23','2023-04-11 10:37:58','2023-04-11 10:37:58',NULL),(266,8434,126,13,40846,119618,2,155625.00,0,'2023-03-17','2023-04-11 11:39:32','2023-04-11 11:39:32',NULL),(267,8434,126,23,40846,119618,1,2258.50,0,'2023-03-17','2023-04-11 11:39:32','2023-04-11 11:39:32',NULL),(268,8434,126,757,40846,119618,1,153366.50,0,'2023-03-17','2023-04-11 11:39:32','2023-04-11 11:39:32',NULL),(269,8434,127,763,40846,119619,1,0.00,0,'2023-04-11','2023-04-11 11:44:04','2023-04-11 11:44:04',NULL),(270,8434,128,57,40846,119618,1,2579478.00,0,'2023-03-17','2023-04-11 11:57:16','2023-12-06 22:26:20','2023-12-06 22:26:20'),(271,8434,128,763,40846,119618,2,41292.60,0,'2023-03-17','2023-04-11 11:57:16','2023-12-06 22:26:20','2023-12-06 22:26:20'),(272,8434,128,762,40846,119618,2,2538185.40,0,'2023-03-17','2023-04-11 11:57:16','2023-12-06 22:26:20','2023-12-06 22:26:20'),(273,8434,129,57,40846,119618,1,402022.50,0,'2023-03-06','2023-04-11 12:33:26','2023-04-11 12:33:26',NULL),(274,8434,129,763,40846,119618,2,19263.00,0,'2023-03-06','2023-04-11 12:33:26','2023-04-11 12:33:26',NULL),(275,8434,129,757,40846,119618,2,382759.50,0,'2023-03-06','2023-04-11 12:33:26','2023-04-11 12:33:26',NULL),(276,8434,130,57,40846,119618,1,11174.78,0,'2023-03-31','2023-04-11 12:57:06','2023-04-15 19:53:37','2023-04-15 19:53:37'),(277,8434,130,757,40846,119618,2,11174.78,0,'2023-03-31','2023-04-11 12:57:06','2023-04-15 19:53:37','2023-04-15 19:53:37'),(278,8433,131,57,40846,119618,1,8761.55,0,'2023-03-31','2023-04-11 13:00:14','2023-04-11 13:00:14',NULL),(279,8433,131,757,40846,119618,2,8761.55,0,'2023-03-31','2023-04-11 13:00:14','2023-04-11 13:00:14',NULL),(280,8434,132,57,40846,119618,1,11174.78,0,'2023-03-31','2023-04-15 20:19:13','2023-04-15 20:19:13',NULL),(281,8434,132,757,40846,119618,2,11174.78,0,'2023-03-31','2023-04-15 20:19:13','2023-04-15 20:19:13',NULL),(282,8444,133,764,40724,7533,1,0.00,0,'2023-04-27','2023-04-27 08:26:42','2023-04-27 08:26:42',NULL),(283,8444,134,13,40724,7533,2,122560.90,0,'2023-04-10','2023-04-27 08:28:35','2023-04-27 08:28:35',NULL),(284,8444,134,764,40724,7533,1,122560.90,0,'2023-04-10','2023-04-27 08:28:35','2023-04-27 08:28:35',NULL),(285,8433,135,57,40846,119619,1,4099.18,0,'2023-04-26','2023-05-03 09:51:51','2023-05-03 09:51:51',NULL),(286,8433,135,757,40846,119619,2,4099.18,0,'2023-04-26','2023-05-03 09:51:51','2023-05-03 09:51:51',NULL),(287,8433,136,57,40846,119619,1,24562.50,0,'2023-04-26','2023-05-03 09:57:19','2023-05-03 09:57:19',NULL),(288,8433,136,757,40846,119619,2,24562.50,0,'2023-04-26','2023-05-03 09:57:19','2023-05-03 09:57:19',NULL),(289,8433,137,57,40846,119619,1,26937.50,0,'2023-04-26','2023-05-03 09:59:21','2023-05-03 09:59:21',NULL),(290,8433,137,757,40846,119619,2,26937.50,0,'2023-04-26','2023-05-03 09:59:21','2023-05-03 09:59:21',NULL),(291,8433,138,57,40846,119619,1,112000.00,0,'2023-04-04','2023-05-03 10:05:15','2023-05-03 10:05:15',NULL),(292,8433,138,757,40846,119619,2,112000.00,0,'2023-04-04','2023-05-03 10:05:15','2023-05-03 10:05:15',NULL),(293,8433,139,57,40846,119619,1,118548.38,0,'2023-04-11','2023-05-03 10:39:31','2023-05-03 10:39:31',NULL),(294,8433,139,757,40846,119619,2,118548.38,0,'2023-04-11','2023-05-03 10:39:31','2023-05-03 10:39:31',NULL),(295,8433,140,57,40846,119619,1,18150.00,0,'2023-04-11','2023-05-03 10:40:41','2023-05-03 10:40:41',NULL);
INSERT INTO `cta_cte_tesoreria_detail` VALUES (296,8433,140,757,40846,119619,2,18150.00,0,'2023-04-11','2023-05-03 10:40:41','2023-05-03 10:40:41',NULL),(297,8433,141,57,40846,119619,1,209240.46,0,'2023-04-11','2023-05-03 10:42:00','2023-05-03 10:42:00',NULL),(298,8433,141,757,40846,119619,2,209240.46,0,'2023-04-11','2023-05-03 10:42:00','2023-05-03 10:42:00',NULL),(299,8433,142,57,40846,119619,1,134478.00,0,'2023-04-05','2023-05-03 10:45:20','2023-05-03 10:45:20',NULL),(300,8433,142,757,40846,119619,2,134478.00,0,'2023-04-05','2023-05-03 10:45:20','2023-05-03 10:45:20',NULL),(301,8433,143,57,40846,119619,1,402022.50,0,'2023-04-05','2023-05-03 10:50:18','2023-05-03 10:50:18',NULL),(302,8433,143,23,40846,119619,2,19263.00,0,'2023-04-05','2023-05-03 10:50:18','2023-05-03 10:50:18',NULL),(303,8433,143,757,40846,119619,2,382759.50,0,'2023-04-05','2023-05-03 10:50:18','2023-05-03 10:50:18',NULL),(304,8433,144,57,40846,119619,1,6623.26,0,'2023-04-10','2023-05-03 10:59:34','2023-05-03 10:59:34',NULL),(305,8433,144,757,40846,119619,2,6623.26,0,'2023-04-10','2023-05-03 10:59:34','2023-05-03 10:59:34',NULL),(306,8433,145,57,40846,119619,1,12624.15,0,'2023-04-30','2023-05-03 13:44:29','2023-05-03 13:44:29',NULL),(307,8433,145,757,40846,119619,2,12624.15,0,'2023-04-30','2023-05-03 13:44:29','2023-05-03 13:44:29',NULL),(308,8433,146,57,40846,119619,1,10117.06,0,'2023-04-14','2023-05-04 09:35:25','2023-05-04 09:35:25',NULL),(309,8433,146,762,40846,119619,2,10117.06,0,'2023-04-14','2023-05-04 09:35:25','2023-05-04 09:35:25',NULL),(310,8433,147,57,40846,119619,1,615.94,0,'2023-04-05','2023-05-04 10:57:28','2023-05-04 10:57:28',NULL),(311,8433,147,762,40846,119619,2,615.94,0,'2023-04-05','2023-05-04 10:57:28','2023-05-04 10:57:28',NULL),(312,8433,148,57,40846,119619,1,263.00,0,'2023-04-12','2023-05-04 10:59:25','2023-05-04 10:59:25',NULL),(313,8433,148,762,40846,119619,2,263.00,0,'2023-04-12','2023-05-04 10:59:25','2023-05-04 10:59:25',NULL),(314,8433,149,57,40846,119619,1,7634.69,0,'2023-04-10','2023-05-04 11:01:45','2023-05-04 11:01:45',NULL),(315,8433,149,762,40846,119619,2,7634.69,0,'2023-04-10','2023-05-04 11:01:45','2023-05-04 11:01:45',NULL),(316,8433,150,57,40846,119619,1,25625.00,0,'2023-04-04','2023-05-04 11:34:48','2023-05-04 11:34:48',NULL),(317,8433,150,762,40846,119619,2,25625.00,0,'2023-04-04','2023-05-04 11:34:48','2023-05-04 11:34:48',NULL),(318,8433,151,57,40846,119619,1,23375.00,0,'2023-04-04','2023-05-04 11:35:57','2023-05-04 11:35:57',NULL),(319,8433,151,762,40846,119619,2,23375.00,0,'2023-04-04','2023-05-04 11:35:57','2023-05-04 11:35:57',NULL),(320,8433,152,57,40846,119619,1,67141.16,0,'2023-04-05','2023-05-04 11:38:59','2023-05-04 11:38:59',NULL),(321,8433,152,762,40846,119619,2,67141.16,0,'2023-04-05','2023-05-04 11:38:59','2023-05-04 11:38:59',NULL),(322,8433,153,57,40846,119620,1,134478.00,0,'2023-05-05','2023-05-30 11:44:32','2023-05-30 11:44:32',NULL),(323,8433,153,757,40846,119620,2,134478.00,0,'2023-05-05','2023-05-30 11:44:32','2023-05-30 11:44:32',NULL),(324,8433,154,57,40846,119620,1,15000.00,0,'2023-05-09','2023-05-30 11:45:42','2023-05-30 11:45:42',NULL),(325,8433,154,757,40846,119620,2,15000.00,0,'2023-05-09','2023-05-30 11:45:42','2023-05-30 11:45:42',NULL),(326,8433,155,57,40846,119620,1,18150.00,0,'2023-05-22','2023-05-30 11:46:42','2023-05-30 11:46:42',NULL),(327,8433,155,757,40846,119620,2,18150.00,0,'2023-05-22','2023-05-30 11:46:42','2023-05-30 11:46:42',NULL),(328,8433,156,57,40846,119620,1,209240.46,0,'2023-05-22','2023-05-30 11:48:05','2023-05-30 11:48:05',NULL),(329,8433,156,757,40846,119620,2,209240.46,0,'2023-05-22','2023-05-30 11:48:05','2023-05-30 11:48:05',NULL),(330,8433,157,57,40846,119620,1,126301.87,0,'2023-05-22','2023-05-30 11:49:05','2023-05-30 11:49:05',NULL),(331,8433,157,757,40846,119620,2,126301.87,0,'2023-05-22','2023-05-30 11:49:05','2023-05-30 11:49:05',NULL),(332,8433,158,57,40846,119620,1,402022.50,0,'2023-05-05','2023-05-30 11:51:44','2023-05-30 11:51:44',NULL);
INSERT INTO `cta_cte_tesoreria_detail` VALUES (333,8433,158,23,40846,119620,2,19263.00,0,'2023-05-05','2023-05-30 11:51:44','2023-05-30 11:51:44',NULL),(334,8433,158,757,40846,119620,2,382759.50,0,'2023-05-05','2023-05-30 11:51:44','2023-05-30 11:51:44',NULL),(335,8434,159,57,40846,119620,1,5538.86,0,'2023-05-08','2023-05-30 11:54:57','2023-06-21 11:44:16','2023-06-21 11:44:16'),(336,8434,159,757,40846,119620,2,5538.86,0,'2023-05-08','2023-05-30 11:54:57','2023-06-21 11:44:16','2023-06-21 11:44:16'),(337,8433,160,57,40846,119620,1,24562.50,0,'2023-05-29','2023-05-30 11:57:34','2023-05-30 11:57:34',NULL),(338,8433,160,757,40846,119620,2,24562.50,0,'2023-05-29','2023-05-30 11:57:34','2023-05-30 11:57:34',NULL),(339,8433,161,57,40846,119620,1,26937.50,0,'2023-05-29','2023-05-30 11:58:28','2023-05-30 11:58:28',NULL),(340,8433,161,757,40846,119620,2,26937.50,0,'2023-05-29','2023-05-30 11:58:28','2023-05-30 11:58:28',NULL),(341,8433,162,57,40846,119620,1,19555.40,0,'2023-05-31','2023-06-05 13:21:18','2023-06-05 13:21:18',NULL),(342,8433,162,757,40846,119620,2,19555.40,0,'2023-05-31','2023-06-05 13:21:18','2023-06-05 13:21:18',NULL),(343,8433,163,57,40846,119620,1,9277.33,0,'2023-05-11','2023-06-06 09:36:53','2023-06-06 09:36:53',NULL),(344,8433,163,762,40846,119620,2,9277.33,0,'2023-05-11','2023-06-06 09:36:53','2023-06-06 09:36:53',NULL),(345,8433,164,57,40846,119620,1,9460.64,0,'2023-05-14','2023-06-06 09:38:04','2023-06-06 09:38:04',NULL),(346,8433,164,762,40846,119620,2,9460.64,0,'2023-05-14','2023-06-06 09:38:04','2023-06-06 09:38:04',NULL),(347,8433,165,57,40846,119620,1,16974.32,0,'2023-05-24','2023-06-06 09:39:03','2023-06-06 09:39:03',NULL),(348,8433,165,762,40846,119620,2,16974.32,0,'2023-05-24','2023-06-06 09:39:03','2023-06-06 09:39:03',NULL),(349,8433,166,57,40846,119620,1,68725.37,0,'2023-05-08','2023-06-06 09:43:16','2023-06-06 09:43:16',NULL),(350,8433,166,762,40846,119620,2,68725.37,0,'2023-05-08','2023-06-06 09:43:16','2023-06-06 09:43:16',NULL),(351,8433,167,57,40846,119620,1,744.42,0,'2023-05-04','2023-06-06 09:57:36','2023-06-06 09:57:36',NULL),(352,8433,167,762,40846,119620,2,744.42,0,'2023-05-04','2023-06-06 09:57:36','2023-06-06 09:57:36',NULL),(353,8433,168,57,40846,119620,1,15300.88,0,'2023-05-31','2023-06-06 10:05:26','2023-06-06 10:05:26',NULL),(354,8433,168,762,40846,119620,2,15300.88,0,'2023-05-31','2023-06-06 10:05:26','2023-06-06 10:05:26',NULL),(355,8433,169,57,40846,119621,1,9570.57,0,'2023-06-14','2023-07-04 11:30:30','2023-07-04 11:30:30',NULL),(356,8433,169,762,40846,119621,2,9570.57,0,'2023-06-14','2023-07-04 11:30:30','2023-07-04 11:30:30',NULL),(357,8433,170,57,40846,119621,1,611.03,0,'2023-06-05','2023-07-04 11:33:40','2023-07-04 11:33:40',NULL),(358,8433,170,762,40846,119621,2,611.03,0,'2023-06-05','2023-07-04 11:33:40','2023-07-04 11:33:40',NULL),(359,8433,171,57,40846,119621,1,13338.50,0,'2023-06-08','2023-07-04 11:34:48','2023-07-04 11:34:48',NULL),(360,8433,171,762,40846,119621,2,13338.50,0,'2023-06-08','2023-07-04 11:34:48','2023-07-04 11:34:48',NULL),(361,8433,172,57,40846,119621,1,200.00,0,'2023-06-09','2023-07-04 11:35:45','2023-07-04 11:35:45',NULL),(362,8433,172,762,40846,119621,2,200.00,0,'2023-06-09','2023-07-04 11:35:45','2023-07-04 11:35:45',NULL),(363,8434,173,57,40846,119621,1,19859.96,0,'2023-06-23','2023-07-04 11:40:24','2023-07-19 15:56:56','2023-07-19 15:56:56'),(364,8434,173,762,40846,119621,2,19859.96,0,'2023-06-23','2023-07-04 11:40:24','2023-07-19 15:56:56','2023-07-19 15:56:56'),(365,8433,174,57,40846,119621,1,71995.70,0,'2023-06-26','2023-07-04 11:41:29','2023-07-04 11:41:29',NULL),(366,8433,174,762,40846,119621,2,71995.70,0,'2023-06-26','2023-07-04 11:41:29','2023-07-04 11:41:29',NULL),(367,8433,175,57,40846,119621,1,20400.23,0,'2023-06-30','2023-07-04 11:53:20','2023-07-04 11:53:20',NULL),(368,8433,175,762,40846,119621,2,20400.23,0,'2023-06-30','2023-07-04 11:53:20','2023-07-04 11:53:20',NULL),(369,8433,176,57,40846,119621,1,161740.00,0,'2023-06-07','2023-07-05 11:20:24','2023-07-05 11:20:24',NULL);
INSERT INTO `cta_cte_tesoreria_detail` VALUES (370,8433,176,757,40846,119621,2,161740.00,0,'2023-06-07','2023-07-05 11:20:24','2023-07-05 11:20:24',NULL),(371,8433,177,57,40846,119621,1,12712.68,0,'2023-06-12','2023-07-05 11:33:05','2023-07-05 11:33:05',NULL),(372,8433,177,757,40846,119621,2,12712.68,0,'2023-06-12','2023-07-05 11:33:05','2023-07-05 11:33:05',NULL),(373,8433,178,57,40846,119621,1,35197.47,0,'2023-06-12','2023-07-05 11:34:13','2023-07-05 11:34:13',NULL),(374,8433,178,757,40846,119621,2,35197.47,0,'2023-06-12','2023-07-05 11:34:13','2023-07-05 11:34:13',NULL),(375,8433,179,57,40846,119621,1,12250.00,0,'2023-06-12','2023-07-05 11:43:42','2023-07-05 11:43:42',NULL),(376,8433,179,757,40846,119621,2,12250.00,0,'2023-06-12','2023-07-05 11:43:42','2023-07-05 11:43:42',NULL),(377,8433,180,57,40846,119621,1,209240.46,0,'2023-06-21','2023-07-05 11:52:23','2023-07-05 11:52:23',NULL),(378,8433,180,757,40846,119621,2,209240.46,0,'2023-06-21','2023-07-05 11:52:23','2023-07-05 11:52:23',NULL),(379,8433,181,57,40846,119621,1,18150.00,0,'2023-06-21','2023-07-05 12:05:45','2023-07-05 12:05:45',NULL),(380,8433,181,757,40846,119621,2,18150.00,0,'2023-06-21','2023-07-05 12:05:45','2023-07-05 12:05:45',NULL),(381,8433,182,57,40846,119621,1,12400.00,0,'2023-06-21','2023-07-05 12:06:48','2023-07-05 12:06:48',NULL),(382,8433,182,757,40846,119621,2,12400.00,0,'2023-06-21','2023-07-05 12:06:48','2023-07-05 12:06:48',NULL),(383,8433,183,57,40846,119621,1,11100.00,0,'2023-06-26','2023-07-05 12:07:54','2023-07-05 12:07:54',NULL),(384,8433,183,757,40846,119621,2,11100.00,0,'2023-06-26','2023-07-05 12:07:54','2023-07-05 12:07:54',NULL),(385,8433,184,57,40846,119621,1,13302.99,0,'2023-06-26','2023-07-05 12:09:17','2023-07-05 12:09:17',NULL),(386,8433,184,757,40846,119621,2,13302.99,0,'2023-06-26','2023-07-05 12:09:17','2023-07-05 12:09:17',NULL),(387,8433,185,57,40846,119621,1,25000.00,0,'2023-06-29','2023-07-05 12:10:28','2023-07-05 12:10:28',NULL),(388,8433,185,757,40846,119621,2,25000.00,0,'2023-06-29','2023-07-05 12:10:28','2023-07-05 12:10:28',NULL),(389,8433,186,57,40846,119621,1,135842.01,0,'2023-06-26','2023-07-05 12:16:27','2023-07-05 12:16:27',NULL),(390,8433,186,757,40846,119621,2,135842.01,0,'2023-06-26','2023-07-05 12:16:27','2023-07-05 12:16:27',NULL),(391,8433,187,57,40846,119622,1,2000.01,0,'2023-07-03','2023-08-02 11:53:30','2023-08-02 12:56:10','2023-08-02 12:56:10'),(392,8433,187,762,40846,119622,2,2000.01,0,'2023-07-03','2023-08-02 11:53:30','2023-08-02 12:56:10','2023-08-02 12:56:10'),(393,8433,188,57,40846,119622,1,11200.00,0,'2023-07-24','2023-08-02 11:59:04','2023-08-02 13:00:32','2023-08-02 13:00:32'),(394,8433,188,762,40846,119622,2,11200.00,0,'2023-07-24','2023-08-02 11:59:04','2023-08-02 13:00:32','2023-08-02 13:00:32'),(395,8433,189,57,40846,119622,1,14399.99,0,'2023-07-03','2023-08-02 12:05:06','2023-08-02 13:04:52','2023-08-02 13:04:52'),(396,8433,189,762,40846,119622,2,14399.99,0,'2023-07-03','2023-08-02 12:05:06','2023-08-02 13:04:52','2023-08-02 13:04:52'),(397,8433,190,57,40846,119622,1,18199.99,0,'2023-07-24','2023-08-02 12:34:25','2023-08-02 12:34:25',NULL),(398,8433,190,757,40846,119622,2,18199.99,0,'2023-07-24','2023-08-02 12:34:25','2023-08-02 12:34:25',NULL),(399,8434,191,57,40846,119621,1,18502.72,0,'2023-07-26','2023-08-02 12:41:48','2023-12-07 02:02:16','2023-12-07 02:02:16'),(400,8434,191,757,40846,119621,2,18502.72,0,'2023-07-26','2023-08-02 12:41:48','2023-12-07 02:02:16','2023-12-07 02:02:16'),(401,8433,192,57,40846,119622,1,1999.99,0,'2023-07-03','2023-08-02 12:58:47','2023-08-02 12:58:47',NULL),(402,8433,192,757,40846,119622,2,1999.99,0,'2023-07-03','2023-08-02 12:58:47','2023-08-02 12:58:47',NULL),(403,8433,193,57,40846,119622,1,11200.00,0,'2023-07-24','2023-08-02 13:02:45','2023-08-02 13:02:45',NULL),(404,8433,193,757,40846,119622,2,11200.00,0,'2023-07-24','2023-08-02 13:02:45','2023-08-02 13:02:45',NULL),(405,8433,194,57,40846,119622,1,14399.99,0,'2023-07-03','2023-08-02 13:07:40','2023-08-02 13:07:40',NULL);
INSERT INTO `cta_cte_tesoreria_detail` VALUES (406,8433,194,757,40846,119622,2,14399.99,0,'2023-07-03','2023-08-02 13:07:40','2023-08-02 13:07:40',NULL),(407,8433,195,57,40846,119622,1,21184.20,0,'2023-07-31','2023-08-02 13:50:30','2023-08-02 13:50:30',NULL),(408,8433,195,757,40846,119622,2,21184.20,0,'2023-07-31','2023-08-02 13:50:30','2023-08-02 13:50:30',NULL),(409,8433,196,57,40846,119622,1,161740.00,0,'2023-07-03','2023-08-03 10:19:19','2023-08-03 10:19:19',NULL),(410,8433,196,757,40846,119622,2,161740.00,0,'2023-07-03','2023-08-03 10:19:19','2023-08-03 10:19:19',NULL),(411,8433,197,57,40846,119622,1,10850.00,0,'2023-07-03','2023-08-03 10:20:33','2023-08-03 10:20:33',NULL),(412,8433,197,757,40846,119622,2,10850.00,0,'2023-07-03','2023-08-03 10:20:33','2023-08-03 10:20:33',NULL),(413,8433,198,57,40846,119622,1,18150.00,0,'2023-07-03','2023-08-03 10:21:46','2023-08-03 10:21:46',NULL),(414,8433,198,757,40846,119622,2,18150.00,0,'2023-07-03','2023-08-03 10:21:46','2023-08-03 10:21:46',NULL),(415,8433,199,57,40846,119622,1,278300.00,0,'2023-07-03','2023-08-03 10:22:54','2023-08-03 10:22:54',NULL),(416,8433,199,757,40846,119622,2,278300.00,0,'2023-07-03','2023-08-03 10:22:54','2023-08-03 10:22:54',NULL),(417,8433,200,57,40846,119622,1,145597.67,0,'2023-07-05','2023-08-03 10:29:00','2023-08-03 10:29:00',NULL),(418,8433,200,757,40846,119622,2,145597.67,0,'2023-07-05','2023-08-03 10:29:00','2023-08-03 10:29:00',NULL),(419,8433,201,57,40846,119622,1,3500.00,0,'2023-07-10','2023-08-03 10:31:46','2023-08-03 10:31:46',NULL),(420,8433,201,757,40846,119622,2,3500.00,0,'2023-07-10','2023-08-03 10:31:46','2023-08-03 10:31:46',NULL),(421,8433,202,57,40846,119622,1,48000.00,0,'2023-07-12','2023-08-03 10:32:54','2023-08-03 10:32:54',NULL),(422,8433,202,757,40846,119622,2,48000.00,0,'2023-07-12','2023-08-03 10:32:54','2023-08-03 10:32:54',NULL),(423,8433,203,57,40846,119622,1,151200.00,0,'2023-07-14','2023-08-03 10:34:25','2023-08-03 10:34:25',NULL),(424,8433,203,757,40846,119622,2,151200.00,0,'2023-07-14','2023-08-03 10:34:25','2023-08-03 10:34:25',NULL),(425,8433,204,57,40846,119622,1,85317.56,0,'2023-07-19','2023-08-03 10:35:34','2023-08-03 10:35:34',NULL),(426,8433,204,757,40846,119622,2,85317.56,0,'2023-07-19','2023-08-03 10:35:34','2023-08-03 10:35:34',NULL),(427,8433,205,57,40846,119622,1,75948.15,0,'2023-07-03','2023-08-03 11:22:32','2023-08-03 11:22:32',NULL),(428,8433,205,762,40846,119622,2,75948.15,0,'2023-07-03','2023-08-03 11:22:32','2023-08-03 11:22:32',NULL),(429,8433,206,57,40846,119622,1,431.16,0,'2023-07-05','2023-08-03 11:35:34','2023-08-03 11:35:34',NULL),(430,8433,206,762,40846,119622,2,431.16,0,'2023-07-05','2023-08-03 11:35:34','2023-08-03 11:35:34',NULL),(431,8433,207,57,40846,119622,1,14420.79,0,'2023-07-06','2023-08-03 11:39:44','2023-08-03 11:39:44',NULL),(432,8433,207,762,40846,119622,2,14420.79,0,'2023-07-06','2023-08-03 11:39:44','2023-08-03 11:39:44',NULL),(433,8433,208,57,40846,119622,1,12093.68,0,'2023-07-14','2023-08-03 11:40:38','2023-08-03 11:40:38',NULL),(434,8433,208,762,40846,119622,2,12093.68,0,'2023-07-14','2023-08-03 11:40:38','2023-08-03 11:40:38',NULL),(435,8433,209,57,40846,119622,1,53099.00,0,'2023-07-18','2023-08-03 11:54:58','2023-08-03 11:54:58',NULL),(436,8433,209,762,40846,119622,2,53099.00,0,'2023-07-18','2023-08-03 11:54:58','2023-08-03 11:54:58',NULL),(437,8434,210,57,40846,119622,1,21448.75,0,'2023-07-21','2023-08-03 11:55:48','2023-10-18 02:54:42','2023-10-18 02:54:42'),(438,8434,210,762,40846,119622,2,21448.75,0,'2023-07-21','2023-08-03 11:55:48','2023-10-18 02:54:42','2023-10-18 02:54:42'),(439,8434,211,57,40846,119622,1,1625.65,0,'2023-07-31','2023-08-03 12:02:06','2023-10-18 03:01:31','2023-10-18 03:01:31'),(440,8434,211,762,40846,119622,2,1625.65,0,'2023-07-31','2023-08-03 12:02:06','2023-10-18 03:01:31','2023-10-18 03:01:31'),(441,8433,212,57,40846,119622,1,29437.50,0,'2023-07-05','2023-08-03 13:09:10','2023-08-03 13:09:10',NULL);
INSERT INTO `cta_cte_tesoreria_detail` VALUES (442,8433,212,757,40846,119622,2,29437.50,0,'2023-07-05','2023-08-03 13:09:10','2023-08-03 13:09:10',NULL),(443,8433,213,57,40846,119622,1,32312.50,0,'2023-07-05','2023-08-03 13:10:20','2023-08-03 13:10:20',NULL),(444,8433,213,757,40846,119622,2,32312.50,0,'2023-07-05','2023-08-03 13:10:20','2023-08-03 13:10:20',NULL),(445,8433,214,57,40846,119623,1,29437.50,0,'2023-08-02','2023-09-04 10:07:26','2023-09-04 10:07:26',NULL),(446,8433,214,757,40846,119623,2,29437.50,0,'2023-08-02','2023-09-04 10:07:26','2023-09-04 10:07:26',NULL),(447,8433,215,57,40846,119623,1,32312.50,0,'2023-08-02','2023-09-04 10:09:46','2023-09-04 10:09:46',NULL),(448,8433,215,757,40846,119623,2,32312.50,0,'2023-08-02','2023-09-04 10:09:46','2023-09-04 10:09:46',NULL),(449,8433,216,57,40846,119623,1,4999.29,0,'2023-08-30','2023-09-04 10:45:48','2023-09-04 10:45:48',NULL),(450,8433,216,757,40846,119623,2,4999.29,0,'2023-08-30','2023-09-04 10:45:48','2023-09-04 10:45:48',NULL),(451,8433,217,57,40846,119623,1,14400.50,0,'2023-08-07','2023-09-04 10:49:13','2023-09-04 10:49:13',NULL),(452,8433,217,757,40846,119623,2,14400.50,0,'2023-08-07','2023-09-04 10:49:13','2023-09-04 10:49:13',NULL),(453,8433,218,57,40846,119623,1,4300.00,0,'2023-08-14','2023-09-04 10:53:57','2023-09-04 10:53:57',NULL),(454,8433,218,757,40846,119623,2,4300.00,0,'2023-08-14','2023-09-04 10:53:57','2023-09-04 10:53:57',NULL),(455,8433,219,57,40846,119623,1,22900.02,0,'2023-08-22','2023-09-04 10:55:49','2023-09-04 10:55:49',NULL),(456,8433,219,757,40846,119623,2,22900.02,0,'2023-08-22','2023-09-04 10:55:49','2023-09-04 10:55:49',NULL),(457,8434,220,57,40846,119623,1,1222.06,0,'2023-08-04','2023-09-04 11:08:57','2023-10-23 19:25:25','2023-10-23 19:25:25'),(458,8434,220,762,40846,119623,2,1222.06,0,'2023-08-04','2023-09-04 11:08:57','2023-10-23 19:25:25','2023-10-23 19:25:25'),(459,8433,221,57,40846,119623,1,13463.46,0,'2023-08-14','2023-09-04 11:09:58','2023-09-04 11:09:58',NULL),(460,8433,221,762,40846,119623,2,13463.46,0,'2023-08-14','2023-09-04 11:09:58','2023-09-04 11:09:58',NULL),(461,8433,222,57,40846,119623,1,23486.38,0,'2023-08-25','2023-09-04 11:10:53','2023-09-04 11:10:53',NULL),(462,8433,222,762,40846,119623,2,23486.38,0,'2023-08-25','2023-09-04 11:10:53','2023-09-04 11:10:53',NULL),(463,8433,223,57,40846,119623,1,15708.45,0,'2023-08-10','2023-09-04 11:21:00','2023-09-04 11:21:00',NULL),(464,8433,223,762,40846,119623,2,15708.45,0,'2023-08-10','2023-09-04 11:21:00','2023-09-04 11:21:00',NULL),(465,8434,224,57,40846,119623,1,1805.99,0,'2023-08-31','2023-09-04 11:25:53','2023-10-24 01:46:26','2023-10-24 01:46:26'),(466,8434,224,762,40846,119623,2,1805.99,0,'2023-08-31','2023-09-04 11:25:53','2023-10-24 01:46:26','2023-10-24 01:46:26'),(467,8433,225,57,40846,119623,1,161740.00,0,'2023-08-02','2023-09-04 12:52:21','2023-09-04 12:52:21',NULL),(468,8433,225,757,40846,119623,2,161740.00,0,'2023-08-02','2023-09-04 12:52:21','2023-09-04 12:52:21',NULL),(469,8433,226,57,40846,119623,1,278300.00,0,'2023-08-04','2023-09-04 12:56:46','2023-09-04 12:56:46',NULL),(470,8433,226,757,40846,119623,2,278300.00,0,'2023-08-04','2023-09-04 12:56:46','2023-09-04 12:56:46',NULL),(471,8433,227,57,40846,119623,1,18150.00,0,'2023-08-04','2023-09-04 12:57:56','2023-09-04 12:57:56',NULL),(472,8433,227,757,40846,119623,2,18150.00,0,'2023-08-04','2023-09-04 12:57:56','2023-09-04 12:57:56',NULL),(473,8433,228,57,40846,119623,1,15303.00,0,'2023-08-04','2023-09-04 12:59:04','2023-09-04 12:59:04',NULL),(474,8433,228,757,40846,119623,2,15303.00,0,'2023-08-04','2023-09-04 12:59:04','2023-09-04 12:59:04',NULL),(475,8433,229,57,40846,119623,1,64105.00,0,'2023-08-23','2023-09-04 13:00:58','2023-09-04 13:00:58',NULL),(476,8433,229,757,40846,119623,2,64105.00,0,'2023-08-23','2023-09-04 13:00:58','2023-09-04 13:00:58',NULL),(477,8433,230,57,40846,119623,1,117000.00,0,'2023-08-30','2023-09-04 13:02:10','2023-09-04 13:02:10',NULL),(478,8433,230,757,40846,119623,2,117000.00,0,'2023-08-30','2023-09-04 13:02:10','2023-09-04 13:02:10',NULL);
INSERT INTO `cta_cte_tesoreria_detail` VALUES (479,8433,231,57,40846,119623,1,156119.05,0,'2023-08-04','2023-09-04 13:03:23','2023-09-04 13:03:23',NULL),(480,8433,231,757,40846,119623,2,156119.05,0,'2023-08-04','2023-09-04 13:03:23','2023-09-04 13:03:23',NULL),(481,8434,232,57,40846,119623,1,24972.50,0,'2023-08-31','2023-09-04 13:10:39','2023-10-24 01:46:35','2023-10-24 01:46:35'),(482,8434,232,757,40846,119623,2,24972.50,0,'2023-08-31','2023-09-04 13:10:39','2023-10-24 01:46:35','2023-10-24 01:46:35'),(483,8434,233,13,40846,119620,2,538125.00,0,'2023-05-24','2023-09-20 18:37:24','2023-09-20 18:37:24',NULL),(484,8434,233,757,40846,119620,1,528216.50,0,'2023-05-24','2023-09-20 18:37:24','2023-09-20 18:37:24',NULL),(485,8434,233,23,40846,119620,1,9908.50,0,'2023-05-24','2023-09-20 18:37:24','2023-09-20 18:37:24',NULL),(486,8434,234,13,40846,119621,2,4907322.08,0,'2023-06-06','2023-09-20 18:50:53','2023-09-20 18:50:53',NULL),(487,8434,234,757,40846,119621,1,4024536.38,0,'2023-06-06','2023-09-20 18:50:53','2023-09-20 18:50:53',NULL),(488,8434,234,25,40846,119621,1,681347.20,0,'2023-06-06','2023-09-20 18:50:53','2023-09-20 18:50:53',NULL),(489,8434,234,23,40846,119621,1,79769.36,0,'2023-06-06','2023-09-20 18:50:53','2023-09-20 18:50:53',NULL),(490,8434,234,162,40846,119621,1,40556.38,0,'2023-06-06','2023-09-20 18:50:53','2023-09-20 18:50:53',NULL),(491,8434,234,251,40846,119621,1,81112.76,0,'2023-06-06','2023-09-20 18:50:53','2023-09-20 18:50:53',NULL),(492,8434,235,13,40846,119621,2,8286336.52,0,'2023-06-13','2023-09-20 18:55:05','2023-09-20 18:55:05',NULL),(493,8434,235,757,40846,119621,1,6794769.70,0,'2023-06-13','2023-09-20 18:55:05','2023-09-20 18:55:05',NULL),(494,8434,235,162,40846,119621,1,68482.12,0,'2023-06-13','2023-09-20 18:55:05','2023-09-20 18:55:05',NULL),(495,8434,235,251,40846,119621,1,136964.24,0,'2023-06-13','2023-09-20 18:55:05','2023-09-20 18:55:05',NULL),(496,8434,235,23,40846,119621,1,135620.84,0,'2023-06-13','2023-09-20 18:55:05','2023-09-20 18:55:05',NULL),(497,8434,235,25,40846,119621,1,1150499.62,0,'2023-06-13','2023-09-20 18:55:05','2023-09-20 18:55:05',NULL),(498,8434,236,13,40846,119621,2,505440.00,0,'2023-06-15','2023-09-20 19:16:05','2023-09-20 19:16:05',NULL),(499,8434,236,757,40846,119621,1,486565.80,0,'2023-06-15','2023-09-20 19:16:05','2023-09-20 19:16:05',NULL),(500,8434,236,251,40846,119621,1,10108.80,0,'2023-06-15','2023-09-20 19:16:05','2023-09-20 19:16:05',NULL),(501,8434,236,23,40846,119621,1,8765.40,0,'2023-06-15','2023-09-20 19:16:05','2023-09-20 19:16:05',NULL),(502,8434,237,13,40846,119621,2,8751458.00,0,'2023-06-21','2023-09-20 19:20:12','2023-09-20 19:20:12',NULL),(503,8434,237,757,40846,119621,1,7174749.03,0,'2023-06-21','2023-09-20 19:20:12','2023-09-20 19:20:12',NULL),(504,8434,237,162,40846,119621,1,72326.10,0,'2023-06-21','2023-09-20 19:20:12','2023-09-20 19:20:12',NULL),(505,8434,237,251,40846,119621,1,144652.20,0,'2023-06-21','2023-09-20 19:20:12','2023-09-20 19:20:12',NULL),(506,8434,237,23,40846,119621,1,144652.20,0,'2023-06-21','2023-09-20 19:20:12','2023-09-20 19:20:12',NULL),(507,8434,237,25,40846,119621,1,1215078.47,0,'2023-06-21','2023-09-20 19:20:12','2023-09-20 19:20:12',NULL),(508,8434,238,13,40846,119621,2,1342212.54,0,'2023-06-22','2023-09-21 00:00:50','2023-09-21 00:00:50',NULL),(509,8434,238,757,40846,119621,1,1299185.28,0,'2023-06-22','2023-09-21 00:00:50','2023-09-21 00:00:50',NULL),(510,8434,238,251,40846,119621,1,22185.33,0,'2023-06-22','2023-09-21 00:00:50','2023-09-21 00:00:50',NULL),(511,8434,238,23,40846,119621,1,20841.93,0,'2023-06-22','2023-09-21 00:00:50','2023-09-21 00:00:50',NULL),(512,8434,239,13,40846,119621,2,189375.00,0,'2023-06-29','2023-09-21 00:07:13','2023-09-21 00:07:13',NULL),(513,8434,239,23,40846,119621,1,2933.50,0,'2023-06-29','2023-09-21 00:07:13','2023-09-21 00:07:13',NULL),(514,8434,239,757,40846,119621,1,186441.50,0,'2023-06-29','2023-09-21 00:07:13','2023-09-21 00:07:13',NULL),(515,8434,240,13,40846,119621,2,4995688.76,0,'2023-06-30','2023-09-21 00:12:14','2023-09-21 00:12:14',NULL);
INSERT INTO `cta_cte_tesoreria_detail` VALUES (516,8434,240,757,40846,119621,1,4095639.05,0,'2023-06-30','2023-09-21 00:12:14','2023-09-21 00:12:14',NULL),(517,8434,240,251,40846,119621,1,82573.37,0,'2023-06-30','2023-09-21 00:12:14','2023-09-21 00:12:14',NULL),(518,8434,240,162,40846,119621,1,41286.68,0,'2023-06-30','2023-09-21 00:12:14','2023-09-21 00:12:14',NULL),(519,8434,240,23,40846,119621,1,82573.37,0,'2023-06-30','2023-09-21 00:12:14','2023-09-21 00:12:14',NULL),(520,8434,240,25,40846,119621,1,693616.29,0,'2023-06-30','2023-09-21 00:12:14','2023-09-21 00:12:14',NULL),(521,8434,241,13,40846,119621,2,3258984.96,0,'2023-06-30','2023-09-21 00:15:55','2023-09-21 00:15:55',NULL),(522,8434,241,757,40846,119621,1,3152593.32,0,'2023-06-30','2023-09-21 00:15:55','2023-09-21 00:15:55',NULL),(523,8434,241,23,40846,119621,1,52524.12,0,'2023-06-30','2023-09-21 00:15:55','2023-09-21 00:15:55',NULL),(524,8434,241,251,40846,119621,1,53867.52,0,'2023-06-30','2023-09-21 00:15:55','2023-09-21 00:15:55',NULL),(525,8434,242,13,40846,119622,2,7968217.84,0,'2023-07-05','2023-09-21 00:23:09','2023-09-21 00:23:09',NULL),(526,8434,242,757,40846,119622,1,7706149.08,0,'2023-07-05','2023-09-21 00:23:09','2023-09-21 00:23:09',NULL),(527,8434,242,251,40846,119622,1,131706.08,0,'2023-07-05','2023-09-21 00:23:10','2023-09-21 00:23:10',NULL),(528,8434,242,23,40846,119622,1,130362.68,0,'2023-07-05','2023-09-21 00:23:10','2023-09-21 00:23:10',NULL),(529,8434,243,13,40846,119622,2,432864.00,0,'2023-07-07','2023-09-21 00:34:40','2023-09-21 00:34:40',NULL),(530,8434,243,757,40846,119622,1,416892.84,0,'2023-07-07','2023-09-21 00:34:40','2023-09-21 00:34:40',NULL),(531,8434,243,23,40846,119622,1,7313.88,0,'2023-07-07','2023-09-21 00:34:40','2023-09-21 00:34:40',NULL),(532,8434,243,251,40846,119622,1,8657.28,0,'2023-07-07','2023-09-21 00:34:40','2023-09-21 00:34:40',NULL),(533,8434,244,13,40846,119622,2,5620219.33,0,'2023-07-13','2023-09-21 00:39:29','2023-09-21 00:39:29',NULL),(534,8434,244,757,40846,119622,1,5434426.95,0,'2023-07-13','2023-09-21 00:39:29','2023-09-21 00:39:29',NULL),(535,8434,244,251,40846,119622,1,92896.19,0,'2023-07-13','2023-09-21 00:39:29','2023-09-21 00:39:29',NULL),(536,8434,244,23,40846,119622,1,92896.19,0,'2023-07-13','2023-09-21 00:39:29','2023-09-21 00:39:29',NULL),(537,8434,245,13,40846,119622,2,198375.00,0,'2023-07-28','2023-09-21 00:42:12','2023-09-21 00:42:12',NULL),(538,8434,245,757,40846,119622,1,195261.50,0,'2023-07-28','2023-09-21 00:42:12','2023-09-21 00:42:12',NULL),(539,8434,245,23,40846,119622,1,3113.50,0,'2023-07-28','2023-09-21 00:42:12','2023-09-21 00:42:12',NULL),(540,8434,246,13,40846,119623,2,3058696.08,0,'2023-08-07','2023-09-21 00:53:21','2023-09-21 00:53:21',NULL),(541,8434,246,757,40846,119623,1,2958925.56,0,'2023-08-07','2023-09-21 00:53:21','2023-09-21 00:53:21',NULL),(542,8434,246,251,40846,119623,1,50556.96,0,'2023-08-07','2023-09-21 00:53:21','2023-09-21 00:53:21',NULL),(543,8434,246,23,40846,119623,1,49213.56,0,'2023-08-07','2023-09-21 00:53:21','2023-09-21 00:53:21',NULL),(544,8434,247,13,40846,119623,2,8823902.01,0,'2023-08-09','2023-09-21 01:02:13','2023-09-21 01:02:13',NULL),(545,8434,247,757,40846,119623,1,8533546.17,0,'2023-08-09','2023-09-21 01:02:13','2023-09-21 01:02:13',NULL),(546,8434,247,23,40846,119623,1,144506.22,0,'2023-08-09','2023-09-21 01:02:13','2023-09-21 01:02:13',NULL),(547,8434,247,251,40846,119623,1,145849.62,0,'2023-08-09','2023-09-21 01:02:13','2023-09-21 01:02:13',NULL),(548,8434,248,13,40846,119623,2,363024.61,0,'2023-08-17','2023-09-21 01:08:58','2023-09-21 01:08:58',NULL),(549,8434,248,757,40846,119623,1,301963.78,0,'2023-08-17','2023-09-21 01:08:58','2023-09-21 01:08:58',NULL),(550,8434,248,25,40846,119623,1,50403.42,0,'2023-08-17','2023-09-21 01:08:58','2023-09-21 01:08:58',NULL),(551,8434,248,23,40846,119623,1,4657.01,0,'2023-08-17','2023-09-21 01:08:58','2023-09-21 01:08:58',NULL),(552,8434,248,162,40846,119623,1,3000.20,0,'2023-08-17','2023-09-21 01:08:58','2023-09-21 01:08:58',NULL);
INSERT INTO `cta_cte_tesoreria_detail` VALUES (553,8434,248,252,40846,119623,1,3000.20,0,'2023-08-17','2023-09-21 01:08:58','2023-09-21 01:08:58',NULL),(554,8434,249,13,40846,119623,2,407625.00,0,'2023-08-18','2023-09-21 01:11:08','2023-09-21 01:11:08',NULL),(555,8434,249,757,40846,119623,1,400326.50,0,'2023-08-18','2023-09-21 01:11:08','2023-09-21 01:11:08',NULL),(556,8434,249,23,40846,119623,1,7298.50,0,'2023-08-18','2023-09-21 01:11:08','2023-09-21 01:11:08',NULL),(557,8434,250,13,40846,119623,2,204750.00,0,'2023-08-25','2023-09-21 01:13:26','2023-09-21 01:13:26',NULL),(558,8434,250,757,40846,119623,1,201509.00,0,'2023-08-25','2023-09-21 01:13:26','2023-09-21 01:13:26',NULL),(559,8434,250,23,40846,119623,1,3241.00,0,'2023-08-25','2023-09-21 01:13:26','2023-09-21 01:13:26',NULL),(560,8434,251,13,40846,119622,2,642279.49,0,'2023-07-28','2023-09-21 01:26:07','2023-09-21 01:26:07',NULL),(561,8434,251,757,40846,119622,1,527906.41,0,'2023-07-28','2023-09-21 01:26:07','2023-09-21 01:26:07',NULL),(562,8434,251,162,40846,119622,1,5308.10,0,'2023-07-28','2023-09-21 01:26:07','2023-09-21 01:26:07',NULL),(563,8434,251,23,40846,119622,1,9272.79,0,'2023-07-28','2023-09-21 01:26:07','2023-09-21 01:26:07',NULL),(564,8434,251,251,40846,119622,1,10616.19,0,'2023-07-28','2023-09-21 01:26:07','2023-09-21 01:26:07',NULL),(565,8434,251,25,40846,119622,1,89176.00,0,'2023-07-28','2023-09-21 01:26:07','2023-09-21 01:26:07',NULL),(566,8434,252,13,40846,119616,2,459800.00,0,'2023-01-24','2023-09-21 01:39:14','2023-09-21 01:39:14',NULL),(567,8434,252,757,40846,119616,1,383303.40,0,'2023-01-24','2023-09-21 01:39:14','2023-09-21 01:39:14',NULL),(568,8434,252,162,40846,119616,1,3400.00,0,'2023-01-24','2023-09-21 01:39:14','2023-09-21 01:39:14',NULL),(569,8434,252,23,40846,119616,1,6256.60,0,'2023-01-24','2023-09-21 01:39:14','2023-09-21 01:39:14',NULL),(570,8434,252,252,40846,119616,1,3000.00,0,'2023-01-24','2023-09-21 01:39:14','2023-09-21 01:39:14',NULL),(571,8434,252,25,40846,119616,1,63840.00,0,'2023-01-24','2023-09-21 01:39:14','2023-09-21 01:39:14',NULL),(572,8434,253,13,40846,119616,2,4840000.00,0,'2023-01-26','2023-09-21 01:41:03','2023-09-21 01:41:03',NULL),(573,8434,253,757,40846,119616,1,4840000.00,0,'2023-01-26','2023-09-21 01:41:03','2023-09-21 01:41:03',NULL),(574,8434,254,13,40846,119616,2,557250.00,0,'2023-01-20','2023-09-21 01:43:23','2023-09-21 01:43:23',NULL),(575,8434,254,757,40846,119616,1,546959.00,0,'2023-01-20','2023-09-21 01:43:23','2023-09-21 01:43:23',NULL),(576,8434,254,23,40846,119616,1,10291.00,0,'2023-01-20','2023-09-21 01:43:23','2023-09-21 01:43:23',NULL),(577,8434,255,13,40846,119622,2,1476913.90,0,'2023-07-21','2023-09-21 21:01:42','2023-09-21 21:01:42',NULL),(578,8434,255,757,40846,119622,1,1417227.80,0,'2023-07-21','2023-09-21 21:01:42','2023-09-21 21:01:42',NULL),(579,8434,255,23,40846,119622,1,23068.40,0,'2023-07-21','2023-09-21 21:01:42','2023-09-21 21:01:42',NULL),(580,8434,255,252,40846,119622,1,12205.90,0,'2023-07-21','2023-09-21 21:01:42','2023-09-21 21:01:42',NULL),(581,8434,255,251,40846,119622,1,24411.80,0,'2023-07-21','2023-09-21 21:01:42','2023-09-21 21:01:42',NULL),(582,8433,256,57,40846,119624,1,288000.00,0,'2023-09-27','2023-10-09 11:26:28','2023-10-09 11:26:28',NULL),(583,8433,256,757,40846,119624,2,288000.00,0,'2023-09-27','2023-10-09 11:26:28','2023-10-09 11:26:28',NULL),(584,8433,257,57,40846,119624,1,17200.41,0,'2023-09-11','2023-10-09 11:31:32','2023-10-09 11:31:32',NULL),(585,8433,257,757,40846,119624,2,17200.41,0,'2023-09-11','2023-10-09 11:31:32','2023-10-09 11:31:32',NULL),(586,8434,258,57,40846,119624,1,161740.00,0,'2023-09-01','2023-10-09 11:53:00','2023-10-23 19:03:54','2023-10-23 19:03:54'),(587,8434,258,757,40846,119624,2,161740.00,0,'2023-09-01','2023-10-09 11:53:00','2023-10-23 19:03:54','2023-10-23 19:03:54'),(588,8433,259,57,40846,119624,1,18150.00,0,'2023-09-01','2023-10-09 11:55:39','2023-10-09 11:55:39',NULL),(589,8433,259,757,40846,119624,2,18150.00,0,'2023-09-01','2023-10-09 11:55:39','2023-10-09 11:55:39',NULL);
INSERT INTO `cta_cte_tesoreria_detail` VALUES (590,8433,260,57,40846,119624,1,198516.50,0,'2023-09-01','2023-10-09 11:56:44','2023-10-09 11:56:44',NULL),(591,8433,260,757,40846,119624,2,198516.50,0,'2023-09-01','2023-10-09 11:56:44','2023-10-09 11:56:44',NULL),(592,8434,261,57,40846,119624,1,48347.90,0,'2023-09-04','2023-10-09 11:58:14','2023-10-23 19:27:19','2023-10-23 19:27:19'),(593,8434,261,757,40846,119624,2,48347.90,0,'2023-09-04','2023-10-09 11:58:14','2023-10-23 19:27:19','2023-10-23 19:27:19'),(594,8433,262,57,40846,119624,1,20000.00,0,'2023-09-04','2023-10-09 11:59:19','2023-10-09 11:59:19',NULL),(595,8433,262,757,40846,119624,2,20000.00,0,'2023-09-04','2023-10-09 11:59:19','2023-10-09 11:59:19',NULL),(596,8433,263,57,40846,119624,1,278300.00,0,'2023-09-07','2023-10-09 12:00:23','2023-10-09 12:00:23',NULL),(597,8433,263,757,40846,119624,2,278300.00,0,'2023-09-07','2023-10-09 12:00:23','2023-10-09 12:00:23',NULL),(598,8433,264,57,40846,119624,1,220000.00,0,'2023-09-20','2023-10-09 12:03:00','2023-10-09 12:03:00',NULL),(599,8433,264,757,40846,119624,2,220000.00,0,'2023-09-20','2023-10-09 12:03:00','2023-10-09 12:03:00',NULL),(600,8433,265,57,40846,119624,1,96292.41,0,'2023-09-20','2023-10-09 12:04:10','2023-10-09 12:04:10',NULL),(601,8433,265,757,40846,119624,2,96292.41,0,'2023-09-20','2023-10-09 12:04:10','2023-10-09 12:04:10',NULL),(602,8433,266,57,40846,119624,1,503000.00,0,'2023-09-27','2023-10-09 12:05:41','2023-10-09 12:05:41',NULL),(603,8433,266,757,40846,119624,2,503000.00,0,'2023-09-27','2023-10-09 12:05:41','2023-10-09 12:05:41',NULL),(604,8434,267,57,40846,119624,1,89580.41,0,'2023-09-04','2023-10-10 10:06:21','2023-10-23 19:26:44','2023-10-23 19:26:44'),(605,8434,267,762,40846,119624,2,89580.41,0,'2023-09-04','2023-10-10 10:06:21','2023-10-23 19:26:44','2023-10-23 19:26:44'),(606,8433,268,57,40846,119624,1,16949.45,0,'2023-09-07','2023-10-10 10:12:14','2023-10-10 10:12:14',NULL),(607,8433,268,762,40846,119624,2,16949.45,0,'2023-09-07','2023-10-10 10:12:14','2023-10-10 10:12:14',NULL),(608,8433,269,57,40846,119624,1,350.00,0,'2023-09-08','2023-10-10 10:13:13','2023-10-10 10:13:13',NULL),(609,8433,269,762,40846,119624,2,350.00,0,'2023-09-08','2023-10-10 10:13:13','2023-10-10 10:13:13',NULL),(610,8433,270,57,40846,119624,1,12367.07,0,'2023-09-14','2023-10-10 10:14:16','2023-10-10 10:14:16',NULL),(611,8433,270,762,40846,119624,2,12367.07,0,'2023-09-14','2023-10-10 10:14:16','2023-10-10 10:14:16',NULL),(612,8433,271,57,40846,119624,1,27502.54,0,'2023-09-22','2023-10-10 10:15:19','2023-10-10 10:15:19',NULL),(613,8433,271,762,40846,119624,2,27502.54,0,'2023-09-22','2023-10-10 10:15:19','2023-10-10 10:15:19',NULL),(614,8433,272,57,40846,119624,1,1375.63,0,'2023-09-29','2023-10-10 10:20:45','2023-10-10 10:20:45',NULL),(615,8433,272,762,40846,119624,2,1375.63,0,'2023-09-29','2023-10-10 10:20:45','2023-10-10 10:20:45',NULL),(616,8433,273,57,40846,119624,1,35000.00,0,'2023-09-01','2023-10-10 11:12:09','2023-10-10 11:12:09',NULL),(617,8433,273,757,40846,119624,2,35000.00,0,'2023-09-01','2023-10-10 11:12:09','2023-10-10 11:12:09',NULL),(618,8433,274,57,40846,119624,1,38437.50,0,'2023-09-01','2023-10-10 11:13:02','2023-10-10 11:13:02',NULL),(619,8433,274,757,40846,119624,2,38437.50,0,'2023-09-01','2023-10-10 11:13:02','2023-10-10 11:13:02',NULL),(620,8433,275,57,40846,119625,1,1042.19,0,'2023-10-05','2023-11-03 11:55:55','2023-11-03 11:55:55',NULL),(621,8433,275,762,40846,119625,2,1042.19,0,'2023-10-05','2023-11-03 11:55:55','2023-11-03 11:55:55',NULL),(622,8433,276,57,40846,119625,1,223996.00,0,'2023-10-11','2023-11-03 11:57:00','2023-11-03 11:57:00',NULL),(623,8433,276,762,40846,119625,2,223996.00,0,'2023-10-11','2023-11-03 11:57:00','2023-11-03 11:57:00',NULL),(624,8433,277,57,40846,119625,1,16150.72,0,'2023-10-14','2023-11-03 11:58:57','2023-11-03 11:58:57',NULL),(625,8433,277,762,40846,119625,2,16150.72,0,'2023-10-14','2023-11-03 11:58:57','2023-11-03 11:58:57',NULL),(626,8433,278,57,40846,119625,1,550.00,0,'2023-10-19','2023-11-03 12:28:32','2023-11-03 12:28:32',NULL);
INSERT INTO `cta_cte_tesoreria_detail` VALUES (627,8433,278,762,40846,119625,2,550.00,0,'2023-10-19','2023-11-03 12:28:32','2023-11-03 12:28:32',NULL),(628,8433,279,57,40846,119625,1,433.66,0,'2023-10-20','2023-11-03 12:31:31','2023-11-03 12:31:31',NULL),(629,8433,279,762,40846,119625,2,433.66,0,'2023-10-20','2023-11-03 12:31:31','2023-11-03 12:31:31',NULL),(630,8433,280,57,40846,119625,1,30940.36,0,'2023-10-20','2023-11-03 12:32:23','2023-11-03 12:32:23',NULL),(631,8433,280,762,40846,119625,2,30940.36,0,'2023-10-20','2023-11-03 12:32:23','2023-11-03 12:32:23',NULL),(632,8433,281,57,40846,119625,1,39417.35,0,'2023-10-31','2023-11-03 12:58:06','2023-11-03 12:58:06',NULL),(633,8433,281,762,40846,119625,2,39417.35,0,'2023-10-31','2023-11-03 12:58:06','2023-11-03 12:58:06',NULL),(634,8433,282,57,40846,119625,1,161740.00,0,'2023-10-05','2023-11-06 10:39:26','2023-11-06 10:39:26',NULL),(635,8433,282,757,40846,119625,2,161740.00,0,'2023-10-05','2023-11-06 10:39:26','2023-11-06 10:39:26',NULL),(636,8433,283,57,40846,119625,1,605000.00,0,'2023-10-10','2023-11-06 10:40:40','2023-11-06 10:40:40',NULL),(637,8433,283,757,40846,119625,2,605000.00,0,'2023-10-10','2023-11-06 10:40:40','2023-11-06 10:40:40',NULL),(638,8433,284,57,40846,119625,1,353320.00,0,'2023-10-10','2023-11-06 10:41:58','2023-11-06 10:41:58',NULL),(639,8433,284,757,40846,119625,2,353320.00,0,'2023-10-10','2023-11-06 10:41:58','2023-11-06 10:41:58',NULL),(640,8433,285,57,40846,119625,1,198488.13,0,'2023-10-10','2023-11-06 10:43:09','2023-11-06 10:43:09',NULL),(641,8433,285,757,40846,119625,2,198488.13,0,'2023-10-10','2023-11-06 10:43:09','2023-11-06 10:43:09',NULL),(642,8433,286,57,40846,119625,1,49491.94,0,'2023-10-10','2023-11-06 10:44:21','2023-11-06 10:44:21',NULL),(643,8433,286,757,40846,119625,2,49491.94,0,'2023-10-10','2023-11-06 10:44:21','2023-11-06 10:44:21',NULL),(644,8433,287,57,40846,119625,1,22000.00,0,'2023-10-27','2023-11-06 10:45:16','2023-11-06 10:45:16',NULL),(645,8433,287,757,40846,119625,2,22000.00,0,'2023-10-27','2023-11-06 10:45:16','2023-11-06 10:45:16',NULL),(646,8433,288,57,40846,119625,1,243875.50,0,'2023-10-27','2023-11-06 10:46:40','2023-11-06 10:46:40',NULL),(647,8433,288,757,40846,119625,2,243875.50,0,'2023-10-27','2023-11-06 10:46:40','2023-11-06 10:46:40',NULL),(648,8433,289,57,40846,119625,1,46185.70,0,'2023-10-27','2023-11-06 10:47:46','2023-11-06 10:47:46',NULL),(649,8433,289,757,40846,119625,2,46185.70,0,'2023-10-27','2023-11-06 10:47:46','2023-11-06 10:47:46',NULL),(650,8433,290,57,40846,119625,1,32706.30,0,'2023-10-27','2023-11-06 10:48:49','2023-11-06 10:48:49',NULL),(651,8433,290,757,40846,119625,2,32706.30,0,'2023-10-27','2023-11-06 10:48:49','2023-11-06 10:48:49',NULL),(652,8433,291,57,40846,119625,1,32706.30,0,'2023-10-27','2023-11-06 10:49:50','2023-11-06 10:49:50',NULL),(653,8433,291,757,40846,119625,2,32706.30,0,'2023-10-27','2023-11-06 10:49:50','2023-11-06 10:49:50',NULL),(654,8433,292,57,40846,119625,1,62784.89,0,'2023-10-27','2023-11-06 10:53:15','2023-11-06 10:53:15',NULL),(655,8433,292,757,40846,119625,2,62784.89,0,'2023-10-27','2023-11-06 10:53:15','2023-11-06 10:53:15',NULL),(656,8433,293,57,40846,119625,1,38437.50,0,'2023-10-10','2023-11-06 13:00:05','2023-11-06 13:00:05',NULL),(657,8433,293,757,40846,119625,2,38437.50,0,'2023-10-10','2023-11-06 13:00:05','2023-11-06 13:00:05',NULL),(658,8433,294,57,40846,119625,1,35000.00,0,'2023-10-10','2023-11-06 13:01:03','2023-11-06 13:01:03',NULL),(659,8433,294,757,40846,119625,2,35000.00,0,'2023-10-10','2023-11-06 13:01:03','2023-11-06 13:01:03',NULL),(660,8433,295,57,40846,119625,1,12136.75,0,'2023-10-10','2023-11-06 13:03:38','2023-11-06 13:03:38',NULL),(661,8433,295,757,40846,119625,2,12136.75,0,'2023-10-10','2023-11-06 13:03:38','2023-11-06 13:03:38',NULL),(662,8433,296,57,40846,119625,1,24650.00,0,'2023-10-17','2023-11-06 13:25:57','2023-11-06 13:25:57',NULL),(663,8433,296,757,40846,119625,2,24650.00,0,'2023-10-17','2023-11-06 13:25:57','2023-11-06 13:25:57',NULL);
INSERT INTO `cta_cte_tesoreria_detail` VALUES (664,8433,297,57,40846,119625,1,20100.00,0,'2023-10-17','2023-11-06 13:27:41','2023-11-06 13:27:41',NULL),(665,8433,297,757,40846,119625,2,20100.00,0,'2023-10-17','2023-11-06 13:27:41','2023-11-06 13:27:41',NULL),(666,8434,298,57,40846,119618,1,3200.00,0,'2023-03-22','2023-11-19 23:30:11','2023-11-19 23:30:11',NULL),(667,8434,298,757,40846,119618,2,3200.00,0,'2023-03-22','2023-11-19 23:30:11','2023-11-19 23:30:11',NULL),(668,8434,299,57,40846,119617,1,5232.63,0,'2023-02-10','2023-11-19 23:34:28','2023-11-19 23:34:28',NULL),(669,8434,299,757,40846,119617,2,5232.63,0,'2023-02-10','2023-11-19 23:34:28','2023-11-19 23:34:28',NULL),(670,8434,300,57,40846,119617,1,15000.01,0,'2023-02-22','2023-11-19 23:38:39','2023-11-19 23:38:39',NULL),(671,8434,300,757,40846,119617,2,15000.01,0,'2023-02-22','2023-11-19 23:38:39','2023-11-19 23:38:39',NULL),(672,8434,301,57,40846,119617,1,13291.72,0,'2023-02-28','2023-11-19 23:43:19','2023-11-19 23:43:19',NULL),(673,8434,301,757,40846,119617,2,13291.72,0,'2023-02-28','2023-11-19 23:43:19','2023-11-19 23:43:19',NULL),(674,8433,302,57,40846,119626,1,44100.00,0,'2023-11-21','2023-12-04 11:55:14','2023-12-04 11:55:14',NULL),(675,8433,302,757,40846,119626,2,44100.00,0,'2023-11-21','2023-12-04 11:55:14','2023-12-04 11:55:14',NULL),(676,8433,303,57,40846,119626,1,35177.25,0,'2023-11-30','2023-12-05 09:52:41','2023-12-05 09:52:41',NULL),(677,8433,303,757,40846,119626,2,35177.25,0,'2023-11-30','2023-12-05 09:52:41','2023-12-05 09:52:41',NULL),(678,8433,304,57,40846,119626,1,198516.50,0,'2023-11-02','2023-12-05 12:50:29','2023-12-05 12:50:29',NULL),(679,8433,304,757,40846,119626,2,198516.50,0,'2023-11-02','2023-12-05 12:50:29','2023-12-05 12:50:29',NULL),(680,8433,305,57,40846,119626,1,90000.00,0,'2023-11-02','2023-12-05 12:51:37','2023-12-05 12:51:37',NULL),(681,8433,305,757,40846,119626,2,90000.00,0,'2023-11-02','2023-12-05 12:51:37','2023-12-05 12:51:37',NULL),(682,8433,306,57,40846,119626,1,353320.00,0,'2023-11-02','2023-12-05 12:52:39','2023-12-05 12:52:39',NULL),(683,8433,306,757,40846,119626,2,353320.00,0,'2023-11-02','2023-12-05 12:52:39','2023-12-05 12:52:39',NULL),(684,8433,307,57,40846,119626,1,136054.82,0,'2023-11-10','2023-12-05 12:54:41','2023-12-05 12:54:41',NULL),(685,8433,307,757,40846,119626,2,136054.82,0,'2023-11-10','2023-12-05 12:54:41','2023-12-05 12:54:41',NULL),(686,8433,308,57,40846,119626,1,93170.00,0,'2023-11-21','2023-12-05 12:55:43','2023-12-05 12:55:43',NULL),(687,8433,308,757,40846,119626,2,93170.00,0,'2023-11-21','2023-12-05 12:55:43','2023-12-05 12:55:43',NULL),(688,8433,309,57,40846,119626,1,25000.00,0,'2023-11-24','2023-12-05 12:56:48','2023-12-05 12:56:48',NULL),(689,8433,309,757,40846,119626,2,25000.00,0,'2023-11-24','2023-12-05 12:56:48','2023-12-05 12:56:48',NULL),(690,8433,310,57,40846,119626,1,161740.00,0,'2023-11-02','2023-12-05 12:58:38','2023-12-05 12:58:38',NULL),(691,8433,310,757,40846,119626,2,161740.00,0,'2023-11-02','2023-12-05 12:58:38','2023-12-05 12:58:38',NULL),(692,8433,311,57,40846,119626,1,20617.61,0,'2023-11-09','2023-12-06 10:08:47','2023-12-06 10:08:47',NULL),(693,8433,311,762,40846,119626,2,20617.61,0,'2023-11-09','2023-12-06 10:08:47','2023-12-06 10:08:47',NULL),(694,8433,312,57,40846,119626,1,13945.18,0,'2023-11-14','2023-12-06 10:09:45','2023-12-06 10:09:45',NULL),(695,8433,312,762,40846,119626,2,13945.18,0,'2023-11-14','2023-12-06 10:09:45','2023-12-06 10:09:45',NULL),(696,8433,313,57,40846,119626,1,36385.86,0,'2023-11-24','2023-12-06 10:10:48','2023-12-06 10:10:48',NULL),(697,8433,313,762,40846,119626,2,36385.86,0,'2023-11-24','2023-12-06 10:10:48','2023-12-06 10:10:48',NULL),(698,8433,314,57,40846,119626,1,40250.00,0,'2023-11-02','2023-12-06 11:51:20','2023-12-06 11:51:20',NULL),(699,8433,314,757,40846,119626,2,40250.00,0,'2023-11-02','2023-12-06 11:51:20','2023-12-06 11:51:20',NULL),(700,8433,315,57,40846,119626,1,44187.50,0,'2023-11-02','2023-12-06 11:52:28','2023-12-06 11:52:28',NULL);
INSERT INTO `cta_cte_tesoreria_detail` VALUES (701,8433,315,757,40846,119626,2,44187.50,0,'2023-11-02','2023-12-06 11:52:28','2023-12-06 11:52:28',NULL),(702,8433,316,57,40846,119626,1,11745.25,0,'2023-11-09','2023-12-06 11:54:08','2023-12-06 11:54:08',NULL),(703,8433,316,757,40846,119626,2,11745.25,0,'2023-11-09','2023-12-06 11:54:08','2023-12-06 11:54:08',NULL),(704,8433,317,57,40846,119626,1,21395.00,0,'2023-11-02','2023-12-06 13:07:00','2023-12-06 13:07:00',NULL),(705,8433,317,762,40846,119626,2,21395.00,0,'2023-11-02','2023-12-06 13:07:00','2023-12-06 13:07:00',NULL),(706,8434,318,57,40846,119618,1,2579478.00,0,'2023-03-17','2023-12-06 22:31:18','2023-12-06 22:31:18',NULL),(707,8434,318,23,40846,119618,2,41292.60,0,'2023-03-17','2023-12-06 22:31:18','2023-12-06 22:31:18',NULL),(708,8434,318,757,40846,119618,2,2538185.40,0,'2023-03-17','2023-12-06 22:31:18','2023-12-06 22:31:18',NULL),(709,8434,319,57,40846,119619,1,18000.00,0,'2023-04-10','2023-12-07 00:07:53','2023-12-07 00:07:53',NULL),(710,8434,319,757,40846,119619,2,18000.00,0,'2023-04-10','2023-12-07 00:07:53','2023-12-07 00:07:53',NULL),(711,8434,320,57,40846,119619,1,1440.00,0,'2023-04-05','2023-12-07 00:09:20','2023-12-07 00:09:20',NULL),(712,8434,320,757,40846,119619,2,1440.00,0,'2023-04-05','2023-12-07 00:09:20','2023-12-07 00:09:20',NULL),(713,8434,321,57,40846,119619,1,195125.00,0,'2023-04-05','2023-12-07 00:12:56','2023-12-07 00:12:56',NULL),(714,8434,321,757,40846,119619,2,195125.00,0,'2023-04-05','2023-12-07 00:12:56','2023-12-07 00:12:56',NULL),(715,8434,322,57,40846,119620,1,5538.86,0,'2023-05-08','2023-12-07 00:54:13','2023-12-07 00:54:13',NULL),(716,8434,322,757,40846,119620,2,5538.86,0,'2023-05-08','2023-12-07 00:54:13','2023-12-07 00:54:13',NULL),(717,8434,323,57,40846,119620,1,7482.81,0,'2023-05-10','2023-12-07 00:55:42','2023-12-07 00:55:42',NULL),(718,8434,323,757,40846,119620,2,7482.81,0,'2023-05-10','2023-12-07 00:55:42','2023-12-07 00:55:42',NULL),(719,8434,324,57,40846,119620,1,10700.01,0,'2023-05-22','2023-12-07 00:57:09','2023-12-07 00:57:09',NULL),(720,8434,324,757,40846,119620,2,10700.01,0,'2023-05-22','2023-12-07 00:57:09','2023-12-07 00:57:09',NULL),(721,8434,325,57,40846,119620,1,9578.83,0,'2023-05-23','2023-12-07 00:59:52','2023-12-07 00:59:52',NULL),(722,8434,325,757,40846,119620,2,9578.83,0,'2023-05-23','2023-12-07 00:59:52','2023-12-07 00:59:52',NULL),(723,8434,326,57,40846,119620,1,21800.00,0,'2023-05-23','2023-12-07 01:02:08','2023-12-07 01:02:08',NULL),(724,8434,326,757,40846,119620,2,21800.00,0,'2023-05-23','2023-12-07 01:02:08','2023-12-07 01:02:08',NULL),(725,8434,327,57,40846,119620,1,14900.12,0,'2023-05-29','2023-12-07 01:03:41','2023-12-07 01:03:41',NULL),(726,8434,327,757,40846,119620,2,14900.12,0,'2023-05-29','2023-12-07 01:03:41','2023-12-07 01:03:41',NULL),(727,8434,328,57,40846,119620,1,15400.16,0,'2023-05-29','2023-12-07 01:04:39','2023-12-07 01:04:39',NULL),(728,8434,328,757,40846,119620,2,15400.16,0,'2023-05-29','2023-12-07 01:04:39','2023-12-07 01:04:39',NULL),(729,8434,329,57,40846,119620,1,12001.01,0,'2023-05-01','2023-12-07 01:06:37','2023-12-07 01:06:37',NULL),(730,8434,329,757,40846,119620,2,12001.01,0,'2023-05-01','2023-12-07 01:06:37','2023-12-07 01:06:37',NULL),(731,8434,330,57,40846,119621,1,10000.20,0,'2023-06-05','2023-12-07 01:17:55','2023-12-07 01:17:55',NULL),(732,8434,330,757,40846,119621,2,10000.20,0,'2023-06-05','2023-12-07 01:17:55','2023-12-07 01:17:55',NULL),(733,8434,331,57,40846,119621,1,709556.10,0,'2023-06-08','2023-12-07 01:22:03','2023-12-07 01:22:03',NULL),(734,8434,331,757,40846,119621,2,709556.10,0,'2023-06-08','2023-12-07 01:22:03','2023-12-07 01:22:03',NULL),(735,8434,332,57,40846,119621,1,402022.50,0,'2023-06-09','2023-12-07 01:27:22','2023-12-07 01:27:22',NULL),(736,8434,332,23,40846,119621,2,19263.00,0,'2023-06-09','2023-12-07 01:27:22','2023-12-07 01:27:22',NULL),(737,8434,332,757,40846,119621,2,382759.50,0,'2023-06-09','2023-12-07 01:27:22','2023-12-07 01:27:22',NULL);
INSERT INTO `cta_cte_tesoreria_detail` VALUES (738,8434,333,57,40846,119621,1,7859.61,0,'2023-06-12','2023-12-07 01:29:44','2023-12-07 01:29:44',NULL),(739,8434,333,757,40846,119621,2,7859.61,0,'2023-06-12','2023-12-07 01:29:44','2023-12-07 01:29:44',NULL),(740,8434,334,57,40846,119621,1,3055656.19,0,'2023-06-14','2023-12-07 01:45:58','2023-12-07 01:45:58',NULL),(741,8434,334,757,40846,119621,2,3055656.19,0,'2023-06-14','2023-12-07 01:45:58','2023-12-07 01:45:58',NULL),(742,8434,335,57,40846,119621,1,24000.00,0,'2023-06-15','2023-12-07 01:47:31','2023-12-07 01:47:31',NULL),(743,8434,335,757,40846,119621,2,24000.00,0,'2023-06-15','2023-12-07 01:47:31','2023-12-07 01:47:31',NULL),(744,8434,336,57,40846,119621,1,323000.00,0,'2023-06-16','2023-12-07 01:48:56','2023-12-07 01:48:56',NULL),(745,8434,336,757,40846,119621,2,323000.00,0,'2023-06-16','2023-12-07 01:48:56','2023-12-07 01:48:56',NULL),(746,8434,337,57,40846,119621,1,13600.22,0,'2023-06-27','2023-12-07 01:51:52','2023-12-07 01:51:52',NULL),(747,8434,337,757,40846,119621,2,13600.22,0,'2023-06-27','2023-12-07 01:51:52','2023-12-07 01:51:52',NULL),(748,8434,338,57,40846,119621,1,5870381.11,0,'2023-06-28','2023-12-07 01:53:42','2023-12-07 01:53:42',NULL),(749,8434,338,757,40846,119621,2,5870381.11,0,'2023-06-28','2023-12-07 01:53:42','2023-12-07 01:53:42',NULL),(750,8434,339,57,40846,119621,1,29050.03,0,'2023-06-30','2023-12-07 01:56:18','2023-12-07 01:56:18',NULL),(751,8434,339,757,40846,119621,2,29050.03,0,'2023-06-30','2023-12-07 01:56:18','2023-12-07 01:56:18',NULL),(752,8434,340,57,40846,119621,1,19712.70,0,'2023-06-30','2023-12-07 02:06:09','2023-12-07 02:06:09',NULL),(753,8434,340,757,40846,119621,2,19712.70,0,'2023-06-30','2023-12-07 02:06:09','2023-12-07 02:06:09',NULL),(754,8434,341,57,40846,119622,1,4589480.18,0,'2023-07-05','2023-12-07 02:27:59','2023-12-07 02:27:59',NULL),(755,8434,341,757,40846,119622,2,4366335.91,0,'2023-07-05','2023-12-07 02:27:59','2023-12-07 02:27:59',NULL),(756,8434,341,23,40846,119622,2,75868.80,0,'2023-07-05','2023-12-07 02:27:59','2023-12-07 02:27:59',NULL),(757,8434,341,23,40846,119622,2,97535.09,0,'2023-07-05','2023-12-07 02:27:59','2023-12-07 02:27:59',NULL),(758,8434,341,23,40846,119622,2,49740.38,0,'2023-07-05','2023-12-07 02:27:59','2023-12-07 02:27:59',NULL),(759,8434,342,57,40846,119622,1,481580.00,0,'2023-07-05','2023-12-07 02:31:05','2023-12-07 02:31:05',NULL),(760,8434,342,23,40846,119622,2,23208.00,0,'2023-07-05','2023-12-07 02:31:05','2023-12-07 02:31:05',NULL),(761,8434,342,757,40846,119622,2,458372.00,0,'2023-07-05','2023-12-07 02:31:05','2023-12-07 02:31:05',NULL),(762,8434,343,57,40846,119622,1,650096.70,0,'2023-07-07','2023-12-07 02:35:58','2023-12-07 02:35:58',NULL),(763,8434,343,23,40846,119622,2,9402.00,0,'2023-07-07','2023-12-07 02:35:58','2023-12-07 02:35:58',NULL),(764,8434,343,757,40846,119622,2,640694.70,0,'2023-07-07','2023-12-07 02:35:58','2023-12-07 02:35:58',NULL),(765,8434,344,57,40846,119622,1,4082391.78,0,'2023-07-20','2023-12-07 02:45:09','2023-12-07 02:45:09',NULL),(766,8434,344,23,40846,119622,2,67477.55,0,'2023-07-20','2023-12-07 02:45:09','2023-12-07 02:45:09',NULL),(767,8434,344,757,40846,119622,2,4014914.23,0,'2023-07-20','2023-12-07 02:45:09','2023-12-07 02:45:09',NULL),(768,8434,345,57,40846,119622,1,35200.01,0,'2023-07-10','2023-12-07 02:52:08','2023-12-07 02:52:08',NULL),(769,8434,345,757,40846,119622,2,35200.01,0,'2023-07-10','2023-12-07 02:52:08','2023-12-07 02:52:08',NULL),(770,8434,346,57,40846,119622,1,9216.63,0,'2023-07-11','2023-12-07 02:57:28','2023-12-07 02:57:28',NULL),(771,8434,346,757,40846,119622,2,9216.63,0,'2023-07-11','2023-12-07 02:57:28','2023-12-07 02:57:28',NULL),(772,8434,347,57,40846,119622,1,20000.00,0,'2023-07-11','2023-12-07 03:00:07','2023-12-07 03:00:07',NULL),(773,8434,347,757,40846,119622,2,20000.00,0,'2023-07-11','2023-12-07 03:00:07','2023-12-07 03:00:07',NULL),(774,8434,348,57,40846,119622,1,20400.00,0,'2023-07-25','2023-12-07 03:02:08','2023-12-07 13:44:11','2023-12-07 13:44:11');
INSERT INTO `cta_cte_tesoreria_detail` VALUES (775,8434,348,757,40846,119622,2,20400.00,0,'2023-07-25','2023-12-07 03:02:08','2023-12-07 13:44:11','2023-12-07 13:44:11'),(776,8434,349,57,40846,119622,1,32000.00,0,'2023-07-24','2023-12-07 03:03:48','2023-12-07 03:03:48',NULL),(777,8434,349,757,40846,119622,2,32000.00,0,'2023-07-24','2023-12-07 03:03:48','2023-12-07 03:03:48',NULL),(778,8434,350,57,40846,119622,1,18700.01,0,'2023-07-24','2023-12-07 03:05:49','2023-12-07 03:05:49',NULL),(779,8434,350,757,40846,119622,2,18700.01,0,'2023-07-24','2023-12-07 03:05:49','2023-12-07 03:05:49',NULL),(780,8434,351,57,40846,119622,1,11944.81,0,'2023-07-14','2023-12-07 03:08:13','2023-12-07 03:08:13',NULL),(781,8434,351,757,40846,119622,2,11944.81,0,'2023-07-14','2023-12-07 03:08:13','2023-12-07 03:08:13',NULL),(782,8434,352,57,40846,119622,1,5328.93,0,'2023-07-10','2023-12-07 03:10:17','2023-12-07 03:10:17',NULL),(783,8434,352,757,40846,119622,2,5328.93,0,'2023-07-10','2023-12-07 03:10:17','2023-12-07 03:10:17',NULL),(784,8434,353,57,40846,119622,1,6251.24,0,'2023-07-12','2023-12-07 03:11:29','2023-12-07 03:11:29',NULL),(785,8434,353,757,40846,119622,2,6251.24,0,'2023-07-12','2023-12-07 03:11:29','2023-12-07 03:11:29',NULL),(786,8434,354,57,40846,119623,1,9800.00,0,'2023-08-01','2023-12-07 03:29:47','2023-12-07 03:29:47',NULL),(787,8434,354,757,40846,119623,2,9800.00,0,'2023-08-01','2023-12-07 03:29:47','2023-12-07 03:29:47',NULL),(788,8434,355,57,40846,119623,1,24971.50,0,'2023-08-31','2023-12-07 03:37:35','2023-12-07 03:37:35',NULL),(789,8434,355,757,40846,119623,2,24971.50,0,'2023-08-31','2023-12-07 03:37:35','2023-12-07 03:37:35',NULL),(790,8434,356,57,40846,119623,1,481580.00,0,'2023-08-04','2023-12-07 03:39:45','2023-12-07 03:39:45',NULL),(791,8434,356,757,40846,119623,2,458372.00,0,'2023-08-04','2023-12-07 03:39:45','2023-12-07 03:39:45',NULL),(792,8434,356,23,40846,119623,2,23208.00,0,'2023-08-04','2023-12-07 03:39:45','2023-12-07 03:39:45',NULL),(793,8434,357,57,40846,119623,1,15466.90,0,'2023-08-04','2023-12-07 03:40:56','2023-12-07 03:40:56',NULL),(794,8434,357,757,40846,119623,2,15466.90,0,'2023-08-04','2023-12-07 03:40:56','2023-12-07 03:40:56',NULL),(795,8434,358,57,40846,119623,1,1219116.74,0,'2023-08-09','2023-12-07 03:46:07','2023-12-07 03:46:07',NULL),(796,8434,358,23,40846,119623,2,19684.60,0,'2023-08-09','2023-12-07 03:46:07','2023-12-07 03:46:07',NULL),(797,8434,358,757,40846,119623,2,1199432.14,0,'2023-08-09','2023-12-07 03:46:07','2023-12-07 03:46:07',NULL),(798,8434,359,57,40846,119623,1,2634876.36,0,'2023-08-30','2023-12-07 03:48:09','2023-12-07 03:48:09',NULL),(799,8434,359,23,40846,119623,2,43551.68,0,'2023-08-30','2023-12-07 03:48:09','2023-12-07 03:48:09',NULL),(800,8434,359,757,40846,119623,2,2591324.68,0,'2023-08-30','2023-12-07 03:48:09','2023-12-07 03:48:09',NULL),(801,8434,360,57,40846,119623,1,9672.88,0,'2023-08-10','2023-12-07 03:55:43','2023-12-07 03:55:43',NULL),(802,8434,360,757,40846,119623,2,9672.88,0,'2023-08-10','2023-12-07 03:55:43','2023-12-07 03:55:43',NULL),(803,8434,361,57,40846,119623,1,73449.77,0,'2023-08-17','2023-12-07 03:57:39','2023-12-07 03:57:39',NULL),(804,8434,361,757,40846,119623,2,73449.77,0,'2023-08-17','2023-12-07 03:57:39','2023-12-07 03:57:39',NULL),(805,8434,362,57,40846,119623,1,27000.00,0,'2023-08-25','2023-12-07 03:59:12','2023-12-07 03:59:12',NULL),(806,8434,362,757,40846,119623,2,27000.00,0,'2023-08-25','2023-12-07 03:59:12','2023-12-07 03:59:12',NULL),(807,8434,363,57,40846,119623,1,30349.00,0,'2023-08-30','2023-12-07 04:00:51','2023-12-07 04:00:51',NULL),(808,8434,363,757,40846,119623,2,30349.00,0,'2023-08-30','2023-12-07 04:00:51','2023-12-07 04:00:51',NULL),(809,8434,364,57,40846,119624,1,33223.25,0,'2023-09-30','2023-12-07 04:05:41','2023-12-07 04:05:41',NULL),(810,8434,364,757,40846,119624,2,33223.25,0,'2023-09-30','2023-12-07 04:05:41','2023-12-07 04:05:41',NULL),(811,8434,365,57,40846,119624,1,48347.90,0,'2023-09-04','2023-12-07 04:07:04','2023-12-07 04:07:04',NULL);
INSERT INTO `cta_cte_tesoreria_detail` VALUES (812,8434,365,757,40846,119624,2,48347.90,0,'2023-09-04','2023-12-07 04:07:04','2023-12-07 04:07:04',NULL),(813,8434,366,57,40846,119624,1,9360.89,0,'2023-09-11','2023-12-07 04:19:49','2023-12-07 04:19:49',NULL),(814,8434,366,757,40846,119624,2,9360.89,0,'2023-09-11','2023-12-07 04:19:49','2023-12-07 04:19:49',NULL),(815,8434,367,57,40846,119624,1,161740.00,0,'2023-09-01','2023-12-07 04:25:59','2023-12-07 04:25:59',NULL),(816,8434,367,757,40846,119624,2,161740.00,0,'2023-09-01','2023-12-07 04:25:59','2023-12-07 04:25:59',NULL),(817,8434,368,13,40846,119624,2,548250.00,0,'2023-09-08','2023-12-07 04:32:52','2023-12-07 04:32:52',NULL),(818,8434,368,23,40846,119624,1,10111.00,0,'2023-09-08','2023-12-07 04:32:52','2023-12-07 04:32:52',NULL),(819,8434,368,757,40846,119624,1,538139.00,0,'2023-09-08','2023-12-07 04:32:52','2023-12-07 04:32:52',NULL),(820,8434,369,57,40846,119624,1,481580.00,0,'2023-09-04','2023-12-07 04:35:42','2023-12-07 04:35:42',NULL),(821,8434,369,23,40846,119624,2,23208.00,0,'2023-09-04','2023-12-07 04:35:42','2023-12-07 04:35:42',NULL),(822,8434,369,757,40846,119624,2,458372.00,0,'2023-09-04','2023-12-07 04:35:42','2023-12-07 04:35:42',NULL),(823,8434,370,57,40846,119624,1,460500.00,0,'2023-09-13','2023-12-07 04:37:43','2023-12-07 04:37:43',NULL),(824,8434,370,23,40846,119624,2,7866.60,0,'2023-09-13','2023-12-07 04:37:43','2023-12-07 04:37:43',NULL),(825,8434,370,757,40846,119624,2,452633.40,0,'2023-09-13','2023-12-07 04:37:43','2023-12-07 04:37:43',NULL),(826,8434,371,57,40846,119624,1,507144.29,0,'2023-09-27','2023-12-07 04:40:23','2023-12-07 04:40:23',NULL),(827,8434,371,23,40846,119624,2,7039.15,0,'2023-09-27','2023-12-07 04:40:23','2023-12-07 04:40:23',NULL),(828,8434,371,757,40846,119624,2,500105.14,0,'2023-09-27','2023-12-07 04:40:23','2023-12-07 04:40:23',NULL),(829,8434,372,57,40846,119621,1,5459.99,0,'2023-06-02','2023-12-07 10:02:04','2023-12-07 10:02:04',NULL),(830,8434,372,757,40846,119621,2,5459.99,0,'2023-06-02','2023-12-07 10:02:04','2023-12-07 10:02:04',NULL),(831,8434,373,57,40846,119621,1,64500.01,0,'2023-06-09','2023-12-07 10:25:00','2023-12-07 10:25:00',NULL),(832,8434,373,757,40846,119621,2,64500.01,0,'2023-06-09','2023-12-07 10:25:00','2023-12-07 10:25:00',NULL),(833,8434,374,57,40846,119621,1,269998.99,0,'2023-06-15','2023-12-07 10:27:07','2023-12-07 10:27:07',NULL),(834,8434,374,757,40846,119621,2,269998.99,0,'2023-06-15','2023-12-07 10:27:07','2023-12-07 10:27:07',NULL),(835,8434,375,57,40846,119622,1,18502.72,0,'2023-07-26','2023-12-07 13:28:30','2023-12-07 13:28:30',NULL),(836,8434,375,757,40846,119622,2,18502.72,0,'2023-07-26','2023-12-07 13:28:30','2023-12-07 13:28:30',NULL),(837,8434,376,57,40846,119622,1,20400.00,0,'2023-07-12','2023-12-07 13:48:37','2024-02-08 22:22:24','2024-02-08 22:22:24'),(838,8434,376,757,40846,119622,2,20400.00,0,'2023-07-12','2023-12-07 13:48:37','2024-02-08 22:22:24','2024-02-08 22:22:24'),(839,8434,377,57,40846,119622,1,30000.00,0,'2023-07-12','2023-12-07 13:55:53','2023-12-07 13:55:53',NULL),(840,8434,377,757,40846,119622,2,30000.00,0,'2023-07-12','2023-12-07 13:55:53','2023-12-07 13:55:53',NULL),(841,8434,378,57,40846,119622,1,5319.04,0,'2023-07-06','2023-12-07 14:31:55','2023-12-07 14:31:55',NULL),(842,8434,378,757,40846,119622,2,5319.04,0,'2023-07-06','2023-12-07 14:31:55','2023-12-07 14:31:55',NULL),(843,8434,379,57,40846,119624,1,27316.00,0,'2023-09-04','2023-12-07 14:33:44','2023-12-07 14:33:44',NULL),(844,8434,379,757,40846,119624,2,27316.00,0,'2023-09-04','2023-12-07 14:33:44','2023-12-07 14:33:44',NULL),(845,8434,380,57,40846,119624,1,87558.00,0,'2023-09-04','2023-12-07 14:35:02','2023-12-07 14:35:02',NULL),(846,8434,380,757,40846,119624,2,87558.00,0,'2023-09-04','2023-12-07 14:35:02','2023-12-07 14:35:02',NULL),(847,8434,381,57,40846,119624,1,73905.76,0,'2023-09-07','2023-12-07 14:36:18','2023-12-07 14:36:18',NULL),(848,8434,381,757,40846,119624,2,73905.76,0,'2023-09-07','2023-12-07 14:36:18','2023-12-07 14:36:18',NULL);
INSERT INTO `cta_cte_tesoreria_detail` VALUES (849,8434,382,57,40846,119624,1,8276.00,0,'2023-09-08','2023-12-07 14:37:43','2023-12-07 14:37:43',NULL),(850,8434,382,757,40846,119624,2,8276.00,0,'2023-09-08','2023-12-07 14:37:43','2023-12-07 14:37:43',NULL),(851,8434,383,57,40846,119624,1,89800.00,0,'2023-09-14','2023-12-07 14:43:04','2023-12-07 14:43:04',NULL),(852,8434,383,757,40846,119624,2,89800.00,0,'2023-09-14','2023-12-07 14:43:04','2023-12-07 14:43:04',NULL),(853,8434,384,57,40846,119624,1,15570.00,0,'2023-09-18','2023-12-07 14:44:47','2023-12-07 14:44:47',NULL),(854,8434,384,757,40846,119624,2,15570.00,0,'2023-09-18','2023-12-07 14:44:47','2023-12-07 14:44:47',NULL),(855,8434,385,57,40846,119624,1,30798.70,0,'2023-09-21','2023-12-07 14:46:45','2023-12-07 14:46:45',NULL),(856,8434,385,757,40846,119624,2,30798.70,0,'2023-09-21','2023-12-07 14:46:45','2023-12-07 14:46:45',NULL),(857,8434,386,57,40846,119624,1,103200.00,0,'2023-09-25','2023-12-07 14:48:00','2023-12-07 14:48:00',NULL),(858,8434,386,757,40846,119624,2,103200.00,0,'2023-09-25','2023-12-07 14:48:00','2023-12-07 14:48:00',NULL),(859,8434,387,57,40846,119624,1,10400.70,0,'2023-09-25','2023-12-07 14:49:08','2023-12-07 14:49:08',NULL),(860,8434,387,757,40846,119624,2,10400.70,0,'2023-09-25','2023-12-07 14:49:08','2023-12-07 14:49:08',NULL),(861,8434,388,57,40846,119624,1,600.16,0,'2023-03-31','2023-12-07 14:50:52','2023-12-07 14:50:52',NULL),(862,8434,388,762,40846,119624,2,600.16,0,'2023-03-31','2023-12-07 14:50:52','2023-12-07 14:50:52',NULL),(863,8434,389,57,40846,119619,1,1474.12,0,'2023-04-27','2023-12-07 14:51:33','2023-12-07 14:51:33',NULL),(864,8434,389,762,40846,119619,2,1474.12,0,'2023-04-27','2023-12-07 14:51:33','2023-12-07 14:51:33',NULL),(865,8434,390,57,40846,119624,1,9289.99,0,'2023-09-18','2023-12-07 14:54:10','2023-12-07 14:54:10',NULL),(866,8434,390,757,40846,119624,2,9289.99,0,'2023-09-18','2023-12-07 14:54:10','2023-12-07 14:54:10',NULL),(867,8434,391,57,40846,119624,1,12700.00,0,'2023-09-27','2023-12-07 14:55:24','2023-12-07 14:55:24',NULL),(868,8434,391,757,40846,119624,2,12700.00,0,'2023-09-27','2023-12-07 14:55:24','2023-12-07 14:55:24',NULL),(869,8433,392,57,40846,119625,1,3043.00,0,'2023-10-18','2023-12-27 13:11:30','2023-12-27 13:11:30',NULL),(870,8433,392,761,40846,119625,2,3043.00,0,'2023-10-18','2023-12-27 13:11:30','2023-12-27 13:11:30',NULL),(871,8433,393,57,40846,119625,1,2127.00,0,'2023-10-09','2023-12-27 13:12:41','2023-12-27 13:12:41',NULL),(872,8433,393,761,40846,119625,2,2127.00,0,'2023-10-09','2023-12-27 13:12:41','2023-12-27 13:12:41',NULL),(873,8433,394,57,40846,119625,1,13030.01,0,'2023-10-18','2023-12-27 13:13:48','2023-12-27 13:13:48',NULL),(874,8433,394,761,40846,119625,2,13030.01,0,'2023-10-18','2023-12-27 13:13:48','2023-12-27 13:13:48',NULL),(875,8433,395,57,40846,119625,1,1750.00,0,'2023-10-26','2023-12-27 13:14:46','2023-12-27 13:14:46',NULL),(876,8433,395,761,40846,119625,2,1750.00,0,'2023-10-26','2023-12-27 13:14:46','2023-12-27 13:14:46',NULL),(877,8433,396,57,40846,119625,1,3140.00,0,'2023-10-06','2023-12-27 13:16:52','2023-12-27 13:16:52',NULL),(878,8433,396,761,40846,119625,2,3140.00,0,'2023-10-06','2023-12-27 13:16:52','2023-12-27 13:16:52',NULL),(879,8433,397,57,40846,119625,1,13200.00,0,'2023-10-20','2023-12-27 13:18:33','2023-12-27 13:18:33',NULL),(880,8433,397,761,40846,119625,2,13200.00,0,'2023-10-20','2023-12-27 13:18:33','2023-12-27 13:18:33',NULL),(881,8433,398,57,40846,119625,1,6350.01,0,'2023-10-25','2023-12-27 13:19:29','2023-12-27 13:19:29',NULL),(882,8433,398,761,40846,119625,2,6350.01,0,'2023-10-25','2023-12-27 13:19:29','2023-12-27 13:19:29',NULL),(883,8433,399,57,40846,119626,1,27000.00,0,'2023-11-06','2023-12-27 13:30:49','2023-12-27 13:30:49',NULL),(884,8433,399,761,40846,119626,2,27000.00,0,'2023-11-06','2023-12-27 13:30:49','2023-12-27 13:30:49',NULL),(885,8433,400,57,40846,119626,1,14300.00,0,'2023-11-07','2023-12-27 13:39:51','2023-12-27 13:39:51',NULL);
INSERT INTO `cta_cte_tesoreria_detail` VALUES (886,8433,400,761,40846,119626,2,14300.00,0,'2023-11-07','2023-12-27 13:39:51','2023-12-27 13:39:51',NULL),(887,8433,401,57,40846,119626,1,1438.85,0,'2023-11-13','2023-12-27 13:43:47','2023-12-27 13:43:47',NULL),(888,8433,401,761,40846,119626,2,1438.85,0,'2023-11-13','2023-12-27 13:43:47','2023-12-27 13:43:47',NULL),(889,8433,402,57,40846,119626,1,19100.00,0,'2023-11-13','2023-12-27 13:45:38','2023-12-27 13:45:38',NULL),(890,8433,402,761,40846,119626,2,19100.00,0,'2023-11-13','2023-12-27 13:45:38','2023-12-27 13:45:38',NULL),(891,8433,403,57,40846,119626,1,11737.00,0,'2023-11-08','2023-12-27 13:47:33','2023-12-27 13:47:33',NULL),(892,8433,403,761,40846,119626,2,11737.00,0,'2023-11-08','2023-12-27 13:47:33','2023-12-27 13:47:33',NULL),(893,8433,404,57,40846,119626,1,50400.00,0,'2023-11-23','2023-12-27 13:49:32','2023-12-27 13:49:32',NULL),(894,8433,404,761,40846,119626,2,50400.00,0,'2023-11-23','2023-12-27 13:49:32','2023-12-27 13:49:32',NULL),(895,8433,405,57,40846,119626,1,7340.00,0,'2023-11-24','2023-12-27 13:50:33','2023-12-27 13:50:33',NULL),(896,8433,405,761,40846,119626,2,7340.00,0,'2023-11-24','2023-12-27 13:50:33','2023-12-27 13:50:33',NULL),(897,8433,406,57,40846,119626,1,10000.00,0,'2023-11-21','2023-12-27 13:52:07','2023-12-27 13:52:07',NULL),(898,8433,406,761,40846,119626,2,10000.00,0,'2023-11-21','2023-12-27 13:52:07','2023-12-27 13:52:07',NULL),(899,8433,407,57,40846,119626,1,9500.00,0,'2023-11-21','2023-12-27 13:53:16','2023-12-27 13:53:16',NULL),(900,8433,407,761,40846,119626,2,9500.00,0,'2023-11-21','2023-12-27 13:53:16','2023-12-27 13:53:16',NULL),(901,8433,408,57,40846,119626,1,3831.41,0,'2023-11-03','2023-12-27 13:55:11','2023-12-27 13:55:11',NULL),(902,8433,408,761,40846,119626,2,3831.41,0,'2023-11-03','2023-12-27 13:55:11','2023-12-27 13:55:11',NULL),(903,8433,409,57,40846,119626,1,3831.41,0,'2023-11-24','2023-12-27 13:55:59','2023-12-27 13:55:59',NULL),(904,8433,409,761,40846,119626,2,3831.41,0,'2023-11-24','2023-12-27 13:55:59','2023-12-27 13:55:59',NULL),(905,8433,410,57,40846,119625,1,21103.57,0,'2023-10-06','2023-12-28 10:51:07','2023-12-28 10:51:07',NULL),(906,8433,410,762,40846,119625,2,21103.57,0,'2023-10-06','2023-12-28 10:51:07','2023-12-28 10:51:07',NULL),(907,8433,411,57,40846,119626,1,9941.75,0,'2023-11-03','2023-12-28 13:04:59','2023-12-28 13:04:59',NULL),(908,8433,411,762,40846,119626,2,9941.75,0,'2023-11-03','2023-12-28 13:04:59','2023-12-28 13:04:59',NULL),(909,8433,412,57,40846,119626,1,1473.12,0,'2023-11-06','2023-12-28 13:14:21','2023-12-28 13:14:21',NULL),(910,8433,412,762,40846,119626,2,1473.12,0,'2023-11-06','2023-12-28 13:14:21','2023-12-28 13:14:21',NULL),(911,8433,413,57,40846,119626,1,3463.14,0,'2023-11-21','2023-12-28 13:15:37','2023-12-28 13:15:37',NULL),(912,8433,413,762,40846,119626,2,3463.14,0,'2023-11-21','2023-12-28 13:15:37','2023-12-28 13:15:37',NULL),(913,8433,414,57,40846,119626,1,750.00,0,'2023-11-23','2023-12-28 13:18:34','2023-12-28 13:18:34',NULL),(914,8433,414,762,40846,119626,2,750.00,0,'2023-11-23','2023-12-28 13:18:34','2023-12-28 13:18:34',NULL),(915,8433,415,57,40846,119626,1,600.00,0,'2023-11-10','2023-12-28 13:19:55','2023-12-28 13:19:55',NULL),(916,8433,415,762,40846,119626,2,600.00,0,'2023-11-10','2023-12-28 13:19:55','2023-12-28 13:19:55',NULL),(917,8433,416,57,40846,119626,1,190000.00,0,'2023-11-07','2023-12-29 11:03:21','2023-12-29 11:03:21',NULL),(918,8433,416,757,40846,119626,2,190000.00,0,'2023-11-07','2023-12-29 11:03:21','2023-12-29 11:03:21',NULL),(919,8434,417,57,40846,119617,1,500.00,0,'2023-02-28','2024-01-02 15:09:21','2024-01-02 15:09:21',NULL),(920,8434,417,761,40846,119617,2,500.00,0,'2023-02-28','2024-01-02 15:09:21','2024-01-02 15:09:21',NULL),(921,8434,418,57,40846,119619,1,1900.00,0,'2023-04-30','2024-01-02 15:15:54','2024-01-02 15:15:54',NULL),(922,8434,418,761,40846,119619,2,1900.00,0,'2023-04-30','2024-01-02 15:15:54','2024-01-02 15:15:54',NULL);
INSERT INTO `cta_cte_tesoreria_detail` VALUES (923,8434,419,57,40846,119619,1,15908.00,0,'2023-04-24','2024-01-02 15:19:38','2024-01-02 15:19:38',NULL),(924,8434,419,761,40846,119619,2,15908.00,0,'2023-04-24','2024-01-02 15:19:38','2024-01-02 15:19:38',NULL),(925,8434,420,57,40846,119619,1,9040.01,0,'2023-04-03','2024-01-02 15:21:12','2024-01-02 15:21:12',NULL),(926,8434,420,761,40846,119619,2,9040.01,0,'2023-04-03','2024-01-02 15:21:12','2024-01-02 15:21:12',NULL),(927,8434,421,57,40846,119619,1,10339.00,0,'2023-04-17','2024-01-02 15:22:21','2024-01-02 15:22:21',NULL),(928,8434,421,761,40846,119619,2,10339.00,0,'2023-04-17','2024-01-02 15:22:21','2024-01-02 15:22:21',NULL),(929,8434,422,57,40846,119620,1,2550.00,0,'2023-05-15','2024-01-02 15:28:40','2024-01-02 15:28:40',NULL),(930,8434,422,761,40846,119620,2,2550.00,0,'2023-05-15','2024-01-02 15:28:40','2024-01-02 15:28:40',NULL),(931,8434,423,57,40846,119620,1,10000.00,0,'2023-05-22','2024-01-02 15:29:42','2024-01-02 15:29:42',NULL),(932,8434,423,761,40846,119620,2,10000.00,0,'2023-05-22','2024-01-02 15:29:42','2024-01-02 15:29:42',NULL),(933,8434,424,57,40846,119620,1,3420.00,0,'2023-05-08','2024-01-02 15:37:04','2024-01-02 15:37:04',NULL),(934,8434,424,761,40846,119620,2,3420.00,0,'2023-05-08','2024-01-02 15:37:04','2024-01-02 15:37:04',NULL),(935,8434,425,57,40846,119620,1,700.00,0,'2023-05-18','2024-01-02 15:38:10','2024-01-02 15:38:10',NULL),(936,8434,425,761,40846,119620,2,700.00,0,'2023-05-18','2024-01-02 15:38:10','2024-01-02 15:38:10',NULL),(937,8434,426,57,40846,119620,1,2600.00,0,'2023-05-18','2024-01-02 15:39:16','2024-01-02 15:39:16',NULL),(938,8434,426,761,40846,119620,2,2600.00,0,'2023-05-18','2024-01-02 15:39:16','2024-01-02 15:39:16',NULL),(939,8434,427,57,40846,119620,1,16334.02,0,'2023-05-17','2024-01-02 15:40:12','2024-01-02 15:40:12',NULL),(940,8434,427,761,40846,119620,2,16334.02,0,'2023-05-17','2024-01-02 15:40:12','2024-01-02 15:40:12',NULL),(941,8434,428,57,40846,119620,1,23283.00,0,'2023-05-23','2024-01-02 15:41:11','2024-01-02 15:41:11',NULL),(942,8434,428,761,40846,119620,2,23283.00,0,'2023-05-23','2024-01-02 15:41:11','2024-01-02 15:41:11',NULL),(943,8434,429,57,40846,119620,1,1325.00,0,'2023-05-08','2024-01-02 15:42:56','2024-01-02 15:42:56',NULL),(944,8434,429,761,40846,119620,2,1325.00,0,'2023-05-08','2024-01-02 15:42:56','2024-01-02 15:42:56',NULL),(945,8434,430,57,40846,119620,1,4800.00,0,'2023-05-23','2024-01-02 15:45:45','2024-01-02 15:45:45',NULL),(946,8434,430,761,40846,119620,2,4800.00,0,'2023-05-23','2024-01-02 15:45:45','2024-01-02 15:45:45',NULL),(947,8434,431,57,40846,119620,1,6720.00,0,'2023-05-19','2024-01-02 16:03:13','2024-01-02 16:03:13',NULL),(948,8434,431,761,40846,119620,2,6720.00,0,'2023-05-19','2024-01-02 16:03:13','2024-01-02 16:03:13',NULL),(949,8434,432,57,40846,119620,1,51800.00,0,'2023-05-24','2024-01-02 16:14:14','2024-01-02 16:14:14',NULL),(950,8434,432,761,40846,119620,2,51800.00,0,'2023-05-24','2024-01-02 16:14:14','2024-01-02 16:14:14',NULL),(951,8434,433,57,40846,119620,1,47000.01,0,'2023-05-24','2024-01-02 16:14:52','2024-01-02 16:14:52',NULL),(952,8434,433,761,40846,119620,2,47000.01,0,'2023-05-24','2024-01-02 16:14:52','2024-01-02 16:14:52',NULL),(953,8434,434,57,40846,119621,1,16000.00,0,'2023-06-17','2024-01-02 16:53:59','2024-01-02 16:53:59',NULL),(954,8434,434,761,40846,119621,2,16000.00,0,'2023-06-17','2024-01-02 16:53:59','2024-01-02 16:53:59',NULL),(955,8434,435,57,40846,119621,1,17999.38,0,'2023-06-09','2024-01-02 16:55:05','2024-01-02 16:55:05',NULL),(956,8434,435,761,40846,119621,2,17999.38,0,'2023-06-09','2024-01-02 16:55:05','2024-01-02 16:55:05',NULL),(957,8434,436,57,40846,119621,1,45000.00,0,'2023-06-10','2024-01-02 16:56:39','2024-01-02 16:56:39',NULL),(958,8434,436,761,40846,119621,2,45000.00,0,'2023-06-10','2024-01-02 16:56:39','2024-01-02 16:56:39',NULL),(959,8434,437,57,40846,119621,1,7000.00,0,'2023-06-01','2024-01-02 16:57:43','2024-01-02 16:57:43',NULL);
INSERT INTO `cta_cte_tesoreria_detail` VALUES (960,8434,437,761,40846,119621,2,7000.00,0,'2023-06-01','2024-01-02 16:57:43','2024-01-02 16:57:43',NULL),(961,8434,438,57,40846,119621,1,7840.00,0,'2023-06-23','2024-01-02 16:59:32','2024-01-02 16:59:32',NULL),(962,8434,438,761,40846,119621,2,7840.00,0,'2023-06-23','2024-01-02 16:59:32','2024-01-02 16:59:32',NULL),(963,8434,439,57,40846,119621,1,14650.01,0,'2023-06-30','2024-01-02 17:01:03','2024-01-02 17:01:03',NULL),(964,8434,439,761,40846,119621,2,14650.01,0,'2023-06-30','2024-01-02 17:01:03','2024-01-02 17:01:03',NULL),(965,8434,440,57,40846,119621,1,106288.07,0,'2023-06-30','2024-01-02 17:32:15','2024-01-02 17:32:15',NULL),(966,8434,440,761,40846,119621,2,106288.07,0,'2023-06-30','2024-01-02 17:32:15','2024-01-02 17:32:15',NULL),(967,8434,441,57,40846,119621,1,3200.00,0,'2023-06-01','2024-01-02 17:32:55','2024-01-02 17:32:55',NULL),(968,8434,441,761,40846,119621,2,3200.00,0,'2023-06-01','2024-01-02 17:32:55','2024-01-02 17:32:55',NULL),(969,8434,442,57,40846,119622,1,20500.69,0,'2023-07-27','2024-01-02 18:39:34','2024-01-02 18:39:34',NULL),(970,8434,442,761,40846,119622,2,20500.69,0,'2023-07-27','2024-01-02 18:39:34','2024-01-02 18:39:34',NULL),(971,8434,443,57,40846,119622,1,8980.00,0,'2023-07-31','2024-01-02 18:40:53','2024-01-02 18:40:53',NULL),(972,8434,443,761,40846,119622,2,8980.00,0,'2023-07-31','2024-01-02 18:40:53','2024-01-02 18:40:53',NULL),(973,8434,444,57,40846,119622,1,3500.00,0,'2023-07-01','2024-01-02 18:45:21','2024-01-02 18:45:21',NULL),(974,8434,444,761,40846,119622,2,3500.00,0,'2023-07-01','2024-01-02 18:45:21','2024-01-02 18:45:21',NULL),(975,8434,445,57,40846,119622,1,9436.00,0,'2023-07-01','2024-01-02 22:02:36','2024-01-02 22:02:36',NULL),(976,8434,445,761,40846,119622,2,9436.00,0,'2023-07-01','2024-01-02 22:02:36','2024-01-02 22:02:36',NULL),(977,8434,446,57,40846,119622,1,21619.00,0,'2023-07-01','2024-01-02 22:03:38','2024-01-02 22:03:38',NULL),(978,8434,446,761,40846,119622,2,21619.00,0,'2023-07-01','2024-01-02 22:03:38','2024-01-02 22:03:38',NULL),(979,8434,447,57,40846,119622,1,13670.84,0,'2023-07-16','2024-01-02 22:05:46','2024-01-02 22:05:46',NULL),(980,8434,447,761,40846,119622,2,13670.84,0,'2023-07-16','2024-01-02 22:05:46','2024-01-02 22:05:46',NULL),(981,8434,448,57,40846,119622,1,24638.36,0,'2023-07-18','2024-01-03 00:18:42','2024-01-03 00:18:42',NULL),(982,8434,448,761,40846,119622,2,24638.36,0,'2023-07-18','2024-01-03 00:18:42','2024-01-03 00:18:42',NULL),(983,8434,449,57,40846,119623,1,6550.00,0,'2023-08-31','2024-01-03 01:16:18','2024-01-03 01:16:18',NULL),(984,8434,449,761,40846,119623,2,6550.00,0,'2023-08-31','2024-01-03 01:16:18','2024-01-03 01:16:18',NULL),(985,8434,450,57,40846,119623,1,649.00,0,'2023-08-07','2024-01-03 01:19:25','2024-01-03 01:19:25',NULL),(986,8434,450,761,40846,119623,2,649.00,0,'2023-08-07','2024-01-03 01:19:25','2024-01-03 01:19:25',NULL),(987,8434,451,57,40846,119623,1,3710.00,0,'2023-08-11','2024-01-03 01:20:30','2024-01-03 01:20:30',NULL),(988,8434,451,761,40846,119623,2,3710.00,0,'2023-08-11','2024-01-03 01:20:30','2024-01-03 01:20:30',NULL),(989,8434,452,57,40846,119623,1,17001.10,0,'2023-08-20','2024-01-03 01:21:22','2024-01-03 01:21:22',NULL),(990,8434,452,761,40846,119623,2,17001.10,0,'2023-08-20','2024-01-03 01:21:22','2024-01-03 01:21:22',NULL),(991,8434,453,57,40846,119624,1,854.00,0,'2023-09-13','2024-01-03 01:28:41','2024-01-03 01:28:41',NULL),(992,8434,453,761,40846,119624,2,854.00,0,'2023-09-13','2024-01-03 01:28:41','2024-01-03 01:28:41',NULL),(993,8434,454,57,40846,119624,1,1300.00,0,'2023-09-11','2024-01-03 01:29:49','2024-01-03 01:29:49',NULL),(994,8434,454,761,40846,119624,2,1300.00,0,'2023-09-11','2024-01-03 01:29:49','2024-01-03 01:29:49',NULL),(995,8434,455,57,40846,119624,1,5750.00,0,'2023-09-07','2024-01-03 01:30:38','2024-01-03 01:30:38',NULL),(996,8434,455,761,40846,119624,2,5750.00,0,'2023-09-07','2024-01-03 01:30:38','2024-01-03 01:30:38',NULL);
INSERT INTO `cta_cte_tesoreria_detail` VALUES (997,8434,456,57,40846,119624,1,12560.00,0,'2023-09-30','2024-01-03 01:32:10','2024-01-03 01:32:10',NULL),(998,8434,456,761,40846,119624,2,12560.00,0,'2023-09-30','2024-01-03 01:32:10','2024-01-03 01:32:10',NULL),(999,8434,457,57,40846,119624,1,12400.00,0,'2023-09-20','2024-01-03 01:36:56','2024-01-03 01:36:56',NULL),(1000,8434,457,761,40846,119624,2,12400.00,0,'2023-09-20','2024-01-03 01:36:56','2024-01-03 01:36:56',NULL),(1001,8434,458,57,40846,119624,1,18908.59,0,'2023-09-20','2024-01-03 01:37:58','2024-01-03 01:37:58',NULL),(1002,8434,458,761,40846,119624,2,18908.59,0,'2023-09-20','2024-01-03 01:37:58','2024-01-03 01:37:58',NULL),(1003,8434,459,57,40846,119624,1,9500.00,0,'2023-09-19','2024-01-03 01:38:53','2024-01-03 01:38:53',NULL),(1004,8434,459,761,40846,119624,2,9500.00,0,'2023-09-19','2024-01-03 01:38:53','2024-01-03 01:38:53',NULL),(1005,8434,460,57,40846,119624,1,4730.00,0,'2023-09-27','2024-01-03 01:40:38','2024-01-03 01:40:38',NULL),(1006,8434,460,761,40846,119624,2,4730.00,0,'2023-09-27','2024-01-03 01:40:38','2024-01-03 01:40:38',NULL),(1007,8434,461,57,40846,119624,1,680.00,0,'2023-09-30','2024-01-03 01:42:20','2024-01-03 01:42:20',NULL),(1008,8434,461,761,40846,119624,2,680.00,0,'2023-09-30','2024-01-03 01:42:20','2024-01-03 01:42:20',NULL),(1009,8434,462,57,40846,119624,1,900.00,0,'2023-09-18','2024-01-03 01:43:15','2024-01-03 01:43:15',NULL),(1010,8434,462,761,40846,119624,2,900.00,0,'2023-09-18','2024-01-03 01:43:15','2024-01-03 01:43:15',NULL),(1011,8434,463,57,40846,119624,1,23694.21,0,'2023-09-17','2024-01-03 01:44:59','2024-01-03 01:44:59',NULL),(1012,8434,463,761,40846,119624,2,23694.21,0,'2023-09-17','2024-01-03 01:44:59','2024-01-03 01:44:59',NULL),(1013,8434,464,57,40846,119624,1,1596.08,0,'2023-09-11','2024-01-03 01:45:51','2024-01-03 01:45:51',NULL),(1014,8434,464,761,40846,119624,2,1596.08,0,'2023-09-11','2024-01-03 01:45:51','2024-01-03 01:45:51',NULL),(1015,8434,465,57,40846,119624,1,7000.00,0,'2023-09-19','2024-01-03 01:47:37','2024-01-03 01:47:37',NULL),(1016,8434,465,761,40846,119624,2,7000.00,0,'2023-09-19','2024-01-03 01:47:37','2024-01-03 01:47:37',NULL),(1017,8434,466,57,40846,119625,1,61700.03,0,'2023-10-01','2024-01-03 12:55:01','2024-01-03 12:55:01',NULL),(1018,8434,466,761,40846,119625,2,61700.03,0,'2023-10-01','2024-01-03 12:55:01','2024-01-03 12:55:01',NULL),(1019,8434,467,57,40846,119625,1,6329.99,0,'2023-10-18','2024-01-03 12:56:02','2024-01-03 12:56:02',NULL),(1020,8434,467,761,40846,119625,2,6329.99,0,'2023-10-18','2024-01-03 12:56:02','2024-01-03 12:56:02',NULL),(1021,8434,468,57,40846,119625,1,40323.52,0,'2023-10-01','2024-01-03 12:58:16','2024-01-03 12:58:16',NULL),(1022,8434,468,761,40846,119625,2,40323.52,0,'2023-10-01','2024-01-03 12:58:16','2024-01-03 12:58:16',NULL),(1023,8434,469,57,40846,119626,1,36146.70,0,'2023-11-01','2024-01-03 16:14:29','2024-01-03 16:14:29',NULL),(1024,8434,469,761,40846,119626,2,36146.70,0,'2023-11-01','2024-01-03 16:14:29','2024-01-03 16:14:29',NULL),(1025,8434,470,57,40846,119626,1,4195.06,0,'2023-11-23','2024-01-03 16:17:10','2024-01-03 16:17:10',NULL),(1026,8434,470,761,40846,119626,2,4195.06,0,'2023-11-23','2024-01-03 16:17:10','2024-01-03 16:17:10',NULL),(1027,8434,471,57,40846,119626,1,681835.00,0,'2023-11-03','2024-01-03 16:39:05','2024-01-03 16:39:05',NULL),(1028,8434,471,23,40846,119626,2,33138.00,0,'2023-11-03','2024-01-03 16:39:05','2024-01-03 16:39:05',NULL),(1029,8434,471,757,40846,119626,2,648697.00,0,'2023-11-03','2024-01-03 16:39:05','2024-01-03 16:39:05',NULL),(1030,8434,472,57,40846,119626,1,76600.01,0,'2023-11-13','2024-01-03 16:40:26','2024-01-03 16:40:26',NULL),(1031,8434,472,757,40846,119626,2,76600.01,0,'2023-11-13','2024-01-03 16:40:26','2024-01-03 16:40:26',NULL),(1032,8434,473,57,40846,119625,1,31772.25,0,'2023-10-31','2024-01-03 17:02:16','2024-02-08 15:43:03','2024-02-08 15:43:03'),(1033,8434,473,762,40846,119625,2,31772.25,0,'2023-10-31','2024-01-03 17:02:16','2024-02-08 15:43:03','2024-02-08 15:43:03');
INSERT INTO `cta_cte_tesoreria_detail` VALUES (1034,8434,474,57,40846,119626,1,18976.09,0,'2023-11-30','2024-01-03 17:02:52','2024-01-03 17:02:52',NULL),(1035,8434,474,762,40846,119626,2,18976.09,0,'2023-11-30','2024-01-03 17:02:52','2024-01-03 17:02:52',NULL),(1036,8434,475,57,40846,119625,1,19485.01,0,'2023-10-04','2024-01-03 17:12:55','2024-01-03 17:12:55',NULL),(1037,8434,475,757,40846,119625,2,19485.01,0,'2023-10-04','2024-01-03 17:12:55','2024-01-03 17:12:55',NULL),(1038,8434,476,57,40846,119625,1,2032800.00,0,'2023-10-27','2024-01-03 17:29:18','2024-01-03 17:29:18',NULL),(1039,8434,476,23,40846,119625,2,32256.60,0,'2023-10-27','2024-01-03 17:29:18','2024-01-03 17:29:18',NULL),(1040,8434,476,757,40846,119625,2,2000543.40,0,'2023-10-27','2024-01-03 17:29:18','2024-01-03 17:29:18',NULL),(1041,8434,477,765,40846,119631,1,0.00,0,'2024-01-03','2024-01-03 18:00:48','2024-01-03 18:00:48',NULL),(1042,8434,478,57,40846,119625,1,132676.50,0,'2023-10-31','2024-01-03 18:03:21','2024-01-03 18:03:21',NULL),(1043,8434,478,765,40846,119625,2,109650.00,0,'2023-10-31','2024-01-03 18:03:21','2024-01-03 18:03:21',NULL),(1044,8434,478,757,40846,119625,2,23026.50,0,'2023-10-31','2024-01-03 18:03:21','2024-01-03 18:03:21',NULL),(1045,8433,479,57,40846,119627,1,63600.01,0,'2023-12-07','2024-01-09 10:24:11','2024-01-09 10:24:11',NULL),(1046,8433,479,757,40846,119627,2,63600.01,0,'2023-12-07','2024-01-09 10:24:11','2024-01-09 10:24:11',NULL),(1047,8433,480,57,40846,119627,1,96000.01,0,'2023-12-18','2024-01-09 10:38:44','2024-01-09 10:38:44',NULL),(1048,8433,480,757,40846,119627,2,96000.01,0,'2023-12-18','2024-01-09 10:38:44','2024-01-09 10:38:44',NULL),(1049,8433,481,57,40846,119627,1,16638.89,0,'2023-12-04','2024-01-09 10:44:42','2024-01-09 10:44:42',NULL),(1050,8433,481,757,40846,119627,2,16638.89,0,'2023-12-04','2024-01-09 10:44:42','2024-01-09 10:44:42',NULL),(1051,8433,482,57,40846,119627,1,18239.04,0,'2023-12-11','2024-01-09 10:46:05','2024-01-09 10:46:05',NULL),(1052,8433,482,757,40846,119627,2,18239.04,0,'2023-12-11','2024-01-09 10:46:05','2024-01-09 10:46:05',NULL),(1053,8433,483,57,40846,119627,1,140400.00,0,'2023-12-11','2024-01-09 10:52:10','2024-01-09 10:52:10',NULL),(1054,8433,483,757,40846,119627,2,140400.00,0,'2023-12-11','2024-01-09 10:52:10','2024-01-09 10:52:10',NULL),(1055,8433,484,57,40846,119627,1,94400.00,0,'2023-12-11','2024-01-09 10:54:54','2024-01-09 10:54:54',NULL),(1056,8433,484,757,40846,119627,2,94400.00,0,'2023-12-11','2024-01-09 10:54:54','2024-01-09 10:54:54',NULL),(1057,8433,485,57,40846,119627,1,417450.00,0,'2023-12-27','2024-01-09 10:56:35','2024-01-09 10:56:35',NULL),(1058,8433,485,757,40846,119627,2,417450.00,0,'2023-12-27','2024-01-09 10:56:35','2024-01-09 10:56:35',NULL),(1059,8433,486,57,40846,119627,1,136500.00,0,'2023-12-29','2024-01-09 10:57:51','2024-01-09 10:57:51',NULL),(1060,8433,486,757,40846,119627,2,136500.00,0,'2023-12-29','2024-01-09 10:57:51','2024-01-09 10:57:51',NULL),(1061,8434,487,57,40846,119627,1,46250.00,0,'2023-12-05','2024-01-09 11:02:38','2024-02-09 03:12:49','2024-02-09 03:12:49'),(1062,8434,487,757,40846,119627,2,46250.00,0,'2023-12-05','2024-01-09 11:02:38','2024-02-09 03:12:49','2024-02-09 03:12:49'),(1063,8433,488,57,40846,119627,1,50812.50,0,'2023-12-05','2024-01-09 11:03:32','2024-01-09 11:03:32',NULL),(1064,8433,488,757,40846,119627,2,50812.50,0,'2023-12-05','2024-01-09 11:03:32','2024-01-09 11:03:32',NULL),(1065,8433,489,57,40846,119627,1,94287.33,0,'2023-12-28','2024-01-09 13:28:30','2024-01-09 13:28:30',NULL),(1066,8433,489,757,40846,119627,2,94287.33,0,'2023-12-28','2024-01-09 13:28:30','2024-01-09 13:28:30',NULL),(1067,8433,490,57,40846,119627,1,353320.00,0,'2023-12-11','2024-01-09 13:30:49','2024-01-09 13:30:49',NULL),(1068,8433,490,757,40846,119627,2,353320.00,0,'2023-12-11','2024-01-09 13:30:49','2024-01-09 13:30:49',NULL),(1069,8433,491,57,40846,119627,1,204472.00,0,'2023-12-11','2024-01-09 13:31:49','2024-01-09 13:31:49',NULL);
INSERT INTO `cta_cte_tesoreria_detail` VALUES (1070,8433,491,757,40846,119627,2,204472.00,0,'2023-12-11','2024-01-09 13:31:49','2024-01-09 13:31:49',NULL),(1071,8433,492,57,40846,119627,1,739794.00,0,'2023-12-06','2024-01-09 13:34:09','2024-01-09 13:34:09',NULL),(1072,8433,492,757,40846,119627,2,739794.00,0,'2023-12-06','2024-01-09 13:34:09','2024-01-09 13:34:09',NULL),(1073,8433,493,57,40846,119627,1,84799.99,0,'2023-12-11','2024-01-10 09:55:08','2024-01-10 09:55:08',NULL),(1074,8433,493,762,40846,119627,2,84799.99,0,'2023-12-11','2024-01-10 09:55:08','2024-01-10 09:55:08',NULL),(1075,8433,494,57,40846,119627,1,38000.00,0,'2023-12-18','2024-01-10 10:03:33','2024-01-10 10:03:33',NULL),(1076,8433,494,762,40846,119627,2,38000.00,0,'2023-12-18','2024-01-10 10:03:33','2024-01-10 10:03:33',NULL),(1077,8433,495,57,40846,119627,1,43299.18,0,'2023-12-22','2024-01-10 10:04:54','2024-01-10 10:04:54',NULL),(1078,8433,495,762,40846,119627,2,43299.18,0,'2023-12-22','2024-01-10 10:04:54','2024-01-10 10:04:54',NULL),(1079,8433,496,57,40846,119627,1,2911.17,0,'2023-12-06','2024-01-10 10:07:18','2024-01-10 10:07:18',NULL),(1080,8433,496,762,40846,119627,2,2911.17,0,'2023-12-06','2024-01-10 10:07:18','2024-01-10 10:07:18',NULL),(1081,8433,497,57,40846,119627,1,23341.40,0,'2023-12-07','2024-01-10 10:08:36','2024-01-10 10:08:36',NULL),(1082,8433,497,762,40846,119627,2,23341.40,0,'2023-12-07','2024-01-10 10:08:36','2024-01-10 10:08:36',NULL),(1083,8433,498,57,40846,119627,1,300.00,0,'2023-12-07','2024-01-10 10:09:41','2024-01-10 10:09:41',NULL),(1084,8433,498,762,40846,119627,2,300.00,0,'2023-12-07','2024-01-10 10:09:41','2024-01-10 10:09:41',NULL),(1085,8433,499,57,40846,119627,1,1450.00,0,'2023-12-07','2024-01-10 10:11:02','2024-01-10 10:11:02',NULL),(1086,8433,499,762,40846,119627,2,1450.00,0,'2023-12-07','2024-01-10 10:11:02','2024-01-10 10:11:02',NULL),(1087,8433,500,57,40846,119627,1,14000.51,0,'2023-12-14','2024-01-10 10:12:10','2024-01-10 10:12:10',NULL),(1088,8433,500,762,40846,119627,2,14000.51,0,'2023-12-14','2024-01-10 10:12:10','2024-01-10 10:12:10',NULL),(1089,8433,501,57,40846,119627,1,2338.40,0,'2023-12-20','2024-01-10 10:13:07','2024-01-10 10:13:07',NULL),(1090,8433,501,762,40846,119627,2,2338.40,0,'2023-12-20','2024-01-10 10:13:07','2024-01-10 10:13:07',NULL),(1091,8433,502,57,40846,119627,1,38000.00,0,'2023-12-11','2024-01-10 12:07:49','2024-01-10 12:07:49',NULL),(1092,8433,502,761,40846,119627,2,38000.00,0,'2023-12-11','2024-01-10 12:07:49','2024-01-10 12:07:49',NULL),(1093,8433,503,57,40846,119627,1,7710.00,0,'2023-12-06','2024-01-10 12:10:14','2024-01-10 12:10:14',NULL),(1094,8433,503,761,40846,119627,2,7710.00,0,'2023-12-06','2024-01-10 12:10:14','2024-01-10 12:10:14',NULL),(1095,8433,504,57,40846,119627,1,1217.08,0,'2023-12-18','2024-01-10 12:11:16','2024-01-10 12:11:16',NULL),(1096,8433,504,761,40846,119627,2,1217.08,0,'2023-12-18','2024-01-10 12:11:16','2024-01-10 12:11:16',NULL),(1097,8433,505,57,40846,119627,1,314979.34,0,'2023-12-12','2024-01-10 12:12:51','2024-01-10 12:12:51',NULL),(1098,8433,505,761,40846,119627,2,314979.34,0,'2023-12-12','2024-01-10 12:12:51','2024-01-10 12:12:51',NULL),(1099,8433,506,57,40846,119627,1,4638.02,0,'2023-12-15','2024-01-10 12:17:37','2024-01-10 12:17:37',NULL),(1100,8433,506,761,40846,119627,2,4638.02,0,'2023-12-15','2024-01-10 12:17:37','2024-01-10 12:17:37',NULL),(1101,8433,507,57,40846,119627,1,4638.02,0,'2023-12-22','2024-01-10 12:18:17','2024-01-10 12:18:17',NULL),(1102,8433,507,761,40846,119627,2,4638.02,0,'2023-12-22','2024-01-10 12:18:17','2024-01-10 12:18:17',NULL),(1103,8433,508,57,40846,119627,1,2300.00,0,'2023-12-29','2024-01-10 12:19:26','2024-01-10 12:19:26',NULL),(1104,8433,508,761,40846,119627,2,2300.00,0,'2023-12-29','2024-01-10 12:19:26','2024-01-10 12:19:26',NULL),(1105,8433,509,57,40846,119627,1,13688.07,0,'2023-12-11','2024-01-10 13:53:34','2024-01-10 13:53:34',NULL),(1106,8433,509,757,40846,119627,2,13688.07,0,'2023-12-11','2024-01-10 13:53:34','2024-01-10 13:53:34',NULL);
INSERT INTO `cta_cte_tesoreria_detail` VALUES (1107,8433,510,57,40846,119627,1,315326.00,0,'2023-12-28','2024-01-11 09:55:23','2024-01-11 09:55:23',NULL),(1108,8433,510,757,40846,119627,2,315326.00,0,'2023-12-28','2024-01-11 09:55:23','2024-01-11 09:55:23',NULL),(1109,8433,511,13,40846,119627,2,279750.00,0,'2023-12-22','2024-01-11 10:08:51','2024-01-11 10:08:51',NULL),(1110,8433,511,23,40846,119627,1,4741.00,0,'2023-12-22','2024-01-11 10:08:51','2024-01-11 10:08:51',NULL),(1111,8433,511,757,40846,119627,1,275009.00,0,'2023-12-22','2024-01-11 10:08:51','2024-01-11 10:08:51',NULL),(1112,8433,512,13,40846,119627,2,548250.00,0,'2023-12-28','2024-01-11 10:10:35','2024-01-11 10:10:35',NULL),(1113,8433,512,23,40846,119627,1,10111.00,0,'2023-12-28','2024-01-11 10:10:35','2024-01-11 10:10:35',NULL),(1114,8433,512,757,40846,119627,1,538139.00,0,'2023-12-28','2024-01-11 10:10:35','2024-01-11 10:10:35',NULL),(1115,8434,513,13,40846,119627,2,753948.00,0,'2023-12-27','2024-02-07 13:57:48','2024-02-07 13:57:48',NULL),(1116,8434,513,757,40846,119627,1,735688.83,0,'2023-12-27','2024-02-07 13:57:48','2024-02-07 13:57:48',NULL),(1117,8434,513,272,40846,119627,1,4523.67,0,'2023-12-27','2024-02-07 13:57:48','2024-02-07 13:57:48',NULL),(1118,8434,513,23,40846,119627,1,13735.50,0,'2023-12-27','2024-02-07 13:57:48','2024-02-07 13:57:48',NULL),(1119,8434,514,13,40846,119627,2,5660864.00,0,'2023-12-28','2024-02-07 18:12:18','2024-02-07 18:12:18',NULL),(1120,8434,514,757,40846,119627,1,4701919.02,0,'2023-12-28','2024-02-07 18:12:18','2024-02-07 18:12:18',NULL),(1121,8434,514,25,40846,119627,1,785971.20,0,'2023-12-28','2024-02-07 18:12:18','2024-02-07 18:12:18',NULL),(1122,8434,514,23,40846,119627,1,92224.60,0,'2023-12-28','2024-02-07 18:12:18','2024-02-07 18:12:18',NULL),(1123,8434,514,162,40846,119627,1,46784.00,0,'2023-12-28','2024-02-07 18:12:18','2024-02-07 18:12:18',NULL),(1124,8434,514,272,40846,119627,1,33965.18,0,'2023-12-28','2024-02-07 18:12:18','2024-02-07 18:12:18',NULL),(1125,8434,515,13,40846,119627,2,13196205.02,0,'2023-12-28','2024-02-07 18:16:47','2024-02-07 18:16:47',NULL),(1126,8434,515,757,40846,119627,1,12913993.60,0,'2023-12-28','2024-02-07 18:16:47','2024-02-07 18:16:47',NULL),(1127,8434,515,23,40846,119627,1,216775.69,0,'2023-12-28','2024-02-07 18:16:47','2024-02-07 18:16:47',NULL),(1128,8434,515,272,40846,119627,1,65435.73,0,'2023-12-28','2024-02-07 18:16:47','2024-02-07 18:16:47',NULL),(1129,8434,516,13,40846,119627,2,4245648.00,0,'2023-12-29','2024-02-07 18:20:56','2024-02-07 18:20:56',NULL),(1130,8434,516,757,40846,119627,1,3526775.11,0,'2023-12-29','2024-02-07 18:20:56','2024-02-07 18:20:56',NULL),(1131,8434,516,272,40846,119627,1,25473.89,0,'2023-12-29','2024-02-07 18:20:56','2024-02-07 18:20:56',NULL),(1132,8434,516,162,40846,119627,1,35088.00,0,'2023-12-29','2024-02-07 18:20:56','2024-02-07 18:20:56',NULL),(1133,8434,516,25,40846,119627,1,589478.40,0,'2023-12-29','2024-02-07 18:20:56','2024-02-07 18:20:56',NULL),(1134,8434,516,23,40846,119627,1,68832.60,0,'2023-12-29','2024-02-07 18:20:56','2024-02-07 18:20:56',NULL),(1135,8434,517,57,40846,119627,1,18947.25,0,'2023-12-31','2024-02-07 18:28:55','2024-02-07 18:28:55',NULL),(1136,8434,517,757,40846,119627,2,18947.25,0,'2023-12-31','2024-02-07 18:28:55','2024-02-07 18:28:55',NULL),(1137,8434,518,57,40846,119627,1,2592.84,0,'2023-12-29','2024-02-07 18:30:31','2024-02-07 18:30:31',NULL),(1138,8434,518,762,40846,119627,2,2592.84,0,'2023-12-29','2024-02-07 18:30:31','2024-02-07 18:30:31',NULL),(1139,8434,519,57,40846,119622,1,1625.65,0,'2023-07-29','2024-02-07 18:31:49','2024-02-07 18:31:49',NULL),(1140,8434,519,762,40846,119622,2,1625.65,0,'2023-07-29','2024-02-07 18:31:49','2024-02-07 18:31:49',NULL),(1141,8434,520,57,40846,119623,1,1805.99,0,'2023-08-31','2024-02-07 18:32:48','2024-02-07 18:32:48',NULL),(1142,8434,520,762,40846,119623,2,1805.99,0,'2023-08-31','2024-02-07 18:32:48','2024-02-07 18:32:48',NULL),(1143,8434,521,57,40846,119625,1,31772.25,0,'2023-10-31','2024-02-08 15:43:42','2024-02-08 15:43:42',NULL);
INSERT INTO `cta_cte_tesoreria_detail` VALUES (1144,8434,521,757,40846,119625,2,31772.25,0,'2023-10-31','2024-02-08 15:43:42','2024-02-08 15:43:42',NULL),(1145,8434,522,57,40846,119624,1,2340.00,0,'2023-09-08','2024-02-08 20:03:15','2024-02-08 20:03:15',NULL),(1146,8434,522,757,40846,119624,2,2340.00,0,'2023-09-08','2024-02-08 20:03:15','2024-02-08 20:03:15',NULL),(1147,8434,523,57,40846,119622,1,20400.00,0,'2023-07-25','2024-02-08 22:23:43','2024-02-08 22:23:43',NULL),(1148,8434,523,757,40846,119622,2,20400.00,0,'2023-07-25','2024-02-08 22:23:43','2024-02-08 22:23:43',NULL),(1149,8434,524,57,40846,119626,1,960.00,0,'2023-11-07','2024-02-08 22:45:32','2024-02-08 22:45:32',NULL),(1150,8434,524,757,40846,119626,2,960.00,0,'2023-11-07','2024-02-08 22:45:32','2024-02-08 22:45:32',NULL),(1151,8434,525,57,40846,119622,1,45970.08,0,'2023-07-25','2024-02-08 23:16:58','2024-02-08 23:16:58',NULL),(1152,8434,525,757,40846,119622,2,45970.08,0,'2023-07-25','2024-02-08 23:16:58','2024-02-08 23:16:58',NULL),(1153,8434,526,57,40846,119618,1,2850.00,0,'2023-03-31','2024-02-09 00:26:09','2024-02-09 00:26:09',NULL),(1154,8434,526,761,40846,119618,2,2850.00,0,'2023-03-31','2024-02-09 00:26:09','2024-02-09 00:26:09',NULL),(1155,8434,527,57,40846,119619,1,950.00,0,'2023-04-21','2024-02-09 00:27:05','2024-02-09 00:27:05',NULL),(1156,8434,527,761,40846,119619,2,950.00,0,'2023-04-21','2024-02-09 00:27:05','2024-02-09 00:27:05',NULL),(1157,8434,528,57,40846,119619,1,950.00,0,'2023-04-28','2024-02-09 00:27:40','2024-02-09 00:27:40',NULL),(1158,8434,528,761,40846,119619,2,950.00,0,'2023-04-28','2024-02-09 00:27:40','2024-02-09 00:27:40',NULL),(1159,8434,529,57,40846,119624,1,26700.01,0,'2023-09-10','2024-02-09 00:48:49','2024-02-09 00:48:49',NULL),(1160,8434,529,761,40846,119624,2,26700.01,0,'2023-09-10','2024-02-09 00:48:49','2024-02-09 00:48:49',NULL),(1161,8434,530,57,40846,119619,1,2259.67,0,'2023-04-02','2024-02-09 01:42:08','2024-02-09 01:42:08',NULL),(1162,8434,530,762,40846,119619,2,2259.67,0,'2023-04-02','2024-02-09 01:42:08','2024-02-09 01:42:08',NULL),(1163,8434,531,57,40846,119619,1,744.42,0,'2023-04-20','2024-02-09 01:45:52','2024-02-09 01:45:52',NULL),(1164,8434,531,762,40846,119619,2,744.42,0,'2023-04-20','2024-02-09 01:45:52','2024-02-09 01:45:52',NULL),(1165,8434,532,57,40846,119619,1,163.00,0,'2023-04-20','2024-02-09 01:46:30','2024-02-09 01:46:30',NULL),(1166,8434,532,762,40846,119619,2,163.00,0,'2023-04-20','2024-02-09 01:46:30','2024-02-09 01:46:30',NULL),(1167,8434,533,57,40846,119619,1,300.00,0,'2023-04-25','2024-02-09 01:47:01','2024-02-09 01:47:01',NULL),(1168,8434,533,762,40846,119619,2,300.00,0,'2023-04-25','2024-02-09 01:47:01','2024-02-09 01:47:01',NULL),(1169,8434,534,57,40846,119619,1,15431.21,0,'2023-04-21','2024-02-09 01:47:40','2024-02-09 01:47:40',NULL),(1170,8434,534,762,40846,119619,2,15431.21,0,'2023-04-21','2024-02-09 01:47:40','2024-02-09 01:47:40',NULL),(1171,8434,535,57,40846,119621,1,151149.00,0,'2023-06-16','2024-02-09 01:58:46','2024-02-09 01:58:46',NULL),(1172,8434,535,762,40846,119621,2,151149.00,0,'2023-06-16','2024-02-09 01:58:46','2024-02-09 01:58:46',NULL),(1173,8434,536,57,40846,119621,1,63635.33,0,'2023-06-16','2024-02-09 01:59:45','2024-02-09 01:59:45',NULL),(1174,8434,536,762,40846,119621,2,63635.33,0,'2023-06-16','2024-02-09 01:59:45','2024-02-09 01:59:45',NULL),(1175,8434,537,57,40846,119621,1,107071.28,0,'2023-06-22','2024-02-09 02:00:56','2024-02-09 02:00:56',NULL),(1176,8434,537,762,40846,119621,2,107071.28,0,'2023-06-22','2024-02-09 02:00:56','2024-02-09 02:00:56',NULL),(1177,8434,538,57,40846,119621,1,19859.96,0,'2023-06-23','2024-02-09 02:01:38','2024-02-09 02:01:38',NULL),(1178,8434,538,762,40846,119621,2,19859.96,0,'2023-06-23','2024-02-09 02:01:38','2024-02-09 02:01:38',NULL),(1179,8434,539,57,40846,119621,1,19046.16,0,'2023-06-29','2024-02-09 02:03:14','2024-02-09 02:03:14',NULL),(1180,8434,539,762,40846,119621,2,19046.16,0,'2023-06-29','2024-02-09 02:03:14','2024-02-09 02:03:14',NULL);
INSERT INTO `cta_cte_tesoreria_detail` VALUES (1181,8434,540,57,40846,119621,1,150.00,0,'2023-06-29','2024-02-09 02:04:02','2024-02-09 02:04:02',NULL),(1182,8434,540,762,40846,119621,2,150.00,0,'2023-06-29','2024-02-09 02:04:02','2024-02-09 02:04:02',NULL),(1183,8434,541,57,40846,119622,1,67552.71,0,'2023-07-18','2024-02-09 02:13:38','2024-02-09 02:13:38',NULL),(1184,8434,541,762,40846,119622,2,67552.71,0,'2023-07-18','2024-02-09 02:13:38','2024-02-09 02:13:38',NULL),(1185,8434,542,57,40846,119622,1,200.00,0,'2023-07-24','2024-02-09 02:14:12','2024-02-09 02:14:12',NULL),(1186,8434,542,762,40846,119622,2,200.00,0,'2023-07-24','2024-02-09 02:14:12','2024-02-09 02:14:12',NULL),(1187,8434,543,57,40846,119623,1,1222.06,0,'2023-08-04','2024-02-09 02:17:54','2024-02-09 02:17:54',NULL),(1188,8434,543,762,40846,119623,2,1222.06,0,'2023-08-04','2024-02-09 02:17:54','2024-02-09 02:17:54',NULL),(1189,8434,544,57,40846,119623,1,84119.93,0,'2023-08-04','2024-02-09 02:18:50','2024-02-09 02:18:50',NULL),(1190,8434,544,762,40846,119623,2,84119.93,0,'2023-08-04','2024-02-09 02:18:50','2024-02-09 02:18:50',NULL),(1191,8434,545,57,40846,119623,1,350.00,0,'2023-08-23','2024-02-09 02:20:45','2024-02-09 02:20:45',NULL),(1192,8434,545,762,40846,119623,2,350.00,0,'2023-08-23','2024-02-09 02:20:45','2024-02-09 02:20:45',NULL),(1193,8434,546,57,40846,119623,1,300.00,0,'2023-08-28','2024-02-09 02:21:23','2024-02-09 02:21:23',NULL),(1194,8434,546,762,40846,119623,2,300.00,0,'2023-08-28','2024-02-09 02:21:23','2024-02-09 02:21:23',NULL),(1195,8434,547,57,40846,119624,1,89580.41,0,'2023-09-04','2024-02-09 02:27:02','2024-02-09 02:27:02',NULL),(1196,8434,547,762,40846,119624,2,89580.41,0,'2023-09-04','2024-02-09 02:27:02','2024-02-09 02:27:02',NULL),(1197,8434,548,57,40846,119624,1,200.00,0,'2023-09-08','2024-02-09 02:28:50','2024-02-09 02:28:50',NULL),(1198,8434,548,762,40846,119624,2,200.00,0,'2023-09-08','2024-02-09 02:28:50','2024-02-09 02:28:50',NULL),(1199,8434,549,57,40846,119624,1,350.00,0,'2023-09-25','2024-02-09 02:29:35','2024-02-09 02:29:35',NULL),(1200,8434,549,762,40846,119624,2,350.00,0,'2023-09-25','2024-02-09 02:29:35','2024-02-09 02:29:35',NULL),(1201,8434,550,57,40846,119624,1,750.00,0,'2023-09-20','2024-02-09 02:41:07','2024-02-09 02:41:07',NULL),(1202,8434,550,762,40846,119624,2,750.00,0,'2023-09-20','2024-02-09 02:41:07','2024-02-09 02:41:07',NULL),(1203,8434,551,57,40846,119627,1,46250.00,0,'2023-12-05','2024-02-09 03:15:37','2024-02-09 03:15:37',NULL),(1204,8434,551,757,40846,119627,2,46250.00,0,'2023-12-05','2024-02-09 03:15:37','2024-02-09 03:15:37',NULL),(1205,8434,552,57,40846,119625,1,96012.10,0,'2023-10-31','2024-02-09 03:20:34','2024-02-09 03:20:34',NULL),(1206,8434,552,762,40846,119625,2,96012.10,0,'2023-10-31','2024-02-09 03:20:34','2024-02-09 03:20:34',NULL),(1207,8434,553,57,40846,119618,1,67545.98,0,'2023-03-11','2024-02-09 03:42:51','2024-02-09 03:42:51',NULL),(1208,8434,553,762,40846,119618,2,67545.98,0,'2023-03-11','2024-02-09 03:42:51','2024-02-09 03:42:51',NULL),(1209,8434,554,57,40846,119622,1,21448.75,0,'2023-07-21','2024-02-09 03:46:25','2024-02-09 03:46:25',NULL),(1210,8434,554,762,40846,119622,2,21448.75,0,'2023-07-21','2024-02-09 03:46:25','2024-02-09 03:46:25',NULL),(1211,8434,555,57,40846,119619,1,94380.00,0,'2023-04-20','2024-03-06 09:04:28','2024-03-06 09:04:28',NULL),(1212,8434,555,761,40846,119619,2,94380.00,0,'2023-04-20','2024-03-06 09:04:28','2024-03-06 09:04:28',NULL),(1213,8434,556,57,40846,119626,1,290400.00,0,'2023-11-07','2024-03-06 09:05:16','2024-03-06 09:05:16',NULL),(1214,8434,556,761,40846,119626,2,290400.00,0,'2023-11-07','2024-03-06 09:05:16','2024-03-06 09:05:16',NULL),(1215,8434,557,57,40846,119626,1,13520.54,0,'2023-11-30','2024-03-06 09:06:39','2024-03-06 09:06:39',NULL),(1216,8434,557,761,40846,119626,2,13520.54,0,'2023-11-30','2024-03-06 09:06:39','2024-03-06 09:06:39',NULL),(1217,8434,558,57,40846,119626,1,2250.00,0,'2023-11-15','2024-03-06 09:07:38','2024-03-06 09:07:38',NULL);
INSERT INTO `cta_cte_tesoreria_detail` VALUES (1218,8434,558,761,40846,119626,2,2250.00,0,'2023-11-15','2024-03-06 09:07:38','2024-03-06 09:07:38',NULL),(1219,8434,559,57,40846,119620,1,750.00,0,'2023-05-30','2024-03-06 09:08:28','2024-03-06 09:08:28',NULL),(1220,8434,559,757,40846,119620,2,750.00,0,'2023-05-30','2024-03-06 09:08:28','2024-03-06 09:08:28',NULL),(1221,8434,560,57,40846,119627,1,363000.00,0,'2023-12-18','2024-03-06 09:09:19','2024-03-06 09:09:19',NULL),(1222,8434,560,761,40846,119627,2,363000.00,0,'2023-12-18','2024-03-06 09:09:19','2024-03-06 09:09:19',NULL),(1223,8434,561,57,40846,119626,1,13618.50,0,'2023-11-09','2024-03-06 09:42:34','2024-03-06 09:42:34',NULL),(1224,8434,561,757,40846,119626,2,13618.50,0,'2023-11-09','2024-03-06 09:42:34','2024-03-06 09:42:34',NULL),(1225,8434,562,57,40846,119626,1,11702.70,0,'2023-11-29','2024-03-06 09:43:39','2024-03-06 09:43:39',NULL),(1226,8434,562,757,40846,119626,2,11702.70,0,'2023-11-29','2024-03-06 09:43:39','2024-03-06 09:43:39',NULL),(1227,8434,563,57,40846,119625,1,14700.00,0,'2023-10-04','2024-03-06 10:03:19','2024-03-06 10:03:19',NULL),(1228,8434,563,757,40846,119625,2,14700.00,0,'2023-10-04','2024-03-06 10:03:19','2024-03-06 10:03:19',NULL),(1229,8434,564,57,40846,119625,1,18984.42,0,'2023-10-30','2024-03-06 10:04:59','2024-03-06 10:04:59',NULL),(1230,8434,564,757,40846,119625,2,18984.42,0,'2023-10-30','2024-03-06 10:04:59','2024-03-06 10:04:59',NULL),(1231,8434,565,57,40846,119625,1,11002.71,0,'2023-10-15','2024-03-06 10:06:07','2024-03-06 10:06:07',NULL),(1232,8434,565,757,40846,119625,2,11002.71,0,'2023-10-15','2024-03-06 10:06:07','2024-03-06 10:06:07',NULL),(1233,8434,566,57,40846,119626,1,29700.00,0,'2023-11-05','2024-03-06 10:08:49','2024-03-06 10:08:49',NULL),(1234,8434,566,757,40846,119626,2,29700.00,0,'2023-11-05','2024-03-06 10:08:49','2024-03-06 10:08:49',NULL),(1235,8434,567,57,40846,119626,1,14000.00,0,'2023-11-11','2024-03-06 10:13:28','2024-03-06 10:13:28',NULL),(1236,8434,567,757,40846,119626,2,14000.00,0,'2023-11-11','2024-03-06 10:13:28','2024-03-06 10:13:28',NULL),(1237,8434,568,57,40846,119626,1,15271.86,0,'2023-11-22','2024-03-06 10:14:14','2024-03-06 10:14:14',NULL),(1238,8434,568,757,40846,119626,2,15271.86,0,'2023-11-22','2024-03-06 10:14:14','2024-03-06 10:14:14',NULL),(1239,8434,569,57,40846,119626,1,20726.97,0,'2023-11-19','2024-03-06 10:15:07','2024-03-06 10:15:07',NULL),(1240,8434,569,757,40846,119626,2,20726.97,0,'2023-11-19','2024-03-06 10:15:07','2024-03-06 10:15:07',NULL),(1241,8434,570,57,40846,119625,1,200193.22,0,'2023-10-21','2024-03-06 10:24:19','2024-03-06 10:24:19',NULL),(1242,8434,570,762,40846,119625,2,200193.22,0,'2023-10-21','2024-03-06 10:24:19','2024-03-06 10:24:19',NULL),(1243,8434,571,57,40846,119626,1,2926.05,0,'2023-11-01','2024-03-06 10:59:05','2024-03-06 10:59:05',NULL),(1244,8434,571,762,40846,119626,2,2926.05,0,'2023-11-01','2024-03-06 10:59:05','2024-03-06 10:59:05',NULL);

--
