INSERT INTO `periods` VALUES (8921,NULL,'2104-07',2104,7,'2104-07-01','2104-07-31',NULL,NULL,40778,0,NULL,1,0,0,1),(8922,NULL,'2104-08',2104,8,'2104-08-01','2104-08-31',NULL,NULL,40778,0,NULL,1,0,0,1),(8923,NULL,'2104-09',2104,9,'2104-09-01','2104-09-30',NULL,NULL,40778,0,NULL,1,0,0,1),(8924,NULL,'2104-10',2104,10,'2104-10-01','2104-10-31',NULL,NULL,40778,0,NULL,1,0,0,1),(8925,NULL,'2104-11',2104,11,'2104-11-01','2104-11-30',NULL,NULL,40778,0,NULL,1,0,0,1),(8926,NULL,'2104-12',2104,12,'2104-12-01','2104-12-31',NULL,NULL,40778,0,NULL,1,0,0,1),(8930,NULL,'2105-01',2105,1,'2105-01-01','2105-01-31',NULL,NULL,40778,0,NULL,1,0,0,1),(8931,NULL,'2105-02',2105,2,'2105-02-01','2105-02-28',NULL,NULL,40778,0,NULL,1,0,0,1),(8932,NULL,'2105-03',2105,3,'2105-03-01','2105-03-31',NULL,NULL,40778,0,NULL,1,0,0,1),(8933,NULL,'2105-04',2105,4,'2105-04-01','2105-04-30',NULL,NULL,40778,0,NULL,1,0,0,1),(8934,NULL,'2105-05',2105,5,'2105-05-01','2105-05-31',NULL,NULL,40778,0,NULL,1,0,0,1),(8935,NULL,'2105-06',2105,6,'2105-06-01','2105-06-30',NULL,NULL,40778,0,NULL,1,0,0,1),(8936,NULL,'2105-07',2105,7,'2105-07-01','2105-07-31',NULL,NULL,40778,0,NULL,1,0,0,1),(8937,NULL,'2105-08',2105,8,'2105-08-01','2105-08-31',NULL,NULL,40778,0,NULL,1,0,0,1),(8938,NULL,'2105-09',2105,9,'2105-09-01','2105-09-30',NULL,NULL,40778,0,NULL,1,0,0,1),(8939,NULL,'2105-10',2105,10,'2105-10-01','2105-10-31',NULL,NULL,40778,0,NULL,1,0,0,1),(8940,NULL,'2105-11',2105,11,'2105-11-01','2105-11-30',NULL,NULL,40778,0,NULL,1,0,0,1),(8941,NULL,'2105-12',2105,12,'2105-12-01','2105-12-31',NULL,NULL,40778,0,NULL,1,0,0,1),(8945,NULL,'2106-01',2106,1,'2106-01-01','2106-01-31',NULL,NULL,40778,0,NULL,1,0,0,1),(8946,NULL,'2106-02',2106,2,'2106-02-01','2106-02-28',NULL,NULL,40778,0,NULL,1,0,0,1),(8947,NULL,'2106-03',2106,3,'2106-03-01','2106-03-31',NULL,NULL,40778,0,NULL,1,0,0,1),(8948,NULL,'2106-04',2106,4,'2106-04-01','2106-04-30',NULL,NULL,40778,0,NULL,1,0,0,1),(8949,NULL,'2106-05',2106,5,'2106-05-01','2106-05-31',NULL,NULL,40778,0,NULL,1,0,0,1),(8950,NULL,'2106-06',2106,6,'2106-06-01','2106-06-30',NULL,NULL,40778,0,NULL,1,0,0,1),(8951,NULL,'2106-07',2106,7,'2106-07-01','2106-07-31',NULL,NULL,40778,0,NULL,1,0,0,1),(8952,NULL,'2106-08',2106,8,'2106-08-01','2106-08-31',NULL,NULL,40778,0,NULL,1,0,0,1),(8953,NULL,'2106-09',2106,9,'2106-09-01','2106-09-30',NULL,NULL,40778,0,NULL,1,0,0,1),(8954,NULL,'2106-10',2106,10,'2106-10-01','2106-10-31',NULL,NULL,40778,0,NULL,1,0,0,1),(8955,NULL,'2106-11',2106,11,'2106-11-01','2106-11-30',NULL,NULL,40778,0,NULL,1,0,0,1),(8956,NULL,'2106-12',2106,12,'2106-12-01','2106-12-31',NULL,NULL,40778,0,NULL,1,0,0,1),(8960,NULL,'2107-01',2107,1,'2107-01-01','2107-01-31',NULL,NULL,40778,0,NULL,1,0,0,1),(8961,NULL,'2107-02',2107,2,'2107-02-01','2107-02-28',NULL,NULL,40778,0,NULL,1,0,0,1),(8962,NULL,'2107-03',2107,3,'2107-03-01','2107-03-31',NULL,NULL,40778,0,NULL,1,0,0,1),(8963,NULL,'2107-04',2107,4,'2107-04-01','2107-04-30',NULL,NULL,40778,0,NULL,1,0,0,1),(8964,NULL,'2107-05',2107,5,'2107-05-01','2107-05-31',NULL,NULL,40778,0,NULL,1,0,0,1),(8965,NULL,'2107-06',2107,6,'2107-06-01','2107-06-30',NULL,NULL,40778,0,NULL,1,0,0,1),(8966,NULL,'2107-07',2107,7,'2107-07-01','2107-07-31',NULL,NULL,40778,0,NULL,1,0,0,1),(8967,NULL,'2107-08',2107,8,'2107-08-01','2107-08-31',NULL,NULL,40778,0,NULL,1,0,0,1),(8968,NULL,'2107-09',2107,9,'2107-09-01','2107-09-30',NULL,NULL,40778,0,NULL,1,0,0,1),(8969,NULL,'2107-10',2107,10,'2107-10-01','2107-10-31',NULL,NULL,40778,0,NULL,1,0,0,1),(8970,NULL,'2107-11',2107,11,'2107-11-01','2107-11-30',NULL,NULL,40778,0,NULL,1,0,0,1),(8971,NULL,'2107-12',2107,12,'2107-12-01','2107-12-31',NULL,NULL,40778,0,NULL,1,0,0,1),(8975,NULL,'2108-01',2108,1,'2108-01-01','2108-01-31',NULL,NULL,40778,0,NULL,1,0,0,1),(8976,NULL,'2108-02',2108,2,'2108-02-01','2108-02-28',NULL,NULL,40778,0,NULL,1,0,0,1),(8977,NULL,'2108-03',2108,3,'2108-03-01','2108-03-31',NULL,NULL,40778,0,NULL,1,0,0,1),(8978,NULL,'2108-04',2108,4,'2108-04-01','2108-04-30',NULL,NULL,40778,0,NULL,1,0,0,1);
INSERT INTO `periods` VALUES (8979,NULL,'2108-05',2108,5,'2108-05-01','2108-05-31',NULL,NULL,40778,0,NULL,1,0,0,1),(8980,NULL,'2108-06',2108,6,'2108-06-01','2108-06-30',NULL,NULL,40778,0,NULL,1,0,0,1),(8981,NULL,'2108-07',2108,7,'2108-07-01','2108-07-31',NULL,NULL,40778,0,NULL,1,0,0,1),(8982,NULL,'2108-08',2108,8,'2108-08-01','2108-08-31',NULL,NULL,40778,0,NULL,1,0,0,1),(8983,NULL,'2108-09',2108,9,'2108-09-01','2108-09-30',NULL,NULL,40778,0,NULL,1,0,0,1),(8984,NULL,'2108-10',2108,10,'2108-10-01','2108-10-31',NULL,NULL,40778,0,NULL,1,0,0,1),(8985,NULL,'2108-11',2108,11,'2108-11-01','2108-11-30',NULL,NULL,40778,0,NULL,1,0,0,1),(8986,NULL,'2108-12',2108,12,'2108-12-01','2108-12-31',NULL,NULL,40778,0,NULL,1,0,0,1),(8990,NULL,'2109-01',2109,1,'2109-01-01','2109-01-31',NULL,NULL,40778,0,NULL,1,0,0,1),(8991,NULL,'2109-02',2109,2,'2109-02-01','2109-02-28',NULL,NULL,40778,0,NULL,1,0,0,1),(8992,NULL,'2109-03',2109,3,'2109-03-01','2109-03-31',NULL,NULL,40778,0,NULL,1,0,0,1),(8993,NULL,'2109-04',2109,4,'2109-04-01','2109-04-30',NULL,NULL,40778,0,NULL,1,0,0,1),(8994,NULL,'2109-05',2109,5,'2109-05-01','2109-05-31',NULL,NULL,40778,0,NULL,1,0,0,1),(8995,NULL,'2109-06',2109,6,'2109-06-01','2109-06-30',NULL,NULL,40778,0,NULL,1,0,0,1),(8996,NULL,'2109-07',2109,7,'2109-07-01','2109-07-31',NULL,NULL,40778,0,NULL,1,0,0,1),(8997,NULL,'2109-08',2109,8,'2109-08-01','2109-08-31',NULL,NULL,40778,0,NULL,1,0,0,1),(8998,NULL,'2109-09',2109,9,'2109-09-01','2109-09-30',NULL,NULL,40778,0,NULL,1,0,0,1),(8999,NULL,'2109-10',2109,10,'2109-10-01','2109-10-31',NULL,NULL,40778,0,NULL,1,0,0,1),(9000,NULL,'2109-11',2109,11,'2109-11-01','2109-11-30',NULL,NULL,40778,0,NULL,1,0,0,1),(9001,NULL,'2109-12',2109,12,'2109-12-01','2109-12-31',NULL,NULL,40778,0,NULL,1,0,0,1),(9005,NULL,'2110-01',2110,1,'2110-01-01','2110-01-31',NULL,NULL,40778,0,NULL,1,0,0,1),(9006,NULL,'2110-02',2110,2,'2110-02-01','2110-02-28',NULL,NULL,40778,0,NULL,1,0,0,1),(9007,NULL,'2110-03',2110,3,'2110-03-01','2110-03-31',NULL,NULL,40778,0,NULL,1,0,0,1),(9008,NULL,'2110-04',2110,4,'2110-04-01','2110-04-30',NULL,NULL,40778,0,NULL,1,0,0,1),(9009,NULL,'2110-05',2110,5,'2110-05-01','2110-05-31',NULL,NULL,40778,0,NULL,1,0,0,1),(9010,NULL,'2110-06',2110,6,'2110-06-01','2110-06-30',NULL,NULL,40778,0,NULL,1,0,0,1),(9011,NULL,'2110-07',2110,7,'2110-07-01','2110-07-31',NULL,NULL,40778,0,NULL,1,0,0,1),(9012,NULL,'2110-08',2110,8,'2110-08-01','2110-08-31',NULL,NULL,40778,0,NULL,1,0,0,1),(9013,NULL,'2110-09',2110,9,'2110-09-01','2110-09-30',NULL,NULL,40778,0,NULL,1,0,0,1),(9014,NULL,'2110-10',2110,10,'2110-10-01','2110-10-31',NULL,NULL,40778,0,NULL,1,0,0,1),(9015,NULL,'2110-11',2110,11,'2110-11-01','2110-11-30',NULL,NULL,40778,0,NULL,1,0,0,1),(9016,NULL,'2110-12',2110,12,'2110-12-01','2110-12-31',NULL,NULL,40778,0,NULL,1,0,0,1),(9020,NULL,'2111-01',2111,1,'2111-01-01','2111-01-31',NULL,NULL,40778,0,NULL,1,0,0,1),(9021,NULL,'2111-02',2111,2,'2111-02-01','2111-02-28',NULL,NULL,40778,0,NULL,1,0,0,1),(9022,NULL,'2111-03',2111,3,'2111-03-01','2111-03-31',NULL,NULL,40778,0,NULL,1,0,0,1),(9023,NULL,'2111-04',2111,4,'2111-04-01','2111-04-30',NULL,NULL,40778,0,NULL,1,0,0,1),(9024,NULL,'2111-05',2111,5,'2111-05-01','2111-05-31',NULL,NULL,40778,0,NULL,1,0,0,1),(9025,NULL,'2111-06',2111,6,'2111-06-01','2111-06-30',NULL,NULL,40778,0,NULL,1,0,0,1),(9026,NULL,'2111-07',2111,7,'2111-07-01','2111-07-31',NULL,NULL,40778,0,NULL,1,0,0,1),(9027,NULL,'2111-08',2111,8,'2111-08-01','2111-08-31',NULL,NULL,40778,0,NULL,1,0,0,1),(9028,NULL,'2111-09',2111,9,'2111-09-01','2111-09-30',NULL,NULL,40778,0,NULL,1,0,0,1),(9029,NULL,'2111-10',2111,10,'2111-10-01','2111-10-31',NULL,NULL,40778,0,NULL,1,0,0,1),(9030,NULL,'2111-11',2111,11,'2111-11-01','2111-11-30',NULL,NULL,40778,0,NULL,1,0,0,1),(9031,NULL,'2111-12',2111,12,'2111-12-01','2111-12-31',NULL,NULL,40778,0,NULL,1,0,0,1),(9035,NULL,'2112-01',2112,1,'2112-01-01','2112-01-31',NULL,NULL,40778,0,NULL,1,0,0,1),(9036,NULL,'2112-02',2112,2,'2112-02-01','2112-02-28',NULL,NULL,40778,0,NULL,1,0,0,1);
INSERT INTO `periods` VALUES (9037,NULL,'2112-03',2112,3,'2112-03-01','2112-03-31',NULL,NULL,40778,0,NULL,1,0,0,1),(9038,NULL,'2112-04',2112,4,'2112-04-01','2112-04-30',NULL,NULL,40778,0,NULL,1,0,0,1),(9039,NULL,'2112-05',2112,5,'2112-05-01','2112-05-31',NULL,NULL,40778,0,NULL,1,0,0,1),(9040,NULL,'2112-06',2112,6,'2112-06-01','2112-06-30',NULL,NULL,40778,0,NULL,1,0,0,1),(9041,NULL,'2112-07',2112,7,'2112-07-01','2112-07-31',NULL,NULL,40778,0,NULL,1,0,0,1),(9042,NULL,'2112-08',2112,8,'2112-08-01','2112-08-31',NULL,NULL,40778,0,NULL,1,0,0,1),(9043,NULL,'2112-09',2112,9,'2112-09-01','2112-09-30',NULL,NULL,40778,0,NULL,1,0,0,1),(9044,NULL,'2112-10',2112,10,'2112-10-01','2112-10-31',NULL,NULL,40778,0,NULL,1,0,0,1),(9045,NULL,'2112-11',2112,11,'2112-11-01','2112-11-30',NULL,NULL,40778,0,NULL,1,0,0,1),(9046,NULL,'2112-12',2112,12,'2112-12-01','2112-12-31',NULL,NULL,40778,0,NULL,1,0,0,1),(9050,NULL,'2113-01',2113,1,'2113-01-01','2113-01-31',NULL,NULL,40778,0,NULL,1,0,0,1),(9051,NULL,'2113-02',2113,2,'2113-02-01','2113-02-28',NULL,NULL,40778,0,NULL,1,0,0,1),(9052,NULL,'2113-03',2113,3,'2113-03-01','2113-03-31',NULL,NULL,40778,0,NULL,1,0,0,1),(9053,NULL,'2113-04',2113,4,'2113-04-01','2113-04-30',NULL,NULL,40778,0,NULL,1,0,0,1),(9054,NULL,'2113-05',2113,5,'2113-05-01','2113-05-31',NULL,NULL,40778,0,NULL,1,0,0,1),(9055,NULL,'2113-06',2113,6,'2113-06-01','2113-06-30',NULL,NULL,40778,0,NULL,1,0,0,1),(9056,NULL,'2113-07',2113,7,'2113-07-01','2113-07-31',NULL,NULL,40778,0,NULL,1,0,0,1),(9057,NULL,'2113-08',2113,8,'2113-08-01','2113-08-31',NULL,NULL,40778,0,NULL,1,0,0,1),(9058,NULL,'2113-09',2113,9,'2113-09-01','2113-09-30',NULL,NULL,40778,0,NULL,1,0,0,1),(9059,NULL,'2113-10',2113,10,'2113-10-01','2113-10-31',NULL,NULL,40778,0,NULL,1,0,0,1),(9060,NULL,'2113-11',2113,11,'2113-11-01','2113-11-30',NULL,NULL,40778,0,NULL,1,0,0,1),(9061,NULL,'2113-12',2113,12,'2113-12-01','2113-12-31',NULL,NULL,40778,0,NULL,1,0,0,1),(9065,NULL,'2114-01',2114,1,'2114-01-01','2114-01-31',NULL,NULL,40778,0,NULL,1,0,0,1),(9066,NULL,'2114-02',2114,2,'2114-02-01','2114-02-28',NULL,NULL,40778,0,NULL,1,0,0,1),(9067,NULL,'2114-03',2114,3,'2114-03-01','2114-03-31',NULL,NULL,40778,0,NULL,1,0,0,1),(9068,NULL,'2114-04',2114,4,'2114-04-01','2114-04-30',NULL,NULL,40778,0,NULL,1,0,0,1),(9069,NULL,'2114-05',2114,5,'2114-05-01','2114-05-31',NULL,NULL,40778,0,NULL,1,0,0,1),(9070,NULL,'2114-06',2114,6,'2114-06-01','2114-06-30',NULL,NULL,40778,0,NULL,1,0,0,1),(9071,NULL,'2114-07',2114,7,'2114-07-01','2114-07-31',NULL,NULL,40778,0,NULL,1,0,0,1),(9072,NULL,'2114-08',2114,8,'2114-08-01','2114-08-31',NULL,NULL,40778,0,NULL,1,0,0,1),(9073,NULL,'2114-09',2114,9,'2114-09-01','2114-09-30',NULL,NULL,40778,0,NULL,1,0,0,1),(9074,NULL,'2114-10',2114,10,'2114-10-01','2114-10-31',NULL,NULL,40778,0,NULL,1,0,0,1),(9075,NULL,'2114-11',2114,11,'2114-11-01','2114-11-30',NULL,NULL,40778,0,NULL,1,0,0,1),(9076,NULL,'2114-12',2114,12,'2114-12-01','2114-12-31',NULL,NULL,40778,0,NULL,1,0,0,1),(9080,NULL,'2115-01',2115,1,'2115-01-01','2115-01-31',NULL,NULL,40778,0,NULL,1,0,0,1),(9081,NULL,'2115-02',2115,2,'2115-02-01','2115-02-28',NULL,NULL,40778,0,NULL,1,0,0,1),(9082,NULL,'2115-03',2115,3,'2115-03-01','2115-03-31',NULL,NULL,40778,0,NULL,1,0,0,1),(9083,NULL,'2115-04',2115,4,'2115-04-01','2115-04-30',NULL,NULL,40778,0,NULL,1,0,0,1),(9084,NULL,'2115-05',2115,5,'2115-05-01','2115-05-31',NULL,NULL,40778,0,NULL,1,0,0,1),(9085,NULL,'2115-06',2115,6,'2115-06-01','2115-06-30',NULL,NULL,40778,0,NULL,1,0,0,1),(9086,NULL,'2115-07',2115,7,'2115-07-01','2115-07-31',NULL,NULL,40778,0,NULL,1,0,0,1),(9087,NULL,'2115-08',2115,8,'2115-08-01','2115-08-31',NULL,NULL,40778,0,NULL,1,0,0,1),(9088,NULL,'2115-09',2115,9,'2115-09-01','2115-09-30',NULL,NULL,40778,0,NULL,1,0,0,1),(9089,NULL,'2115-10',2115,10,'2115-10-01','2115-10-31',NULL,NULL,40778,0,NULL,1,0,0,1),(9090,NULL,'2115-11',2115,11,'2115-11-01','2115-11-30',NULL,NULL,40778,0,NULL,1,0,0,1),(9091,NULL,'2115-12',2115,12,'2115-12-01','2115-12-31',NULL,NULL,40778,0,NULL,1,0,0,1);
INSERT INTO `periods` VALUES (9095,NULL,'2116-01',2116,1,'2116-01-01','2116-01-31',NULL,NULL,40778,0,NULL,1,0,0,1),(9096,NULL,'2116-02',2116,2,'2116-02-01','2116-02-28',NULL,NULL,40778,0,NULL,1,0,0,1),(9097,NULL,'2116-03',2116,3,'2116-03-01','2116-03-31',NULL,NULL,40778,0,NULL,1,0,0,1),(9098,NULL,'2116-04',2116,4,'2116-04-01','2116-04-30',NULL,NULL,40778,0,NULL,1,0,0,1),(9099,NULL,'2116-05',2116,5,'2116-05-01','2116-05-31',NULL,NULL,40778,0,NULL,1,0,0,1),(9100,NULL,'2116-06',2116,6,'2116-06-01','2116-06-30',NULL,NULL,40778,0,NULL,1,0,0,1),(9101,NULL,'2116-07',2116,7,'2116-07-01','2116-07-31',NULL,NULL,40778,0,NULL,1,0,0,1),(9102,NULL,'2116-08',2116,8,'2116-08-01','2116-08-31',NULL,NULL,40778,0,NULL,1,0,0,1),(9103,NULL,'2116-09',2116,9,'2116-09-01','2116-09-30',NULL,NULL,40778,0,NULL,1,0,0,1),(9104,NULL,'2116-10',2116,10,'2116-10-01','2116-10-31',NULL,NULL,40778,0,NULL,1,0,0,1),(9105,NULL,'2116-11',2116,11,'2116-11-01','2116-11-30',NULL,NULL,40778,0,NULL,1,0,0,1),(9106,NULL,'2116-12',2116,12,'2116-12-01','2116-12-31',NULL,NULL,40778,0,NULL,1,0,0,1),(9110,NULL,'2117-01',2117,1,'2117-01-01','2117-01-31',NULL,NULL,40778,0,NULL,1,0,0,1),(9111,NULL,'2117-02',2117,2,'2117-02-01','2117-02-28',NULL,NULL,40778,0,NULL,1,0,0,1),(9112,NULL,'2117-03',2117,3,'2117-03-01','2117-03-31',NULL,NULL,40778,0,NULL,1,0,0,1),(9113,NULL,'2117-04',2117,4,'2117-04-01','2117-04-30',NULL,NULL,40778,0,NULL,1,0,0,1),(9114,NULL,'2117-05',2117,5,'2117-05-01','2117-05-31',NULL,NULL,40778,0,NULL,1,0,0,1),(9115,NULL,'2117-06',2117,6,'2117-06-01','2117-06-30',NULL,NULL,40778,0,NULL,1,0,0,1),(9116,NULL,'2117-07',2117,7,'2117-07-01','2117-07-31',NULL,NULL,40778,0,NULL,1,0,0,1),(9117,NULL,'2117-08',2117,8,'2117-08-01','2117-08-31',NULL,NULL,40778,0,NULL,1,0,0,1),(9118,NULL,'2117-09',2117,9,'2117-09-01','2117-09-30',NULL,NULL,40778,0,NULL,1,0,0,1),(9119,NULL,'2117-10',2117,10,'2117-10-01','2117-10-31',NULL,NULL,40778,0,NULL,1,0,0,1),(9120,NULL,'2117-11',2117,11,'2117-11-01','2117-11-30',NULL,NULL,40778,0,NULL,1,0,0,1),(9121,NULL,'2117-12',2117,12,'2117-12-01','2117-12-31',NULL,NULL,40778,0,NULL,1,0,0,1),(9125,NULL,'2118-01',2118,1,'2118-01-01','2118-01-31',NULL,NULL,40778,0,NULL,1,0,0,1),(9126,NULL,'2118-02',2118,2,'2118-02-01','2118-02-28',NULL,NULL,40778,0,NULL,1,0,0,1),(9127,NULL,'2118-03',2118,3,'2118-03-01','2118-03-31',NULL,NULL,40778,0,NULL,1,0,0,1),(9128,NULL,'2118-04',2118,4,'2118-04-01','2118-04-30',NULL,NULL,40778,0,NULL,1,0,0,1),(9129,NULL,'2118-05',2118,5,'2118-05-01','2118-05-31',NULL,NULL,40778,0,NULL,1,0,0,1),(9130,NULL,'2118-06',2118,6,'2118-06-01','2118-06-30',NULL,NULL,40778,0,NULL,1,0,0,1),(9131,NULL,'2118-07',2118,7,'2118-07-01','2118-07-31',NULL,NULL,40778,0,NULL,1,0,0,1),(9132,NULL,'2118-08',2118,8,'2118-08-01','2118-08-31',NULL,NULL,40778,0,NULL,1,0,0,1),(9133,NULL,'2118-09',2118,9,'2118-09-01','2118-09-30',NULL,NULL,40778,0,NULL,1,0,0,1),(9134,NULL,'2118-10',2118,10,'2118-10-01','2118-10-31',NULL,NULL,40778,0,NULL,1,0,0,1),(9135,NULL,'2118-11',2118,11,'2118-11-01','2118-11-30',NULL,NULL,40778,0,NULL,1,0,0,1),(9136,NULL,'2118-12',2118,12,'2118-12-01','2118-12-31',NULL,NULL,40778,0,NULL,1,0,0,1),(9140,NULL,'2119-01',2119,1,'2119-01-01','2119-01-31',NULL,NULL,40778,0,NULL,1,0,0,1),(9141,NULL,'2119-02',2119,2,'2119-02-01','2119-02-28',NULL,NULL,40778,0,NULL,1,0,0,1),(9142,NULL,'2119-03',2119,3,'2119-03-01','2119-03-31',NULL,NULL,40778,0,NULL,1,0,0,1),(9143,NULL,'2119-04',2119,4,'2119-04-01','2119-04-30',NULL,NULL,40778,0,NULL,1,0,0,1),(9144,NULL,'2119-05',2119,5,'2119-05-01','2119-05-31',NULL,NULL,40778,0,NULL,1,0,0,1),(9145,NULL,'2119-06',2119,6,'2119-06-01','2119-06-30',NULL,NULL,40778,0,NULL,1,0,0,1),(9146,NULL,'2119-07',2119,7,'2119-07-01','2119-07-31',NULL,NULL,40778,0,NULL,1,0,0,1),(9147,NULL,'2119-08',2119,8,'2119-08-01','2119-08-31',NULL,NULL,40778,0,NULL,1,0,0,1),(9148,NULL,'2119-09',2119,9,'2119-09-01','2119-09-30',NULL,NULL,40778,0,NULL,1,0,0,1),(9149,NULL,'2119-10',2119,10,'2119-10-01','2119-10-31',NULL,NULL,40778,0,NULL,1,0,0,1);
INSERT INTO `periods` VALUES (9150,NULL,'2119-11',2119,11,'2119-11-01','2119-11-30',NULL,NULL,40778,0,NULL,1,0,0,1),(9151,NULL,'2119-12',2119,12,'2119-12-01','2119-12-31',NULL,NULL,40778,0,NULL,1,0,0,1),(9155,NULL,'2120-01',2120,1,'2120-01-01','2120-01-31',NULL,NULL,40778,0,NULL,1,0,0,1),(9156,NULL,'2120-02',2120,2,'2120-02-01','2120-02-28',NULL,NULL,40778,0,NULL,1,0,0,1),(9157,NULL,'2120-03',2120,3,'2120-03-01','2120-03-31',NULL,NULL,40778,0,NULL,1,0,0,1),(9158,NULL,'2120-04',2120,4,'2120-04-01','2120-04-30',NULL,NULL,40778,0,NULL,1,0,0,1),(9159,NULL,'2120-05',2120,5,'2120-05-01','2120-05-31',NULL,NULL,40778,0,NULL,1,0,0,1),(9160,NULL,'2120-06',2120,6,'2120-06-01','2120-06-30',NULL,NULL,40778,0,NULL,1,0,0,1),(9161,NULL,'2120-07',2120,7,'2120-07-01','2120-07-31',NULL,NULL,40778,0,NULL,1,0,0,1),(9162,NULL,'2120-08',2120,8,'2120-08-01','2120-08-31',NULL,NULL,40778,0,NULL,1,0,0,1),(9163,NULL,'2120-09',2120,9,'2120-09-01','2120-09-30',NULL,NULL,40778,0,NULL,1,0,0,1),(9164,NULL,'2120-10',2120,10,'2120-10-01','2120-10-31',NULL,NULL,40778,0,NULL,1,0,0,1),(9165,NULL,'2120-11',2120,11,'2120-11-01','2120-11-30',NULL,NULL,40778,0,NULL,1,0,0,1),(9166,NULL,'2120-12',2120,12,'2120-12-01','2120-12-31',NULL,NULL,40778,0,NULL,1,0,0,1),(9170,NULL,'2121-01',2121,1,'2121-01-01','2121-01-31',NULL,NULL,40778,0,NULL,1,0,0,1),(9171,NULL,'2121-02',2121,2,'2121-02-01','2121-02-28',NULL,NULL,40778,0,NULL,1,0,0,1),(9172,NULL,'2121-03',2121,3,'2121-03-01','2121-03-31',NULL,NULL,40778,0,NULL,1,0,0,1),(9173,NULL,'2121-04',2121,4,'2121-04-01','2121-04-30',NULL,NULL,40778,0,NULL,1,0,0,1),(9174,NULL,'2121-05',2121,5,'2121-05-01','2121-05-31',NULL,NULL,40778,0,NULL,1,0,0,1),(9175,NULL,'2121-06',2121,6,'2121-06-01','2121-06-30',NULL,NULL,40778,0,NULL,1,0,0,1),(9176,NULL,'2121-07',2121,7,'2121-07-01','2121-07-31',NULL,NULL,40778,0,NULL,1,0,0,1),(9177,NULL,'2121-08',2121,8,'2121-08-01','2121-08-31',NULL,NULL,40778,0,NULL,1,0,0,1),(9178,NULL,'2121-09',2121,9,'2121-09-01','2121-09-30',NULL,NULL,40778,0,NULL,1,0,0,1),(9179,NULL,'2121-10',2121,10,'2121-10-01','2121-10-31',NULL,NULL,40778,0,NULL,1,0,0,1),(9180,NULL,'2121-11',2121,11,'2121-11-01','2121-11-30',NULL,NULL,40778,0,NULL,1,0,0,1),(9181,NULL,'2121-12',2121,12,'2121-12-01','2121-12-31',NULL,NULL,40778,0,NULL,1,0,0,1),(9185,NULL,'2122-01',2122,1,'2122-01-01','2122-01-31',NULL,NULL,40778,0,NULL,1,0,0,1),(9186,NULL,'2122-02',2122,2,'2122-02-01','2122-02-28',NULL,NULL,40778,0,NULL,1,0,0,1),(9187,NULL,'2122-03',2122,3,'2122-03-01','2122-03-31',NULL,NULL,40778,0,NULL,1,0,0,1),(9188,NULL,'2122-04',2122,4,'2122-04-01','2122-04-30',NULL,NULL,40778,0,NULL,1,0,0,1),(9189,NULL,'2122-05',2122,5,'2122-05-01','2122-05-31',NULL,NULL,40778,0,NULL,1,0,0,1),(9190,NULL,'2122-06',2122,6,'2122-06-01','2122-06-30',NULL,NULL,40778,0,NULL,1,0,0,1),(9191,NULL,'2122-07',2122,7,'2122-07-01','2122-07-31',NULL,NULL,40778,0,NULL,1,0,0,1),(9192,NULL,'2122-08',2122,8,'2122-08-01','2122-08-31',NULL,NULL,40778,0,NULL,1,0,0,1),(9193,NULL,'2122-09',2122,9,'2122-09-01','2122-09-30',NULL,NULL,40778,0,NULL,1,0,0,1),(9194,NULL,'2122-10',2122,10,'2122-10-01','2122-10-31',NULL,NULL,40778,0,NULL,1,0,0,1),(9195,NULL,'2122-11',2122,11,'2122-11-01','2122-11-30',NULL,NULL,40778,0,NULL,1,0,0,1),(9196,NULL,'2122-12',2122,12,'2122-12-01','2122-12-31',NULL,NULL,40778,0,NULL,1,0,0,1),(9200,NULL,'2123-01',2123,1,'2123-01-01','2123-01-31',NULL,NULL,40778,0,NULL,1,0,0,1),(9201,NULL,'2123-02',2123,2,'2123-02-01','2123-02-28',NULL,NULL,40778,0,NULL,1,0,0,1),(9202,NULL,'2123-03',2123,3,'2123-03-01','2123-03-31',NULL,NULL,40778,0,NULL,1,0,0,1),(9203,NULL,'2123-04',2123,4,'2123-04-01','2123-04-30',NULL,NULL,40778,0,NULL,1,0,0,1),(9204,NULL,'2123-05',2123,5,'2123-05-01','2123-05-31',NULL,NULL,40778,0,NULL,1,0,0,1),(9205,NULL,'2123-06',2123,6,'2123-06-01','2123-06-30',NULL,NULL,40778,0,NULL,1,0,0,1),(9206,NULL,'2123-07',2123,7,'2123-07-01','2123-07-31',NULL,NULL,40778,0,NULL,1,0,0,1),(9207,NULL,'2123-08',2123,8,'2123-08-01','2123-08-31',NULL,NULL,40778,0,NULL,1,0,0,1);
INSERT INTO `periods` VALUES (9208,NULL,'2123-09',2123,9,'2123-09-01','2123-09-30',NULL,NULL,40778,0,NULL,1,0,0,1),(9209,NULL,'2123-10',2123,10,'2123-10-01','2123-10-31',NULL,NULL,40778,0,NULL,1,0,0,1),(9210,NULL,'2123-11',2123,11,'2123-11-01','2123-11-30',NULL,NULL,40778,0,NULL,1,0,0,1),(9211,NULL,'2123-12',2123,12,'2123-12-01','2123-12-31',NULL,NULL,40778,0,NULL,1,0,0,1);

--
-- Table structure for table `person_activities`
--

CREATE TABLE `person_activities` (
  `id` int(10) unsigned NOT NULL AUTO_INCREMENT,
  `user_id` int(10) unsigned DEFAULT NULL,
  `person_id` int(10) unsigned NOT NULL,
  `activity_id` int(10) unsigned NOT NULL,
  `is_principal` tinyint(1) NOT NULL DEFAULT '0',
  `created_at` timestamp NULL DEFAULT NULL,
  `updated_at` timestamp NULL DEFAULT NULL,
  `deleted_at` timestamp NULL DEFAULT NULL,
  PRIMARY KEY (`id`),
  KEY `person_activities_person_id_foreign` (`person_id`),
  KEY `person_activities_activity_id_foreign` (`activity_id`),
  CONSTRAINT `person_activities_activity_id_foreign` FOREIGN KEY (`activity_id`) REFERENCES `activities` (`id`),
  CONSTRAINT `person_activities_person_id_foreign` FOREIGN KEY (`person_id`) REFERENCES `persons` (`id`)
) ENGINE=InnoDB AUTO_INCREMENT=12 DEFAULT CHARSET=utf8mb4 COLLATE=utf8mb4_unicode_ci;

--
-- Dumping data for table `person_activities`
--

INSERT INTO `person_activities` VALUES (3,7562,40719,796,1,'2022-10-27 12:42:43','2022-10-27 12:42:43',NULL),(5,7562,40720,887,1,'2023-04-06 11:02:53','2023-04-06 11:02:53',NULL),(6,7562,40721,26,1,'2023-04-11 19:46:47','2023-04-11 19:46:47',NULL),(7,7562,40740,616,1,'2023-04-14 16:09:28','2023-04-14 16:09:28',NULL),(8,7562,40740,630,0,'2023-04-14 16:09:28','2023-04-14 16:09:28',NULL),(9,7562,40766,883,1,'2023-05-29 16:00:37','2023-05-29 16:00:37',NULL),(11,7562,40778,932,1,'2023-06-13 15:53:53','2023-06-13 15:53:53',NULL);

--
-- Table structure for table `person_cobrador`
--

CREATE TABLE `person_cobrador` (
  `id` bigint(20) unsigned NOT NULL AUTO_INCREMENT,
  `person_id` int(10) unsigned NOT NULL,
  `person_id_relationed` int(10) unsigned DEFAULT NULL,
  `cobrador_id` bigint(20) unsigned NOT NULL,
  `created_at` timestamp NULL DEFAULT NULL,
  `updated_at` timestamp NULL DEFAULT NULL,
  `deleted_at` timestamp NULL DEFAULT NULL,
  PRIMARY KEY (`id`),
  KEY `person_cobrador_person_id_foreign` (`person_id`),
  KEY `person_cobrador_cobrador_id_foreign` (`cobrador_id`),
  KEY `person_cobrador_person_id_relationed_foreign` (`person_id_relationed`),
  CONSTRAINT `person_cobrador_cobrador_id_foreign` FOREIGN KEY (`cobrador_id`) REFERENCES `cobradores` (`id`),
  CONSTRAINT `person_cobrador_person_id_foreign` FOREIGN KEY (`person_id`) REFERENCES `persons` (`id`),
  CONSTRAINT `person_cobrador_person_id_relationed_foreign` FOREIGN KEY (`person_id_relationed`) REFERENCES `persons` (`id`)
) ENGINE=InnoDB DEFAULT CHARSET=utf8mb4 COLLATE=utf8mb4_unicode_ci;

--
-- Dumping data for table `person_cobrador`
--


--
-- Table structure for table `person_configurations`
--

CREATE TABLE `person_configurations` (
  `id` int(10) unsigned NOT NULL AUTO_INCREMENT,
  `user_id` int(10) unsigned DEFAULT NULL,
  `person_id` int(10) unsigned NOT NULL,
  `period_id` int(10) unsigned DEFAULT NULL,
  `zone_id` int(10) unsigned DEFAULT NULL,
  `settle_calc_by_coef` int(11) NOT NULL DEFAULT '0',
  `created_at` timestamp NULL DEFAULT NULL,
  `updated_at` timestamp NULL DEFAULT NULL,
  `active` int(10) unsigned DEFAULT NULL,
  `enviarMail` int(11) DEFAULT '1',
  `honorario` decimal(16,2) DEFAULT '0.00',
  `cta_cte_tesoreria_cuenta_id` int(10) unsigned DEFAULT NULL,
  `month_close` int(10) unsigned DEFAULT NULL,
  `iva_condition_id` int(10) unsigned DEFAULT NULL,
  `obligation_sell` int(10) unsigned DEFAULT NULL,
  `obligation_buy` int(10) unsigned DEFAULT NULL,
  `obligation_iva` int(10) unsigned DEFAULT NULL,
  `obligation_electronic_receipt` int(10) unsigned DEFAULT NULL,
  `obligation_iibb` int(10) unsigned DEFAULT NULL,
  `obligation_other_taxes` int(10) unsigned DEFAULT NULL,
  `liquidation_start_period` varchar(7) COLLATE utf8mb4_unicode_ci DEFAULT NULL,
  `obligation_salaries` int(10) unsigned DEFAULT NULL,
  `empleada_domestica` tinyint(1) NOT NULL DEFAULT '0',
  `prorratear_iva` tinyint(1) NOT NULL DEFAULT '0',
  `is_itc` tinyint(1) NOT NULL DEFAULT '0',
  `priority_order` int(10) unsigned DEFAULT NULL,
  `person_id_administrador` int(11) DEFAULT NULL,
  `person_id_titular` int(11) DEFAULT NULL,
  `logo_path` varchar(180) COLLATE utf8mb4_unicode_ci DEFAULT NULL,
  `certificado_afip_path` varchar(180) COLLATE utf8mb4_unicode_ci DEFAULT NULL,
  `llave_afip_path` varchar(180) COLLATE utf8mb4_unicode_ci DEFAULT NULL,
  `access_electronic_receipt` int(10) unsigned DEFAULT '0',
  `ruta_logo_fa` varchar(100) COLLATE utf8mb4_unicode_ci DEFAULT NULL,
  `inicio_actividades` date DEFAULT NULL,
  `fecha_de_mono_to_ri` date DEFAULT NULL,
  `iibb` varchar(191) COLLATE utf8mb4_unicode_ci DEFAULT NULL,
  `fe_leyenda` varchar(191) COLLATE utf8mb4_unicode_ci DEFAULT NULL,
  `atencion_iva` tinyint(1) NOT NULL DEFAULT '0',
  `atencion_iva_comentario` varchar(191) COLLATE utf8mb4_unicode_ci DEFAULT NULL,
  `atencion_iibb` tinyint(1) NOT NULL DEFAULT '0',
  `atencion_iibb_comentario` varchar(191) COLLATE utf8mb4_unicode_ci DEFAULT NULL,
  `usar_multimoneda` tinyint(1) NOT NULL DEFAULT '0',
  `is_ag_per_ret` tinyint(1) NOT NULL DEFAULT '0',
  `deleted_at` timestamp NULL DEFAULT NULL,
  PRIMARY KEY (`id`),
  KEY `person_configurations_person_id_foreign` (`person_id`),
  KEY `person_configurations_period_id_foreign` (`period_id`),
  KEY `person_configurations_zone_id_foreign` (`zone_id`),
  KEY `person_configurations_iva_condition_id_foreign` (`iva_condition_id`),
  KEY `person_configurations_cta_cte_tesoreria_cuenta_id_foreign` (`cta_cte_tesoreria_cuenta_id`),
  CONSTRAINT `person_configurations_cta_cte_tesoreria_cuenta_id_foreign` FOREIGN KEY (`cta_cte_tesoreria_cuenta_id`) REFERENCES `cta_cte_tesoreria_cuentas` (`id`),
  CONSTRAINT `person_configurations_iva_condition_id_foreign` FOREIGN KEY (`iva_condition_id`) REFERENCES `iva_conditions` (`id`),
  CONSTRAINT `person_configurations_period_id_foreign` FOREIGN KEY (`period_id`) REFERENCES `periods` (`id`),
  CONSTRAINT `person_configurations_person_id_foreign` FOREIGN KEY (`person_id`) REFERENCES `persons` (`id`),
  CONSTRAINT `person_configurations_zone_id_foreign` FOREIGN KEY (`zone_id`) REFERENCES `zones` (`id`)
) ENGINE=InnoDB AUTO_INCREMENT=8 DEFAULT CHARSET=utf8mb4 COLLATE=utf8mb4_unicode_ci;

--
-- Dumping data for table `person_configurations`
--

INSERT INTO `person_configurations` VALUES (2,7562,40719,NULL,NULL,0,'2022-08-17 20:40:24','2022-10-27 12:42:43',2,1,0.00,NULL,12,1,0,0,0,0,3,NULL,'2022-1',0,0,0,0,2,40719,40719,NULL,NULL,NULL,0,NULL,'2022-10-27',NULL,NULL,NULL,0,NULL,0,NULL,0,0,NULL),(3,7562,40720,NULL,NULL,0,'2023-04-06 10:51:28','2023-04-06 11:02:53',2,1,0.00,NULL,6,2,1,1,1,1,3,NULL,'2021-07',0,0,1,0,1,40720,40720,NULL,NULL,NULL,0,NULL,'2023-04-06',NULL,NULL,NULL,0,NULL,0,NULL,0,0,NULL),(4,7562,40721,NULL,NULL,0,'2023-04-11 19:46:47','2023-04-11 19:46:47',2,1,0.00,NULL,12,2,1,1,1,1,3,NULL,'2023-01',1,0,0,1,1,40721,40721,NULL,NULL,NULL,0,NULL,'0000-00-00',NULL,NULL,NULL,0,NULL,0,NULL,0,0,NULL),(5,7562,40740,NULL,NULL,0,'2023-04-14 16:09:28','2023-04-14 16:09:28',2,1,0.00,NULL,12,2,1,1,1,1,3,NULL,'2019-01',1,0,0,0,2,40740,40740,NULL,NULL,NULL,0,NULL,'0000-00-00',NULL,NULL,NULL,0,NULL,0,NULL,0,0,NULL),(6,7562,40766,NULL,NULL,0,'2023-05-29 16:00:37','2023-05-29 16:00:37',2,1,0.00,NULL,12,2,1,1,0,0,3,NULL,'2022-01',0,0,1,0,2,40766,40766,NULL,NULL,NULL,0,NULL,'0000-00-00','0000-00-00',NULL,NULL,0,NULL,0,NULL,0,0,NULL),(7,7562,40778,NULL,NULL,0,'2023-06-13 15:51:30','2023-06-13 15:53:53',2,1,0.00,NULL,7,2,1,1,0,0,1,NULL,'2020-07',0,0,0,0,3,40778,40778,NULL,NULL,NULL,0,NULL,'2023-06-13','0000-00-00',NULL,NULL,0,NULL,0,NULL,0,0,NULL);

--
-- Table structure for table `person_liquidators`
--

CREATE TABLE `person_liquidators` (
  `id` int(10) unsigned NOT NULL AUTO_INCREMENT,
  `user_id` int(10) unsigned DEFAULT NULL,
  `person_id` int(10) unsigned NOT NULL,
  `liquidator_id` int(10) unsigned NOT NULL,
  `created_at` timestamp NULL DEFAULT NULL,
  `updated_at` timestamp NULL DEFAULT NULL,
  `deleted_at` timestamp NULL DEFAULT NULL,
  PRIMARY KEY (`id`),
  KEY `person_liquidators_person_id_foreign` (`person_id`),
  KEY `person_liquidators_liquidator_id_foreign` (`liquidator_id`),
  CONSTRAINT `person_liquidators_liquidator_id_foreign` FOREIGN KEY (`liquidator_id`) REFERENCES `liquidators` (`id`),
  CONSTRAINT `person_liquidators_person_id_foreign` FOREIGN KEY (`person_id`) REFERENCES `persons` (`id`)
) ENGINE=InnoDB AUTO_INCREMENT=7 DEFAULT CHARSET=utf8mb4 COLLATE=utf8mb4_unicode_ci;

--
-- Dumping data for table `person_liquidators`
--

INSERT INTO `person_liquidators` VALUES (1,7562,40720,8,'2023-04-06 11:02:53','2023-04-06 11:02:53',NULL),(2,7562,40721,8,'2023-04-11 19:46:47','2023-04-11 19:46:47',NULL),(3,7562,40740,8,'2023-04-14 16:09:28','2023-04-14 16:09:28',NULL),(4,7562,40766,8,'2023-05-29 16:00:37','2023-05-29 16:00:37',NULL),(6,7562,40778,8,'2023-06-13 15:53:53','2023-06-13 15:53:53',NULL);

--
-- Table structure for table `person_pagos_lugares`
--

CREATE TABLE `person_pagos_lugares` (
  `id` bigint(20) unsigned NOT NULL AUTO_INCREMENT,
  `user_id` int(10) unsigned DEFAULT NULL,
  `person_id` int(10) unsigned NOT NULL,
  `person_id_relationed` int(10) unsigned NOT NULL,
  `descripcion` varchar(255) COLLATE utf8mb4_unicode_ci DEFAULT NULL,
  `contacto` varchar(191) COLLATE utf8mb4_unicode_ci DEFAULT NULL,
  `direccion` varchar(255) COLLATE utf8mb4_unicode_ci DEFAULT NULL,
  `localidad_id` int(10) unsigned DEFAULT NULL,
  `telefono` varchar(255) COLLATE utf8mb4_unicode_ci DEFAULT NULL,
  `mail` varchar(255) COLLATE utf8mb4_unicode_ci DEFAULT NULL,
  `horario_de_llamada` varchar(255) COLLATE utf8mb4_unicode_ci DEFAULT NULL,
  `horario_de_pago` varchar(255) COLLATE utf8mb4_unicode_ci DEFAULT NULL,
  `cobradores_metodo_id` bigint(20) unsigned DEFAULT NULL,
  `comentario` longtext COLLATE utf8mb4_unicode_ci,
  `habilitado` tinyint(1) NOT NULL DEFAULT '1',
  `created_at` timestamp NULL DEFAULT NULL,
  `updated_at` timestamp NULL DEFAULT NULL,
  `deleted_at` timestamp NULL DEFAULT NULL,
  PRIMARY KEY (`id`),
  KEY `person_pagos_lugares_person_id_foreign` (`person_id`),
  KEY `person_pagos_lugares_person_id_relationed_foreign` (`person_id_relationed`),
  KEY `person_pagos_lugares_localidad_id_foreign` (`localidad_id`),
  KEY `person_pagos_lugares_cobradores_metodo_id_foreign` (`cobradores_metodo_id`),
  CONSTRAINT `person_pagos_lugares_cobradores_metodo_id_foreign` FOREIGN KEY (`cobradores_metodo_id`) REFERENCES `cobradores_metodos` (`id`),
  CONSTRAINT `person_pagos_lugares_localidad_id_foreign` FOREIGN KEY (`localidad_id`) REFERENCES `localidad` (`id`),
  CONSTRAINT `person_pagos_lugares_person_id_foreign` FOREIGN KEY (`person_id`) REFERENCES `persons` (`id`),
  CONSTRAINT `person_pagos_lugares_person_id_relationed_foreign` FOREIGN KEY (`person_id_relationed`) REFERENCES `persons` (`id`)
) ENGINE=InnoDB DEFAULT CHARSET=utf8mb4 COLLATE=utf8mb4_unicode_ci;

--
-- Dumping data for table `person_pagos_lugares`
--


--
-- Table structure for table `person_pagos_promesas`
--

CREATE TABLE `person_pagos_promesas` (
  `id` bigint(20) unsigned NOT NULL AUTO_INCREMENT,
  `user_id` int(10) unsigned DEFAULT NULL,
  `person_id` int(10) unsigned NOT NULL,
  `person_id_relationed` int(10) unsigned NOT NULL,
  `person_pago_lugar_id` bigint(20) unsigned DEFAULT NULL,
  `fecha` datetime NOT NULL,
  `comentario` longtext COLLATE utf8mb4_unicode_ci,
  `created_at` timestamp NULL DEFAULT NULL,
  `updated_at` timestamp NULL DEFAULT NULL,
  `deleted_at` timestamp NULL DEFAULT NULL,
  PRIMARY KEY (`id`),
  KEY `person_pagos_promesas_person_id_foreign` (`person_id`),
  KEY `person_pagos_promesas_person_id_relationed_foreign` (`person_id_relationed`),
  CONSTRAINT `person_pagos_promesas_person_id_foreign` FOREIGN KEY (`person_id`) REFERENCES `persons` (`id`),
  CONSTRAINT `person_pagos_promesas_person_id_relationed_foreign` FOREIGN KEY (`person_id_relationed`) REFERENCES `persons` (`id`)
) ENGINE=InnoDB DEFAULT CHARSET=utf8mb4 COLLATE=utf8mb4_unicode_ci;

--
-- Dumping data for table `person_pagos_promesas`
--


--
-- Table structure for table `person_pay_methods`
--

CREATE TABLE `person_pay_methods` (
  `id` int(10) unsigned NOT NULL AUTO_INCREMENT,
  `user_id` int(10) unsigned DEFAULT NULL,
  `person_id` int(10) unsigned NOT NULL,
  `pay_method_id` int(10) unsigned NOT NULL,
  `created_at` timestamp NULL DEFAULT NULL,
  `updated_at` timestamp NULL DEFAULT NULL,
  `deleted_at` timestamp NULL DEFAULT NULL,
  PRIMARY KEY (`id`),
  KEY `person_pay_methods_person_id_foreign` (`person_id`),
  KEY `person_pay_methods_pay_method_id_foreign` (`pay_method_id`),
  CONSTRAINT `person_pay_methods_pay_method_id_foreign` FOREIGN KEY (`pay_method_id`) REFERENCES `pay_methods` (`id`),
  CONSTRAINT `person_pay_methods_person_id_foreign` FOREIGN KEY (`person_id`) REFERENCES `persons` (`id`)
) ENGINE=InnoDB AUTO_INCREMENT=3 DEFAULT CHARSET=utf8mb4 COLLATE=utf8mb4_unicode_ci;

--
-- Dumping data for table `person_pay_methods`
--

INSERT INTO `person_pay_methods` VALUES (1,7562,40721,2,'2023-04-11 19:46:47','2023-04-11 19:46:47',NULL),(2,7562,40740,2,'2023-04-14 16:09:28','2023-04-14 16:09:28',NULL);

--
-- Table structure for table `person_relationeds`
--

CREATE TABLE `person_relationeds` (
  `id` bigint(20) unsigned NOT NULL AUTO_INCREMENT,
  `user_id` int(10) unsigned DEFAULT NULL,
  `person_id` int(10) unsigned NOT NULL,
  `client_id` int(10) unsigned NOT NULL,
  `cliente_relationed_id` int(10) unsigned NOT NULL,
  `created_at` timestamp NULL DEFAULT NULL,
  `updated_at` timestamp NULL DEFAULT NULL,
  `deleted_at` timestamp NULL DEFAULT NULL,
  PRIMARY KEY (`id`),
  KEY `person_relationeds_person_id_foreign` (`person_id`),
  KEY `person_relationeds_client_id_foreign` (`client_id`),
  KEY `person_relationeds_cliente_relationed_id_foreign` (`cliente_relationed_id`),
  CONSTRAINT `person_relationeds_client_id_foreign` FOREIGN KEY (`client_id`) REFERENCES `persons` (`id`),
  CONSTRAINT `person_relationeds_cliente_relationed_id_foreign` FOREIGN KEY (`cliente_relationed_id`) REFERENCES `persons` (`id`),
  CONSTRAINT `person_relationeds_person_id_foreign` FOREIGN KEY (`person_id`) REFERENCES `persons` (`id`)
) ENGINE=InnoDB DEFAULT CHARSET=utf8mb4 COLLATE=utf8mb4_unicode_ci;

--
-- Dumping data for table `person_relationeds`
--


--
-- Table structure for table `person_types`
--

CREATE TABLE `person_types` (
  `id` int(10) unsigned NOT NULL AUTO_INCREMENT,
  `user_id` int(10) unsigned DEFAULT NULL,
  `description` varchar(180) COLLATE utf8mb4_unicode_ci NOT NULL,
  `created_at` timestamp NULL DEFAULT NULL,
  `updated_at` timestamp NULL DEFAULT NULL,
  `deleted_at` timestamp NULL DEFAULT NULL,
  PRIMARY KEY (`id`),
  UNIQUE KEY `person_types_description_unique` (`description`)
) ENGINE=InnoDB AUTO_INCREMENT=3 DEFAULT CHARSET=utf8mb4 COLLATE=utf8mb4_unicode_ci;

--
-- Dumping data for table `person_types`
--

INSERT INTO `person_types` VALUES (1,NULL,'Persona Humana',NULL,NULL,NULL),(2,NULL,'Persona Juridica',NULL,NULL,NULL);

--
-- Table structure for table `person_zone_actividad`
--

CREATE TABLE `person_zone_actividad` (
  `id` int(10) unsigned NOT NULL AUTO_INCREMENT,
  `user_id` int(10) unsigned DEFAULT NULL,
  `person_id` int(10) unsigned NOT NULL,
  `zone_id` int(10) unsigned NOT NULL,
  `actividad_id` int(10) unsigned NOT NULL,
  `calculo_iibb` int(11) NOT NULL,
  `coef` decimal(16,5) NOT NULL DEFAULT '0.00000',
  `alicuota` decimal(16,5) NOT NULL DEFAULT '0.00000',
  `cm_articulo_regimen_id` int(10) unsigned NOT NULL DEFAULT '1',
  `habilitado` tinyint(1) NOT NULL DEFAULT '1',
  `created_at` timestamp NULL DEFAULT NULL,
  `updated_at` timestamp NULL DEFAULT NULL,
  `deleted_at` timestamp NULL DEFAULT NULL,
  PRIMARY KEY (`id`),
  KEY `person_zone_actividad_person_id_foreign` (`person_id`),
  KEY `person_zone_actividad_zone_id_foreign` (`zone_id`),
  KEY `person_zone_actividad_actividad_id_foreign` (`actividad_id`),
  KEY `person_zone_actividad_cm_articulo_regimen_id_foreign` (`cm_articulo_regimen_id`),
  CONSTRAINT `person_zone_actividad_actividad_id_foreign` FOREIGN KEY (`actividad_id`) REFERENCES `activities` (`id`),
  CONSTRAINT `person_zone_actividad_cm_articulo_regimen_id_foreign` FOREIGN KEY (`cm_articulo_regimen_id`) REFERENCES `cm_articulos_regimenes` (`id`),
  CONSTRAINT `person_zone_actividad_person_id_foreign` FOREIGN KEY (`person_id`) REFERENCES `persons` (`id`),
  CONSTRAINT `person_zone_actividad_zone_id_foreign` FOREIGN KEY (`zone_id`) REFERENCES `zones` (`id`)
) ENGINE=InnoDB AUTO_INCREMENT=11 DEFAULT CHARSET=utf8mb4 COLLATE=utf8mb4_unicode_ci;

--
-- Dumping data for table `person_zone_actividad`
--

INSERT INTO `person_zone_actividad` VALUES (1,7562,40719,10,1,1,0.00000,0.00000,1,1,'2022-10-27 12:42:43','2022-10-27 12:42:43',NULL),(2,7562,40719,10,796,1,0.00000,0.00000,1,1,'2022-10-27 12:42:43','2022-10-27 12:42:43',NULL),(4,7562,40720,10,887,1,0.00000,0.00000,1,1,'2023-04-06 11:02:53','2023-04-06 11:02:53',NULL),(5,7562,40721,10,26,1,0.00000,0.00000,1,1,'2023-04-11 19:46:47','2023-04-11 19:46:47',NULL),(6,7562,40740,10,616,1,0.00000,0.00000,1,1,'2023-04-14 16:09:28','2023-04-14 16:09:28',NULL),(7,7562,40740,10,630,1,0.00000,0.00000,1,1,'2023-04-14 16:09:28','2023-04-14 16:09:28',NULL),(8,7562,40766,10,883,1,0.00000,0.00000,1,1,'2023-05-29 16:00:37','2023-05-29 16:00:37',NULL),(10,7562,40778,10,932,1,0.00000,0.00000,1,1,'2023-06-13 15:53:53','2023-06-13 15:53:53',NULL);

--
-- Table structure for table `person_zones`
--

CREATE TABLE `person_zones` (
  `id` int(10) unsigned NOT NULL AUTO_INCREMENT,
  `user_id` int(10) unsigned DEFAULT NULL,
  `sifere_coef` decimal(8,4) NOT NULL DEFAULT '0.0000',
  `iibb_aliquot` decimal(8,4) NOT NULL DEFAULT '0.0000',
  `zone_id` int(10) unsigned NOT NULL,
  `is_principal` tinyint(1) NOT NULL DEFAULT '0',
  `iibb_perception_id` int(10) unsigned DEFAULT NULL,
  `retention_id` int(10) unsigned DEFAULT NULL,
  `activity_id` int(10) unsigned DEFAULT NULL,
  `created_at` timestamp NULL DEFAULT NULL,
  `updated_at` timestamp NULL DEFAULT NULL,
  `person_id` int(10) unsigned NOT NULL,
  `deleted_at` timestamp NULL DEFAULT NULL,
  PRIMARY KEY (`id`),
  KEY `person_zones_zone_id_foreign` (`zone_id`),
  KEY `person_zones_person_id_foreign` (`person_id`),
  CONSTRAINT `person_zones_person_id_foreign` FOREIGN KEY (`person_id`) REFERENCES `persons` (`id`),
  CONSTRAINT `person_zones_zone_id_foreign` FOREIGN KEY (`zone_id`) REFERENCES `zones` (`id`)
) ENGINE=InnoDB AUTO_INCREMENT=10 DEFAULT CHARSET=utf8mb4 COLLATE=utf8mb4_unicode_ci;

--
-- Dumping data for table `person_zones`
--

INSERT INTO `person_zones` VALUES (2,7562,0.0000,0.0000,10,1,NULL,NULL,NULL,'2022-10-27 12:42:43','2022-10-27 12:42:43',40719,NULL),(4,7562,0.0000,0.0000,10,1,NULL,NULL,NULL,'2023-04-06 11:02:53','2023-04-06 11:02:53',40720,NULL),(5,7562,0.0000,0.0000,10,1,NULL,NULL,NULL,'2023-04-11 19:46:47','2023-04-11 19:46:47',40721,NULL),(6,7562,0.0000,0.0000,10,1,NULL,NULL,NULL,'2023-04-14 16:09:28','2023-04-14 16:09:28',40740,NULL),(7,7562,0.0000,0.0000,10,1,NULL,NULL,NULL,'2023-05-29 16:00:37','2023-05-29 16:00:37',40766,NULL),(9,7562,0.0000,0.0000,10,1,NULL,NULL,NULL,'2023-06-13 15:53:53','2023-06-13 15:53:53',40778,NULL);

--
-- Table structure for table `persons`
--

CREATE TABLE `persons` (
  `id` int(10) unsigned NOT NULL AUTO_INCREMENT,
  `user_id` int(10) unsigned DEFAULT NULL,
  `field_name1` varchar(255) COLLATE utf8mb4_unicode_ci NOT NULL,
  `fantasy_name` text COLLATE utf8mb4_unicode_ci,
  `codigo` varchar(191) COLLATE utf8mb4_unicode_ci DEFAULT NULL,
  `field_name2` varchar(255) COLLATE utf8mb4_unicode_ci DEFAULT NULL,
  `document_type` varchar(10) COLLATE utf8mb4_unicode_ci NOT NULL,
  `document` varchar(30) COLLATE utf8mb4_unicode_ci NOT NULL,
  `cond_frente_al_iva_id` int(10) unsigned DEFAULT NULL,
  `country_id` int(10) unsigned DEFAULT NULL,
  `state_id` int(10) unsigned DEFAULT NULL,
  `zone_id` int(10) unsigned DEFAULT NULL,
  `plan_cuenta_id` int(10) unsigned DEFAULT NULL,
  `iva_creditos_tipo_id` int(10) unsigned DEFAULT NULL,
  `created_at` timestamp NULL DEFAULT NULL,
  `updated_at` timestamp NULL DEFAULT NULL,
  `activity_id` int(10) unsigned DEFAULT NULL,
  `address` varchar(500) COLLATE utf8mb4_unicode_ci DEFAULT NULL,
  `localidad_id` int(10) unsigned DEFAULT NULL,
  `person_type_id` int(10) unsigned DEFAULT NULL,
  `fa_iva_condition_id` int(10) unsigned DEFAULT NULL,
  `fa_codigo_postal` varchar(180) COLLATE utf8mb4_unicode_ci DEFAULT NULL,
  `comentario` longtext COLLATE utf8mb4_unicode_ci,
  `email` varchar(180) COLLATE utf8mb4_unicode_ci DEFAULT NULL,
  `deleted_at` timestamp NULL DEFAULT NULL,
  PRIMARY KEY (`id`),
  UNIQUE KEY `document_UNIQUE` (`document`),
  KEY `persons_zone_id_foreign` (`zone_id`),
  KEY `persons_person_type_id_foreign` (`person_type_id`),
  KEY `persons_plan_cuenta_id_foreign` (`plan_cuenta_id`),
  KEY `persons_iva_creditos_tipo_id_foreign` (`iva_creditos_tipo_id`),
  KEY `persons_cond_frente_al_iva_id_foreign` (`cond_frente_al_iva_id`),
  KEY `persons_localidad_id_foreign` (`localidad_id`),
  CONSTRAINT `persons_cond_frente_al_iva_id_foreign` FOREIGN KEY (`cond_frente_al_iva_id`) REFERENCES `condicion_frente_al_iva` (`id`),
  CONSTRAINT `persons_iva_creditos_tipo_id_foreign` FOREIGN KEY (`iva_creditos_tipo_id`) REFERENCES `iva_creditos_tipos` (`id`),
  CONSTRAINT `persons_localidad_id_foreign` FOREIGN KEY (`localidad_id`) REFERENCES `localidad` (`id`),
  CONSTRAINT `persons_person_type_id_foreign` FOREIGN KEY (`person_type_id`) REFERENCES `person_types` (`id`),
  CONSTRAINT `persons_plan_cuenta_id_foreign` FOREIGN KEY (`plan_cuenta_id`) REFERENCES `conta_plan_cuenta` (`id`),
  CONSTRAINT `persons_zone_id_foreign` FOREIGN KEY (`zone_id`) REFERENCES `zones` (`id`)
) ENGINE=InnoDB AUTO_INCREMENT=40796 DEFAULT CHARSET=utf8mb4 COLLATE=utf8mb4_unicode_ci;

--
-- Dumping data for table `persons`
--

INSERT INTO `persons` VALUES (3,NULL,'Larzabal Hernan',NULL,'3',NULL,'cuit','20-28468190-9',NULL,NULL,22,22,NULL,NULL,'2018-05-12 20:55:07','2018-05-14 01:54:15',1,NULL,NULL,1,NULL,NULL,NULL,NULL,NULL),(40717,NULL,'Taxes Software',NULL,'40717',NULL,'cuit','30-71625124-8',NULL,NULL,22,22,NULL,NULL,NULL,NULL,NULL,NULL,NULL,2,NULL,NULL,NULL,NULL,NULL),(40718,NULL,'Consumidor Final',NULL,'40718',NULL,'cuit','20-11111111-2',NULL,NULL,22,22,NULL,NULL,NULL,NULL,NULL,NULL,NULL,NULL,NULL,NULL,NULL,NULL,NULL),(40719,7562,'Sosa Alejandro',NULL,'40719',NULL,'cuit','20-36746223-0',NULL,NULL,NULL,NULL,NULL,NULL,'2022-08-18 02:39:49','2022-10-27 12:42:43',NULL,NULL,NULL,1,NULL,NULL,NULL,NULL,NULL),(40720,7562,'BIO ANALITICA DR.E.BISOGNO SRL',NULL,'40720',NULL,'cuit','30-71231080-0',NULL,NULL,NULL,NULL,NULL,NULL,'2023-04-06 10:51:28','2023-04-06 10:51:28',NULL,'SAN MARTIN 92 Piso:PB Dpto:3',NULL,2,NULL,NULL,NULL,NULL,NULL),(40721,7562,'SUCESION DE AVILA CIRO JACINTO',NULL,'40721',NULL,'cuit','20-06897295-8',NULL,NULL,NULL,NULL,NULL,NULL,'2023-04-11 19:46:47','2023-04-11 19:46:47',NULL,'CORONOLE PLAZA 371 - GENERAL SAN MARTIN - MENDOZA',NULL,1,NULL,NULL,NULL,NULL,NULL),(40722,7562,'FEMACO SOCIEDAD ANONIMA',NULL,'40722',NULL,'cuil','30-70733722-9',NULL,NULL,NULL,NULL,NULL,NULL,'2023-04-11 19:52:55','2023-04-11 19:52:55',NULL,NULL,NULL,NULL,NULL,NULL,NULL,NULL,NULL),(40723,7562,'RUBIO JAVIER ALEJANDRO',NULL,'40723',NULL,'cuil','20-17509361-4',NULL,NULL,NULL,NULL,NULL,NULL,'2023-04-11 19:52:55','2023-04-11 19:52:55',NULL,NULL,NULL,NULL,NULL,NULL,NULL,NULL,NULL),(40724,7562,'GONZALEZ MANUEL',NULL,'40724',NULL,'cuil','20-08456815-6',NULL,NULL,NULL,NULL,NULL,NULL,'2023-04-11 19:52:56','2023-04-11 19:52:56',NULL,NULL,NULL,NULL,NULL,NULL,NULL,NULL,NULL),(40725,7562,'GONZALEZ CRISTIAN JAVIER',NULL,'40725',NULL,'cuil','20-24161351-9',NULL,NULL,NULL,NULL,NULL,NULL,'2023-04-11 19:52:56','2023-04-11 19:52:56',NULL,NULL,NULL,NULL,NULL,NULL,NULL,NULL,NULL),(40726,7562,'AGRICOLA DEL ESTE S A',NULL,'40726',NULL,'cuil','30-67207167-0',NULL,NULL,NULL,NULL,NULL,NULL,'2023-04-11 19:52:56','2023-04-11 19:52:56',NULL,NULL,NULL,NULL,NULL,NULL,NULL,NULL,NULL),(40727,7562,'AGRO-COSECHA SA',NULL,'40727',NULL,'cuit','30-71208699-4',NULL,NULL,NULL,NULL,NULL,NULL,'2023-04-11 19:55:29','2023-04-11 19:55:29',NULL,NULL,NULL,NULL,NULL,NULL,NULL,NULL,NULL),(40728,7562,'COMBUSTIBLE BARCELO SRL',NULL,'40728',NULL,'cuit','33-70833259-9',NULL,NULL,NULL,NULL,NULL,NULL,'2023-04-11 19:55:29','2023-04-11 19:55:29',NULL,NULL,NULL,NULL,NULL,NULL,NULL,NULL,NULL),(40729,7562,'guerrero isable chacon y otros',NULL,'40729',NULL,'cuit','30-63483048-7',NULL,NULL,NULL,NULL,NULL,NULL,'2023-04-11 19:55:29','2023-04-11 19:55:29',NULL,NULL,NULL,NULL,NULL,NULL,NULL,NULL,NULL),(40730,7562,'ALLUB HERMANOS SRL',NULL,'40730',NULL,'cuit','30-52765133-2',NULL,NULL,NULL,NULL,NULL,NULL,'2023-04-11 19:55:30','2023-04-11 19:55:30',NULL,NULL,NULL,NULL,NULL,NULL,NULL,NULL,NULL),(40731,7562,'ANALIZAR S A',NULL,'40731',NULL,'cuil','30-67979923-8',NULL,NULL,NULL,NULL,NULL,NULL,'2023-04-14 11:52:25','2023-04-14 11:52:25',NULL,NULL,NULL,NULL,NULL,NULL,NULL,NULL,NULL),(40732,7562,'CANNISTRA MARCELO FABIAN',NULL,'40732',NULL,'dni','20335917',NULL,NULL,NULL,NULL,NULL,NULL,'2023-04-14 11:52:25','2023-04-14 11:52:25',NULL,NULL,NULL,NULL,NULL,NULL,NULL,NULL,NULL),(40733,7562,'CORDOBA FLORENCIA',NULL,'40733',NULL,'dni','36859921',NULL,NULL,NULL,NULL,NULL,NULL,'2023-04-14 11:52:25','2023-04-14 11:52:25',NULL,NULL,NULL,NULL,NULL,NULL,NULL,NULL,NULL),(40734,7562,'ROSALES JOSE EFRAIN',NULL,'40734',NULL,'cuil','20-21932713-8',NULL,NULL,NULL,NULL,NULL,NULL,'2023-04-14 11:52:25','2023-04-14 11:52:25',NULL,NULL,NULL,NULL,NULL,NULL,NULL,NULL,NULL),(40735,7562,'ASOCIACION BIOQUIMICA DE MENDOZA',NULL,'40735',NULL,'cuil','30-54550865-2',NULL,NULL,NULL,NULL,NULL,NULL,'2023-04-14 11:52:25','2023-04-14 11:52:25',NULL,NULL,NULL,NULL,NULL,NULL,NULL,NULL,NULL);
INSERT INTO `persons` VALUES (40736,7562,'LABORATORIO MANTEL S.A.',NULL,'40736',NULL,'cuil','30-55931030-8',NULL,NULL,NULL,NULL,NULL,NULL,'2023-04-14 11:52:35','2023-04-14 11:52:35',NULL,NULL,NULL,NULL,NULL,NULL,NULL,NULL,NULL),(40737,7562,'TELEFONICA DE ARGENTINA SA',NULL,'40737',NULL,'cuil','30-63945397-5',NULL,NULL,NULL,NULL,NULL,NULL,'2023-04-14 11:52:35','2023-04-14 11:52:35',NULL,NULL,NULL,NULL,NULL,NULL,NULL,NULL,NULL),(40738,7562,'COPYDIR CUYO DE BOLSA ALICIA ESTHER Y BRONZINI NORMA BEATRIZ',NULL,'40738',NULL,'cuil','30-68928443-0',NULL,NULL,NULL,NULL,NULL,NULL,'2023-04-14 11:52:35','2023-04-14 11:52:35',NULL,NULL,NULL,NULL,NULL,NULL,NULL,NULL,NULL),(40739,7562,'TYSA-LAMCEF - UNION TRANSITORIA DE EMPRESAS',NULL,'40739',NULL,'cuil','30-71138869-5',NULL,NULL,NULL,NULL,NULL,NULL,'2023-04-14 11:52:35','2023-04-14 11:52:35',NULL,NULL,NULL,NULL,NULL,NULL,NULL,NULL,NULL),(40740,7562,'ALCAINO, MARCELO CRISTIAN',NULL,'40740',NULL,'cuit','20-22649338-8',NULL,NULL,NULL,NULL,NULL,NULL,'2023-04-14 16:09:27','2023-04-14 16:09:27',NULL,'ALVEAR 159GENERAL SAN MARTINMENDOZA',NULL,1,NULL,NULL,NULL,NULL,NULL),(40741,7562,'99-99999999-9',NULL,'40741',NULL,'cuit','99-99999999-9',NULL,NULL,NULL,NULL,NULL,NULL,'2023-04-14 16:12:17','2023-04-14 16:12:17',NULL,NULL,NULL,NULL,NULL,NULL,NULL,NULL,NULL),(40742,7562,'33429828',NULL,'40742',NULL,'dni','33429828',NULL,NULL,NULL,NULL,NULL,NULL,'2023-04-14 16:12:18','2023-04-14 16:12:18',NULL,NULL,NULL,NULL,NULL,NULL,NULL,NULL,NULL),(40743,7562,'WITHS SA',NULL,'40743',NULL,'cuit','30-71618117-7',NULL,NULL,NULL,NULL,NULL,NULL,'2023-04-14 16:20:00','2023-04-14 16:20:00',NULL,NULL,NULL,NULL,NULL,NULL,NULL,NULL,NULL),(40744,7562,'FONTANA SEBASTIAN',NULL,'40744',NULL,'cuit','20-32130467-3',NULL,NULL,NULL,NULL,NULL,NULL,'2023-04-14 16:20:01','2023-04-14 16:20:01',NULL,NULL,NULL,NULL,NULL,NULL,NULL,NULL,NULL),(40745,7562,'MERCADOLIBRE S.R.L.',NULL,'40745',NULL,'cuit','30-70308853-4',NULL,NULL,NULL,NULL,NULL,NULL,'2023-04-14 16:20:01','2023-04-14 16:20:01',NULL,NULL,NULL,NULL,NULL,NULL,NULL,NULL,NULL),(40746,7562,'SANITARIOS SALTA S. R. L.',NULL,'40746',NULL,'cuit','30-71768468-7',NULL,NULL,NULL,NULL,NULL,NULL,'2023-04-14 16:20:01','2023-04-14 16:20:01',NULL,NULL,NULL,NULL,NULL,NULL,NULL,NULL,NULL),(40747,7562,'TOYOTA PLAN ARGENTINA S.A.DE AHORRO PARA FINES DETERMINADOS',NULL,'40747',NULL,'cuit','30-71439695-8',NULL,NULL,NULL,NULL,NULL,NULL,'2023-04-14 16:20:01','2023-04-14 16:20:01',NULL,NULL,NULL,NULL,NULL,NULL,NULL,NULL,NULL),(40748,7562,'TRUVER S. A.',NULL,'40748',NULL,'cuit','30-70863728-5',NULL,NULL,NULL,NULL,NULL,NULL,'2023-04-14 16:20:01','2023-04-14 16:20:01',NULL,NULL,NULL,NULL,NULL,NULL,NULL,NULL,NULL),(40749,7562,'TRIDY S R L',NULL,'40749',NULL,'cuit','30-69834703-8',NULL,NULL,NULL,NULL,NULL,NULL,'2023-04-14 16:20:01','2023-04-14 16:20:01',NULL,NULL,NULL,NULL,NULL,NULL,NULL,NULL,NULL),(40750,7562,'NEGOCIOS Y SERVICIOS S A',NULL,'40750',NULL,'cuit','30-64281320-6',NULL,NULL,NULL,NULL,NULL,NULL,'2023-04-14 16:20:01','2023-04-14 16:20:01',NULL,NULL,NULL,NULL,NULL,NULL,NULL,NULL,NULL),(40751,7562,'SHARAB S.A.',NULL,'40751',NULL,'cuit','30-70830810-9',NULL,NULL,NULL,NULL,NULL,NULL,'2023-04-14 16:20:01','2023-04-14 16:20:01',NULL,NULL,NULL,NULL,NULL,NULL,NULL,NULL,NULL),(40752,7562,'POSNET SOCIEDAD DE RESPONSABILIDAD LIMITADA',NULL,'40752',NULL,'cuit','30-62017749-7',NULL,NULL,NULL,NULL,NULL,NULL,'2023-04-14 16:20:01','2023-04-14 16:20:01',NULL,NULL,NULL,NULL,NULL,NULL,NULL,NULL,NULL),(40753,7562,'MATERIALES BAMPINE S. A. S.',NULL,'40753',NULL,'cuit','33-71761266-9',NULL,NULL,NULL,NULL,NULL,NULL,'2023-04-14 16:20:01','2023-04-14 16:20:01',NULL,NULL,NULL,NULL,NULL,NULL,NULL,NULL,NULL),(40754,7562,'LOPEZ JESUS EMIR',NULL,'40754',NULL,'dni','40271849',NULL,NULL,NULL,NULL,NULL,NULL,'2023-05-17 11:08:57','2023-05-17 11:08:57',NULL,NULL,NULL,NULL,NULL,NULL,NULL,NULL,NULL),(40755,7562,'MORENO MAGDALENA MARIA MERCEDES ',NULL,'40755',NULL,'dni','18391358',NULL,NULL,NULL,NULL,NULL,NULL,'2023-05-17 11:08:57','2023-05-17 11:08:57',NULL,NULL,NULL,NULL,NULL,NULL,NULL,NULL,NULL);
INSERT INTO `persons` VALUES (40756,7562,'YUDICA TERESA ELBA',NULL,'40756',NULL,'cuil','27-04893538-4',NULL,NULL,NULL,NULL,NULL,NULL,'2023-05-17 11:08:57','2023-05-17 11:08:57',NULL,NULL,NULL,NULL,NULL,NULL,NULL,NULL,NULL),(40757,7562,'HOSPITAL LUIS LAGGOMAGGIORE',NULL,'40757',NULL,'cuil','30-99928229-2',NULL,NULL,NULL,NULL,NULL,NULL,'2023-05-17 11:08:58','2023-05-17 11:08:58',NULL,NULL,NULL,NULL,NULL,NULL,NULL,NULL,NULL),(40758,7562,'VEGA CEPEDA PAMELA DEL PILAR',NULL,'40758',NULL,'cuil','23-92727491-4',NULL,NULL,NULL,NULL,NULL,NULL,'2023-05-17 11:09:08','2023-05-17 11:09:08',NULL,NULL,NULL,NULL,NULL,NULL,NULL,NULL,NULL),(40759,7562,'UMUNNA',NULL,'40759',NULL,'cuit','30-71630214-4',1,NULL,23,23,NULL,NULL,'2023-05-17 13:33:12','2023-05-17 13:33:12',NULL,'BOULOGNE SUR MER 242',NULL,2,NULL,NULL,NULL,NULL,NULL),(40760,7562,'SUCESION DE GONZALEZ PASCUAL ARTURO ADM DEF GONZALEZ ARTURO ',NULL,'40760',NULL,'cuil','23-08369283-9',NULL,NULL,NULL,NULL,NULL,NULL,'2023-05-17 15:15:25','2023-05-17 15:15:25',NULL,NULL,NULL,NULL,NULL,NULL,NULL,NULL,NULL),(40761,7562,'TABACHNIK MARIO',NULL,'40761',NULL,'cuil','20-07936387-2',NULL,NULL,NULL,NULL,NULL,NULL,'2023-05-17 15:15:26','2023-05-17 15:15:26',NULL,NULL,NULL,NULL,NULL,NULL,NULL,NULL,NULL),(40762,7562,'FABRI HORMIG S.R.L.',NULL,'40762',NULL,'cuil','30-70921949-5',NULL,NULL,NULL,NULL,NULL,NULL,'2023-05-17 15:15:26','2023-05-17 15:15:26',NULL,NULL,NULL,NULL,NULL,NULL,NULL,NULL,NULL),(40763,7562,'ESTACION DE SERVICIO JOCOLI S R L',NULL,'40763',NULL,'cuil','30-68420406-4',NULL,NULL,NULL,NULL,NULL,NULL,'2023-05-17 15:15:26','2023-05-17 15:15:26',NULL,NULL,NULL,NULL,NULL,NULL,NULL,NULL,NULL),(40764,7562,'ANDRES MERINO PINTURERIAS S.A.',NULL,'40764',NULL,'cuil','30-70859144-7',NULL,NULL,NULL,NULL,NULL,NULL,'2023-05-17 15:15:26','2023-05-17 15:15:26',NULL,NULL,NULL,NULL,NULL,NULL,NULL,NULL,NULL),(40765,7562,'ERARIO HNOS. S.R.L.',NULL,'40765',NULL,'cuil','30-71646268-0',NULL,NULL,NULL,NULL,NULL,NULL,'2023-05-17 15:15:26','2023-05-17 15:15:26',NULL,NULL,NULL,NULL,NULL,NULL,NULL,NULL,NULL),(40766,7562,'MEDICUMBRES SAS',NULL,'40766',NULL,'cuit','30-71748056-9',NULL,NULL,NULL,NULL,NULL,NULL,'2023-05-29 16:00:37','2023-05-29 16:00:37',NULL,NULL,NULL,2,NULL,NULL,NULL,NULL,NULL),(40767,7562,'ROMERO COSTA GONZALO GASTON',NULL,'40767',NULL,'cuit','20-28262738-9',NULL,NULL,NULL,NULL,NULL,NULL,'2023-06-12 15:18:46','2023-06-12 15:18:46',NULL,NULL,NULL,NULL,NULL,NULL,NULL,NULL,NULL),(40768,7562,'ENTRE PAR S R L',NULL,'40768',NULL,'cuit','30-68103495-8',NULL,NULL,NULL,NULL,NULL,NULL,'2023-06-12 15:18:46','2023-06-12 15:18:46',NULL,NULL,NULL,NULL,NULL,NULL,NULL,NULL,NULL),(40769,7562,'I.M.PLE.S.R.L.',NULL,'40769',NULL,'cuit','33-70804442-9',NULL,NULL,NULL,NULL,NULL,NULL,'2023-06-12 15:18:46','2023-06-12 15:18:46',NULL,NULL,NULL,NULL,NULL,NULL,NULL,NULL,NULL),(40770,7562,'COBRANZAS REGIONALES S.A.',NULL,'40770',NULL,'cuit','30-70721370-8',NULL,NULL,NULL,NULL,NULL,NULL,'2023-06-12 15:18:47','2023-06-12 15:18:47',NULL,NULL,NULL,NULL,NULL,NULL,NULL,NULL,NULL),(40771,7562,'RODRIGUEZ HNOS TRANSPORTE S.A.',NULL,'40771',NULL,'cuit','30-71215569-4',NULL,NULL,NULL,NULL,NULL,NULL,'2023-06-12 15:34:26','2023-06-12 15:34:26',NULL,NULL,NULL,NULL,NULL,NULL,NULL,NULL,NULL),(40772,7562,'CONSEJO PROFESIONAL DE CIENCIAS ECONOMICAS DE MENDOZA',NULL,'40772',NULL,'cuil','33-53331139-9',NULL,NULL,NULL,NULL,NULL,NULL,'2023-06-13 09:03:53','2023-06-13 09:03:53',NULL,NULL,NULL,NULL,NULL,NULL,NULL,NULL,NULL),(40773,7562,'ZARATE NELLY ROSA',NULL,'40773',NULL,'cuit','27-03034951-8',NULL,NULL,NULL,NULL,NULL,NULL,'2023-06-13 09:08:29','2023-06-13 09:08:29',NULL,NULL,NULL,NULL,NULL,NULL,NULL,NULL,NULL),(40774,7562,'14185219',NULL,'40774',NULL,'dni','14185219',NULL,NULL,NULL,NULL,NULL,NULL,'2023-06-13 09:08:29','2023-06-13 09:08:29',NULL,NULL,NULL,NULL,NULL,NULL,NULL,NULL,NULL),(40775,7562,'FIOQUETTA FEDERICO',NULL,'40775',NULL,'cuit','20-25221455-1',NULL,NULL,NULL,NULL,NULL,NULL,'2023-06-13 09:08:29','2023-06-13 09:08:29',NULL,NULL,NULL,NULL,NULL,NULL,NULL,NULL,NULL);
INSERT INTO `persons` VALUES (40776,7562,'MOYA MARTA EDITH',NULL,'40776',NULL,'cuit','23-17243718-4',NULL,NULL,NULL,NULL,NULL,NULL,'2023-06-13 13:07:56','2023-06-13 13:07:56',NULL,NULL,NULL,NULL,NULL,NULL,NULL,NULL,NULL),(40777,7562,'MORON NESTOR ANTONIO',NULL,'40777',NULL,'cuit','20-07662830-1',NULL,NULL,NULL,NULL,NULL,NULL,'2023-06-13 13:07:56','2023-06-13 13:07:56',NULL,NULL,NULL,NULL,NULL,NULL,NULL,NULL,NULL),(40778,7562,'Asociacion civil centro de ingenieros zona este mendoza',NULL,'40778',NULL,'cuit','20-00000000-1',NULL,NULL,NULL,NULL,NULL,NULL,'2023-06-13 15:51:29','2023-06-13 15:51:29',NULL,NULL,NULL,2,NULL,NULL,NULL,NULL,NULL),(40779,7562,'ROBLEDO CHIARA LIZ',NULL,'40779',NULL,'dni','48968263',NULL,NULL,NULL,NULL,NULL,NULL,'2023-07-13 16:17:46','2023-07-13 16:17:46',NULL,NULL,NULL,NULL,NULL,NULL,NULL,NULL,NULL),(40780,7562,'PIZARRO SONIA MARIELA',NULL,'40780',NULL,'dni','23159617',NULL,NULL,NULL,NULL,NULL,NULL,'2023-07-13 16:17:46','2023-07-13 16:17:46',NULL,NULL,NULL,NULL,NULL,NULL,NULL,NULL,NULL),(40781,7562,'RUNI S.R.L',NULL,'40781',NULL,'cuit','30-71119192-1',NULL,NULL,NULL,NULL,NULL,NULL,'2023-07-14 10:26:03','2023-07-14 10:26:03',NULL,NULL,NULL,NULL,NULL,NULL,NULL,NULL,NULL),(40782,7562,'CERAMICA ESTE SOCIEDAD ANONIMA',NULL,'40782',NULL,'cuit','30-70932902-9',NULL,NULL,NULL,NULL,NULL,NULL,'2023-07-14 10:26:04','2023-07-14 10:26:04',NULL,NULL,NULL,NULL,NULL,NULL,NULL,NULL,NULL),(40783,7562,'INSPIRATIONAL GROWTH S. A.',NULL,'40783',NULL,'cuit','30-71603062-4',NULL,NULL,NULL,NULL,NULL,NULL,'2023-07-14 10:26:04','2023-07-14 10:26:04',NULL,NULL,NULL,NULL,NULL,NULL,NULL,NULL,NULL),(40784,7562,'ARION SAS',NULL,'40784',NULL,'cuit','30-71685263-2',NULL,NULL,NULL,NULL,NULL,NULL,'2023-07-14 10:26:05','2023-07-14 10:26:05',NULL,NULL,NULL,NULL,NULL,NULL,NULL,NULL,NULL),(40785,7562,'CHANO   S. A. S.',NULL,'40785',NULL,'cuit','30-71666385-6',NULL,NULL,NULL,NULL,NULL,NULL,'2023-07-14 10:26:05','2023-07-14 10:26:05',NULL,NULL,NULL,NULL,NULL,NULL,NULL,NULL,NULL),(40786,7562,'URRUTIA MANUEL',NULL,'40786',NULL,'cuil','23-06890412-9',NULL,NULL,NULL,NULL,NULL,NULL,'2023-07-14 11:44:25','2023-07-14 11:44:25',NULL,NULL,NULL,NULL,NULL,NULL,NULL,NULL,NULL),(40787,7562,'HIDRONEUMATICA SARMIENTO S.A.',NULL,'40787',NULL,'cuil','30-70782953-9',NULL,NULL,NULL,NULL,NULL,NULL,'2023-07-14 11:44:26','2023-07-14 11:44:26',NULL,NULL,NULL,NULL,NULL,NULL,NULL,NULL,NULL),(40788,7562,'ESCUDERO JUAN PABLO',NULL,'40788',NULL,'cuil','20-29539009-4',NULL,NULL,NULL,NULL,NULL,NULL,'2023-07-14 11:44:26','2023-07-14 11:44:26',NULL,NULL,NULL,NULL,NULL,NULL,NULL,NULL,NULL),(40789,7562,'FULL MASCOTAS S. A. S.',NULL,'40789',NULL,'cuil','30-71802519-9',NULL,NULL,NULL,NULL,NULL,NULL,'2023-08-12 11:15:50','2023-08-12 11:15:50',NULL,NULL,NULL,NULL,NULL,NULL,NULL,NULL,NULL),(40792,7562,'39082000',NULL,'40792',NULL,'dni','39082000',NULL,NULL,NULL,NULL,NULL,NULL,'2023-08-12 12:18:39','2023-08-12 12:18:39',NULL,NULL,NULL,NULL,NULL,NULL,NULL,NULL,NULL),(40793,7562,'CONSEC SOLUCIONES CONSTRUCTIVAS  SOCIEDAD ANONIMA',NULL,'40793',NULL,'cuil','33-70922457-9',NULL,NULL,NULL,NULL,NULL,NULL,'2023-08-12 12:18:56','2023-08-12 12:18:56',NULL,NULL,NULL,NULL,NULL,NULL,NULL,NULL,NULL),(40795,7562,'MIGUEL MARABINI S.A.',NULL,'40795',NULL,'cuit','30-71005192-1',1,NULL,10,10,NULL,NULL,'2023-08-12 12:39:08','2023-08-12 12:39:08',NULL,'LEANDRO N. ALEM 1115',NULL,2,NULL,NULL,NULL,NULL,NULL);

--
-- Table structure for table `persons_datos`
--

CREATE TABLE `persons_datos` (
  `id` bigint(20) unsigned NOT NULL AUTO_INCREMENT,
  `user_id` int(10) unsigned DEFAULT NULL,
  `person_id` int(10) unsigned NOT NULL,
  `dato_1` longtext COLLATE utf8mb4_unicode_ci,
  `dato_2` longtext COLLATE utf8mb4_unicode_ci,
  `dato_3` longtext COLLATE utf8mb4_unicode_ci,
  `dato_4` longtext COLLATE utf8mb4_unicode_ci,
  `dato_5` longtext COLLATE utf8mb4_unicode_ci,
  `created_at` timestamp NULL DEFAULT NULL,
  `updated_at` timestamp NULL DEFAULT NULL,
  `deleted_at` timestamp NULL DEFAULT NULL,
  PRIMARY KEY (`id`),
  KEY `persons_datos_person_id_foreign` (`person_id`),
  CONSTRAINT `persons_datos_person_id_foreign` FOREIGN KEY (`person_id`) REFERENCES `persons` (`id`)
) ENGINE=InnoDB DEFAULT CHARSET=utf8mb4 COLLATE=utf8mb4_unicode_ci;

--
-- Dumping data for table `persons_datos`
--


--
-- Table structure for table `persons_sicore`
--

CREATE TABLE `persons_sicore` (
  `id` bigint(20) unsigned NOT NULL AUTO_INCREMENT,
  `person_id` int(10) unsigned NOT NULL,
  `is_inscripto` tinyint(1) NOT NULL,
  `sicore_regimen_id` bigint(20) unsigned NOT NULL,
  `deleted_at` timestamp NULL DEFAULT NULL,
  `created_at` timestamp NULL DEFAULT NULL,
  `updated_at` timestamp NULL DEFAULT NULL,
  PRIMARY KEY (`id`),
  KEY `persons_sicore_person_id_foreign` (`person_id`),
  KEY `persons_sicore_sicore_regimen_id_foreign` (`sicore_regimen_id`),
  CONSTRAINT `persons_sicore_person_id_foreign` FOREIGN KEY (`person_id`) REFERENCES `persons` (`id`),
  CONSTRAINT `persons_sicore_sicore_regimen_id_foreign` FOREIGN KEY (`sicore_regimen_id`) REFERENCES `sicore_regimenes` (`id`)
) ENGINE=InnoDB DEFAULT CHARSET=utf8mb4 COLLATE=utf8mb4_unicode_ci;

--
-- Dumping data for table `persons_sicore`
--


--
-- Table structure for table `plazo_de_pago`
--

CREATE TABLE `plazo_de_pago` (
  `id` bigint(20) unsigned NOT NULL AUTO_INCREMENT,
  `user_id` int(10) unsigned DEFAULT NULL,
  `descripcion` text COLLATE utf8mb4_unicode_ci NOT NULL,
  `habilitado` tinyint(1) NOT NULL DEFAULT '1',
  `created_at` timestamp NULL DEFAULT NULL,
  `updated_at` timestamp NULL DEFAULT NULL,
  `deleted_at` timestamp NULL DEFAULT NULL,
  PRIMARY KEY (`id`)
) ENGINE=InnoDB AUTO_INCREMENT=7 DEFAULT CHARSET=utf8mb4 COLLATE=utf8mb4_unicode_ci;

--
-- Dumping data for table `plazo_de_pago`
--

INSERT INTO `plazo_de_pago` VALUES (1,NULL,'0 dias FF',1,NULL,NULL,NULL),(2,NULL,'7 dias FF',1,NULL,NULL,NULL),(3,NULL,'15 dias FF',1,NULL,NULL,NULL),(4,NULL,'30 dias FF',1,NULL,NULL,NULL),(5,NULL,'45 dias FF',1,NULL,NULL,NULL),(6,NULL,'60 dias FF',1,NULL,NULL,NULL);

--
-- Table structure for table `presupuesto_config`
--

CREATE TABLE `presupuesto_config` (
  `id` int(10) unsigned NOT NULL AUTO_INCREMENT,
  `user_id` int(10) unsigned DEFAULT NULL,
  `person_id` int(10) unsigned NOT NULL,
  `num_inicial` int(10) unsigned NOT NULL DEFAULT '0',
  `created_at` timestamp NULL DEFAULT NULL,
  `updated_at` timestamp NULL DEFAULT NULL,
  `deleted_at` timestamp NULL DEFAULT NULL,
  PRIMARY KEY (`id`),
  KEY `presupuesto_config_person_id_foreign` (`person_id`),
  CONSTRAINT `presupuesto_config_person_id_foreign` FOREIGN KEY (`person_id`) REFERENCES `persons` (`id`)
) ENGINE=InnoDB AUTO_INCREMENT=2 DEFAULT CHARSET=utf8mb4 COLLATE=utf8mb4_unicode_ci;

--
-- Dumping data for table `presupuesto_config`
--

INSERT INTO `presupuesto_config` VALUES (1,7562,40719,0,'2022-10-27 12:42:57','2022-10-27 12:42:57',NULL);

--
-- Table structure for table `presupuestos`
--

CREATE TABLE `presupuestos` (
  `id` int(10) unsigned NOT NULL AUTO_INCREMENT,
  `user_id` int(10) unsigned NOT NULL,
  `fecha` date NOT NULL DEFAULT '2019-12-23',
  `punto_venta_id` int(10) unsigned NOT NULL,
  `system_tax_id` int(10) unsigned NOT NULL DEFAULT '7',
  `numero` int(10) unsigned NOT NULL,
  `person_id` int(10) unsigned NOT NULL,
  `person_id_receptor` int(10) unsigned NOT NULL DEFAULT '3',
  `texto` longtext COLLATE utf8mb4_unicode_ci,
  `iva_si_no` tinyint(1) NOT NULL DEFAULT '0',
  `neto` decimal(16,2) NOT NULL DEFAULT '0.00',
  `iva` decimal(16,2) NOT NULL DEFAULT '0.00',
  `total` decimal(16,2) NOT NULL DEFAULT '0.00',
  `comentario` varchar(191) COLLATE utf8mb4_unicode_ci DEFAULT NULL,
  `created_at` timestamp NULL DEFAULT NULL,
  `updated_at` timestamp NULL DEFAULT NULL,
  `deleted_at` timestamp NULL DEFAULT NULL,
  PRIMARY KEY (`id`),
  KEY `presupuestos_punto_venta_id_foreign` (`punto_venta_id`),
  KEY `presupuestos_person_id_foreign` (`person_id`),
  KEY `presupuestos_person_id_receptor_foreign` (`person_id_receptor`),
  KEY `presupuestos_system_tax_id_foreign` (`system_tax_id`),
  CONSTRAINT `presupuestos_person_id_foreign` FOREIGN KEY (`person_id`) REFERENCES `persons` (`id`),
  CONSTRAINT `presupuestos_person_id_receptor_foreign` FOREIGN KEY (`person_id_receptor`) REFERENCES `persons` (`id`),
  CONSTRAINT `presupuestos_punto_venta_id_foreign` FOREIGN KEY (`punto_venta_id`) REFERENCES `fact_elec_puntos_venta` (`id`),
  CONSTRAINT `presupuestos_system_tax_id_foreign` FOREIGN KEY (`system_tax_id`) REFERENCES `system_taxes` (`id`)
) ENGINE=InnoDB DEFAULT CHARSET=utf8mb4 COLLATE=utf8mb4_unicode_ci;

--
-- Dumping data for table `presupuestos`
--


--
-- Table structure for table `querys`
--

CREATE TABLE `querys` (
  `id` bigint(20) unsigned NOT NULL AUTO_INCREMENT,
  `user_id` int(10) unsigned DEFAULT NULL,
  `descripcion` varchar(191) COLLATE utf8mb4_unicode_ci DEFAULT NULL,
  `habilitado` tinyint(1) NOT NULL DEFAULT '1',
  `created_at` timestamp NULL DEFAULT NULL,
  `updated_at` timestamp NULL DEFAULT NULL,
  `deleted_at` timestamp NULL DEFAULT NULL,
  PRIMARY KEY (`id`)
) ENGINE=InnoDB AUTO_INCREMENT=2 DEFAULT CHARSET=utf8mb4 COLLATE=utf8mb4_unicode_ci;

--
-- Dumping data for table `querys`
--

INSERT INTO `querys` VALUES (1,NULL,'Factura Electronica Masiva Productos',1,'2022-08-17 20:40:15','2022-08-17 20:40:15',NULL);

--
-- Table structure for table `querys_details`
--

CREATE TABLE `querys_details` (
  `id` bigint(20) unsigned NOT NULL AUTO_INCREMENT,
  `user_id` int(10) unsigned DEFAULT NULL,
  `person_id` int(10) unsigned DEFAULT NULL,
  `query_id` bigint(20) unsigned NOT NULL,
  `descripcion` longtext COLLATE utf8mb4_unicode_ci,
  `created_at` timestamp NULL DEFAULT NULL,
  `updated_at` timestamp NULL DEFAULT NULL,
  `deleted_at` timestamp NULL DEFAULT NULL,
  PRIMARY KEY (`id`),
  KEY `querys_details_query_id_foreign` (`query_id`),
  KEY `querys_details_person_id_foreign` (`person_id`),
  CONSTRAINT `querys_details_person_id_foreign` FOREIGN KEY (`person_id`) REFERENCES `persons` (`id`),
  CONSTRAINT `querys_details_query_id_foreign` FOREIGN KEY (`query_id`) REFERENCES `querys` (`id`)
) ENGINE=InnoDB DEFAULT CHARSET=utf8mb4 COLLATE=utf8mb4_unicode_ci;

--
-- Dumping data for table `querys_details`
--


--
-- Table structure for table `queue_proceso_resultado`
--

CREATE TABLE `queue_proceso_resultado` (
  `id` int(10) unsigned NOT NULL AUTO_INCREMENT,
  `user_id` int(10) unsigned DEFAULT NULL,
  `queue_proceso_id` int(10) unsigned DEFAULT NULL,
  `resultado` longtext COLLATE utf8mb4_unicode_ci,
  `created_at` timestamp NULL DEFAULT NULL,
  `updated_at` timestamp NULL DEFAULT NULL,
  `deleted_at` timestamp NULL DEFAULT NULL,
  PRIMARY KEY (`id`),
  KEY `queue_proceso_resultado_queue_proceso_id_foreign` (`queue_proceso_id`),
  CONSTRAINT `queue_proceso_resultado_queue_proceso_id_foreign` FOREIGN KEY (`queue_proceso_id`) REFERENCES `queue_procesos` (`id`)
) ENGINE=InnoDB DEFAULT CHARSET=utf8mb4 COLLATE=utf8mb4_unicode_ci;

--
-- Dumping data for table `queue_proceso_resultado`
--


--
-- Table structure for table `queue_procesos`
--

CREATE TABLE `queue_procesos` (
  `id` int(10) unsigned NOT NULL AUTO_INCREMENT,
  `user_id` int(10) unsigned DEFAULT NULL,
  `descripcion` text COLLATE utf8mb4_unicode_ci NOT NULL,
  `created_at` timestamp NULL DEFAULT NULL,
  `updated_at` timestamp NULL DEFAULT NULL,
  `deleted_at` timestamp NULL DEFAULT NULL,
  PRIMARY KEY (`id`)
) ENGINE=InnoDB AUTO_INCREMENT=5 DEFAULT CHARSET=utf8mb4 COLLATE=utf8mb4_unicode_ci;

--
-- Dumping data for table `queue_procesos`
--

INSERT INTO `queue_procesos` VALUES (1,NULL,'Importar - Excel',NULL,NULL,NULL),(2,NULL,'Importar - Mis Comprobantes',NULL,NULL,NULL),(3,NULL,'Importar - Portal IVA','2022-08-17 20:40:16','2022-08-17 20:40:16',NULL),(4,NULL,'Importar - Archivos PEM F8011','2022-08-17 20:40:23','2022-08-17 20:40:23',NULL);

--
-- Table structure for table `receipt_dc_ordenes`
--

CREATE TABLE `receipt_dc_ordenes` (
  `id` bigint(20) unsigned NOT NULL AUTO_INCREMENT,
  `user_id` int(10) unsigned DEFAULT NULL,
  `receipt_id` int(10) unsigned NOT NULL,
  `dc_orden_id` bigint(20) unsigned NOT NULL,
  `dc_orden_id_oc` bigint(20) unsigned NOT NULL,
  `importe` decimal(16,2) NOT NULL DEFAULT '0.00',
  `created_at` timestamp NULL DEFAULT NULL,
  `updated_at` timestamp NULL DEFAULT NULL,
  `deleted_at` timestamp NULL DEFAULT NULL,
  PRIMARY KEY (`id`),
  KEY `receipt_dc_ordenes_receipt_id_foreign` (`receipt_id`),
  KEY `receipt_dc_ordenes_dc_orden_id_foreign` (`dc_orden_id`),
  KEY `receipt_dc_ordenes_dc_orden_id_oc_foreign` (`dc_orden_id_oc`),
  CONSTRAINT `receipt_dc_ordenes_dc_orden_id_foreign` FOREIGN KEY (`dc_orden_id`) REFERENCES `dc_ordenes` (`id`),
  CONSTRAINT `receipt_dc_ordenes_dc_orden_id_oc_foreign` FOREIGN KEY (`dc_orden_id_oc`) REFERENCES `dc_ordenes` (`id`),
  CONSTRAINT `receipt_dc_ordenes_receipt_id_foreign` FOREIGN KEY (`receipt_id`) REFERENCES `receipts` (`id`)
) ENGINE=InnoDB DEFAULT CHARSET=utf8mb4 COLLATE=utf8mb4_unicode_ci;

--
-- Dumping data for table `receipt_dc_ordenes`
--


--
-- Table structure for table `receipt_taxes`
--

CREATE TABLE `receipt_taxes` (
  `id` int(10) unsigned NOT NULL AUTO_INCREMENT,
  `user_id` int(10) unsigned DEFAULT NULL,
  `receipt_id` int(10) unsigned NOT NULL,
  `tax_id` int(10) unsigned DEFAULT NULL,
  `amount` decimal(16,2) NOT NULL,
  `tax_amount` decimal(16,2) NOT NULL DEFAULT '0.00',
  `taxable_iibb` int(11) NOT NULL DEFAULT '0',
  `iva_iibb` int(11) NOT NULL DEFAULT '0',
  `created_at` timestamp NULL DEFAULT NULL,
  `updated_at` timestamp NULL DEFAULT NULL,
  `deleted_at` timestamp NULL DEFAULT NULL,
  PRIMARY KEY (`id`),
  KEY `receipt_taxes_receipt_id_foreign` (`receipt_id`),
  CONSTRAINT `receipt_taxes_receipt_id_foreign` FOREIGN KEY (`receipt_id`) REFERENCES `receipts` (`id`)
) ENGINE=InnoDB AUTO_INCREMENT=957 DEFAULT CHARSET=utf8mb4 COLLATE=utf8mb4_unicode_ci;

--
-- Dumping data for table `receipt_taxes`
--

INSERT INTO `receipt_taxes` VALUES (1,7562,1,2,1272.73,267.27,2,1,'2023-04-11 19:52:55','2023-04-11 19:52:55',NULL),(2,7562,2,2,2613.96,548.93,2,1,'2023-04-11 19:52:55','2023-04-11 19:52:55',NULL),(3,7562,3,2,1652.89,347.11,2,1,'2023-04-11 19:52:56','2023-04-11 19:52:56',NULL),(4,7562,4,2,5330.00,1119.30,2,1,'2023-04-11 19:52:56','2023-04-11 19:52:56',NULL),(5,7562,5,1017,1513.27,0.00,2,1,'2023-04-11 19:52:56','2023-04-11 19:52:56',NULL),(6,7562,5,1,60530.99,6355.75,2,1,'2023-04-11 19:52:56','2023-04-11 19:52:56',NULL),(7,7562,6,2,1818.18,381.82,2,1,'2023-04-11 19:52:56','2023-04-11 19:52:56',NULL),(8,7562,7,1017,1557.52,0.00,2,1,'2023-04-11 19:52:56','2023-04-11 19:52:56',NULL),(9,7562,7,1,62300.89,6541.59,2,1,'2023-04-11 19:52:56','2023-04-11 19:52:56',NULL),(10,7562,8,2,1611.57,338.43,2,1,'2023-04-11 19:52:56','2023-04-11 19:52:56',NULL),(11,7562,9,2,578.51,121.49,2,1,'2023-04-11 19:52:56','2023-04-11 19:52:56',NULL),(12,7562,10,2,743.80,156.20,2,1,'2023-04-11 19:55:29','2023-04-11 19:55:29',NULL),(13,7562,11,2,11621.16,2440.44,2,1,'2023-04-11 19:55:29','2023-04-11 19:55:29',NULL),(14,7562,11,7,939.58,0.00,2,1,'2023-04-11 19:55:29','2023-04-11 19:55:29',NULL),(15,7562,12,2,1392.38,292.40,2,1,'2023-04-11 19:55:29','2023-04-11 19:55:29',NULL),(16,7562,12,7,315.22,0.00,2,1,'2023-04-11 19:55:29','2023-04-11 19:55:29',NULL),(17,7562,13,2,1546.76,324.82,2,1,'2023-04-11 19:55:30','2023-04-11 19:55:30',NULL),(18,7562,13,7,128.41,0.00,2,1,'2023-04-11 19:55:30','2023-04-11 19:55:30',NULL),(19,7562,14,2,2328.21,488.92,2,1,'2023-04-11 19:55:30','2023-04-11 19:55:30',NULL),(20,7562,14,7,183.00,0.00,2,1,'2023-04-11 19:55:30','2023-04-11 19:55:30',NULL),(21,7562,15,2,3880.27,814.86,2,1,'2023-04-11 19:55:30','2023-04-11 19:55:30',NULL),(22,7562,15,7,304.99,0.00,2,1,'2023-04-11 19:55:30','2023-04-11 19:55:30',NULL),(23,7562,16,2,2328.21,488.92,2,1,'2023-04-11 19:55:30','2023-04-11 19:55:30',NULL),(24,7562,16,7,183.00,0.00,2,1,'2023-04-11 19:55:30','2023-04-11 19:55:30',NULL),(25,7562,17,2,3678.95,772.58,2,1,'2023-04-11 19:55:30','2023-04-11 19:55:30',NULL),(26,7562,17,7,548.48,0.00,2,1,'2023-04-11 19:55:30','2023-04-11 19:55:30',NULL),(27,7562,18,2,3678.99,772.59,2,1,'2023-04-11 19:55:30','2023-04-11 19:55:30',NULL),(28,7562,18,7,548.49,0.00,2,1,'2023-04-11 19:55:30','2023-04-11 19:55:30',NULL),(29,7562,19,2,3702.05,777.43,2,1,'2023-04-11 19:55:30','2023-04-11 19:55:30',NULL),(30,7562,19,7,520.57,0.00,2,1,'2023-04-11 19:55:30','2023-04-11 19:55:30',NULL),(31,7562,20,2,4813.25,1010.78,2,1,'2023-04-11 19:55:30','2023-04-11 19:55:30',NULL),(32,7562,20,7,676.04,0.00,2,1,'2023-04-11 19:55:30','2023-04-11 19:55:30',NULL),(33,7562,21,8,5350.00,0.00,2,1,'2023-04-14 11:52:25','2023-04-14 11:52:25',NULL),(34,7562,22,2,2504.14,525.87,2,1,'2023-04-14 11:52:25','2023-04-14 11:52:25',NULL),(35,7562,22,7,0.01,0.00,2,1,'2023-04-14 11:52:25','2023-04-14 11:52:25',NULL),(36,7562,23,2,2479.33,520.66,2,1,'2023-04-14 11:52:25','2023-04-14 11:52:25',NULL),(37,7562,23,7,0.01,0.00,2,1,'2023-04-14 11:52:25','2023-04-14 11:52:25',NULL),(38,7562,24,2,27272.71,5727.27,2,1,'2023-04-14 11:52:25','2023-04-14 11:52:25',NULL),(39,7562,24,7,0.02,0.00,2,1,'2023-04-14 11:52:25','2023-04-14 11:52:25',NULL),(40,7562,25,6,1209316.00,0.00,2,1,'2023-04-14 11:52:25','2023-04-14 11:52:25',NULL),(41,7562,25,1,122179.05,12828.80,2,1,'2023-04-14 11:52:25','2023-04-14 11:52:25',NULL),(42,7562,26,7,126383.19,0.00,2,1,'2023-04-14 11:52:35','2023-04-14 11:52:35',NULL),(43,7562,27,2,7112.00,1493.52,2,1,'2023-04-14 11:52:35','2023-04-14 11:52:35',NULL),(44,7562,28,2,15859.68,3330.53,2,1,'2023-04-14 11:52:35','2023-04-14 11:52:35',NULL),(45,7562,29,1017,616.75,0.00,2,1,'2023-04-14 11:52:35','2023-04-14 11:52:35',NULL),(46,7562,29,1000,327.17,0.00,2,1,'2023-04-14 11:52:35','2023-04-14 11:52:35',NULL),(47,7562,29,2,8186.30,1719.12,2,1,'2023-04-14 11:52:35','2023-04-14 11:52:35',NULL),(48,7562,29,3,2719.24,734.20,2,1,'2023-04-14 11:52:35','2023-04-14 11:52:35',NULL);
INSERT INTO `receipt_taxes` VALUES (49,7562,30,2,16002.82,3360.59,2,1,'2023-04-14 11:52:35','2023-04-14 11:52:35',NULL),(50,7562,31,8,45737.20,0.00,2,1,'2023-04-14 11:52:35','2023-04-14 11:52:35',NULL),(51,7562,32,2,20209.04,4243.90,2,1,'2023-04-14 11:52:35','2023-04-14 11:52:35',NULL),(52,7562,33,2,7395.31,1553.02,2,1,'2023-04-14 11:52:35','2023-04-14 11:52:35',NULL),(53,7562,34,1001,102.93,0.00,2,1,'2023-04-14 11:52:35','2023-04-14 11:52:35',NULL),(54,7562,34,1017,194.04,0.00,2,1,'2023-04-14 11:52:35','2023-04-14 11:52:35',NULL),(55,7562,34,2,2575.61,540.88,2,1,'2023-04-14 11:52:35','2023-04-14 11:52:35',NULL),(56,7562,34,3,855.55,231.00,2,1,'2023-04-14 11:52:35','2023-04-14 11:52:35',NULL),(57,7562,35,2,1621.92,340.60,2,1,'2023-04-14 11:52:35','2023-04-14 11:52:35',NULL),(58,7562,36,2,165.29,34.71,2,1,'2023-04-14 11:52:35','2023-04-14 11:52:35',NULL),(59,7562,37,2,24721.29,5191.47,2,1,'2023-04-14 11:52:35','2023-04-14 11:52:35',NULL),(60,7562,38,2,9260.02,1944.60,2,1,'2023-04-14 11:52:35','2023-04-14 11:52:35',NULL),(61,7562,39,2,8268.13,1736.31,2,1,'2023-04-14 11:52:35','2023-04-14 11:52:35',NULL),(62,7562,40,2,2722.50,571.73,2,1,'2023-04-14 11:52:35','2023-04-14 11:52:35',NULL),(63,7562,41,2,6096.26,1280.21,2,1,'2023-04-14 11:52:35','2023-04-14 11:52:35',NULL),(64,7562,42,2,1652.89,347.11,2,1,'2023-04-14 16:12:17','2023-04-14 16:12:17',NULL),(65,7562,43,2,2644.63,555.37,2,1,'2023-04-14 16:12:17','2023-04-14 16:12:17',NULL),(66,7562,44,2,1900.83,399.17,2,1,'2023-04-14 16:12:17','2023-04-14 16:12:17',NULL),(67,7562,45,2,3966.94,833.06,2,1,'2023-04-14 16:12:17','2023-04-14 16:12:17',NULL),(68,7562,46,2,4276.86,898.14,2,1,'2023-04-14 16:12:17','2023-04-14 16:12:17',NULL),(69,7562,47,2,4049.59,850.41,2,1,'2023-04-14 16:12:18','2023-04-14 16:12:18',NULL),(70,7562,48,2,4958.68,1041.32,2,1,'2023-04-14 16:12:18','2023-04-14 16:12:18',NULL),(71,7562,49,2,2479.34,520.66,2,1,'2023-04-14 16:12:18','2023-04-14 16:12:18',NULL),(72,7562,50,2,14710.74,3089.26,2,1,'2023-04-14 16:12:18','2023-04-14 16:12:18',NULL),(73,7562,51,2,2231.40,468.60,2,1,'2023-04-14 16:12:18','2023-04-14 16:12:18',NULL),(74,7562,52,2,4628.10,971.90,2,1,'2023-04-14 16:12:18','2023-04-14 16:12:18',NULL),(75,7562,53,2,8181.82,1718.18,2,1,'2023-04-14 16:12:18','2023-04-14 16:12:18',NULL),(76,7562,54,2,3471.07,728.93,2,1,'2023-04-14 16:12:18','2023-04-14 16:12:18',NULL),(77,7562,55,2,5603.31,1176.69,2,1,'2023-04-14 16:12:18','2023-04-14 16:12:18',NULL),(78,7562,56,2,13884.30,2915.70,2,1,'2023-04-14 16:12:18','2023-04-14 16:12:18',NULL),(79,7562,57,2,8099.17,1700.83,2,1,'2023-04-14 16:12:18','2023-04-14 16:12:18',NULL),(80,7562,58,2,4628.10,971.90,2,1,'2023-04-14 16:12:18','2023-04-14 16:12:18',NULL),(81,7562,59,2,3140.50,659.50,2,1,'2023-04-14 16:12:18','2023-04-14 16:12:18',NULL),(82,7562,60,2,1239.67,260.33,2,1,'2023-04-14 16:12:18','2023-04-14 16:12:18',NULL),(83,7562,61,2,4181.82,878.18,2,1,'2023-04-14 16:12:18','2023-04-14 16:12:18',NULL),(84,7562,62,2,3223.14,676.86,2,1,'2023-04-14 16:12:18','2023-04-14 16:12:18',NULL),(85,7562,63,2,3719.01,780.99,2,1,'2023-04-14 16:12:18','2023-04-14 16:12:18',NULL),(86,7562,64,2,11404.96,2395.04,2,1,'2023-04-14 16:12:18','2023-04-14 16:12:18',NULL),(87,7562,65,2,4371.90,918.10,2,1,'2023-04-14 16:12:18','2023-04-14 16:12:18',NULL),(88,7562,66,2,10413.22,2186.78,2,1,'2023-04-14 16:12:18','2023-04-14 16:12:18',NULL),(89,7562,67,2,6528.93,1371.07,2,1,'2023-04-14 16:12:18','2023-04-14 16:12:18',NULL),(90,7562,68,2,3471.07,728.93,2,1,'2023-04-14 16:12:18','2023-04-14 16:12:18',NULL),(91,7562,69,2,2314.05,485.95,2,1,'2023-04-14 16:12:18','2023-04-14 16:12:18',NULL),(92,7562,70,2,11404.96,2395.04,2,1,'2023-04-14 16:12:18','2023-04-14 16:12:18',NULL),(93,7562,71,2,6553.72,1376.28,2,1,'2023-04-14 16:12:18','2023-04-14 16:12:18',NULL),(94,7562,72,2,4545.45,954.55,2,1,'2023-04-14 16:12:18','2023-04-14 16:12:18',NULL),(95,7562,73,2,9090.91,1909.09,2,1,'2023-04-14 16:12:19','2023-04-14 16:12:19',NULL),(96,7562,74,2,4132.23,867.77,2,1,'2023-04-14 16:12:19','2023-04-14 16:12:19',NULL);
INSERT INTO `receipt_taxes` VALUES (97,7562,75,2,3966.94,833.06,2,1,'2023-04-14 16:12:19','2023-04-14 16:12:19',NULL),(98,7562,76,2,12396.69,2603.31,2,1,'2023-04-14 16:12:19','2023-04-14 16:12:19',NULL),(99,7562,77,2,3471.07,728.93,2,1,'2023-04-14 16:12:19','2023-04-14 16:12:19',NULL),(100,7562,78,2,4876.03,1023.97,2,1,'2023-04-14 16:12:19','2023-04-14 16:12:19',NULL),(101,7562,79,2,4628.10,971.90,2,1,'2023-04-14 16:12:19','2023-04-14 16:12:19',NULL),(102,7562,80,2,4276.86,898.14,2,1,'2023-04-14 16:12:19','2023-04-14 16:12:19',NULL),(103,7562,81,2,8181.82,1718.18,2,1,'2023-04-14 16:12:19','2023-04-14 16:12:19',NULL),(104,7562,82,2,8264.46,1735.54,2,1,'2023-04-14 16:12:19','2023-04-14 16:12:19',NULL),(105,7562,83,2,8264.46,1735.54,2,1,'2023-04-14 16:12:19','2023-04-14 16:12:19',NULL),(106,7562,84,2,3223.14,676.86,2,1,'2023-04-14 16:12:19','2023-04-14 16:12:19',NULL),(107,7562,85,2,7603.31,1596.69,2,1,'2023-04-14 16:12:19','2023-04-14 16:12:19',NULL),(108,7562,86,2,2892.56,607.44,2,1,'2023-04-14 16:12:19','2023-04-14 16:12:19',NULL),(109,7562,87,2,8181.82,1718.18,2,1,'2023-04-14 16:12:19','2023-04-14 16:12:19',NULL),(110,7562,88,2,3305.79,694.21,2,1,'2023-04-14 16:12:19','2023-04-14 16:12:19',NULL),(111,7562,89,2,4132.23,867.77,2,1,'2023-04-14 16:12:19','2023-04-14 16:12:19',NULL),(112,7562,90,2,7355.37,1544.63,2,1,'2023-04-14 16:12:19','2023-04-14 16:12:19',NULL),(113,7562,91,2,3231.40,678.60,2,1,'2023-04-14 16:12:19','2023-04-14 16:12:19',NULL),(114,7562,92,2,3553.72,746.28,2,1,'2023-04-14 16:12:19','2023-04-14 16:12:19',NULL),(115,7562,93,2,5619.83,1180.17,2,1,'2023-04-14 16:12:19','2023-04-14 16:12:19',NULL),(116,7562,94,2,4132.23,867.77,2,1,'2023-04-14 16:12:19','2023-04-14 16:12:19',NULL),(117,7562,95,2,6611.57,1388.43,2,1,'2023-04-14 16:12:19','2023-04-14 16:12:19',NULL),(118,7562,96,2,3223.14,676.86,2,1,'2023-04-14 16:12:19','2023-04-14 16:12:19',NULL),(119,7562,97,2,3223.14,676.86,2,1,'2023-04-14 16:12:19','2023-04-14 16:12:19',NULL),(120,7562,98,2,13223.14,2776.86,2,1,'2023-04-14 16:12:19','2023-04-14 16:12:19',NULL),(121,7562,99,2,9752.07,2047.93,2,1,'2023-04-14 16:12:19','2023-04-14 16:12:19',NULL),(122,7562,100,2,5603.31,1176.69,2,1,'2023-04-14 16:12:19','2023-04-14 16:12:19',NULL),(123,7562,101,2,8458.68,1776.32,2,1,'2023-04-14 16:12:19','2023-04-14 16:12:19',NULL),(124,7562,102,2,7355.37,1544.63,2,1,'2023-04-14 16:12:19','2023-04-14 16:12:19',NULL),(125,7562,103,2,3636.36,763.64,2,1,'2023-04-14 16:12:19','2023-04-14 16:12:19',NULL),(126,7562,104,2,8595.04,1804.96,2,1,'2023-04-14 16:12:20','2023-04-14 16:12:20',NULL),(127,7562,105,2,6173.55,1296.45,2,1,'2023-04-14 16:12:20','2023-04-14 16:12:20',NULL),(128,7562,106,2,6173.55,1296.45,2,1,'2023-04-14 16:12:20','2023-04-14 16:12:20',NULL),(129,7562,107,2,4876.03,1023.97,2,1,'2023-04-14 16:12:20','2023-04-14 16:12:20',NULL),(130,7562,108,2,3636.36,763.64,2,1,'2023-04-14 16:12:20','2023-04-14 16:12:20',NULL),(131,7562,109,2,4876.03,1023.97,2,1,'2023-04-14 16:12:20','2023-04-14 16:12:20',NULL),(132,7562,110,2,12876.03,2703.97,2,1,'2023-04-14 16:12:20','2023-04-14 16:12:20',NULL),(133,7562,111,2,6033.06,1266.94,2,1,'2023-04-14 16:12:20','2023-04-14 16:12:20',NULL),(134,7562,112,2,4545.45,954.55,2,1,'2023-04-14 16:12:20','2023-04-14 16:12:20',NULL),(135,7562,113,2,11404.96,2395.04,2,1,'2023-04-14 16:12:20','2023-04-14 16:12:20',NULL),(136,7562,114,2,4132.23,867.77,2,1,'2023-04-14 16:12:20','2023-04-14 16:12:20',NULL),(137,7562,115,2,4049.59,850.41,2,1,'2023-04-14 16:12:20','2023-04-14 16:12:20',NULL),(138,7562,116,2,5371.90,1128.10,2,1,'2023-04-14 16:12:20','2023-04-14 16:12:20',NULL),(139,7562,117,2,3966.94,833.06,2,1,'2023-04-14 16:12:20','2023-04-14 16:12:20',NULL),(140,7562,118,2,3041.32,638.68,2,1,'2023-04-14 16:12:20','2023-04-14 16:12:20',NULL),(141,7562,119,2,5619.83,1180.17,2,1,'2023-04-14 16:12:20','2023-04-14 16:12:20',NULL),(142,7562,120,2,3801.65,798.35,2,1,'2023-04-14 16:12:20','2023-04-14 16:12:20',NULL),(143,7562,121,2,4958.68,1041.32,2,1,'2023-04-14 16:12:20','2023-04-14 16:12:20',NULL);
INSERT INTO `receipt_taxes` VALUES (144,7562,122,2,6743.80,1416.20,2,1,'2023-04-14 16:12:20','2023-04-14 16:12:20',NULL),(145,7562,123,2,10644.63,2235.37,2,1,'2023-04-14 16:12:20','2023-04-14 16:12:20',NULL),(146,7562,124,2,4049.59,850.41,2,1,'2023-04-14 16:12:20','2023-04-14 16:12:20',NULL),(147,7562,125,2,2314.05,485.95,2,1,'2023-04-14 16:12:20','2023-04-14 16:12:20',NULL),(148,7562,126,2,5206.61,1093.39,2,1,'2023-04-14 16:12:20','2023-04-14 16:12:20',NULL),(149,7562,127,2,9264.46,1945.54,2,1,'2023-04-14 16:12:20','2023-04-14 16:12:20',NULL),(150,7562,128,2,5223.14,1096.86,2,1,'2023-04-14 16:12:20','2023-04-14 16:12:20',NULL),(151,7562,129,2,4049.59,850.41,2,1,'2023-04-14 16:12:21','2023-04-14 16:12:21',NULL),(152,7562,130,2,6611.57,1388.43,2,1,'2023-04-14 16:12:21','2023-04-14 16:12:21',NULL),(153,7562,131,2,5123.97,1076.03,2,1,'2023-04-14 16:12:21','2023-04-14 16:12:21',NULL),(154,7562,132,2,9917.36,2082.64,2,1,'2023-04-14 16:12:21','2023-04-14 16:12:21',NULL),(155,7562,133,2,4181.82,878.18,2,1,'2023-04-14 16:12:21','2023-04-14 16:12:21',NULL),(156,7562,134,2,4958.68,1041.32,2,1,'2023-04-14 16:12:21','2023-04-14 16:12:21',NULL),(157,7562,135,2,7851.24,1648.76,2,1,'2023-04-14 16:12:21','2023-04-14 16:12:21',NULL),(158,7562,136,2,4545.45,954.55,2,1,'2023-04-14 16:12:21','2023-04-14 16:12:21',NULL),(159,7562,137,2,12396.69,2603.31,2,1,'2023-04-14 16:12:21','2023-04-14 16:12:21',NULL),(160,7562,138,2,9917.36,2082.64,2,1,'2023-04-14 16:12:21','2023-04-14 16:12:21',NULL),(161,7562,139,2,6611.57,1388.43,2,1,'2023-04-14 16:12:21','2023-04-14 16:12:21',NULL),(162,7562,140,2,12396.69,2603.31,2,1,'2023-04-14 16:12:21','2023-04-14 16:12:21',NULL),(163,7562,141,2,8264.46,1735.54,2,1,'2023-04-14 16:12:21','2023-04-14 16:12:21',NULL),(164,7562,142,2,8264.46,1735.54,2,1,'2023-04-14 16:12:21','2023-04-14 16:12:21',NULL),(165,7562,143,2,65832.00,13824.72,2,1,'2023-04-14 16:20:00','2023-04-14 16:20:00',NULL),(166,7562,144,2,31596.00,6635.16,2,1,'2023-04-14 16:20:00','2023-04-14 16:20:00',NULL),(167,7562,145,2,7584.93,1592.84,2,1,'2023-04-14 16:20:01','2023-04-14 16:20:01',NULL),(168,7562,145,7,-0.01,0.00,2,1,'2023-04-14 16:20:01','2023-04-14 16:20:01',NULL),(169,7562,146,2,4871.40,1022.99,2,1,'2023-04-14 16:20:01','2023-04-14 16:20:01',NULL),(170,7562,147,3,3010.03,812.71,2,1,'2023-04-14 16:20:01','2023-04-14 16:20:01',NULL),(171,7562,147,7,170.03,0.00,2,1,'2023-04-14 16:20:01','2023-04-14 16:20:01',NULL),(172,7562,148,2,304.73,63.99,2,1,'2023-04-14 16:20:01','2023-04-14 16:20:01',NULL),(173,7562,149,2,8588.21,1803.52,2,1,'2023-04-14 16:20:01','2023-04-14 16:20:01',NULL),(174,7562,150,2,78190.00,16419.90,2,1,'2023-04-14 16:20:01','2023-04-14 16:20:01',NULL),(175,7562,151,2,9400.00,1974.00,2,1,'2023-04-14 16:20:01','2023-04-14 16:20:01',NULL),(176,7562,152,2,15206.00,3193.26,2,1,'2023-04-14 16:20:01','2023-04-14 16:20:01',NULL),(177,7562,153,2,37558.02,7887.18,2,1,'2023-04-14 16:20:01','2023-04-14 16:20:01',NULL),(178,7562,153,8,0.01,0.00,2,1,'2023-04-14 16:20:01','2023-04-14 16:20:01',NULL),(179,7562,154,2,14507.52,3046.58,2,1,'2023-04-14 16:20:01','2023-04-14 16:20:01',NULL),(180,7562,155,2,4929.76,1035.25,2,1,'2023-04-14 16:20:01','2023-04-14 16:20:01',NULL),(183,7562,158,2,206611.57,43388.43,2,1,'2023-04-14 16:20:01','2023-04-14 16:20:01',NULL),(184,7562,159,2,6372.00,1338.12,2,1,'2023-04-14 16:20:01','2023-04-14 16:20:01',NULL),(185,7562,160,2,4791.00,1006.11,2,1,'2023-04-14 16:20:01','2023-04-14 16:20:01',NULL),(186,7562,160,7,143.73,0.00,2,1,'2023-04-14 16:20:01','2023-04-14 16:20:01',NULL),(187,7562,161,2,87080.00,18286.80,2,1,'2023-04-14 16:20:01','2023-04-14 16:20:01',NULL),(188,7562,162,2,61408.48,12895.78,2,1,'2023-04-14 16:20:01','2023-04-14 16:20:01',NULL),(189,7562,163,2,7253.76,1523.29,2,1,'2023-04-14 16:20:01','2023-04-14 16:20:01',NULL),(190,7562,164,2,7760.34,1629.67,2,1,'2023-04-14 16:20:01','2023-04-14 16:20:01',NULL),(191,7562,164,7,609.95,0.00,2,1,'2023-04-14 16:20:01','2023-04-14 16:20:01',NULL);
INSERT INTO `receipt_taxes` VALUES (192,7562,165,2,3206.18,673.30,2,1,'2023-04-14 16:20:01','2023-04-14 16:20:01',NULL),(193,7562,165,7,520.57,0.00,2,1,'2023-04-14 16:20:01','2023-04-14 16:20:01',NULL),(194,7562,166,8,9983.00,0.00,2,1,'2023-05-17 11:08:57','2023-05-17 11:08:57',NULL),(195,7562,167,8,2760.00,0.00,2,1,'2023-05-17 11:08:57','2023-05-17 11:08:57',NULL),(196,7562,168,2,3966.95,833.06,2,1,'2023-05-17 11:08:57','2023-05-17 11:08:57',NULL),(197,7562,168,7,0.01,0.00,2,1,'2023-05-17 11:08:57','2023-05-17 11:08:57',NULL),(198,7562,168,8,3720.00,0.00,2,1,'2023-05-17 11:08:57','2023-05-17 11:08:57',NULL),(199,7562,169,6,1504693.33,0.00,2,1,'2023-05-17 11:08:57','2023-05-17 11:08:57',NULL),(200,7562,169,1,183292.10,19245.67,2,1,'2023-05-17 11:08:57','2023-05-17 11:08:57',NULL),(201,7562,170,8,2190.00,0.00,2,1,'2023-05-17 11:08:57','2023-05-17 11:08:57',NULL),(202,7562,171,8,16000.00,0.00,2,1,'2023-05-17 11:08:58','2023-05-17 11:08:58',NULL),(203,7562,172,7,173932.62,0.00,2,1,'2023-05-17 11:09:07','2023-05-17 11:09:07',NULL),(204,7562,173,2,22265.11,4675.67,2,1,'2023-05-17 11:09:07','2023-05-17 11:09:07',NULL),(205,7562,174,2,1292.50,271.43,2,1,'2023-05-17 11:09:07','2023-05-17 11:09:07',NULL),(206,7562,175,7,23000.00,0.00,2,1,'2023-05-17 11:09:07','2023-05-17 11:09:07',NULL),(207,7562,176,1017,422.70,0.00,2,1,'2023-05-17 11:09:08','2023-05-17 11:09:08',NULL),(208,7562,176,1000,215.39,0.00,2,1,'2023-05-17 11:09:08','2023-05-17 11:09:08',NULL),(209,7562,176,2,6611.00,1388.31,2,1,'2023-05-17 11:09:08','2023-05-17 11:09:08',NULL),(210,7562,176,3,568.66,153.54,2,1,'2023-05-17 11:09:08','2023-05-17 11:09:08',NULL),(211,7562,177,8,61676.88,0.00,2,1,'2023-05-17 11:09:08','2023-05-17 11:09:08',NULL),(212,7562,178,2,39319.29,8257.05,2,1,'2023-05-17 11:09:08','2023-05-17 11:09:08',NULL),(213,7562,179,2,13078.00,2746.38,2,1,'2023-05-17 11:09:08','2023-05-17 11:09:08',NULL),(214,7562,180,2,9634.97,2023.34,2,1,'2023-05-17 11:09:08','2023-05-17 11:09:08',NULL),(215,7562,181,2,5853.40,1229.21,2,1,'2023-05-17 11:09:08','2023-05-17 11:09:08',NULL),(216,7562,182,2,37711.82,7919.48,2,1,'2023-05-17 11:09:08','2023-05-17 11:09:08',NULL),(217,7562,183,7,37000.00,0.00,2,1,'2023-05-17 11:09:08','2023-05-17 11:09:08',NULL),(218,7562,184,2,7657.64,1608.10,2,1,'2023-05-17 11:09:08','2023-05-17 11:09:08',NULL),(219,7562,185,2,8966.91,1883.05,2,1,'2023-05-17 11:09:08','2023-05-17 11:09:08',NULL),(220,7562,186,2,1652.89,347.11,2,1,'2023-05-17 13:24:39','2023-05-17 13:24:39',NULL),(221,7562,187,2,4545.45,954.55,2,1,'2023-05-17 13:24:39','2023-05-17 13:24:39',NULL),(222,7562,188,2,6528.93,1371.07,2,1,'2023-05-17 13:24:39','2023-05-17 13:24:39',NULL),(223,7562,189,2,4049.59,850.41,2,1,'2023-05-17 13:24:39','2023-05-17 13:24:39',NULL),(224,7562,190,2,5041.32,1058.68,2,1,'2023-05-17 13:24:39','2023-05-17 13:24:39',NULL),(225,7562,191,2,5702.48,1197.52,2,1,'2023-05-17 13:24:39','2023-05-17 13:24:39',NULL),(226,7562,192,2,21289.26,4470.74,2,1,'2023-05-17 13:24:39','2023-05-17 13:24:39',NULL),(227,7562,193,2,2644.63,555.37,2,1,'2023-05-17 13:24:39','2023-05-17 13:24:39',NULL),(228,7562,194,2,4561.98,958.02,2,1,'2023-05-17 13:24:39','2023-05-17 13:24:39',NULL),(229,7562,195,2,1652.89,347.11,2,1,'2023-05-17 13:24:39','2023-05-17 13:24:39',NULL),(230,7562,196,2,21859.50,4590.50,2,1,'2023-05-17 13:24:39','2023-05-17 13:24:39',NULL),(231,7562,197,2,8925.62,1874.38,2,1,'2023-05-17 13:24:39','2023-05-17 13:24:39',NULL),(232,7562,198,2,20578.51,4321.49,2,1,'2023-05-17 13:24:39','2023-05-17 13:24:39',NULL),(233,7562,199,2,4132.23,867.77,2,1,'2023-05-17 13:24:39','2023-05-17 13:24:39',NULL),(234,7562,200,2,8264.46,1735.54,2,1,'2023-05-17 13:24:39','2023-05-17 13:24:39',NULL),(235,7562,201,2,5702.48,1197.52,2,1,'2023-05-17 13:24:39','2023-05-17 13:24:39',NULL),(236,7562,202,2,4132.23,867.77,2,1,'2023-05-17 13:24:39','2023-05-17 13:24:39',NULL),(237,7562,203,2,4338.84,911.16,2,1,'2023-05-17 13:24:39','2023-05-17 13:24:39',NULL),(238,7562,204,2,5619.83,1180.17,2,1,'2023-05-17 13:24:39','2023-05-17 13:24:39',NULL);
INSERT INTO `receipt_taxes` VALUES (239,7562,205,2,5619.83,1180.17,2,1,'2023-05-17 13:24:39','2023-05-17 13:24:39',NULL),(240,7562,206,2,7355.37,1544.63,2,1,'2023-05-17 13:24:39','2023-05-17 13:24:39',NULL),(241,7562,207,2,8074.38,1695.62,2,1,'2023-05-17 13:24:40','2023-05-17 13:24:40',NULL),(242,7562,208,2,4297.52,902.48,2,1,'2023-05-17 13:24:40','2023-05-17 13:24:40',NULL),(243,7562,209,2,4561.98,958.02,2,1,'2023-05-17 13:24:40','2023-05-17 13:24:40',NULL),(244,7562,210,2,5619.83,1180.17,2,1,'2023-05-17 13:24:40','2023-05-17 13:24:40',NULL),(245,7562,211,2,7355.37,1544.63,2,1,'2023-05-17 13:24:40','2023-05-17 13:24:40',NULL),(246,7562,212,2,8074.38,1695.62,2,1,'2023-05-17 13:24:40','2023-05-17 13:24:40',NULL),(247,7562,213,2,3140.50,659.50,2,1,'2023-05-17 13:24:40','2023-05-17 13:24:40',NULL),(248,7562,214,2,4132.23,867.77,2,1,'2023-05-17 13:24:40','2023-05-17 13:24:40',NULL),(249,7562,215,2,2809.92,590.08,2,1,'2023-05-17 13:24:40','2023-05-17 13:24:40',NULL),(250,7562,216,2,9504.13,1995.87,2,1,'2023-05-17 13:24:40','2023-05-17 13:24:40',NULL),(251,7562,217,2,6694.21,1405.79,2,1,'2023-05-17 13:24:40','2023-05-17 13:24:40',NULL),(252,7562,218,2,2809.92,590.08,2,1,'2023-05-17 13:24:40','2023-05-17 13:24:40',NULL),(253,7562,219,2,12925.62,2714.38,2,1,'2023-05-17 13:24:40','2023-05-17 13:24:40',NULL),(254,7562,220,2,7123.97,1496.03,2,1,'2023-05-17 13:24:40','2023-05-17 13:24:40',NULL),(255,7562,221,2,3801.65,798.35,2,1,'2023-05-17 13:24:40','2023-05-17 13:24:40',NULL),(256,7562,222,2,3801.65,798.35,2,1,'2023-05-17 13:24:40','2023-05-17 13:24:40',NULL),(257,7562,223,2,2809.92,590.08,2,1,'2023-05-17 13:24:40','2023-05-17 13:24:40',NULL),(258,7562,224,2,5950.41,1249.59,2,1,'2023-05-17 13:24:40','2023-05-17 13:24:40',NULL),(259,7562,225,2,4710.74,989.26,2,1,'2023-05-17 13:24:40','2023-05-17 13:24:40',NULL),(260,7562,226,2,8264.46,1735.54,2,1,'2023-05-17 13:24:40','2023-05-17 13:24:40',NULL),(261,7562,227,2,4132.23,867.77,2,1,'2023-05-17 13:24:40','2023-05-17 13:24:40',NULL),(262,7562,228,2,4132.23,867.77,2,1,'2023-05-17 13:24:40','2023-05-17 13:24:40',NULL),(263,7562,229,2,5785.12,1214.88,2,1,'2023-05-17 13:24:40','2023-05-17 13:24:40',NULL),(264,7562,230,2,14876.03,3123.97,2,1,'2023-05-17 13:24:40','2023-05-17 13:24:40',NULL),(265,7562,231,2,15371.90,3228.10,2,1,'2023-05-17 13:24:40','2023-05-17 13:24:40',NULL),(266,7562,232,2,3966.94,833.06,2,1,'2023-05-17 13:24:40','2023-05-17 13:24:40',NULL),(267,7562,233,2,4628.10,971.90,2,1,'2023-05-17 13:24:40','2023-05-17 13:24:40',NULL),(268,7562,234,2,15206.61,3193.39,2,1,'2023-05-17 13:24:40','2023-05-17 13:24:40',NULL),(269,7562,235,2,9504.13,1995.87,2,1,'2023-05-17 13:24:41','2023-05-17 13:24:41',NULL),(270,7562,236,2,11404.96,2395.04,2,1,'2023-05-17 13:24:41','2023-05-17 13:24:41',NULL),(271,7562,237,2,5603.31,1176.69,2,1,'2023-05-17 13:24:41','2023-05-17 13:24:41',NULL),(272,7562,238,2,4371.90,918.10,2,1,'2023-05-17 13:24:41','2023-05-17 13:24:41',NULL),(273,7562,239,2,5603.31,1176.69,2,1,'2023-05-17 13:24:41','2023-05-17 13:24:41',NULL),(274,7562,240,2,25289.26,5310.74,2,1,'2023-05-17 13:24:41','2023-05-17 13:24:41',NULL),(275,7562,241,2,8264.46,1735.54,2,1,'2023-05-17 13:24:41','2023-05-17 13:24:41',NULL),(276,7562,242,2,4652.89,977.11,2,1,'2023-05-17 13:24:41','2023-05-17 13:24:41',NULL),(277,7562,243,2,3140.50,659.50,2,1,'2023-05-17 13:24:41','2023-05-17 13:24:41',NULL),(278,7562,244,2,12396.69,2603.31,2,1,'2023-05-17 13:24:41','2023-05-17 13:24:41',NULL),(279,7562,245,2,4958.68,1041.32,2,1,'2023-05-17 13:24:41','2023-05-17 13:24:41',NULL),(280,7562,246,2,6942.15,1457.85,2,1,'2023-05-17 13:24:41','2023-05-17 13:24:41',NULL),(281,7562,247,2,5619.83,1180.17,2,1,'2023-05-17 13:24:41','2023-05-17 13:24:41',NULL),(282,7562,248,2,4049.59,850.41,2,1,'2023-05-17 13:24:41','2023-05-17 13:24:41',NULL),(283,7562,249,2,4628.10,971.90,2,1,'2023-05-17 13:24:41','2023-05-17 13:24:41',NULL),(284,7562,250,2,19834.71,4165.29,2,1,'2023-05-17 13:24:41','2023-05-17 13:24:41',NULL);
INSERT INTO `receipt_taxes` VALUES (285,7562,251,2,4876.03,1023.97,2,1,'2023-05-17 13:24:41','2023-05-17 13:24:41',NULL),(286,7562,252,2,3223.14,676.86,2,1,'2023-05-17 13:24:41','2023-05-17 13:24:41',NULL),(287,7562,253,2,6528.93,1371.07,2,1,'2023-05-17 13:24:41','2023-05-17 13:24:41',NULL),(288,7562,254,2,5603.31,1176.69,2,1,'2023-05-17 13:24:41','2023-05-17 13:24:41',NULL),(289,7562,255,2,10330.58,2169.42,2,1,'2023-05-17 13:24:41','2023-05-17 13:24:41',NULL),(290,7562,256,2,8181.82,1718.18,2,1,'2023-05-17 13:24:41','2023-05-17 13:24:41',NULL),(291,7562,257,2,4876.03,1023.97,2,1,'2023-05-17 13:24:41','2023-05-17 13:24:41',NULL),(292,7562,258,2,5619.83,1180.17,2,1,'2023-05-17 13:24:41','2023-05-17 13:24:41',NULL),(293,7562,259,2,4876.03,1023.97,2,1,'2023-05-17 13:24:41','2023-05-17 13:24:41',NULL),(294,7562,260,2,4132.23,867.77,2,1,'2023-05-17 13:24:41','2023-05-17 13:24:41',NULL),(295,7562,261,2,9884.30,2075.70,2,1,'2023-05-17 13:24:41','2023-05-17 13:24:41',NULL),(296,7562,262,2,4132.23,867.77,2,1,'2023-05-17 13:24:41','2023-05-17 13:24:41',NULL),(297,7562,263,2,12148.76,2551.24,2,1,'2023-05-17 13:24:41','2023-05-17 13:24:41',NULL),(298,7562,264,2,5785.12,1214.88,2,1,'2023-05-17 13:24:41','2023-05-17 13:24:41',NULL),(299,7562,265,2,5603.31,1176.69,2,1,'2023-05-17 13:24:41','2023-05-17 13:24:41',NULL),(300,7562,266,2,22809.92,4790.08,2,1,'2023-05-17 13:24:42','2023-05-17 13:24:42',NULL),(301,7562,267,2,4942.15,1037.85,2,1,'2023-05-17 13:24:42','2023-05-17 13:24:42',NULL),(302,7562,268,2,4652.89,977.11,2,1,'2023-05-17 13:24:42','2023-05-17 13:24:42',NULL),(303,7562,269,2,8074.38,1695.62,2,1,'2023-05-17 13:24:42','2023-05-17 13:24:42',NULL),(304,7562,270,2,9338.84,1961.16,2,1,'2023-05-17 13:24:42','2023-05-17 13:24:42',NULL),(305,7562,271,2,3305.79,694.21,2,1,'2023-05-17 13:24:42','2023-05-17 13:24:42',NULL),(306,7562,272,2,1652.89,347.11,2,1,'2023-05-17 13:24:42','2023-05-17 13:24:42',NULL),(307,7562,273,2,3223.14,676.86,2,1,'2023-05-17 13:24:42','2023-05-17 13:24:42',NULL),(308,7562,274,2,6528.93,1371.07,2,1,'2023-05-17 13:24:42','2023-05-17 13:24:42',NULL),(309,7562,275,2,7438.02,1561.98,2,1,'2023-05-17 13:24:42','2023-05-17 13:24:42',NULL),(310,7562,276,2,8264.46,1735.54,2,1,'2023-05-17 13:24:42','2023-05-17 13:24:42',NULL),(311,7562,277,2,4363.64,916.36,2,1,'2023-05-17 13:24:42','2023-05-17 13:24:42',NULL),(312,7562,278,2,9917.36,2082.64,2,1,'2023-05-17 13:24:42','2023-05-17 13:24:42',NULL),(313,7562,279,2,13082.64,2747.36,2,1,'2023-05-17 13:24:42','2023-05-17 13:24:42',NULL),(314,7562,280,2,16528.93,3471.07,2,1,'2023-05-17 13:24:42','2023-05-17 13:24:42',NULL),(315,7562,281,2,6611.57,1388.43,2,1,'2023-05-17 13:24:42','2023-05-17 13:24:42',NULL),(316,7562,282,2,2892.56,607.44,2,1,'2023-05-17 13:24:42','2023-05-17 13:24:42',NULL),(317,7562,283,3,2782.65,751.32,2,1,'2023-05-17 13:29:36','2023-05-17 13:29:36',NULL),(318,7562,283,7,160.87,0.00,2,1,'2023-05-17 13:29:36','2023-05-17 13:29:36',NULL),(319,7562,284,2,6843.19,1437.07,2,1,'2023-05-17 13:29:36','2023-05-17 13:29:36',NULL),(320,7562,285,2,13686.38,2874.14,2,1,'2023-05-17 13:29:36','2023-05-17 13:29:36',NULL),(321,7562,286,2,3788.00,795.48,2,1,'2023-05-17 13:29:36','2023-05-17 13:29:36',NULL),(322,7562,287,2,7674.43,1611.63,2,1,'2023-05-17 13:29:36','2023-05-17 13:29:36',NULL),(323,7562,288,2,400.00,84.00,2,1,'2023-05-17 13:29:36','2023-05-17 13:29:36',NULL),(324,7562,289,2,27984.46,5876.74,2,1,'2023-05-17 13:29:36','2023-05-17 13:29:36',NULL),(325,7562,290,2,4929.76,1035.25,2,1,'2023-05-17 13:29:36','2023-05-17 13:29:36',NULL),(326,7562,291,2,6312.00,1325.52,2,1,'2023-05-17 13:29:36','2023-05-17 13:29:36',NULL),(327,7562,292,2,5107.21,1072.51,2,1,'2023-05-17 13:29:36','2023-05-17 13:29:36',NULL),(328,7562,292,7,153.22,0.00,2,1,'2023-05-17 13:29:36','2023-05-17 13:29:36',NULL),(329,7562,293,2,258650.00,54316.50,2,1,'2023-05-17 13:33:21','2023-05-17 13:33:21',NULL),(330,7562,294,2,826.45,173.55,2,1,'2023-05-17 15:15:25','2023-05-17 15:15:25',NULL);
INSERT INTO `receipt_taxes` VALUES (331,7562,295,1001,627.58,0.00,2,1,'2023-05-17 15:15:25','2023-05-17 15:15:25',NULL),(332,7562,295,2,3046.48,639.76,2,1,'2023-05-17 15:15:25','2023-05-17 15:15:25',NULL),(333,7562,295,7,313.79,0.00,2,1,'2023-05-17 15:15:25','2023-05-17 15:15:25',NULL),(334,7562,296,1001,1041.14,0.00,2,1,'2023-05-17 15:15:25','2023-05-17 15:15:25',NULL),(335,7562,296,2,3702.05,777.43,2,1,'2023-05-17 15:15:25','2023-05-17 15:15:25',NULL),(336,7562,296,7,520.57,0.00,2,1,'2023-05-17 15:15:25','2023-05-17 15:15:25',NULL),(337,7562,297,1001,1187.14,0.00,2,1,'2023-05-17 15:15:25','2023-05-17 15:15:25',NULL),(338,7562,297,2,7773.95,1632.53,2,1,'2023-05-17 15:15:25','2023-05-17 15:15:25',NULL),(339,7562,297,7,593.57,0.00,2,1,'2023-05-17 15:15:25','2023-05-17 15:15:25',NULL),(340,7562,298,1001,1269.36,0.00,2,1,'2023-05-17 15:15:25','2023-05-17 15:15:25',NULL),(341,7562,298,2,6913.62,1451.86,2,1,'2023-05-17 15:15:25','2023-05-17 15:15:25',NULL),(342,7562,298,7,634.69,0.00,2,1,'2023-05-17 15:15:25','2023-05-17 15:15:25',NULL),(343,7562,299,2,140495.87,29504.13,2,1,'2023-05-17 15:15:26','2023-05-17 15:15:26',NULL),(344,7562,300,1001,366.00,0.00,2,1,'2023-05-17 15:15:26','2023-05-17 15:15:26',NULL),(345,7562,300,2,2328.19,488.92,2,1,'2023-05-17 15:15:26','2023-05-17 15:15:26',NULL),(346,7562,300,7,182.98,0.00,2,1,'2023-05-17 15:15:26','2023-05-17 15:15:26',NULL),(347,7562,301,2,27421.66,5758.55,2,1,'2023-05-17 15:15:26','2023-05-17 15:15:26',NULL),(348,7562,302,2,10702.48,2247.52,2,1,'2023-05-17 15:15:26','2023-05-17 15:15:26',NULL),(349,7562,303,1001,1646.98,0.00,2,1,'2023-05-17 15:15:26','2023-05-17 15:15:26',NULL),(350,7562,303,2,10063.81,2113.40,2,1,'2023-05-17 15:15:26','2023-05-17 15:15:26',NULL),(351,7562,303,7,823.48,0.00,2,1,'2023-05-17 15:15:26','2023-05-17 15:15:26',NULL),(352,7562,304,1001,609.98,0.00,2,1,'2023-05-17 15:15:26','2023-05-17 15:15:26',NULL),(353,7562,304,2,3880.29,814.86,2,1,'2023-05-17 15:15:26','2023-05-17 15:15:26',NULL),(354,7562,304,7,305.01,0.00,2,1,'2023-05-17 15:15:26','2023-05-17 15:15:26',NULL),(355,7562,305,2,8305.79,1744.22,2,1,'2023-05-17 15:15:26','2023-05-17 15:15:26',NULL),(356,7562,306,1001,243.98,0.00,2,1,'2023-05-17 15:15:26','2023-05-17 15:15:26',NULL),(357,7562,306,2,1552.05,325.93,2,1,'2023-05-17 15:15:26','2023-05-17 15:15:26',NULL),(358,7562,306,7,121.97,0.00,2,1,'2023-05-17 15:15:26','2023-05-17 15:15:26',NULL),(359,7562,307,1001,1544.20,0.00,2,1,'2023-05-17 15:15:26','2023-05-17 15:15:26',NULL),(360,7562,307,2,10521.86,2209.59,2,1,'2023-05-17 15:15:26','2023-05-17 15:15:26',NULL),(361,7562,307,7,772.08,0.00,2,1,'2023-05-17 15:15:26','2023-05-17 15:15:26',NULL),(362,7562,308,2,2135.47,448.45,2,1,'2023-05-17 15:15:26','2023-05-17 15:15:26',NULL),(363,7562,309,1001,243.98,0.00,2,1,'2023-05-17 15:15:26','2023-05-17 15:15:26',NULL),(364,7562,309,2,1552.05,325.93,2,1,'2023-05-17 15:15:26','2023-05-17 15:15:26',NULL),(365,7562,309,7,121.97,0.00,2,1,'2023-05-17 15:15:26','2023-05-17 15:15:26',NULL),(366,7562,310,1001,786.18,0.00,2,1,'2023-05-17 15:15:26','2023-05-17 15:15:26',NULL),(367,7562,310,2,2981.00,626.01,2,1,'2023-05-17 15:15:26','2023-05-17 15:15:26',NULL),(368,7562,310,7,393.08,0.00,2,1,'2023-05-17 15:15:26','2023-05-17 15:15:26',NULL),(369,7562,311,1001,593.58,0.00,2,1,'2023-05-17 15:15:26','2023-05-17 15:15:26',NULL),(370,7562,311,2,3886.95,816.26,2,1,'2023-05-17 15:15:26','2023-05-17 15:15:26',NULL),(371,7562,311,7,296.77,0.00,2,1,'2023-05-17 15:15:26','2023-05-17 15:15:26',NULL),(372,7562,312,2,3082.22,647.27,2,1,'2023-05-17 15:15:26','2023-05-17 15:15:26',NULL),(373,7562,313,2,770.55,161.82,2,1,'2023-05-17 15:15:26','2023-05-17 15:15:26',NULL),(374,7562,314,2,2479.34,520.66,2,1,'2023-05-17 15:15:26','2023-05-17 15:15:26',NULL),(375,7562,315,1001,356.16,0.00,2,1,'2023-05-17 15:15:26','2023-05-17 15:15:26',NULL),(376,7562,315,2,2332.29,489.78,2,1,'2023-05-17 15:15:26','2023-05-17 15:15:26',NULL),(377,7562,315,7,178.10,0.00,2,1,'2023-05-17 15:15:26','2023-05-17 15:15:26',NULL);
INSERT INTO `receipt_taxes` VALUES (378,7562,316,1001,622.86,0.00,2,1,'2023-05-17 15:15:26','2023-05-17 15:15:26',NULL),(379,7562,316,2,3048.48,640.18,2,1,'2023-05-17 15:15:26','2023-05-17 15:15:26',NULL),(380,7562,316,7,311.44,0.00,2,1,'2023-05-17 15:15:26','2023-05-17 15:15:26',NULL),(381,7562,317,2,2066.12,433.88,2,1,'2023-05-17 15:15:26','2023-05-17 15:15:26',NULL),(382,7562,318,1001,786.24,0.00,2,1,'2023-05-17 15:15:26','2023-05-17 15:15:26',NULL),(383,7562,318,2,2981.19,626.05,2,1,'2023-05-17 15:15:26','2023-05-17 15:15:26',NULL),(384,7562,318,7,393.13,0.00,2,1,'2023-05-17 15:15:26','2023-05-17 15:15:26',NULL),(385,7562,319,2,2501.19,525.25,2,1,'2023-05-17 15:15:26','2023-05-17 15:15:26',NULL),(386,7562,320,2,625.30,131.31,2,1,'2023-05-17 15:15:26','2023-05-17 15:15:26',NULL),(387,7562,321,2,2314.05,485.95,2,1,'2023-06-12 15:18:11','2023-06-12 15:18:11',NULL),(388,7562,322,2,9917.36,2082.64,2,1,'2023-06-12 15:18:11','2023-06-12 15:18:11',NULL),(389,7562,323,2,6553.72,1376.28,2,1,'2023-06-12 15:18:11','2023-06-12 15:18:11',NULL),(390,7562,324,2,11404.96,2395.04,2,1,'2023-06-12 15:18:12','2023-06-12 15:18:12',NULL),(391,7562,325,2,7438.02,1561.98,2,1,'2023-06-12 15:18:12','2023-06-12 15:18:12',NULL),(392,7562,326,2,9504.13,1995.87,2,1,'2023-06-12 15:18:12','2023-06-12 15:18:12',NULL),(393,7562,327,2,4049.59,850.41,2,1,'2023-06-12 15:18:12','2023-06-12 15:18:12',NULL),(394,7562,328,2,9314.05,1955.95,2,1,'2023-06-12 15:18:12','2023-06-12 15:18:12',NULL),(395,7562,329,2,4049.59,850.41,2,1,'2023-06-12 15:18:12','2023-06-12 15:18:12',NULL),(396,7562,330,2,5702.48,1197.52,2,1,'2023-06-12 15:18:12','2023-06-12 15:18:12',NULL),(397,7562,331,2,21487.60,4512.40,2,1,'2023-06-12 15:18:12','2023-06-12 15:18:12',NULL),(398,7562,332,2,5702.48,1197.52,2,1,'2023-06-12 15:18:12','2023-06-12 15:18:12',NULL),(399,7562,333,2,9504.13,1995.87,2,1,'2023-06-12 15:18:12','2023-06-12 15:18:12',NULL),(400,7562,334,2,8264.46,1735.54,2,1,'2023-06-12 15:18:12','2023-06-12 15:18:12',NULL),(401,7562,335,2,5702.48,1197.52,2,1,'2023-06-12 15:18:12','2023-06-12 15:18:12',NULL),(402,7562,336,2,5702.48,1197.52,2,1,'2023-06-12 15:18:12','2023-06-12 15:18:12',NULL),(403,7562,337,2,4752.07,997.93,2,1,'2023-06-12 15:18:12','2023-06-12 15:18:12',NULL),(404,7562,338,2,5702.48,1197.52,2,1,'2023-06-12 15:18:12','2023-06-12 15:18:12',NULL),(405,7562,339,2,17107.44,3592.56,2,1,'2023-06-12 15:18:12','2023-06-12 15:18:12',NULL),(406,7562,340,2,6528.93,1371.07,2,1,'2023-06-12 15:18:13','2023-06-12 15:18:13',NULL),(407,7562,341,2,6528.93,1371.07,2,1,'2023-06-12 15:18:13','2023-06-12 15:18:13',NULL),(408,7562,342,2,3140.50,659.50,2,1,'2023-06-12 15:18:13','2023-06-12 15:18:13',NULL),(409,7562,343,2,11074.38,2325.62,2,1,'2023-06-12 15:18:13','2023-06-12 15:18:13',NULL),(410,7562,344,2,7355.37,1544.63,2,1,'2023-06-12 15:18:13','2023-06-12 15:18:13',NULL),(411,7562,345,2,6528.93,1371.07,2,1,'2023-06-12 15:18:13','2023-06-12 15:18:13',NULL),(412,7562,346,2,3057.85,642.15,2,1,'2023-06-12 15:18:13','2023-06-12 15:18:13',NULL),(413,7562,347,2,2644.63,555.37,2,1,'2023-06-12 15:18:13','2023-06-12 15:18:13',NULL),(414,7562,348,2,5702.48,1197.52,2,1,'2023-06-12 15:18:13','2023-06-12 15:18:13',NULL),(415,7562,349,2,7355.37,1544.63,2,1,'2023-06-12 15:18:13','2023-06-12 15:18:13',NULL),(416,7562,350,2,9917.36,2082.64,2,1,'2023-06-12 15:18:13','2023-06-12 15:18:13',NULL),(417,7562,351,2,8264.46,1735.54,2,1,'2023-06-12 15:18:13','2023-06-12 15:18:13',NULL),(418,7562,352,2,5702.48,1197.52,2,1,'2023-06-12 15:18:13','2023-06-12 15:18:13',NULL),(419,7562,353,2,7355.37,1544.63,2,1,'2023-06-12 15:18:13','2023-06-12 15:18:13',NULL),(420,7562,354,2,6611.57,1388.43,2,1,'2023-06-12 15:18:13','2023-06-12 15:18:13',NULL),(421,7562,355,2,4132.23,867.77,2,1,'2023-06-12 15:18:13','2023-06-12 15:18:13',NULL),(422,7562,356,2,6528.93,1371.07,2,1,'2023-06-12 15:18:13','2023-06-12 15:18:13',NULL),(423,7562,357,2,4876.03,1023.97,2,1,'2023-06-12 15:18:14','2023-06-12 15:18:14',NULL);
INSERT INTO `receipt_taxes` VALUES (424,7562,358,2,8264.46,1735.54,2,1,'2023-06-12 15:18:14','2023-06-12 15:18:14',NULL),(425,7562,359,2,3884.30,815.70,2,1,'2023-06-12 15:18:14','2023-06-12 15:18:14',NULL),(426,7562,360,2,22314.05,4685.95,2,1,'2023-06-12 15:18:14','2023-06-12 15:18:14',NULL),(427,7562,361,2,4793.39,1006.61,2,1,'2023-06-12 15:18:14','2023-06-12 15:18:14',NULL),(428,7562,362,2,23760.33,4989.67,2,1,'2023-06-12 15:18:14','2023-06-12 15:18:14',NULL),(429,7562,363,2,5371.90,1128.10,2,1,'2023-06-12 15:18:14','2023-06-12 15:18:14',NULL),(430,7562,364,2,8181.82,1718.18,2,1,'2023-06-12 15:18:14','2023-06-12 15:18:14',NULL),(431,7562,365,2,8264.46,1735.54,2,1,'2023-06-12 15:18:14','2023-06-12 15:18:14',NULL),(432,7562,366,2,8264.46,1735.54,2,1,'2023-06-12 15:18:14','2023-06-12 15:18:14',NULL),(433,7562,367,2,19041.32,3998.68,2,1,'2023-06-12 15:18:14','2023-06-12 15:18:14',NULL),(434,7562,368,2,8264.46,1735.54,2,1,'2023-06-12 15:18:14','2023-06-12 15:18:14',NULL),(435,7562,369,2,3305.79,694.21,2,1,'2023-06-12 15:18:14','2023-06-12 15:18:14',NULL),(436,7562,370,2,6528.93,1371.07,2,1,'2023-06-12 15:18:14','2023-06-12 15:18:14',NULL),(437,7562,371,2,4710.74,989.26,2,1,'2023-06-12 15:18:15','2023-06-12 15:18:15',NULL),(438,7562,372,2,15867.77,3332.23,2,1,'2023-06-12 15:18:15','2023-06-12 15:18:15',NULL),(439,7562,373,2,5785.12,1214.88,2,1,'2023-06-12 15:18:15','2023-06-12 15:18:15',NULL),(440,7562,374,2,5157.02,1082.98,2,1,'2023-06-12 15:18:15','2023-06-12 15:18:15',NULL),(441,7562,375,2,4876.03,1023.97,2,1,'2023-06-12 15:18:15','2023-06-12 15:18:15',NULL),(442,7562,376,2,36595.04,7684.96,2,1,'2023-06-12 15:18:15','2023-06-12 15:18:15',NULL),(443,7562,377,2,5702.48,1197.52,2,1,'2023-06-12 15:18:15','2023-06-12 15:18:15',NULL),(444,7562,378,2,8264.46,1735.54,2,1,'2023-06-12 15:18:15','2023-06-12 15:18:15',NULL),(445,7562,379,2,7603.31,1596.69,2,1,'2023-06-12 15:18:15','2023-06-12 15:18:15',NULL),(446,7562,380,2,7834.71,1645.29,2,1,'2023-06-12 15:18:15','2023-06-12 15:18:15',NULL),(447,7562,381,2,10909.09,2290.91,2,1,'2023-06-12 15:18:15','2023-06-12 15:18:15',NULL),(448,7562,382,2,3471.07,728.93,2,1,'2023-06-12 15:18:15','2023-06-12 15:18:15',NULL),(449,7562,383,2,12396.69,2603.31,2,1,'2023-06-12 15:18:15','2023-06-12 15:18:15',NULL),(450,7562,384,2,29752.07,6247.93,2,1,'2023-06-12 15:18:15','2023-06-12 15:18:15',NULL),(451,7562,385,2,4958.68,1041.32,2,1,'2023-06-12 15:18:15','2023-06-12 15:18:15',NULL),(452,7562,386,2,8181.82,1718.18,2,1,'2023-06-12 15:18:15','2023-06-12 15:18:15',NULL),(453,7562,387,2,3305.79,694.21,2,1,'2023-06-12 15:18:15','2023-06-12 15:18:15',NULL),(454,7562,388,2,12892.56,2707.44,2,1,'2023-06-12 15:18:15','2023-06-12 15:18:15',NULL),(455,7562,389,2,1652.89,347.11,2,1,'2023-06-12 15:18:15','2023-06-12 15:18:15',NULL),(456,7562,390,2,4876.03,1023.97,2,1,'2023-06-12 15:18:15','2023-06-12 15:18:15',NULL),(457,7562,391,2,12892.56,2707.44,2,1,'2023-06-12 15:18:15','2023-06-12 15:18:15',NULL),(458,7562,392,2,5950.41,1249.59,2,1,'2023-06-12 15:18:16','2023-06-12 15:18:16',NULL),(459,7562,393,2,1404.96,295.04,2,1,'2023-06-12 15:18:16','2023-06-12 15:18:16',NULL),(460,7562,394,2,5371.90,1128.10,2,1,'2023-06-12 15:18:16','2023-06-12 15:18:16',NULL),(461,7562,395,2,4132.23,867.77,2,1,'2023-06-12 15:18:16','2023-06-12 15:18:16',NULL),(462,7562,396,2,7355.37,1544.63,2,1,'2023-06-12 15:18:16','2023-06-12 15:18:16',NULL),(464,7562,398,2,82328.40,17288.96,2,1,'2023-06-12 15:18:46','2023-06-12 15:18:46',NULL),(465,7562,399,2,123.97,26.03,2,1,'2023-06-12 15:18:46','2023-06-12 15:18:46',NULL),(466,7562,400,2,10492.70,2203.47,2,1,'2023-06-12 15:18:46','2023-06-12 15:18:46',NULL),(467,7562,401,2,4410.00,926.10,2,1,'2023-06-12 15:18:46','2023-06-12 15:18:46',NULL),(468,7562,402,2,3388.43,711.57,2,1,'2023-06-12 15:18:46','2023-06-12 15:18:46',NULL),(469,7562,403,2,7431.70,1560.66,2,1,'2023-06-12 15:18:46','2023-06-12 15:18:46',NULL),(470,7562,404,2,11572.00,2430.12,2,1,'2023-06-12 15:18:46','2023-06-12 15:18:46',NULL);
INSERT INTO `receipt_taxes` VALUES (471,7562,405,2,7431.70,1560.66,2,1,'2023-06-12 15:18:46','2023-06-12 15:18:46',NULL),(472,7562,406,2,10774.00,2262.54,2,1,'2023-06-12 15:18:46','2023-06-12 15:18:46',NULL),(473,7562,407,2,22295.10,4681.97,2,1,'2023-06-12 15:18:46','2023-06-12 15:18:46',NULL),(474,7562,408,2,22295.10,4681.97,2,1,'2023-06-12 15:18:46','2023-06-12 15:18:46',NULL),(475,7562,409,2,22295.10,4681.97,2,1,'2023-06-12 15:18:46','2023-06-12 15:18:46',NULL),(478,7562,412,2,5669.43,1190.58,2,1,'2023-06-12 15:18:47','2023-06-12 15:18:47',NULL),(479,7562,413,2,5500.46,1155.10,2,1,'2023-06-12 15:18:47','2023-06-12 15:18:47',NULL),(480,7562,413,7,165.01,0.00,2,1,'2023-06-12 15:18:47','2023-06-12 15:18:47',NULL),(481,7562,414,2,746.91,156.85,2,1,'2023-06-12 15:18:47','2023-06-12 15:18:47',NULL),(482,7562,415,2,7280.99,1529.01,2,1,'2023-06-12 15:18:47','2023-06-12 15:18:47',NULL),(483,7562,416,2,7773.95,1632.53,2,1,'2023-06-12 15:34:26','2023-06-12 15:34:26',NULL),(484,7562,416,7,593.57,0.00,2,1,'2023-06-12 15:34:26','2023-06-12 15:34:26',NULL),(485,7562,417,2,66600.00,13986.00,2,1,'2023-06-12 15:34:26','2023-06-12 15:34:26',NULL),(486,7562,418,2,314280.00,65998.80,2,1,'2023-06-12 15:34:26','2023-06-12 15:34:26',NULL),(487,7562,419,2,77760.00,16329.60,2,1,'2023-06-12 15:34:26','2023-06-12 15:34:26',NULL),(488,7562,420,2,181680.00,38152.80,2,1,'2023-06-12 15:34:26','2023-06-12 15:34:26',NULL),(489,7562,421,2,7034.81,1477.33,2,1,'2023-06-12 15:34:26','2023-06-12 15:34:26',NULL),(490,7562,422,2,12449.50,2614.40,2,1,'2023-06-13 09:03:53','2023-06-13 09:03:53',NULL),(491,7562,423,7,169382.92,0.00,2,1,'2023-06-13 09:03:53','2023-06-13 09:03:53',NULL),(492,7562,424,8,11500.00,0.00,2,1,'2023-06-13 09:03:53','2023-06-13 09:03:53',NULL),(493,7562,425,2,7569.17,1589.53,2,1,'2023-06-13 09:03:53','2023-06-13 09:03:53',NULL),(494,7562,426,2,14257.72,2994.12,2,1,'2023-06-13 09:03:53','2023-06-13 09:03:53',NULL),(495,7562,427,2,4347.24,912.92,2,1,'2023-06-13 09:03:53','2023-06-13 09:03:53',NULL),(496,7562,428,1017,478.81,0.00,2,1,'2023-06-13 09:03:53','2023-06-13 09:03:53',NULL),(497,7562,428,1000,262.74,0.00,2,1,'2023-06-13 09:03:53','2023-06-13 09:03:53',NULL),(498,7562,428,2,7408.00,1555.68,2,1,'2023-06-13 09:03:53','2023-06-13 09:03:53',NULL),(499,7562,428,3,1349.93,364.48,2,1,'2023-06-13 09:03:53','2023-06-13 09:03:53',NULL),(500,7562,429,2,10391.36,2182.19,2,1,'2023-06-13 09:03:53','2023-06-13 09:03:53',NULL),(501,7562,430,8,54263.36,0.00,2,1,'2023-06-13 09:03:53','2023-06-13 09:03:53',NULL),(502,7562,431,2,7248.00,1522.08,2,1,'2023-06-13 09:03:53','2023-06-13 09:03:53',NULL),(503,7562,432,2,11846.78,2487.82,2,1,'2023-06-13 09:03:53','2023-06-13 09:03:53',NULL),(504,7562,433,2,10591.56,2224.23,2,1,'2023-06-13 09:03:53','2023-06-13 09:03:53',NULL),(505,7562,434,2,38518.08,8088.80,2,1,'2023-06-13 09:03:53','2023-06-13 09:03:53',NULL),(506,7562,435,2,2780.11,583.82,2,1,'2023-06-13 09:03:53','2023-06-13 09:03:53',NULL),(507,7562,436,2,8900.08,1869.02,2,1,'2023-06-13 09:03:53','2023-06-13 09:03:53',NULL),(508,7562,437,7,25000.00,0.00,2,1,'2023-06-13 09:03:54','2023-06-13 09:03:54',NULL),(509,7562,438,2,8893.50,1867.64,2,1,'2023-06-13 09:03:54','2023-06-13 09:03:54',NULL),(510,7562,439,2,12463.15,2617.26,2,1,'2023-06-13 09:03:54','2023-06-13 09:03:54',NULL),(515,7562,444,6,0.00,0.00,2,1,'2023-06-13 09:08:29','2023-06-13 09:08:29',NULL),(516,7562,444,8,5368.00,0.00,2,1,'2023-06-13 09:08:29','2023-06-13 09:08:29',NULL),(517,7562,445,2,1487.61,312.39,2,1,'2023-06-13 09:08:29','2023-06-13 09:08:29',NULL),(518,7562,446,6,0.00,0.00,2,1,'2023-06-13 09:08:29','2023-06-13 09:08:29',NULL),(519,7562,446,8,10000.00,0.00,2,1,'2023-06-13 09:08:29','2023-06-13 09:08:29',NULL),(520,7562,447,6,0.00,0.00,2,1,'2023-06-13 09:08:29','2023-06-13 09:08:29',NULL),(521,7562,447,8,5885.00,0.00,2,1,'2023-06-13 09:08:29','2023-06-13 09:08:29',NULL),(522,7562,448,6,0.00,0.00,2,1,'2023-06-13 09:08:29','2023-06-13 09:08:29',NULL),(523,7562,448,8,3155.00,0.00,2,1,'2023-06-13 09:08:29','2023-06-13 09:08:29',NULL);
INSERT INTO `receipt_taxes` VALUES (524,7562,449,2,110049.05,23110.30,2,1,'2023-06-13 09:11:53','2023-06-13 09:11:53',NULL),(525,7562,449,7,1701109.15,0.00,2,1,'2023-06-13 09:11:53','2023-06-13 09:11:53',NULL),(526,7562,450,2,1818.18,381.82,2,1,'2023-06-13 13:07:56','2023-06-13 13:07:56',NULL),(527,7562,451,7,5000.00,0.00,2,1,'2023-06-13 13:07:56','2023-06-13 13:07:56',NULL),(528,7562,452,2,975.21,204.79,2,1,'2023-06-13 13:07:56','2023-06-13 13:07:56',NULL),(529,7562,453,2,6000.82,1260.17,2,1,'2023-06-13 13:07:56','2023-06-13 13:07:56',NULL),(530,7562,454,2,662.90,139.21,2,1,'2023-06-13 13:07:56','2023-06-13 13:07:56',NULL),(531,7562,455,2,182.00,38.22,2,1,'2023-06-13 13:07:56','2023-06-13 13:07:56',NULL),(538,7562,458,1001,356.14,0.00,2,1,'2023-06-13 13:11:32','2023-06-13 13:11:32',NULL),(539,7562,458,2,2332.19,489.76,2,1,'2023-06-13 13:11:32','2023-06-13 13:11:32',NULL),(540,7562,458,7,178.08,0.00,2,1,'2023-06-13 13:11:32','2023-06-13 13:11:32',NULL),(541,7562,459,1001,593.58,0.00,2,1,'2023-06-13 13:11:33','2023-06-13 13:11:33',NULL),(542,7562,459,2,3886.95,816.26,2,1,'2023-06-13 13:11:33','2023-06-13 13:11:33',NULL),(543,7562,459,7,296.77,0.00,2,1,'2023-06-13 13:11:33','2023-06-13 13:11:33',NULL),(544,7562,460,1001,593.58,0.00,2,1,'2023-06-13 13:11:33','2023-06-13 13:11:33',NULL),(545,7562,460,2,3886.95,816.26,2,1,'2023-06-13 13:11:33','2023-06-13 13:11:33',NULL),(546,7562,460,7,296.77,0.00,2,1,'2023-06-13 13:11:33','2023-06-13 13:11:33',NULL),(547,7562,461,1001,1258.72,0.00,2,1,'2023-06-13 13:11:33','2023-06-13 13:11:33',NULL),(548,7562,461,2,4772.67,1002.26,2,1,'2023-06-13 13:11:33','2023-06-13 13:11:33',NULL),(549,7562,461,7,629.37,0.00,2,1,'2023-06-13 13:11:33','2023-06-13 13:11:33',NULL),(550,7562,462,1001,348.66,0.00,2,1,'2023-06-13 13:11:33','2023-06-13 13:11:33',NULL),(551,7562,462,2,2335.38,490.43,2,1,'2023-06-13 13:11:33','2023-06-13 13:11:33',NULL),(552,7562,462,7,174.34,0.00,2,1,'2023-06-13 13:11:33','2023-06-13 13:11:33',NULL),(553,7562,463,1001,444.38,0.00,2,1,'2023-06-13 13:11:33','2023-06-13 13:11:33',NULL),(554,7562,463,2,3122.10,655.64,2,1,'2023-06-13 13:11:33','2023-06-13 13:11:33',NULL),(555,7562,463,7,222.19,0.00,2,1,'2023-06-13 13:11:33','2023-06-13 13:11:33',NULL),(556,7562,464,1001,333.30,0.00,2,1,'2023-06-13 13:11:33','2023-06-13 13:11:33',NULL),(557,7562,464,2,2341.71,491.76,2,1,'2023-06-13 13:11:33','2023-06-13 13:11:33',NULL),(558,7562,464,7,166.66,0.00,2,1,'2023-06-13 13:11:33','2023-06-13 13:11:33',NULL),(559,7562,465,1001,1110.98,0.00,2,1,'2023-06-13 13:11:33','2023-06-13 13:11:33',NULL),(560,7562,465,2,7805.43,1639.14,2,1,'2023-06-13 13:11:33','2023-06-13 13:11:33',NULL),(561,7562,465,7,555.48,0.00,2,1,'2023-06-13 13:11:33','2023-06-13 13:11:33',NULL),(562,7562,466,8,10766.00,0.00,2,1,'2023-07-13 16:17:46','2023-07-13 16:17:46',NULL),(563,7562,467,8,3000.00,0.00,2,1,'2023-07-13 16:17:46','2023-07-13 16:17:46',NULL),(564,7562,468,8,4800.00,0.00,2,1,'2023-07-13 16:17:46','2023-07-13 16:17:46',NULL),(565,7562,469,6,1597483.04,0.00,2,1,'2023-07-13 16:17:46','2023-07-13 16:17:46',NULL),(566,7562,469,1,154733.90,16247.06,2,1,'2023-07-13 16:17:46','2023-07-13 16:17:46',NULL),(567,7562,470,8,4800.00,0.00,2,1,'2023-07-13 16:17:46','2023-07-13 16:17:46',NULL),(568,7562,471,7,147054.11,0.00,2,1,'2023-07-13 16:18:00','2023-07-13 16:18:00',NULL),(569,7562,472,2,8865.72,1861.80,2,1,'2023-07-13 16:18:00','2023-07-13 16:18:00',NULL),(570,7562,473,8,55802.86,0.00,2,1,'2023-07-13 16:18:00','2023-07-13 16:18:00',NULL),(571,7562,474,7,30000.00,0.00,2,1,'2023-07-13 16:18:00','2023-07-13 16:18:00',NULL),(572,7562,475,2,7764.00,1630.44,2,1,'2023-07-13 16:18:00','2023-07-13 16:18:00',NULL),(573,7562,476,2,6159.62,1293.52,2,1,'2023-07-13 16:18:01','2023-07-13 16:18:01',NULL),(574,7562,477,1017,504.75,0.00,2,1,'2023-07-13 16:18:01','2023-07-13 16:18:01',NULL),(575,7562,477,1000,278.04,0.00,2,1,'2023-07-13 16:18:01','2023-07-13 16:18:01',NULL),(576,7562,477,2,8153.00,1712.13,2,1,'2023-07-13 16:18:01','2023-07-13 16:18:01',NULL);
INSERT INTO `receipt_taxes` VALUES (577,7562,477,3,1114.94,301.03,2,1,'2023-07-13 16:18:01','2023-07-13 16:18:01',NULL),(578,7562,478,2,20592.61,4324.45,2,1,'2023-07-13 16:18:01','2023-07-13 16:18:01',NULL),(579,7562,479,2,13291.34,2791.18,2,1,'2023-07-13 16:18:01','2023-07-13 16:18:01',NULL),(580,7562,480,2,22973.61,4824.46,2,1,'2023-07-13 16:18:01','2023-07-13 16:18:01',NULL),(581,7562,481,2,19143.30,4020.09,2,1,'2023-07-13 16:18:01','2023-07-13 16:18:01',NULL),(582,7562,482,1001,57.61,0.00,2,1,'2023-07-13 16:18:01','2023-07-13 16:18:01',NULL),(583,7562,482,1017,104.60,0.00,2,1,'2023-07-13 16:18:01','2023-07-13 16:18:01',NULL),(584,7562,482,2,1689.55,354.81,2,1,'2023-07-13 16:18:01','2023-07-13 16:18:01',NULL),(585,7562,482,3,231.04,62.38,2,1,'2023-07-13 16:18:01','2023-07-13 16:18:01',NULL),(586,7562,483,2,28405.47,5965.15,2,1,'2023-07-13 16:18:01','2023-07-13 16:18:01',NULL),(587,7562,484,2,9379.78,1969.75,2,1,'2023-07-13 16:18:01','2023-07-13 16:18:01',NULL),(588,7562,485,2,11107.44,2332.56,2,1,'2023-07-14 10:23:59','2023-07-14 10:23:59',NULL),(589,7562,486,2,9917.36,2082.64,2,1,'2023-07-14 10:24:00','2023-07-14 10:24:00',NULL),(590,7562,487,2,17851.24,3748.76,2,1,'2023-07-14 10:24:00','2023-07-14 10:24:00',NULL),(591,7562,488,2,9818.18,2061.82,2,1,'2023-07-14 10:24:00','2023-07-14 10:24:00',NULL),(592,7562,489,2,4876.03,1023.97,2,1,'2023-07-14 10:24:00','2023-07-14 10:24:00',NULL),(593,7562,490,2,10743.80,2256.20,2,1,'2023-07-14 10:24:00','2023-07-14 10:24:00',NULL),(594,7562,491,2,5454.55,1145.45,2,1,'2023-07-14 10:24:00','2023-07-14 10:24:00',NULL),(595,7562,492,2,8925.62,1874.38,2,1,'2023-07-14 10:24:00','2023-07-14 10:24:00',NULL),(596,7562,493,2,3553.72,746.28,2,1,'2023-07-14 10:24:00','2023-07-14 10:24:00',NULL),(597,7562,494,2,20495.87,4304.13,2,1,'2023-07-14 10:24:00','2023-07-14 10:24:00',NULL),(598,7562,495,2,4710.74,989.26,2,1,'2023-07-14 10:24:00','2023-07-14 10:24:00',NULL),(599,7562,496,2,991.74,208.26,2,1,'2023-07-14 10:24:00','2023-07-14 10:24:00',NULL),(600,7562,497,2,8264.46,1735.54,2,1,'2023-07-14 10:24:01','2023-07-14 10:24:01',NULL),(601,7562,498,2,9917.36,2082.64,2,1,'2023-07-14 10:24:01','2023-07-14 10:24:01',NULL),(602,7562,499,2,7355.37,1544.63,2,1,'2023-07-14 10:24:01','2023-07-14 10:24:01',NULL),(603,7562,500,2,11570.25,2429.75,2,1,'2023-07-14 10:24:01','2023-07-14 10:24:01',NULL),(604,7562,501,2,8925.62,1874.38,2,1,'2023-07-14 10:24:01','2023-07-14 10:24:01',NULL),(605,7562,502,2,15867.77,3332.23,2,1,'2023-07-14 10:24:01','2023-07-14 10:24:01',NULL),(606,7562,503,2,15768.60,3311.40,2,1,'2023-07-14 10:24:01','2023-07-14 10:24:01',NULL),(607,7562,504,2,6115.70,1284.30,2,1,'2023-07-14 10:24:01','2023-07-14 10:24:01',NULL),(608,7562,505,2,7355.37,1544.63,2,1,'2023-07-14 10:24:01','2023-07-14 10:24:01',NULL),(609,7562,506,2,7355.37,1544.63,2,1,'2023-07-14 10:24:02','2023-07-14 10:24:02',NULL),(610,7562,507,2,8264.46,1735.54,2,1,'2023-07-14 10:24:02','2023-07-14 10:24:02',NULL),(611,7562,508,2,11404.96,2395.04,2,1,'2023-07-14 10:24:02','2023-07-14 10:24:02',NULL),(612,7562,509,2,4876.03,1023.97,2,1,'2023-07-14 10:24:02','2023-07-14 10:24:02',NULL),(613,7562,510,2,6115.70,1284.30,2,1,'2023-07-14 10:24:02','2023-07-14 10:24:02',NULL),(614,7562,511,2,8264.46,1735.54,2,1,'2023-07-14 10:24:02','2023-07-14 10:24:02',NULL),(615,7562,512,2,8264.46,1735.54,2,1,'2023-07-14 10:24:02','2023-07-14 10:24:02',NULL),(616,7562,513,2,8264.46,1735.54,2,1,'2023-07-14 10:24:02','2023-07-14 10:24:02',NULL),(617,7562,514,2,4545.45,954.55,2,1,'2023-07-14 10:24:02','2023-07-14 10:24:02',NULL),(618,7562,515,2,4132.23,867.77,2,1,'2023-07-14 10:24:02','2023-07-14 10:24:02',NULL),(619,7562,516,2,5702.48,1197.52,2,1,'2023-07-14 10:24:02','2023-07-14 10:24:02',NULL),(620,7562,517,2,7438.02,1561.98,2,1,'2023-07-14 10:24:02','2023-07-14 10:24:02',NULL),(621,7562,518,2,7438.02,1561.98,2,1,'2023-07-14 10:24:03','2023-07-14 10:24:03',NULL),(622,7562,519,2,18677.69,3922.31,2,1,'2023-07-14 10:24:03','2023-07-14 10:24:03',NULL);
INSERT INTO `receipt_taxes` VALUES (623,7562,520,2,9752.07,2047.93,2,1,'2023-07-14 10:24:03','2023-07-14 10:24:03',NULL),(624,7562,521,2,6842.98,1437.02,2,1,'2023-07-14 10:24:03','2023-07-14 10:24:03',NULL),(625,7562,522,2,6842.98,1437.02,2,1,'2023-07-14 10:24:03','2023-07-14 10:24:03',NULL),(626,7562,523,2,5702.48,1197.52,2,1,'2023-07-14 10:24:03','2023-07-14 10:24:03',NULL),(627,7562,524,2,4380.17,919.83,2,1,'2023-07-14 10:24:03','2023-07-14 10:24:03',NULL),(628,7562,525,2,4132.23,867.77,2,1,'2023-07-14 10:24:03','2023-07-14 10:24:03',NULL),(629,7562,526,2,8181.82,1718.18,2,1,'2023-07-14 10:24:03','2023-07-14 10:24:03',NULL),(630,7562,527,2,18677.69,3922.31,2,1,'2023-07-14 10:24:03','2023-07-14 10:24:03',NULL),(631,7562,528,2,9752.07,2047.93,2,1,'2023-07-14 10:24:03','2023-07-14 10:24:03',NULL),(632,7562,529,2,6528.93,1371.07,2,1,'2023-07-14 10:24:03','2023-07-14 10:24:03',NULL),(633,7562,530,2,6528.93,1371.07,2,1,'2023-07-14 10:24:04','2023-07-14 10:24:04',NULL),(634,7562,531,2,7355.37,1544.63,2,1,'2023-07-14 10:24:04','2023-07-14 10:24:04',NULL),(635,7562,532,2,7355.37,1544.63,2,1,'2023-07-14 10:24:04','2023-07-14 10:24:04',NULL),(636,7562,533,2,6528.93,1371.07,2,1,'2023-07-14 10:24:04','2023-07-14 10:24:04',NULL),(637,7562,534,2,1652.89,347.11,2,1,'2023-07-14 10:24:04','2023-07-14 10:24:04',NULL),(638,7562,535,2,5371.90,1128.10,2,1,'2023-07-14 10:24:04','2023-07-14 10:24:04',NULL),(639,7562,536,2,24694.21,5185.79,2,1,'2023-07-14 10:24:04','2023-07-14 10:24:04',NULL),(640,7562,537,2,13289.26,2790.74,2,1,'2023-07-14 10:24:04','2023-07-14 10:24:04',NULL),(641,7562,538,2,7933.88,1666.12,2,1,'2023-07-14 10:24:04','2023-07-14 10:24:04',NULL),(642,7562,539,2,7438.02,1561.98,2,1,'2023-07-14 10:24:04','2023-07-14 10:24:04',NULL),(643,7562,540,2,5785.12,1214.88,2,1,'2023-07-14 10:24:04','2023-07-14 10:24:04',NULL),(644,7562,541,2,6528.93,1371.07,2,1,'2023-07-14 10:24:05','2023-07-14 10:24:05',NULL),(645,7562,542,2,11404.96,2395.04,2,1,'2023-07-14 10:24:05','2023-07-14 10:24:05',NULL),(646,7562,543,2,4958.68,1041.32,2,1,'2023-07-14 10:24:05','2023-07-14 10:24:05',NULL),(647,7562,544,2,6842.98,1437.02,2,1,'2023-07-14 10:24:05','2023-07-14 10:24:05',NULL),(648,7562,545,2,8925.62,1874.38,2,1,'2023-07-14 10:24:05','2023-07-14 10:24:05',NULL),(649,7562,546,2,11239.67,2360.33,2,1,'2023-07-14 10:24:05','2023-07-14 10:24:05',NULL),(650,7562,547,2,27768.60,5831.40,2,1,'2023-07-14 10:24:05','2023-07-14 10:24:05',NULL),(651,7562,548,2,17851.24,3748.76,2,1,'2023-07-14 10:24:05','2023-07-14 10:24:05',NULL),(652,7562,549,2,2396.69,503.31,2,1,'2023-07-14 10:24:05','2023-07-14 10:24:05',NULL),(653,7562,550,2,19008.26,3991.74,2,1,'2023-07-14 10:24:06','2023-07-14 10:24:06',NULL),(654,7562,551,2,17851.24,3748.76,2,1,'2023-07-14 10:24:06','2023-07-14 10:24:06',NULL),(655,7562,552,2,6198.35,1301.65,2,1,'2023-07-14 10:24:06','2023-07-14 10:24:06',NULL),(656,7562,553,2,23140.50,4859.50,2,1,'2023-07-14 10:24:06','2023-07-14 10:24:06',NULL),(657,7562,554,2,9917.36,2082.64,2,1,'2023-07-14 10:24:06','2023-07-14 10:24:06',NULL),(658,7562,555,2,1404.96,295.04,2,1,'2023-07-14 10:24:06','2023-07-14 10:24:06',NULL),(659,7562,556,2,2975.21,624.79,2,1,'2023-07-14 10:24:06','2023-07-14 10:24:06',NULL),(660,7562,557,2,6528.93,1371.07,2,1,'2023-07-14 10:24:06','2023-07-14 10:24:06',NULL),(661,7562,558,2,27074.38,5685.62,2,1,'2023-07-14 10:24:06','2023-07-14 10:24:06',NULL),(662,7562,559,2,24793.39,5206.61,2,1,'2023-07-14 10:24:06','2023-07-14 10:24:06',NULL),(663,7562,560,2,8264.46,1735.54,2,1,'2023-07-14 10:24:06','2023-07-14 10:24:06',NULL),(664,7562,561,2,20661.16,4338.84,2,1,'2023-07-14 10:24:06','2023-07-14 10:24:06',NULL),(665,7562,562,2,5950.41,1249.59,2,1,'2023-07-14 10:24:07','2023-07-14 10:24:07',NULL),(666,7562,563,2,11206.61,2353.39,2,1,'2023-07-14 10:24:07','2023-07-14 10:24:07',NULL),(667,7562,564,2,7933.88,1666.12,2,1,'2023-07-14 10:24:07','2023-07-14 10:24:07',NULL),(668,7562,565,2,1900.83,399.17,2,1,'2023-07-14 10:24:07','2023-07-14 10:24:07',NULL);
INSERT INTO `receipt_taxes` VALUES (669,7562,566,2,1900.83,399.17,2,1,'2023-07-14 10:24:07','2023-07-14 10:24:07',NULL),(670,7562,567,2,9090.91,1909.09,2,1,'2023-07-14 10:24:07','2023-07-14 10:24:07',NULL),(671,7562,568,2,4049.59,850.41,2,1,'2023-07-14 10:24:07','2023-07-14 10:24:07',NULL),(672,7562,569,2,8264.46,1735.54,2,1,'2023-07-14 10:24:07','2023-07-14 10:24:07',NULL),(673,7562,570,2,4049.59,850.41,2,1,'2023-07-14 10:24:07','2023-07-14 10:24:07',NULL),(674,7562,571,2,4545.45,954.55,2,1,'2023-07-14 10:24:07','2023-07-14 10:24:07',NULL),(675,7562,572,2,5851.24,1228.76,2,1,'2023-07-14 10:24:07','2023-07-14 10:24:07',NULL),(676,7562,573,2,5619.83,1180.17,2,1,'2023-07-14 10:24:07','2023-07-14 10:24:07',NULL),(677,7562,574,2,5702.48,1197.52,2,1,'2023-07-14 10:24:07','2023-07-14 10:24:07',NULL),(678,7562,575,2,24793.39,5206.61,2,1,'2023-07-14 10:24:08','2023-07-14 10:24:08',NULL),(679,7562,576,2,2975.21,624.79,2,1,'2023-07-14 10:24:08','2023-07-14 10:24:08',NULL),(680,7562,577,2,9917.36,2082.64,2,1,'2023-07-14 10:24:08','2023-07-14 10:24:08',NULL),(681,7562,578,2,3305.79,694.21,2,1,'2023-07-14 10:24:08','2023-07-14 10:24:08',NULL),(682,7562,579,2,31636.36,6643.64,2,1,'2023-07-14 10:24:08','2023-07-14 10:24:08',NULL),(683,7562,580,2,9322.31,1957.69,2,1,'2023-07-14 10:24:08','2023-07-14 10:24:08',NULL),(684,7562,581,2,9917.36,2082.64,2,1,'2023-07-14 10:24:08','2023-07-14 10:24:08',NULL),(685,7562,582,2,5371.90,1128.10,2,1,'2023-07-14 10:24:08','2023-07-14 10:24:08',NULL),(686,7562,583,2,10082.64,2117.36,2,1,'2023-07-14 10:24:08','2023-07-14 10:24:08',NULL),(687,7562,584,2,8264.46,1735.54,2,1,'2023-07-14 10:24:08','2023-07-14 10:24:08',NULL),(688,7562,585,2,15537.19,3262.81,2,1,'2023-07-14 10:24:08','2023-07-14 10:24:08',NULL),(689,7562,586,2,8677.69,1822.31,2,1,'2023-07-14 10:24:08','2023-07-14 10:24:08',NULL),(690,7562,587,2,8264.46,1735.54,2,1,'2023-07-14 10:24:08','2023-07-14 10:24:08',NULL),(691,7562,588,2,5702.48,1197.52,2,1,'2023-07-14 10:24:09','2023-07-14 10:24:09',NULL),(692,7562,589,2,3471.07,728.93,2,1,'2023-07-14 10:24:09','2023-07-14 10:24:09',NULL),(693,7562,590,2,5289.26,1110.74,2,1,'2023-07-14 10:24:09','2023-07-14 10:24:09',NULL),(694,7562,591,2,8264.46,1735.54,2,1,'2023-07-14 10:24:09','2023-07-14 10:24:09',NULL),(695,7562,592,2,7438.02,1561.98,2,1,'2023-07-14 10:24:09','2023-07-14 10:24:09',NULL),(696,7562,593,2,3867.77,812.23,2,1,'2023-07-14 10:24:09','2023-07-14 10:24:09',NULL),(697,7562,594,2,5371.90,1128.10,2,1,'2023-07-14 10:24:09','2023-07-14 10:24:09',NULL),(698,7562,595,2,8347.11,1752.89,2,1,'2023-07-14 10:24:09','2023-07-14 10:24:09',NULL),(699,7562,596,2,8264.46,1735.54,2,1,'2023-07-14 10:24:09','2023-07-14 10:24:09',NULL),(700,7562,597,2,16528.93,3471.07,2,1,'2023-07-14 10:24:09','2023-07-14 10:24:09',NULL),(701,7562,598,2,12396.69,2603.31,2,1,'2023-07-14 10:24:09','2023-07-14 10:24:09',NULL),(702,7562,599,2,11157.02,2342.98,2,1,'2023-07-14 10:24:09','2023-07-14 10:24:09',NULL),(703,7562,600,2,11157.02,2342.98,2,1,'2023-07-14 10:24:10','2023-07-14 10:24:10',NULL),(704,7562,601,2,5702.48,1197.52,2,1,'2023-07-14 10:24:10','2023-07-14 10:24:10',NULL),(705,7562,602,2,9917.36,2082.64,2,1,'2023-07-14 10:24:10','2023-07-14 10:24:10',NULL),(706,7562,603,2,6528.93,1371.07,2,1,'2023-07-14 10:24:10','2023-07-14 10:24:10',NULL),(707,7562,604,2,5702.48,1197.52,2,1,'2023-07-14 10:24:10','2023-07-14 10:24:10',NULL),(708,7562,605,2,6528.93,1371.07,2,1,'2023-07-14 10:24:10','2023-07-14 10:24:10',NULL),(709,7562,606,2,4049.59,850.41,2,1,'2023-07-14 10:24:10','2023-07-14 10:24:10',NULL),(710,7562,607,2,6528.93,1371.07,2,1,'2023-07-14 10:24:10','2023-07-14 10:24:10',NULL),(711,7562,608,2,8181.82,1718.18,2,1,'2023-07-14 10:24:10','2023-07-14 10:24:10',NULL),(712,7562,609,2,5140.00,1079.40,2,1,'2023-07-14 10:26:03','2023-07-14 10:26:03',NULL),(713,7562,610,2,32115.58,6744.27,2,1,'2023-07-14 10:26:03','2023-07-14 10:26:03',NULL),(714,7562,611,2,7644.65,1605.38,2,1,'2023-07-14 10:26:03','2023-07-14 10:26:03',NULL);
INSERT INTO `receipt_taxes` VALUES (715,7562,612,2,131100.00,27531.00,2,1,'2023-07-14 10:26:04','2023-07-14 10:26:04',NULL),(716,7562,613,2,37083.14,7787.46,2,1,'2023-07-14 10:26:04','2023-07-14 10:26:04',NULL),(717,7562,614,1,2384.51,273.05,2,1,'2023-07-14 10:26:04','2023-07-14 10:26:04',NULL),(718,7562,615,2,238.82,50.15,2,1,'2023-07-14 10:26:04','2023-07-14 10:26:04',NULL),(719,7562,616,2,117000.00,24570.00,2,1,'2023-07-14 10:26:04','2023-07-14 10:26:04',NULL),(720,7562,617,2,6033.06,1266.94,2,1,'2023-07-14 10:26:04','2023-07-14 10:26:04',NULL),(721,7562,618,2,3200.00,672.00,2,1,'2023-07-14 10:26:04','2023-07-14 10:26:04',NULL),(722,7562,619,2,3874.00,813.54,2,1,'2023-07-14 10:26:04','2023-07-14 10:26:04',NULL),(723,7562,620,2,5140.00,1079.40,2,1,'2023-07-14 10:26:04','2023-07-14 10:26:04',NULL),(724,7562,621,2,2340.00,491.40,2,1,'2023-07-14 10:26:04','2023-07-14 10:26:04',NULL),(725,7562,622,6,0.00,0.00,2,1,'2023-07-14 10:26:04','2023-07-14 10:26:04',NULL),(736,7562,630,2,35950.43,7549.59,2,1,'2023-07-14 11:44:25','2023-07-14 11:44:25',NULL),(737,7562,630,7,0.02,0.00,2,1,'2023-07-14 11:44:25','2023-07-14 11:44:25',NULL),(738,7562,631,1001,1461.48,0.00,2,1,'2023-07-14 11:44:26','2023-07-14 11:44:26',NULL),(739,7562,631,2,7660.52,1608.71,2,1,'2023-07-14 11:44:26','2023-07-14 11:44:26',NULL),(740,7562,631,7,730.72,0.00,2,1,'2023-07-14 11:44:26','2023-07-14 11:44:26',NULL),(741,7562,632,1001,331.52,0.00,2,1,'2023-07-14 11:44:26','2023-07-14 11:44:26',NULL),(742,7562,632,2,2342.43,491.91,2,1,'2023-07-14 11:44:26','2023-07-14 11:44:26',NULL),(743,7562,632,7,165.76,0.00,2,1,'2023-07-14 11:44:26','2023-07-14 11:44:26',NULL),(744,7562,633,1001,313.14,0.00,2,1,'2023-07-14 11:44:26','2023-07-14 11:44:26',NULL),(745,7562,633,2,2349.95,493.49,2,1,'2023-07-14 11:44:26','2023-07-14 11:44:26',NULL),(746,7562,633,7,156.59,0.00,2,1,'2023-07-14 11:44:26','2023-07-14 11:44:26',NULL),(747,7562,634,2,8677.69,1822.32,2,1,'2023-07-14 11:44:26','2023-07-14 11:44:26',NULL),(748,7562,635,1017,49.60,0.00,2,1,'2023-07-14 11:44:26','2023-07-14 11:44:26',NULL),(749,7562,635,2,1983.80,416.60,2,1,'2023-07-14 11:44:26','2023-07-14 11:44:26',NULL),(750,7562,636,1001,1436.60,0.00,2,1,'2023-07-14 11:44:26','2023-07-14 11:44:26',NULL),(751,7562,636,2,9655.00,2027.55,2,1,'2023-07-14 11:44:26','2023-07-14 11:44:26',NULL),(752,7562,636,7,718.32,0.00,2,1,'2023-07-14 11:44:26','2023-07-14 11:44:26',NULL),(753,7562,637,1001,331.52,0.00,2,1,'2023-07-14 11:44:26','2023-07-14 11:44:26',NULL),(754,7562,637,2,2342.43,491.91,2,1,'2023-07-14 11:44:26','2023-07-14 11:44:26',NULL),(755,7562,637,7,165.76,0.00,2,1,'2023-07-14 11:44:26','2023-07-14 11:44:26',NULL),(756,7562,638,2,6492.42,1363.41,2,1,'2023-07-14 11:44:26','2023-07-14 11:44:26',NULL),(757,7562,639,2,6445.00,1353.45,2,1,'2023-07-14 11:44:26','2023-07-14 11:44:26',NULL),(758,7562,640,1017,72.31,0.00,2,1,'2023-07-14 11:44:26','2023-07-14 11:44:26',NULL),(759,7562,640,2,2892.57,607.44,2,1,'2023-07-14 11:44:26','2023-07-14 11:44:26',NULL),(760,7562,640,7,0.01,0.00,2,1,'2023-07-14 11:44:26','2023-07-14 11:44:26',NULL),(761,7562,641,1001,726.80,0.00,2,1,'2023-07-14 11:44:26','2023-07-14 11:44:26',NULL),(762,7562,641,2,3831.81,804.68,2,1,'2023-07-14 11:44:26','2023-07-14 11:44:26',NULL),(763,7562,641,7,363.39,0.00,2,1,'2023-07-14 11:44:26','2023-07-14 11:44:26',NULL),(764,7562,642,1001,1512.70,0.00,2,1,'2023-07-14 11:44:26','2023-07-14 11:44:26',NULL),(765,7562,642,2,11028.14,2315.91,2,1,'2023-07-14 11:44:26','2023-07-14 11:44:26',NULL),(766,7562,642,7,756.33,0.00,2,1,'2023-07-14 11:44:26','2023-07-14 11:44:26',NULL),(767,7562,643,1001,1043.96,0.00,2,1,'2023-07-14 11:44:26','2023-07-14 11:44:26',NULL),(768,7562,643,2,4527.33,950.74,2,1,'2023-07-14 11:44:26','2023-07-14 11:44:26',NULL),(769,7562,643,7,522.00,0.00,2,1,'2023-07-14 11:44:26','2023-07-14 11:44:26',NULL),(770,7562,644,1001,429.24,0.00,2,1,'2023-07-14 11:44:27','2023-07-14 11:44:27',NULL),(771,7562,644,2,3129.33,657.16,2,1,'2023-07-14 11:44:27','2023-07-14 11:44:27',NULL);
INSERT INTO `receipt_taxes` VALUES (772,7562,644,7,214.61,0.00,2,1,'2023-07-14 11:44:27','2023-07-14 11:44:27',NULL),(773,7562,645,8,5116.00,0.00,2,1,'2023-08-12 09:55:25','2023-08-12 09:55:25',NULL),(774,7562,646,6,1547483.47,0.00,2,1,'2023-08-12 09:55:25','2023-08-12 09:55:25',NULL),(775,7562,646,1,151896.76,15949.16,2,1,'2023-08-12 09:55:25','2023-08-12 09:55:25',NULL),(776,7562,647,7,157865.52,0.00,2,1,'2023-08-12 09:57:00','2023-08-12 09:57:00',NULL),(777,7562,648,2,13425.40,2819.33,2,1,'2023-08-12 09:57:00','2023-08-12 09:57:00',NULL),(778,7562,649,8,69467.68,0.00,2,1,'2023-08-12 09:57:00','2023-08-12 09:57:00',NULL),(779,7562,650,2,61489.48,12912.79,2,1,'2023-08-12 09:57:00','2023-08-12 09:57:00',NULL),(780,7562,651,2,16073.92,3375.52,2,1,'2023-08-12 09:57:00','2023-08-12 09:57:00',NULL),(781,7562,652,1017,522.13,0.00,2,1,'2023-08-12 09:57:00','2023-08-12 09:57:00',NULL),(782,7562,652,1000,304.24,0.00,2,1,'2023-08-12 09:57:00','2023-08-12 09:57:00',NULL),(783,7562,652,2,8317.00,1746.57,2,1,'2023-08-12 09:57:00','2023-08-12 09:57:00',NULL),(784,7562,652,3,1824.34,492.57,2,1,'2023-08-12 09:57:00','2023-08-12 09:57:00',NULL),(785,7562,653,2,7144.13,1500.27,2,1,'2023-08-12 09:57:00','2023-08-12 09:57:00',NULL),(786,7562,654,2,17765.01,3730.65,2,1,'2023-08-12 09:57:00','2023-08-12 09:57:00',NULL),(787,7562,655,2,1617.80,339.74,2,1,'2023-08-12 09:57:00','2023-08-12 09:57:00',NULL),(788,7562,656,2,4599.85,965.97,2,1,'2023-08-12 09:57:01','2023-08-12 09:57:01',NULL),(789,7562,657,2,21180.74,4447.96,2,1,'2023-08-12 09:57:01','2023-08-12 09:57:01',NULL),(790,7562,658,2,5753.25,1208.18,2,1,'2023-08-12 09:57:01','2023-08-12 09:57:01',NULL),(791,7562,659,7,30000.00,0.00,2,1,'2023-08-12 09:57:01','2023-08-12 09:57:01',NULL),(792,7562,660,2,6940.69,1457.55,2,1,'2023-08-12 09:57:01','2023-08-12 09:57:01',NULL),(793,7562,661,1001,1043.96,0.00,2,1,'2023-08-12 11:15:50','2023-08-12 11:15:50',NULL),(794,7562,661,2,4527.33,950.74,2,1,'2023-08-12 11:15:50','2023-08-12 11:15:50',NULL),(795,7562,661,7,522.00,0.00,2,1,'2023-08-12 11:15:50','2023-08-12 11:15:50',NULL),(796,7562,662,1017,28.93,0.00,2,1,'2023-08-12 11:15:50','2023-08-12 11:15:50',NULL),(797,7562,662,2,1157.00,242.97,2,1,'2023-08-12 11:15:50','2023-08-12 11:15:50',NULL),(798,7562,662,7,0.02,0.00,2,1,'2023-08-12 11:15:50','2023-08-12 11:15:50',NULL),(799,7562,663,1001,417.50,0.00,2,1,'2023-08-12 11:15:50','2023-08-12 11:15:50',NULL),(800,7562,663,2,3133.19,657.97,2,1,'2023-08-12 11:15:50','2023-08-12 11:15:50',NULL),(801,7562,663,7,208.77,0.00,2,1,'2023-08-12 11:15:50','2023-08-12 11:15:50',NULL),(802,7562,664,2,8827.00,1853.67,2,1,'2023-08-12 11:15:50','2023-08-12 11:15:50',NULL),(803,7562,665,2,6487.62,1362.40,2,1,'2023-08-12 11:15:50','2023-08-12 11:15:50',NULL),(804,7562,665,7,0.02,0.00,2,1,'2023-08-12 11:15:50','2023-08-12 11:15:50',NULL),(805,7562,666,1001,1015.64,0.00,2,1,'2023-08-12 11:15:50','2023-08-12 11:15:50',NULL),(806,7562,666,2,4621.67,970.55,2,1,'2023-08-12 11:15:50','2023-08-12 11:15:50',NULL),(807,7562,666,7,507.81,0.00,2,1,'2023-08-12 11:15:50','2023-08-12 11:15:50',NULL),(808,7562,667,1001,499.42,0.00,2,1,'2023-08-12 11:15:50','2023-08-12 11:15:50',NULL),(809,7562,667,2,3925.76,824.41,2,1,'2023-08-12 11:15:50','2023-08-12 11:15:50',NULL),(810,7562,667,7,249.69,0.00,2,1,'2023-08-12 11:15:50','2023-08-12 11:15:50',NULL),(811,7562,668,1017,99.56,0.00,2,1,'2023-08-12 11:15:51','2023-08-12 11:15:51',NULL),(812,7562,668,1,3982.30,418.14,2,1,'2023-08-12 11:15:51','2023-08-12 11:15:51',NULL),(813,7562,669,1001,1312.00,0.00,2,1,'2023-08-12 11:15:51','2023-08-12 11:15:51',NULL),(814,7562,669,2,7722.33,1621.69,2,1,'2023-08-12 11:15:51','2023-08-12 11:15:51',NULL),(815,7562,669,7,656.01,0.00,2,1,'2023-08-12 11:15:51','2023-08-12 11:15:51',NULL),(816,7562,670,2,2479.34,520.66,2,1,'2023-08-12 11:15:51','2023-08-12 11:15:51',NULL),(817,7562,671,1001,732.54,0.00,2,1,'2023-08-12 11:15:51','2023-08-12 11:15:51',NULL),(818,7562,671,2,3333.43,700.02,2,1,'2023-08-12 11:15:51','2023-08-12 11:15:51',NULL);
INSERT INTO `receipt_taxes` VALUES (819,7562,671,7,366.25,0.00,2,1,'2023-08-12 11:15:51','2023-08-12 11:15:51',NULL),(820,7562,672,2,1652.89,347.11,2,1,'2023-08-12 11:15:51','2023-08-12 11:15:51',NULL),(821,7562,673,1017,2929.15,0.00,2,1,'2023-08-12 11:15:51','2023-08-12 11:15:51',NULL),(822,7562,673,2,117165.98,24604.86,2,1,'2023-08-12 11:15:51','2023-08-12 11:15:51',NULL),(823,7562,674,2,74380.14,15619.83,2,1,'2023-08-12 11:15:51','2023-08-12 11:15:51',NULL),(824,7562,674,7,0.02,0.00,2,1,'2023-08-12 11:15:51','2023-08-12 11:15:51',NULL),(825,7562,675,2,8264.46,1735.54,2,1,'2023-08-12 12:18:32','2023-08-12 12:18:32',NULL),(826,7562,676,2,5702.48,1197.52,2,1,'2023-08-12 12:18:32','2023-08-12 12:18:32',NULL),(827,7562,677,2,25785.12,5414.88,2,1,'2023-08-12 12:18:32','2023-08-12 12:18:32',NULL),(828,7562,678,2,9090.91,1909.09,2,1,'2023-08-12 12:18:32','2023-08-12 12:18:32',NULL),(829,7562,679,2,11570.25,2429.75,2,1,'2023-08-12 12:18:32','2023-08-12 12:18:32',NULL),(830,7562,680,2,11570.25,2429.75,2,1,'2023-08-12 12:18:32','2023-08-12 12:18:32',NULL),(831,7562,681,2,10743.80,2256.20,2,1,'2023-08-12 12:18:32','2023-08-12 12:18:32',NULL),(832,7562,682,2,12297.52,2582.48,2,1,'2023-08-12 12:18:32','2023-08-12 12:18:32',NULL),(833,7562,683,2,8264.46,1735.54,2,1,'2023-08-12 12:18:32','2023-08-12 12:18:32',NULL),(834,7562,684,2,3471.07,728.93,2,1,'2023-08-12 12:18:33','2023-08-12 12:18:33',NULL),(835,7562,685,2,5702.48,1197.52,2,1,'2023-08-12 12:18:33','2023-08-12 12:18:33',NULL),(836,7562,686,2,6611.57,1388.43,2,1,'2023-08-12 12:18:33','2023-08-12 12:18:33',NULL),(837,7562,687,2,5702.48,1197.52,2,1,'2023-08-12 12:18:33','2023-08-12 12:18:33',NULL),(838,7562,688,2,4297.52,902.48,2,1,'2023-08-12 12:18:33','2023-08-12 12:18:33',NULL),(839,7562,689,2,6611.57,1388.43,2,1,'2023-08-12 12:18:33','2023-08-12 12:18:33',NULL),(840,7562,690,2,5702.48,1197.52,2,1,'2023-08-12 12:18:33','2023-08-12 12:18:33',NULL),(841,7562,691,2,5702.48,1197.52,2,1,'2023-08-12 12:18:33','2023-08-12 12:18:33',NULL),(842,7562,692,2,6528.93,1371.07,2,1,'2023-08-12 12:18:33','2023-08-12 12:18:33',NULL),(843,7562,693,2,7355.37,1544.63,2,1,'2023-08-12 12:18:33','2023-08-12 12:18:33',NULL),(844,7562,694,2,23884.30,5015.70,2,1,'2023-08-12 12:18:33','2023-08-12 12:18:33',NULL),(845,7562,695,2,7438.02,1561.98,2,1,'2023-08-12 12:18:33','2023-08-12 12:18:33',NULL),(846,7562,696,2,22314.05,4685.95,2,1,'2023-08-12 12:18:33','2023-08-12 12:18:33',NULL),(847,7562,697,2,7355.37,1544.63,2,1,'2023-08-12 12:18:33','2023-08-12 12:18:33',NULL),(848,7562,698,2,16528.93,3471.07,2,1,'2023-08-12 12:18:34','2023-08-12 12:18:34',NULL),(849,7562,699,2,2644.63,555.37,2,1,'2023-08-12 12:18:34','2023-08-12 12:18:34',NULL),(850,7562,700,2,4958.68,1041.32,2,1,'2023-08-12 12:18:34','2023-08-12 12:18:34',NULL),(851,7562,701,2,4958.68,1041.32,2,1,'2023-08-12 12:18:34','2023-08-12 12:18:34',NULL),(852,7562,702,2,3223.14,676.86,2,1,'2023-08-12 12:18:34','2023-08-12 12:18:34',NULL),(853,7562,703,2,12727.27,2672.73,2,1,'2023-08-12 12:18:34','2023-08-12 12:18:34',NULL),(854,7562,704,2,4297.52,902.48,2,1,'2023-08-12 12:18:34','2023-08-12 12:18:34',NULL),(855,7562,705,2,3966.94,833.06,2,1,'2023-08-12 12:18:34','2023-08-12 12:18:34',NULL),(856,7562,706,2,3966.94,833.06,2,1,'2023-08-12 12:18:34','2023-08-12 12:18:34',NULL),(857,7562,707,2,8512.40,1787.60,2,1,'2023-08-12 12:18:34','2023-08-12 12:18:34',NULL),(858,7562,708,2,11570.25,2429.75,2,1,'2023-08-12 12:18:34','2023-08-12 12:18:34',NULL),(859,7562,709,2,4710.74,989.26,2,1,'2023-08-12 12:18:34','2023-08-12 12:18:34',NULL),(860,7562,710,2,9917.36,2082.64,2,1,'2023-08-12 12:18:34','2023-08-12 12:18:34',NULL),(861,7562,711,2,4380.17,919.83,2,1,'2023-08-12 12:18:34','2023-08-12 12:18:34',NULL),(862,7562,712,2,578.51,121.49,2,1,'2023-08-12 12:18:35','2023-08-12 12:18:35',NULL),(863,7562,713,2,24793.39,5206.61,2,1,'2023-08-12 12:18:35','2023-08-12 12:18:35',NULL),(864,7562,714,2,3966.94,833.06,2,1,'2023-08-12 12:18:35','2023-08-12 12:18:35',NULL);
INSERT INTO `receipt_taxes` VALUES (865,7562,715,2,12892.56,2707.44,2,1,'2023-08-12 12:18:35','2023-08-12 12:18:35',NULL),(866,7562,716,2,7355.37,1544.63,2,1,'2023-08-12 12:18:35','2023-08-12 12:18:35',NULL),(867,7562,717,2,4049.59,850.41,2,1,'2023-08-12 12:18:35','2023-08-12 12:18:35',NULL),(868,7562,718,2,4958.68,1041.32,2,1,'2023-08-12 12:18:35','2023-08-12 12:18:35',NULL),(869,7562,719,2,2809.92,590.08,2,1,'2023-08-12 12:18:35','2023-08-12 12:18:35',NULL),(870,7562,720,2,2479.34,520.66,2,1,'2023-08-12 12:18:35','2023-08-12 12:18:35',NULL),(871,7562,721,2,5702.48,1197.52,2,1,'2023-08-12 12:18:35','2023-08-12 12:18:35',NULL),(872,7562,722,2,5702.48,1197.52,2,1,'2023-08-12 12:18:35','2023-08-12 12:18:35',NULL),(873,7562,723,2,17190.08,3609.92,2,1,'2023-08-12 12:18:35','2023-08-12 12:18:35',NULL),(874,7562,724,2,10000.00,2100.00,2,1,'2023-08-12 12:18:35','2023-08-12 12:18:35',NULL),(875,7562,725,2,15206.61,3193.39,2,1,'2023-08-12 12:18:36','2023-08-12 12:18:36',NULL),(876,7562,726,2,12396.69,2603.31,2,1,'2023-08-12 12:18:36','2023-08-12 12:18:36',NULL),(877,7562,727,2,17851.24,3748.76,2,1,'2023-08-12 12:18:36','2023-08-12 12:18:36',NULL),(878,7562,728,2,3553.72,746.28,2,1,'2023-08-12 12:18:36','2023-08-12 12:18:36',NULL),(879,7562,729,2,5371.90,1128.10,2,1,'2023-08-12 12:18:36','2023-08-12 12:18:36',NULL),(880,7562,730,2,14710.74,3089.26,2,1,'2023-08-12 12:18:36','2023-08-12 12:18:36',NULL),(881,7562,731,2,8181.82,1718.18,2,1,'2023-08-12 12:18:36','2023-08-12 12:18:36',NULL),(882,7562,732,2,2892.56,607.44,2,1,'2023-08-12 12:18:36','2023-08-12 12:18:36',NULL),(883,7562,733,2,8264.46,1735.54,2,1,'2023-08-12 12:18:36','2023-08-12 12:18:36',NULL),(884,7562,734,2,18595.04,3904.96,2,1,'2023-08-12 12:18:36','2023-08-12 12:18:36',NULL),(885,7562,735,2,3223.14,676.86,2,1,'2023-08-12 12:18:36','2023-08-12 12:18:36',NULL),(886,7562,736,2,4710.74,989.26,2,1,'2023-08-12 12:18:36','2023-08-12 12:18:36',NULL),(887,7562,737,2,7355.37,1544.63,2,1,'2023-08-12 12:18:36','2023-08-12 12:18:36',NULL),(888,7562,738,2,3966.94,833.06,2,1,'2023-08-12 12:18:36','2023-08-12 12:18:36',NULL),(889,7562,739,2,1239.67,260.33,2,1,'2023-08-12 12:18:37','2023-08-12 12:18:37',NULL),(890,7562,740,2,9421.49,1978.51,2,1,'2023-08-12 12:18:37','2023-08-12 12:18:37',NULL),(891,7562,741,2,9917.36,2082.64,2,1,'2023-08-12 12:18:37','2023-08-12 12:18:37',NULL),(892,7562,742,2,17851.24,3748.76,2,1,'2023-08-12 12:18:37','2023-08-12 12:18:37',NULL),(893,7562,743,2,4132.23,867.77,2,1,'2023-08-12 12:18:37','2023-08-12 12:18:37',NULL),(894,7562,744,2,8264.46,1735.54,2,1,'2023-08-12 12:18:37','2023-08-12 12:18:37',NULL),(895,7562,745,2,12396.69,2603.31,2,1,'2023-08-12 12:18:37','2023-08-12 12:18:37',NULL),(896,7562,746,2,5702.48,1197.52,2,1,'2023-08-12 12:18:37','2023-08-12 12:18:37',NULL),(897,7562,747,2,5702.48,1197.52,2,1,'2023-08-12 12:18:37','2023-08-12 12:18:37',NULL),(898,7562,748,2,9917.36,2082.64,2,1,'2023-08-12 12:18:37','2023-08-12 12:18:37',NULL),(899,7562,749,2,12727.27,2672.73,2,1,'2023-08-12 12:18:37','2023-08-12 12:18:37',NULL),(900,7562,750,2,8264.46,1735.54,2,1,'2023-08-12 12:18:37','2023-08-12 12:18:37',NULL),(901,7562,751,2,12396.69,2603.31,2,1,'2023-08-12 12:18:37','2023-08-12 12:18:37',NULL),(902,7562,752,2,12396.69,2603.31,2,1,'2023-08-12 12:18:37','2023-08-12 12:18:37',NULL),(903,7562,753,2,41322.31,8677.69,2,1,'2023-08-12 12:18:38','2023-08-12 12:18:38',NULL),(904,7562,754,2,4958.68,1041.32,2,1,'2023-08-12 12:18:38','2023-08-12 12:18:38',NULL),(905,7562,755,2,1322.31,277.69,2,1,'2023-08-12 12:18:38','2023-08-12 12:18:38',NULL),(906,7562,756,2,6446.28,1353.72,2,1,'2023-08-12 12:18:38','2023-08-12 12:18:38',NULL),(907,7562,757,2,6611.57,1388.43,2,1,'2023-08-12 12:18:38','2023-08-12 12:18:38',NULL),(908,7562,758,2,7438.02,1561.98,2,1,'2023-08-12 12:18:38','2023-08-12 12:18:38',NULL),(909,7562,759,2,16528.93,3471.07,2,1,'2023-08-12 12:18:38','2023-08-12 12:18:38',NULL),(910,7562,760,2,19008.26,3991.74,2,1,'2023-08-12 12:18:38','2023-08-12 12:18:38',NULL);
INSERT INTO `receipt_taxes` VALUES (911,7562,761,2,7933.88,1666.12,2,1,'2023-08-12 12:18:38','2023-08-12 12:18:38',NULL),(912,7562,762,2,12396.69,2603.31,2,1,'2023-08-12 12:18:38','2023-08-12 12:18:38',NULL),(913,7562,763,2,12830.58,2694.42,2,1,'2023-08-12 12:18:38','2023-08-12 12:18:38',NULL),(914,7562,764,2,10710.74,2249.26,2,1,'2023-08-12 12:18:39','2023-08-12 12:18:39',NULL),(915,7562,765,2,12644.63,2655.37,2,1,'2023-08-12 12:18:39','2023-08-12 12:18:39',NULL),(916,7562,766,2,4876.03,1023.97,2,1,'2023-08-12 12:18:39','2023-08-12 12:18:39',NULL),(917,7562,767,2,8264.46,1735.54,2,1,'2023-08-12 12:18:39','2023-08-12 12:18:39',NULL),(918,7562,768,2,4876.03,1023.97,2,1,'2023-08-12 12:18:39','2023-08-12 12:18:39',NULL),(919,7562,769,2,6842.98,1437.02,2,1,'2023-08-12 12:18:39','2023-08-12 12:18:39',NULL),(920,7562,770,2,3570.25,749.75,2,1,'2023-08-12 12:18:39','2023-08-12 12:18:39',NULL),(921,7562,771,2,8264.46,1735.54,2,1,'2023-08-12 12:18:39','2023-08-12 12:18:39',NULL),(922,7562,772,2,4876.03,1023.97,2,1,'2023-08-12 12:18:39','2023-08-12 12:18:39',NULL),(923,7562,773,2,4214.88,885.12,2,1,'2023-08-12 12:18:39','2023-08-12 12:18:39',NULL),(924,7562,774,2,4297.52,902.48,2,1,'2023-08-12 12:18:39','2023-08-12 12:18:39',NULL),(925,7562,775,2,8264.46,1735.54,2,1,'2023-08-12 12:18:39','2023-08-12 12:18:39',NULL),(926,7562,776,2,3305.79,694.21,2,1,'2023-08-12 12:18:39','2023-08-12 12:18:39',NULL),(927,7562,777,2,9818.18,2061.82,2,1,'2023-08-12 12:18:40','2023-08-12 12:18:40',NULL),(928,7562,778,2,4958.68,1041.32,2,1,'2023-08-12 12:18:40','2023-08-12 12:18:40',NULL),(929,7562,779,2,8264.46,1735.54,2,1,'2023-08-12 12:18:40','2023-08-12 12:18:40',NULL),(930,7562,780,2,12396.69,2603.31,2,1,'2023-08-12 12:18:40','2023-08-12 12:18:40',NULL),(931,7562,781,2,8264.46,1735.54,2,1,'2023-08-12 12:18:40','2023-08-12 12:18:40',NULL),(932,7562,782,2,4132.23,867.77,2,1,'2023-08-12 12:18:40','2023-08-12 12:18:40',NULL),(933,7562,783,2,9917.36,2082.64,2,1,'2023-08-12 12:18:40','2023-08-12 12:18:40',NULL),(934,7562,784,2,8264.46,1735.54,2,1,'2023-08-12 12:18:40','2023-08-12 12:18:40',NULL),(935,7562,785,2,12396.69,2603.31,2,1,'2023-08-12 12:18:40','2023-08-12 12:18:40',NULL),(936,7562,786,1001,2555.14,0.00,2,1,'2023-08-12 12:18:56','2023-08-12 12:18:56',NULL),(937,7562,786,2,19174.90,4026.73,2,1,'2023-08-12 12:18:56','2023-08-12 12:18:56',NULL),(938,7562,786,7,1277.58,0.00,2,1,'2023-08-12 12:18:56','2023-08-12 12:18:56',NULL),(939,7562,787,2,40580.00,8521.80,2,1,'2023-08-12 12:18:56','2023-08-12 12:18:56',NULL),(940,7562,788,2,12405.00,2605.05,2,1,'2023-08-12 12:18:56','2023-08-12 12:18:56',NULL),(941,7562,789,2,160.33,33.67,2,1,'2023-08-12 12:18:56','2023-08-12 12:18:56',NULL),(942,7562,790,2,160.33,33.67,2,1,'2023-08-12 12:18:56','2023-08-12 12:18:56',NULL),(943,7562,791,2,160.33,33.67,2,1,'2023-08-12 12:18:56','2023-08-12 12:18:56',NULL),(944,7562,792,2,117000.00,24570.00,2,1,'2023-08-12 12:18:56','2023-08-12 12:18:56',NULL),(945,7562,793,2,6545.48,1374.55,2,1,'2023-08-12 12:18:56','2023-08-12 12:18:56',NULL),(946,7562,794,1017,192.83,0.00,2,1,'2023-08-12 12:18:56','2023-08-12 12:18:56',NULL),(947,7562,794,2,6427.57,1349.79,2,1,'2023-08-12 12:18:56','2023-08-12 12:18:56',NULL),(948,7562,795,2,9954.00,2090.34,2,1,'2023-08-12 12:18:56','2023-08-12 12:18:56',NULL),(949,7562,796,2,9210.00,1934.10,2,1,'2023-08-12 12:18:56','2023-08-12 12:18:56',NULL),(950,7562,797,2,13482.00,2831.22,2,1,'2023-08-12 12:18:57','2023-08-12 12:18:57',NULL),(951,7562,798,2,8990.00,1887.90,2,1,'2023-08-12 12:18:57','2023-08-12 12:18:57',NULL),(952,7562,799,2,10153.98,2132.34,2,1,'2023-08-12 12:18:57','2023-08-12 12:18:57',NULL),(953,7562,799,7,1115.69,0.00,2,1,'2023-08-12 12:18:57','2023-08-12 12:18:57',NULL),(954,7562,800,2,27842.98,5847.03,2,1,'2023-08-12 12:39:55','2023-08-12 12:39:55',NULL),(955,7562,801,2,7726.82,1622.63,2,1,'2023-08-12 12:41:03','2023-08-12 12:41:03',NULL),(956,7562,801,7,1151.97,0.00,2,1,'2023-08-12 12:41:03','2023-08-12 12:41:03',NULL);

--
-- Table structure for table `receipt_types`
--

CREATE TABLE `receipt_types` (
  `id` int(10) unsigned NOT NULL AUTO_INCREMENT,
  `user_id` int(10) unsigned DEFAULT NULL,
  `created_at` timestamp NULL DEFAULT NULL,
  `updated_at` timestamp NULL DEFAULT NULL,
  `name` varchar(255) COLLATE utf8mb4_unicode_ci NOT NULL,
  `code` varchar(255) COLLATE utf8mb4_unicode_ci DEFAULT NULL,
  `credit` int(11) DEFAULT '0',
  `agroup_iva_module` int(10) unsigned DEFAULT NULL,
  `sell_no_taxabled` int(11) DEFAULT '0',
  `buy_no_taxabled` int(11) DEFAULT '0',
  `iva_condition_id` int(11) DEFAULT NULL,
  `is_fce_pyme` tinyint(1) NOT NULL DEFAULT '0',
  `afip_comprobante_id` int(11) DEFAULT NULL,
  `tipo` varchar(255) COLLATE utf8mb4_unicode_ci DEFAULT NULL,
  `letra` varchar(255) COLLATE utf8mb4_unicode_ci DEFAULT NULL,
  `facta_electronica` int(10) unsigned NOT NULL DEFAULT '0',
  `is_stock_lpg` tinyint(1) NOT NULL DEFAULT '0',
  `show_from_total` tinyint(1) NOT NULL DEFAULT '0',
  `deleted_at` timestamp NULL DEFAULT NULL,
  PRIMARY KEY (`id`)
) ENGINE=InnoDB AUTO_INCREMENT=72 DEFAULT CHARSET=utf8mb4 COLLATE=utf8mb4_unicode_ci;

--
-- Dumping data for table `receipt_types`
--

INSERT INTO `receipt_types` VALUES (1,NULL,NULL,'2019-07-29 22:19:32','Factura A','1',0,1,0,0,2,0,1,'Factura','A',1,0,0,NULL),(2,NULL,NULL,'2019-07-29 22:19:32','Nota de débito A','2',0,1,0,0,2,0,2,'Nota de Débito','A',1,0,0,NULL),(3,NULL,NULL,'2019-07-29 22:19:32','Nota de crédito A','3',1,NULL,0,0,2,0,3,'Nota de Crédito','A',1,0,0,NULL),(4,NULL,NULL,'2022-08-17 20:40:00','Factura B','6',0,2,0,1,2,0,6,'Factura','B',1,0,1,NULL),(5,NULL,NULL,'2022-08-17 20:40:00','Nota de débito B','7',0,2,0,1,2,0,7,'Nota de Débito','B',1,0,1,NULL),(6,NULL,NULL,'2022-08-17 20:40:00','Nota de crédito B','8',1,NULL,0,1,2,0,8,'Nota de Crédito','B',1,0,1,NULL),(7,NULL,NULL,'2019-07-29 22:19:32','Factura C','11',0,0,1,1,1,0,11,'Factura','C',1,0,0,NULL),(8,NULL,NULL,'2019-07-29 22:19:32','Nota de débito C','12',0,0,1,1,1,0,12,'Nota de Débito','C',1,0,0,NULL),(9,NULL,NULL,'2019-07-29 22:19:32','Nota de crédito C','13',1,NULL,1,1,1,0,13,'Nota de Crédito','C',1,0,0,NULL),(10,NULL,NULL,NULL,'RECIBO A','4',0,1,0,0,2,0,4,'RECIBO','A',0,0,0,NULL),(11,NULL,NULL,'2022-08-17 20:40:00','RECIBO B','9',0,2,0,1,2,0,9,'RECIBO','B',0,0,1,NULL),(12,NULL,NULL,NULL,'RECIBO C','15',0,0,1,1,1,0,15,'RECIBO','C',0,0,0,NULL),(13,NULL,NULL,'2020-02-27 02:46:40','Factura E','19',0,0,1,0,2,0,19,'Factura','E',0,0,0,NULL),(14,NULL,NULL,'2020-02-27 02:46:40','Nota de débito E','20',0,0,1,0,2,0,20,'Nota de Débito','E',0,0,0,NULL),(15,NULL,NULL,'2020-02-27 02:46:40','Nota de Crédito E','21',1,NULL,1,0,2,0,21,'Nota de Crédito','E',0,0,0,NULL),(16,NULL,NULL,'2022-08-17 20:40:12','Factura M','51',0,1,0,0,2,0,51,'Factura','M',1,0,0,NULL),(17,NULL,NULL,'2020-02-27 02:46:40','Despacho de Importacion','66',0,NULL,0,0,0,0,66,NULL,NULL,0,0,0,NULL),(18,NULL,NULL,'2022-08-17 20:40:12','Nota de Credito M','53',1,NULL,0,0,2,0,53,'Nota de Crédito','M',1,0,0,NULL),(19,NULL,NULL,'2022-08-17 20:40:12','Nota de Debito M','52',1,1,0,0,2,0,52,'Nota de Débito','M',1,0,0,NULL),(20,NULL,NULL,NULL,'Recibo M','54',0,1,0,0,2,0,54,'RECIBO','M',0,0,0,NULL),(21,NULL,NULL,NULL,'Recibo E',NULL,1,0,1,0,2,0,NULL,'RECIBO','E',0,0,0,NULL),(22,NULL,'2019-05-14 21:22:16','2022-08-17 20:40:00','Liquidacion Primaria de Granos','33',0,1,0,0,2,0,33,'Liquidacion Primaria de Granos','A',0,1,0,NULL),(23,NULL,'2019-11-05 19:00:05','2019-11-05 19:00:05','FACTURA DE CRÉDITO ELECTRÓNICA MiPyMEs (FCE) A','201',0,1,0,0,2,1,201,'FACTURA DE CRÉDITO ELECTRÓNICA MiPyMEs (FCE)','A',1,0,0,NULL),(24,NULL,'2019-11-05 19:00:05','2019-11-05 19:00:05','NOTA DE DEBITO ELECTRÓNICA MiPyMEs (FCE) A','202',0,1,0,0,2,1,202,'NOTA DEBITO DE CRÉDITO ELECTRÓNICA MiPyMEs (FCE)','A',1,0,0,NULL),(25,NULL,'2019-11-05 19:00:05','2019-11-05 19:00:05','NOTA DE CREDITO ELECTRÓNICA MiPyMEs (FCE) A','203',1,NULL,0,0,2,1,203,'NOTA CREDITO DE CRÉDITO ELECTRÓNICA MiPyMEs (FCE)','A',1,0,0,NULL),(26,NULL,'2019-11-05 19:00:05','2022-08-17 20:40:00','FACTURA DE CRÉDITO ELECTRÓNICA MiPyMEs (FCE) B','206',0,2,0,1,2,1,206,'FACTURA DE CRÉDITO ELECTRÓNICA MiPyMEs (FCE)','B',1,0,1,NULL),(27,NULL,'2019-11-05 19:00:05','2022-08-17 20:40:00','NOTA DE DEBITO ELECTRÓNICA MiPyMEs (FCE) B','207',0,2,0,1,2,1,207,'NOTA DEBITO DE CRÉDITO ELECTRÓNICA MiPyMEs (FCE)','B',1,0,1,NULL),(28,NULL,'2019-11-05 19:00:05','2022-08-17 20:40:00','NOTA DE CREDITO ELECTRÓNICA MiPyMEs (FCE) B','208',1,NULL,0,1,2,1,208,'NOTA CREDITO DE CRÉDITO ELECTRÓNICA MiPyMEs (FCE)','B',1,0,1,NULL),(29,NULL,'2019-11-05 19:00:05','2019-11-05 19:00:05','FACTURA DE CRÉDITO ELECTRÓNICA MiPyMEs (FCE) C','211',0,0,1,1,1,1,211,'FACTURA DE CRÉDITO ELECTRÓNICA MiPyMEs (FCE)','C',1,0,0,NULL),(30,NULL,'2019-11-05 19:00:05','2019-11-05 19:00:05','NOTA DE DEBITO ELECTRÓNICA MiPyMEs (FCE) C','212',0,0,1,1,1,1,212,'NOTA DEBITO DE CRÉDITO ELECTRÓNICA MiPyMEs (FCE)','C',1,0,0,NULL),(31,NULL,'2019-11-05 19:00:05','2019-11-05 19:00:05','NOTA DE CRÉDITO ELECTRÓNICA MiPyMEs (FCE) C','213',1,NULL,1,1,1,1,213,'NOTA CREDITO DE CRÉDITO ELECTRÓNICA MiPyMEs (FCE)','C',1,0,0,NULL);
INSERT INTO `receipt_types` VALUES (32,NULL,'2020-01-28 01:59:55','2022-08-17 20:40:00','Tique (Informe Diario Z)','83',0,2,0,0,2,0,83,'Cierre Diario Informe Z','Z',0,0,1,NULL),(33,NULL,'2020-02-19 04:48:11','2020-02-19 04:48:11','Comprobantes de Compra de Bienes No Registrables a Consumidores Finales','49',0,1,0,0,2,0,49,'Comprobantes de Compra de Bienes No Registrables','a Consumidores Finales',0,0,0,NULL),(34,NULL,'2022-08-17 20:39:57','2022-08-17 20:40:24','Cuenta de Venta y Líquido Producto A','60',0,1,0,0,2,1,60,'Cuentas de Venta y Liquido Producto A','A',1,0,0,NULL),(35,NULL,'2022-08-17 20:39:57','2022-08-17 20:40:24','Cuenta de Venta y Líquido Producto B','61',0,2,0,1,2,1,61,'Cuentas de Venta y Liquido Producto B','B',1,0,1,NULL),(36,NULL,'2022-08-17 20:39:57','2022-08-17 20:40:00','Liquidaciones A','63',0,1,0,0,2,1,63,'Liquidaciones A','A',1,0,0,NULL),(37,NULL,'2022-08-17 20:39:57','2022-08-17 20:40:00','Liquidaciones B','64',0,2,0,1,2,1,64,'Liquidaciones B','B',1,0,1,NULL),(38,NULL,'2022-08-17 20:40:00','2022-08-17 20:40:05','Tique Factura A','81',0,1,0,0,2,1,81,'Tique Factura','A',0,0,0,NULL),(39,NULL,'2022-08-17 20:40:00','2022-08-17 20:40:05','Tique Factura B','82',0,2,0,1,2,1,82,'Tique Factura','B',0,0,1,NULL),(40,NULL,'2022-08-17 20:40:00','2022-08-17 20:40:09','OTROS COMPROBANTES QUE NO CUMPLEN O ESTÁN EXCEPTUADOS DE LA R.G. 1415 Y SUS MODIF','99',0,1,1,1,1,1,99,'OTROS COMPROBANTES QUE NO CUMPLEN O ESTÁN EXCEPTUADOS DE LA R.G. 1415 Y SUS MODIF ','OTROS',0,0,0,NULL),(41,NULL,'2022-08-17 20:40:00','2022-08-17 20:40:00','Liquidacion de Compra A - Sector Pecuario','183',0,1,0,0,2,0,183,'Liquidacion de Compra','A',0,0,0,NULL),(42,NULL,'2022-08-17 20:40:00','2022-08-17 20:40:00','Liquidacion de Compra B - Sector Pecuario','185',0,2,0,1,2,0,185,'Liquidacion de Compra','B',0,0,1,NULL),(43,NULL,'2022-08-17 20:40:03','2022-08-17 20:40:05','Liquidacion de Venta Directa A - Sector Pecuario','190',0,1,0,0,2,1,190,'Liquidacion de Venta Directa','A',0,0,0,NULL),(44,NULL,'2022-08-17 20:40:03','2022-08-17 20:40:05','Liquidacion de Venta Directa B - Sector Pecuario','191',0,2,0,1,2,1,191,'Liquidacion de Venta Directa','B',0,0,0,NULL),(45,NULL,'2022-08-17 20:40:05','2022-08-17 20:40:05','Liquidacion Secundaria de Granos','331',0,1,0,0,2,1,331,'Liquidacion Secundaria de Granos','LSG',0,0,0,NULL),(46,NULL,'2022-08-17 20:40:05','2022-08-17 20:40:05','Certificado de Deposito','332',0,1,0,0,2,1,332,'Certificado de Deposito','CD',0,0,0,NULL),(47,NULL,'2022-08-17 20:40:05','2022-08-17 20:40:05','Liquidacion de Servicios Publicos Clase A','17',0,1,0,0,2,1,17,'Liquidacion de Servicios Publicos Clase A','LSPCA',0,0,0,NULL),(48,NULL,'2022-08-17 20:40:09','2022-08-17 20:40:09','Liquidacion de Servicios Publicos Clase B','18',0,2,0,1,2,1,18,'Liquidacion de Servicios Publicos Clase B','LSPCA',1,0,0,NULL),(49,NULL,NULL,NULL,'Factura Clase T','195',0,1,0,0,2,0,195,'Factura Clase T','T',0,0,0,NULL),(50,NULL,NULL,NULL,'Nota de Debito Clase T','196',0,1,0,0,2,0,196,'Factura Clase T','T',0,0,0,NULL),(51,NULL,NULL,NULL,'Nota de Credito Clase T','197',1,NULL,0,0,2,0,197,'Factura Clase T','T',0,0,0,NULL),(52,NULL,NULL,'2022-08-17 20:40:24','Cuenta de Venta y Líquido Producto A - Sector Pecuario','180',0,1,0,0,2,0,180,'Cuenta de Venta y Líquido Producto A','A',0,0,0,NULL),(53,NULL,NULL,'2022-08-17 20:40:24','Cuenta de Venta y Líquido Producto B - Sector Pecuario','182',0,2,0,1,2,0,182,'Cuenta de Venta y Líquido Producto B','B',0,0,0,NULL),(54,NULL,NULL,NULL,'Liquidación de Compra A','183',0,1,0,0,2,0,183,'Liquidación de Compra A ','A',0,0,0,NULL),(55,NULL,NULL,NULL,'Liquidación de Compra B','185',0,2,0,1,2,0,185,'Liquidación de Compra B ','B',0,0,0,NULL),(56,NULL,NULL,NULL,'Liquidación de Compra Directa A','186',0,1,0,0,2,0,186,'Liquidación de Compra Directa A','A',0,0,0,NULL),(57,NULL,NULL,NULL,'Liquidación de Compra Directa B','188',0,2,0,1,2,0,188,'Liquidación de Compra Directa B ','B',0,0,0,NULL);
INSERT INTO `receipt_types` VALUES (58,NULL,NULL,NULL,'Liquidación de Compra Directa C','189',0,0,1,1,1,0,189,'Liquidación de Compra Directa C ','C',0,0,0,NULL),(59,NULL,NULL,NULL,'Liquidación de Venta Directa A','190',0,1,0,0,2,0,190,'Liquidación de Venta Directa A','A',0,0,0,NULL),(60,NULL,NULL,NULL,'Liquidación de Venta Directa B','191',0,2,0,1,2,0,191,'Liquidación de Venta Directa B ','B',0,0,0,NULL),(61,NULL,NULL,NULL,'Tique Factura C','109',0,0,0,1,1,0,109,NULL,'C',1,0,0,NULL),(62,NULL,NULL,NULL,'Tique Nota de Débito A','115',0,1,0,0,2,0,115,'Tique Nota de Débito A','A',1,0,0,NULL),(63,NULL,NULL,NULL,'Tique Nota de Crédito C','114',1,0,1,1,1,0,114,'Tique Nota de Crédito C','C',1,0,0,NULL),(64,NULL,NULL,NULL,'Otro Comprobante A que cumple con la RG 1415','39',0,1,0,0,2,0,39,'Otro Comprobante A que cumple con la RG 1415','A',0,0,0,NULL),(65,NULL,NULL,NULL,'Tique Nota de Crédito A','112',1,0,0,0,2,0,112,'Tique Nota de Crédito A','A',0,0,0,NULL),(66,NULL,NULL,NULL,'Tique Nota de Crédito B','113',1,NULL,0,0,2,0,113,'Tique Nota de Crédito B','B',0,0,0,NULL),(67,NULL,NULL,NULL,'Tique Nota de Debito B','116',0,2,0,1,2,0,116,'Tique Nota de Debito B','B',0,0,0,NULL),(68,NULL,NULL,NULL,'Tique Nota de Debito C','117',0,0,1,1,1,0,117,'Tique Nota de Debito C','C',0,0,0,NULL),(69,NULL,NULL,NULL,'Tique Factura M','118',0,1,0,0,2,0,118,'Tique Factura M','M',0,0,0,NULL),(70,NULL,NULL,NULL,'Tique Nota de Credito M','119',1,NULL,0,0,2,0,119,'Tique Nota de Credito M','M',0,0,0,NULL),(71,NULL,NULL,NULL,'Tique Nota de Debito M','120',0,1,0,0,2,0,120,'Tique Nota de Debito M','M',0,0,0,NULL);

--
-- Table structure for table `receipts`
--

CREATE TABLE `receipts` (
  `id` int(10) unsigned NOT NULL AUTO_INCREMENT,
  `user_id` int(10) unsigned DEFAULT NULL,
  `type_id` int(10) unsigned NOT NULL,
  `type_receipt_id` int(10) unsigned DEFAULT NULL,
  `comprobanteAfip` int(11) DEFAULT NULL,
  `fact_elec_receipt_id` int(10) unsigned DEFAULT NULL,
  `period_id` int(10) unsigned NOT NULL,
  `zone_id` int(10) unsigned DEFAULT NULL,
  `plan_cuenta_id` int(10) unsigned DEFAULT NULL,
  `conta_centro_costo_id` bigint(20) unsigned DEFAULT NULL,
  `activity_id` int(10) unsigned DEFAULT NULL,
  `iva_creditos_tipo_id` int(10) unsigned NOT NULL DEFAULT '1',
  `retention_type_id` int(10) unsigned DEFAULT NULL,
  `person_id_owner` int(10) unsigned NOT NULL,
  `person_id_relationed` int(10) unsigned DEFAULT NULL,
  `number` int(8) unsigned zerofill DEFAULT NULL,
  `hasta` int(8) unsigned zerofill DEFAULT NULL,
  `reference` int(11) DEFAULT NULL,
  `receipt_date` date DEFAULT NULL,
  `expiration_date` date DEFAULT NULL,
  `code_ticket` int(4) unsigned zerofill DEFAULT NULL,
  `status_id` int(10) unsigned DEFAULT NULL,
  `tax_account_id` int(10) unsigned DEFAULT NULL,
  `amount` decimal(16,2) NOT NULL,
  `pendiente` decimal(16,2) NOT NULL DEFAULT '0.00',
  `moneda_id` int(10) unsigned NOT NULL DEFAULT '1',
  `cotizacion` decimal(9,2) NOT NULL DEFAULT '1.00',
  `dc_firma_id` bigint(20) unsigned NOT NULL DEFAULT '3',
  `condicion_venta_id` int(10) unsigned DEFAULT NULL,
  `is_pago_adelantado` tinyint(1) DEFAULT NULL,
  `plazo_de_pago_id` int(10) unsigned DEFAULT NULL,
  `file` varchar(255) COLLATE utf8mb4_unicode_ci DEFAULT NULL,
  `comentario` longtext COLLATE utf8mb4_unicode_ci,
  `created_at` timestamp NULL DEFAULT NULL,
  `updated_at` timestamp NULL DEFAULT NULL,
  `deleted_at` timestamp NULL DEFAULT NULL,
  PRIMARY KEY (`id`),
  KEY `receipts_type_id_foreign` (`type_id`),
  KEY `receipts_type_receipt_id_foreign` (`type_receipt_id`),
  KEY `receipts_tax_account_id_foreign` (`tax_account_id`),
  KEY `receipts_zone_id_foreign` (`zone_id`),
  KEY `receipts_activity_id_foreign` (`activity_id`),
  KEY `receipts_retention_type_id_foreign` (`retention_type_id`),
  KEY `receipts_status_id_foreign` (`status_id`),
  KEY `receipts_person_id_owner_foreign` (`person_id_owner`),
  KEY `receipts_person_id_relationed_foreign` (`person_id_relationed`),
  KEY `receipts_period_id_foreign` (`period_id`),
  KEY `receipts_plan_cuenta_id_foreign` (`plan_cuenta_id`),
  KEY `receipts_fact_elec_receipt_id_foreign` (`fact_elec_receipt_id`),
  KEY `receipts_iva_creditos_tipo_id_foreign` (`iva_creditos_tipo_id`),
  KEY `receipts_conta_centro_costo_id_foreign` (`conta_centro_costo_id`),
  KEY `receipts_moneda_id_foreign` (`moneda_id`),
  KEY `receipts_dc_firma_id_foreign` (`dc_firma_id`),
  CONSTRAINT `receipts_activity_id_foreign` FOREIGN KEY (`activity_id`) REFERENCES `activities` (`id`),
  CONSTRAINT `receipts_conta_centro_costo_id_foreign` FOREIGN KEY (`conta_centro_costo_id`) REFERENCES `conta_centro_costos` (`id`),
  CONSTRAINT `receipts_dc_firma_id_foreign` FOREIGN KEY (`dc_firma_id`) REFERENCES `dc_firmas` (`id`),
  CONSTRAINT `receipts_fact_elec_receipt_id_foreign` FOREIGN KEY (`fact_elec_receipt_id`) REFERENCES `fact_elec_receipts` (`id`),
  CONSTRAINT `receipts_iva_creditos_tipo_id_foreign` FOREIGN KEY (`iva_creditos_tipo_id`) REFERENCES `iva_creditos_tipos` (`id`),
  CONSTRAINT `receipts_moneda_id_foreign` FOREIGN KEY (`moneda_id`) REFERENCES `monedas` (`id`),
  CONSTRAINT `receipts_period_id_foreign` FOREIGN KEY (`period_id`) REFERENCES `periods` (`id`),
  CONSTRAINT `receipts_person_id_owner_foreign` FOREIGN KEY (`person_id_owner`) REFERENCES `persons` (`id`),
  CONSTRAINT `receipts_person_id_relationed_foreign` FOREIGN KEY (`person_id_relationed`) REFERENCES `persons` (`id`),
  CONSTRAINT `receipts_plan_cuenta_id_foreign` FOREIGN KEY (`plan_cuenta_id`) REFERENCES `conta_plan_cuenta` (`id`),
  CONSTRAINT `receipts_retention_type_id_foreign` FOREIGN KEY (`retention_type_id`) REFERENCES `retention_types` (`id`),
  CONSTRAINT `receipts_status_id_foreign` FOREIGN KEY (`status_id`) REFERENCES `status` (`id`),
  CONSTRAINT `receipts_tax_account_id_foreign` FOREIGN KEY (`tax_account_id`) REFERENCES `tax_accounts` (`id`),
  CONSTRAINT `receipts_type_id_foreign` FOREIGN KEY (`type_id`) REFERENCES `types` (`id`),
  CONSTRAINT `receipts_type_receipt_id_foreign` FOREIGN KEY (`type_receipt_id`) REFERENCES `receipt_types` (`id`),
  CONSTRAINT `receipts_zone_id_foreign` FOREIGN KEY (`zone_id`) REFERENCES `zones` (`id`)
) ENGINE=InnoDB AUTO_INCREMENT=802 DEFAULT CHARSET=utf8mb4 COLLATE=utf8mb4_unicode_ci;

--
-- Dumping data for table `receipts`
--

INSERT INTO `receipts` VALUES (1,7562,2,1,NULL,NULL,3051,10,250,NULL,26,1,NULL,40721,40722,00000346,NULL,NULL,'2023-03-03','2023-03-03',0020,1,NULL,1540.00,1540.00,1,1.00,3,NULL,NULL,NULL,NULL,'','2023-04-11 19:52:55','2023-04-11 19:52:55',NULL),(2,7562,2,1,NULL,NULL,3051,10,250,NULL,26,1,NULL,40721,40723,00002785,NULL,NULL,'2023-03-03','2023-03-03',0012,1,NULL,3162.89,3162.89,1,1.00,3,NULL,NULL,NULL,NULL,'','2023-04-11 19:52:55','2023-04-11 19:52:55',NULL),(3,7562,2,1,NULL,NULL,3051,10,250,NULL,26,1,NULL,40721,40724,00008648,NULL,NULL,'2023-03-08','2023-03-08',0009,1,NULL,2000.00,2000.00,1,1.00,3,NULL,NULL,NULL,NULL,'','2023-04-11 19:52:56','2023-04-11 19:52:56',NULL),(4,7562,2,1,NULL,NULL,3051,10,250,NULL,26,1,NULL,40721,40725,00000619,NULL,NULL,'2023-03-13','2023-03-13',0011,1,NULL,6449.30,6449.30,1,1.00,3,NULL,NULL,NULL,NULL,'','2023-04-11 19:52:56','2023-04-11 19:52:56',NULL),(5,7562,2,1,NULL,NULL,3051,10,250,NULL,26,1,NULL,40721,40726,00050630,NULL,NULL,'2023-03-17','2023-03-17',0003,1,NULL,68400.01,68400.01,1,1.00,3,NULL,NULL,NULL,NULL,'','2023-04-11 19:52:56','2023-04-11 19:52:56',NULL),(6,7562,2,1,NULL,NULL,3051,10,250,NULL,26,1,NULL,40721,40722,00000402,NULL,NULL,'2023-03-18','2023-03-18',0020,1,NULL,2200.00,2200.00,1,1.00,3,NULL,NULL,NULL,NULL,'','2023-04-11 19:52:56','2023-04-11 19:52:56',NULL),(7,7562,2,1,NULL,NULL,3051,10,250,NULL,26,1,NULL,40721,40726,00050655,NULL,NULL,'2023-03-20','2023-03-20',0003,1,NULL,70400.00,70400.00,1,1.00,3,NULL,NULL,NULL,NULL,'','2023-04-11 19:52:56','2023-04-11 19:52:56',NULL),(8,7562,2,1,NULL,NULL,3051,10,250,NULL,26,1,NULL,40721,40724,00008697,NULL,NULL,'2023-03-21','2023-03-21',0009,1,NULL,1950.00,1950.00,1,1.00,3,NULL,NULL,NULL,NULL,'','2023-04-11 19:52:56','2023-04-11 19:52:56',NULL),(9,7562,2,1,NULL,NULL,3051,10,250,NULL,26,1,NULL,40721,40722,00000446,NULL,NULL,'2023-03-29','2023-03-29',0020,1,NULL,700.00,700.00,1,1.00,3,NULL,NULL,NULL,NULL,'','2023-04-11 19:52:56','2023-04-11 19:52:56',NULL),(10,7562,2,38,NULL,NULL,3051,10,217,NULL,26,1,NULL,40721,40727,00001463,NULL,NULL,'1969-12-31','1969-12-31',0019,1,NULL,900.00,900.00,1,1.00,3,NULL,NULL,NULL,NULL,'','2023-04-11 19:55:29','2023-04-11 19:55:29',NULL),(11,7562,2,38,NULL,NULL,3051,10,217,NULL,26,1,NULL,40721,40728,00048744,NULL,NULL,'1969-12-31','1969-12-31',0076,1,NULL,15001.18,15001.18,1,1.00,3,NULL,NULL,NULL,NULL,'','2023-04-11 19:55:29','2023-04-11 19:55:29',NULL),(12,7562,2,38,NULL,NULL,3051,10,217,NULL,26,1,NULL,40721,40729,00067484,NULL,NULL,'1969-12-31','1969-12-31',0023,1,NULL,2000.00,2000.00,1,1.00,3,NULL,NULL,NULL,NULL,'','2023-04-11 19:55:29','2023-04-11 19:55:29',NULL),(13,7562,2,38,NULL,NULL,3051,10,217,NULL,26,1,NULL,40721,40729,00032194,NULL,NULL,'1969-12-31','1969-12-31',0024,1,NULL,1999.99,1999.99,1,1.00,3,NULL,NULL,NULL,NULL,'','2023-04-11 19:55:30','2023-04-11 19:55:30',NULL),(14,7562,2,38,NULL,NULL,3051,10,217,NULL,26,1,NULL,40721,40730,00026817,NULL,NULL,'1969-12-31','1969-12-31',0221,1,NULL,3000.13,3000.13,1,1.00,3,NULL,NULL,NULL,NULL,'','2023-04-11 19:55:30','2023-04-11 19:55:30',NULL),(15,7562,2,38,NULL,NULL,3051,10,217,NULL,26,1,NULL,40721,40730,00026648,NULL,NULL,'1969-12-31','1969-12-31',0221,1,NULL,5000.12,5000.12,1,1.00,3,NULL,NULL,NULL,NULL,'','2023-04-11 19:55:30','2023-04-11 19:55:30',NULL),(16,7562,2,38,NULL,NULL,3051,10,217,NULL,26,1,NULL,40721,40730,00026853,NULL,NULL,'1969-12-31','1969-12-31',0221,1,NULL,3000.13,3000.13,1,1.00,3,NULL,NULL,NULL,NULL,'','2023-04-11 19:55:30','2023-04-11 19:55:30',NULL),(17,7562,2,38,NULL,NULL,3051,10,217,NULL,26,1,NULL,40721,40730,00026208,NULL,NULL,'1969-12-31','1969-12-31',0221,1,NULL,5000.01,5000.01,1,1.00,3,NULL,NULL,NULL,NULL,'','2023-04-11 19:55:30','2023-04-11 19:55:30',NULL),(18,7562,2,38,NULL,NULL,3051,10,217,NULL,26,1,NULL,40721,40730,00025674,NULL,NULL,'1969-12-31','1969-12-31',0221,1,NULL,5000.07,5000.07,1,1.00,3,NULL,NULL,NULL,NULL,'','2023-04-11 19:55:30','2023-04-11 19:55:30',NULL);
INSERT INTO `receipts` VALUES (19,7562,2,38,NULL,NULL,3051,10,217,NULL,26,1,NULL,40721,40730,00026476,NULL,NULL,'1969-12-31','1969-12-31',0221,1,NULL,5000.05,5000.05,1,1.00,3,NULL,NULL,NULL,NULL,'','2023-04-11 19:55:30','2023-04-11 19:55:30',NULL),(20,7562,2,38,NULL,NULL,3051,10,217,NULL,26,1,NULL,40721,40730,00033485,NULL,NULL,'1969-12-31','1969-12-31',0225,1,NULL,6500.07,6500.07,1,1.00,3,NULL,NULL,NULL,NULL,'','2023-04-11 19:55:30','2023-04-11 19:55:30',NULL),(21,7562,1,1,NULL,NULL,1539,10,NULL,NULL,887,1,NULL,40720,40731,00000117,NULL,NULL,'2023-03-08','2023-03-08',0002,1,NULL,5350.00,5350.00,1,1.00,3,NULL,NULL,NULL,NULL,'','2023-04-14 11:52:25','2023-04-14 11:52:25',NULL),(22,7562,1,4,NULL,NULL,1539,10,NULL,NULL,887,1,NULL,40720,40732,00000429,NULL,NULL,'2023-03-17','2023-03-17',0002,1,NULL,3030.02,3030.02,1,1.00,3,NULL,NULL,NULL,NULL,'','2023-04-14 11:52:25','2023-04-14 11:52:25',NULL),(23,7562,1,4,NULL,NULL,1539,10,NULL,NULL,887,1,NULL,40720,40733,00000430,NULL,NULL,'2023-03-23','2023-03-23',0002,1,NULL,3000.00,3000.00,1,1.00,3,NULL,NULL,NULL,NULL,'','2023-04-14 11:52:25','2023-04-14 11:52:25',NULL),(24,7562,1,1,NULL,NULL,1539,10,NULL,NULL,887,1,NULL,40720,40734,00000118,NULL,NULL,'2023-03-28','2023-03-28',0002,1,NULL,33000.00,33000.00,1,1.00,3,NULL,NULL,NULL,NULL,'','2023-04-14 11:52:25','2023-04-14 11:52:25',NULL),(25,7562,1,34,NULL,NULL,1539,10,NULL,NULL,887,1,NULL,40720,40735,00012798,NULL,NULL,'2023-03-31','2023-03-31',0006,1,NULL,1344323.85,1344323.85,1,1.00,3,NULL,NULL,NULL,NULL,'','2023-04-14 11:52:25','2023-04-14 11:52:25',NULL),(26,7562,2,1,NULL,NULL,1539,10,217,NULL,887,1,NULL,40720,40736,00157668,NULL,NULL,'2023-03-01','2023-03-01',0005,1,NULL,126383.19,126383.19,1,1.00,3,NULL,NULL,NULL,NULL,'','2023-04-14 11:52:35','2023-04-14 11:52:35',NULL),(27,7562,2,1,NULL,NULL,1539,10,250,NULL,887,1,NULL,40720,40735,00049287,NULL,NULL,'2023-03-02','2023-03-02',0005,1,NULL,8605.52,8605.52,1,1.00,3,NULL,NULL,NULL,NULL,'','2023-04-14 11:52:35','2023-04-14 11:52:35',NULL),(28,7562,2,1,NULL,NULL,1539,10,250,NULL,887,1,NULL,40720,40735,00049308,NULL,NULL,'2023-03-02','2023-03-02',0005,1,NULL,19190.21,19190.21,1,1.00,3,NULL,NULL,NULL,NULL,'','2023-04-14 11:52:35','2023-04-14 11:52:35',NULL),(29,7562,2,1,NULL,NULL,1539,10,250,NULL,887,1,NULL,40720,40737,00916176,NULL,NULL,'2023-03-09','2023-03-09',0948,1,NULL,14302.78,14302.78,1,1.00,3,NULL,NULL,NULL,NULL,'','2023-04-14 11:52:35','2023-04-14 11:52:35',NULL),(30,7562,2,1,NULL,NULL,1539,10,250,NULL,887,1,NULL,40720,40735,00049456,NULL,NULL,'2023-03-09','2023-03-09',0005,1,NULL,19363.41,19363.41,1,1.00,3,NULL,NULL,NULL,NULL,'','2023-04-14 11:52:35','2023-04-14 11:52:35',NULL),(31,7562,2,1,NULL,NULL,1539,10,250,NULL,887,1,NULL,40720,40731,00011739,NULL,NULL,'2023-03-09','2023-03-09',0003,1,NULL,45737.20,45737.20,1,1.00,3,NULL,NULL,NULL,NULL,'','2023-04-14 11:52:35','2023-04-14 11:52:35',NULL),(32,7562,2,1,NULL,NULL,1539,10,250,NULL,887,1,NULL,40720,40735,00049524,NULL,NULL,'2023-03-13','2023-03-13',0005,1,NULL,24452.94,24452.94,1,1.00,3,NULL,NULL,NULL,NULL,'','2023-04-14 11:52:35','2023-04-14 11:52:35',NULL),(33,7562,2,1,NULL,NULL,1539,10,250,NULL,887,1,NULL,40720,40735,00049536,NULL,NULL,'2023-03-14','2023-03-14',0005,1,NULL,8948.33,8948.33,1,1.00,3,NULL,NULL,NULL,NULL,'','2023-04-14 11:52:35','2023-04-14 11:52:35',NULL),(34,7562,2,3,NULL,NULL,1539,10,250,NULL,887,1,NULL,40720,40737,00360389,NULL,NULL,'2023-03-14','2023-03-14',1428,1,NULL,4500.01,4500.01,1,1.00,3,NULL,NULL,NULL,NULL,'','2023-04-14 11:52:35','2023-04-14 11:52:35',NULL),(35,7562,2,1,NULL,NULL,1539,10,250,NULL,887,1,NULL,40720,40735,00049606,NULL,NULL,'2023-03-16','2023-03-16',0005,1,NULL,1962.52,1962.52,1,1.00,3,NULL,NULL,NULL,NULL,'','2023-04-14 11:52:35','2023-04-14 11:52:35',NULL),(36,7562,2,1,NULL,NULL,1539,10,250,NULL,887,1,NULL,40720,40738,00016099,NULL,NULL,'2023-03-17','2023-03-17',0004,1,NULL,200.00,200.00,1,1.00,3,NULL,NULL,NULL,NULL,'','2023-04-14 11:52:35','2023-04-14 11:52:35',NULL);
INSERT INTO `receipts` VALUES (37,7562,2,1,NULL,NULL,1539,10,250,NULL,887,1,NULL,40720,40735,00049795,NULL,NULL,'2023-03-23','2023-03-23',0005,1,NULL,29912.76,29912.76,1,1.00,3,NULL,NULL,NULL,NULL,'','2023-04-14 11:52:35','2023-04-14 11:52:35',NULL),(38,7562,2,1,NULL,NULL,1539,10,250,NULL,887,1,NULL,40720,40735,00049820,NULL,NULL,'2023-03-27','2023-03-27',0005,1,NULL,11204.62,11204.62,1,1.00,3,NULL,NULL,NULL,NULL,'','2023-04-14 11:52:35','2023-04-14 11:52:35',NULL),(39,7562,2,1,NULL,NULL,1539,10,250,NULL,887,1,NULL,40720,40735,00049848,NULL,NULL,'2023-03-28','2023-03-28',0005,1,NULL,10004.44,10004.44,1,1.00,3,NULL,NULL,NULL,NULL,'','2023-04-14 11:52:35','2023-04-14 11:52:35',NULL),(40,7562,2,1,NULL,NULL,1539,10,250,NULL,887,1,NULL,40720,40735,00049906,NULL,NULL,'2023-03-30','2023-03-30',0005,1,NULL,3294.23,3294.23,1,1.00,3,NULL,NULL,NULL,NULL,'','2023-04-14 11:52:35','2023-04-14 11:52:35',NULL),(41,7562,2,1,NULL,NULL,1539,10,250,NULL,887,1,NULL,40720,40739,00038444,NULL,NULL,'2023-03-31','2023-03-31',0002,1,NULL,7376.47,7376.47,1,1.00,3,NULL,NULL,NULL,NULL,'','2023-04-14 11:52:35','2023-04-14 11:52:35',NULL),(42,7562,1,4,NULL,NULL,4623,10,NULL,NULL,616,1,NULL,40740,40741,00005358,NULL,NULL,'2023-03-01','2023-03-01',0002,1,NULL,2000.00,2000.00,1,1.00,3,NULL,NULL,NULL,NULL,'','2023-04-14 16:12:17','2023-04-14 16:12:17',NULL),(43,7562,1,4,NULL,NULL,4623,10,NULL,NULL,616,1,NULL,40740,40741,00005359,NULL,NULL,'2023-03-01','2023-03-01',0002,1,NULL,3200.00,3200.00,1,1.00,3,NULL,NULL,NULL,NULL,'','2023-04-14 16:12:17','2023-04-14 16:12:17',NULL),(44,7562,1,4,NULL,NULL,4623,10,NULL,NULL,616,1,NULL,40740,40741,00005360,NULL,NULL,'2023-03-02','2023-03-02',0002,1,NULL,2300.00,2300.00,1,1.00,3,NULL,NULL,NULL,NULL,'','2023-04-14 16:12:17','2023-04-14 16:12:17',NULL),(45,7562,1,4,NULL,NULL,4623,10,NULL,NULL,616,1,NULL,40740,40741,00005361,NULL,NULL,'2023-03-02','2023-03-02',0002,1,NULL,4800.00,4800.00,1,1.00,3,NULL,NULL,NULL,NULL,'','2023-04-14 16:12:17','2023-04-14 16:12:17',NULL),(46,7562,1,4,NULL,NULL,4623,10,NULL,NULL,616,1,NULL,40740,40741,00005362,NULL,NULL,'2023-03-02','2023-03-02',0002,1,NULL,5175.00,5175.00,1,1.00,3,NULL,NULL,NULL,NULL,'','2023-04-14 16:12:17','2023-04-14 16:12:17',NULL),(47,7562,1,4,NULL,NULL,4623,10,NULL,NULL,616,1,NULL,40740,40741,00005363,NULL,NULL,'2023-03-02','2023-03-02',0002,1,NULL,4900.00,4900.00,1,1.00,3,NULL,NULL,NULL,NULL,'','2023-04-14 16:12:18','2023-04-14 16:12:18',NULL),(48,7562,1,4,NULL,NULL,4623,10,NULL,NULL,616,1,NULL,40740,40741,00005364,NULL,NULL,'2023-03-02','2023-03-02',0002,1,NULL,6000.00,6000.00,1,1.00,3,NULL,NULL,NULL,NULL,'','2023-04-14 16:12:18','2023-04-14 16:12:18',NULL),(49,7562,1,4,NULL,NULL,4623,10,NULL,NULL,616,1,NULL,40740,40741,00005365,NULL,NULL,'2023-03-02','2023-03-02',0002,1,NULL,3000.00,3000.00,1,1.00,3,NULL,NULL,NULL,NULL,'','2023-04-14 16:12:18','2023-04-14 16:12:18',NULL),(50,7562,1,4,NULL,NULL,4623,10,NULL,NULL,616,1,NULL,40740,40741,00005366,NULL,NULL,'2023-03-02','2023-03-02',0002,1,NULL,17800.00,17800.00,1,1.00,3,NULL,NULL,NULL,NULL,'','2023-04-14 16:12:18','2023-04-14 16:12:18',NULL),(51,7562,1,4,NULL,NULL,4623,10,NULL,NULL,616,1,NULL,40740,40741,00005367,NULL,NULL,'2023-03-02','2023-03-02',0002,1,NULL,2700.00,2700.00,1,1.00,3,NULL,NULL,NULL,NULL,'','2023-04-14 16:12:18','2023-04-14 16:12:18',NULL),(52,7562,1,4,NULL,NULL,4623,10,NULL,NULL,616,1,NULL,40740,40741,00005368,NULL,NULL,'2023-03-03','2023-03-03',0002,1,NULL,5600.00,5600.00,1,1.00,3,NULL,NULL,NULL,NULL,'','2023-04-14 16:12:18','2023-04-14 16:12:18',NULL),(53,7562,1,4,NULL,NULL,4623,10,NULL,NULL,616,1,NULL,40740,40741,00005369,NULL,NULL,'2023-03-03','2023-03-03',0002,1,NULL,9900.00,9900.00,1,1.00,3,NULL,NULL,NULL,NULL,'','2023-04-14 16:12:18','2023-04-14 16:12:18',NULL),(54,7562,1,4,NULL,NULL,4623,10,NULL,NULL,616,1,NULL,40740,40741,00005370,NULL,NULL,'2023-03-03','2023-03-03',0002,1,NULL,4200.00,4200.00,1,1.00,3,NULL,NULL,NULL,NULL,'','2023-04-14 16:12:18','2023-04-14 16:12:18',NULL);
INSERT INTO `receipts` VALUES (55,7562,1,4,NULL,NULL,4623,10,NULL,NULL,616,1,NULL,40740,40741,00005371,NULL,NULL,'2023-03-04','2023-03-04',0002,1,NULL,6780.00,6780.00,1,1.00,3,NULL,NULL,NULL,NULL,'','2023-04-14 16:12:18','2023-04-14 16:12:18',NULL),(56,7562,1,4,NULL,NULL,4623,10,NULL,NULL,616,1,NULL,40740,40741,00005372,NULL,NULL,'2023-03-04','2023-03-04',0002,1,NULL,16800.00,16800.00,1,1.00,3,NULL,NULL,NULL,NULL,'','2023-04-14 16:12:18','2023-04-14 16:12:18',NULL),(57,7562,1,4,NULL,NULL,4623,10,NULL,NULL,616,1,NULL,40740,40741,00005373,NULL,NULL,'2023-03-04','2023-03-04',0002,1,NULL,9800.00,9800.00,1,1.00,3,NULL,NULL,NULL,NULL,'','2023-04-14 16:12:18','2023-04-14 16:12:18',NULL),(58,7562,1,4,NULL,NULL,4623,10,NULL,NULL,616,1,NULL,40740,40741,00005374,NULL,NULL,'2023-03-04','2023-03-04',0002,1,NULL,5600.00,5600.00,1,1.00,3,NULL,NULL,NULL,NULL,'','2023-04-14 16:12:18','2023-04-14 16:12:18',NULL),(59,7562,1,4,NULL,NULL,4623,10,NULL,NULL,616,1,NULL,40740,40741,00005375,NULL,NULL,'2023-03-04','2023-03-04',0002,1,NULL,3800.00,3800.00,1,1.00,3,NULL,NULL,NULL,NULL,'','2023-04-14 16:12:18','2023-04-14 16:12:18',NULL),(60,7562,1,4,NULL,NULL,4623,10,NULL,NULL,616,1,NULL,40740,40741,00005376,NULL,NULL,'2023-03-04','2023-03-04',0002,1,NULL,1500.00,1500.00,1,1.00,3,NULL,NULL,NULL,NULL,'','2023-04-14 16:12:18','2023-04-14 16:12:18',NULL),(61,7562,1,4,NULL,NULL,4623,10,NULL,NULL,616,1,NULL,40740,40741,00005377,NULL,NULL,'2023-03-06','2023-03-06',0002,1,NULL,5060.00,5060.00,1,1.00,3,NULL,NULL,NULL,NULL,'','2023-04-14 16:12:18','2023-04-14 16:12:18',NULL),(62,7562,1,4,NULL,NULL,4623,10,NULL,NULL,616,1,NULL,40740,40741,00005378,NULL,NULL,'2023-03-06','2023-03-06',0002,1,NULL,3900.00,3900.00,1,1.00,3,NULL,NULL,NULL,NULL,'','2023-04-14 16:12:18','2023-04-14 16:12:18',NULL),(63,7562,1,4,NULL,NULL,4623,10,NULL,NULL,616,1,NULL,40740,40741,00005379,NULL,NULL,'2023-03-08','2023-03-08',0002,1,NULL,4500.00,4500.00,1,1.00,3,NULL,NULL,NULL,NULL,'','2023-04-14 16:12:18','2023-04-14 16:12:18',NULL),(64,7562,1,4,NULL,NULL,4623,10,NULL,NULL,616,1,NULL,40740,40741,00005380,NULL,NULL,'2023-03-09','2023-03-09',0002,1,NULL,13800.00,13800.00,1,1.00,3,NULL,NULL,NULL,NULL,'','2023-04-14 16:12:18','2023-04-14 16:12:18',NULL),(65,7562,1,4,NULL,NULL,4623,10,NULL,NULL,616,1,NULL,40740,40741,00005381,NULL,NULL,'2023-03-09','2023-03-09',0002,1,NULL,5290.00,5290.00,1,1.00,3,NULL,NULL,NULL,NULL,'','2023-04-14 16:12:18','2023-04-14 16:12:18',NULL),(66,7562,1,4,NULL,NULL,4623,10,NULL,NULL,616,1,NULL,40740,40742,00005382,NULL,NULL,'2023-03-09','2023-03-09',0002,1,NULL,12600.00,12600.00,1,1.00,3,NULL,NULL,NULL,NULL,'','2023-04-14 16:12:18','2023-04-14 16:12:18',NULL),(67,7562,1,4,NULL,NULL,4623,10,NULL,NULL,616,1,NULL,40740,40741,00005383,NULL,NULL,'2023-03-09','2023-03-09',0002,1,NULL,7900.00,7900.00,1,1.00,3,NULL,NULL,NULL,NULL,'','2023-04-14 16:12:18','2023-04-14 16:12:18',NULL),(68,7562,1,4,NULL,NULL,4623,10,NULL,NULL,616,1,NULL,40740,40741,00005384,NULL,NULL,'2023-03-09','2023-03-09',0002,1,NULL,4200.00,4200.00,1,1.00,3,NULL,NULL,NULL,NULL,'','2023-04-14 16:12:18','2023-04-14 16:12:18',NULL),(69,7562,1,4,NULL,NULL,4623,10,NULL,NULL,616,1,NULL,40740,40741,00005385,NULL,NULL,'2023-03-10','2023-03-10',0002,1,NULL,2800.00,2800.00,1,1.00,3,NULL,NULL,NULL,NULL,'','2023-04-14 16:12:18','2023-04-14 16:12:18',NULL),(70,7562,1,4,NULL,NULL,4623,10,NULL,NULL,616,1,NULL,40740,40741,00005386,NULL,NULL,'2023-03-10','2023-03-10',0002,1,NULL,13800.00,13800.00,1,1.00,3,NULL,NULL,NULL,NULL,'','2023-04-14 16:12:18','2023-04-14 16:12:18',NULL),(71,7562,1,4,NULL,NULL,4623,10,NULL,NULL,616,1,NULL,40740,40741,00005387,NULL,NULL,'2023-03-10','2023-03-10',0002,1,NULL,7930.00,7930.00,1,1.00,3,NULL,NULL,NULL,NULL,'','2023-04-14 16:12:18','2023-04-14 16:12:18',NULL),(72,7562,1,4,NULL,NULL,4623,10,NULL,NULL,616,1,NULL,40740,40741,00005388,NULL,NULL,'2023-03-10','2023-03-10',0002,1,NULL,5500.00,5500.00,1,1.00,3,NULL,NULL,NULL,NULL,'','2023-04-14 16:12:18','2023-04-14 16:12:18',NULL);
INSERT INTO `receipts` VALUES (73,7562,1,4,NULL,NULL,4623,10,NULL,NULL,616,1,NULL,40740,40741,00005389,NULL,NULL,'2023-03-10','2023-03-10',0002,1,NULL,11000.00,11000.00,1,1.00,3,NULL,NULL,NULL,NULL,'','2023-04-14 16:12:19','2023-04-14 16:12:19',NULL),(74,7562,1,4,NULL,NULL,4623,10,NULL,NULL,616,1,NULL,40740,40741,00005390,NULL,NULL,'2023-03-10','2023-03-10',0002,1,NULL,5000.00,5000.00,1,1.00,3,NULL,NULL,NULL,NULL,'','2023-04-14 16:12:19','2023-04-14 16:12:19',NULL),(75,7562,1,4,NULL,NULL,4623,10,NULL,NULL,616,1,NULL,40740,40741,00005391,NULL,NULL,'2023-03-10','2023-03-10',0002,1,NULL,4800.00,4800.00,1,1.00,3,NULL,NULL,NULL,NULL,'','2023-04-14 16:12:19','2023-04-14 16:12:19',NULL),(76,7562,1,4,NULL,NULL,4623,10,NULL,NULL,616,1,NULL,40740,40741,00005392,NULL,NULL,'2023-03-10','2023-03-10',0002,1,NULL,15000.00,15000.00,1,1.00,3,NULL,NULL,NULL,NULL,'','2023-04-14 16:12:19','2023-04-14 16:12:19',NULL),(77,7562,1,4,NULL,NULL,4623,10,NULL,NULL,616,1,NULL,40740,40741,00005393,NULL,NULL,'2023-03-11','2023-03-11',0002,1,NULL,4200.00,4200.00,1,1.00,3,NULL,NULL,NULL,NULL,'','2023-04-14 16:12:19','2023-04-14 16:12:19',NULL),(78,7562,1,4,NULL,NULL,4623,10,NULL,NULL,616,1,NULL,40740,40741,00005394,NULL,NULL,'2023-03-11','2023-03-11',0002,1,NULL,5900.00,5900.00,1,1.00,3,NULL,NULL,NULL,NULL,'','2023-04-14 16:12:19','2023-04-14 16:12:19',NULL),(79,7562,1,4,NULL,NULL,4623,10,NULL,NULL,616,1,NULL,40740,40741,00005395,NULL,NULL,'2023-03-11','2023-03-11',0002,1,NULL,5600.00,5600.00,1,1.00,3,NULL,NULL,NULL,NULL,'','2023-04-14 16:12:19','2023-04-14 16:12:19',NULL),(80,7562,1,4,NULL,NULL,4623,10,NULL,NULL,616,1,NULL,40740,40741,00005396,NULL,NULL,'2023-03-11','2023-03-11',0002,1,NULL,5175.00,5175.00,1,1.00,3,NULL,NULL,NULL,NULL,'','2023-04-14 16:12:19','2023-04-14 16:12:19',NULL),(81,7562,1,4,NULL,NULL,4623,10,NULL,NULL,616,1,NULL,40740,40741,00005397,NULL,NULL,'2023-03-11','2023-03-11',0002,1,NULL,9900.00,9900.00,1,1.00,3,NULL,NULL,NULL,NULL,'','2023-04-14 16:12:19','2023-04-14 16:12:19',NULL),(82,7562,1,4,NULL,NULL,4623,10,NULL,NULL,616,1,NULL,40740,40741,00005398,NULL,NULL,'2023-03-11','2023-03-11',0002,1,NULL,10000.00,10000.00,1,1.00,3,NULL,NULL,NULL,NULL,'','2023-04-14 16:12:19','2023-04-14 16:12:19',NULL),(83,7562,1,4,NULL,NULL,4623,10,NULL,NULL,616,1,NULL,40740,40741,00005399,NULL,NULL,'2023-03-11','2023-03-11',0002,1,NULL,10000.00,10000.00,1,1.00,3,NULL,NULL,NULL,NULL,'','2023-04-14 16:12:19','2023-04-14 16:12:19',NULL),(84,7562,1,4,NULL,NULL,4623,10,NULL,NULL,616,1,NULL,40740,40741,00005400,NULL,NULL,'2023-03-13','2023-03-13',0002,1,NULL,3900.00,3900.00,1,1.00,3,NULL,NULL,NULL,NULL,'','2023-04-14 16:12:19','2023-04-14 16:12:19',NULL),(85,7562,1,4,NULL,NULL,4623,10,NULL,NULL,616,1,NULL,40740,40741,00005401,NULL,NULL,'2023-03-13','2023-03-13',0002,1,NULL,9200.00,9200.00,1,1.00,3,NULL,NULL,NULL,NULL,'','2023-04-14 16:12:19','2023-04-14 16:12:19',NULL),(86,7562,1,4,NULL,NULL,4623,10,NULL,NULL,616,1,NULL,40740,40741,00005402,NULL,NULL,'2023-03-13','2023-03-13',0002,1,NULL,3500.00,3500.00,1,1.00,3,NULL,NULL,NULL,NULL,'','2023-04-14 16:12:19','2023-04-14 16:12:19',NULL),(87,7562,1,4,NULL,NULL,4623,10,NULL,NULL,616,1,NULL,40740,40741,00005403,NULL,NULL,'2023-03-13','2023-03-13',0002,1,NULL,9900.00,9900.00,1,1.00,3,NULL,NULL,NULL,NULL,'','2023-04-14 16:12:19','2023-04-14 16:12:19',NULL),(88,7562,1,4,NULL,NULL,4623,10,NULL,NULL,616,1,NULL,40740,40741,00005404,NULL,NULL,'2023-03-14','2023-03-14',0002,1,NULL,4000.00,4000.00,1,1.00,3,NULL,NULL,NULL,NULL,'','2023-04-14 16:12:19','2023-04-14 16:12:19',NULL),(89,7562,1,4,NULL,NULL,4623,10,NULL,NULL,616,1,NULL,40740,40741,00005405,NULL,NULL,'2023-03-15','2023-03-15',0002,1,NULL,5000.00,5000.00,1,1.00,3,NULL,NULL,NULL,NULL,'','2023-04-14 16:12:19','2023-04-14 16:12:19',NULL),(90,7562,1,4,NULL,NULL,4623,10,NULL,NULL,616,1,NULL,40740,40741,00005406,NULL,NULL,'2023-03-15','2023-03-15',0002,1,NULL,8900.00,8900.00,1,1.00,3,NULL,NULL,NULL,NULL,'','2023-04-14 16:12:19','2023-04-14 16:12:19',NULL);
INSERT INTO `receipts` VALUES (91,7562,1,4,NULL,NULL,4623,10,NULL,NULL,616,1,NULL,40740,40741,00005407,NULL,NULL,'2023-03-15','2023-03-15',0002,1,NULL,3910.00,3910.00,1,1.00,3,NULL,NULL,NULL,NULL,'','2023-04-14 16:12:19','2023-04-14 16:12:19',NULL),(92,7562,1,4,NULL,NULL,4623,10,NULL,NULL,616,1,NULL,40740,40741,00005408,NULL,NULL,'2023-03-15','2023-03-15',0002,1,NULL,4300.00,4300.00,1,1.00,3,NULL,NULL,NULL,NULL,'','2023-04-14 16:12:19','2023-04-14 16:12:19',NULL),(93,7562,1,4,NULL,NULL,4623,10,NULL,NULL,616,1,NULL,40740,40741,00005409,NULL,NULL,'2023-03-15','2023-03-15',0002,1,NULL,6800.00,6800.00,1,1.00,3,NULL,NULL,NULL,NULL,'','2023-04-14 16:12:19','2023-04-14 16:12:19',NULL),(94,7562,1,4,NULL,NULL,4623,10,NULL,NULL,616,1,NULL,40740,40741,00005410,NULL,NULL,'2023-03-16','2023-03-16',0002,1,NULL,5000.00,5000.00,1,1.00,3,NULL,NULL,NULL,NULL,'','2023-04-14 16:12:19','2023-04-14 16:12:19',NULL),(95,7562,1,4,NULL,NULL,4623,10,NULL,NULL,616,1,NULL,40740,40741,00005411,NULL,NULL,'2023-03-16','2023-03-16',0002,1,NULL,8000.00,8000.00,1,1.00,3,NULL,NULL,NULL,NULL,'','2023-04-14 16:12:19','2023-04-14 16:12:19',NULL),(96,7562,1,4,NULL,NULL,4623,10,NULL,NULL,616,1,NULL,40740,40741,00005412,NULL,NULL,'2023-03-17','2023-03-17',0002,1,NULL,3900.00,3900.00,1,1.00,3,NULL,NULL,NULL,NULL,'','2023-04-14 16:12:19','2023-04-14 16:12:19',NULL),(97,7562,1,4,NULL,NULL,4623,10,NULL,NULL,616,1,NULL,40740,40741,00005413,NULL,NULL,'2023-03-17','2023-03-17',0002,1,NULL,3900.00,3900.00,1,1.00,3,NULL,NULL,NULL,NULL,'','2023-04-14 16:12:19','2023-04-14 16:12:19',NULL),(98,7562,1,4,NULL,NULL,4623,10,NULL,NULL,616,1,NULL,40740,40741,00005414,NULL,NULL,'2023-03-17','2023-03-17',0002,1,NULL,16000.00,16000.00,1,1.00,3,NULL,NULL,NULL,NULL,'','2023-04-14 16:12:19','2023-04-14 16:12:19',NULL),(99,7562,1,4,NULL,NULL,4623,10,NULL,NULL,616,1,NULL,40740,40741,00005415,NULL,NULL,'2023-03-17','2023-03-17',0002,1,NULL,11800.00,11800.00,1,1.00,3,NULL,NULL,NULL,NULL,'','2023-04-14 16:12:19','2023-04-14 16:12:19',NULL),(100,7562,1,4,NULL,NULL,4623,10,NULL,NULL,616,1,NULL,40740,40741,00005416,NULL,NULL,'2023-03-17','2023-03-17',0002,1,NULL,6780.00,6780.00,1,1.00,3,NULL,NULL,NULL,NULL,'','2023-04-14 16:12:19','2023-04-14 16:12:19',NULL),(101,7562,1,4,NULL,NULL,4623,10,NULL,NULL,616,1,NULL,40740,40741,00005421,NULL,NULL,'2023-03-18','2023-03-18',0002,1,NULL,10235.00,10235.00,1,1.00,3,NULL,NULL,NULL,NULL,'','2023-04-14 16:12:19','2023-04-14 16:12:19',NULL),(102,7562,1,4,NULL,NULL,4623,10,NULL,NULL,616,1,NULL,40740,40741,00005422,NULL,NULL,'2023-03-18','2023-03-18',0002,1,NULL,8900.00,8900.00,1,1.00,3,NULL,NULL,NULL,NULL,'','2023-04-14 16:12:19','2023-04-14 16:12:19',NULL),(103,7562,1,4,NULL,NULL,4623,10,NULL,NULL,616,1,NULL,40740,40741,00005423,NULL,NULL,'2023-03-18','2023-03-18',0002,1,NULL,4400.00,4400.00,1,1.00,3,NULL,NULL,NULL,NULL,'','2023-04-14 16:12:19','2023-04-14 16:12:19',NULL),(104,7562,1,4,NULL,NULL,4623,10,NULL,NULL,616,1,NULL,40740,40741,00005424,NULL,NULL,'2023-03-18','2023-03-18',0002,1,NULL,10400.00,10400.00,1,1.00,3,NULL,NULL,NULL,NULL,'','2023-04-14 16:12:20','2023-04-14 16:12:20',NULL),(105,7562,1,4,NULL,NULL,4623,10,NULL,NULL,616,1,NULL,40740,40741,00005425,NULL,NULL,'2023-03-18','2023-03-18',0002,1,NULL,7470.00,7470.00,1,1.00,3,NULL,NULL,NULL,NULL,'','2023-04-14 16:12:20','2023-04-14 16:12:20',NULL),(106,7562,1,4,NULL,NULL,4623,10,NULL,NULL,616,1,NULL,40740,40741,00005426,NULL,NULL,'2023-03-18','2023-03-18',0002,1,NULL,7470.00,7470.00,1,1.00,3,NULL,NULL,NULL,NULL,'','2023-04-14 16:12:20','2023-04-14 16:12:20',NULL),(107,7562,1,4,NULL,NULL,4623,10,NULL,NULL,616,1,NULL,40740,40741,00005427,NULL,NULL,'2023-03-18','2023-03-18',0002,1,NULL,5900.00,5900.00,1,1.00,3,NULL,NULL,NULL,NULL,'','2023-04-14 16:12:20','2023-04-14 16:12:20',NULL),(108,7562,1,4,NULL,NULL,4623,10,NULL,NULL,616,1,NULL,40740,40741,00005428,NULL,NULL,'2023-03-18','2023-03-18',0002,1,NULL,4400.00,4400.00,1,1.00,3,NULL,NULL,NULL,NULL,'','2023-04-14 16:12:20','2023-04-14 16:12:20',NULL);
INSERT INTO `receipts` VALUES (109,7562,1,4,NULL,NULL,4623,10,NULL,NULL,616,1,NULL,40740,40741,00005429,NULL,NULL,'2023-03-18','2023-03-18',0002,1,NULL,5900.00,5900.00,1,1.00,3,NULL,NULL,NULL,NULL,'','2023-04-14 16:12:20','2023-04-14 16:12:20',NULL),(110,7562,1,4,NULL,NULL,4623,10,NULL,NULL,616,1,NULL,40740,40741,00005417,NULL,NULL,'2023-03-18','2023-03-18',0002,1,NULL,15580.00,15580.00,1,1.00,3,NULL,NULL,NULL,NULL,'','2023-04-14 16:12:20','2023-04-14 16:12:20',NULL),(111,7562,1,4,NULL,NULL,4623,10,NULL,NULL,616,1,NULL,40740,40741,00005418,NULL,NULL,'2023-03-18','2023-03-18',0002,1,NULL,7300.00,7300.00,1,1.00,3,NULL,NULL,NULL,NULL,'','2023-04-14 16:12:20','2023-04-14 16:12:20',NULL),(112,7562,1,4,NULL,NULL,4623,10,NULL,NULL,616,1,NULL,40740,40741,00005419,NULL,NULL,'2023-03-18','2023-03-18',0002,1,NULL,5500.00,5500.00,1,1.00,3,NULL,NULL,NULL,NULL,'','2023-04-14 16:12:20','2023-04-14 16:12:20',NULL),(113,7562,1,4,NULL,NULL,4623,10,NULL,NULL,616,1,NULL,40740,40741,00005420,NULL,NULL,'2023-03-18','2023-03-18',0002,1,NULL,13800.00,13800.00,1,1.00,3,NULL,NULL,NULL,NULL,'','2023-04-14 16:12:20','2023-04-14 16:12:20',NULL),(114,7562,1,4,NULL,NULL,4623,10,NULL,NULL,616,1,NULL,40740,40741,00005430,NULL,NULL,'2023-03-20','2023-03-20',0002,1,NULL,5000.00,5000.00,1,1.00,3,NULL,NULL,NULL,NULL,'','2023-04-14 16:12:20','2023-04-14 16:12:20',NULL),(115,7562,1,4,NULL,NULL,4623,10,NULL,NULL,616,1,NULL,40740,40741,00005431,NULL,NULL,'2023-03-21','2023-03-21',0002,1,NULL,4900.00,4900.00,1,1.00,3,NULL,NULL,NULL,NULL,'','2023-04-14 16:12:20','2023-04-14 16:12:20',NULL),(116,7562,1,4,NULL,NULL,4623,10,NULL,NULL,616,1,NULL,40740,40741,00005432,NULL,NULL,'2023-03-22','2023-03-22',0002,1,NULL,6500.00,6500.00,1,1.00,3,NULL,NULL,NULL,NULL,'','2023-04-14 16:12:20','2023-04-14 16:12:20',NULL),(117,7562,1,4,NULL,NULL,4623,10,NULL,NULL,616,1,NULL,40740,40741,00005433,NULL,NULL,'2023-03-22','2023-03-22',0002,1,NULL,4800.00,4800.00,1,1.00,3,NULL,NULL,NULL,NULL,'','2023-04-14 16:12:20','2023-04-14 16:12:20',NULL),(118,7562,1,4,NULL,NULL,4623,10,NULL,NULL,616,1,NULL,40740,40741,00005434,NULL,NULL,'2023-03-22','2023-03-22',0002,1,NULL,3680.00,3680.00,1,1.00,3,NULL,NULL,NULL,NULL,'','2023-04-14 16:12:20','2023-04-14 16:12:20',NULL),(119,7562,1,4,NULL,NULL,4623,10,NULL,NULL,616,1,NULL,40740,40741,00005435,NULL,NULL,'2023-03-22','2023-03-22',0002,1,NULL,6800.00,6800.00,1,1.00,3,NULL,NULL,NULL,NULL,'','2023-04-14 16:12:20','2023-04-14 16:12:20',NULL),(120,7562,1,4,NULL,NULL,4623,10,NULL,NULL,616,1,NULL,40740,40741,00005436,NULL,NULL,'2023-03-22','2023-03-22',0002,1,NULL,4600.00,4600.00,1,1.00,3,NULL,NULL,NULL,NULL,'','2023-04-14 16:12:20','2023-04-14 16:12:20',NULL),(121,7562,1,4,NULL,NULL,4623,10,NULL,NULL,616,1,NULL,40740,40741,00005437,NULL,NULL,'2023-03-23','2023-03-23',0002,1,NULL,6000.00,6000.00,1,1.00,3,NULL,NULL,NULL,NULL,'','2023-04-14 16:12:20','2023-04-14 16:12:20',NULL),(122,7562,1,4,NULL,NULL,4623,10,NULL,NULL,616,1,NULL,40740,40741,00005438,NULL,NULL,'2023-03-25','2023-03-25',0002,1,NULL,8160.00,8160.00,1,1.00,3,NULL,NULL,NULL,NULL,'','2023-04-14 16:12:20','2023-04-14 16:12:20',NULL),(123,7562,1,4,NULL,NULL,4623,10,NULL,NULL,616,1,NULL,40740,40741,00005439,NULL,NULL,'2023-03-25','2023-03-25',0002,1,NULL,12880.00,12880.00,1,1.00,3,NULL,NULL,NULL,NULL,'','2023-04-14 16:12:20','2023-04-14 16:12:20',NULL),(124,7562,1,4,NULL,NULL,4623,10,NULL,NULL,616,1,NULL,40740,40741,00005440,NULL,NULL,'2023-03-25','2023-03-25',0002,1,NULL,4900.00,4900.00,1,1.00,3,NULL,NULL,NULL,NULL,'','2023-04-14 16:12:20','2023-04-14 16:12:20',NULL),(125,7562,1,4,NULL,NULL,4623,10,NULL,NULL,616,1,NULL,40740,40741,00005441,NULL,NULL,'2023-03-25','2023-03-25',0002,1,NULL,2800.00,2800.00,1,1.00,3,NULL,NULL,NULL,NULL,'','2023-04-14 16:12:20','2023-04-14 16:12:20',NULL),(126,7562,1,4,NULL,NULL,4623,10,NULL,NULL,616,1,NULL,40740,40741,00005442,NULL,NULL,'2023-03-25','2023-03-25',0002,1,NULL,6300.00,6300.00,1,1.00,3,NULL,NULL,NULL,NULL,'','2023-04-14 16:12:20','2023-04-14 16:12:20',NULL);
INSERT INTO `receipts` VALUES (127,7562,1,4,NULL,NULL,4623,10,NULL,NULL,616,1,NULL,40740,40741,00005443,NULL,NULL,'2023-03-27','2023-03-27',0002,1,NULL,11210.00,11210.00,1,1.00,3,NULL,NULL,NULL,NULL,'','2023-04-14 16:12:20','2023-04-14 16:12:20',NULL),(128,7562,1,4,NULL,NULL,4623,10,NULL,NULL,616,1,NULL,40740,40741,00005444,NULL,NULL,'2023-03-28','2023-03-28',0002,1,NULL,6320.00,6320.00,1,1.00,3,NULL,NULL,NULL,NULL,'','2023-04-14 16:12:20','2023-04-14 16:12:20',NULL),(129,7562,1,4,NULL,NULL,4623,10,NULL,NULL,616,1,NULL,40740,40741,00005445,NULL,NULL,'2023-03-28','2023-03-28',0002,1,NULL,4900.00,4900.00,1,1.00,3,NULL,NULL,NULL,NULL,'','2023-04-14 16:12:21','2023-04-14 16:12:21',NULL),(130,7562,1,4,NULL,NULL,4623,10,NULL,NULL,616,1,NULL,40740,40741,00005446,NULL,NULL,'2023-03-29','2023-03-29',0002,1,NULL,8000.00,8000.00,1,1.00,3,NULL,NULL,NULL,NULL,'','2023-04-14 16:12:21','2023-04-14 16:12:21',NULL),(131,7562,1,4,NULL,NULL,4623,10,NULL,NULL,616,1,NULL,40740,40741,00005447,NULL,NULL,'2023-03-29','2023-03-29',0002,1,NULL,6200.00,6200.00,1,1.00,3,NULL,NULL,NULL,NULL,'','2023-04-14 16:12:21','2023-04-14 16:12:21',NULL),(132,7562,1,4,NULL,NULL,4623,10,NULL,NULL,616,1,NULL,40740,40741,00005448,NULL,NULL,'2023-03-30','2023-03-30',0002,1,NULL,12000.00,12000.00,1,1.00,3,NULL,NULL,NULL,NULL,'','2023-04-14 16:12:21','2023-04-14 16:12:21',NULL),(133,7562,1,4,NULL,NULL,4623,10,NULL,NULL,616,1,NULL,40740,40741,00005449,NULL,NULL,'2023-03-30','2023-03-30',0002,1,NULL,5060.00,5060.00,1,1.00,3,NULL,NULL,NULL,NULL,'','2023-04-14 16:12:21','2023-04-14 16:12:21',NULL),(134,7562,1,4,NULL,NULL,4623,10,NULL,NULL,616,1,NULL,40740,40741,00005450,NULL,NULL,'2023-03-30','2023-03-30',0002,1,NULL,6000.00,6000.00,1,1.00,3,NULL,NULL,NULL,NULL,'','2023-04-14 16:12:21','2023-04-14 16:12:21',NULL),(135,7562,1,4,NULL,NULL,4623,10,NULL,NULL,616,1,NULL,40740,40741,00005451,NULL,NULL,'2023-03-31','2023-03-31',0002,1,NULL,9500.00,9500.00,1,1.00,3,NULL,NULL,NULL,NULL,'','2023-04-14 16:12:21','2023-04-14 16:12:21',NULL),(136,7562,1,4,NULL,NULL,4623,10,NULL,NULL,616,1,NULL,40740,40741,00005452,NULL,NULL,'2023-03-31','2023-03-31',0002,1,NULL,5500.00,5500.00,1,1.00,3,NULL,NULL,NULL,NULL,'','2023-04-14 16:12:21','2023-04-14 16:12:21',NULL),(137,7562,1,4,NULL,NULL,4623,10,NULL,NULL,616,1,NULL,40740,40741,00005453,NULL,NULL,'2023-03-31','2023-03-31',0002,1,NULL,15000.00,15000.00,1,1.00,3,NULL,NULL,NULL,NULL,'','2023-04-14 16:12:21','2023-04-14 16:12:21',NULL),(138,7562,1,4,NULL,NULL,4623,10,NULL,NULL,616,1,NULL,40740,40741,00005454,NULL,NULL,'2023-03-31','2023-03-31',0002,1,NULL,12000.00,12000.00,1,1.00,3,NULL,NULL,NULL,NULL,'','2023-04-14 16:12:21','2023-04-14 16:12:21',NULL),(139,7562,1,4,NULL,NULL,4623,10,NULL,NULL,616,1,NULL,40740,40741,00005455,NULL,NULL,'2023-03-31','2023-03-31',0002,1,NULL,8000.00,8000.00,1,1.00,3,NULL,NULL,NULL,NULL,'','2023-04-14 16:12:21','2023-04-14 16:12:21',NULL),(140,7562,1,4,NULL,NULL,4623,10,NULL,NULL,616,1,NULL,40740,40741,00005456,NULL,NULL,'2023-03-31','2023-03-31',0002,1,NULL,15000.00,15000.00,1,1.00,3,NULL,NULL,NULL,NULL,'','2023-04-14 16:12:21','2023-04-14 16:12:21',NULL),(141,7562,1,4,NULL,NULL,4623,10,NULL,NULL,616,1,NULL,40740,40741,00005457,NULL,NULL,'2023-03-31','2023-03-31',0002,1,NULL,10000.00,10000.00,1,1.00,3,NULL,NULL,NULL,NULL,'','2023-04-14 16:12:21','2023-04-14 16:12:21',NULL),(142,7562,1,4,NULL,NULL,4623,10,NULL,NULL,616,1,NULL,40740,40741,00005458,NULL,NULL,'2023-03-31','2023-03-31',0002,1,NULL,10000.00,10000.00,1,1.00,3,NULL,NULL,NULL,NULL,'','2023-04-14 16:12:21','2023-04-14 16:12:21',NULL),(143,7562,2,1,NULL,NULL,4623,10,217,NULL,616,1,NULL,40740,40743,00013990,NULL,NULL,'2023-03-01','2023-03-01',0003,1,NULL,79656.72,79656.72,1,1.00,3,NULL,NULL,NULL,NULL,'','2023-04-14 16:20:00','2023-04-14 16:20:00',NULL),(144,7562,2,1,NULL,NULL,4623,10,217,NULL,616,1,NULL,40740,40743,00013989,NULL,NULL,'2023-03-01','2023-03-01',0003,1,NULL,38231.16,38231.16,1,1.00,3,NULL,NULL,NULL,NULL,'','2023-04-14 16:20:00','2023-04-14 16:20:00',NULL);
INSERT INTO `receipts` VALUES (145,7562,2,1,NULL,NULL,4623,10,217,NULL,616,1,NULL,40740,40744,00004473,NULL,NULL,'2023-03-02','2023-03-02',0020,1,NULL,9177.76,9177.76,1,1.00,3,NULL,NULL,NULL,NULL,'','2023-04-14 16:20:01','2023-04-14 16:20:01',NULL),(146,7562,2,3,NULL,NULL,4623,10,217,NULL,616,1,NULL,40740,40743,00009140,NULL,NULL,'2023-03-02','2023-03-02',0003,1,NULL,5894.39,5894.39,1,1.00,3,NULL,NULL,NULL,NULL,'','2023-04-14 16:20:01','2023-04-14 16:20:01',NULL),(147,7562,2,1,NULL,NULL,4623,10,217,NULL,616,1,NULL,40740,40737,01398001,NULL,NULL,'2023-03-03','2023-03-03',0943,1,NULL,3992.77,3992.77,1,1.00,3,NULL,NULL,NULL,NULL,'','2023-04-14 16:20:01','2023-04-14 16:20:01',NULL),(148,7562,2,1,NULL,NULL,4623,10,217,NULL,616,1,NULL,40740,40745,01010658,NULL,NULL,'2023-03-05','2023-03-05',0022,1,NULL,368.72,368.72,1,1.00,3,NULL,NULL,NULL,NULL,'','2023-04-14 16:20:01','2023-04-14 16:20:01',NULL),(149,7562,2,1,NULL,NULL,4623,10,217,NULL,616,1,NULL,40740,40746,00002134,NULL,NULL,'2023-03-14','2023-03-14',0001,1,NULL,10391.73,10391.73,1,1.00,3,NULL,NULL,NULL,NULL,'','2023-04-14 16:20:01','2023-04-14 16:20:01',NULL),(150,7562,2,3,NULL,NULL,4623,10,217,NULL,616,1,NULL,40740,40747,00036923,NULL,NULL,'2023-03-14','2023-03-14',0001,1,NULL,94609.90,94609.90,1,1.00,3,NULL,NULL,NULL,NULL,'','2023-04-14 16:20:01','2023-04-14 16:20:01',NULL),(151,7562,2,1,NULL,NULL,4623,10,217,NULL,616,1,NULL,40740,40748,00019910,NULL,NULL,'2023-03-16','2023-03-16',0005,1,NULL,11374.00,11374.00,1,1.00,3,NULL,NULL,NULL,NULL,'','2023-04-14 16:20:01','2023-04-14 16:20:01',NULL),(152,7562,2,1,NULL,NULL,4623,10,217,NULL,616,1,NULL,40740,40748,00019940,NULL,NULL,'2023-03-20','2023-03-20',0005,1,NULL,18399.26,18399.26,1,1.00,3,NULL,NULL,NULL,NULL,'','2023-04-14 16:20:01','2023-04-14 16:20:01',NULL),(153,7562,2,1,NULL,NULL,4623,10,217,NULL,616,1,NULL,40740,40749,00011537,NULL,NULL,'2023-03-20','2023-03-20',0004,1,NULL,45445.21,45445.21,1,1.00,3,NULL,NULL,NULL,NULL,'','2023-04-14 16:20:01','2023-04-14 16:20:01',NULL),(154,7562,2,1,NULL,NULL,4623,10,217,NULL,616,1,NULL,40740,40747,00569286,NULL,NULL,'2023-03-23','2023-03-23',0001,1,NULL,17554.10,17554.10,1,1.00,3,NULL,NULL,NULL,NULL,'','2023-04-14 16:20:01','2023-04-14 16:20:01',NULL),(155,7562,2,1,NULL,NULL,4623,10,217,NULL,616,1,NULL,40740,40750,00038810,NULL,NULL,'2023-03-27','2023-03-27',0006,1,NULL,5965.01,5965.01,1,1.00,3,NULL,NULL,NULL,NULL,'','2023-04-14 16:20:01','2023-04-14 16:20:01',NULL),(156,7562,2,4,NULL,NULL,4623,10,217,NULL,616,1,NULL,40740,40750,00437036,NULL,NULL,'2023-03-27','2023-03-27',0006,1,NULL,5965.01,5965.01,1,1.00,3,NULL,NULL,NULL,NULL,'','2023-04-14 16:20:01','2023-04-14 16:31:14','2023-04-14 16:31:14'),(157,7562,2,4,NULL,NULL,4623,10,217,NULL,616,1,NULL,40740,40750,00437037,NULL,NULL,'2023-03-27','2023-03-27',0006,1,NULL,4610.00,4610.00,1,1.00,3,NULL,NULL,NULL,NULL,'','2023-04-14 16:20:01','2023-04-14 16:31:04','2023-04-14 16:31:04'),(158,7562,2,1,NULL,NULL,4623,10,217,NULL,616,1,NULL,40740,40751,00003309,NULL,NULL,'2023-03-29','2023-03-29',0007,1,NULL,250000.00,250000.00,1,1.00,3,NULL,NULL,NULL,NULL,'','2023-04-14 16:20:01','2023-04-14 16:20:01',NULL),(159,7562,2,1,NULL,NULL,4623,10,217,NULL,616,1,NULL,40740,40748,00019968,NULL,NULL,'2023-03-30','2023-03-30',0005,1,NULL,7710.12,7710.12,1,1.00,3,NULL,NULL,NULL,NULL,'','2023-04-14 16:20:01','2023-04-14 16:20:01',NULL),(160,7562,2,1,NULL,NULL,4623,10,217,NULL,616,1,NULL,40740,40752,13871512,NULL,NULL,'2023-03-31','2023-03-31',0006,1,NULL,5940.84,5940.84,1,1.00,3,NULL,NULL,NULL,NULL,'','2023-04-14 16:20:01','2023-04-14 16:20:01',NULL),(161,7562,2,1,NULL,NULL,4623,10,217,NULL,616,1,NULL,40740,40747,00582642,NULL,NULL,'2023-03-31','2023-03-31',0001,1,NULL,105366.80,105366.80,1,1.00,3,NULL,NULL,NULL,NULL,'','2023-04-14 16:20:01','2023-04-14 16:20:01',NULL),(162,7562,2,1,NULL,NULL,4623,10,217,NULL,616,1,NULL,40740,40753,00000230,NULL,NULL,'2023-03-31','2023-03-31',0004,1,NULL,74304.26,74304.26,1,1.00,3,NULL,NULL,NULL,NULL,'','2023-04-14 16:20:01','2023-04-14 16:20:01',NULL);
INSERT INTO `receipts` VALUES (163,7562,2,3,NULL,NULL,4623,10,217,NULL,616,1,NULL,40740,40747,00038442,NULL,NULL,'2023-03-31','2023-03-31',0001,1,NULL,8777.05,8777.05,1,1.00,3,NULL,NULL,NULL,NULL,'','2023-04-14 16:20:01','2023-04-14 16:20:01',NULL),(164,7562,2,38,NULL,NULL,4623,10,217,NULL,616,1,NULL,40740,40730,00033947,NULL,NULL,'1969-12-31','1969-12-31',0225,1,NULL,9999.96,9999.96,1,1.00,3,NULL,NULL,NULL,NULL,'','2023-04-14 16:20:01','2023-04-14 16:20:01',NULL),(165,7562,2,38,NULL,NULL,4623,10,217,NULL,616,1,NULL,40740,40730,00034604,NULL,NULL,'1969-12-31','1969-12-31',0225,1,NULL,4400.05,4400.05,1,1.00,3,NULL,NULL,NULL,NULL,'','2023-04-14 16:20:01','2023-04-14 16:20:01',NULL),(166,7562,1,1,NULL,NULL,1540,10,NULL,NULL,887,1,NULL,40720,40731,00000119,NULL,NULL,'2023-04-10','2023-04-10',0002,1,NULL,9983.00,9983.00,1,1.00,3,NULL,NULL,NULL,NULL,'','2023-05-17 11:08:57','2023-05-17 11:08:57',NULL),(167,7562,1,4,NULL,NULL,1540,10,NULL,NULL,887,1,NULL,40720,40754,00000433,NULL,NULL,'2023-04-10','2023-04-10',0002,1,NULL,2760.00,2760.00,1,1.00,3,NULL,NULL,NULL,NULL,'','2023-05-17 11:08:57','2023-05-17 11:08:57',NULL),(168,7562,1,4,NULL,NULL,1540,10,NULL,NULL,887,1,NULL,40720,40755,00000432,NULL,NULL,'2023-04-10','2023-04-10',0002,1,NULL,8520.02,8520.02,1,1.00,3,NULL,NULL,NULL,NULL,'','2023-05-17 11:08:57','2023-05-17 11:08:57',NULL),(169,7562,1,34,NULL,NULL,1540,10,NULL,NULL,887,1,NULL,40720,40735,00013035,NULL,NULL,'2023-04-30','2023-04-30',0006,1,NULL,1707231.10,1707231.10,1,1.00,3,NULL,NULL,NULL,NULL,'','2023-05-17 11:08:57','2023-05-17 11:08:57',NULL),(170,7562,1,4,NULL,NULL,1540,10,NULL,NULL,887,1,NULL,40720,40756,00000431,NULL,NULL,'2023-04-10','2023-04-10',0002,1,NULL,2190.00,2190.00,1,1.00,3,NULL,NULL,NULL,NULL,'','2023-05-17 11:08:57','2023-05-17 11:08:57',NULL),(171,7562,1,4,NULL,NULL,1540,10,NULL,NULL,887,1,NULL,40720,40757,00000434,NULL,NULL,'2023-04-12','2023-04-12',0002,1,NULL,16000.00,16000.00,1,1.00,3,NULL,NULL,NULL,NULL,'','2023-05-17 11:08:58','2023-05-17 11:08:58',NULL),(172,7562,2,1,NULL,NULL,1540,10,217,NULL,887,1,NULL,40720,40736,00159457,NULL,NULL,'2023-04-03','2023-04-03',0005,1,NULL,173932.62,173932.62,1,1.00,3,NULL,NULL,NULL,NULL,'','2023-05-17 11:09:07','2023-05-17 11:09:07',NULL),(173,7562,2,1,NULL,NULL,1540,10,250,NULL,887,1,NULL,40720,40735,00049964,NULL,NULL,'2023-04-03','2023-04-03',0005,1,NULL,26940.78,26940.78,1,1.00,3,NULL,NULL,NULL,NULL,'','2023-05-17 11:09:07','2023-05-17 11:09:07',NULL),(174,7562,2,1,NULL,NULL,1540,10,250,NULL,887,1,NULL,40720,40735,00050012,NULL,NULL,'2023-04-04','2023-04-04',0005,1,NULL,1563.93,1563.93,1,1.00,3,NULL,NULL,NULL,NULL,'','2023-05-17 11:09:07','2023-05-17 11:09:07',NULL),(175,7562,2,7,NULL,NULL,1540,10,217,NULL,887,1,NULL,40720,40719,00000100,NULL,NULL,'2023-04-30','2023-04-30',0001,1,NULL,23000.00,23000.00,1,1.00,3,NULL,NULL,NULL,NULL,'','2023-05-17 11:09:07','2023-05-17 11:09:07',NULL),(176,7562,2,1,NULL,NULL,1540,10,250,NULL,887,1,NULL,40720,40737,00939664,NULL,NULL,'2023-04-09','2023-04-09',0948,1,NULL,9359.60,9359.60,1,1.00,3,NULL,NULL,NULL,NULL,'','2023-05-17 11:09:08','2023-05-17 11:09:08',NULL),(177,7562,2,1,NULL,NULL,1540,10,250,NULL,887,1,NULL,40720,40731,00011946,NULL,NULL,'2023-04-10','2023-04-10',0003,1,NULL,61676.88,61676.88,1,1.00,3,NULL,NULL,NULL,NULL,'','2023-05-17 11:09:08','2023-05-17 11:09:08',NULL),(178,7562,2,1,NULL,NULL,1540,10,250,NULL,887,1,NULL,40720,40735,00050078,NULL,NULL,'2023-04-10','2023-04-10',0005,1,NULL,47576.34,47576.34,1,1.00,3,NULL,NULL,NULL,NULL,'','2023-05-17 11:09:08','2023-05-17 11:09:08',NULL),(179,7562,2,1,NULL,NULL,1540,10,250,NULL,887,1,NULL,40720,40735,00050258,NULL,NULL,'2023-04-18','2023-04-18',0005,1,NULL,15824.38,15824.38,1,1.00,3,NULL,NULL,NULL,NULL,'','2023-05-17 11:09:08','2023-05-17 11:09:08',NULL),(180,7562,2,1,NULL,NULL,1540,10,250,NULL,887,1,NULL,40720,40735,00050309,NULL,NULL,'2023-04-20','2023-04-20',0005,1,NULL,11658.31,11658.31,1,1.00,3,NULL,NULL,NULL,NULL,'','2023-05-17 11:09:08','2023-05-17 11:09:08',NULL);
INSERT INTO `receipts` VALUES (181,7562,2,1,NULL,NULL,1540,10,250,NULL,887,1,NULL,40720,40735,00050417,NULL,NULL,'2023-04-24','2023-04-24',0005,1,NULL,7082.61,7082.61,1,1.00,3,NULL,NULL,NULL,NULL,'','2023-05-17 11:09:08','2023-05-17 11:09:08',NULL),(182,7562,2,1,NULL,NULL,1540,10,250,NULL,887,1,NULL,40720,40735,00050446,NULL,NULL,'2023-04-25','2023-04-25',0005,1,NULL,45631.30,45631.30,1,1.00,3,NULL,NULL,NULL,NULL,'','2023-05-17 11:09:08','2023-05-17 11:09:08',NULL),(183,7562,2,7,NULL,NULL,1540,10,217,NULL,887,1,NULL,40720,40758,00001439,NULL,NULL,'2023-04-25','2023-04-25',0003,1,NULL,37000.00,37000.00,1,1.00,3,NULL,NULL,NULL,NULL,'','2023-05-17 11:09:08','2023-05-17 11:09:08',NULL),(184,7562,2,1,NULL,NULL,1540,10,250,NULL,887,1,NULL,40720,40735,00050504,NULL,NULL,'2023-04-27','2023-04-27',0005,1,NULL,9265.74,9265.74,1,1.00,3,NULL,NULL,NULL,NULL,'','2023-05-17 11:09:08','2023-05-17 11:09:08',NULL),(185,7562,2,1,NULL,NULL,1540,10,250,NULL,887,1,NULL,40720,40739,00039236,NULL,NULL,'2023-04-30','2023-04-30',0002,1,NULL,10849.96,10849.96,1,1.00,3,NULL,NULL,NULL,NULL,'','2023-05-17 11:09:08','2023-05-17 11:09:08',NULL),(186,7562,1,4,NULL,NULL,4624,10,NULL,NULL,630,1,NULL,40740,40741,00005459,NULL,NULL,'2023-04-01','2023-04-01',0002,1,NULL,2000.00,2000.00,1,1.00,3,NULL,NULL,NULL,NULL,'','2023-05-17 13:24:39','2023-05-17 13:24:39',NULL),(187,7562,1,4,NULL,NULL,4624,10,NULL,NULL,630,1,NULL,40740,40741,00005460,NULL,NULL,'2023-04-01','2023-04-01',0002,1,NULL,5500.00,5500.00,1,1.00,3,NULL,NULL,NULL,NULL,'','2023-05-17 13:24:39','2023-05-17 13:24:39',NULL),(188,7562,1,4,NULL,NULL,4624,10,NULL,NULL,630,1,NULL,40740,40741,00005461,NULL,NULL,'2023-04-01','2023-04-01',0002,1,NULL,7900.00,7900.00,1,1.00,3,NULL,NULL,NULL,NULL,'','2023-05-17 13:24:39','2023-05-17 13:24:39',NULL),(189,7562,1,4,NULL,NULL,4624,10,NULL,NULL,630,1,NULL,40740,40741,00005462,NULL,NULL,'2023-04-01','2023-04-01',0002,1,NULL,4900.00,4900.00,1,1.00,3,NULL,NULL,NULL,NULL,'','2023-05-17 13:24:39','2023-05-17 13:24:39',NULL),(190,7562,1,4,NULL,NULL,4624,10,NULL,NULL,630,1,NULL,40740,40741,00005463,NULL,NULL,'2023-04-01','2023-04-01',0002,1,NULL,6100.00,6100.00,1,1.00,3,NULL,NULL,NULL,NULL,'','2023-05-17 13:24:39','2023-05-17 13:24:39',NULL),(191,7562,1,4,NULL,NULL,4624,10,NULL,NULL,630,1,NULL,40740,40741,00005464,NULL,NULL,'2023-04-01','2023-04-01',0002,1,NULL,6900.00,6900.00,1,1.00,3,NULL,NULL,NULL,NULL,'','2023-05-17 13:24:39','2023-05-17 13:24:39',NULL),(192,7562,1,4,NULL,NULL,4624,10,NULL,NULL,630,1,NULL,40740,40741,00005465,NULL,NULL,'2023-04-01','2023-04-01',0002,1,NULL,25760.00,25760.00,1,1.00,3,NULL,NULL,NULL,NULL,'','2023-05-17 13:24:39','2023-05-17 13:24:39',NULL),(193,7562,1,4,NULL,NULL,4624,10,NULL,NULL,630,1,NULL,40740,40741,00005466,NULL,NULL,'2023-04-01','2023-04-01',0002,1,NULL,3200.00,3200.00,1,1.00,3,NULL,NULL,NULL,NULL,'','2023-05-17 13:24:39','2023-05-17 13:24:39',NULL),(194,7562,1,4,NULL,NULL,4624,10,NULL,NULL,630,1,NULL,40740,40741,00005467,NULL,NULL,'2023-04-03','2023-04-03',0002,1,NULL,5520.00,5520.00,1,1.00,3,NULL,NULL,NULL,NULL,'','2023-05-17 13:24:39','2023-05-17 13:24:39',NULL),(195,7562,1,4,NULL,NULL,4624,10,NULL,NULL,630,1,NULL,40740,40741,00005468,NULL,NULL,'2023-04-03','2023-04-03',0002,1,NULL,2000.00,2000.00,1,1.00,3,NULL,NULL,NULL,NULL,'','2023-05-17 13:24:39','2023-05-17 13:24:39',NULL),(196,7562,1,4,NULL,NULL,4624,10,NULL,NULL,630,1,NULL,40740,40741,00005469,NULL,NULL,'2023-04-03','2023-04-03',0002,1,NULL,26450.00,26450.00,1,1.00,3,NULL,NULL,NULL,NULL,'','2023-05-17 13:24:39','2023-05-17 13:24:39',NULL),(197,7562,1,4,NULL,NULL,4624,10,NULL,NULL,630,1,NULL,40740,40741,00005470,NULL,NULL,'2023-04-04','2023-04-04',0002,1,NULL,10800.00,10800.00,1,1.00,3,NULL,NULL,NULL,NULL,'','2023-05-17 13:24:39','2023-05-17 13:24:39',NULL),(198,7562,1,4,NULL,NULL,4624,10,NULL,NULL,630,1,NULL,40740,40741,00005471,NULL,NULL,'2023-04-05','2023-04-05',0002,1,NULL,24900.00,24900.00,1,1.00,3,NULL,NULL,NULL,NULL,'','2023-05-17 13:24:39','2023-05-17 13:24:39',NULL);
INSERT INTO `receipts` VALUES (199,7562,1,4,NULL,NULL,4624,10,NULL,NULL,630,1,NULL,40740,40741,00005472,NULL,NULL,'2023-04-06','2023-04-06',0002,1,NULL,5000.00,5000.00,1,1.00,3,NULL,NULL,NULL,NULL,'','2023-05-17 13:24:39','2023-05-17 13:24:39',NULL),(200,7562,1,4,NULL,NULL,4624,10,NULL,NULL,630,1,NULL,40740,40741,00005473,NULL,NULL,'2023-04-06','2023-04-06',0002,1,NULL,10000.00,10000.00,1,1.00,3,NULL,NULL,NULL,NULL,'','2023-05-17 13:24:39','2023-05-17 13:24:39',NULL),(201,7562,1,4,NULL,NULL,4624,10,NULL,NULL,630,1,NULL,40740,40741,00005474,NULL,NULL,'2023-04-06','2023-04-06',0002,1,NULL,6900.00,6900.00,1,1.00,3,NULL,NULL,NULL,NULL,'','2023-05-17 13:24:39','2023-05-17 13:24:39',NULL),(202,7562,1,4,NULL,NULL,4624,10,NULL,NULL,630,1,NULL,40740,40741,00005475,NULL,NULL,'2023-04-06','2023-04-06',0002,1,NULL,5000.00,5000.00,1,1.00,3,NULL,NULL,NULL,NULL,'','2023-05-17 13:24:39','2023-05-17 13:24:39',NULL),(203,7562,1,4,NULL,NULL,4624,10,NULL,NULL,630,1,NULL,40740,40741,00005476,NULL,NULL,'2023-04-08','2023-04-08',0002,1,NULL,5250.00,5250.00,1,1.00,3,NULL,NULL,NULL,NULL,'','2023-05-17 13:24:39','2023-05-17 13:24:39',NULL),(204,7562,1,4,NULL,NULL,4624,10,NULL,NULL,630,1,NULL,40740,40741,00005477,NULL,NULL,'2023-04-08','2023-04-08',0002,1,NULL,6800.00,6800.00,1,1.00,3,NULL,NULL,NULL,NULL,'','2023-05-17 13:24:39','2023-05-17 13:24:39',NULL),(205,7562,1,4,NULL,NULL,4624,10,NULL,NULL,630,1,NULL,40740,40741,00005478,NULL,NULL,'2023-04-08','2023-04-08',0002,1,NULL,6800.00,6800.00,1,1.00,3,NULL,NULL,NULL,NULL,'','2023-05-17 13:24:39','2023-05-17 13:24:39',NULL),(206,7562,1,4,NULL,NULL,4624,10,NULL,NULL,630,1,NULL,40740,40741,00005479,NULL,NULL,'2023-04-08','2023-04-08',0002,1,NULL,8900.00,8900.00,1,1.00,3,NULL,NULL,NULL,NULL,'','2023-05-17 13:24:39','2023-05-17 13:24:39',NULL),(207,7562,1,4,NULL,NULL,4624,10,NULL,NULL,630,1,NULL,40740,40741,00005480,NULL,NULL,'2023-04-08','2023-04-08',0002,1,NULL,9770.00,9770.00,1,1.00,3,NULL,NULL,NULL,NULL,'','2023-05-17 13:24:40','2023-05-17 13:24:40',NULL),(208,7562,1,4,NULL,NULL,4624,10,NULL,NULL,630,1,NULL,40740,40741,00005481,NULL,NULL,'2023-04-08','2023-04-08',0002,1,NULL,5200.00,5200.00,1,1.00,3,NULL,NULL,NULL,NULL,'','2023-05-17 13:24:40','2023-05-17 13:24:40',NULL),(209,7562,1,4,NULL,NULL,4624,10,NULL,NULL,630,1,NULL,40740,40741,00005482,NULL,NULL,'2023-04-08','2023-04-08',0002,1,NULL,5520.00,5520.00,1,1.00,3,NULL,NULL,NULL,NULL,'','2023-05-17 13:24:40','2023-05-17 13:24:40',NULL),(210,7562,1,4,NULL,NULL,4624,10,NULL,NULL,630,1,NULL,40740,40741,00005483,NULL,NULL,'2023-04-10','2023-04-10',0002,1,NULL,6800.00,6800.00,1,1.00,3,NULL,NULL,NULL,NULL,'','2023-05-17 13:24:40','2023-05-17 13:24:40',NULL),(211,7562,1,4,NULL,NULL,4624,10,NULL,NULL,630,1,NULL,40740,40741,00005484,NULL,NULL,'2023-04-10','2023-04-10',0002,1,NULL,8900.00,8900.00,1,1.00,3,NULL,NULL,NULL,NULL,'','2023-05-17 13:24:40','2023-05-17 13:24:40',NULL),(212,7562,1,4,NULL,NULL,4624,10,NULL,NULL,630,1,NULL,40740,40741,00005485,NULL,NULL,'2023-04-10','2023-04-10',0002,1,NULL,9770.00,9770.00,1,1.00,3,NULL,NULL,NULL,NULL,'','2023-05-17 13:24:40','2023-05-17 13:24:40',NULL),(213,7562,1,4,NULL,NULL,4624,10,NULL,NULL,630,1,NULL,40740,40741,00005486,NULL,NULL,'2023-04-10','2023-04-10',0002,1,NULL,3800.00,3800.00,1,1.00,3,NULL,NULL,NULL,NULL,'','2023-05-17 13:24:40','2023-05-17 13:24:40',NULL),(214,7562,1,4,NULL,NULL,4624,10,NULL,NULL,630,1,NULL,40740,40741,00005487,NULL,NULL,'2023-04-10','2023-04-10',0002,1,NULL,5000.00,5000.00,1,1.00,3,NULL,NULL,NULL,NULL,'','2023-05-17 13:24:40','2023-05-17 13:24:40',NULL),(215,7562,1,4,NULL,NULL,4624,10,NULL,NULL,630,1,NULL,40740,40741,00005488,NULL,NULL,'2023-04-11','2023-04-11',0002,1,NULL,3400.00,3400.00,1,1.00,3,NULL,NULL,NULL,NULL,'','2023-05-17 13:24:40','2023-05-17 13:24:40',NULL),(216,7562,1,4,NULL,NULL,4624,10,NULL,NULL,630,1,NULL,40740,40741,00005489,NULL,NULL,'2023-04-11','2023-04-11',0002,1,NULL,11500.00,11500.00,1,1.00,3,NULL,NULL,NULL,NULL,'','2023-05-17 13:24:40','2023-05-17 13:24:40',NULL);
INSERT INTO `receipts` VALUES (217,7562,1,4,NULL,NULL,4624,10,NULL,NULL,630,1,NULL,40740,40741,00005490,NULL,NULL,'2023-04-11','2023-04-11',0002,1,NULL,8100.00,8100.00,1,1.00,3,NULL,NULL,NULL,NULL,'','2023-05-17 13:24:40','2023-05-17 13:24:40',NULL),(218,7562,1,4,NULL,NULL,4624,10,NULL,NULL,630,1,NULL,40740,40741,00005491,NULL,NULL,'2023-04-12','2023-04-12',0002,1,NULL,3400.00,3400.00,1,1.00,3,NULL,NULL,NULL,NULL,'','2023-05-17 13:24:40','2023-05-17 13:24:40',NULL),(219,7562,1,4,NULL,NULL,4624,10,NULL,NULL,630,1,NULL,40740,40741,00005492,NULL,NULL,'2023-04-12','2023-04-12',0002,1,NULL,15640.00,15640.00,1,1.00,3,NULL,NULL,NULL,NULL,'','2023-05-17 13:24:40','2023-05-17 13:24:40',NULL),(220,7562,1,4,NULL,NULL,4624,10,NULL,NULL,630,1,NULL,40740,40741,00005493,NULL,NULL,'2023-04-12','2023-04-12',0002,1,NULL,8620.00,8620.00,1,1.00,3,NULL,NULL,NULL,NULL,'','2023-05-17 13:24:40','2023-05-17 13:24:40',NULL),(221,7562,1,4,NULL,NULL,4624,10,NULL,NULL,630,1,NULL,40740,40741,00005494,NULL,NULL,'2023-04-12','2023-04-12',0002,1,NULL,4600.00,4600.00,1,1.00,3,NULL,NULL,NULL,NULL,'','2023-05-17 13:24:40','2023-05-17 13:24:40',NULL),(222,7562,1,4,NULL,NULL,4624,10,NULL,NULL,630,1,NULL,40740,40741,00005495,NULL,NULL,'2023-04-13','2023-04-13',0002,1,NULL,4600.00,4600.00,1,1.00,3,NULL,NULL,NULL,NULL,'','2023-05-17 13:24:40','2023-05-17 13:24:40',NULL),(223,7562,1,4,NULL,NULL,4624,10,NULL,NULL,630,1,NULL,40740,40741,00005496,NULL,NULL,'2023-04-13','2023-04-13',0002,1,NULL,3400.00,3400.00,1,1.00,3,NULL,NULL,NULL,NULL,'','2023-05-17 13:24:40','2023-05-17 13:24:40',NULL),(224,7562,1,4,NULL,NULL,4624,10,NULL,NULL,630,1,NULL,40740,40741,00005497,NULL,NULL,'2023-04-13','2023-04-13',0002,1,NULL,7200.00,7200.00,1,1.00,3,NULL,NULL,NULL,NULL,'','2023-05-17 13:24:40','2023-05-17 13:24:40',NULL),(225,7562,1,4,NULL,NULL,4624,10,NULL,NULL,630,1,NULL,40740,40741,00005498,NULL,NULL,'2023-04-14','2023-04-14',0002,1,NULL,5700.00,5700.00,1,1.00,3,NULL,NULL,NULL,NULL,'','2023-05-17 13:24:40','2023-05-17 13:24:40',NULL),(226,7562,1,4,NULL,NULL,4624,10,NULL,NULL,630,1,NULL,40740,40741,00005499,NULL,NULL,'2023-04-14','2023-04-14',0002,1,NULL,10000.00,10000.00,1,1.00,3,NULL,NULL,NULL,NULL,'','2023-05-17 13:24:40','2023-05-17 13:24:40',NULL),(227,7562,1,4,NULL,NULL,4624,10,NULL,NULL,630,1,NULL,40740,40741,00005500,NULL,NULL,'2023-04-14','2023-04-14',0002,1,NULL,5000.00,5000.00,1,1.00,3,NULL,NULL,NULL,NULL,'','2023-05-17 13:24:40','2023-05-17 13:24:40',NULL),(228,7562,1,4,NULL,NULL,4624,10,NULL,NULL,630,1,NULL,40740,40741,00005501,NULL,NULL,'2023-04-14','2023-04-14',0002,1,NULL,5000.00,5000.00,1,1.00,3,NULL,NULL,NULL,NULL,'','2023-05-17 13:24:40','2023-05-17 13:24:40',NULL),(229,7562,1,4,NULL,NULL,4624,10,NULL,NULL,630,1,NULL,40740,40741,00005502,NULL,NULL,'2023-04-14','2023-04-14',0002,1,NULL,7000.00,7000.00,1,1.00,3,NULL,NULL,NULL,NULL,'','2023-05-17 13:24:40','2023-05-17 13:24:40',NULL),(230,7562,1,4,NULL,NULL,4624,10,NULL,NULL,630,1,NULL,40740,40741,00005503,NULL,NULL,'2023-04-14','2023-04-14',0002,1,NULL,18000.00,18000.00,1,1.00,3,NULL,NULL,NULL,NULL,'','2023-05-17 13:24:40','2023-05-17 13:24:40',NULL),(231,7562,1,4,NULL,NULL,4624,10,NULL,NULL,630,1,NULL,40740,40741,00005504,NULL,NULL,'2023-04-14','2023-04-14',0002,1,NULL,18600.00,18600.00,1,1.00,3,NULL,NULL,NULL,NULL,'','2023-05-17 13:24:40','2023-05-17 13:24:40',NULL),(232,7562,1,4,NULL,NULL,4624,10,NULL,NULL,630,1,NULL,40740,40741,00005505,NULL,NULL,'2023-04-14','2023-04-14',0002,1,NULL,4800.00,4800.00,1,1.00,3,NULL,NULL,NULL,NULL,'','2023-05-17 13:24:40','2023-05-17 13:24:40',NULL),(233,7562,1,4,NULL,NULL,4624,10,NULL,NULL,630,1,NULL,40740,40741,00005506,NULL,NULL,'2023-04-14','2023-04-14',0002,1,NULL,5600.00,5600.00,1,1.00,3,NULL,NULL,NULL,NULL,'','2023-05-17 13:24:40','2023-05-17 13:24:40',NULL),(234,7562,1,4,NULL,NULL,4624,10,NULL,NULL,630,1,NULL,40740,40741,00005507,NULL,NULL,'2023-04-14','2023-04-14',0002,1,NULL,18400.00,18400.00,1,1.00,3,NULL,NULL,NULL,NULL,'','2023-05-17 13:24:40','2023-05-17 13:24:40',NULL);
INSERT INTO `receipts` VALUES (235,7562,1,4,NULL,NULL,4624,10,NULL,NULL,630,1,NULL,40740,40741,00005508,NULL,NULL,'2023-04-14','2023-04-14',0002,1,NULL,11500.00,11500.00,1,1.00,3,NULL,NULL,NULL,NULL,'','2023-05-17 13:24:41','2023-05-17 13:24:41',NULL),(236,7562,1,4,NULL,NULL,4624,10,NULL,NULL,630,1,NULL,40740,40741,00005509,NULL,NULL,'2023-04-17','2023-04-17',0002,1,NULL,13800.00,13800.00,1,1.00,3,NULL,NULL,NULL,NULL,'','2023-05-17 13:24:41','2023-05-17 13:24:41',NULL),(237,7562,1,4,NULL,NULL,4624,10,NULL,NULL,630,1,NULL,40740,40741,00005510,NULL,NULL,'2023-04-17','2023-04-17',0002,1,NULL,6780.00,6780.00,1,1.00,3,NULL,NULL,NULL,NULL,'','2023-05-17 13:24:41','2023-05-17 13:24:41',NULL),(238,7562,1,4,NULL,NULL,4624,10,NULL,NULL,630,1,NULL,40740,40741,00005511,NULL,NULL,'2023-04-17','2023-04-17',0002,1,NULL,5290.00,5290.00,1,1.00,3,NULL,NULL,NULL,NULL,'','2023-05-17 13:24:41','2023-05-17 13:24:41',NULL),(239,7562,1,4,NULL,NULL,4624,10,NULL,NULL,630,1,NULL,40740,40741,00005512,NULL,NULL,'2023-04-17','2023-04-17',0002,1,NULL,6780.00,6780.00,1,1.00,3,NULL,NULL,NULL,NULL,'','2023-05-17 13:24:41','2023-05-17 13:24:41',NULL),(240,7562,1,4,NULL,NULL,4624,10,NULL,NULL,630,1,NULL,40740,40741,00005513,NULL,NULL,'2023-04-17','2023-04-17',0002,1,NULL,30600.00,30600.00,1,1.00,3,NULL,NULL,NULL,NULL,'','2023-05-17 13:24:41','2023-05-17 13:24:41',NULL),(241,7562,1,4,NULL,NULL,4624,10,NULL,NULL,630,1,NULL,40740,40741,00005514,NULL,NULL,'2023-04-17','2023-04-17',0002,1,NULL,10000.00,10000.00,1,1.00,3,NULL,NULL,NULL,NULL,'','2023-05-17 13:24:41','2023-05-17 13:24:41',NULL),(242,7562,1,4,NULL,NULL,4624,10,NULL,NULL,630,1,NULL,40740,40741,00005515,NULL,NULL,'2023-04-18','2023-04-18',0002,1,NULL,5630.00,5630.00,1,1.00,3,NULL,NULL,NULL,NULL,'','2023-05-17 13:24:41','2023-05-17 13:24:41',NULL),(243,7562,1,4,NULL,NULL,4624,10,NULL,NULL,630,1,NULL,40740,40741,00005516,NULL,NULL,'2023-04-18','2023-04-18',0002,1,NULL,3800.00,3800.00,1,1.00,3,NULL,NULL,NULL,NULL,'','2023-05-17 13:24:41','2023-05-17 13:24:41',NULL),(244,7562,1,4,NULL,NULL,4624,10,NULL,NULL,630,1,NULL,40740,40741,00005517,NULL,NULL,'2023-04-18','2023-04-18',0002,1,NULL,15000.00,15000.00,1,1.00,3,NULL,NULL,NULL,NULL,'','2023-05-17 13:24:41','2023-05-17 13:24:41',NULL),(245,7562,1,4,NULL,NULL,4624,10,NULL,NULL,630,1,NULL,40740,40741,00005518,NULL,NULL,'2023-04-19','2023-04-19',0002,1,NULL,6000.00,6000.00,1,1.00,3,NULL,NULL,NULL,NULL,'','2023-05-17 13:24:41','2023-05-17 13:24:41',NULL),(246,7562,1,4,NULL,NULL,4624,10,NULL,NULL,630,1,NULL,40740,40741,00005519,NULL,NULL,'2023-04-19','2023-04-19',0002,1,NULL,8400.00,8400.00,1,1.00,3,NULL,NULL,NULL,NULL,'','2023-05-17 13:24:41','2023-05-17 13:24:41',NULL),(247,7562,1,4,NULL,NULL,4624,10,NULL,NULL,630,1,NULL,40740,40741,00005520,NULL,NULL,'2023-04-19','2023-04-19',0002,1,NULL,6800.00,6800.00,1,1.00,3,NULL,NULL,NULL,NULL,'','2023-05-17 13:24:41','2023-05-17 13:24:41',NULL),(248,7562,1,4,NULL,NULL,4624,10,NULL,NULL,630,1,NULL,40740,40741,00005521,NULL,NULL,'2023-04-20','2023-04-20',0002,1,NULL,4900.00,4900.00,1,1.00,3,NULL,NULL,NULL,NULL,'','2023-05-17 13:24:41','2023-05-17 13:24:41',NULL),(249,7562,1,4,NULL,NULL,4624,10,NULL,NULL,630,1,NULL,40740,40741,00005522,NULL,NULL,'2023-04-22','2023-04-22',0002,1,NULL,5600.00,5600.00,1,1.00,3,NULL,NULL,NULL,NULL,'','2023-05-17 13:24:41','2023-05-17 13:24:41',NULL),(250,7562,1,4,NULL,NULL,4624,10,NULL,NULL,630,1,NULL,40740,40741,00005523,NULL,NULL,'2023-04-22','2023-04-22',0002,1,NULL,24000.00,24000.00,1,1.00,3,NULL,NULL,NULL,NULL,'','2023-05-17 13:24:41','2023-05-17 13:24:41',NULL),(251,7562,1,4,NULL,NULL,4624,10,NULL,NULL,630,1,NULL,40740,40741,00005524,NULL,NULL,'2023-04-22','2023-04-22',0002,1,NULL,5900.00,5900.00,1,1.00,3,NULL,NULL,NULL,NULL,'','2023-05-17 13:24:41','2023-05-17 13:24:41',NULL),(252,7562,1,4,NULL,NULL,4624,10,NULL,NULL,630,1,NULL,40740,40741,00005525,NULL,NULL,'2023-04-22','2023-04-22',0002,1,NULL,3900.00,3900.00,1,1.00,3,NULL,NULL,NULL,NULL,'','2023-05-17 13:24:41','2023-05-17 13:24:41',NULL);
INSERT INTO `receipts` VALUES (253,7562,1,4,NULL,NULL,4624,10,NULL,NULL,630,1,NULL,40740,40741,00005526,NULL,NULL,'2023-04-22','2023-04-22',0002,1,NULL,7900.00,7900.00,1,1.00,3,NULL,NULL,NULL,NULL,'','2023-05-17 13:24:41','2023-05-17 13:24:41',NULL),(254,7562,1,4,NULL,NULL,4624,10,NULL,NULL,630,1,NULL,40740,40741,00005527,NULL,NULL,'2023-04-22','2023-04-22',0002,1,NULL,6780.00,6780.00,1,1.00,3,NULL,NULL,NULL,NULL,'','2023-05-17 13:24:41','2023-05-17 13:24:41',NULL),(255,7562,1,4,NULL,NULL,4624,10,NULL,NULL,630,1,NULL,40740,40741,00005528,NULL,NULL,'2023-04-22','2023-04-22',0002,1,NULL,12500.00,12500.00,1,1.00,3,NULL,NULL,NULL,NULL,'','2023-05-17 13:24:41','2023-05-17 13:24:41',NULL),(256,7562,1,4,NULL,NULL,4624,10,NULL,NULL,630,1,NULL,40740,40741,00005529,NULL,NULL,'2023-04-22','2023-04-22',0002,1,NULL,9900.00,9900.00,1,1.00,3,NULL,NULL,NULL,NULL,'','2023-05-17 13:24:41','2023-05-17 13:24:41',NULL),(257,7562,1,4,NULL,NULL,4624,10,NULL,NULL,630,1,NULL,40740,40741,00005530,NULL,NULL,'2023-04-22','2023-04-22',0002,1,NULL,5900.00,5900.00,1,1.00,3,NULL,NULL,NULL,NULL,'','2023-05-17 13:24:41','2023-05-17 13:24:41',NULL),(258,7562,1,4,NULL,NULL,4624,10,NULL,NULL,630,1,NULL,40740,40741,00005531,NULL,NULL,'2023-04-22','2023-04-22',0002,1,NULL,6800.00,6800.00,1,1.00,3,NULL,NULL,NULL,NULL,'','2023-05-17 13:24:41','2023-05-17 13:24:41',NULL),(259,7562,1,4,NULL,NULL,4624,10,NULL,NULL,630,1,NULL,40740,40741,00005532,NULL,NULL,'2023-04-22','2023-04-22',0002,1,NULL,5900.00,5900.00,1,1.00,3,NULL,NULL,NULL,NULL,'','2023-05-17 13:24:41','2023-05-17 13:24:41',NULL),(260,7562,1,4,NULL,NULL,4624,10,NULL,NULL,630,1,NULL,40740,40741,00005533,NULL,NULL,'2023-04-22','2023-04-22',0002,1,NULL,5000.00,5000.00,1,1.00,3,NULL,NULL,NULL,NULL,'','2023-05-17 13:24:41','2023-05-17 13:24:41',NULL),(261,7562,1,4,NULL,NULL,4624,10,NULL,NULL,630,1,NULL,40740,40741,00005534,NULL,NULL,'2023-04-24','2023-04-24',0002,1,NULL,11960.00,11960.00,1,1.00,3,NULL,NULL,NULL,NULL,'','2023-05-17 13:24:41','2023-05-17 13:24:41',NULL),(262,7562,1,4,NULL,NULL,4624,10,NULL,NULL,630,1,NULL,40740,40741,00005535,NULL,NULL,'2023-04-24','2023-04-24',0002,1,NULL,5000.00,5000.00,1,1.00,3,NULL,NULL,NULL,NULL,'','2023-05-17 13:24:41','2023-05-17 13:24:41',NULL),(263,7562,1,4,NULL,NULL,4624,10,NULL,NULL,630,1,NULL,40740,40741,00005536,NULL,NULL,'2023-04-24','2023-04-24',0002,1,NULL,14700.00,14700.00,1,1.00,3,NULL,NULL,NULL,NULL,'','2023-05-17 13:24:41','2023-05-17 13:24:41',NULL),(264,7562,1,4,NULL,NULL,4624,10,NULL,NULL,630,1,NULL,40740,40741,00005537,NULL,NULL,'2023-04-24','2023-04-24',0002,1,NULL,7000.00,7000.00,1,1.00,3,NULL,NULL,NULL,NULL,'','2023-05-17 13:24:41','2023-05-17 13:24:41',NULL),(265,7562,1,4,NULL,NULL,4624,10,NULL,NULL,630,1,NULL,40740,40741,00005538,NULL,NULL,'2023-04-25','2023-04-25',0002,1,NULL,6780.00,6780.00,1,1.00,3,NULL,NULL,NULL,NULL,'','2023-05-17 13:24:41','2023-05-17 13:24:41',NULL),(266,7562,1,4,NULL,NULL,4624,10,NULL,NULL,630,1,NULL,40740,40741,00005539,NULL,NULL,'2023-04-25','2023-04-25',0002,1,NULL,27600.00,27600.00,1,1.00,3,NULL,NULL,NULL,NULL,'','2023-05-17 13:24:42','2023-05-17 13:24:42',NULL),(267,7562,1,4,NULL,NULL,4624,10,NULL,NULL,630,1,NULL,40740,40741,00005540,NULL,NULL,'2023-04-25','2023-04-25',0002,1,NULL,5980.00,5980.00,1,1.00,3,NULL,NULL,NULL,NULL,'','2023-05-17 13:24:42','2023-05-17 13:24:42',NULL),(268,7562,1,4,NULL,NULL,4624,10,NULL,NULL,630,1,NULL,40740,40741,00005541,NULL,NULL,'2023-04-26','2023-04-26',0002,1,NULL,5630.00,5630.00,1,1.00,3,NULL,NULL,NULL,NULL,'','2023-05-17 13:24:42','2023-05-17 13:24:42',NULL),(269,7562,1,4,NULL,NULL,4624,10,NULL,NULL,630,1,NULL,40740,40741,00005542,NULL,NULL,'2023-04-27','2023-04-27',0002,1,NULL,9770.00,9770.00,1,1.00,3,NULL,NULL,NULL,NULL,'','2023-05-17 13:24:42','2023-05-17 13:24:42',NULL),(270,7562,1,4,NULL,NULL,4624,10,NULL,NULL,630,1,NULL,40740,40741,00005543,NULL,NULL,'2023-04-27','2023-04-27',0002,1,NULL,11300.00,11300.00,1,1.00,3,NULL,NULL,NULL,NULL,'','2023-05-17 13:24:42','2023-05-17 13:24:42',NULL);
INSERT INTO `receipts` VALUES (271,7562,1,4,NULL,NULL,4624,10,NULL,NULL,630,1,NULL,40740,40741,00005544,NULL,NULL,'2023-04-27','2023-04-27',0002,1,NULL,4000.00,4000.00,1,1.00,3,NULL,NULL,NULL,NULL,'','2023-05-17 13:24:42','2023-05-17 13:24:42',NULL),(272,7562,1,4,NULL,NULL,4624,10,NULL,NULL,630,1,NULL,40740,40741,00005545,NULL,NULL,'2023-04-27','2023-04-27',0002,1,NULL,2000.00,2000.00,1,1.00,3,NULL,NULL,NULL,NULL,'','2023-05-17 13:24:42','2023-05-17 13:24:42',NULL),(273,7562,1,4,NULL,NULL,4624,10,NULL,NULL,630,1,NULL,40740,40741,00005546,NULL,NULL,'2023-04-28','2023-04-28',0002,1,NULL,3900.00,3900.00,1,1.00,3,NULL,NULL,NULL,NULL,'','2023-05-17 13:24:42','2023-05-17 13:24:42',NULL),(274,7562,1,4,NULL,NULL,4624,10,NULL,NULL,630,1,NULL,40740,40741,00005547,NULL,NULL,'2023-04-28','2023-04-28',0002,1,NULL,7900.00,7900.00,1,1.00,3,NULL,NULL,NULL,NULL,'','2023-05-17 13:24:42','2023-05-17 13:24:42',NULL),(275,7562,1,4,NULL,NULL,4624,10,NULL,NULL,630,1,NULL,40740,40741,00005548,NULL,NULL,'2023-04-28','2023-04-28',0002,1,NULL,9000.00,9000.00,1,1.00,3,NULL,NULL,NULL,NULL,'','2023-05-17 13:24:42','2023-05-17 13:24:42',NULL),(276,7562,1,4,NULL,NULL,4624,10,NULL,NULL,630,1,NULL,40740,40741,00005549,NULL,NULL,'2023-04-29','2023-04-29',0002,1,NULL,10000.00,10000.00,1,1.00,3,NULL,NULL,NULL,NULL,'','2023-05-17 13:24:42','2023-05-17 13:24:42',NULL),(277,7562,1,4,NULL,NULL,4624,10,NULL,NULL,630,1,NULL,40740,40741,00005550,NULL,NULL,'2023-04-29','2023-04-29',0002,1,NULL,5280.00,5280.00,1,1.00,3,NULL,NULL,NULL,NULL,'','2023-05-17 13:24:42','2023-05-17 13:24:42',NULL),(278,7562,1,4,NULL,NULL,4624,10,NULL,NULL,630,1,NULL,40740,40741,00005551,NULL,NULL,'2023-04-29','2023-04-29',0002,1,NULL,12000.00,12000.00,1,1.00,3,NULL,NULL,NULL,NULL,'','2023-05-17 13:24:42','2023-05-17 13:24:42',NULL),(279,7562,1,4,NULL,NULL,4624,10,NULL,NULL,630,1,NULL,40740,40741,00005552,NULL,NULL,'2023-04-29','2023-04-29',0002,1,NULL,15830.00,15830.00,1,1.00,3,NULL,NULL,NULL,NULL,'','2023-05-17 13:24:42','2023-05-17 13:24:42',NULL),(280,7562,1,4,NULL,NULL,4624,10,NULL,NULL,630,1,NULL,40740,40741,00005553,NULL,NULL,'2023-04-29','2023-04-29',0002,1,NULL,20000.00,20000.00,1,1.00,3,NULL,NULL,NULL,NULL,'','2023-05-17 13:24:42','2023-05-17 13:24:42',NULL),(281,7562,1,4,NULL,NULL,4624,10,NULL,NULL,630,1,NULL,40740,40741,00005554,NULL,NULL,'2023-04-29','2023-04-29',0002,1,NULL,8000.00,8000.00,1,1.00,3,NULL,NULL,NULL,NULL,'','2023-05-17 13:24:42','2023-05-17 13:24:42',NULL),(282,7562,1,4,NULL,NULL,4624,10,NULL,NULL,630,1,NULL,40740,40741,00005555,NULL,NULL,'2023-04-29','2023-04-29',0002,1,NULL,3500.00,3500.00,1,1.00,3,NULL,NULL,NULL,NULL,'','2023-05-17 13:24:42','2023-05-17 13:24:42',NULL),(283,7562,2,1,NULL,NULL,4624,10,217,NULL,630,1,NULL,40740,40737,01434988,NULL,NULL,'2023-04-03','2023-04-03',0943,1,NULL,3694.84,3694.84,1,1.00,3,NULL,NULL,NULL,NULL,'','2023-05-17 13:29:36','2023-05-17 13:29:36',NULL),(284,7562,2,1,NULL,NULL,4624,10,217,NULL,630,1,NULL,40740,40753,00000255,NULL,NULL,'2023-04-11','2023-04-11',0004,1,NULL,8280.26,8280.26,1,1.00,3,NULL,NULL,NULL,NULL,'','2023-05-17 13:29:36','2023-05-17 13:29:36',NULL),(285,7562,2,1,NULL,NULL,4624,10,217,NULL,630,1,NULL,40740,40753,00000248,NULL,NULL,'2023-04-11','2023-04-11',0004,1,NULL,16560.52,16560.52,1,1.00,3,NULL,NULL,NULL,NULL,'','2023-05-17 13:29:36','2023-05-17 13:29:36',NULL),(286,7562,2,1,NULL,NULL,4624,10,217,NULL,630,1,NULL,40740,40748,00019990,NULL,NULL,'2023-04-13','2023-04-13',0005,1,NULL,4583.48,4583.48,1,1.00,3,NULL,NULL,NULL,NULL,'','2023-05-17 13:29:36','2023-05-17 13:29:36',NULL),(287,7562,2,1,NULL,NULL,4624,10,217,NULL,630,1,NULL,40740,40747,00585921,NULL,NULL,'2023-04-14','2023-04-14',0001,1,NULL,9286.06,9286.06,1,1.00,3,NULL,NULL,NULL,NULL,'','2023-05-17 13:29:36','2023-05-17 13:29:36',NULL),(288,7562,2,1,NULL,NULL,4624,10,217,NULL,630,1,NULL,40740,40748,00020014,NULL,NULL,'2023-04-19','2023-04-19',0005,1,NULL,484.00,484.00,1,1.00,3,NULL,NULL,NULL,NULL,'','2023-05-17 13:29:36','2023-05-17 13:29:36',NULL);
INSERT INTO `receipts` VALUES (289,7562,2,1,NULL,NULL,4624,10,217,NULL,630,1,NULL,40740,40749,00011695,NULL,NULL,'2023-04-24','2023-04-24',0004,1,NULL,33861.20,33861.20,1,1.00,3,NULL,NULL,NULL,NULL,'','2023-05-17 13:29:36','2023-05-17 13:29:36',NULL),(290,7562,2,1,NULL,NULL,4624,10,217,NULL,630,1,NULL,40740,40750,00039799,NULL,NULL,'2023-04-26','2023-04-26',0006,1,NULL,5965.01,5965.01,1,1.00,3,NULL,NULL,NULL,NULL,'','2023-05-17 13:29:36','2023-05-17 13:29:36',NULL),(291,7562,2,1,NULL,NULL,4624,10,217,NULL,630,1,NULL,40740,40748,00020039,NULL,NULL,'2023-04-27','2023-04-27',0005,1,NULL,7637.52,7637.52,1,1.00,3,NULL,NULL,NULL,NULL,'','2023-05-17 13:29:36','2023-05-17 13:29:36',NULL),(292,7562,2,1,NULL,NULL,4624,10,217,NULL,630,1,NULL,40740,40752,13993944,NULL,NULL,'2023-04-30','2023-04-30',0006,1,NULL,6332.94,6332.94,1,1.00,3,NULL,NULL,NULL,NULL,'','2023-05-17 13:29:36','2023-05-17 13:29:36',NULL),(293,7562,2,1,NULL,NULL,4624,10,217,NULL,616,1,NULL,40740,40759,00000517,00000517,NULL,'2023-04-17','2023-05-17',0004,1,NULL,312966.50,312966.50,1,1.00,3,NULL,NULL,NULL,NULL,'','2023-05-17 13:33:21','2023-05-17 13:33:21',NULL),(294,7562,2,1,NULL,NULL,3052,10,250,NULL,26,1,NULL,40721,40760,00022298,NULL,NULL,'2023-04-01','2023-04-01',0009,1,NULL,1000.00,1000.00,1,1.00,3,NULL,NULL,NULL,NULL,'','2023-05-17 15:15:25','2023-05-17 15:15:25',NULL),(295,7562,2,38,NULL,NULL,3052,10,250,NULL,26,1,NULL,40721,40730,00034925,NULL,NULL,'2023-04-01','2023-04-01',0225,1,NULL,4627.61,4627.61,1,1.00,3,NULL,NULL,NULL,NULL,'','2023-05-17 15:15:25','2023-05-17 15:15:25',NULL),(296,7562,2,38,NULL,NULL,3052,10,250,NULL,26,1,NULL,40721,40730,00027015,NULL,NULL,'2023-04-02','2023-04-02',0221,1,NULL,6041.19,6041.19,1,1.00,3,NULL,NULL,NULL,NULL,'','2023-05-17 15:15:25','2023-05-17 15:15:25',NULL),(297,7562,2,38,NULL,NULL,3052,10,250,NULL,26,1,NULL,40721,40730,00036948,NULL,NULL,'2023-04-29','2023-04-29',0225,1,NULL,11187.19,11187.19,1,1.00,3,NULL,NULL,NULL,NULL,'','2023-05-17 15:15:25','2023-05-17 15:15:25',NULL),(298,7562,2,38,NULL,NULL,3052,10,250,NULL,26,1,NULL,40721,40730,00035046,NULL,NULL,'2023-04-03','2023-04-03',0225,1,NULL,10269.53,10269.53,1,1.00,3,NULL,NULL,NULL,NULL,'','2023-05-17 15:15:25','2023-05-17 15:15:25',NULL),(299,7562,2,1,NULL,NULL,3052,10,250,NULL,26,1,NULL,40721,40761,00015800,NULL,NULL,'2023-04-04','2023-04-04',0006,1,NULL,170000.00,170000.00,1,1.00,3,NULL,NULL,NULL,NULL,'','2023-05-17 15:15:26','2023-05-17 15:15:26',NULL),(300,7562,2,38,NULL,NULL,3052,10,250,NULL,26,1,NULL,40721,40730,00035136,NULL,NULL,'2023-04-04','2023-04-04',0225,1,NULL,3366.09,3366.09,1,1.00,3,NULL,NULL,NULL,NULL,'','2023-05-17 15:15:26','2023-05-17 15:15:26',NULL),(301,7562,2,1,NULL,NULL,3052,10,250,NULL,26,1,NULL,40721,40762,00002932,NULL,NULL,'2023-04-08','2023-04-08',0005,1,NULL,33180.21,33180.21,1,1.00,3,NULL,NULL,NULL,NULL,'','2023-05-17 15:15:26','2023-05-17 15:15:26',NULL),(302,7562,2,1,NULL,NULL,3052,10,250,NULL,26,1,NULL,40721,40725,00000683,NULL,NULL,'2023-04-08','2023-04-08',0011,1,NULL,12950.00,12950.00,1,1.00,3,NULL,NULL,NULL,NULL,'','2023-05-17 15:15:26','2023-05-17 15:15:26',NULL),(303,7562,2,38,NULL,NULL,3052,10,250,NULL,26,1,NULL,40721,40730,00035365,NULL,NULL,'2023-04-08','2023-04-08',0225,1,NULL,14647.67,14647.67,1,1.00,3,NULL,NULL,NULL,NULL,'','2023-05-17 15:15:26','2023-05-17 15:15:26',NULL),(304,7562,2,38,NULL,NULL,3052,10,250,NULL,26,1,NULL,40721,40730,00035399,NULL,NULL,'2023-04-08','2023-04-08',0225,1,NULL,5610.14,5610.14,1,1.00,3,NULL,NULL,NULL,NULL,'','2023-05-17 15:15:26','2023-05-17 15:15:26',NULL),(305,7562,2,1,NULL,NULL,3052,10,250,NULL,26,1,NULL,40721,40724,00008779,NULL,NULL,'2023-04-11','2023-04-11',0009,1,NULL,10050.01,10050.01,1,1.00,3,NULL,NULL,NULL,NULL,'','2023-05-17 15:15:26','2023-05-17 15:15:26',NULL),(306,7562,2,38,NULL,NULL,3052,10,250,NULL,26,1,NULL,40721,40730,00035749,NULL,NULL,'2023-04-13','2023-04-13',0225,1,NULL,2243.93,2243.93,1,1.00,3,NULL,NULL,NULL,NULL,'','2023-05-17 15:15:26','2023-05-17 15:15:26',NULL);
INSERT INTO `receipts` VALUES (307,7562,2,38,NULL,NULL,3052,10,250,NULL,26,1,NULL,40721,40763,00011157,NULL,NULL,'2023-04-14','2023-04-14',0021,1,NULL,15047.73,15047.73,1,1.00,3,NULL,NULL,NULL,NULL,'','2023-05-17 15:15:26','2023-05-17 15:15:26',NULL),(308,7562,2,1,NULL,NULL,3052,10,250,NULL,26,1,NULL,40721,40723,00003077,NULL,NULL,'2023-04-15','2023-04-15',0013,1,NULL,2583.92,2583.92,1,1.00,3,NULL,NULL,NULL,NULL,'','2023-05-17 15:15:26','2023-05-17 15:15:26',NULL),(309,7562,2,38,NULL,NULL,3052,10,250,NULL,26,1,NULL,40721,40730,00035922,NULL,NULL,'2023-04-15','2023-04-15',0225,1,NULL,2243.93,2243.93,1,1.00,3,NULL,NULL,NULL,NULL,'','2023-05-17 15:15:26','2023-05-17 15:15:26',NULL),(310,7562,2,38,NULL,NULL,3052,10,250,NULL,26,1,NULL,40721,40730,00035966,NULL,NULL,'2023-04-16','2023-04-16',0225,1,NULL,4786.27,4786.27,1,1.00,3,NULL,NULL,NULL,NULL,'','2023-05-17 15:15:26','2023-05-17 15:15:26',NULL),(311,7562,2,38,NULL,NULL,3052,10,250,NULL,26,1,NULL,40721,40730,00020932,NULL,NULL,'2023-04-17','2023-04-17',0226,1,NULL,5593.56,5593.56,1,1.00,3,NULL,NULL,NULL,NULL,'','2023-05-17 15:15:26','2023-05-17 15:15:26',NULL),(312,7562,2,1,NULL,NULL,3052,10,250,NULL,26,1,NULL,40721,40764,00027383,NULL,NULL,'2023-04-18','2023-04-18',0076,1,NULL,3729.49,3729.49,1,1.00,3,NULL,NULL,NULL,NULL,'','2023-05-17 15:15:26','2023-05-17 15:15:26',NULL),(313,7562,2,3,NULL,NULL,3052,10,250,NULL,26,1,NULL,40721,40764,00002085,NULL,NULL,'2023-04-18','2023-04-18',0076,1,NULL,932.37,932.37,1,1.00,3,NULL,NULL,NULL,NULL,'','2023-05-17 15:15:26','2023-05-17 15:15:26',NULL),(314,7562,2,1,NULL,NULL,3052,10,250,NULL,26,1,NULL,40721,40724,00008820,NULL,NULL,'2023-04-20','2023-04-20',0009,1,NULL,3000.00,3000.00,1,1.00,3,NULL,NULL,NULL,NULL,'','2023-05-17 15:15:26','2023-05-17 15:15:26',NULL),(315,7562,2,38,NULL,NULL,3052,10,250,NULL,26,1,NULL,40721,40730,00027678,NULL,NULL,'2023-04-21','2023-04-21',0221,1,NULL,3356.33,3356.33,1,1.00,3,NULL,NULL,NULL,NULL,'','2023-05-17 15:15:26','2023-05-17 15:15:26',NULL),(316,7562,2,38,NULL,NULL,3052,10,250,NULL,26,1,NULL,40721,40730,00021292,NULL,NULL,'2023-04-25','2023-04-25',0226,1,NULL,4622.96,4622.96,1,1.00,3,NULL,NULL,NULL,NULL,'','2023-05-17 15:15:26','2023-05-17 15:15:26',NULL),(317,7562,2,1,NULL,NULL,3052,10,250,NULL,26,1,NULL,40721,40765,00003704,NULL,NULL,'2023-04-26','2023-04-26',0002,1,NULL,2500.00,2500.00,1,1.00,3,NULL,NULL,NULL,NULL,'','2023-05-17 15:15:26','2023-05-17 15:15:26',NULL),(318,7562,2,38,NULL,NULL,3052,10,250,NULL,26,1,NULL,40721,40730,00036709,NULL,NULL,'2023-04-26','2023-04-26',0225,1,NULL,4786.61,4786.61,1,1.00,3,NULL,NULL,NULL,NULL,'','2023-05-17 15:15:26','2023-05-17 15:15:26',NULL),(319,7562,2,1,NULL,NULL,3052,10,250,NULL,26,1,NULL,40721,40764,00027588,NULL,NULL,'2023-04-27','2023-04-27',0076,1,NULL,3026.44,3026.44,1,1.00,3,NULL,NULL,NULL,NULL,'','2023-05-17 15:15:26','2023-05-17 15:15:26',NULL),(320,7562,2,3,NULL,NULL,3052,10,250,NULL,26,1,NULL,40721,40764,00002102,NULL,NULL,'2023-04-27','2023-04-27',0076,1,NULL,756.61,756.61,1,1.00,3,NULL,NULL,NULL,NULL,'','2023-05-17 15:15:26','2023-05-17 15:15:26',NULL),(321,7562,1,4,NULL,NULL,4625,10,NULL,NULL,616,1,NULL,40740,40741,00005556,NULL,NULL,'2023-05-02','2023-05-02',0002,1,NULL,2800.00,2800.00,1,1.00,3,NULL,NULL,NULL,NULL,'','2023-06-12 15:18:11','2023-06-12 15:18:11',NULL),(322,7562,1,4,NULL,NULL,4625,10,NULL,NULL,616,1,NULL,40740,40741,00005557,NULL,NULL,'2023-05-02','2023-05-02',0002,1,NULL,12000.00,12000.00,1,1.00,3,NULL,NULL,NULL,NULL,'','2023-06-12 15:18:11','2023-06-12 15:18:11',NULL),(323,7562,1,4,NULL,NULL,4625,10,NULL,NULL,616,1,NULL,40740,40741,00005558,NULL,NULL,'2023-05-02','2023-05-02',0002,1,NULL,7930.00,7930.00,1,1.00,3,NULL,NULL,NULL,NULL,'','2023-06-12 15:18:11','2023-06-12 15:18:11',NULL),(324,7562,1,4,NULL,NULL,4625,10,NULL,NULL,616,1,NULL,40740,40741,00005559,NULL,NULL,'2023-05-03','2023-05-03',0002,1,NULL,13800.00,13800.00,1,1.00,3,NULL,NULL,NULL,NULL,'','2023-06-12 15:18:12','2023-06-12 15:18:12',NULL);
INSERT INTO `receipts` VALUES (325,7562,1,4,NULL,NULL,4625,10,NULL,NULL,616,1,NULL,40740,40741,00005560,NULL,NULL,'2023-05-04','2023-05-04',0002,1,NULL,9000.00,9000.00,1,1.00,3,NULL,NULL,NULL,NULL,'','2023-06-12 15:18:12','2023-06-12 15:18:12',NULL),(326,7562,1,4,NULL,NULL,4625,10,NULL,NULL,616,1,NULL,40740,40741,00005561,NULL,NULL,'2023-05-05','2023-05-05',0002,1,NULL,11500.00,11500.00,1,1.00,3,NULL,NULL,NULL,NULL,'','2023-06-12 15:18:12','2023-06-12 15:18:12',NULL),(327,7562,1,4,NULL,NULL,4625,10,NULL,NULL,616,1,NULL,40740,40741,00005562,NULL,NULL,'2023-05-05','2023-05-05',0002,1,NULL,4900.00,4900.00,1,1.00,3,NULL,NULL,NULL,NULL,'','2023-06-12 15:18:12','2023-06-12 15:18:12',NULL),(328,7562,1,4,NULL,NULL,4625,10,NULL,NULL,616,1,NULL,40740,40741,00005563,NULL,NULL,'2023-05-05','2023-05-05',0002,1,NULL,11270.00,11270.00,1,1.00,3,NULL,NULL,NULL,NULL,'','2023-06-12 15:18:12','2023-06-12 15:18:12',NULL),(329,7562,1,4,NULL,NULL,4625,10,NULL,NULL,616,1,NULL,40740,40741,00005564,NULL,NULL,'2023-05-05','2023-05-05',0002,1,NULL,4900.00,4900.00,1,1.00,3,NULL,NULL,NULL,NULL,'','2023-06-12 15:18:12','2023-06-12 15:18:12',NULL),(330,7562,1,4,NULL,NULL,4625,10,NULL,NULL,616,1,NULL,40740,40741,00005565,NULL,NULL,'2023-05-05','2023-05-05',0002,1,NULL,6900.00,6900.00,1,1.00,3,NULL,NULL,NULL,NULL,'','2023-06-12 15:18:12','2023-06-12 15:18:12',NULL),(331,7562,1,4,NULL,NULL,4625,10,NULL,NULL,616,1,NULL,40740,40741,00005566,NULL,NULL,'2023-05-05','2023-05-05',0002,1,NULL,26000.00,26000.00,1,1.00,3,NULL,NULL,NULL,NULL,'','2023-06-12 15:18:12','2023-06-12 15:18:12',NULL),(332,7562,1,4,NULL,NULL,4625,10,NULL,NULL,616,1,NULL,40740,40741,00005567,NULL,NULL,'2023-05-05','2023-05-05',0002,1,NULL,6900.00,6900.00,1,1.00,3,NULL,NULL,NULL,NULL,'','2023-06-12 15:18:12','2023-06-12 15:18:12',NULL),(333,7562,1,4,NULL,NULL,4625,10,NULL,NULL,616,1,NULL,40740,40741,00005568,NULL,NULL,'2023-05-06','2023-05-06',0002,1,NULL,11500.00,11500.00,1,1.00,3,NULL,NULL,NULL,NULL,'','2023-06-12 15:18:12','2023-06-12 15:18:12',NULL),(334,7562,1,4,NULL,NULL,4625,10,NULL,NULL,616,1,NULL,40740,40741,00005569,NULL,NULL,'2023-05-06','2023-05-06',0002,1,NULL,10000.00,10000.00,1,1.00,3,NULL,NULL,NULL,NULL,'','2023-06-12 15:18:12','2023-06-12 15:18:12',NULL),(335,7562,1,4,NULL,NULL,4625,10,NULL,NULL,616,1,NULL,40740,40741,00005570,NULL,NULL,'2023-05-06','2023-05-06',0002,1,NULL,6900.00,6900.00,1,1.00,3,NULL,NULL,NULL,NULL,'','2023-06-12 15:18:12','2023-06-12 15:18:12',NULL),(336,7562,1,4,NULL,NULL,4625,10,NULL,NULL,616,1,NULL,40740,40741,00005571,NULL,NULL,'2023-05-06','2023-05-06',0002,1,NULL,6900.00,6900.00,1,1.00,3,NULL,NULL,NULL,NULL,'','2023-06-12 15:18:12','2023-06-12 15:18:12',NULL),(337,7562,1,4,NULL,NULL,4625,10,NULL,NULL,616,1,NULL,40740,40741,00005572,NULL,NULL,'2023-05-06','2023-05-06',0002,1,NULL,5750.00,5750.00,1,1.00,3,NULL,NULL,NULL,NULL,'','2023-06-12 15:18:12','2023-06-12 15:18:12',NULL),(338,7562,1,4,NULL,NULL,4625,10,NULL,NULL,616,1,NULL,40740,40741,00005573,NULL,NULL,'2023-05-08','2023-05-08',0002,1,NULL,6900.00,6900.00,1,1.00,3,NULL,NULL,NULL,NULL,'','2023-06-12 15:18:12','2023-06-12 15:18:12',NULL),(339,7562,1,4,NULL,NULL,4625,10,NULL,NULL,616,1,NULL,40740,40741,00005574,NULL,NULL,'2023-05-08','2023-05-08',0002,1,NULL,20700.00,20700.00,1,1.00,3,NULL,NULL,NULL,NULL,'','2023-06-12 15:18:12','2023-06-12 15:18:12',NULL),(340,7562,1,4,NULL,NULL,4625,10,NULL,NULL,616,1,NULL,40740,40741,00005575,NULL,NULL,'2023-05-10','2023-05-10',0002,1,NULL,7900.00,7900.00,1,1.00,3,NULL,NULL,NULL,NULL,'','2023-06-12 15:18:12','2023-06-12 15:18:12',NULL),(341,7562,1,4,NULL,NULL,4625,10,NULL,NULL,616,1,NULL,40740,40741,00005576,NULL,NULL,'2023-05-10','2023-05-10',0002,1,NULL,7900.00,7900.00,1,1.00,3,NULL,NULL,NULL,NULL,'','2023-06-12 15:18:13','2023-06-12 15:18:13',NULL),(342,7562,1,4,NULL,NULL,4625,10,NULL,NULL,616,1,NULL,40740,40741,00005577,NULL,NULL,'2023-05-10','2023-05-10',0002,1,NULL,3800.00,3800.00,1,1.00,3,NULL,NULL,NULL,NULL,'','2023-06-12 15:18:13','2023-06-12 15:18:13',NULL);
INSERT INTO `receipts` VALUES (343,7562,1,4,NULL,NULL,4625,10,NULL,NULL,616,1,NULL,40740,40741,00005578,NULL,NULL,'2023-05-10','2023-05-10',0002,1,NULL,13400.00,13400.00,1,1.00,3,NULL,NULL,NULL,NULL,'','2023-06-12 15:18:13','2023-06-12 15:18:13',NULL),(344,7562,1,4,NULL,NULL,4625,10,NULL,NULL,616,1,NULL,40740,40741,00005579,NULL,NULL,'2023-05-10','2023-05-10',0002,1,NULL,8900.00,8900.00,1,1.00,3,NULL,NULL,NULL,NULL,'','2023-06-12 15:18:13','2023-06-12 15:18:13',NULL),(345,7562,1,4,NULL,NULL,4625,10,NULL,NULL,616,1,NULL,40740,40741,00005580,NULL,NULL,'2023-05-10','2023-05-10',0002,1,NULL,7900.00,7900.00,1,1.00,3,NULL,NULL,NULL,NULL,'','2023-06-12 15:18:13','2023-06-12 15:18:13',NULL),(346,7562,1,4,NULL,NULL,4625,10,NULL,NULL,616,1,NULL,40740,40741,00005581,NULL,NULL,'2023-05-11','2023-05-11',0002,1,NULL,3700.00,3700.00,1,1.00,3,NULL,NULL,NULL,NULL,'','2023-06-12 15:18:13','2023-06-12 15:18:13',NULL),(347,7562,1,4,NULL,NULL,4625,10,NULL,NULL,616,1,NULL,40740,40741,00005582,NULL,NULL,'2023-05-11','2023-05-11',0002,1,NULL,3200.00,3200.00,1,1.00,3,NULL,NULL,NULL,NULL,'','2023-06-12 15:18:13','2023-06-12 15:18:13',NULL),(348,7562,1,4,NULL,NULL,4625,10,NULL,NULL,616,1,NULL,40740,40741,00005583,NULL,NULL,'2023-05-13','2023-05-13',0002,1,NULL,6900.00,6900.00,1,1.00,3,NULL,NULL,NULL,NULL,'','2023-06-12 15:18:13','2023-06-12 15:18:13',NULL),(349,7562,1,4,NULL,NULL,4625,10,NULL,NULL,616,1,NULL,40740,40741,00005584,NULL,NULL,'2023-05-13','2023-05-13',0002,1,NULL,8900.00,8900.00,1,1.00,3,NULL,NULL,NULL,NULL,'','2023-06-12 15:18:13','2023-06-12 15:18:13',NULL),(350,7562,1,4,NULL,NULL,4625,10,NULL,NULL,616,1,NULL,40740,40741,00005585,NULL,NULL,'2023-05-13','2023-05-13',0002,1,NULL,12000.00,12000.00,1,1.00,3,NULL,NULL,NULL,NULL,'','2023-06-12 15:18:13','2023-06-12 15:18:13',NULL),(351,7562,1,4,NULL,NULL,4625,10,NULL,NULL,616,1,NULL,40740,40741,00005586,NULL,NULL,'2023-05-13','2023-05-13',0002,1,NULL,10000.00,10000.00,1,1.00,3,NULL,NULL,NULL,NULL,'','2023-06-12 15:18:13','2023-06-12 15:18:13',NULL),(352,7562,1,4,NULL,NULL,4625,10,NULL,NULL,616,1,NULL,40740,40741,00005587,NULL,NULL,'2023-05-13','2023-05-13',0002,1,NULL,6900.00,6900.00,1,1.00,3,NULL,NULL,NULL,NULL,'','2023-06-12 15:18:13','2023-06-12 15:18:13',NULL),(353,7562,1,4,NULL,NULL,4625,10,NULL,NULL,616,1,NULL,40740,40741,00005588,NULL,NULL,'2023-05-13','2023-05-13',0002,1,NULL,8900.00,8900.00,1,1.00,3,NULL,NULL,NULL,NULL,'','2023-06-12 15:18:13','2023-06-12 15:18:13',NULL),(354,7562,1,4,NULL,NULL,4625,10,NULL,NULL,616,1,NULL,40740,40741,00005589,NULL,NULL,'2023-05-13','2023-05-13',0002,1,NULL,8000.00,8000.00,1,1.00,3,NULL,NULL,NULL,NULL,'','2023-06-12 15:18:13','2023-06-12 15:18:13',NULL),(355,7562,1,4,NULL,NULL,4625,10,NULL,NULL,616,1,NULL,40740,40741,00005590,NULL,NULL,'2023-05-15','2023-05-15',0002,1,NULL,5000.00,5000.00,1,1.00,3,NULL,NULL,NULL,NULL,'','2023-06-12 15:18:13','2023-06-12 15:18:13',NULL),(356,7562,1,4,NULL,NULL,4625,10,NULL,NULL,616,1,NULL,40740,40741,00005591,NULL,NULL,'2023-05-15','2023-05-15',0002,1,NULL,7900.00,7900.00,1,1.00,3,NULL,NULL,NULL,NULL,'','2023-06-12 15:18:13','2023-06-12 15:18:13',NULL),(357,7562,1,4,NULL,NULL,4625,10,NULL,NULL,616,1,NULL,40740,40741,00005592,NULL,NULL,'2023-05-15','2023-05-15',0002,1,NULL,5900.00,5900.00,1,1.00,3,NULL,NULL,NULL,NULL,'','2023-06-12 15:18:14','2023-06-12 15:18:14',NULL),(358,7562,1,4,NULL,NULL,4625,10,NULL,NULL,616,1,NULL,40740,40741,00005593,NULL,NULL,'2023-05-15','2023-05-15',0002,1,NULL,10000.00,10000.00,1,1.00,3,NULL,NULL,NULL,NULL,'','2023-06-12 15:18:14','2023-06-12 15:18:14',NULL),(359,7562,1,4,NULL,NULL,4625,10,NULL,NULL,616,1,NULL,40740,40741,00005594,NULL,NULL,'2023-05-16','2023-05-16',0002,1,NULL,4700.00,4700.00,1,1.00,3,NULL,NULL,NULL,NULL,'','2023-06-12 15:18:14','2023-06-12 15:18:14',NULL),(360,7562,1,4,NULL,NULL,4625,10,NULL,NULL,616,1,NULL,40740,40741,00005595,NULL,NULL,'2023-05-16','2023-05-16',0002,1,NULL,27000.00,27000.00,1,1.00,3,NULL,NULL,NULL,NULL,'','2023-06-12 15:18:14','2023-06-12 15:18:14',NULL);
INSERT INTO `receipts` VALUES (361,7562,1,4,NULL,NULL,4625,10,NULL,NULL,616,1,NULL,40740,40741,00005596,NULL,NULL,'2023-05-16','2023-05-16',0002,1,NULL,5800.00,5800.00,1,1.00,3,NULL,NULL,NULL,NULL,'','2023-06-12 15:18:14','2023-06-12 15:18:14',NULL),(362,7562,1,4,NULL,NULL,4625,10,NULL,NULL,616,1,NULL,40740,40741,00005597,NULL,NULL,'2023-05-17','2023-05-17',0002,1,NULL,28750.00,28750.00,1,1.00,3,NULL,NULL,NULL,NULL,'','2023-06-12 15:18:14','2023-06-12 15:18:14',NULL),(363,7562,1,4,NULL,NULL,4625,10,NULL,NULL,616,1,NULL,40740,40741,00005598,NULL,NULL,'2023-05-17','2023-05-17',0002,1,NULL,6500.00,6500.00,1,1.00,3,NULL,NULL,NULL,NULL,'','2023-06-12 15:18:14','2023-06-12 15:18:14',NULL),(364,7562,1,4,NULL,NULL,4625,10,NULL,NULL,616,1,NULL,40740,40741,00005599,NULL,NULL,'2023-05-17','2023-05-17',0002,1,NULL,9900.00,9900.00,1,1.00,3,NULL,NULL,NULL,NULL,'','2023-06-12 15:18:14','2023-06-12 15:18:14',NULL),(365,7562,1,4,NULL,NULL,4625,10,NULL,NULL,616,1,NULL,40740,40741,00005600,NULL,NULL,'2023-05-18','2023-05-18',0002,1,NULL,10000.00,10000.00,1,1.00,3,NULL,NULL,NULL,NULL,'','2023-06-12 15:18:14','2023-06-12 15:18:14',NULL),(366,7562,1,4,NULL,NULL,4625,10,NULL,NULL,616,1,NULL,40740,40741,00005601,NULL,NULL,'2023-05-18','2023-05-18',0002,1,NULL,10000.00,10000.00,1,1.00,3,NULL,NULL,NULL,NULL,'','2023-06-12 15:18:14','2023-06-12 15:18:14',NULL),(367,7562,1,4,NULL,NULL,4625,10,NULL,NULL,616,1,NULL,40740,40741,00005602,NULL,NULL,'2023-05-19','2023-05-19',0002,1,NULL,23040.00,23040.00,1,1.00,3,NULL,NULL,NULL,NULL,'','2023-06-12 15:18:14','2023-06-12 15:18:14',NULL),(368,7562,1,4,NULL,NULL,4625,10,NULL,NULL,616,1,NULL,40740,40741,00005603,NULL,NULL,'2023-05-19','2023-05-19',0002,1,NULL,10000.00,10000.00,1,1.00,3,NULL,NULL,NULL,NULL,'','2023-06-12 15:18:14','2023-06-12 15:18:14',NULL),(369,7562,1,4,NULL,NULL,4625,10,NULL,NULL,616,1,NULL,40740,40741,00005604,NULL,NULL,'2023-05-20','2023-05-20',0002,1,NULL,4000.00,4000.00,1,1.00,3,NULL,NULL,NULL,NULL,'','2023-06-12 15:18:14','2023-06-12 15:18:14',NULL),(370,7562,1,4,NULL,NULL,4625,10,NULL,NULL,616,1,NULL,40740,40741,00005605,NULL,NULL,'2023-05-20','2023-05-20',0002,1,NULL,7900.00,7900.00,1,1.00,3,NULL,NULL,NULL,NULL,'','2023-06-12 15:18:14','2023-06-12 15:18:14',NULL),(371,7562,1,4,NULL,NULL,4625,10,NULL,NULL,616,1,NULL,40740,40741,00005606,NULL,NULL,'2023-05-20','2023-05-20',0002,1,NULL,5700.00,5700.00,1,1.00,3,NULL,NULL,NULL,NULL,'','2023-06-12 15:18:14','2023-06-12 15:18:14',NULL),(372,7562,1,4,NULL,NULL,4625,10,NULL,NULL,616,1,NULL,40740,40741,00005607,NULL,NULL,'2023-05-20','2023-05-20',0002,1,NULL,19200.00,19200.00,1,1.00,3,NULL,NULL,NULL,NULL,'','2023-06-12 15:18:15','2023-06-12 15:18:15',NULL),(373,7562,1,4,NULL,NULL,4625,10,NULL,NULL,616,1,NULL,40740,40741,00005608,NULL,NULL,'2023-05-20','2023-05-20',0002,1,NULL,7000.00,7000.00,1,1.00,3,NULL,NULL,NULL,NULL,'','2023-06-12 15:18:15','2023-06-12 15:18:15',NULL),(374,7562,1,4,NULL,NULL,4625,10,NULL,NULL,616,1,NULL,40740,40741,00005609,NULL,NULL,'2023-05-22','2023-05-22',0002,1,NULL,6240.00,6240.00,1,1.00,3,NULL,NULL,NULL,NULL,'','2023-06-12 15:18:15','2023-06-12 15:18:15',NULL),(375,7562,1,4,NULL,NULL,4625,10,NULL,NULL,616,1,NULL,40740,40741,00005610,NULL,NULL,'2023-05-22','2023-05-22',0002,1,NULL,5900.00,5900.00,1,1.00,3,NULL,NULL,NULL,NULL,'','2023-06-12 15:18:15','2023-06-12 15:18:15',NULL),(376,7562,1,4,NULL,NULL,4625,10,NULL,NULL,616,1,NULL,40740,40741,00005611,NULL,NULL,'2023-05-22','2023-05-22',0002,1,NULL,44280.00,44280.00,1,1.00,3,NULL,NULL,NULL,NULL,'','2023-06-12 15:18:15','2023-06-12 15:18:15',NULL),(377,7562,1,4,NULL,NULL,4625,10,NULL,NULL,616,1,NULL,40740,40741,00005612,NULL,NULL,'2023-05-22','2023-05-22',0002,1,NULL,6900.00,6900.00,1,1.00,3,NULL,NULL,NULL,NULL,'','2023-06-12 15:18:15','2023-06-12 15:18:15',NULL),(378,7562,1,4,NULL,NULL,4625,10,NULL,NULL,616,1,NULL,40740,40741,00005613,NULL,NULL,'2023-05-22','2023-05-22',0002,1,NULL,10000.00,10000.00,1,1.00,3,NULL,NULL,NULL,NULL,'','2023-06-12 15:18:15','2023-06-12 15:18:15',NULL);
INSERT INTO `receipts` VALUES (379,7562,1,4,NULL,NULL,4625,10,NULL,NULL,616,1,NULL,40740,40741,00005614,NULL,NULL,'2023-05-22','2023-05-22',0002,1,NULL,9200.00,9200.00,1,1.00,3,NULL,NULL,NULL,NULL,'','2023-06-12 15:18:15','2023-06-12 15:18:15',NULL),(380,7562,1,4,NULL,NULL,4625,10,NULL,NULL,616,1,NULL,40740,40741,00005615,NULL,NULL,'2023-05-22','2023-05-22',0002,1,NULL,9480.00,9480.00,1,1.00,3,NULL,NULL,NULL,NULL,'','2023-06-12 15:18:15','2023-06-12 15:18:15',NULL),(381,7562,1,4,NULL,NULL,4625,10,NULL,NULL,616,1,NULL,40740,40741,00005616,NULL,NULL,'2023-05-24','2023-05-24',0002,1,NULL,13200.00,13200.00,1,1.00,3,NULL,NULL,NULL,NULL,'','2023-06-12 15:18:15','2023-06-12 15:18:15',NULL),(382,7562,1,4,NULL,NULL,4625,10,NULL,NULL,616,1,NULL,40740,40741,00005617,NULL,NULL,'2023-05-24','2023-05-24',0002,1,NULL,4200.00,4200.00,1,1.00,3,NULL,NULL,NULL,NULL,'','2023-06-12 15:18:15','2023-06-12 15:18:15',NULL),(383,7562,1,4,NULL,NULL,4625,10,NULL,NULL,616,1,NULL,40740,40741,00005618,NULL,NULL,'2023-05-24','2023-05-24',0002,1,NULL,15000.00,15000.00,1,1.00,3,NULL,NULL,NULL,NULL,'','2023-06-12 15:18:15','2023-06-12 15:18:15',NULL),(384,7562,1,4,NULL,NULL,4625,10,NULL,NULL,616,1,NULL,40740,40741,00005619,NULL,NULL,'2023-05-27','2023-05-27',0002,1,NULL,36000.00,36000.00,1,1.00,3,NULL,NULL,NULL,NULL,'','2023-06-12 15:18:15','2023-06-12 15:18:15',NULL),(385,7562,1,4,NULL,NULL,4625,10,NULL,NULL,616,1,NULL,40740,40741,00005620,NULL,NULL,'2023-05-27','2023-05-27',0002,1,NULL,6000.00,6000.00,1,1.00,3,NULL,NULL,NULL,NULL,'','2023-06-12 15:18:15','2023-06-12 15:18:15',NULL),(386,7562,1,4,NULL,NULL,4625,10,NULL,NULL,616,1,NULL,40740,40741,00005621,NULL,NULL,'2023-05-27','2023-05-27',0002,1,NULL,9900.00,9900.00,1,1.00,3,NULL,NULL,NULL,NULL,'','2023-06-12 15:18:15','2023-06-12 15:18:15',NULL),(387,7562,1,4,NULL,NULL,4625,10,NULL,NULL,616,1,NULL,40740,40741,00005622,NULL,NULL,'2023-05-27','2023-05-27',0002,1,NULL,4000.00,4000.00,1,1.00,3,NULL,NULL,NULL,NULL,'','2023-06-12 15:18:15','2023-06-12 15:18:15',NULL),(388,7562,1,4,NULL,NULL,4625,10,NULL,NULL,616,1,NULL,40740,40741,00005623,NULL,NULL,'2023-05-27','2023-05-27',0002,1,NULL,15600.00,15600.00,1,1.00,3,NULL,NULL,NULL,NULL,'','2023-06-12 15:18:15','2023-06-12 15:18:15',NULL),(389,7562,1,4,NULL,NULL,4625,10,NULL,NULL,616,1,NULL,40740,40741,00005624,NULL,NULL,'2023-05-29','2023-05-29',0002,1,NULL,2000.00,2000.00,1,1.00,3,NULL,NULL,NULL,NULL,'','2023-06-12 15:18:15','2023-06-12 15:18:15',NULL),(390,7562,1,4,NULL,NULL,4625,10,NULL,NULL,616,1,NULL,40740,40741,00005625,NULL,NULL,'2023-05-29','2023-05-29',0002,1,NULL,5900.00,5900.00,1,1.00,3,NULL,NULL,NULL,NULL,'','2023-06-12 15:18:15','2023-06-12 15:18:15',NULL),(391,7562,1,4,NULL,NULL,4625,10,NULL,NULL,616,1,NULL,40740,40741,00005626,NULL,NULL,'2023-05-29','2023-05-29',0002,1,NULL,15600.00,15600.00,1,1.00,3,NULL,NULL,NULL,NULL,'','2023-06-12 15:18:15','2023-06-12 15:18:15',NULL),(392,7562,1,4,NULL,NULL,4625,10,NULL,NULL,616,1,NULL,40740,40741,00005627,NULL,NULL,'2023-05-29','2023-05-29',0002,1,NULL,7200.00,7200.00,1,1.00,3,NULL,NULL,NULL,NULL,'','2023-06-12 15:18:16','2023-06-12 15:18:16',NULL),(393,7562,1,4,NULL,NULL,4625,10,NULL,NULL,616,1,NULL,40740,40741,00005628,NULL,NULL,'2023-05-30','2023-05-30',0002,1,NULL,1700.00,1700.00,1,1.00,3,NULL,NULL,NULL,NULL,'','2023-06-12 15:18:16','2023-06-12 15:18:16',NULL),(394,7562,1,4,NULL,NULL,4625,10,NULL,NULL,616,1,NULL,40740,40741,00005629,NULL,NULL,'2023-05-30','2023-05-30',0002,1,NULL,6500.00,6500.00,1,1.00,3,NULL,NULL,NULL,NULL,'','2023-06-12 15:18:16','2023-06-12 15:18:16',NULL),(395,7562,1,4,NULL,NULL,4625,10,NULL,NULL,616,1,NULL,40740,40741,00005630,NULL,NULL,'2023-05-31','2023-05-31',0002,1,NULL,5000.00,5000.00,1,1.00,3,NULL,NULL,NULL,NULL,'','2023-06-12 15:18:16','2023-06-12 15:18:16',NULL),(396,7562,1,4,NULL,NULL,4625,10,NULL,NULL,616,1,NULL,40740,40741,00005631,NULL,NULL,'2023-05-31','2023-05-31',0002,1,NULL,8900.00,8900.00,1,1.00,3,NULL,NULL,NULL,NULL,'','2023-06-12 15:18:16','2023-06-12 15:18:16',NULL);
INSERT INTO `receipts` VALUES (397,7562,2,4,NULL,NULL,4625,10,217,NULL,616,1,NULL,40740,40767,00010063,NULL,NULL,'2023-05-01','2023-05-01',0004,1,NULL,15900.00,15900.00,1,1.00,3,NULL,NULL,NULL,NULL,'','2023-06-12 15:18:46','2023-06-12 15:26:39','2023-06-12 15:26:39'),(398,7562,2,1,NULL,NULL,4625,10,217,NULL,616,1,NULL,40740,40768,00007399,NULL,NULL,'2023-05-04','2023-05-04',0006,1,NULL,99617.36,99617.36,1,1.00,3,NULL,NULL,NULL,NULL,'','2023-06-12 15:18:46','2023-06-12 15:18:46',NULL),(399,7562,2,1,NULL,NULL,4625,10,217,NULL,616,1,NULL,40740,40745,01259206,NULL,NULL,'2023-05-05','2023-05-05',0022,1,NULL,150.00,150.00,1,1.00,3,NULL,NULL,NULL,NULL,'','2023-06-12 15:18:46','2023-06-12 15:18:46',NULL),(400,7562,2,1,NULL,NULL,4625,10,217,NULL,616,1,NULL,40740,40746,00002942,NULL,NULL,'2023-05-08','2023-05-08',0001,1,NULL,12696.17,12696.17,1,1.00,3,NULL,NULL,NULL,NULL,'','2023-06-12 15:18:46','2023-06-12 15:18:46',NULL),(401,7562,2,1,NULL,NULL,4625,10,217,NULL,616,1,NULL,40740,40748,00020060,NULL,NULL,'2023-05-09','2023-05-09',0005,1,NULL,5336.10,5336.10,1,1.00,3,NULL,NULL,NULL,NULL,'','2023-06-12 15:18:46','2023-06-12 15:18:46',NULL),(402,7562,2,1,NULL,NULL,4625,10,217,NULL,616,1,NULL,40740,40769,00005231,NULL,NULL,'2023-05-11','2023-05-11',0002,1,NULL,4100.00,4100.00,1,1.00,3,NULL,NULL,NULL,NULL,'','2023-06-12 15:18:46','2023-06-12 15:18:46',NULL),(403,7562,2,1,NULL,NULL,4625,10,217,NULL,616,1,NULL,40740,40753,00000364,NULL,NULL,'2023-05-17','2023-05-17',0004,1,NULL,8992.36,8992.36,1,1.00,3,NULL,NULL,NULL,NULL,'','2023-06-12 15:18:46','2023-06-12 15:18:46',NULL),(404,7562,2,1,NULL,NULL,4625,10,217,NULL,616,1,NULL,40740,40748,00020088,NULL,NULL,'2023-05-18','2023-05-18',0005,1,NULL,14002.12,14002.12,1,1.00,3,NULL,NULL,NULL,NULL,'','2023-06-12 15:18:46','2023-06-12 15:18:46',NULL),(405,7562,2,1,NULL,NULL,4625,10,217,NULL,616,1,NULL,40740,40753,00000372,NULL,NULL,'2023-05-22','2023-05-22',0004,1,NULL,8992.36,8992.36,1,1.00,3,NULL,NULL,NULL,NULL,'','2023-06-12 15:18:46','2023-06-12 15:18:46',NULL),(406,7562,2,1,NULL,NULL,4625,10,217,NULL,616,1,NULL,40740,40748,00020118,NULL,NULL,'2023-05-23','2023-05-23',0005,1,NULL,13036.54,13036.54,1,1.00,3,NULL,NULL,NULL,NULL,'','2023-06-12 15:18:46','2023-06-12 15:18:46',NULL),(407,7562,2,1,NULL,NULL,4625,10,217,NULL,616,1,NULL,40740,40753,00000378,NULL,NULL,'2023-05-23','2023-05-23',0004,1,NULL,26977.07,26977.07,1,1.00,3,NULL,NULL,NULL,NULL,'','2023-06-12 15:18:46','2023-06-12 15:18:46',NULL),(408,7562,2,1,NULL,NULL,4625,10,217,NULL,616,1,NULL,40740,40753,00000381,NULL,NULL,'2023-05-24','2023-05-24',0004,1,NULL,26977.07,26977.07,1,1.00,3,NULL,NULL,NULL,NULL,'','2023-06-12 15:18:46','2023-06-12 15:18:46',NULL),(409,7562,2,1,NULL,NULL,4625,10,217,NULL,616,1,NULL,40740,40753,00000382,NULL,NULL,'2023-05-27','2023-05-27',0004,1,NULL,26977.07,26977.07,1,1.00,3,NULL,NULL,NULL,NULL,'','2023-06-12 15:18:46','2023-06-12 15:18:46',NULL),(410,7562,2,4,NULL,NULL,4625,10,217,NULL,616,1,NULL,40740,40750,00468674,NULL,NULL,'2023-05-29','2023-05-29',0006,1,NULL,6860.01,6860.01,1,1.00,3,NULL,NULL,NULL,NULL,'','2023-06-12 15:18:46','2023-06-12 15:26:21','2023-06-12 15:26:21'),(411,7562,2,4,NULL,NULL,4625,10,217,NULL,616,1,NULL,40740,40750,00468675,NULL,NULL,'2023-05-29','2023-05-29',0006,1,NULL,5300.00,5300.00,1,1.00,3,NULL,NULL,NULL,NULL,'','2023-06-12 15:18:46','2023-06-12 15:26:13','2023-06-12 15:26:13'),(412,7562,2,1,NULL,NULL,4625,10,217,NULL,616,1,NULL,40740,40750,00040789,NULL,NULL,'2023-05-29','2023-05-29',0006,1,NULL,6860.01,6860.01,1,1.00,3,NULL,NULL,NULL,NULL,'','2023-06-12 15:18:47','2023-06-12 15:18:47',NULL),(413,7562,2,1,NULL,NULL,4625,10,217,NULL,616,1,NULL,40740,40752,14191525,NULL,NULL,'2023-05-31','2023-05-31',0006,1,NULL,6820.57,6820.57,1,1.00,3,NULL,NULL,NULL,NULL,'','2023-06-12 15:18:47','2023-06-12 15:18:47',NULL),(414,7562,2,16,NULL,NULL,4625,10,217,NULL,616,1,NULL,40740,40770,00061031,NULL,NULL,'2023-05-31','2023-05-31',0020,1,NULL,903.76,903.76,1,1.00,3,NULL,NULL,NULL,NULL,'','2023-06-12 15:18:47','2023-06-12 15:18:47',NULL);
INSERT INTO `receipts` VALUES (415,7562,2,1,NULL,NULL,4625,10,217,NULL,616,1,NULL,40740,40722,00000738,NULL,NULL,'2023-05-31','2023-05-31',0020,1,NULL,8810.00,8810.00,1,1.00,3,NULL,NULL,NULL,NULL,'','2023-06-12 15:18:47','2023-06-12 15:18:47',NULL),(416,7562,2,1,NULL,NULL,4625,10,217,NULL,616,1,NULL,40740,40730,00037618,NULL,NULL,'2023-05-08','2023-05-08',0225,1,NULL,10000.05,10000.05,1,1.00,3,NULL,NULL,NULL,NULL,'','2023-06-12 15:34:26','2023-06-12 15:34:26',NULL),(417,7562,2,1,NULL,NULL,4625,10,217,NULL,616,1,NULL,40740,40759,00000598,NULL,NULL,'2023-05-08','2023-05-08',0004,1,NULL,80586.00,80586.00,1,1.00,3,NULL,NULL,NULL,NULL,'','2023-06-12 15:34:26','2023-06-12 15:34:26',NULL),(418,7562,2,1,NULL,NULL,4625,10,217,NULL,616,1,NULL,40740,40759,00000602,NULL,NULL,'2023-05-11','2023-05-11',0004,1,NULL,380278.80,380278.80,1,1.00,3,NULL,NULL,NULL,NULL,'','2023-06-12 15:34:26','2023-06-12 15:34:26',NULL),(419,7562,2,1,NULL,NULL,4625,10,217,NULL,616,1,NULL,40740,40759,00000621,NULL,NULL,'2023-05-15','2023-05-15',0004,1,NULL,94089.60,94089.60,1,1.00,3,NULL,NULL,NULL,NULL,'','2023-06-12 15:34:26','2023-06-12 15:34:26',NULL),(420,7562,2,1,NULL,NULL,4625,10,217,NULL,616,1,NULL,40740,40759,00000635,NULL,NULL,'2023-05-18','2023-05-18',0004,1,NULL,219832.80,219832.80,1,1.00,3,NULL,NULL,NULL,NULL,'','2023-06-12 15:34:26','2023-06-12 15:34:26',NULL),(421,7562,2,1,NULL,NULL,4625,10,217,NULL,616,1,NULL,40740,40771,00039167,NULL,NULL,'2023-05-05','2023-05-05',0014,1,NULL,8512.14,8512.14,1,1.00,3,NULL,NULL,NULL,NULL,'','2023-06-12 15:34:26','2023-06-12 15:34:26',NULL),(422,7562,2,1,NULL,NULL,1541,10,250,NULL,887,1,NULL,40720,40735,00050570,NULL,NULL,'2023-05-02','2023-05-02',0005,1,NULL,15063.90,15063.90,1,1.00,3,NULL,NULL,NULL,NULL,'','2023-06-13 09:03:53','2023-06-13 09:03:53',NULL),(423,7562,2,1,NULL,NULL,1541,10,217,NULL,887,1,NULL,40720,40736,00161257,NULL,NULL,'2023-05-02','2023-05-02',0005,1,NULL,169382.92,169382.92,1,1.00,3,NULL,NULL,NULL,NULL,'','2023-06-13 09:03:53','2023-06-13 09:03:53',NULL),(424,7562,2,1,NULL,NULL,1541,10,250,NULL,887,1,NULL,40720,40772,00041037,NULL,NULL,'2023-05-03','2023-05-03',0050,1,NULL,11500.00,11500.00,1,1.00,3,NULL,NULL,NULL,NULL,'','2023-06-13 09:03:53','2023-06-13 09:03:53',NULL),(425,7562,2,1,NULL,NULL,1541,10,250,NULL,887,1,NULL,40720,40739,00039987,NULL,NULL,'2023-05-31','2023-05-31',0002,1,NULL,9158.70,9158.70,1,1.00,3,NULL,NULL,NULL,NULL,'','2023-06-13 09:03:53','2023-06-13 09:03:53',NULL),(426,7562,2,1,NULL,NULL,1541,10,250,NULL,887,1,NULL,40720,40735,00050646,NULL,NULL,'2023-05-04','2023-05-04',0005,1,NULL,17251.84,17251.84,1,1.00,3,NULL,NULL,NULL,NULL,'','2023-06-13 09:03:53','2023-06-13 09:03:53',NULL),(427,7562,2,1,NULL,NULL,1541,10,250,NULL,887,1,NULL,40720,40735,00050709,NULL,NULL,'2023-05-09','2023-05-09',0005,1,NULL,5260.16,5260.16,1,1.00,3,NULL,NULL,NULL,NULL,'','2023-06-13 09:03:53','2023-06-13 09:03:53',NULL),(428,7562,2,1,NULL,NULL,1541,10,250,NULL,887,1,NULL,40720,40737,00962445,NULL,NULL,'2023-05-09','2023-05-09',0948,1,NULL,11419.64,11419.64,1,1.00,3,NULL,NULL,NULL,NULL,'','2023-06-13 09:03:53','2023-06-13 09:03:53',NULL),(429,7562,2,1,NULL,NULL,1541,10,250,NULL,887,1,NULL,40720,40735,00050778,NULL,NULL,'2023-05-11','2023-05-11',0005,1,NULL,12573.55,12573.55,1,1.00,3,NULL,NULL,NULL,NULL,'','2023-06-13 09:03:53','2023-06-13 09:03:53',NULL),(430,7562,2,1,NULL,NULL,1541,10,250,NULL,887,1,NULL,40720,40731,00012143,NULL,NULL,'2023-05-11','2023-05-11',0003,1,NULL,54263.36,54263.36,1,1.00,3,NULL,NULL,NULL,NULL,'','2023-06-13 09:03:53','2023-06-13 09:03:53',NULL),(431,7562,2,3,NULL,NULL,1541,10,250,NULL,887,1,NULL,40720,40735,00003567,NULL,NULL,'2023-05-11','2023-05-11',0005,1,NULL,8770.08,8770.08,1,1.00,3,NULL,NULL,NULL,NULL,'','2023-06-13 09:03:53','2023-06-13 09:03:53',NULL),(432,7562,2,1,NULL,NULL,1541,10,250,NULL,887,1,NULL,40720,40735,00050815,NULL,NULL,'2023-05-12','2023-05-12',0005,1,NULL,14334.60,14334.60,1,1.00,3,NULL,NULL,NULL,NULL,'','2023-06-13 09:03:53','2023-06-13 09:03:53',NULL);
INSERT INTO `receipts` VALUES (433,7562,2,1,NULL,NULL,1541,10,250,NULL,887,1,NULL,40720,40735,00050846,NULL,NULL,'2023-05-15','2023-05-15',0005,1,NULL,12815.79,12815.79,1,1.00,3,NULL,NULL,NULL,NULL,'','2023-06-13 09:03:53','2023-06-13 09:03:53',NULL),(434,7562,2,1,NULL,NULL,1541,10,250,NULL,887,1,NULL,40720,40735,00050975,NULL,NULL,'2023-05-19','2023-05-19',0005,1,NULL,46606.88,46606.88,1,1.00,3,NULL,NULL,NULL,NULL,'','2023-06-13 09:03:53','2023-06-13 09:03:53',NULL),(435,7562,2,1,NULL,NULL,1541,10,250,NULL,887,1,NULL,40720,40735,00051032,NULL,NULL,'2023-05-22','2023-05-22',0005,1,NULL,3363.93,3363.93,1,1.00,3,NULL,NULL,NULL,NULL,'','2023-06-13 09:03:53','2023-06-13 09:03:53',NULL),(436,7562,2,1,NULL,NULL,1541,10,250,NULL,887,1,NULL,40720,40735,00051061,NULL,NULL,'2023-05-23','2023-05-23',0005,1,NULL,10769.10,10769.10,1,1.00,3,NULL,NULL,NULL,NULL,'','2023-06-13 09:03:53','2023-06-13 09:03:53',NULL),(437,7562,2,7,NULL,NULL,1541,10,217,NULL,887,1,NULL,40720,40719,00000108,NULL,NULL,'2023-05-23','2023-05-23',0001,1,NULL,25000.00,25000.00,1,1.00,3,NULL,NULL,NULL,NULL,'','2023-06-13 09:03:54','2023-06-13 09:03:54',NULL),(438,7562,2,1,NULL,NULL,1541,10,250,NULL,887,1,NULL,40720,40735,00051113,NULL,NULL,'2023-05-29','2023-05-29',0005,1,NULL,10761.14,10761.14,1,1.00,3,NULL,NULL,NULL,NULL,'','2023-06-13 09:03:54','2023-06-13 09:03:54',NULL),(439,7562,2,1,NULL,NULL,1541,10,250,NULL,887,1,NULL,40720,40735,00051128,NULL,NULL,'2023-05-30','2023-05-30',0005,1,NULL,15080.41,15080.41,1,1.00,3,NULL,NULL,NULL,NULL,'','2023-06-13 09:03:54','2023-06-13 09:03:54',NULL),(444,7562,1,1,NULL,NULL,1541,10,NULL,NULL,887,1,NULL,40720,40731,00000120,NULL,NULL,'2023-05-04','2023-05-04',0002,1,NULL,5368.00,5368.00,1,1.00,3,NULL,NULL,NULL,NULL,'','2023-06-13 09:08:29','2023-06-13 09:08:29',NULL),(445,7562,1,4,NULL,NULL,1541,10,NULL,NULL,887,1,NULL,40720,40773,00000435,NULL,NULL,'2023-05-09','2023-05-09',0002,1,NULL,1800.00,1800.00,1,1.00,3,NULL,NULL,NULL,NULL,'','2023-06-13 09:08:29','2023-06-13 09:08:29',NULL),(446,7562,1,4,NULL,NULL,1541,10,NULL,NULL,887,1,NULL,40720,40757,00000436,NULL,NULL,'2023-05-09','2023-05-09',0002,1,NULL,10000.00,10000.00,1,1.00,3,NULL,NULL,NULL,NULL,'','2023-06-13 09:08:29','2023-06-13 09:08:29',NULL),(447,7562,1,4,NULL,NULL,1541,10,NULL,NULL,887,1,NULL,40720,40774,00000437,NULL,NULL,'2023-05-12','2023-05-12',0002,1,NULL,5885.00,5885.00,1,1.00,3,NULL,NULL,NULL,NULL,'','2023-06-13 09:08:29','2023-06-13 09:08:29',NULL),(448,7562,1,4,NULL,NULL,1541,10,NULL,NULL,887,1,NULL,40720,40775,00000438,NULL,NULL,'2023-05-18','2023-05-18',0002,1,NULL,3155.00,3155.00,1,1.00,3,NULL,NULL,NULL,NULL,'','2023-06-13 09:08:29','2023-06-13 09:08:29',NULL),(449,7562,1,36,NULL,NULL,1541,10,NULL,NULL,887,1,NULL,40720,40735,00013269,00013269,NULL,'2023-05-31','2023-06-13',0006,1,NULL,1834268.50,1834268.50,1,1.00,3,NULL,NULL,NULL,NULL,'','2023-06-13 09:11:53','2023-06-13 09:11:53',NULL),(450,7562,2,1,NULL,NULL,3053,10,217,NULL,26,1,NULL,40721,40724,00008880,NULL,NULL,'2023-05-08','2023-05-08',0009,1,NULL,2200.00,2200.00,1,1.00,3,NULL,NULL,NULL,NULL,'','2023-06-13 13:07:56','2023-06-13 13:07:56',NULL),(451,7562,2,7,NULL,NULL,3053,10,250,NULL,26,1,NULL,40721,40776,00000250,NULL,NULL,'2023-05-09','2023-05-09',0002,1,NULL,5000.00,5000.00,1,1.00,3,NULL,NULL,NULL,NULL,'','2023-06-13 13:07:56','2023-06-13 13:07:56',NULL),(452,7562,2,1,NULL,NULL,3053,10,217,NULL,26,1,NULL,40721,40777,00005108,NULL,NULL,'2023-05-22','2023-05-22',0005,1,NULL,1180.00,1180.00,1,1.00,3,NULL,NULL,NULL,NULL,'','2023-06-13 13:07:56','2023-06-13 13:07:56',NULL),(453,7562,2,1,NULL,NULL,3053,10,217,NULL,26,1,NULL,40721,40725,00000773,NULL,NULL,'2023-05-22','2023-05-22',0011,1,NULL,7260.99,7260.99,1,1.00,3,NULL,NULL,NULL,NULL,'','2023-06-13 13:07:56','2023-06-13 13:07:56',NULL),(454,7562,2,1,NULL,NULL,3053,10,217,NULL,26,1,NULL,40721,40723,00003246,NULL,NULL,'2023-05-24','2023-05-24',0013,1,NULL,802.11,802.11,1,1.00,3,NULL,NULL,NULL,NULL,'','2023-06-13 13:07:56','2023-06-13 13:07:56',NULL);
INSERT INTO `receipts` VALUES (455,7562,2,1,NULL,NULL,3053,10,217,NULL,26,1,NULL,40721,40723,00003247,NULL,NULL,'2023-05-24','2023-05-24',0013,1,NULL,220.22,220.22,1,1.00,3,NULL,NULL,NULL,NULL,'','2023-06-13 13:07:56','2023-06-13 13:07:56',NULL),(458,7562,2,38,NULL,NULL,3053,10,250,NULL,26,1,NULL,40721,40730,00027972,NULL,NULL,'2023-05-05','2023-05-05',0221,1,NULL,3356.17,3356.17,1,1.00,3,NULL,NULL,NULL,NULL,'','2023-06-13 13:11:32','2023-06-13 13:11:32',NULL),(459,7562,2,38,NULL,NULL,3053,10,250,NULL,26,1,NULL,40721,40730,00028018,NULL,NULL,'2023-05-07','2023-05-07',0221,1,NULL,5593.56,5593.56,1,1.00,3,NULL,NULL,NULL,NULL,'','2023-06-13 13:11:33','2023-06-13 13:11:33',NULL),(460,7562,2,38,NULL,NULL,3053,10,250,NULL,26,1,NULL,40721,40730,00037632,NULL,NULL,'2023-05-08','2023-05-08',0225,1,NULL,5593.56,5593.56,1,1.00,3,NULL,NULL,NULL,NULL,'','2023-06-13 13:11:33','2023-06-13 13:11:33',NULL),(461,7562,2,38,NULL,NULL,3053,10,250,NULL,26,1,NULL,40721,40730,00037671,NULL,NULL,'2023-05-09','2023-05-09',0225,1,NULL,7663.02,7663.02,1,1.00,3,NULL,NULL,NULL,NULL,'','2023-06-13 13:11:33','2023-06-13 13:11:33',NULL),(462,7562,2,38,NULL,NULL,3053,10,250,NULL,26,1,NULL,40721,40730,00038286,NULL,NULL,'2023-05-16','2023-05-16',0225,1,NULL,3348.81,3348.81,1,1.00,3,NULL,NULL,NULL,NULL,'','2023-06-13 13:11:33','2023-06-13 13:11:33',NULL),(463,7562,2,38,NULL,NULL,3053,10,250,NULL,26,1,NULL,40721,40730,00022399,NULL,NULL,'2023-05-19','2023-05-19',0226,1,NULL,4444.31,4444.31,1,1.00,3,NULL,NULL,NULL,NULL,'','2023-06-13 13:11:33','2023-06-13 13:11:33',NULL),(464,7562,2,38,NULL,NULL,3053,10,250,NULL,26,1,NULL,40721,40730,00038682,NULL,NULL,'2023-05-20','2023-05-20',0225,1,NULL,3333.43,3333.43,1,1.00,3,NULL,NULL,NULL,NULL,'','2023-06-13 13:11:33','2023-06-13 13:11:33',NULL),(465,7562,2,38,NULL,NULL,3053,10,250,NULL,26,1,NULL,40721,40730,00038891,NULL,NULL,'2023-05-23','2023-05-23',0225,1,NULL,11111.03,11111.03,1,1.00,3,NULL,NULL,NULL,NULL,'','2023-06-13 13:11:33','2023-06-13 13:11:33',NULL),(466,7562,1,1,NULL,NULL,1542,10,NULL,NULL,887,1,NULL,40720,40731,00000121,NULL,NULL,'2023-06-01','2023-06-01',0002,1,NULL,10766.00,10766.00,1,1.00,3,NULL,NULL,NULL,NULL,'','2023-07-13 16:17:46','2023-07-13 16:17:46',NULL),(467,7562,1,4,NULL,NULL,1542,10,NULL,NULL,887,1,NULL,40720,40757,00000441,NULL,NULL,'2023-06-06','2023-06-06',0002,1,NULL,3000.00,3000.00,1,1.00,3,NULL,NULL,NULL,NULL,'','2023-07-13 16:17:46','2023-07-13 16:17:46',NULL),(468,7562,1,4,NULL,NULL,1542,10,NULL,NULL,887,1,NULL,40720,40779,00000439,NULL,NULL,'2023-06-06','2023-06-06',0002,1,NULL,4800.00,4800.00,1,1.00,3,NULL,NULL,NULL,NULL,'','2023-07-13 16:17:46','2023-07-13 16:17:46',NULL),(469,7562,1,34,NULL,NULL,1542,10,NULL,NULL,887,1,NULL,40720,40735,00013502,NULL,NULL,'2023-06-30','2023-06-30',0006,1,NULL,1768464.00,1768464.00,1,1.00,3,NULL,NULL,NULL,NULL,'','2023-07-13 16:17:46','2023-07-13 16:17:46',NULL),(470,7562,1,4,NULL,NULL,1542,10,NULL,NULL,887,1,NULL,40720,40780,00000440,NULL,NULL,'2023-06-06','2023-06-06',0002,1,NULL,4800.00,4800.00,1,1.00,3,NULL,NULL,NULL,NULL,'','2023-07-13 16:17:46','2023-07-13 16:17:46',NULL),(471,7562,2,1,NULL,NULL,1542,10,217,NULL,887,1,NULL,40720,40736,00163057,NULL,NULL,'2023-06-01','2023-06-01',0005,1,NULL,147054.11,147054.11,1,1.00,3,NULL,NULL,NULL,NULL,'','2023-07-13 16:18:00','2023-07-13 16:18:00',NULL),(472,7562,2,1,NULL,NULL,1542,10,250,NULL,887,1,NULL,40720,40735,00051296,NULL,NULL,'2023-06-05','2023-06-05',0005,1,NULL,10727.52,10727.52,1,1.00,3,NULL,NULL,NULL,NULL,'','2023-07-13 16:18:00','2023-07-13 16:18:00',NULL),(473,7562,2,1,NULL,NULL,1542,10,250,NULL,887,1,NULL,40720,40731,00012341,NULL,NULL,'2023-06-06','2023-06-06',0003,1,NULL,55802.86,55802.86,1,1.00,3,NULL,NULL,NULL,NULL,'','2023-07-13 16:18:00','2023-07-13 16:18:00',NULL),(474,7562,2,7,NULL,NULL,1542,10,217,NULL,887,1,NULL,40720,40719,00000128,NULL,NULL,'2023-06-30','2023-06-30',0001,1,NULL,30000.00,30000.00,1,1.00,3,NULL,NULL,NULL,NULL,'','2023-07-13 16:18:00','2023-07-13 16:18:00',NULL);
INSERT INTO `receipts` VALUES (475,7562,2,1,NULL,NULL,1542,10,250,NULL,887,1,NULL,40720,40735,00051306,NULL,NULL,'2023-06-06','2023-06-06',0005,1,NULL,9394.44,9394.44,1,1.00,3,NULL,NULL,NULL,NULL,'','2023-07-13 16:18:00','2023-07-13 16:18:00',NULL),(476,7562,2,1,NULL,NULL,1542,10,250,NULL,887,1,NULL,40720,40735,00051376,NULL,NULL,'2023-06-08','2023-06-08',0005,1,NULL,7453.14,7453.14,1,1.00,3,NULL,NULL,NULL,NULL,'','2023-07-13 16:18:01','2023-07-13 16:18:01',NULL),(477,7562,2,1,NULL,NULL,1542,10,250,NULL,887,1,NULL,40720,40737,00984849,NULL,NULL,'2023-06-09','2023-06-09',0948,1,NULL,12063.89,12063.89,1,1.00,3,NULL,NULL,NULL,NULL,'','2023-07-13 16:18:01','2023-07-13 16:18:01',NULL),(478,7562,2,1,NULL,NULL,1542,10,250,NULL,887,1,NULL,40720,40735,00051448,NULL,NULL,'2023-06-13','2023-06-13',0005,1,NULL,24917.06,24917.06,1,1.00,3,NULL,NULL,NULL,NULL,'','2023-07-13 16:18:01','2023-07-13 16:18:01',NULL),(479,7562,2,1,NULL,NULL,1542,10,250,NULL,887,1,NULL,40720,40735,00051603,NULL,NULL,'2023-06-22','2023-06-22',0005,1,NULL,16082.52,16082.52,1,1.00,3,NULL,NULL,NULL,NULL,'','2023-07-13 16:18:01','2023-07-13 16:18:01',NULL),(480,7562,2,1,NULL,NULL,1542,10,250,NULL,887,1,NULL,40720,40735,00051683,NULL,NULL,'2023-06-26','2023-06-26',0005,1,NULL,27798.07,27798.07,1,1.00,3,NULL,NULL,NULL,NULL,'','2023-07-13 16:18:01','2023-07-13 16:18:01',NULL),(481,7562,2,1,NULL,NULL,1542,10,250,NULL,887,1,NULL,40720,40735,00051702,NULL,NULL,'2023-06-27','2023-06-27',0005,1,NULL,23163.39,23163.39,1,1.00,3,NULL,NULL,NULL,NULL,'','2023-07-13 16:18:01','2023-07-13 16:18:01',NULL),(482,7562,2,3,NULL,NULL,1542,10,250,NULL,887,1,NULL,40720,40737,00386841,NULL,NULL,'2023-06-28','2023-06-28',1428,1,NULL,2499.99,2499.99,1,1.00,3,NULL,NULL,NULL,NULL,'','2023-07-13 16:18:01','2023-07-13 16:18:01',NULL),(483,7562,2,1,NULL,NULL,1542,10,250,NULL,887,1,NULL,40720,40735,00051757,NULL,NULL,'2023-06-29','2023-06-29',0005,1,NULL,34370.62,34370.62,1,1.00,3,NULL,NULL,NULL,NULL,'','2023-07-13 16:18:01','2023-07-13 16:18:01',NULL),(484,7562,2,1,NULL,NULL,1542,10,250,NULL,887,1,NULL,40720,40739,00040753,NULL,NULL,'2023-06-30','2023-06-30',0002,1,NULL,11349.53,11349.53,1,1.00,3,NULL,NULL,NULL,NULL,'','2023-07-13 16:18:01','2023-07-13 16:18:01',NULL),(485,7562,1,4,NULL,NULL,4626,10,NULL,NULL,616,1,NULL,40740,40741,00005632,NULL,NULL,'2023-06-01','2023-06-01',0002,1,NULL,13440.00,13440.00,1,1.00,3,NULL,NULL,NULL,NULL,'','2023-07-14 10:23:59','2023-07-14 10:23:59',NULL),(486,7562,1,4,NULL,NULL,4626,10,NULL,NULL,616,1,NULL,40740,40741,00005633,NULL,NULL,'2023-06-01','2023-06-01',0002,1,NULL,12000.00,12000.00,1,1.00,3,NULL,NULL,NULL,NULL,'','2023-07-14 10:24:00','2023-07-14 10:24:00',NULL),(487,7562,1,4,NULL,NULL,4626,10,NULL,NULL,616,1,NULL,40740,40741,00005634,NULL,NULL,'2023-06-01','2023-06-01',0002,1,NULL,21600.00,21600.00,1,1.00,3,NULL,NULL,NULL,NULL,'','2023-07-14 10:24:00','2023-07-14 10:24:00',NULL),(488,7562,1,4,NULL,NULL,4626,10,NULL,NULL,616,1,NULL,40740,40741,00005635,NULL,NULL,'2023-06-02','2023-06-02',0002,1,NULL,11880.00,11880.00,1,1.00,3,NULL,NULL,NULL,NULL,'','2023-07-14 10:24:00','2023-07-14 10:24:00',NULL),(489,7562,1,4,NULL,NULL,4626,10,NULL,NULL,616,1,NULL,40740,40741,00005636,NULL,NULL,'2023-06-02','2023-06-02',0002,1,NULL,5900.00,5900.00,1,1.00,3,NULL,NULL,NULL,NULL,'','2023-07-14 10:24:00','2023-07-14 10:24:00',NULL),(490,7562,1,4,NULL,NULL,4626,10,NULL,NULL,616,1,NULL,40740,40741,00005637,NULL,NULL,'2023-06-02','2023-06-02',0002,1,NULL,13000.00,13000.00,1,1.00,3,NULL,NULL,NULL,NULL,'','2023-07-14 10:24:00','2023-07-14 10:24:00',NULL),(491,7562,1,4,NULL,NULL,4626,10,NULL,NULL,616,1,NULL,40740,40741,00005638,NULL,NULL,'2023-06-02','2023-06-02',0002,1,NULL,6600.00,6600.00,1,1.00,3,NULL,NULL,NULL,NULL,'','2023-07-14 10:24:00','2023-07-14 10:24:00',NULL),(492,7562,1,4,NULL,NULL,4626,10,NULL,NULL,616,1,NULL,40740,40741,00005639,NULL,NULL,'2023-06-03','2023-06-03',0002,1,NULL,10800.00,10800.00,1,1.00,3,NULL,NULL,NULL,NULL,'','2023-07-14 10:24:00','2023-07-14 10:24:00',NULL);
INSERT INTO `receipts` VALUES (493,7562,1,4,NULL,NULL,4626,10,NULL,NULL,616,1,NULL,40740,40741,00005640,NULL,NULL,'2023-06-03','2023-06-03',0002,1,NULL,4300.00,4300.00,1,1.00,3,NULL,NULL,NULL,NULL,'','2023-07-14 10:24:00','2023-07-14 10:24:00',NULL),(494,7562,1,4,NULL,NULL,4626,10,NULL,NULL,616,1,NULL,40740,40741,00005641,NULL,NULL,'2023-06-03','2023-06-03',0002,1,NULL,24800.00,24800.00,1,1.00,3,NULL,NULL,NULL,NULL,'','2023-07-14 10:24:00','2023-07-14 10:24:00',NULL),(495,7562,1,4,NULL,NULL,4626,10,NULL,NULL,616,1,NULL,40740,40741,00005642,NULL,NULL,'2023-06-03','2023-06-03',0002,1,NULL,5700.00,5700.00,1,1.00,3,NULL,NULL,NULL,NULL,'','2023-07-14 10:24:00','2023-07-14 10:24:00',NULL),(496,7562,1,4,NULL,NULL,4626,10,NULL,NULL,616,1,NULL,40740,40741,00005643,NULL,NULL,'2023-06-03','2023-06-03',0002,1,NULL,1200.00,1200.00,1,1.00,3,NULL,NULL,NULL,NULL,'','2023-07-14 10:24:00','2023-07-14 10:24:00',NULL),(497,7562,1,4,NULL,NULL,4626,10,NULL,NULL,616,1,NULL,40740,40741,00005644,NULL,NULL,'2023-06-03','2023-06-03',0002,1,NULL,10000.00,10000.00,1,1.00,3,NULL,NULL,NULL,NULL,'','2023-07-14 10:24:01','2023-07-14 10:24:01',NULL),(498,7562,1,4,NULL,NULL,4626,10,NULL,NULL,616,1,NULL,40740,40741,00005645,NULL,NULL,'2023-06-03','2023-06-03',0002,1,NULL,12000.00,12000.00,1,1.00,3,NULL,NULL,NULL,NULL,'','2023-07-14 10:24:01','2023-07-14 10:24:01',NULL),(499,7562,1,4,NULL,NULL,4626,10,NULL,NULL,616,1,NULL,40740,40741,00005646,NULL,NULL,'2023-06-03','2023-06-03',0002,1,NULL,8900.00,8900.00,1,1.00,3,NULL,NULL,NULL,NULL,'','2023-07-14 10:24:01','2023-07-14 10:24:01',NULL),(500,7562,1,4,NULL,NULL,4626,10,NULL,NULL,616,1,NULL,40740,40741,00005647,NULL,NULL,'2023-06-06','2023-06-06',0002,1,NULL,14000.00,14000.00,1,1.00,3,NULL,NULL,NULL,NULL,'','2023-07-14 10:24:01','2023-07-14 10:24:01',NULL),(501,7562,1,4,NULL,NULL,4626,10,NULL,NULL,616,1,NULL,40740,40741,00005648,NULL,NULL,'2023-06-06','2023-06-06',0002,1,NULL,10800.00,10800.00,1,1.00,3,NULL,NULL,NULL,NULL,'','2023-07-14 10:24:01','2023-07-14 10:24:01',NULL),(502,7562,1,4,NULL,NULL,4626,10,NULL,NULL,616,1,NULL,40740,40741,00005649,NULL,NULL,'2023-06-06','2023-06-06',0002,1,NULL,19200.00,19200.00,1,1.00,3,NULL,NULL,NULL,NULL,'','2023-07-14 10:24:01','2023-07-14 10:24:01',NULL),(503,7562,1,4,NULL,NULL,4626,10,NULL,NULL,616,1,NULL,40740,40741,00005650,NULL,NULL,'2023-06-07','2023-06-07',0002,1,NULL,19080.00,19080.00,1,1.00,3,NULL,NULL,NULL,NULL,'','2023-07-14 10:24:01','2023-07-14 10:24:01',NULL),(504,7562,1,4,NULL,NULL,4626,10,NULL,NULL,616,1,NULL,40740,40741,00005651,NULL,NULL,'2023-06-08','2023-06-08',0002,1,NULL,7400.00,7400.00,1,1.00,3,NULL,NULL,NULL,NULL,'','2023-07-14 10:24:01','2023-07-14 10:24:01',NULL),(505,7562,1,4,NULL,NULL,4626,10,NULL,NULL,616,1,NULL,40740,40741,00005652,NULL,NULL,'2023-06-08','2023-06-08',0002,1,NULL,8900.00,8900.00,1,1.00,3,NULL,NULL,NULL,NULL,'','2023-07-14 10:24:01','2023-07-14 10:24:01',NULL),(506,7562,1,4,NULL,NULL,4626,10,NULL,NULL,616,1,NULL,40740,40741,00005653,NULL,NULL,'2023-06-08','2023-06-08',0002,1,NULL,8900.00,8900.00,1,1.00,3,NULL,NULL,NULL,NULL,'','2023-07-14 10:24:02','2023-07-14 10:24:02',NULL),(507,7562,1,4,NULL,NULL,4626,10,NULL,NULL,616,1,NULL,40740,40741,00005654,NULL,NULL,'2023-06-08','2023-06-08',0002,1,NULL,10000.00,10000.00,1,1.00,3,NULL,NULL,NULL,NULL,'','2023-07-14 10:24:02','2023-07-14 10:24:02',NULL),(508,7562,1,4,NULL,NULL,4626,10,NULL,NULL,616,1,NULL,40740,40741,00005655,NULL,NULL,'2023-06-08','2023-06-08',0002,1,NULL,13800.00,13800.00,1,1.00,3,NULL,NULL,NULL,NULL,'','2023-07-14 10:24:02','2023-07-14 10:24:02',NULL),(509,7562,1,4,NULL,NULL,4626,10,NULL,NULL,616,1,NULL,40740,40741,00005656,NULL,NULL,'2023-06-08','2023-06-08',0002,1,NULL,5900.00,5900.00,1,1.00,3,NULL,NULL,NULL,NULL,'','2023-07-14 10:24:02','2023-07-14 10:24:02',NULL),(510,7562,1,4,NULL,NULL,4626,10,NULL,NULL,616,1,NULL,40740,40741,00005657,NULL,NULL,'2023-06-08','2023-06-08',0002,1,NULL,7400.00,7400.00,1,1.00,3,NULL,NULL,NULL,NULL,'','2023-07-14 10:24:02','2023-07-14 10:24:02',NULL);
INSERT INTO `receipts` VALUES (511,7562,1,4,NULL,NULL,4626,10,NULL,NULL,616,1,NULL,40740,40741,00005658,NULL,NULL,'2023-06-08','2023-06-08',0002,1,NULL,10000.00,10000.00,1,1.00,3,NULL,NULL,NULL,NULL,'','2023-07-14 10:24:02','2023-07-14 10:24:02',NULL),(512,7562,1,4,NULL,NULL,4626,10,NULL,NULL,616,1,NULL,40740,40741,00005659,NULL,NULL,'2023-06-08','2023-06-08',0002,1,NULL,10000.00,10000.00,1,1.00,3,NULL,NULL,NULL,NULL,'','2023-07-14 10:24:02','2023-07-14 10:24:02',NULL),(513,7562,1,4,NULL,NULL,4626,10,NULL,NULL,616,1,NULL,40740,40741,00005660,NULL,NULL,'2023-06-08','2023-06-08',0002,1,NULL,10000.00,10000.00,1,1.00,3,NULL,NULL,NULL,NULL,'','2023-07-14 10:24:02','2023-07-14 10:24:02',NULL),(514,7562,1,4,NULL,NULL,4626,10,NULL,NULL,616,1,NULL,40740,40741,00005661,NULL,NULL,'2023-06-08','2023-06-08',0002,1,NULL,5500.00,5500.00,1,1.00,3,NULL,NULL,NULL,NULL,'','2023-07-14 10:24:02','2023-07-14 10:24:02',NULL),(515,7562,1,4,NULL,NULL,4626,10,NULL,NULL,616,1,NULL,40740,40741,00005662,NULL,NULL,'2023-06-08','2023-06-08',0002,1,NULL,5000.00,5000.00,1,1.00,3,NULL,NULL,NULL,NULL,'','2023-07-14 10:24:02','2023-07-14 10:24:02',NULL),(516,7562,1,4,NULL,NULL,4626,10,NULL,NULL,616,1,NULL,40740,40741,00005663,NULL,NULL,'2023-06-09','2023-06-09',0002,1,NULL,6900.00,6900.00,1,1.00,3,NULL,NULL,NULL,NULL,'','2023-07-14 10:24:02','2023-07-14 10:24:02',NULL),(517,7562,1,4,NULL,NULL,4626,10,NULL,NULL,616,1,NULL,40740,40741,00005664,NULL,NULL,'2023-06-09','2023-06-09',0002,1,NULL,9000.00,9000.00,1,1.00,3,NULL,NULL,NULL,NULL,'','2023-07-14 10:24:02','2023-07-14 10:24:02',NULL),(518,7562,1,4,NULL,NULL,4626,10,NULL,NULL,616,1,NULL,40740,40741,00005665,NULL,NULL,'2023-06-09','2023-06-09',0002,1,NULL,9000.00,9000.00,1,1.00,3,NULL,NULL,NULL,NULL,'','2023-07-14 10:24:03','2023-07-14 10:24:03',NULL),(519,7562,1,4,NULL,NULL,4626,10,NULL,NULL,616,1,NULL,40740,40741,00005666,NULL,NULL,'2023-06-09','2023-06-09',0002,1,NULL,22600.00,22600.00,1,1.00,3,NULL,NULL,NULL,NULL,'','2023-07-14 10:24:03','2023-07-14 10:24:03',NULL),(520,7562,1,4,NULL,NULL,4626,10,NULL,NULL,616,1,NULL,40740,40741,00005667,NULL,NULL,'2023-06-09','2023-06-09',0002,1,NULL,11800.00,11800.00,1,1.00,3,NULL,NULL,NULL,NULL,'','2023-07-14 10:24:03','2023-07-14 10:24:03',NULL),(521,7562,1,4,NULL,NULL,4626,10,NULL,NULL,616,1,NULL,40740,40741,00005668,NULL,NULL,'2023-06-10','2023-06-10',0002,1,NULL,8280.00,8280.00,1,1.00,3,NULL,NULL,NULL,NULL,'','2023-07-14 10:24:03','2023-07-14 10:24:03',NULL),(522,7562,1,4,NULL,NULL,4626,10,NULL,NULL,616,1,NULL,40740,40741,00005669,NULL,NULL,'2023-06-10','2023-06-10',0002,1,NULL,8280.00,8280.00,1,1.00,3,NULL,NULL,NULL,NULL,'','2023-07-14 10:24:03','2023-07-14 10:24:03',NULL),(523,7562,1,4,NULL,NULL,4626,10,NULL,NULL,616,1,NULL,40740,40741,00005670,NULL,NULL,'2023-06-10','2023-06-10',0002,1,NULL,6900.00,6900.00,1,1.00,3,NULL,NULL,NULL,NULL,'','2023-07-14 10:24:03','2023-07-14 10:24:03',NULL),(524,7562,1,4,NULL,NULL,4626,10,NULL,NULL,616,1,NULL,40740,40741,00005671,NULL,NULL,'2023-06-10','2023-06-10',0002,1,NULL,5300.00,5300.00,1,1.00,3,NULL,NULL,NULL,NULL,'','2023-07-14 10:24:03','2023-07-14 10:24:03',NULL),(525,7562,1,4,NULL,NULL,4626,10,NULL,NULL,616,1,NULL,40740,40741,00005672,NULL,NULL,'2023-06-10','2023-06-10',0002,1,NULL,5000.00,5000.00,1,1.00,3,NULL,NULL,NULL,NULL,'','2023-07-14 10:24:03','2023-07-14 10:24:03',NULL),(526,7562,1,4,NULL,NULL,4626,10,NULL,NULL,616,1,NULL,40740,40741,00005673,NULL,NULL,'2023-06-10','2023-06-10',0002,1,NULL,9900.00,9900.00,1,1.00,3,NULL,NULL,NULL,NULL,'','2023-07-14 10:24:03','2023-07-14 10:24:03',NULL),(527,7562,1,4,NULL,NULL,4626,10,NULL,NULL,616,1,NULL,40740,40741,00005674,NULL,NULL,'2023-06-10','2023-06-10',0002,1,NULL,22600.00,22600.00,1,1.00,3,NULL,NULL,NULL,NULL,'','2023-07-14 10:24:03','2023-07-14 10:24:03',NULL),(528,7562,1,4,NULL,NULL,4626,10,NULL,NULL,616,1,NULL,40740,40741,00005675,NULL,NULL,'2023-06-10','2023-06-10',0002,1,NULL,11800.00,11800.00,1,1.00,3,NULL,NULL,NULL,NULL,'','2023-07-14 10:24:03','2023-07-14 10:24:03',NULL);
INSERT INTO `receipts` VALUES (529,7562,1,4,NULL,NULL,4626,10,NULL,NULL,616,1,NULL,40740,40741,00005676,NULL,NULL,'2023-06-12','2023-06-12',0002,1,NULL,7900.00,7900.00,1,1.00,3,NULL,NULL,NULL,NULL,'','2023-07-14 10:24:03','2023-07-14 10:24:03',NULL),(530,7562,1,4,NULL,NULL,4626,10,NULL,NULL,616,1,NULL,40740,40741,00005677,NULL,NULL,'2023-06-12','2023-06-12',0002,1,NULL,7900.00,7900.00,1,1.00,3,NULL,NULL,NULL,NULL,'','2023-07-14 10:24:04','2023-07-14 10:24:04',NULL),(531,7562,1,4,NULL,NULL,4626,10,NULL,NULL,616,1,NULL,40740,40741,00005678,NULL,NULL,'2023-06-14','2023-06-14',0002,1,NULL,8900.00,8900.00,1,1.00,3,NULL,NULL,NULL,NULL,'','2023-07-14 10:24:04','2023-07-14 10:24:04',NULL),(532,7562,1,4,NULL,NULL,4626,10,NULL,NULL,616,1,NULL,40740,40741,00005679,NULL,NULL,'2023-06-14','2023-06-14',0002,1,NULL,8900.00,8900.00,1,1.00,3,NULL,NULL,NULL,NULL,'','2023-07-14 10:24:04','2023-07-14 10:24:04',NULL),(533,7562,1,4,NULL,NULL,4626,10,NULL,NULL,616,1,NULL,40740,40741,00005680,NULL,NULL,'2023-06-14','2023-06-14',0002,1,NULL,7900.00,7900.00,1,1.00,3,NULL,NULL,NULL,NULL,'','2023-07-14 10:24:04','2023-07-14 10:24:04',NULL),(534,7562,1,4,NULL,NULL,4626,10,NULL,NULL,616,1,NULL,40740,40741,00005681,NULL,NULL,'2023-06-14','2023-06-14',0002,1,NULL,2000.00,2000.00,1,1.00,3,NULL,NULL,NULL,NULL,'','2023-07-14 10:24:04','2023-07-14 10:24:04',NULL),(535,7562,1,4,NULL,NULL,4626,10,NULL,NULL,616,1,NULL,40740,40741,00005682,NULL,NULL,'2023-06-14','2023-06-14',0002,1,NULL,6500.00,6500.00,1,1.00,3,NULL,NULL,NULL,NULL,'','2023-07-14 10:24:04','2023-07-14 10:24:04',NULL),(536,7562,1,4,NULL,NULL,4626,10,NULL,NULL,616,1,NULL,40740,40741,00005683,NULL,NULL,'2023-06-14','2023-06-14',0002,1,NULL,29880.00,29880.00,1,1.00,3,NULL,NULL,NULL,NULL,'','2023-07-14 10:24:04','2023-07-14 10:24:04',NULL),(537,7562,1,4,NULL,NULL,4626,10,NULL,NULL,616,1,NULL,40740,40741,00005684,NULL,NULL,'2023-06-14','2023-06-14',0002,1,NULL,16080.00,16080.00,1,1.00,3,NULL,NULL,NULL,NULL,'','2023-07-14 10:24:04','2023-07-14 10:24:04',NULL),(538,7562,1,4,NULL,NULL,4626,10,NULL,NULL,616,1,NULL,40740,40741,00005685,NULL,NULL,'2023-06-14','2023-06-14',0002,1,NULL,9600.00,9600.00,1,1.00,3,NULL,NULL,NULL,NULL,'','2023-07-14 10:24:04','2023-07-14 10:24:04',NULL),(539,7562,1,4,NULL,NULL,4626,10,NULL,NULL,616,1,NULL,40740,40741,00005686,NULL,NULL,'2023-06-14','2023-06-14',0002,1,NULL,9000.00,9000.00,1,1.00,3,NULL,NULL,NULL,NULL,'','2023-07-14 10:24:04','2023-07-14 10:24:04',NULL),(540,7562,1,4,NULL,NULL,4626,10,NULL,NULL,616,1,NULL,40740,40741,00005687,NULL,NULL,'2023-06-14','2023-06-14',0002,1,NULL,7000.00,7000.00,1,1.00,3,NULL,NULL,NULL,NULL,'','2023-07-14 10:24:04','2023-07-14 10:24:04',NULL),(541,7562,1,4,NULL,NULL,4626,10,NULL,NULL,616,1,NULL,40740,40741,00005688,NULL,NULL,'2023-06-14','2023-06-14',0002,1,NULL,7900.00,7900.00,1,1.00,3,NULL,NULL,NULL,NULL,'','2023-07-14 10:24:05','2023-07-14 10:24:05',NULL),(542,7562,1,4,NULL,NULL,4626,10,NULL,NULL,616,1,NULL,40740,40741,00005689,NULL,NULL,'2023-06-14','2023-06-14',0002,1,NULL,13800.00,13800.00,1,1.00,3,NULL,NULL,NULL,NULL,'','2023-07-14 10:24:05','2023-07-14 10:24:05',NULL),(543,7562,1,4,NULL,NULL,4626,10,NULL,NULL,616,1,NULL,40740,40741,00005690,NULL,NULL,'2023-06-14','2023-06-14',0002,1,NULL,6000.00,6000.00,1,1.00,3,NULL,NULL,NULL,NULL,'','2023-07-14 10:24:05','2023-07-14 10:24:05',NULL),(544,7562,1,4,NULL,NULL,4626,10,NULL,NULL,616,1,NULL,40740,40741,00005691,NULL,NULL,'2023-06-14','2023-06-14',0002,1,NULL,8280.00,8280.00,1,1.00,3,NULL,NULL,NULL,NULL,'','2023-07-14 10:24:05','2023-07-14 10:24:05',NULL),(545,7562,1,4,NULL,NULL,4626,10,NULL,NULL,616,1,NULL,40740,40741,00005692,NULL,NULL,'2023-06-14','2023-06-14',0002,1,NULL,10800.00,10800.00,1,1.00,3,NULL,NULL,NULL,NULL,'','2023-07-14 10:24:05','2023-07-14 10:24:05',NULL),(546,7562,1,4,NULL,NULL,4626,10,NULL,NULL,616,1,NULL,40740,40741,00005693,NULL,NULL,'2023-06-15','2023-06-15',0002,1,NULL,13600.00,13600.00,1,1.00,3,NULL,NULL,NULL,NULL,'','2023-07-14 10:24:05','2023-07-14 10:24:05',NULL);
INSERT INTO `receipts` VALUES (547,7562,1,4,NULL,NULL,4626,10,NULL,NULL,616,1,NULL,40740,40741,00005694,NULL,NULL,'2023-06-15','2023-06-15',0002,1,NULL,33600.00,33600.00,1,1.00,3,NULL,NULL,NULL,NULL,'','2023-07-14 10:24:05','2023-07-14 10:24:05',NULL),(548,7562,1,4,NULL,NULL,4626,10,NULL,NULL,616,1,NULL,40740,40741,00005695,NULL,NULL,'2023-06-15','2023-06-15',0002,1,NULL,21600.00,21600.00,1,1.00,3,NULL,NULL,NULL,NULL,'','2023-07-14 10:24:05','2023-07-14 10:24:05',NULL),(549,7562,1,4,NULL,NULL,4626,10,NULL,NULL,616,1,NULL,40740,40741,00005696,NULL,NULL,'2023-06-15','2023-06-15',0002,1,NULL,2900.00,2900.00,1,1.00,3,NULL,NULL,NULL,NULL,'','2023-07-14 10:24:05','2023-07-14 10:24:05',NULL),(550,7562,1,4,NULL,NULL,4626,10,NULL,NULL,616,1,NULL,40740,40741,00005697,NULL,NULL,'2023-06-16','2023-06-16',0002,1,NULL,23000.00,23000.00,1,1.00,3,NULL,NULL,NULL,NULL,'','2023-07-14 10:24:06','2023-07-14 10:24:06',NULL),(551,7562,1,4,NULL,NULL,4626,10,NULL,NULL,616,1,NULL,40740,40741,00005698,NULL,NULL,'2023-06-16','2023-06-16',0002,1,NULL,21600.00,21600.00,1,1.00,3,NULL,NULL,NULL,NULL,'','2023-07-14 10:24:06','2023-07-14 10:24:06',NULL),(552,7562,1,4,NULL,NULL,4626,10,NULL,NULL,616,1,NULL,40740,40741,00005699,NULL,NULL,'2023-06-16','2023-06-16',0002,1,NULL,7500.00,7500.00,1,1.00,3,NULL,NULL,NULL,NULL,'','2023-07-14 10:24:06','2023-07-14 10:24:06',NULL),(553,7562,1,4,NULL,NULL,4626,10,NULL,NULL,616,1,NULL,40740,40741,00005700,NULL,NULL,'2023-06-16','2023-06-16',0002,1,NULL,28000.00,28000.00,1,1.00,3,NULL,NULL,NULL,NULL,'','2023-07-14 10:24:06','2023-07-14 10:24:06',NULL),(554,7562,1,4,NULL,NULL,4626,10,NULL,NULL,616,1,NULL,40740,40741,00005701,NULL,NULL,'2023-06-16','2023-06-16',0002,1,NULL,12000.00,12000.00,1,1.00,3,NULL,NULL,NULL,NULL,'','2023-07-14 10:24:06','2023-07-14 10:24:06',NULL),(555,7562,1,4,NULL,NULL,4626,10,NULL,NULL,616,1,NULL,40740,40741,00005702,NULL,NULL,'2023-06-16','2023-06-16',0002,1,NULL,1700.00,1700.00,1,1.00,3,NULL,NULL,NULL,NULL,'','2023-07-14 10:24:06','2023-07-14 10:24:06',NULL),(556,7562,1,4,NULL,NULL,4626,10,NULL,NULL,616,1,NULL,40740,40741,00005703,NULL,NULL,'2023-06-16','2023-06-16',0002,1,NULL,3600.00,3600.00,1,1.00,3,NULL,NULL,NULL,NULL,'','2023-07-14 10:24:06','2023-07-14 10:24:06',NULL),(557,7562,1,4,NULL,NULL,4626,10,NULL,NULL,616,1,NULL,40740,40741,00005704,NULL,NULL,'2023-06-16','2023-06-16',0002,1,NULL,7900.00,7900.00,1,1.00,3,NULL,NULL,NULL,NULL,'','2023-07-14 10:24:06','2023-07-14 10:24:06',NULL),(558,7562,1,4,NULL,NULL,4626,10,NULL,NULL,616,1,NULL,40740,40741,00005705,NULL,NULL,'2023-06-16','2023-06-16',0002,1,NULL,32760.00,32760.00,1,1.00,3,NULL,NULL,NULL,NULL,'','2023-07-14 10:24:06','2023-07-14 10:24:06',NULL),(559,7562,1,4,NULL,NULL,4626,10,NULL,NULL,616,1,NULL,40740,40741,00005706,NULL,NULL,'2023-06-16','2023-06-16',0002,1,NULL,30000.00,30000.00,1,1.00,3,NULL,NULL,NULL,NULL,'','2023-07-14 10:24:06','2023-07-14 10:24:06',NULL),(560,7562,1,4,NULL,NULL,4626,10,NULL,NULL,616,1,NULL,40740,40741,00005707,NULL,NULL,'2023-06-16','2023-06-16',0002,1,NULL,10000.00,10000.00,1,1.00,3,NULL,NULL,NULL,NULL,'','2023-07-14 10:24:06','2023-07-14 10:24:06',NULL),(561,7562,1,4,NULL,NULL,4626,10,NULL,NULL,616,1,NULL,40740,40741,00005708,NULL,NULL,'2023-06-17','2023-06-17',0002,1,NULL,25000.00,25000.00,1,1.00,3,NULL,NULL,NULL,NULL,'','2023-07-14 10:24:06','2023-07-14 10:24:06',NULL),(562,7562,1,4,NULL,NULL,4626,10,NULL,NULL,616,1,NULL,40740,40741,00005709,NULL,NULL,'2023-06-21','2023-06-21',0002,1,NULL,7200.00,7200.00,1,1.00,3,NULL,NULL,NULL,NULL,'','2023-07-14 10:24:06','2023-07-14 10:24:06',NULL),(563,7562,1,4,NULL,NULL,4626,10,NULL,NULL,616,1,NULL,40740,40741,00005710,NULL,NULL,'2023-06-21','2023-06-21',0002,1,NULL,13560.00,13560.00,1,1.00,3,NULL,NULL,NULL,NULL,'','2023-07-14 10:24:07','2023-07-14 10:24:07',NULL),(564,7562,1,4,NULL,NULL,4626,10,NULL,NULL,616,1,NULL,40740,40741,00005711,NULL,NULL,'2023-06-21','2023-06-21',0002,1,NULL,9600.00,9600.00,1,1.00,3,NULL,NULL,NULL,NULL,'','2023-07-14 10:24:07','2023-07-14 10:24:07',NULL);
INSERT INTO `receipts` VALUES (565,7562,1,4,NULL,NULL,4626,10,NULL,NULL,616,1,NULL,40740,40741,00005712,NULL,NULL,'2023-06-21','2023-06-21',0002,1,NULL,2300.00,2300.00,1,1.00,3,NULL,NULL,NULL,NULL,'','2023-07-14 10:24:07','2023-07-14 10:24:07',NULL),(566,7562,1,4,NULL,NULL,4626,10,NULL,NULL,616,1,NULL,40740,40741,00005713,NULL,NULL,'2023-06-21','2023-06-21',0002,1,NULL,2300.00,2300.00,1,1.00,3,NULL,NULL,NULL,NULL,'','2023-07-14 10:24:07','2023-07-14 10:24:07',NULL),(567,7562,1,4,NULL,NULL,4626,10,NULL,NULL,616,1,NULL,40740,40741,00005714,NULL,NULL,'2023-06-21','2023-06-21',0002,1,NULL,11000.00,11000.00,1,1.00,3,NULL,NULL,NULL,NULL,'','2023-07-14 10:24:07','2023-07-14 10:24:07',NULL),(568,7562,1,4,NULL,NULL,4626,10,NULL,NULL,616,1,NULL,40740,40741,00005715,NULL,NULL,'2023-06-21','2023-06-21',0002,1,NULL,4900.00,4900.00,1,1.00,3,NULL,NULL,NULL,NULL,'','2023-07-14 10:24:07','2023-07-14 10:24:07',NULL),(569,7562,1,4,NULL,NULL,4626,10,NULL,NULL,616,1,NULL,40740,40741,00005716,NULL,NULL,'2023-06-21','2023-06-21',0002,1,NULL,10000.00,10000.00,1,1.00,3,NULL,NULL,NULL,NULL,'','2023-07-14 10:24:07','2023-07-14 10:24:07',NULL),(570,7562,1,4,NULL,NULL,4626,10,NULL,NULL,616,1,NULL,40740,40741,00005717,NULL,NULL,'2023-06-21','2023-06-21',0002,1,NULL,4900.00,4900.00,1,1.00,3,NULL,NULL,NULL,NULL,'','2023-07-14 10:24:07','2023-07-14 10:24:07',NULL),(571,7562,1,4,NULL,NULL,4626,10,NULL,NULL,616,1,NULL,40740,40741,00005718,NULL,NULL,'2023-06-21','2023-06-21',0002,1,NULL,5500.00,5500.00,1,1.00,3,NULL,NULL,NULL,NULL,'','2023-07-14 10:24:07','2023-07-14 10:24:07',NULL),(572,7562,1,4,NULL,NULL,4626,10,NULL,NULL,616,1,NULL,40740,40741,00005719,NULL,NULL,'2023-06-21','2023-06-21',0002,1,NULL,7080.00,7080.00,1,1.00,3,NULL,NULL,NULL,NULL,'','2023-07-14 10:24:07','2023-07-14 10:24:07',NULL),(573,7562,1,4,NULL,NULL,4626,10,NULL,NULL,616,1,NULL,40740,40741,00005720,NULL,NULL,'2023-06-21','2023-06-21',0002,1,NULL,6800.00,6800.00,1,1.00,3,NULL,NULL,NULL,NULL,'','2023-07-14 10:24:07','2023-07-14 10:24:07',NULL),(574,7562,1,4,NULL,NULL,4626,10,NULL,NULL,616,1,NULL,40740,40741,00005721,NULL,NULL,'2023-06-21','2023-06-21',0002,1,NULL,6900.00,6900.00,1,1.00,3,NULL,NULL,NULL,NULL,'','2023-07-14 10:24:07','2023-07-14 10:24:07',NULL),(575,7562,1,4,NULL,NULL,4626,10,NULL,NULL,616,1,NULL,40740,40741,00005722,NULL,NULL,'2023-06-21','2023-06-21',0002,1,NULL,30000.00,30000.00,1,1.00,3,NULL,NULL,NULL,NULL,'','2023-07-14 10:24:07','2023-07-14 10:24:07',NULL),(576,7562,1,4,NULL,NULL,4626,10,NULL,NULL,616,1,NULL,40740,40741,00005723,NULL,NULL,'2023-06-21','2023-06-21',0002,1,NULL,3600.00,3600.00,1,1.00,3,NULL,NULL,NULL,NULL,'','2023-07-14 10:24:08','2023-07-14 10:24:08',NULL),(577,7562,1,4,NULL,NULL,4626,10,NULL,NULL,616,1,NULL,40740,40741,00005724,NULL,NULL,'2023-06-21','2023-06-21',0002,1,NULL,12000.00,12000.00,1,1.00,3,NULL,NULL,NULL,NULL,'','2023-07-14 10:24:08','2023-07-14 10:24:08',NULL),(578,7562,1,4,NULL,NULL,4626,10,NULL,NULL,616,1,NULL,40740,40741,00005725,NULL,NULL,'2023-06-21','2023-06-21',0002,1,NULL,4000.00,4000.00,1,1.00,3,NULL,NULL,NULL,NULL,'','2023-07-14 10:24:08','2023-07-14 10:24:08',NULL),(579,7562,1,4,NULL,NULL,4626,10,NULL,NULL,616,1,NULL,40740,40741,00005726,NULL,NULL,'2023-06-22','2023-06-22',0002,1,NULL,38280.00,38280.00,1,1.00,3,NULL,NULL,NULL,NULL,'','2023-07-14 10:24:08','2023-07-14 10:24:08',NULL),(580,7562,1,4,NULL,NULL,4626,10,NULL,NULL,616,1,NULL,40740,40741,00005727,NULL,NULL,'2023-06-22','2023-06-22',0002,1,NULL,11280.00,11280.00,1,1.00,3,NULL,NULL,NULL,NULL,'','2023-07-14 10:24:08','2023-07-14 10:24:08',NULL),(581,7562,1,4,NULL,NULL,4626,10,NULL,NULL,616,1,NULL,40740,40741,00005728,NULL,NULL,'2023-06-22','2023-06-22',0002,1,NULL,12000.00,12000.00,1,1.00,3,NULL,NULL,NULL,NULL,'','2023-07-14 10:24:08','2023-07-14 10:24:08',NULL),(582,7562,1,4,NULL,NULL,4626,10,NULL,NULL,616,1,NULL,40740,40741,00005729,NULL,NULL,'2023-06-22','2023-06-22',0002,1,NULL,6500.00,6500.00,1,1.00,3,NULL,NULL,NULL,NULL,'','2023-07-14 10:24:08','2023-07-14 10:24:08',NULL);
INSERT INTO `receipts` VALUES (583,7562,1,4,NULL,NULL,4626,10,NULL,NULL,616,1,NULL,40740,40741,00005730,NULL,NULL,'2023-06-23','2023-06-23',0002,1,NULL,12200.00,12200.00,1,1.00,3,NULL,NULL,NULL,NULL,'','2023-07-14 10:24:08','2023-07-14 10:24:08',NULL),(584,7562,1,4,NULL,NULL,4626,10,NULL,NULL,616,1,NULL,40740,40741,00005731,NULL,NULL,'2023-06-23','2023-06-23',0002,1,NULL,10000.00,10000.00,1,1.00,3,NULL,NULL,NULL,NULL,'','2023-07-14 10:24:08','2023-07-14 10:24:08',NULL),(585,7562,1,4,NULL,NULL,4626,10,NULL,NULL,616,1,NULL,40740,40741,00005732,NULL,NULL,'2023-06-23','2023-06-23',0002,1,NULL,18800.00,18800.00,1,1.00,3,NULL,NULL,NULL,NULL,'','2023-07-14 10:24:08','2023-07-14 10:24:08',NULL),(586,7562,1,4,NULL,NULL,4626,10,NULL,NULL,616,1,NULL,40740,40741,00005733,NULL,NULL,'2023-06-23','2023-06-23',0002,1,NULL,10500.00,10500.00,1,1.00,3,NULL,NULL,NULL,NULL,'','2023-07-14 10:24:08','2023-07-14 10:24:08',NULL),(587,7562,1,4,NULL,NULL,4626,10,NULL,NULL,616,1,NULL,40740,40741,00005734,NULL,NULL,'2023-06-24','2023-06-24',0002,1,NULL,10000.00,10000.00,1,1.00,3,NULL,NULL,NULL,NULL,'','2023-07-14 10:24:08','2023-07-14 10:24:08',NULL),(588,7562,1,4,NULL,NULL,4626,10,NULL,NULL,616,1,NULL,40740,40741,00005735,NULL,NULL,'2023-06-24','2023-06-24',0002,1,NULL,6900.00,6900.00,1,1.00,3,NULL,NULL,NULL,NULL,'','2023-07-14 10:24:09','2023-07-14 10:24:09',NULL),(589,7562,1,4,NULL,NULL,4626,10,NULL,NULL,616,1,NULL,40740,40741,00005736,NULL,NULL,'2023-06-24','2023-06-24',0002,1,NULL,4200.00,4200.00,1,1.00,3,NULL,NULL,NULL,NULL,'','2023-07-14 10:24:09','2023-07-14 10:24:09',NULL),(590,7562,1,4,NULL,NULL,4626,10,NULL,NULL,616,1,NULL,40740,40741,00005737,NULL,NULL,'2023-06-24','2023-06-24',0002,1,NULL,6400.00,6400.00,1,1.00,3,NULL,NULL,NULL,NULL,'','2023-07-14 10:24:09','2023-07-14 10:24:09',NULL),(591,7562,1,4,NULL,NULL,4626,10,NULL,NULL,616,1,NULL,40740,40741,00005738,NULL,NULL,'2023-06-26','2023-06-26',0002,1,NULL,10000.00,10000.00,1,1.00,3,NULL,NULL,NULL,NULL,'','2023-07-14 10:24:09','2023-07-14 10:24:09',NULL),(592,7562,1,4,NULL,NULL,4626,10,NULL,NULL,616,1,NULL,40740,40741,00005739,NULL,NULL,'2023-06-26','2023-06-26',0002,1,NULL,9000.00,9000.00,1,1.00,3,NULL,NULL,NULL,NULL,'','2023-07-14 10:24:09','2023-07-14 10:24:09',NULL),(593,7562,1,4,NULL,NULL,4626,10,NULL,NULL,616,1,NULL,40740,40741,00005740,NULL,NULL,'2023-06-27','2023-06-27',0002,1,NULL,4680.00,4680.00,1,1.00,3,NULL,NULL,NULL,NULL,'','2023-07-14 10:24:09','2023-07-14 10:24:09',NULL),(594,7562,1,4,NULL,NULL,4626,10,NULL,NULL,616,1,NULL,40740,40741,00005741,NULL,NULL,'2023-06-27','2023-06-27',0002,1,NULL,6500.00,6500.00,1,1.00,3,NULL,NULL,NULL,NULL,'','2023-07-14 10:24:09','2023-07-14 10:24:09',NULL),(595,7562,1,4,NULL,NULL,4626,10,NULL,NULL,616,1,NULL,40740,40741,00005742,NULL,NULL,'2023-06-27','2023-06-27',0002,1,NULL,10100.00,10100.00,1,1.00,3,NULL,NULL,NULL,NULL,'','2023-07-14 10:24:09','2023-07-14 10:24:09',NULL),(596,7562,1,4,NULL,NULL,4626,10,NULL,NULL,616,1,NULL,40740,40741,00005743,NULL,NULL,'2023-06-27','2023-06-27',0002,1,NULL,10000.00,10000.00,1,1.00,3,NULL,NULL,NULL,NULL,'','2023-07-14 10:24:09','2023-07-14 10:24:09',NULL),(597,7562,1,4,NULL,NULL,4626,10,NULL,NULL,616,1,NULL,40740,40741,00005744,NULL,NULL,'2023-06-27','2023-06-27',0002,1,NULL,20000.00,20000.00,1,1.00,3,NULL,NULL,NULL,NULL,'','2023-07-14 10:24:09','2023-07-14 10:24:09',NULL),(598,7562,1,4,NULL,NULL,4626,10,NULL,NULL,616,1,NULL,40740,40741,00005745,NULL,NULL,'2023-06-27','2023-06-27',0002,1,NULL,15000.00,15000.00,1,1.00,3,NULL,NULL,NULL,NULL,'','2023-07-14 10:24:09','2023-07-14 10:24:09',NULL),(599,7562,1,4,NULL,NULL,4626,10,NULL,NULL,616,1,NULL,40740,40741,00005746,NULL,NULL,'2023-06-28','2023-06-28',0002,1,NULL,13500.00,13500.00,1,1.00,3,NULL,NULL,NULL,NULL,'','2023-07-14 10:24:09','2023-07-14 10:24:09',NULL),(600,7562,1,4,NULL,NULL,4626,10,NULL,NULL,616,1,NULL,40740,40741,00005747,NULL,NULL,'2023-06-28','2023-06-28',0002,1,NULL,13500.00,13500.00,1,1.00,3,NULL,NULL,NULL,NULL,'','2023-07-14 10:24:10','2023-07-14 10:24:10',NULL);
INSERT INTO `receipts` VALUES (601,7562,1,4,NULL,NULL,4626,10,NULL,NULL,616,1,NULL,40740,40741,00005748,NULL,NULL,'2023-06-28','2023-06-28',0002,1,NULL,6900.00,6900.00,1,1.00,3,NULL,NULL,NULL,NULL,'','2023-07-14 10:24:10','2023-07-14 10:24:10',NULL),(602,7562,1,4,NULL,NULL,4626,10,NULL,NULL,616,1,NULL,40740,40741,00005749,NULL,NULL,'2023-06-29','2023-06-29',0002,1,NULL,12000.00,12000.00,1,1.00,3,NULL,NULL,NULL,NULL,'','2023-07-14 10:24:10','2023-07-14 10:24:10',NULL),(603,7562,1,4,NULL,NULL,4626,10,NULL,NULL,616,1,NULL,40740,40741,00005750,NULL,NULL,'2023-06-29','2023-06-29',0002,1,NULL,7900.00,7900.00,1,1.00,3,NULL,NULL,NULL,NULL,'','2023-07-14 10:24:10','2023-07-14 10:24:10',NULL),(604,7562,1,4,NULL,NULL,4626,10,NULL,NULL,616,1,NULL,40740,40741,00005751,NULL,NULL,'2023-06-30','2023-06-30',0002,1,NULL,6900.00,6900.00,1,1.00,3,NULL,NULL,NULL,NULL,'','2023-07-14 10:24:10','2023-07-14 10:24:10',NULL),(605,7562,1,4,NULL,NULL,4626,10,NULL,NULL,616,1,NULL,40740,40741,00005752,NULL,NULL,'2023-06-30','2023-06-30',0002,1,NULL,7900.00,7900.00,1,1.00,3,NULL,NULL,NULL,NULL,'','2023-07-14 10:24:10','2023-07-14 10:24:10',NULL),(606,7562,1,4,NULL,NULL,4626,10,NULL,NULL,616,1,NULL,40740,40741,00005753,NULL,NULL,'2023-06-30','2023-06-30',0002,1,NULL,4900.00,4900.00,1,1.00,3,NULL,NULL,NULL,NULL,'','2023-07-14 10:24:10','2023-07-14 10:24:10',NULL),(607,7562,1,4,NULL,NULL,4626,10,NULL,NULL,616,1,NULL,40740,40741,00005754,NULL,NULL,'2023-06-30','2023-06-30',0002,1,NULL,7900.00,7900.00,1,1.00,3,NULL,NULL,NULL,NULL,'','2023-07-14 10:24:10','2023-07-14 10:24:10',NULL),(608,7562,1,4,NULL,NULL,4626,10,NULL,NULL,616,1,NULL,40740,40741,00005755,NULL,NULL,'2023-06-30','2023-06-30',0002,1,NULL,9900.00,9900.00,1,1.00,3,NULL,NULL,NULL,NULL,'','2023-07-14 10:24:10','2023-07-14 10:24:10',NULL),(609,7562,2,1,NULL,NULL,4626,10,217,NULL,616,1,NULL,40740,40748,00020133,NULL,NULL,'2023-06-01','2023-06-01',0005,1,NULL,6219.40,6219.40,1,1.00,3,NULL,NULL,NULL,NULL,'','2023-07-14 10:26:03','2023-07-14 10:26:03',NULL),(610,7562,2,1,NULL,NULL,4626,10,217,NULL,616,1,NULL,40740,40749,00011817,NULL,NULL,'2023-06-01','2023-06-01',0004,1,NULL,38859.85,38859.85,1,1.00,3,NULL,NULL,NULL,NULL,'','2023-07-14 10:26:03','2023-07-14 10:26:03',NULL),(611,7562,2,1,NULL,NULL,4626,10,217,NULL,616,1,NULL,40740,40722,00000749,NULL,NULL,'2023-06-02','2023-06-02',0020,1,NULL,9250.03,9250.03,1,1.00,3,NULL,NULL,NULL,NULL,'','2023-07-14 10:26:03','2023-07-14 10:26:03',NULL),(612,7562,2,1,NULL,NULL,4626,10,217,NULL,616,1,NULL,40740,40781,00004246,NULL,NULL,'2023-06-05','2023-06-05',0002,1,NULL,158631.00,158631.00,1,1.00,3,NULL,NULL,NULL,NULL,'','2023-07-14 10:26:04','2023-07-14 10:26:04',NULL),(613,7562,2,1,NULL,NULL,4626,10,217,NULL,616,1,NULL,40740,40782,00003369,NULL,NULL,'2023-06-13','2023-06-13',0005,1,NULL,44870.60,44870.60,1,1.00,3,NULL,NULL,NULL,NULL,'','2023-07-14 10:26:04','2023-07-14 10:26:04',NULL),(614,7562,2,1,NULL,NULL,4626,10,217,NULL,616,1,NULL,40740,40783,00005576,NULL,NULL,'2023-06-22','2023-06-22',0004,1,NULL,2657.56,2657.56,1,1.00,3,NULL,NULL,NULL,NULL,'','2023-07-14 10:26:04','2023-07-14 10:26:04',NULL),(615,7562,2,1,NULL,NULL,4626,10,217,NULL,616,1,NULL,40740,40783,00005577,NULL,NULL,'2023-06-22','2023-06-22',0004,1,NULL,288.97,288.97,1,1.00,3,NULL,NULL,NULL,NULL,'','2023-07-14 10:26:04','2023-07-14 10:26:04',NULL),(616,7562,2,1,NULL,NULL,4626,10,217,NULL,616,1,NULL,40740,40781,00004310,NULL,NULL,'2023-06-26','2023-06-26',0002,1,NULL,141570.00,141570.00,1,1.00,3,NULL,NULL,NULL,NULL,'','2023-07-14 10:26:04','2023-07-14 10:26:04',NULL),(617,7562,2,1,NULL,NULL,4626,10,217,NULL,616,1,NULL,40740,40750,00041786,NULL,NULL,'2023-06-26','2023-06-26',0006,1,NULL,7300.00,7300.00,1,1.00,3,NULL,NULL,NULL,NULL,'','2023-07-14 10:26:04','2023-07-14 10:26:04',NULL),(618,7562,2,1,NULL,NULL,4626,10,217,NULL,616,1,NULL,40740,40748,00020208,NULL,NULL,'2023-06-30','2023-06-30',0005,1,NULL,3872.00,3872.00,1,1.00,3,NULL,NULL,NULL,NULL,'','2023-07-14 10:26:04','2023-07-14 10:26:04',NULL);
INSERT INTO `receipts` VALUES (619,7562,2,1,NULL,NULL,4626,10,217,NULL,616,1,NULL,40740,40748,00020224,NULL,NULL,'2023-06-30','2023-06-30',0005,1,NULL,4687.54,4687.54,1,1.00,3,NULL,NULL,NULL,NULL,'','2023-07-14 10:26:04','2023-07-14 10:26:04',NULL),(620,7562,2,1,NULL,NULL,4626,10,217,NULL,616,1,NULL,40740,40748,00020162,NULL,NULL,'2023-06-30','2023-06-30',0005,1,NULL,6219.40,6219.40,1,1.00,3,NULL,NULL,NULL,NULL,'','2023-07-14 10:26:04','2023-07-14 10:26:04',NULL),(621,7562,2,1,NULL,NULL,4626,10,217,NULL,616,1,NULL,40740,40748,00020182,NULL,NULL,'2023-06-30','2023-06-30',0005,1,NULL,2831.40,2831.40,1,1.00,3,NULL,NULL,NULL,NULL,'','2023-07-14 10:26:04','2023-07-14 10:26:04',NULL),(622,7562,2,1,NULL,NULL,4626,10,250,NULL,616,1,NULL,40740,40752,14363592,NULL,NULL,'2023-06-30','2023-06-30',0006,1,NULL,0.00,0.00,1,1.00,3,NULL,NULL,NULL,NULL,'','2023-07-14 10:26:04','2023-07-14 10:26:04',NULL),(623,7562,2,3,NULL,NULL,4626,10,217,NULL,616,1,NULL,40740,40737,01309114,NULL,NULL,'2023-06-25','2023-06-25',1144,1,NULL,161.86,161.86,1,1.00,3,NULL,NULL,NULL,NULL,'','2023-07-14 10:26:04','2023-07-14 10:31:48','2023-07-14 10:31:48'),(624,7562,2,3,NULL,NULL,4626,10,217,NULL,616,1,NULL,40740,40737,01309115,NULL,NULL,'2023-06-25','2023-06-25',1144,1,NULL,1.86,1.86,1,1.00,3,NULL,NULL,NULL,NULL,'','2023-07-14 10:26:05','2023-07-14 10:31:41','2023-07-14 10:31:41'),(625,7562,2,3,NULL,NULL,4626,10,217,NULL,616,1,NULL,40740,40737,01309127,NULL,NULL,'2023-06-25','2023-06-25',1144,1,NULL,105.34,105.34,1,1.00,3,NULL,NULL,NULL,NULL,'','2023-07-14 10:26:05','2023-07-14 10:31:35','2023-07-14 10:31:35'),(626,7562,2,4,NULL,NULL,4626,10,217,NULL,616,1,NULL,40740,40784,00002534,NULL,NULL,'2023-06-06','2023-06-06',0003,1,NULL,45099.99,45099.99,1,1.00,3,NULL,NULL,NULL,NULL,'','2023-07-14 10:26:05','2023-07-14 10:28:22','2023-07-14 10:28:22'),(627,7562,2,4,NULL,NULL,4626,10,217,NULL,616,1,NULL,40740,40785,00005564,NULL,NULL,'2023-06-15','2023-06-15',0001,1,NULL,17750.00,17750.00,1,1.00,3,NULL,NULL,NULL,NULL,'','2023-07-14 10:26:05','2023-07-14 10:28:14','2023-07-14 10:28:14'),(628,7562,2,4,NULL,NULL,4626,10,217,NULL,616,1,NULL,40740,40750,00484774,NULL,NULL,'2023-06-26','2023-06-26',0006,1,NULL,5740.01,5740.01,1,1.00,3,NULL,NULL,NULL,NULL,'','2023-07-14 10:26:05','2023-07-14 10:28:04','2023-07-14 10:28:04'),(629,7562,2,4,NULL,NULL,4626,10,217,NULL,616,1,NULL,40740,40750,00484773,NULL,NULL,'2023-06-26','2023-06-26',0006,1,NULL,7300.00,7300.00,1,1.00,3,NULL,NULL,NULL,NULL,'','2023-07-14 10:26:05','2023-07-14 10:27:57','2023-07-14 10:27:57'),(630,7562,2,1,NULL,NULL,3054,10,250,NULL,26,1,NULL,40721,40786,00000953,NULL,NULL,'2023-06-01','2023-06-01',0003,1,NULL,43500.04,43500.04,1,1.00,3,NULL,NULL,NULL,NULL,'','2023-07-14 11:44:25','2023-07-14 11:44:25',NULL),(631,7562,2,38,NULL,NULL,3054,10,250,NULL,26,1,NULL,40721,40730,00039765,NULL,NULL,'2023-06-03','2023-06-03',0225,1,NULL,11461.43,11461.43,1,1.00,3,NULL,NULL,NULL,NULL,'','2023-07-14 11:44:26','2023-07-14 11:44:26',NULL),(632,7562,2,38,NULL,NULL,3054,10,250,NULL,26,1,NULL,40721,40730,00023346,NULL,NULL,'2023-06-05','2023-06-05',0226,1,NULL,3331.62,3331.62,1,1.00,3,NULL,NULL,NULL,NULL,'','2023-07-14 11:44:26','2023-07-14 11:44:26',NULL),(633,7562,2,38,NULL,NULL,3054,10,250,NULL,26,1,NULL,40721,40730,00041092,NULL,NULL,'2023-06-27','2023-06-27',0225,1,NULL,3313.17,3313.17,1,1.00,3,NULL,NULL,NULL,NULL,'','2023-07-14 11:44:26','2023-07-14 11:44:26',NULL),(634,7562,2,1,NULL,NULL,3054,10,250,NULL,26,1,NULL,40721,40787,00010208,NULL,NULL,'2023-06-09','2023-06-09',0005,1,NULL,10500.01,10500.01,1,1.00,3,NULL,NULL,NULL,NULL,'','2023-07-14 11:44:26','2023-07-14 11:44:26',NULL),(635,7562,2,1,NULL,NULL,3054,10,250,NULL,26,1,NULL,40721,40726,00051900,NULL,NULL,'2023-06-10','2023-06-10',0003,1,NULL,2450.00,2450.00,1,1.00,3,NULL,NULL,NULL,NULL,'','2023-07-14 11:44:26','2023-07-14 11:44:26',NULL);
INSERT INTO `receipts` VALUES (636,7562,2,38,NULL,NULL,3054,10,250,NULL,26,1,NULL,40721,40730,00040267,NULL,NULL,'2023-06-10','2023-06-10',0225,1,NULL,13837.47,13837.47,1,1.00,3,NULL,NULL,NULL,NULL,'','2023-07-14 11:44:26','2023-07-14 11:44:26',NULL),(637,7562,2,38,NULL,NULL,3054,10,250,NULL,26,1,NULL,40721,40730,00023754,NULL,NULL,'2023-06-10','2023-06-10',0226,1,NULL,3331.62,3331.62,1,1.00,3,NULL,NULL,NULL,NULL,'','2023-07-14 11:44:26','2023-07-14 11:44:26',NULL),(638,7562,2,1,NULL,NULL,3054,10,250,NULL,26,1,NULL,40721,40723,00003255,NULL,NULL,'2023-06-12','2023-06-12',0012,1,NULL,7855.83,7855.83,1,1.00,3,NULL,NULL,NULL,NULL,'','2023-07-14 11:44:26','2023-07-14 11:44:26',NULL),(639,7562,2,1,NULL,NULL,3054,10,250,NULL,26,1,NULL,40721,40725,00000819,NULL,NULL,'2023-06-15','2023-06-15',0011,1,NULL,7798.45,7798.45,1,1.00,3,NULL,NULL,NULL,NULL,'','2023-07-14 11:44:26','2023-07-14 11:44:26',NULL),(640,7562,2,1,NULL,NULL,3054,10,250,NULL,26,1,NULL,40721,40788,00003271,NULL,NULL,'2023-06-16','2023-06-16',0003,1,NULL,3572.33,3572.33,1,1.00,3,NULL,NULL,NULL,NULL,'','2023-07-14 11:44:26','2023-07-14 11:44:26',NULL),(641,7562,2,38,NULL,NULL,3054,10,250,NULL,26,1,NULL,40721,40730,00040552,NULL,NULL,'2023-06-16','2023-06-16',0225,1,NULL,5726.68,5726.68,1,1.00,3,NULL,NULL,NULL,NULL,'','2023-07-14 11:44:26','2023-07-14 11:44:26',NULL),(642,7562,2,38,NULL,NULL,3054,10,250,NULL,26,1,NULL,40721,40730,00040672,NULL,NULL,'2023-06-18','2023-06-18',0225,1,NULL,15613.08,15613.08,1,1.00,3,NULL,NULL,NULL,NULL,'','2023-07-14 11:44:26','2023-07-14 11:44:26',NULL),(643,7562,2,38,NULL,NULL,3054,10,250,NULL,26,1,NULL,40721,40730,00040686,NULL,NULL,'2023-06-18','2023-06-18',0225,1,NULL,7044.03,7044.03,1,1.00,3,NULL,NULL,NULL,NULL,'','2023-07-14 11:44:26','2023-07-14 11:44:26',NULL),(644,7562,2,38,NULL,NULL,3054,10,250,NULL,26,1,NULL,40721,40730,00024617,NULL,NULL,'2023-06-21','2023-06-21',0226,1,NULL,4430.34,4430.34,1,1.00,3,NULL,NULL,NULL,NULL,'','2023-07-14 11:44:27','2023-07-14 11:44:27',NULL),(645,7562,1,1,NULL,NULL,1543,10,NULL,NULL,887,1,NULL,40720,40731,00000122,NULL,NULL,'2023-07-03','2023-07-03',0002,1,NULL,5116.00,5116.00,1,1.00,3,NULL,NULL,NULL,NULL,'','2023-08-12 09:55:25','2023-08-12 09:55:25',NULL),(646,7562,1,34,NULL,NULL,1543,10,NULL,NULL,887,1,NULL,40720,40735,00013731,NULL,NULL,'2023-07-31','2023-07-31',0006,1,NULL,1715329.39,1715329.39,1,1.00,3,NULL,NULL,NULL,NULL,'','2023-08-12 09:55:25','2023-08-12 09:55:25',NULL),(647,7562,2,1,NULL,NULL,1543,10,217,NULL,887,1,NULL,40720,40736,00164855,NULL,NULL,'2023-07-03','2023-07-03',0005,1,NULL,157865.52,157865.52,1,1.00,3,NULL,NULL,NULL,NULL,'','2023-08-12 09:57:00','2023-08-12 09:57:00',NULL),(648,7562,2,1,NULL,NULL,1543,10,250,NULL,887,1,NULL,40720,40735,00051854,NULL,NULL,'2023-07-04','2023-07-04',0005,1,NULL,16244.73,16244.73,1,1.00,3,NULL,NULL,NULL,NULL,'','2023-08-12 09:57:00','2023-08-12 09:57:00',NULL),(649,7562,2,1,NULL,NULL,1543,10,250,NULL,887,1,NULL,40720,40731,00012539,NULL,NULL,'2023-07-06','2023-07-06',0003,1,NULL,69467.68,69467.68,1,1.00,3,NULL,NULL,NULL,NULL,'','2023-08-12 09:57:00','2023-08-12 09:57:00',NULL),(650,7562,2,1,NULL,NULL,1543,10,250,NULL,887,1,NULL,40720,40735,00052439,NULL,NULL,'2023-07-31','2023-07-31',0005,1,NULL,74402.27,74402.27,1,1.00,3,NULL,NULL,NULL,NULL,'','2023-08-12 09:57:00','2023-08-12 09:57:00',NULL),(651,7562,2,1,NULL,NULL,1543,10,250,NULL,887,1,NULL,40720,40735,00051942,NULL,NULL,'2023-07-06','2023-07-06',0005,1,NULL,19449.44,19449.44,1,1.00,3,NULL,NULL,NULL,NULL,'','2023-08-12 09:57:00','2023-08-12 09:57:00',NULL),(652,7562,2,1,NULL,NULL,1543,10,250,NULL,887,1,NULL,40720,40737,01006188,NULL,NULL,'2023-07-09','2023-07-09',0948,1,NULL,13206.85,13206.85,1,1.00,3,NULL,NULL,NULL,NULL,'','2023-08-12 09:57:00','2023-08-12 09:57:00',NULL),(653,7562,2,1,NULL,NULL,1543,10,250,NULL,887,1,NULL,40720,40735,00051986,NULL,NULL,'2023-07-10','2023-07-10',0005,1,NULL,8644.40,8644.40,1,1.00,3,NULL,NULL,NULL,NULL,'','2023-08-12 09:57:00','2023-08-12 09:57:00',NULL);
INSERT INTO `receipts` VALUES (654,7562,2,1,NULL,NULL,1543,10,250,NULL,887,1,NULL,40720,40735,00051990,NULL,NULL,'2023-07-10','2023-07-10',0005,1,NULL,21495.66,21495.66,1,1.00,3,NULL,NULL,NULL,NULL,'','2023-08-12 09:57:00','2023-08-12 09:57:00',NULL),(655,7562,2,1,NULL,NULL,1543,10,250,NULL,887,1,NULL,40720,40735,00052016,NULL,NULL,'2023-07-11','2023-07-11',0005,1,NULL,1957.54,1957.54,1,1.00,3,NULL,NULL,NULL,NULL,'','2023-08-12 09:57:00','2023-08-12 09:57:00',NULL),(656,7562,2,1,NULL,NULL,1543,10,250,NULL,887,1,NULL,40720,40735,00052137,NULL,NULL,'2023-07-17','2023-07-17',0005,1,NULL,5565.82,5565.82,1,1.00,3,NULL,NULL,NULL,NULL,'','2023-08-12 09:57:01','2023-08-12 09:57:01',NULL),(657,7562,2,1,NULL,NULL,1543,10,250,NULL,887,1,NULL,40720,40735,00052134,NULL,NULL,'2023-07-17','2023-07-17',0005,1,NULL,25628.70,25628.70,1,1.00,3,NULL,NULL,NULL,NULL,'','2023-08-12 09:57:01','2023-08-12 09:57:01',NULL),(658,7562,2,1,NULL,NULL,1543,10,250,NULL,887,1,NULL,40720,40735,00052311,NULL,NULL,'2023-07-24','2023-07-24',0005,1,NULL,6961.43,6961.43,1,1.00,3,NULL,NULL,NULL,NULL,'','2023-08-12 09:57:01','2023-08-12 09:57:01',NULL),(659,7562,2,7,NULL,NULL,1543,10,217,NULL,887,1,NULL,40720,40719,00000149,NULL,NULL,'2023-07-24','2023-07-24',0001,1,NULL,30000.00,30000.00,1,1.00,3,NULL,NULL,NULL,NULL,'','2023-08-12 09:57:01','2023-08-12 09:57:01',NULL),(660,7562,2,1,NULL,NULL,1543,10,250,NULL,887,1,NULL,40720,40739,00041478,NULL,NULL,'2023-07-31','2023-07-31',0002,1,NULL,8398.24,8398.24,1,1.00,3,NULL,NULL,NULL,NULL,'','2023-08-12 09:57:01','2023-08-12 09:57:01',NULL),(661,7562,2,38,NULL,NULL,3055,10,250,NULL,26,1,NULL,40721,40730,00025668,NULL,NULL,'2023-07-01','2023-07-01',0226,1,NULL,7044.03,7044.03,1,1.00,3,NULL,NULL,NULL,NULL,'','2023-08-12 11:15:50','2023-08-12 11:15:50',NULL),(662,7562,2,1,NULL,NULL,3055,10,217,NULL,26,1,NULL,40721,40788,00003310,NULL,NULL,'2023-07-05','2023-07-05',0003,1,NULL,1428.92,1428.92,1,1.00,3,NULL,NULL,NULL,NULL,'','2023-08-12 11:15:50','2023-08-12 11:15:50',NULL),(663,7562,2,38,NULL,NULL,3055,10,250,NULL,26,1,NULL,40721,40730,00026139,NULL,NULL,'2023-07-06','2023-07-06',0226,1,NULL,4417.43,4417.43,1,1.00,3,NULL,NULL,NULL,NULL,'','2023-08-12 11:15:50','2023-08-12 11:15:50',NULL),(664,7562,2,1,NULL,NULL,3055,10,250,NULL,26,1,NULL,40721,40789,00000020,NULL,NULL,'2023-07-28','2023-07-28',0001,1,NULL,10680.67,10680.67,1,1.00,3,NULL,NULL,NULL,NULL,'','2023-08-12 11:15:50','2023-08-12 11:15:50',NULL),(665,7562,2,1,NULL,NULL,3055,10,250,NULL,26,1,NULL,40721,40725,00000878,NULL,NULL,'2023-07-07','2023-07-07',0011,1,NULL,7850.04,7850.04,1,1.00,3,NULL,NULL,NULL,NULL,'','2023-08-12 11:15:50','2023-08-12 11:15:50',NULL),(666,7562,2,38,NULL,NULL,3055,10,250,NULL,26,1,NULL,40721,40730,00026810,NULL,NULL,'2023-07-12','2023-07-12',0226,1,NULL,7115.67,7115.67,1,1.00,3,NULL,NULL,NULL,NULL,'','2023-08-12 11:15:50','2023-08-12 11:15:50',NULL),(667,7562,2,38,NULL,NULL,3055,10,250,NULL,26,1,NULL,40721,40730,00026852,NULL,NULL,'2023-07-12','2023-07-12',0226,1,NULL,5499.28,5499.28,1,1.00,3,NULL,NULL,NULL,NULL,'','2023-08-12 11:15:50','2023-08-12 11:15:50',NULL),(668,7562,2,1,NULL,NULL,3055,10,250,NULL,26,1,NULL,40721,40726,00052336,NULL,NULL,'2023-07-13','2023-07-13',0003,1,NULL,4500.00,4500.00,1,1.00,3,NULL,NULL,NULL,NULL,'','2023-08-12 11:15:51','2023-08-12 11:15:51',NULL),(669,7562,2,38,NULL,NULL,3055,10,250,NULL,26,1,NULL,40721,40730,00027020,NULL,NULL,'2023-07-13','2023-07-13',0226,1,NULL,11312.03,11312.03,1,1.00,3,NULL,NULL,NULL,NULL,'','2023-08-12 11:15:51','2023-08-12 11:15:51',NULL),(670,7562,2,1,NULL,NULL,3055,10,250,NULL,26,1,NULL,40721,40724,00009144,NULL,NULL,'2023-07-17','2023-07-17',0009,1,NULL,3000.00,3000.00,1,1.00,3,NULL,NULL,NULL,NULL,'','2023-08-12 11:15:51','2023-08-12 11:15:51',NULL),(671,7562,2,38,NULL,NULL,3055,10,250,NULL,26,1,NULL,40721,40730,00027793,NULL,NULL,'2023-07-20','2023-07-20',0226,1,NULL,5132.24,5132.24,1,1.00,3,NULL,NULL,NULL,NULL,'','2023-08-12 11:15:51','2023-08-12 11:15:51',NULL);
INSERT INTO `receipts` VALUES (672,7562,2,1,NULL,NULL,3055,10,250,NULL,26,1,NULL,40721,40724,00009169,NULL,NULL,'2023-07-22','2023-07-22',0009,1,NULL,2000.00,2000.00,1,1.00,3,NULL,NULL,NULL,NULL,'','2023-08-12 11:15:51','2023-08-12 11:15:51',NULL),(673,7562,2,1,NULL,NULL,3055,10,250,NULL,26,1,NULL,40721,40726,00052452,NULL,NULL,'2023-07-22','2023-07-22',0003,1,NULL,144699.99,144699.99,1,1.00,3,NULL,NULL,NULL,NULL,'','2023-08-12 11:15:51','2023-08-12 11:15:51',NULL),(674,7562,2,1,NULL,NULL,3055,10,217,NULL,26,1,NULL,40721,40788,00003343,NULL,NULL,'2023-07-26','2023-07-26',0003,1,NULL,89999.99,89999.99,1,1.00,3,NULL,NULL,NULL,NULL,'','2023-08-12 11:15:51','2023-08-12 11:15:51',NULL),(675,7562,1,4,NULL,NULL,4627,10,NULL,NULL,616,1,NULL,40740,40741,00005756,NULL,NULL,'2023-07-01','2023-07-01',0002,1,NULL,10000.00,10000.00,1,1.00,3,NULL,NULL,NULL,NULL,'','2023-08-12 12:18:32','2023-08-12 12:18:32',NULL),(676,7562,1,4,NULL,NULL,4627,10,NULL,NULL,616,1,NULL,40740,40741,00005757,NULL,NULL,'2023-07-01','2023-07-01',0002,1,NULL,6900.00,6900.00,1,1.00,3,NULL,NULL,NULL,NULL,'','2023-08-12 12:18:32','2023-08-12 12:18:32',NULL),(677,7562,1,4,NULL,NULL,4627,10,NULL,NULL,616,1,NULL,40740,40741,00005758,NULL,NULL,'2023-07-01','2023-07-01',0002,1,NULL,31200.00,31200.00,1,1.00,3,NULL,NULL,NULL,NULL,'','2023-08-12 12:18:32','2023-08-12 12:18:32',NULL),(678,7562,1,4,NULL,NULL,4627,10,NULL,NULL,616,1,NULL,40740,40741,00005759,NULL,NULL,'2023-07-01','2023-07-01',0002,1,NULL,11000.00,11000.00,1,1.00,3,NULL,NULL,NULL,NULL,'','2023-08-12 12:18:32','2023-08-12 12:18:32',NULL),(679,7562,1,4,NULL,NULL,4627,10,NULL,NULL,616,1,NULL,40740,40741,00005760,NULL,NULL,'2023-07-01','2023-07-01',0002,1,NULL,14000.00,14000.00,1,1.00,3,NULL,NULL,NULL,NULL,'','2023-08-12 12:18:32','2023-08-12 12:18:32',NULL),(680,7562,1,4,NULL,NULL,4627,10,NULL,NULL,616,1,NULL,40740,40741,00005761,NULL,NULL,'2023-07-03','2023-07-03',0002,1,NULL,14000.00,14000.00,1,1.00,3,NULL,NULL,NULL,NULL,'','2023-08-12 12:18:32','2023-08-12 12:18:32',NULL),(681,7562,1,4,NULL,NULL,4627,10,NULL,NULL,616,1,NULL,40740,40741,00005762,NULL,NULL,'2023-07-03','2023-07-03',0002,1,NULL,13000.00,13000.00,1,1.00,3,NULL,NULL,NULL,NULL,'','2023-08-12 12:18:32','2023-08-12 12:18:32',NULL),(682,7562,1,4,NULL,NULL,4627,10,NULL,NULL,616,1,NULL,40740,40741,00005763,NULL,NULL,'2023-07-03','2023-07-03',0002,1,NULL,14880.00,14880.00,1,1.00,3,NULL,NULL,NULL,NULL,'','2023-08-12 12:18:32','2023-08-12 12:18:32',NULL),(683,7562,1,4,NULL,NULL,4627,10,NULL,NULL,616,1,NULL,40740,40741,00005764,NULL,NULL,'2023-07-03','2023-07-03',0002,1,NULL,10000.00,10000.00,1,1.00,3,NULL,NULL,NULL,NULL,'','2023-08-12 12:18:32','2023-08-12 12:18:32',NULL),(684,7562,1,4,NULL,NULL,4627,10,NULL,NULL,616,1,NULL,40740,40741,00005765,NULL,NULL,'2023-07-03','2023-07-03',0002,1,NULL,4200.00,4200.00,1,1.00,3,NULL,NULL,NULL,NULL,'','2023-08-12 12:18:33','2023-08-12 12:18:33',NULL),(685,7562,1,4,NULL,NULL,4627,10,NULL,NULL,616,1,NULL,40740,40741,00005766,NULL,NULL,'2023-07-03','2023-07-03',0002,1,NULL,6900.00,6900.00,1,1.00,3,NULL,NULL,NULL,NULL,'','2023-08-12 12:18:33','2023-08-12 12:18:33',NULL),(686,7562,1,4,NULL,NULL,4627,10,NULL,NULL,616,1,NULL,40740,40741,00005767,NULL,NULL,'2023-07-03','2023-07-03',0002,1,NULL,8000.00,8000.00,1,1.00,3,NULL,NULL,NULL,NULL,'','2023-08-12 12:18:33','2023-08-12 12:18:33',NULL),(687,7562,1,4,NULL,NULL,4627,10,NULL,NULL,616,1,NULL,40740,40741,00005768,NULL,NULL,'2023-07-03','2023-07-03',0002,1,NULL,6900.00,6900.00,1,1.00,3,NULL,NULL,NULL,NULL,'','2023-08-12 12:18:33','2023-08-12 12:18:33',NULL),(688,7562,1,4,NULL,NULL,4627,10,NULL,NULL,616,1,NULL,40740,40741,00005769,NULL,NULL,'2023-07-05','2023-07-05',0002,1,NULL,5200.00,5200.00,1,1.00,3,NULL,NULL,NULL,NULL,'','2023-08-12 12:18:33','2023-08-12 12:18:33',NULL),(689,7562,1,4,NULL,NULL,4627,10,NULL,NULL,616,1,NULL,40740,40741,00005770,NULL,NULL,'2023-07-05','2023-07-05',0002,1,NULL,8000.00,8000.00,1,1.00,3,NULL,NULL,NULL,NULL,'','2023-08-12 12:18:33','2023-08-12 12:18:33',NULL);
INSERT INTO `receipts` VALUES (690,7562,1,4,NULL,NULL,4627,10,NULL,NULL,616,1,NULL,40740,40741,00005771,NULL,NULL,'2023-07-05','2023-07-05',0002,1,NULL,6900.00,6900.00,1,1.00,3,NULL,NULL,NULL,NULL,'','2023-08-12 12:18:33','2023-08-12 12:18:33',NULL),(691,7562,1,4,NULL,NULL,4627,10,NULL,NULL,616,1,NULL,40740,40741,00005772,NULL,NULL,'2023-07-05','2023-07-05',0002,1,NULL,6900.00,6900.00,1,1.00,3,NULL,NULL,NULL,NULL,'','2023-08-12 12:18:33','2023-08-12 12:18:33',NULL),(692,7562,1,4,NULL,NULL,4627,10,NULL,NULL,616,1,NULL,40740,40741,00005773,NULL,NULL,'2023-07-05','2023-07-05',0002,1,NULL,7900.00,7900.00,1,1.00,3,NULL,NULL,NULL,NULL,'','2023-08-12 12:18:33','2023-08-12 12:18:33',NULL),(693,7562,1,4,NULL,NULL,4627,10,NULL,NULL,616,1,NULL,40740,40741,00005774,NULL,NULL,'2023-07-05','2023-07-05',0002,1,NULL,8900.00,8900.00,1,1.00,3,NULL,NULL,NULL,NULL,'','2023-08-12 12:18:33','2023-08-12 12:18:33',NULL),(694,7562,1,4,NULL,NULL,4627,10,NULL,NULL,616,1,NULL,40740,40741,00005775,NULL,NULL,'2023-07-06','2023-07-06',0002,1,NULL,28900.00,28900.00,1,1.00,3,NULL,NULL,NULL,NULL,'','2023-08-12 12:18:33','2023-08-12 12:18:33',NULL),(695,7562,1,4,NULL,NULL,4627,10,NULL,NULL,616,1,NULL,40740,40741,00005776,NULL,NULL,'2023-07-06','2023-07-06',0002,1,NULL,9000.00,9000.00,1,1.00,3,NULL,NULL,NULL,NULL,'','2023-08-12 12:18:33','2023-08-12 12:18:33',NULL),(696,7562,1,4,NULL,NULL,4627,10,NULL,NULL,616,1,NULL,40740,40741,00005777,NULL,NULL,'2023-07-06','2023-07-06',0002,1,NULL,27000.00,27000.00,1,1.00,3,NULL,NULL,NULL,NULL,'','2023-08-12 12:18:33','2023-08-12 12:18:33',NULL),(697,7562,1,4,NULL,NULL,4627,10,NULL,NULL,616,1,NULL,40740,40741,00005778,NULL,NULL,'2023-07-06','2023-07-06',0002,1,NULL,8900.00,8900.00,1,1.00,3,NULL,NULL,NULL,NULL,'','2023-08-12 12:18:33','2023-08-12 12:18:33',NULL),(698,7562,1,4,NULL,NULL,4627,10,NULL,NULL,616,1,NULL,40740,40741,00005779,NULL,NULL,'2023-07-06','2023-07-06',0002,1,NULL,20000.00,20000.00,1,1.00,3,NULL,NULL,NULL,NULL,'','2023-08-12 12:18:34','2023-08-12 12:18:34',NULL),(699,7562,1,4,NULL,NULL,4627,10,NULL,NULL,616,1,NULL,40740,40741,00005780,NULL,NULL,'2023-07-07','2023-07-07',0002,1,NULL,3200.00,3200.00,1,1.00,3,NULL,NULL,NULL,NULL,'','2023-08-12 12:18:34','2023-08-12 12:18:34',NULL),(700,7562,1,4,NULL,NULL,4627,10,NULL,NULL,616,1,NULL,40740,40741,00005781,NULL,NULL,'2023-07-07','2023-07-07',0002,1,NULL,6000.00,6000.00,1,1.00,3,NULL,NULL,NULL,NULL,'','2023-08-12 12:18:34','2023-08-12 12:18:34',NULL),(701,7562,1,4,NULL,NULL,4627,10,NULL,NULL,616,1,NULL,40740,40741,00005782,NULL,NULL,'2023-07-07','2023-07-07',0002,1,NULL,6000.00,6000.00,1,1.00,3,NULL,NULL,NULL,NULL,'','2023-08-12 12:18:34','2023-08-12 12:18:34',NULL),(702,7562,1,4,NULL,NULL,4627,10,NULL,NULL,616,1,NULL,40740,40741,00005783,NULL,NULL,'2023-07-08','2023-07-08',0002,1,NULL,3900.00,3900.00,1,1.00,3,NULL,NULL,NULL,NULL,'','2023-08-12 12:18:34','2023-08-12 12:18:34',NULL),(703,7562,1,4,NULL,NULL,4627,10,NULL,NULL,616,1,NULL,40740,40741,00005784,NULL,NULL,'2023-07-08','2023-07-08',0002,1,NULL,15400.00,15400.00,1,1.00,3,NULL,NULL,NULL,NULL,'','2023-08-12 12:18:34','2023-08-12 12:18:34',NULL),(704,7562,1,4,NULL,NULL,4627,10,NULL,NULL,616,1,NULL,40740,40741,00005785,NULL,NULL,'2023-07-08','2023-07-08',0002,1,NULL,5200.00,5200.00,1,1.00,3,NULL,NULL,NULL,NULL,'','2023-08-12 12:18:34','2023-08-12 12:18:34',NULL),(705,7562,1,4,NULL,NULL,4627,10,NULL,NULL,616,1,NULL,40740,40741,00005786,NULL,NULL,'2023-07-08','2023-07-08',0002,1,NULL,4800.00,4800.00,1,1.00,3,NULL,NULL,NULL,NULL,'','2023-08-12 12:18:34','2023-08-12 12:18:34',NULL),(706,7562,1,4,NULL,NULL,4627,10,NULL,NULL,616,1,NULL,40740,40741,00005787,NULL,NULL,'2023-07-08','2023-07-08',0002,1,NULL,4800.00,4800.00,1,1.00,3,NULL,NULL,NULL,NULL,'','2023-08-12 12:18:34','2023-08-12 12:18:34',NULL),(707,7562,1,4,NULL,NULL,4627,10,NULL,NULL,616,1,NULL,40740,40741,00005788,NULL,NULL,'2023-07-08','2023-07-08',0002,1,NULL,10300.00,10300.00,1,1.00,3,NULL,NULL,NULL,NULL,'','2023-08-12 12:18:34','2023-08-12 12:18:34',NULL);
INSERT INTO `receipts` VALUES (708,7562,1,4,NULL,NULL,4627,10,NULL,NULL,616,1,NULL,40740,40741,00005789,NULL,NULL,'2023-07-08','2023-07-08',0002,1,NULL,14000.00,14000.00,1,1.00,3,NULL,NULL,NULL,NULL,'','2023-08-12 12:18:34','2023-08-12 12:18:34',NULL),(709,7562,1,4,NULL,NULL,4627,10,NULL,NULL,616,1,NULL,40740,40741,00005790,NULL,NULL,'2023-07-08','2023-07-08',0002,1,NULL,5700.00,5700.00,1,1.00,3,NULL,NULL,NULL,NULL,'','2023-08-12 12:18:34','2023-08-12 12:18:34',NULL),(710,7562,1,4,NULL,NULL,4627,10,NULL,NULL,616,1,NULL,40740,40741,00005791,NULL,NULL,'2023-07-08','2023-07-08',0002,1,NULL,12000.00,12000.00,1,1.00,3,NULL,NULL,NULL,NULL,'','2023-08-12 12:18:34','2023-08-12 12:18:34',NULL),(711,7562,1,4,NULL,NULL,4627,10,NULL,NULL,616,1,NULL,40740,40741,00005792,NULL,NULL,'2023-07-10','2023-07-10',0002,1,NULL,5300.00,5300.00,1,1.00,3,NULL,NULL,NULL,NULL,'','2023-08-12 12:18:34','2023-08-12 12:18:34',NULL),(712,7562,1,4,NULL,NULL,4627,10,NULL,NULL,616,1,NULL,40740,40741,00005793,NULL,NULL,'2023-07-10','2023-07-10',0002,1,NULL,700.00,700.00,1,1.00,3,NULL,NULL,NULL,NULL,'','2023-08-12 12:18:35','2023-08-12 12:18:35',NULL),(713,7562,1,4,NULL,NULL,4627,10,NULL,NULL,616,1,NULL,40740,40741,00005794,NULL,NULL,'2023-07-10','2023-07-10',0002,1,NULL,30000.00,30000.00,1,1.00,3,NULL,NULL,NULL,NULL,'','2023-08-12 12:18:35','2023-08-12 12:18:35',NULL),(714,7562,1,4,NULL,NULL,4627,10,NULL,NULL,616,1,NULL,40740,40741,00005795,NULL,NULL,'2023-07-10','2023-07-10',0002,1,NULL,4800.00,4800.00,1,1.00,3,NULL,NULL,NULL,NULL,'','2023-08-12 12:18:35','2023-08-12 12:18:35',NULL),(715,7562,1,4,NULL,NULL,4627,10,NULL,NULL,616,1,NULL,40740,40741,00005796,NULL,NULL,'2023-07-10','2023-07-10',0002,1,NULL,15600.00,15600.00,1,1.00,3,NULL,NULL,NULL,NULL,'','2023-08-12 12:18:35','2023-08-12 12:18:35',NULL),(716,7562,1,4,NULL,NULL,4627,10,NULL,NULL,616,1,NULL,40740,40741,00005797,NULL,NULL,'2023-07-11','2023-07-11',0002,1,NULL,8900.00,8900.00,1,1.00,3,NULL,NULL,NULL,NULL,'','2023-08-12 12:18:35','2023-08-12 12:18:35',NULL),(717,7562,1,4,NULL,NULL,4627,10,NULL,NULL,616,1,NULL,40740,40741,00005798,NULL,NULL,'2023-07-11','2023-07-11',0002,1,NULL,4900.00,4900.00,1,1.00,3,NULL,NULL,NULL,NULL,'','2023-08-12 12:18:35','2023-08-12 12:18:35',NULL),(718,7562,1,4,NULL,NULL,4627,10,NULL,NULL,616,1,NULL,40740,40741,00005799,NULL,NULL,'2023-07-11','2023-07-11',0002,1,NULL,6000.00,6000.00,1,1.00,3,NULL,NULL,NULL,NULL,'','2023-08-12 12:18:35','2023-08-12 12:18:35',NULL),(719,7562,1,4,NULL,NULL,4627,10,NULL,NULL,616,1,NULL,40740,40741,00005800,NULL,NULL,'2023-07-11','2023-07-11',0002,1,NULL,3400.00,3400.00,1,1.00,3,NULL,NULL,NULL,NULL,'','2023-08-12 12:18:35','2023-08-12 12:18:35',NULL),(720,7562,1,4,NULL,NULL,4627,10,NULL,NULL,616,1,NULL,40740,40741,00005801,NULL,NULL,'2023-07-12','2023-07-12',0002,1,NULL,3000.00,3000.00,1,1.00,3,NULL,NULL,NULL,NULL,'','2023-08-12 12:18:35','2023-08-12 12:18:35',NULL),(721,7562,1,4,NULL,NULL,4627,10,NULL,NULL,616,1,NULL,40740,40741,00005802,NULL,NULL,'2023-07-12','2023-07-12',0002,1,NULL,6900.00,6900.00,1,1.00,3,NULL,NULL,NULL,NULL,'','2023-08-12 12:18:35','2023-08-12 12:18:35',NULL),(722,7562,1,4,NULL,NULL,4627,10,NULL,NULL,616,1,NULL,40740,40741,00005803,NULL,NULL,'2023-07-12','2023-07-12',0002,1,NULL,6900.00,6900.00,1,1.00,3,NULL,NULL,NULL,NULL,'','2023-08-12 12:18:35','2023-08-12 12:18:35',NULL),(723,7562,1,4,NULL,NULL,4627,10,NULL,NULL,616,1,NULL,40740,40741,00005804,NULL,NULL,'2023-07-12','2023-07-12',0002,1,NULL,20800.00,20800.00,1,1.00,3,NULL,NULL,NULL,NULL,'','2023-08-12 12:18:35','2023-08-12 12:18:35',NULL),(724,7562,1,4,NULL,NULL,4627,10,NULL,NULL,616,1,NULL,40740,40741,00005805,NULL,NULL,'2023-07-13','2023-07-13',0002,1,NULL,12100.00,12100.00,1,1.00,3,NULL,NULL,NULL,NULL,'','2023-08-12 12:18:35','2023-08-12 12:18:35',NULL),(725,7562,1,4,NULL,NULL,4627,10,NULL,NULL,616,1,NULL,40740,40741,00005806,NULL,NULL,'2023-07-13','2023-07-13',0002,1,NULL,18400.00,18400.00,1,1.00,3,NULL,NULL,NULL,NULL,'','2023-08-12 12:18:35','2023-08-12 12:18:35',NULL);
INSERT INTO `receipts` VALUES (726,7562,1,4,NULL,NULL,4627,10,NULL,NULL,616,1,NULL,40740,40741,00005807,NULL,NULL,'2023-07-14','2023-07-14',0002,1,NULL,15000.00,15000.00,1,1.00,3,NULL,NULL,NULL,NULL,'','2023-08-12 12:18:36','2023-08-12 12:18:36',NULL),(727,7562,1,4,NULL,NULL,4627,10,NULL,NULL,616,1,NULL,40740,40741,00005808,NULL,NULL,'2023-07-14','2023-07-14',0002,1,NULL,21600.00,21600.00,1,1.00,3,NULL,NULL,NULL,NULL,'','2023-08-12 12:18:36','2023-08-12 12:18:36',NULL),(728,7562,1,4,NULL,NULL,4627,10,NULL,NULL,616,1,NULL,40740,40741,00005809,NULL,NULL,'2023-07-14','2023-07-14',0002,1,NULL,4300.00,4300.00,1,1.00,3,NULL,NULL,NULL,NULL,'','2023-08-12 12:18:36','2023-08-12 12:18:36',NULL),(729,7562,1,4,NULL,NULL,4627,10,NULL,NULL,616,1,NULL,40740,40741,00005810,NULL,NULL,'2023-07-14','2023-07-14',0002,1,NULL,6500.00,6500.00,1,1.00,3,NULL,NULL,NULL,NULL,'','2023-08-12 12:18:36','2023-08-12 12:18:36',NULL),(730,7562,1,4,NULL,NULL,4627,10,NULL,NULL,616,1,NULL,40740,40741,00005811,NULL,NULL,'2023-07-14','2023-07-14',0002,1,NULL,17800.00,17800.00,1,1.00,3,NULL,NULL,NULL,NULL,'','2023-08-12 12:18:36','2023-08-12 12:18:36',NULL),(731,7562,1,4,NULL,NULL,4627,10,NULL,NULL,616,1,NULL,40740,40741,00005812,NULL,NULL,'2023-07-15','2023-07-15',0002,1,NULL,9900.00,9900.00,1,1.00,3,NULL,NULL,NULL,NULL,'','2023-08-12 12:18:36','2023-08-12 12:18:36',NULL),(732,7562,1,4,NULL,NULL,4627,10,NULL,NULL,616,1,NULL,40740,40741,00005813,NULL,NULL,'2023-07-15','2023-07-15',0002,1,NULL,3500.00,3500.00,1,1.00,3,NULL,NULL,NULL,NULL,'','2023-08-12 12:18:36','2023-08-12 12:18:36',NULL),(733,7562,1,4,NULL,NULL,4627,10,NULL,NULL,616,1,NULL,40740,40741,00005814,NULL,NULL,'2023-07-15','2023-07-15',0002,1,NULL,10000.00,10000.00,1,1.00,3,NULL,NULL,NULL,NULL,'','2023-08-12 12:18:36','2023-08-12 12:18:36',NULL),(734,7562,1,4,NULL,NULL,4627,10,NULL,NULL,616,1,NULL,40740,40741,00005815,NULL,NULL,'2023-07-15','2023-07-15',0002,1,NULL,22500.00,22500.00,1,1.00,3,NULL,NULL,NULL,NULL,'','2023-08-12 12:18:36','2023-08-12 12:18:36',NULL),(735,7562,1,4,NULL,NULL,4627,10,NULL,NULL,616,1,NULL,40740,40741,00005816,NULL,NULL,'2023-07-15','2023-07-15',0002,1,NULL,3900.00,3900.00,1,1.00,3,NULL,NULL,NULL,NULL,'','2023-08-12 12:18:36','2023-08-12 12:18:36',NULL),(736,7562,1,4,NULL,NULL,4627,10,NULL,NULL,616,1,NULL,40740,40741,00005817,NULL,NULL,'2023-07-17','2023-07-17',0002,1,NULL,5700.00,5700.00,1,1.00,3,NULL,NULL,NULL,NULL,'','2023-08-12 12:18:36','2023-08-12 12:18:36',NULL),(737,7562,1,4,NULL,NULL,4627,10,NULL,NULL,616,1,NULL,40740,40741,00005818,NULL,NULL,'2023-07-17','2023-07-17',0002,1,NULL,8900.00,8900.00,1,1.00,3,NULL,NULL,NULL,NULL,'','2023-08-12 12:18:36','2023-08-12 12:18:36',NULL),(738,7562,1,4,NULL,NULL,4627,10,NULL,NULL,616,1,NULL,40740,40741,00005819,NULL,NULL,'2023-07-17','2023-07-17',0002,1,NULL,4800.00,4800.00,1,1.00,3,NULL,NULL,NULL,NULL,'','2023-08-12 12:18:36','2023-08-12 12:18:36',NULL),(739,7562,1,4,NULL,NULL,4627,10,NULL,NULL,616,1,NULL,40740,40741,00005820,NULL,NULL,'2023-07-17','2023-07-17',0002,1,NULL,1500.00,1500.00,1,1.00,3,NULL,NULL,NULL,NULL,'','2023-08-12 12:18:37','2023-08-12 12:18:37',NULL),(740,7562,1,4,NULL,NULL,4627,10,NULL,NULL,616,1,NULL,40740,40741,00005821,NULL,NULL,'2023-07-17','2023-07-17',0002,1,NULL,11400.00,11400.00,1,1.00,3,NULL,NULL,NULL,NULL,'','2023-08-12 12:18:37','2023-08-12 12:18:37',NULL),(741,7562,1,4,NULL,NULL,4627,10,NULL,NULL,616,1,NULL,40740,40741,00005822,NULL,NULL,'2023-07-17','2023-07-17',0002,1,NULL,12000.00,12000.00,1,1.00,3,NULL,NULL,NULL,NULL,'','2023-08-12 12:18:37','2023-08-12 12:18:37',NULL),(742,7562,1,4,NULL,NULL,4627,10,NULL,NULL,616,1,NULL,40740,40741,00005823,NULL,NULL,'2023-07-18','2023-07-18',0002,1,NULL,21600.00,21600.00,1,1.00,3,NULL,NULL,NULL,NULL,'','2023-08-12 12:18:37','2023-08-12 12:18:37',NULL),(743,7562,1,4,NULL,NULL,4627,10,NULL,NULL,616,1,NULL,40740,40741,00005824,NULL,NULL,'2023-07-18','2023-07-18',0002,1,NULL,5000.00,5000.00,1,1.00,3,NULL,NULL,NULL,NULL,'','2023-08-12 12:18:37','2023-08-12 12:18:37',NULL);
INSERT INTO `receipts` VALUES (744,7562,1,4,NULL,NULL,4627,10,NULL,NULL,616,1,NULL,40740,40741,00005825,NULL,NULL,'2023-07-18','2023-07-18',0002,1,NULL,10000.00,10000.00,1,1.00,3,NULL,NULL,NULL,NULL,'','2023-08-12 12:18:37','2023-08-12 12:18:37',NULL),(745,7562,1,4,NULL,NULL,4627,10,NULL,NULL,616,1,NULL,40740,40741,00005826,NULL,NULL,'2023-07-18','2023-07-18',0002,1,NULL,15000.00,15000.00,1,1.00,3,NULL,NULL,NULL,NULL,'','2023-08-12 12:18:37','2023-08-12 12:18:37',NULL),(746,7562,1,4,NULL,NULL,4627,10,NULL,NULL,616,1,NULL,40740,40741,00005827,NULL,NULL,'2023-07-19','2023-07-19',0002,1,NULL,6900.00,6900.00,1,1.00,3,NULL,NULL,NULL,NULL,'','2023-08-12 12:18:37','2023-08-12 12:18:37',NULL),(747,7562,1,4,NULL,NULL,4627,10,NULL,NULL,616,1,NULL,40740,40741,00005828,NULL,NULL,'2023-07-19','2023-07-19',0002,1,NULL,6900.00,6900.00,1,1.00,3,NULL,NULL,NULL,NULL,'','2023-08-12 12:18:37','2023-08-12 12:18:37',NULL),(748,7562,1,4,NULL,NULL,4627,10,NULL,NULL,616,1,NULL,40740,40741,00005829,NULL,NULL,'2023-07-19','2023-07-19',0002,1,NULL,12000.00,12000.00,1,1.00,3,NULL,NULL,NULL,NULL,'','2023-08-12 12:18:37','2023-08-12 12:18:37',NULL),(749,7562,1,4,NULL,NULL,4627,10,NULL,NULL,616,1,NULL,40740,40741,00005830,NULL,NULL,'2023-07-19','2023-07-19',0002,1,NULL,15400.00,15400.00,1,1.00,3,NULL,NULL,NULL,NULL,'','2023-08-12 12:18:37','2023-08-12 12:18:37',NULL),(750,7562,1,4,NULL,NULL,4627,10,NULL,NULL,616,1,NULL,40740,40741,00005831,NULL,NULL,'2023-07-20','2023-07-20',0002,1,NULL,10000.00,10000.00,1,1.00,3,NULL,NULL,NULL,NULL,'','2023-08-12 12:18:37','2023-08-12 12:18:37',NULL),(751,7562,1,4,NULL,NULL,4627,10,NULL,NULL,616,1,NULL,40740,40741,00005832,NULL,NULL,'2023-07-20','2023-07-20',0002,1,NULL,15000.00,15000.00,1,1.00,3,NULL,NULL,NULL,NULL,'','2023-08-12 12:18:37','2023-08-12 12:18:37',NULL),(752,7562,1,4,NULL,NULL,4627,10,NULL,NULL,616,1,NULL,40740,40741,00005833,NULL,NULL,'2023-07-20','2023-07-20',0002,1,NULL,15000.00,15000.00,1,1.00,3,NULL,NULL,NULL,NULL,'','2023-08-12 12:18:37','2023-08-12 12:18:37',NULL),(753,7562,1,4,NULL,NULL,4627,10,NULL,NULL,616,1,NULL,40740,40741,00005834,NULL,NULL,'2023-07-20','2023-07-20',0002,1,NULL,50000.00,50000.00,1,1.00,3,NULL,NULL,NULL,NULL,'','2023-08-12 12:18:38','2023-08-12 12:18:38',NULL),(754,7562,1,4,NULL,NULL,4627,10,NULL,NULL,616,1,NULL,40740,40741,00005835,NULL,NULL,'2023-07-20','2023-07-20',0002,1,NULL,6000.00,6000.00,1,1.00,3,NULL,NULL,NULL,NULL,'','2023-08-12 12:18:38','2023-08-12 12:18:38',NULL),(755,7562,1,4,NULL,NULL,4627,10,NULL,NULL,616,1,NULL,40740,40741,00005836,NULL,NULL,'2023-07-21','2023-07-21',0002,1,NULL,1600.00,1600.00,1,1.00,3,NULL,NULL,NULL,NULL,'','2023-08-12 12:18:38','2023-08-12 12:18:38',NULL),(756,7562,1,4,NULL,NULL,4627,10,NULL,NULL,616,1,NULL,40740,40741,00005837,NULL,NULL,'2023-07-21','2023-07-21',0002,1,NULL,7800.00,7800.00,1,1.00,3,NULL,NULL,NULL,NULL,'','2023-08-12 12:18:38','2023-08-12 12:18:38',NULL),(757,7562,1,4,NULL,NULL,4627,10,NULL,NULL,616,1,NULL,40740,40741,00005838,NULL,NULL,'2023-07-21','2023-07-21',0002,1,NULL,8000.00,8000.00,1,1.00,3,NULL,NULL,NULL,NULL,'','2023-08-12 12:18:38','2023-08-12 12:18:38',NULL),(758,7562,1,4,NULL,NULL,4627,10,NULL,NULL,616,1,NULL,40740,40741,00005839,NULL,NULL,'2023-07-21','2023-07-21',0002,1,NULL,9000.00,9000.00,1,1.00,3,NULL,NULL,NULL,NULL,'','2023-08-12 12:18:38','2023-08-12 12:18:38',NULL),(759,7562,1,4,NULL,NULL,4627,10,NULL,NULL,616,1,NULL,40740,40741,00005840,NULL,NULL,'2023-07-22','2023-07-22',0002,1,NULL,20000.00,20000.00,1,1.00,3,NULL,NULL,NULL,NULL,'','2023-08-12 12:18:38','2023-08-12 12:18:38',NULL),(760,7562,1,4,NULL,NULL,4627,10,NULL,NULL,616,1,NULL,40740,40741,00005841,NULL,NULL,'2023-07-22','2023-07-22',0002,1,NULL,23000.00,23000.00,1,1.00,3,NULL,NULL,NULL,NULL,'','2023-08-12 12:18:38','2023-08-12 12:18:38',NULL),(761,7562,1,4,NULL,NULL,4627,10,NULL,NULL,616,1,NULL,40740,40741,00005842,NULL,NULL,'2023-07-22','2023-07-22',0002,1,NULL,9600.00,9600.00,1,1.00,3,NULL,NULL,NULL,NULL,'','2023-08-12 12:18:38','2023-08-12 12:18:38',NULL);
INSERT INTO `receipts` VALUES (762,7562,1,4,NULL,NULL,4627,10,NULL,NULL,616,1,NULL,40740,40741,00005843,NULL,NULL,'2023-07-24','2023-07-24',0002,1,NULL,15000.00,15000.00,1,1.00,3,NULL,NULL,NULL,NULL,'','2023-08-12 12:18:38','2023-08-12 12:18:38',NULL),(763,7562,1,4,NULL,NULL,4627,10,NULL,NULL,616,1,NULL,40740,40741,00005844,NULL,NULL,'2023-07-24','2023-07-24',0002,1,NULL,15525.00,15525.00,1,1.00,3,NULL,NULL,NULL,NULL,'','2023-08-12 12:18:38','2023-08-12 12:18:38',NULL),(764,7562,1,4,NULL,NULL,4627,10,NULL,NULL,616,1,NULL,40740,40741,00005845,NULL,NULL,'2023-07-26','2023-07-26',0002,1,NULL,12960.00,12960.00,1,1.00,3,NULL,NULL,NULL,NULL,'','2023-08-12 12:18:39','2023-08-12 12:18:39',NULL),(765,7562,1,4,NULL,NULL,4627,10,NULL,NULL,616,1,NULL,40740,40741,00005846,NULL,NULL,'2023-07-26','2023-07-26',0002,1,NULL,15300.00,15300.00,1,1.00,3,NULL,NULL,NULL,NULL,'','2023-08-12 12:18:39','2023-08-12 12:18:39',NULL),(766,7562,1,4,NULL,NULL,4627,10,NULL,NULL,616,1,NULL,40740,40741,00005847,NULL,NULL,'2023-07-26','2023-07-26',0002,1,NULL,5900.00,5900.00,1,1.00,3,NULL,NULL,NULL,NULL,'','2023-08-12 12:18:39','2023-08-12 12:18:39',NULL),(767,7562,1,4,NULL,NULL,4627,10,NULL,NULL,616,1,NULL,40740,40741,00005848,NULL,NULL,'2023-07-26','2023-07-26',0002,1,NULL,10000.00,10000.00,1,1.00,3,NULL,NULL,NULL,NULL,'','2023-08-12 12:18:39','2023-08-12 12:18:39',NULL),(768,7562,1,4,NULL,NULL,4627,10,NULL,NULL,616,1,NULL,40740,40741,00005849,NULL,NULL,'2023-07-27','2023-07-27',0002,1,NULL,5900.00,5900.00,1,1.00,3,NULL,NULL,NULL,NULL,'','2023-08-12 12:18:39','2023-08-12 12:18:39',NULL),(769,7562,1,4,NULL,NULL,4627,10,NULL,NULL,616,1,NULL,40740,40741,00005850,NULL,NULL,'2023-07-27','2023-07-27',0002,1,NULL,8280.00,8280.00,1,1.00,3,NULL,NULL,NULL,NULL,'','2023-08-12 12:18:39','2023-08-12 12:18:39',NULL),(770,7562,1,4,NULL,NULL,4627,10,NULL,NULL,616,1,NULL,40740,40741,00005851,NULL,NULL,'2023-07-27','2023-07-27',0002,1,NULL,4320.00,4320.00,1,1.00,3,NULL,NULL,NULL,NULL,'','2023-08-12 12:18:39','2023-08-12 12:18:39',NULL),(771,7562,1,4,NULL,NULL,4627,10,NULL,NULL,616,1,NULL,40740,40741,00005852,NULL,NULL,'2023-07-27','2023-07-27',0002,1,NULL,10000.00,10000.00,1,1.00,3,NULL,NULL,NULL,NULL,'','2023-08-12 12:18:39','2023-08-12 12:18:39',NULL),(772,7562,1,4,NULL,NULL,4627,10,NULL,NULL,616,1,NULL,40740,40741,00005853,NULL,NULL,'2023-07-28','2023-07-28',0002,1,NULL,5900.00,5900.00,1,1.00,3,NULL,NULL,NULL,NULL,'','2023-08-12 12:18:39','2023-08-12 12:18:39',NULL),(773,7562,1,4,NULL,NULL,4627,10,NULL,NULL,616,1,NULL,40740,40741,00005854,NULL,NULL,'2023-07-28','2023-07-28',0002,1,NULL,5100.00,5100.00,1,1.00,3,NULL,NULL,NULL,NULL,'','2023-08-12 12:18:39','2023-08-12 12:18:39',NULL),(774,7562,1,4,NULL,NULL,4627,10,NULL,NULL,616,1,NULL,40740,40792,00005855,NULL,NULL,'2023-07-28','2023-07-28',0002,1,NULL,5200.00,5200.00,1,1.00,3,NULL,NULL,NULL,NULL,'','2023-08-12 12:18:39','2023-08-12 12:18:39',NULL),(775,7562,1,4,NULL,NULL,4627,10,NULL,NULL,616,1,NULL,40740,40741,00005856,NULL,NULL,'2023-07-29','2023-07-29',0002,1,NULL,10000.00,10000.00,1,1.00,3,NULL,NULL,NULL,NULL,'','2023-08-12 12:18:39','2023-08-12 12:18:39',NULL),(776,7562,1,4,NULL,NULL,4627,10,NULL,NULL,616,1,NULL,40740,40741,00005857,NULL,NULL,'2023-07-29','2023-07-29',0002,1,NULL,4000.00,4000.00,1,1.00,3,NULL,NULL,NULL,NULL,'','2023-08-12 12:18:39','2023-08-12 12:18:39',NULL),(777,7562,1,4,NULL,NULL,4627,10,NULL,NULL,616,1,NULL,40740,40741,00005858,NULL,NULL,'2023-07-29','2023-07-29',0002,1,NULL,11880.00,11880.00,1,1.00,3,NULL,NULL,NULL,NULL,'','2023-08-12 12:18:40','2023-08-12 12:18:40',NULL),(778,7562,1,4,NULL,NULL,4627,10,NULL,NULL,616,1,NULL,40740,40741,00005859,NULL,NULL,'2023-07-29','2023-07-29',0002,1,NULL,6000.00,6000.00,1,1.00,3,NULL,NULL,NULL,NULL,'','2023-08-12 12:18:40','2023-08-12 12:18:40',NULL),(779,7562,1,4,NULL,NULL,4627,10,NULL,NULL,616,1,NULL,40740,40741,00005860,NULL,NULL,'2023-07-29','2023-07-29',0002,1,NULL,10000.00,10000.00,1,1.00,3,NULL,NULL,NULL,NULL,'','2023-08-12 12:18:40','2023-08-12 12:18:40',NULL);
INSERT INTO `receipts` VALUES (780,7562,1,4,NULL,NULL,4627,10,NULL,NULL,616,1,NULL,40740,40741,00005861,NULL,NULL,'2023-07-29','2023-07-29',0002,1,NULL,15000.00,15000.00,1,1.00,3,NULL,NULL,NULL,NULL,'','2023-08-12 12:18:40','2023-08-12 12:18:40',NULL),(781,7562,1,4,NULL,NULL,4627,10,NULL,NULL,616,1,NULL,40740,40741,00005862,NULL,NULL,'2023-07-29','2023-07-29',0002,1,NULL,10000.00,10000.00,1,1.00,3,NULL,NULL,NULL,NULL,'','2023-08-12 12:18:40','2023-08-12 12:18:40',NULL),(782,7562,1,4,NULL,NULL,4627,10,NULL,NULL,616,1,NULL,40740,40741,00005863,NULL,NULL,'2023-07-29','2023-07-29',0002,1,NULL,5000.00,5000.00,1,1.00,3,NULL,NULL,NULL,NULL,'','2023-08-12 12:18:40','2023-08-12 12:18:40',NULL),(783,7562,1,4,NULL,NULL,4627,10,NULL,NULL,616,1,NULL,40740,40741,00005864,NULL,NULL,'2023-07-31','2023-07-31',0002,1,NULL,12000.00,12000.00,1,1.00,3,NULL,NULL,NULL,NULL,'','2023-08-12 12:18:40','2023-08-12 12:18:40',NULL),(784,7562,1,4,NULL,NULL,4627,10,NULL,NULL,616,1,NULL,40740,40741,00005865,NULL,NULL,'2023-07-31','2023-07-31',0002,1,NULL,10000.00,10000.00,1,1.00,3,NULL,NULL,NULL,NULL,'','2023-08-12 12:18:40','2023-08-12 12:18:40',NULL),(785,7562,1,4,NULL,NULL,4627,10,NULL,NULL,616,1,NULL,40740,40741,00005866,NULL,NULL,'2023-07-31','2023-07-31',0002,1,NULL,15000.00,15000.00,1,1.00,3,NULL,NULL,NULL,NULL,'','2023-08-12 12:18:40','2023-08-12 12:18:40',NULL),(786,7562,2,38,NULL,NULL,4627,10,250,NULL,616,1,NULL,40740,40730,00026310,NULL,NULL,'2023-07-07','2023-07-07',0226,1,NULL,27034.35,27034.35,1,1.00,3,NULL,NULL,NULL,NULL,'','2023-08-12 12:18:56','2023-08-12 12:18:56',NULL),(787,7562,2,1,NULL,NULL,4627,10,250,NULL,616,1,NULL,40740,40793,00003300,NULL,NULL,'2023-07-14','2023-07-14',0002,1,NULL,49101.80,49101.80,1,1.00,3,NULL,NULL,NULL,NULL,'','2023-08-12 12:18:56','2023-08-12 12:18:56',NULL),(788,7562,2,1,NULL,NULL,4627,10,250,NULL,616,1,NULL,40740,40748,00020252,NULL,NULL,'2023-07-31','2023-07-31',0005,1,NULL,15010.05,15010.05,1,1.00,3,NULL,NULL,NULL,NULL,'','2023-08-12 12:18:56','2023-08-12 12:18:56',NULL),(789,7562,2,3,NULL,NULL,4627,10,250,NULL,616,1,NULL,40740,40745,00053308,NULL,NULL,'2023-07-14','2023-07-14',0022,1,NULL,194.00,194.00,1,1.00,3,NULL,NULL,NULL,NULL,'','2023-08-12 12:18:56','2023-08-12 12:18:56',NULL),(790,7562,2,1,NULL,NULL,4627,10,250,NULL,616,1,NULL,40740,40745,01441444,NULL,NULL,'2023-07-16','2023-07-16',0022,1,NULL,194.00,194.00,1,1.00,3,NULL,NULL,NULL,NULL,'','2023-08-12 12:18:56','2023-08-12 12:18:56',NULL),(791,7562,2,1,NULL,NULL,4627,10,250,NULL,616,1,NULL,40740,40745,01440519,NULL,NULL,'2023-07-16','2023-07-16',0022,1,NULL,194.00,194.00,1,1.00,3,NULL,NULL,NULL,NULL,'','2023-08-12 12:18:56','2023-08-12 12:18:56',NULL),(792,7562,2,3,NULL,NULL,4627,10,250,NULL,616,1,NULL,40740,40781,00000118,NULL,NULL,'2023-07-20','2023-07-20',0002,1,NULL,141570.00,141570.00,1,1.00,3,NULL,NULL,NULL,NULL,'','2023-08-12 12:18:56','2023-08-12 12:18:56',NULL),(793,7562,2,1,NULL,NULL,4627,10,250,NULL,616,1,NULL,40740,40750,00043259,NULL,NULL,'2023-07-26','2023-07-26',0006,1,NULL,7920.03,7920.03,1,1.00,3,NULL,NULL,NULL,NULL,'','2023-08-12 12:18:56','2023-08-12 12:18:56',NULL),(794,7562,2,1,NULL,NULL,4627,10,250,NULL,616,1,NULL,40740,40752,14495693,NULL,NULL,'2023-07-31','2023-07-31',0006,1,NULL,7970.19,7970.19,1,1.00,3,NULL,NULL,NULL,NULL,'','2023-08-12 12:18:56','2023-08-12 12:18:56',NULL),(795,7562,2,1,NULL,NULL,4627,10,250,NULL,616,1,NULL,40740,40748,00020279,NULL,NULL,'2023-07-31','2023-07-31',0005,1,NULL,12044.34,12044.34,1,1.00,3,NULL,NULL,NULL,NULL,'','2023-08-12 12:18:56','2023-08-12 12:18:56',NULL),(796,7562,2,1,NULL,NULL,4627,10,250,NULL,616,1,NULL,40740,40748,00020303,NULL,NULL,'2023-07-31','2023-07-31',0005,1,NULL,11144.10,11144.10,1,1.00,3,NULL,NULL,NULL,NULL,'','2023-08-12 12:18:56','2023-08-12 12:18:56',NULL),(797,7562,2,1,NULL,NULL,4627,10,250,NULL,616,1,NULL,40740,40748,00020325,NULL,NULL,'2023-07-31','2023-07-31',0005,1,NULL,16313.22,16313.22,1,1.00,3,NULL,NULL,NULL,NULL,'','2023-08-12 12:18:57','2023-08-12 12:18:57',NULL);
INSERT INTO `receipts` VALUES (798,7562,2,1,NULL,NULL,4627,10,250,NULL,616,1,NULL,40740,40748,00020348,NULL,NULL,'2023-07-31','2023-07-31',0005,1,NULL,10877.90,10877.90,1,1.00,3,NULL,NULL,NULL,NULL,'','2023-08-12 12:18:57','2023-08-12 12:18:57',NULL),(799,7562,2,1,NULL,NULL,4627,10,217,NULL,616,1,NULL,40740,40730,00028382,NULL,NULL,'2023-07-26','2023-07-26',0226,1,NULL,13402.01,13402.01,1,1.00,3,NULL,NULL,NULL,NULL,'','2023-08-12 12:18:57','2023-08-12 12:18:57',NULL),(800,7562,2,1,NULL,NULL,4627,10,217,NULL,616,1,NULL,40740,40795,00069182,00069182,NULL,'2023-03-02','2023-03-02',0004,1,NULL,33690.01,33690.01,1,1.00,3,NULL,NULL,NULL,NULL,'','2023-08-12 12:39:55','2023-08-12 12:39:55',NULL),(801,7562,2,38,NULL,NULL,4627,10,217,NULL,616,1,NULL,40740,40730,00019287,00019287,NULL,'2023-03-02','2023-03-02',0226,1,NULL,10501.42,10501.42,1,1.00,3,NULL,NULL,NULL,NULL,'','2023-08-12 12:41:03','2023-08-12 12:41:03',NULL);

--
