INSERT INTO `periods` VALUES (38697,NULL,'2079-08',2079,8,'2079-08-01','2079-08-31',NULL,NULL,40744,0,NULL,1,0,0,1),(38698,NULL,'2079-09',2079,9,'2079-09-01','2079-09-30',NULL,NULL,40744,0,NULL,1,0,0,1),(38699,NULL,'2079-10',2079,10,'2079-10-01','2079-10-31',NULL,NULL,40744,0,NULL,1,0,0,1),(38700,NULL,'2079-11',2079,11,'2079-11-01','2079-11-30',NULL,NULL,40744,0,NULL,1,0,0,1),(38701,NULL,'2079-12',2079,12,'2079-12-01','2079-12-31',NULL,NULL,40744,0,NULL,1,0,0,1),(38705,NULL,'2080-01',2080,1,'2080-01-01','2080-01-31',NULL,NULL,40744,0,NULL,1,0,0,1),(38706,NULL,'2080-02',2080,2,'2080-02-01','2080-02-28',NULL,NULL,40744,0,NULL,1,0,0,1),(38707,NULL,'2080-03',2080,3,'2080-03-01','2080-03-31',NULL,NULL,40744,0,NULL,1,0,0,1),(38708,NULL,'2080-04',2080,4,'2080-04-01','2080-04-30',NULL,NULL,40744,0,NULL,1,0,0,1),(38709,NULL,'2080-05',2080,5,'2080-05-01','2080-05-31',NULL,NULL,40744,0,NULL,1,0,0,1),(38710,NULL,'2080-06',2080,6,'2080-06-01','2080-06-30',NULL,NULL,40744,0,NULL,1,0,0,1),(38711,NULL,'2080-07',2080,7,'2080-07-01','2080-07-31',NULL,NULL,40744,0,NULL,1,0,0,1),(38712,NULL,'2080-08',2080,8,'2080-08-01','2080-08-31',NULL,NULL,40744,0,NULL,1,0,0,1),(38713,NULL,'2080-09',2080,9,'2080-09-01','2080-09-30',NULL,NULL,40744,0,NULL,1,0,0,1),(38714,NULL,'2080-10',2080,10,'2080-10-01','2080-10-31',NULL,NULL,40744,0,NULL,1,0,0,1),(38715,NULL,'2080-11',2080,11,'2080-11-01','2080-11-30',NULL,NULL,40744,0,NULL,1,0,0,1),(38716,NULL,'2080-12',2080,12,'2080-12-01','2080-12-31',NULL,NULL,40744,0,NULL,1,0,0,1),(38720,NULL,'2081-01',2081,1,'2081-01-01','2081-01-31',NULL,NULL,40744,0,NULL,1,0,0,1),(38721,NULL,'2081-02',2081,2,'2081-02-01','2081-02-28',NULL,NULL,40744,0,NULL,1,0,0,1),(38722,NULL,'2081-03',2081,3,'2081-03-01','2081-03-31',NULL,NULL,40744,0,NULL,1,0,0,1),(38723,NULL,'2081-04',2081,4,'2081-04-01','2081-04-30',NULL,NULL,40744,0,NULL,1,0,0,1),(38724,NULL,'2081-05',2081,5,'2081-05-01','2081-05-31',NULL,NULL,40744,0,NULL,1,0,0,1),(38725,NULL,'2081-06',2081,6,'2081-06-01','2081-06-30',NULL,NULL,40744,0,NULL,1,0,0,1),(38726,NULL,'2081-07',2081,7,'2081-07-01','2081-07-31',NULL,NULL,40744,0,NULL,1,0,0,1),(38727,NULL,'2081-08',2081,8,'2081-08-01','2081-08-31',NULL,NULL,40744,0,NULL,1,0,0,1),(38728,NULL,'2081-09',2081,9,'2081-09-01','2081-09-30',NULL,NULL,40744,0,NULL,1,0,0,1),(38729,NULL,'2081-10',2081,10,'2081-10-01','2081-10-31',NULL,NULL,40744,0,NULL,1,0,0,1),(38730,NULL,'2081-11',2081,11,'2081-11-01','2081-11-30',NULL,NULL,40744,0,NULL,1,0,0,1),(38731,NULL,'2081-12',2081,12,'2081-12-01','2081-12-31',NULL,NULL,40744,0,NULL,1,0,0,1),(38735,NULL,'2082-01',2082,1,'2082-01-01','2082-01-31',NULL,NULL,40744,0,NULL,1,0,0,1),(38736,NULL,'2082-02',2082,2,'2082-02-01','2082-02-28',NULL,NULL,40744,0,NULL,1,0,0,1),(38737,NULL,'2082-03',2082,3,'2082-03-01','2082-03-31',NULL,NULL,40744,0,NULL,1,0,0,1),(38738,NULL,'2082-04',2082,4,'2082-04-01','2082-04-30',NULL,NULL,40744,0,NULL,1,0,0,1),(38739,NULL,'2082-05',2082,5,'2082-05-01','2082-05-31',NULL,NULL,40744,0,NULL,1,0,0,1),(38740,NULL,'2082-06',2082,6,'2082-06-01','2082-06-30',NULL,NULL,40744,0,NULL,1,0,0,1),(38741,NULL,'2082-07',2082,7,'2082-07-01','2082-07-31',NULL,NULL,40744,0,NULL,1,0,0,1),(38742,NULL,'2082-08',2082,8,'2082-08-01','2082-08-31',NULL,NULL,40744,0,NULL,1,0,0,1),(38743,NULL,'2082-09',2082,9,'2082-09-01','2082-09-30',NULL,NULL,40744,0,NULL,1,0,0,1),(38744,NULL,'2082-10',2082,10,'2082-10-01','2082-10-31',NULL,NULL,40744,0,NULL,1,0,0,1),(38745,NULL,'2082-11',2082,11,'2082-11-01','2082-11-30',NULL,NULL,40744,0,NULL,1,0,0,1),(38746,NULL,'2082-12',2082,12,'2082-12-01','2082-12-31',NULL,NULL,40744,0,NULL,1,0,0,1),(38750,NULL,'2083-01',2083,1,'2083-01-01','2083-01-31',NULL,NULL,40744,0,NULL,1,0,0,1),(38751,NULL,'2083-02',2083,2,'2083-02-01','2083-02-28',NULL,NULL,40744,0,NULL,1,0,0,1),(38752,NULL,'2083-03',2083,3,'2083-03-01','2083-03-31',NULL,NULL,40744,0,NULL,1,0,0,1),(38753,NULL,'2083-04',2083,4,'2083-04-01','2083-04-30',NULL,NULL,40744,0,NULL,1,0,0,1),(38754,NULL,'2083-05',2083,5,'2083-05-01','2083-05-31',NULL,NULL,40744,0,NULL,1,0,0,1);
INSERT INTO `periods` VALUES (38755,NULL,'2083-06',2083,6,'2083-06-01','2083-06-30',NULL,NULL,40744,0,NULL,1,0,0,1),(38756,NULL,'2083-07',2083,7,'2083-07-01','2083-07-31',NULL,NULL,40744,0,NULL,1,0,0,1),(38757,NULL,'2083-08',2083,8,'2083-08-01','2083-08-31',NULL,NULL,40744,0,NULL,1,0,0,1),(38758,NULL,'2083-09',2083,9,'2083-09-01','2083-09-30',NULL,NULL,40744,0,NULL,1,0,0,1),(38759,NULL,'2083-10',2083,10,'2083-10-01','2083-10-31',NULL,NULL,40744,0,NULL,1,0,0,1),(38760,NULL,'2083-11',2083,11,'2083-11-01','2083-11-30',NULL,NULL,40744,0,NULL,1,0,0,1),(38761,NULL,'2083-12',2083,12,'2083-12-01','2083-12-31',NULL,NULL,40744,0,NULL,1,0,0,1),(38765,NULL,'2084-01',2084,1,'2084-01-01','2084-01-31',NULL,NULL,40744,0,NULL,1,0,0,1),(38766,NULL,'2084-02',2084,2,'2084-02-01','2084-02-28',NULL,NULL,40744,0,NULL,1,0,0,1),(38767,NULL,'2084-03',2084,3,'2084-03-01','2084-03-31',NULL,NULL,40744,0,NULL,1,0,0,1),(38768,NULL,'2084-04',2084,4,'2084-04-01','2084-04-30',NULL,NULL,40744,0,NULL,1,0,0,1),(38769,NULL,'2084-05',2084,5,'2084-05-01','2084-05-31',NULL,NULL,40744,0,NULL,1,0,0,1),(38770,NULL,'2084-06',2084,6,'2084-06-01','2084-06-30',NULL,NULL,40744,0,NULL,1,0,0,1),(38771,NULL,'2084-07',2084,7,'2084-07-01','2084-07-31',NULL,NULL,40744,0,NULL,1,0,0,1),(38772,NULL,'2084-08',2084,8,'2084-08-01','2084-08-31',NULL,NULL,40744,0,NULL,1,0,0,1),(38773,NULL,'2084-09',2084,9,'2084-09-01','2084-09-30',NULL,NULL,40744,0,NULL,1,0,0,1),(38774,NULL,'2084-10',2084,10,'2084-10-01','2084-10-31',NULL,NULL,40744,0,NULL,1,0,0,1),(38775,NULL,'2084-11',2084,11,'2084-11-01','2084-11-30',NULL,NULL,40744,0,NULL,1,0,0,1),(38776,NULL,'2084-12',2084,12,'2084-12-01','2084-12-31',NULL,NULL,40744,0,NULL,1,0,0,1),(38780,NULL,'2085-01',2085,1,'2085-01-01','2085-01-31',NULL,NULL,40744,0,NULL,1,0,0,1),(38781,NULL,'2085-02',2085,2,'2085-02-01','2085-02-28',NULL,NULL,40744,0,NULL,1,0,0,1),(38782,NULL,'2085-03',2085,3,'2085-03-01','2085-03-31',NULL,NULL,40744,0,NULL,1,0,0,1),(38783,NULL,'2085-04',2085,4,'2085-04-01','2085-04-30',NULL,NULL,40744,0,NULL,1,0,0,1),(38784,NULL,'2085-05',2085,5,'2085-05-01','2085-05-31',NULL,NULL,40744,0,NULL,1,0,0,1),(38785,NULL,'2085-06',2085,6,'2085-06-01','2085-06-30',NULL,NULL,40744,0,NULL,1,0,0,1),(38786,NULL,'2085-07',2085,7,'2085-07-01','2085-07-31',NULL,NULL,40744,0,NULL,1,0,0,1),(38787,NULL,'2085-08',2085,8,'2085-08-01','2085-08-31',NULL,NULL,40744,0,NULL,1,0,0,1),(38788,NULL,'2085-09',2085,9,'2085-09-01','2085-09-30',NULL,NULL,40744,0,NULL,1,0,0,1),(38789,NULL,'2085-10',2085,10,'2085-10-01','2085-10-31',NULL,NULL,40744,0,NULL,1,0,0,1),(38790,NULL,'2085-11',2085,11,'2085-11-01','2085-11-30',NULL,NULL,40744,0,NULL,1,0,0,1),(38791,NULL,'2085-12',2085,12,'2085-12-01','2085-12-31',NULL,NULL,40744,0,NULL,1,0,0,1),(38795,NULL,'2086-01',2086,1,'2086-01-01','2086-01-31',NULL,NULL,40744,0,NULL,1,0,0,1),(38796,NULL,'2086-02',2086,2,'2086-02-01','2086-02-28',NULL,NULL,40744,0,NULL,1,0,0,1),(38797,NULL,'2086-03',2086,3,'2086-03-01','2086-03-31',NULL,NULL,40744,0,NULL,1,0,0,1),(38798,NULL,'2086-04',2086,4,'2086-04-01','2086-04-30',NULL,NULL,40744,0,NULL,1,0,0,1),(38799,NULL,'2086-05',2086,5,'2086-05-01','2086-05-31',NULL,NULL,40744,0,NULL,1,0,0,1),(38800,NULL,'2086-06',2086,6,'2086-06-01','2086-06-30',NULL,NULL,40744,0,NULL,1,0,0,1),(38801,NULL,'2086-07',2086,7,'2086-07-01','2086-07-31',NULL,NULL,40744,0,NULL,1,0,0,1),(38802,NULL,'2086-08',2086,8,'2086-08-01','2086-08-31',NULL,NULL,40744,0,NULL,1,0,0,1),(38803,NULL,'2086-09',2086,9,'2086-09-01','2086-09-30',NULL,NULL,40744,0,NULL,1,0,0,1),(38804,NULL,'2086-10',2086,10,'2086-10-01','2086-10-31',NULL,NULL,40744,0,NULL,1,0,0,1),(38805,NULL,'2086-11',2086,11,'2086-11-01','2086-11-30',NULL,NULL,40744,0,NULL,1,0,0,1),(38806,NULL,'2086-12',2086,12,'2086-12-01','2086-12-31',NULL,NULL,40744,0,NULL,1,0,0,1),(38810,NULL,'2087-01',2087,1,'2087-01-01','2087-01-31',NULL,NULL,40744,0,NULL,1,0,0,1),(38811,NULL,'2087-02',2087,2,'2087-02-01','2087-02-28',NULL,NULL,40744,0,NULL,1,0,0,1),(38812,NULL,'2087-03',2087,3,'2087-03-01','2087-03-31',NULL,NULL,40744,0,NULL,1,0,0,1);
INSERT INTO `periods` VALUES (38813,NULL,'2087-04',2087,4,'2087-04-01','2087-04-30',NULL,NULL,40744,0,NULL,1,0,0,1),(38814,NULL,'2087-05',2087,5,'2087-05-01','2087-05-31',NULL,NULL,40744,0,NULL,1,0,0,1),(38815,NULL,'2087-06',2087,6,'2087-06-01','2087-06-30',NULL,NULL,40744,0,NULL,1,0,0,1),(38816,NULL,'2087-07',2087,7,'2087-07-01','2087-07-31',NULL,NULL,40744,0,NULL,1,0,0,1),(38817,NULL,'2087-08',2087,8,'2087-08-01','2087-08-31',NULL,NULL,40744,0,NULL,1,0,0,1),(38818,NULL,'2087-09',2087,9,'2087-09-01','2087-09-30',NULL,NULL,40744,0,NULL,1,0,0,1),(38819,NULL,'2087-10',2087,10,'2087-10-01','2087-10-31',NULL,NULL,40744,0,NULL,1,0,0,1),(38820,NULL,'2087-11',2087,11,'2087-11-01','2087-11-30',NULL,NULL,40744,0,NULL,1,0,0,1),(38821,NULL,'2087-12',2087,12,'2087-12-01','2087-12-31',NULL,NULL,40744,0,NULL,1,0,0,1),(38825,NULL,'2088-01',2088,1,'2088-01-01','2088-01-31',NULL,NULL,40744,0,NULL,1,0,0,1),(38826,NULL,'2088-02',2088,2,'2088-02-01','2088-02-28',NULL,NULL,40744,0,NULL,1,0,0,1),(38827,NULL,'2088-03',2088,3,'2088-03-01','2088-03-31',NULL,NULL,40744,0,NULL,1,0,0,1),(38828,NULL,'2088-04',2088,4,'2088-04-01','2088-04-30',NULL,NULL,40744,0,NULL,1,0,0,1),(38829,NULL,'2088-05',2088,5,'2088-05-01','2088-05-31',NULL,NULL,40744,0,NULL,1,0,0,1),(38830,NULL,'2088-06',2088,6,'2088-06-01','2088-06-30',NULL,NULL,40744,0,NULL,1,0,0,1),(38831,NULL,'2088-07',2088,7,'2088-07-01','2088-07-31',NULL,NULL,40744,0,NULL,1,0,0,1),(38832,NULL,'2088-08',2088,8,'2088-08-01','2088-08-31',NULL,NULL,40744,0,NULL,1,0,0,1),(38833,NULL,'2088-09',2088,9,'2088-09-01','2088-09-30',NULL,NULL,40744,0,NULL,1,0,0,1),(38834,NULL,'2088-10',2088,10,'2088-10-01','2088-10-31',NULL,NULL,40744,0,NULL,1,0,0,1),(38835,NULL,'2088-11',2088,11,'2088-11-01','2088-11-30',NULL,NULL,40744,0,NULL,1,0,0,1),(38836,NULL,'2088-12',2088,12,'2088-12-01','2088-12-31',NULL,NULL,40744,0,NULL,1,0,0,1),(38840,NULL,'2089-01',2089,1,'2089-01-01','2089-01-31',NULL,NULL,40744,0,NULL,1,0,0,1),(38841,NULL,'2089-02',2089,2,'2089-02-01','2089-02-28',NULL,NULL,40744,0,NULL,1,0,0,1),(38842,NULL,'2089-03',2089,3,'2089-03-01','2089-03-31',NULL,NULL,40744,0,NULL,1,0,0,1),(38843,NULL,'2089-04',2089,4,'2089-04-01','2089-04-30',NULL,NULL,40744,0,NULL,1,0,0,1),(38844,NULL,'2089-05',2089,5,'2089-05-01','2089-05-31',NULL,NULL,40744,0,NULL,1,0,0,1),(38845,NULL,'2089-06',2089,6,'2089-06-01','2089-06-30',NULL,NULL,40744,0,NULL,1,0,0,1),(38846,NULL,'2089-07',2089,7,'2089-07-01','2089-07-31',NULL,NULL,40744,0,NULL,1,0,0,1),(38847,NULL,'2089-08',2089,8,'2089-08-01','2089-08-31',NULL,NULL,40744,0,NULL,1,0,0,1),(38848,NULL,'2089-09',2089,9,'2089-09-01','2089-09-30',NULL,NULL,40744,0,NULL,1,0,0,1),(38849,NULL,'2089-10',2089,10,'2089-10-01','2089-10-31',NULL,NULL,40744,0,NULL,1,0,0,1),(38850,NULL,'2089-11',2089,11,'2089-11-01','2089-11-30',NULL,NULL,40744,0,NULL,1,0,0,1),(38851,NULL,'2089-12',2089,12,'2089-12-01','2089-12-31',NULL,NULL,40744,0,NULL,1,0,0,1),(38855,NULL,'2090-01',2090,1,'2090-01-01','2090-01-31',NULL,NULL,40744,0,NULL,1,0,0,1),(38856,NULL,'2090-02',2090,2,'2090-02-01','2090-02-28',NULL,NULL,40744,0,NULL,1,0,0,1),(38857,NULL,'2090-03',2090,3,'2090-03-01','2090-03-31',NULL,NULL,40744,0,NULL,1,0,0,1),(38858,NULL,'2090-04',2090,4,'2090-04-01','2090-04-30',NULL,NULL,40744,0,NULL,1,0,0,1),(38859,NULL,'2090-05',2090,5,'2090-05-01','2090-05-31',NULL,NULL,40744,0,NULL,1,0,0,1),(38860,NULL,'2090-06',2090,6,'2090-06-01','2090-06-30',NULL,NULL,40744,0,NULL,1,0,0,1),(38861,NULL,'2090-07',2090,7,'2090-07-01','2090-07-31',NULL,NULL,40744,0,NULL,1,0,0,1),(38862,NULL,'2090-08',2090,8,'2090-08-01','2090-08-31',NULL,NULL,40744,0,NULL,1,0,0,1),(38863,NULL,'2090-09',2090,9,'2090-09-01','2090-09-30',NULL,NULL,40744,0,NULL,1,0,0,1),(38864,NULL,'2090-10',2090,10,'2090-10-01','2090-10-31',NULL,NULL,40744,0,NULL,1,0,0,1),(38865,NULL,'2090-11',2090,11,'2090-11-01','2090-11-30',NULL,NULL,40744,0,NULL,1,0,0,1),(38866,NULL,'2090-12',2090,12,'2090-12-01','2090-12-31',NULL,NULL,40744,0,NULL,1,0,0,1),(38870,NULL,'2091-01',2091,1,'2091-01-01','2091-01-31',NULL,NULL,40744,0,NULL,1,0,0,1);
INSERT INTO `periods` VALUES (38871,NULL,'2091-02',2091,2,'2091-02-01','2091-02-28',NULL,NULL,40744,0,NULL,1,0,0,1),(38872,NULL,'2091-03',2091,3,'2091-03-01','2091-03-31',NULL,NULL,40744,0,NULL,1,0,0,1),(38873,NULL,'2091-04',2091,4,'2091-04-01','2091-04-30',NULL,NULL,40744,0,NULL,1,0,0,1),(38874,NULL,'2091-05',2091,5,'2091-05-01','2091-05-31',NULL,NULL,40744,0,NULL,1,0,0,1),(38875,NULL,'2091-06',2091,6,'2091-06-01','2091-06-30',NULL,NULL,40744,0,NULL,1,0,0,1),(38876,NULL,'2091-07',2091,7,'2091-07-01','2091-07-31',NULL,NULL,40744,0,NULL,1,0,0,1),(38877,NULL,'2091-08',2091,8,'2091-08-01','2091-08-31',NULL,NULL,40744,0,NULL,1,0,0,1),(38878,NULL,'2091-09',2091,9,'2091-09-01','2091-09-30',NULL,NULL,40744,0,NULL,1,0,0,1),(38879,NULL,'2091-10',2091,10,'2091-10-01','2091-10-31',NULL,NULL,40744,0,NULL,1,0,0,1),(38880,NULL,'2091-11',2091,11,'2091-11-01','2091-11-30',NULL,NULL,40744,0,NULL,1,0,0,1),(38881,NULL,'2091-12',2091,12,'2091-12-01','2091-12-31',NULL,NULL,40744,0,NULL,1,0,0,1),(38885,NULL,'2092-01',2092,1,'2092-01-01','2092-01-31',NULL,NULL,40744,0,NULL,1,0,0,1),(38886,NULL,'2092-02',2092,2,'2092-02-01','2092-02-28',NULL,NULL,40744,0,NULL,1,0,0,1),(38887,NULL,'2092-03',2092,3,'2092-03-01','2092-03-31',NULL,NULL,40744,0,NULL,1,0,0,1),(38888,NULL,'2092-04',2092,4,'2092-04-01','2092-04-30',NULL,NULL,40744,0,NULL,1,0,0,1),(38889,NULL,'2092-05',2092,5,'2092-05-01','2092-05-31',NULL,NULL,40744,0,NULL,1,0,0,1),(38890,NULL,'2092-06',2092,6,'2092-06-01','2092-06-30',NULL,NULL,40744,0,NULL,1,0,0,1),(38891,NULL,'2092-07',2092,7,'2092-07-01','2092-07-31',NULL,NULL,40744,0,NULL,1,0,0,1),(38892,NULL,'2092-08',2092,8,'2092-08-01','2092-08-31',NULL,NULL,40744,0,NULL,1,0,0,1),(38893,NULL,'2092-09',2092,9,'2092-09-01','2092-09-30',NULL,NULL,40744,0,NULL,1,0,0,1),(38894,NULL,'2092-10',2092,10,'2092-10-01','2092-10-31',NULL,NULL,40744,0,NULL,1,0,0,1),(38895,NULL,'2092-11',2092,11,'2092-11-01','2092-11-30',NULL,NULL,40744,0,NULL,1,0,0,1),(38896,NULL,'2092-12',2092,12,'2092-12-01','2092-12-31',NULL,NULL,40744,0,NULL,1,0,0,1),(38900,NULL,'2093-01',2093,1,'2093-01-01','2093-01-31',NULL,NULL,40744,0,NULL,1,0,0,1),(38901,NULL,'2093-02',2093,2,'2093-02-01','2093-02-28',NULL,NULL,40744,0,NULL,1,0,0,1),(38902,NULL,'2093-03',2093,3,'2093-03-01','2093-03-31',NULL,NULL,40744,0,NULL,1,0,0,1),(38903,NULL,'2093-04',2093,4,'2093-04-01','2093-04-30',NULL,NULL,40744,0,NULL,1,0,0,1),(38904,NULL,'2093-05',2093,5,'2093-05-01','2093-05-31',NULL,NULL,40744,0,NULL,1,0,0,1),(38905,NULL,'2093-06',2093,6,'2093-06-01','2093-06-30',NULL,NULL,40744,0,NULL,1,0,0,1),(38906,NULL,'2093-07',2093,7,'2093-07-01','2093-07-31',NULL,NULL,40744,0,NULL,1,0,0,1),(38907,NULL,'2093-08',2093,8,'2093-08-01','2093-08-31',NULL,NULL,40744,0,NULL,1,0,0,1),(38908,NULL,'2093-09',2093,9,'2093-09-01','2093-09-30',NULL,NULL,40744,0,NULL,1,0,0,1),(38909,NULL,'2093-10',2093,10,'2093-10-01','2093-10-31',NULL,NULL,40744,0,NULL,1,0,0,1),(38910,NULL,'2093-11',2093,11,'2093-11-01','2093-11-30',NULL,NULL,40744,0,NULL,1,0,0,1),(38911,NULL,'2093-12',2093,12,'2093-12-01','2093-12-31',NULL,NULL,40744,0,NULL,1,0,0,1),(38915,NULL,'2094-01',2094,1,'2094-01-01','2094-01-31',NULL,NULL,40744,0,NULL,1,0,0,1),(38916,NULL,'2094-02',2094,2,'2094-02-01','2094-02-28',NULL,NULL,40744,0,NULL,1,0,0,1),(38917,NULL,'2094-03',2094,3,'2094-03-01','2094-03-31',NULL,NULL,40744,0,NULL,1,0,0,1),(38918,NULL,'2094-04',2094,4,'2094-04-01','2094-04-30',NULL,NULL,40744,0,NULL,1,0,0,1),(38919,NULL,'2094-05',2094,5,'2094-05-01','2094-05-31',NULL,NULL,40744,0,NULL,1,0,0,1),(38920,NULL,'2094-06',2094,6,'2094-06-01','2094-06-30',NULL,NULL,40744,0,NULL,1,0,0,1),(38921,NULL,'2094-07',2094,7,'2094-07-01','2094-07-31',NULL,NULL,40744,0,NULL,1,0,0,1),(38922,NULL,'2094-08',2094,8,'2094-08-01','2094-08-31',NULL,NULL,40744,0,NULL,1,0,0,1),(38923,NULL,'2094-09',2094,9,'2094-09-01','2094-09-30',NULL,NULL,40744,0,NULL,1,0,0,1),(38924,NULL,'2094-10',2094,10,'2094-10-01','2094-10-31',NULL,NULL,40744,0,NULL,1,0,0,1),(38925,NULL,'2094-11',2094,11,'2094-11-01','2094-11-30',NULL,NULL,40744,0,NULL,1,0,0,1);
INSERT INTO `periods` VALUES (38926,NULL,'2094-12',2094,12,'2094-12-01','2094-12-31',NULL,NULL,40744,0,NULL,1,0,0,1),(38930,NULL,'2095-01',2095,1,'2095-01-01','2095-01-31',NULL,NULL,40744,0,NULL,1,0,0,1),(38931,NULL,'2095-02',2095,2,'2095-02-01','2095-02-28',NULL,NULL,40744,0,NULL,1,0,0,1),(38932,NULL,'2095-03',2095,3,'2095-03-01','2095-03-31',NULL,NULL,40744,0,NULL,1,0,0,1),(38933,NULL,'2095-04',2095,4,'2095-04-01','2095-04-30',NULL,NULL,40744,0,NULL,1,0,0,1),(38934,NULL,'2095-05',2095,5,'2095-05-01','2095-05-31',NULL,NULL,40744,0,NULL,1,0,0,1),(38935,NULL,'2095-06',2095,6,'2095-06-01','2095-06-30',NULL,NULL,40744,0,NULL,1,0,0,1),(38936,NULL,'2095-07',2095,7,'2095-07-01','2095-07-31',NULL,NULL,40744,0,NULL,1,0,0,1),(38937,NULL,'2095-08',2095,8,'2095-08-01','2095-08-31',NULL,NULL,40744,0,NULL,1,0,0,1),(38938,NULL,'2095-09',2095,9,'2095-09-01','2095-09-30',NULL,NULL,40744,0,NULL,1,0,0,1),(38939,NULL,'2095-10',2095,10,'2095-10-01','2095-10-31',NULL,NULL,40744,0,NULL,1,0,0,1),(38940,NULL,'2095-11',2095,11,'2095-11-01','2095-11-30',NULL,NULL,40744,0,NULL,1,0,0,1),(38941,NULL,'2095-12',2095,12,'2095-12-01','2095-12-31',NULL,NULL,40744,0,NULL,1,0,0,1),(38945,NULL,'2096-01',2096,1,'2096-01-01','2096-01-31',NULL,NULL,40744,0,NULL,1,0,0,1),(38946,NULL,'2096-02',2096,2,'2096-02-01','2096-02-28',NULL,NULL,40744,0,NULL,1,0,0,1),(38947,NULL,'2096-03',2096,3,'2096-03-01','2096-03-31',NULL,NULL,40744,0,NULL,1,0,0,1),(38948,NULL,'2096-04',2096,4,'2096-04-01','2096-04-30',NULL,NULL,40744,0,NULL,1,0,0,1),(38949,NULL,'2096-05',2096,5,'2096-05-01','2096-05-31',NULL,NULL,40744,0,NULL,1,0,0,1),(38950,NULL,'2096-06',2096,6,'2096-06-01','2096-06-30',NULL,NULL,40744,0,NULL,1,0,0,1),(38951,NULL,'2096-07',2096,7,'2096-07-01','2096-07-31',NULL,NULL,40744,0,NULL,1,0,0,1),(38952,NULL,'2096-08',2096,8,'2096-08-01','2096-08-31',NULL,NULL,40744,0,NULL,1,0,0,1),(38953,NULL,'2096-09',2096,9,'2096-09-01','2096-09-30',NULL,NULL,40744,0,NULL,1,0,0,1),(38954,NULL,'2096-10',2096,10,'2096-10-01','2096-10-31',NULL,NULL,40744,0,NULL,1,0,0,1),(38955,NULL,'2096-11',2096,11,'2096-11-01','2096-11-30',NULL,NULL,40744,0,NULL,1,0,0,1),(38956,NULL,'2096-12',2096,12,'2096-12-01','2096-12-31',NULL,NULL,40744,0,NULL,1,0,0,1),(38960,NULL,'2097-01',2097,1,'2097-01-01','2097-01-31',NULL,NULL,40744,0,NULL,1,0,0,1),(38961,NULL,'2097-02',2097,2,'2097-02-01','2097-02-28',NULL,NULL,40744,0,NULL,1,0,0,1),(38962,NULL,'2097-03',2097,3,'2097-03-01','2097-03-31',NULL,NULL,40744,0,NULL,1,0,0,1),(38963,NULL,'2097-04',2097,4,'2097-04-01','2097-04-30',NULL,NULL,40744,0,NULL,1,0,0,1),(38964,NULL,'2097-05',2097,5,'2097-05-01','2097-05-31',NULL,NULL,40744,0,NULL,1,0,0,1),(38965,NULL,'2097-06',2097,6,'2097-06-01','2097-06-30',NULL,NULL,40744,0,NULL,1,0,0,1),(38966,NULL,'2097-07',2097,7,'2097-07-01','2097-07-31',NULL,NULL,40744,0,NULL,1,0,0,1),(38967,NULL,'2097-08',2097,8,'2097-08-01','2097-08-31',NULL,NULL,40744,0,NULL,1,0,0,1),(38968,NULL,'2097-09',2097,9,'2097-09-01','2097-09-30',NULL,NULL,40744,0,NULL,1,0,0,1),(38969,NULL,'2097-10',2097,10,'2097-10-01','2097-10-31',NULL,NULL,40744,0,NULL,1,0,0,1),(38970,NULL,'2097-11',2097,11,'2097-11-01','2097-11-30',NULL,NULL,40744,0,NULL,1,0,0,1),(38971,NULL,'2097-12',2097,12,'2097-12-01','2097-12-31',NULL,NULL,40744,0,NULL,1,0,0,1),(38975,NULL,'2098-01',2098,1,'2098-01-01','2098-01-31',NULL,NULL,40744,0,NULL,1,0,0,1),(38976,NULL,'2098-02',2098,2,'2098-02-01','2098-02-28',NULL,NULL,40744,0,NULL,1,0,0,1),(38977,NULL,'2098-03',2098,3,'2098-03-01','2098-03-31',NULL,NULL,40744,0,NULL,1,0,0,1),(38978,NULL,'2098-04',2098,4,'2098-04-01','2098-04-30',NULL,NULL,40744,0,NULL,1,0,0,1),(38979,NULL,'2098-05',2098,5,'2098-05-01','2098-05-31',NULL,NULL,40744,0,NULL,1,0,0,1),(38980,NULL,'2098-06',2098,6,'2098-06-01','2098-06-30',NULL,NULL,40744,0,NULL,1,0,0,1),(38981,NULL,'2098-07',2098,7,'2098-07-01','2098-07-31',NULL,NULL,40744,0,NULL,1,0,0,1),(38982,NULL,'2098-08',2098,8,'2098-08-01','2098-08-31',NULL,NULL,40744,0,NULL,1,0,0,1),(38983,NULL,'2098-09',2098,9,'2098-09-01','2098-09-30',NULL,NULL,40744,0,NULL,1,0,0,1);
INSERT INTO `periods` VALUES (38984,NULL,'2098-10',2098,10,'2098-10-01','2098-10-31',NULL,NULL,40744,0,NULL,1,0,0,1),(38985,NULL,'2098-11',2098,11,'2098-11-01','2098-11-30',NULL,NULL,40744,0,NULL,1,0,0,1),(38986,NULL,'2098-12',2098,12,'2098-12-01','2098-12-31',NULL,NULL,40744,0,NULL,1,0,0,1),(38990,NULL,'2099-01',2099,1,'2099-01-01','2099-01-31',NULL,NULL,40744,0,NULL,1,0,0,1),(38991,NULL,'2099-02',2099,2,'2099-02-01','2099-02-28',NULL,NULL,40744,0,NULL,1,0,0,1),(38992,NULL,'2099-03',2099,3,'2099-03-01','2099-03-31',NULL,NULL,40744,0,NULL,1,0,0,1),(38993,NULL,'2099-04',2099,4,'2099-04-01','2099-04-30',NULL,NULL,40744,0,NULL,1,0,0,1),(38994,NULL,'2099-05',2099,5,'2099-05-01','2099-05-31',NULL,NULL,40744,0,NULL,1,0,0,1),(38995,NULL,'2099-06',2099,6,'2099-06-01','2099-06-30',NULL,NULL,40744,0,NULL,1,0,0,1),(38996,NULL,'2099-07',2099,7,'2099-07-01','2099-07-31',NULL,NULL,40744,0,NULL,1,0,0,1),(38997,NULL,'2099-08',2099,8,'2099-08-01','2099-08-31',NULL,NULL,40744,0,NULL,1,0,0,1),(38998,NULL,'2099-09',2099,9,'2099-09-01','2099-09-30',NULL,NULL,40744,0,NULL,1,0,0,1),(38999,NULL,'2099-10',2099,10,'2099-10-01','2099-10-31',NULL,NULL,40744,0,NULL,1,0,0,1),(39000,NULL,'2099-11',2099,11,'2099-11-01','2099-11-30',NULL,NULL,40744,0,NULL,1,0,0,1),(39001,NULL,'2099-12',2099,12,'2099-12-01','2099-12-31',NULL,NULL,40744,0,NULL,1,0,0,1),(39005,NULL,'2100-01',2100,1,'2100-01-01','2100-01-31',NULL,NULL,40744,0,NULL,1,0,0,1),(39006,NULL,'2100-02',2100,2,'2100-02-01','2100-02-28',NULL,NULL,40744,0,NULL,1,0,0,1),(39007,NULL,'2100-03',2100,3,'2100-03-01','2100-03-31',NULL,NULL,40744,0,NULL,1,0,0,1),(39008,NULL,'2100-04',2100,4,'2100-04-01','2100-04-30',NULL,NULL,40744,0,NULL,1,0,0,1),(39009,NULL,'2100-05',2100,5,'2100-05-01','2100-05-31',NULL,NULL,40744,0,NULL,1,0,0,1),(39010,NULL,'2100-06',2100,6,'2100-06-01','2100-06-30',NULL,NULL,40744,0,NULL,1,0,0,1),(39011,NULL,'2100-07',2100,7,'2100-07-01','2100-07-31',NULL,NULL,40744,0,NULL,1,0,0,1),(39012,NULL,'2100-08',2100,8,'2100-08-01','2100-08-31',NULL,NULL,40744,0,NULL,1,0,0,1),(39013,NULL,'2100-09',2100,9,'2100-09-01','2100-09-30',NULL,NULL,40744,0,NULL,1,0,0,1),(39014,NULL,'2100-10',2100,10,'2100-10-01','2100-10-31',NULL,NULL,40744,0,NULL,1,0,0,1),(39015,NULL,'2100-11',2100,11,'2100-11-01','2100-11-30',NULL,NULL,40744,0,NULL,1,0,0,1),(39016,NULL,'2100-12',2100,12,'2100-12-01','2100-12-31',NULL,NULL,40744,0,NULL,1,0,0,1),(39020,NULL,'2101-01',2101,1,'2101-01-01','2101-01-31',NULL,NULL,40744,0,NULL,1,0,0,1),(39021,NULL,'2101-02',2101,2,'2101-02-01','2101-02-28',NULL,NULL,40744,0,NULL,1,0,0,1),(39022,NULL,'2101-03',2101,3,'2101-03-01','2101-03-31',NULL,NULL,40744,0,NULL,1,0,0,1),(39023,NULL,'2101-04',2101,4,'2101-04-01','2101-04-30',NULL,NULL,40744,0,NULL,1,0,0,1),(39024,NULL,'2101-05',2101,5,'2101-05-01','2101-05-31',NULL,NULL,40744,0,NULL,1,0,0,1),(39025,NULL,'2101-06',2101,6,'2101-06-01','2101-06-30',NULL,NULL,40744,0,NULL,1,0,0,1),(39026,NULL,'2101-07',2101,7,'2101-07-01','2101-07-31',NULL,NULL,40744,0,NULL,1,0,0,1),(39027,NULL,'2101-08',2101,8,'2101-08-01','2101-08-31',NULL,NULL,40744,0,NULL,1,0,0,1),(39028,NULL,'2101-09',2101,9,'2101-09-01','2101-09-30',NULL,NULL,40744,0,NULL,1,0,0,1),(39029,NULL,'2101-10',2101,10,'2101-10-01','2101-10-31',NULL,NULL,40744,0,NULL,1,0,0,1),(39030,NULL,'2101-11',2101,11,'2101-11-01','2101-11-30',NULL,NULL,40744,0,NULL,1,0,0,1),(39031,NULL,'2101-12',2101,12,'2101-12-01','2101-12-31',NULL,NULL,40744,0,NULL,1,0,0,1),(39035,NULL,'2102-01',2102,1,'2102-01-01','2102-01-31',NULL,NULL,40744,0,NULL,1,0,0,1),(39036,NULL,'2102-02',2102,2,'2102-02-01','2102-02-28',NULL,NULL,40744,0,NULL,1,0,0,1),(39037,NULL,'2102-03',2102,3,'2102-03-01','2102-03-31',NULL,NULL,40744,0,NULL,1,0,0,1),(39038,NULL,'2102-04',2102,4,'2102-04-01','2102-04-30',NULL,NULL,40744,0,NULL,1,0,0,1),(39039,NULL,'2102-05',2102,5,'2102-05-01','2102-05-31',NULL,NULL,40744,0,NULL,1,0,0,1),(39040,NULL,'2102-06',2102,6,'2102-06-01','2102-06-30',NULL,NULL,40744,0,NULL,1,0,0,1),(39041,NULL,'2102-07',2102,7,'2102-07-01','2102-07-31',NULL,NULL,40744,0,NULL,1,0,0,1);
INSERT INTO `periods` VALUES (39042,NULL,'2102-08',2102,8,'2102-08-01','2102-08-31',NULL,NULL,40744,0,NULL,1,0,0,1),(39043,NULL,'2102-09',2102,9,'2102-09-01','2102-09-30',NULL,NULL,40744,0,NULL,1,0,0,1),(39044,NULL,'2102-10',2102,10,'2102-10-01','2102-10-31',NULL,NULL,40744,0,NULL,1,0,0,1),(39045,NULL,'2102-11',2102,11,'2102-11-01','2102-11-30',NULL,NULL,40744,0,NULL,1,0,0,1),(39046,NULL,'2102-12',2102,12,'2102-12-01','2102-12-31',NULL,NULL,40744,0,NULL,1,0,0,1),(39050,NULL,'2103-01',2103,1,'2103-01-01','2103-01-31',NULL,NULL,40744,0,NULL,1,0,0,1),(39051,NULL,'2103-02',2103,2,'2103-02-01','2103-02-28',NULL,NULL,40744,0,NULL,1,0,0,1),(39052,NULL,'2103-03',2103,3,'2103-03-01','2103-03-31',NULL,NULL,40744,0,NULL,1,0,0,1),(39053,NULL,'2103-04',2103,4,'2103-04-01','2103-04-30',NULL,NULL,40744,0,NULL,1,0,0,1),(39054,NULL,'2103-05',2103,5,'2103-05-01','2103-05-31',NULL,NULL,40744,0,NULL,1,0,0,1),(39055,NULL,'2103-06',2103,6,'2103-06-01','2103-06-30',NULL,NULL,40744,0,NULL,1,0,0,1),(39056,NULL,'2103-07',2103,7,'2103-07-01','2103-07-31',NULL,NULL,40744,0,NULL,1,0,0,1),(39057,NULL,'2103-08',2103,8,'2103-08-01','2103-08-31',NULL,NULL,40744,0,NULL,1,0,0,1),(39058,NULL,'2103-09',2103,9,'2103-09-01','2103-09-30',NULL,NULL,40744,0,NULL,1,0,0,1),(39059,NULL,'2103-10',2103,10,'2103-10-01','2103-10-31',NULL,NULL,40744,0,NULL,1,0,0,1),(39060,NULL,'2103-11',2103,11,'2103-11-01','2103-11-30',NULL,NULL,40744,0,NULL,1,0,0,1),(39061,NULL,'2103-12',2103,12,'2103-12-01','2103-12-31',NULL,NULL,40744,0,NULL,1,0,0,1),(39065,NULL,'2104-01',2104,1,'2104-01-01','2104-01-31',NULL,NULL,40744,0,NULL,1,0,0,1),(39066,NULL,'2104-02',2104,2,'2104-02-01','2104-02-28',NULL,NULL,40744,0,NULL,1,0,0,1),(39067,NULL,'2104-03',2104,3,'2104-03-01','2104-03-31',NULL,NULL,40744,0,NULL,1,0,0,1),(39068,NULL,'2104-04',2104,4,'2104-04-01','2104-04-30',NULL,NULL,40744,0,NULL,1,0,0,1),(39069,NULL,'2104-05',2104,5,'2104-05-01','2104-05-31',NULL,NULL,40744,0,NULL,1,0,0,1),(39070,NULL,'2104-06',2104,6,'2104-06-01','2104-06-30',NULL,NULL,40744,0,NULL,1,0,0,1),(39071,NULL,'2104-07',2104,7,'2104-07-01','2104-07-31',NULL,NULL,40744,0,NULL,1,0,0,1),(39072,NULL,'2104-08',2104,8,'2104-08-01','2104-08-31',NULL,NULL,40744,0,NULL,1,0,0,1),(39073,NULL,'2104-09',2104,9,'2104-09-01','2104-09-30',NULL,NULL,40744,0,NULL,1,0,0,1),(39074,NULL,'2104-10',2104,10,'2104-10-01','2104-10-31',NULL,NULL,40744,0,NULL,1,0,0,1),(39075,NULL,'2104-11',2104,11,'2104-11-01','2104-11-30',NULL,NULL,40744,0,NULL,1,0,0,1),(39076,NULL,'2104-12',2104,12,'2104-12-01','2104-12-31',NULL,NULL,40744,0,NULL,1,0,0,1),(39080,NULL,'2105-01',2105,1,'2105-01-01','2105-01-31',NULL,NULL,40744,0,NULL,1,0,0,1),(39081,NULL,'2105-02',2105,2,'2105-02-01','2105-02-28',NULL,NULL,40744,0,NULL,1,0,0,1),(39082,NULL,'2105-03',2105,3,'2105-03-01','2105-03-31',NULL,NULL,40744,0,NULL,1,0,0,1),(39083,NULL,'2105-04',2105,4,'2105-04-01','2105-04-30',NULL,NULL,40744,0,NULL,1,0,0,1),(39084,NULL,'2105-05',2105,5,'2105-05-01','2105-05-31',NULL,NULL,40744,0,NULL,1,0,0,1),(39085,NULL,'2105-06',2105,6,'2105-06-01','2105-06-30',NULL,NULL,40744,0,NULL,1,0,0,1),(39086,NULL,'2105-07',2105,7,'2105-07-01','2105-07-31',NULL,NULL,40744,0,NULL,1,0,0,1),(39087,NULL,'2105-08',2105,8,'2105-08-01','2105-08-31',NULL,NULL,40744,0,NULL,1,0,0,1),(39088,NULL,'2105-09',2105,9,'2105-09-01','2105-09-30',NULL,NULL,40744,0,NULL,1,0,0,1),(39089,NULL,'2105-10',2105,10,'2105-10-01','2105-10-31',NULL,NULL,40744,0,NULL,1,0,0,1),(39090,NULL,'2105-11',2105,11,'2105-11-01','2105-11-30',NULL,NULL,40744,0,NULL,1,0,0,1),(39091,NULL,'2105-12',2105,12,'2105-12-01','2105-12-31',NULL,NULL,40744,0,NULL,1,0,0,1),(39095,NULL,'2106-01',2106,1,'2106-01-01','2106-01-31',NULL,NULL,40744,0,NULL,1,0,0,1),(39096,NULL,'2106-02',2106,2,'2106-02-01','2106-02-28',NULL,NULL,40744,0,NULL,1,0,0,1),(39097,NULL,'2106-03',2106,3,'2106-03-01','2106-03-31',NULL,NULL,40744,0,NULL,1,0,0,1),(39098,NULL,'2106-04',2106,4,'2106-04-01','2106-04-30',NULL,NULL,40744,0,NULL,1,0,0,1),(39099,NULL,'2106-05',2106,5,'2106-05-01','2106-05-31',NULL,NULL,40744,0,NULL,1,0,0,1);
INSERT INTO `periods` VALUES (39100,NULL,'2106-06',2106,6,'2106-06-01','2106-06-30',NULL,NULL,40744,0,NULL,1,0,0,1),(39101,NULL,'2106-07',2106,7,'2106-07-01','2106-07-31',NULL,NULL,40744,0,NULL,1,0,0,1),(39102,NULL,'2106-08',2106,8,'2106-08-01','2106-08-31',NULL,NULL,40744,0,NULL,1,0,0,1),(39103,NULL,'2106-09',2106,9,'2106-09-01','2106-09-30',NULL,NULL,40744,0,NULL,1,0,0,1),(39104,NULL,'2106-10',2106,10,'2106-10-01','2106-10-31',NULL,NULL,40744,0,NULL,1,0,0,1),(39105,NULL,'2106-11',2106,11,'2106-11-01','2106-11-30',NULL,NULL,40744,0,NULL,1,0,0,1),(39106,NULL,'2106-12',2106,12,'2106-12-01','2106-12-31',NULL,NULL,40744,0,NULL,1,0,0,1),(39110,NULL,'2107-01',2107,1,'2107-01-01','2107-01-31',NULL,NULL,40744,0,NULL,1,0,0,1),(39111,NULL,'2107-02',2107,2,'2107-02-01','2107-02-28',NULL,NULL,40744,0,NULL,1,0,0,1),(39112,NULL,'2107-03',2107,3,'2107-03-01','2107-03-31',NULL,NULL,40744,0,NULL,1,0,0,1),(39113,NULL,'2107-04',2107,4,'2107-04-01','2107-04-30',NULL,NULL,40744,0,NULL,1,0,0,1),(39114,NULL,'2107-05',2107,5,'2107-05-01','2107-05-31',NULL,NULL,40744,0,NULL,1,0,0,1),(39115,NULL,'2107-06',2107,6,'2107-06-01','2107-06-30',NULL,NULL,40744,0,NULL,1,0,0,1),(39116,NULL,'2107-07',2107,7,'2107-07-01','2107-07-31',NULL,NULL,40744,0,NULL,1,0,0,1),(39117,NULL,'2107-08',2107,8,'2107-08-01','2107-08-31',NULL,NULL,40744,0,NULL,1,0,0,1),(39118,NULL,'2107-09',2107,9,'2107-09-01','2107-09-30',NULL,NULL,40744,0,NULL,1,0,0,1),(39119,NULL,'2107-10',2107,10,'2107-10-01','2107-10-31',NULL,NULL,40744,0,NULL,1,0,0,1),(39120,NULL,'2107-11',2107,11,'2107-11-01','2107-11-30',NULL,NULL,40744,0,NULL,1,0,0,1),(39121,NULL,'2107-12',2107,12,'2107-12-01','2107-12-31',NULL,NULL,40744,0,NULL,1,0,0,1),(39125,NULL,'2108-01',2108,1,'2108-01-01','2108-01-31',NULL,NULL,40744,0,NULL,1,0,0,1),(39126,NULL,'2108-02',2108,2,'2108-02-01','2108-02-28',NULL,NULL,40744,0,NULL,1,0,0,1),(39127,NULL,'2108-03',2108,3,'2108-03-01','2108-03-31',NULL,NULL,40744,0,NULL,1,0,0,1),(39128,NULL,'2108-04',2108,4,'2108-04-01','2108-04-30',NULL,NULL,40744,0,NULL,1,0,0,1),(39129,NULL,'2108-05',2108,5,'2108-05-01','2108-05-31',NULL,NULL,40744,0,NULL,1,0,0,1),(39130,NULL,'2108-06',2108,6,'2108-06-01','2108-06-30',NULL,NULL,40744,0,NULL,1,0,0,1),(39131,NULL,'2108-07',2108,7,'2108-07-01','2108-07-31',NULL,NULL,40744,0,NULL,1,0,0,1),(39132,NULL,'2108-08',2108,8,'2108-08-01','2108-08-31',NULL,NULL,40744,0,NULL,1,0,0,1),(39133,NULL,'2108-09',2108,9,'2108-09-01','2108-09-30',NULL,NULL,40744,0,NULL,1,0,0,1),(39134,NULL,'2108-10',2108,10,'2108-10-01','2108-10-31',NULL,NULL,40744,0,NULL,1,0,0,1),(39135,NULL,'2108-11',2108,11,'2108-11-01','2108-11-30',NULL,NULL,40744,0,NULL,1,0,0,1),(39136,NULL,'2108-12',2108,12,'2108-12-01','2108-12-31',NULL,NULL,40744,0,NULL,1,0,0,1),(39140,NULL,'2109-01',2109,1,'2109-01-01','2109-01-31',NULL,NULL,40744,0,NULL,1,0,0,1),(39141,NULL,'2109-02',2109,2,'2109-02-01','2109-02-28',NULL,NULL,40744,0,NULL,1,0,0,1),(39142,NULL,'2109-03',2109,3,'2109-03-01','2109-03-31',NULL,NULL,40744,0,NULL,1,0,0,1),(39143,NULL,'2109-04',2109,4,'2109-04-01','2109-04-30',NULL,NULL,40744,0,NULL,1,0,0,1),(39144,NULL,'2109-05',2109,5,'2109-05-01','2109-05-31',NULL,NULL,40744,0,NULL,1,0,0,1),(39145,NULL,'2109-06',2109,6,'2109-06-01','2109-06-30',NULL,NULL,40744,0,NULL,1,0,0,1),(39146,NULL,'2109-07',2109,7,'2109-07-01','2109-07-31',NULL,NULL,40744,0,NULL,1,0,0,1),(39147,NULL,'2109-08',2109,8,'2109-08-01','2109-08-31',NULL,NULL,40744,0,NULL,1,0,0,1),(39148,NULL,'2109-09',2109,9,'2109-09-01','2109-09-30',NULL,NULL,40744,0,NULL,1,0,0,1),(39149,NULL,'2109-10',2109,10,'2109-10-01','2109-10-31',NULL,NULL,40744,0,NULL,1,0,0,1),(39150,NULL,'2109-11',2109,11,'2109-11-01','2109-11-30',NULL,NULL,40744,0,NULL,1,0,0,1),(39151,NULL,'2109-12',2109,12,'2109-12-01','2109-12-31',NULL,NULL,40744,0,NULL,1,0,0,1),(39155,NULL,'2110-01',2110,1,'2110-01-01','2110-01-31',NULL,NULL,40744,0,NULL,1,0,0,1),(39156,NULL,'2110-02',2110,2,'2110-02-01','2110-02-28',NULL,NULL,40744,0,NULL,1,0,0,1),(39157,NULL,'2110-03',2110,3,'2110-03-01','2110-03-31',NULL,NULL,40744,0,NULL,1,0,0,1);
INSERT INTO `periods` VALUES (39158,NULL,'2110-04',2110,4,'2110-04-01','2110-04-30',NULL,NULL,40744,0,NULL,1,0,0,1),(39159,NULL,'2110-05',2110,5,'2110-05-01','2110-05-31',NULL,NULL,40744,0,NULL,1,0,0,1),(39160,NULL,'2110-06',2110,6,'2110-06-01','2110-06-30',NULL,NULL,40744,0,NULL,1,0,0,1),(39161,NULL,'2110-07',2110,7,'2110-07-01','2110-07-31',NULL,NULL,40744,0,NULL,1,0,0,1),(39162,NULL,'2110-08',2110,8,'2110-08-01','2110-08-31',NULL,NULL,40744,0,NULL,1,0,0,1),(39163,NULL,'2110-09',2110,9,'2110-09-01','2110-09-30',NULL,NULL,40744,0,NULL,1,0,0,1),(39164,NULL,'2110-10',2110,10,'2110-10-01','2110-10-31',NULL,NULL,40744,0,NULL,1,0,0,1),(39165,NULL,'2110-11',2110,11,'2110-11-01','2110-11-30',NULL,NULL,40744,0,NULL,1,0,0,1),(39166,NULL,'2110-12',2110,12,'2110-12-01','2110-12-31',NULL,NULL,40744,0,NULL,1,0,0,1),(39170,NULL,'2111-01',2111,1,'2111-01-01','2111-01-31',NULL,NULL,40744,0,NULL,1,0,0,1),(39171,NULL,'2111-02',2111,2,'2111-02-01','2111-02-28',NULL,NULL,40744,0,NULL,1,0,0,1),(39172,NULL,'2111-03',2111,3,'2111-03-01','2111-03-31',NULL,NULL,40744,0,NULL,1,0,0,1),(39173,NULL,'2111-04',2111,4,'2111-04-01','2111-04-30',NULL,NULL,40744,0,NULL,1,0,0,1),(39174,NULL,'2111-05',2111,5,'2111-05-01','2111-05-31',NULL,NULL,40744,0,NULL,1,0,0,1),(39175,NULL,'2111-06',2111,6,'2111-06-01','2111-06-30',NULL,NULL,40744,0,NULL,1,0,0,1),(39176,NULL,'2111-07',2111,7,'2111-07-01','2111-07-31',NULL,NULL,40744,0,NULL,1,0,0,1),(39177,NULL,'2111-08',2111,8,'2111-08-01','2111-08-31',NULL,NULL,40744,0,NULL,1,0,0,1),(39178,NULL,'2111-09',2111,9,'2111-09-01','2111-09-30',NULL,NULL,40744,0,NULL,1,0,0,1),(39179,NULL,'2111-10',2111,10,'2111-10-01','2111-10-31',NULL,NULL,40744,0,NULL,1,0,0,1),(39180,NULL,'2111-11',2111,11,'2111-11-01','2111-11-30',NULL,NULL,40744,0,NULL,1,0,0,1),(39181,NULL,'2111-12',2111,12,'2111-12-01','2111-12-31',NULL,NULL,40744,0,NULL,1,0,0,1),(39185,NULL,'2112-01',2112,1,'2112-01-01','2112-01-31',NULL,NULL,40744,0,NULL,1,0,0,1),(39186,NULL,'2112-02',2112,2,'2112-02-01','2112-02-28',NULL,NULL,40744,0,NULL,1,0,0,1),(39187,NULL,'2112-03',2112,3,'2112-03-01','2112-03-31',NULL,NULL,40744,0,NULL,1,0,0,1),(39188,NULL,'2112-04',2112,4,'2112-04-01','2112-04-30',NULL,NULL,40744,0,NULL,1,0,0,1),(39189,NULL,'2112-05',2112,5,'2112-05-01','2112-05-31',NULL,NULL,40744,0,NULL,1,0,0,1),(39190,NULL,'2112-06',2112,6,'2112-06-01','2112-06-30',NULL,NULL,40744,0,NULL,1,0,0,1),(39191,NULL,'2112-07',2112,7,'2112-07-01','2112-07-31',NULL,NULL,40744,0,NULL,1,0,0,1),(39192,NULL,'2112-08',2112,8,'2112-08-01','2112-08-31',NULL,NULL,40744,0,NULL,1,0,0,1),(39193,NULL,'2112-09',2112,9,'2112-09-01','2112-09-30',NULL,NULL,40744,0,NULL,1,0,0,1),(39194,NULL,'2112-10',2112,10,'2112-10-01','2112-10-31',NULL,NULL,40744,0,NULL,1,0,0,1),(39195,NULL,'2112-11',2112,11,'2112-11-01','2112-11-30',NULL,NULL,40744,0,NULL,1,0,0,1),(39196,NULL,'2112-12',2112,12,'2112-12-01','2112-12-31',NULL,NULL,40744,0,NULL,1,0,0,1),(39200,NULL,'2113-01',2113,1,'2113-01-01','2113-01-31',NULL,NULL,40744,0,NULL,1,0,0,1),(39201,NULL,'2113-02',2113,2,'2113-02-01','2113-02-28',NULL,NULL,40744,0,NULL,1,0,0,1),(39202,NULL,'2113-03',2113,3,'2113-03-01','2113-03-31',NULL,NULL,40744,0,NULL,1,0,0,1),(39203,NULL,'2113-04',2113,4,'2113-04-01','2113-04-30',NULL,NULL,40744,0,NULL,1,0,0,1),(39204,NULL,'2113-05',2113,5,'2113-05-01','2113-05-31',NULL,NULL,40744,0,NULL,1,0,0,1),(39205,NULL,'2113-06',2113,6,'2113-06-01','2113-06-30',NULL,NULL,40744,0,NULL,1,0,0,1),(39206,NULL,'2113-07',2113,7,'2113-07-01','2113-07-31',NULL,NULL,40744,0,NULL,1,0,0,1),(39207,NULL,'2113-08',2113,8,'2113-08-01','2113-08-31',NULL,NULL,40744,0,NULL,1,0,0,1),(39208,NULL,'2113-09',2113,9,'2113-09-01','2113-09-30',NULL,NULL,40744,0,NULL,1,0,0,1),(39209,NULL,'2113-10',2113,10,'2113-10-01','2113-10-31',NULL,NULL,40744,0,NULL,1,0,0,1),(39210,NULL,'2113-11',2113,11,'2113-11-01','2113-11-30',NULL,NULL,40744,0,NULL,1,0,0,1),(39211,NULL,'2113-12',2113,12,'2113-12-01','2113-12-31',NULL,NULL,40744,0,NULL,1,0,0,1),(39215,NULL,'2114-01',2114,1,'2114-01-01','2114-01-31',NULL,NULL,40744,0,NULL,1,0,0,1);
INSERT INTO `periods` VALUES (39216,NULL,'2114-02',2114,2,'2114-02-01','2114-02-28',NULL,NULL,40744,0,NULL,1,0,0,1),(39217,NULL,'2114-03',2114,3,'2114-03-01','2114-03-31',NULL,NULL,40744,0,NULL,1,0,0,1),(39218,NULL,'2114-04',2114,4,'2114-04-01','2114-04-30',NULL,NULL,40744,0,NULL,1,0,0,1),(39219,NULL,'2114-05',2114,5,'2114-05-01','2114-05-31',NULL,NULL,40744,0,NULL,1,0,0,1),(39220,NULL,'2114-06',2114,6,'2114-06-01','2114-06-30',NULL,NULL,40744,0,NULL,1,0,0,1),(39221,NULL,'2114-07',2114,7,'2114-07-01','2114-07-31',NULL,NULL,40744,0,NULL,1,0,0,1),(39222,NULL,'2114-08',2114,8,'2114-08-01','2114-08-31',NULL,NULL,40744,0,NULL,1,0,0,1),(39223,NULL,'2114-09',2114,9,'2114-09-01','2114-09-30',NULL,NULL,40744,0,NULL,1,0,0,1),(39224,NULL,'2114-10',2114,10,'2114-10-01','2114-10-31',NULL,NULL,40744,0,NULL,1,0,0,1),(39225,NULL,'2114-11',2114,11,'2114-11-01','2114-11-30',NULL,NULL,40744,0,NULL,1,0,0,1),(39226,NULL,'2114-12',2114,12,'2114-12-01','2114-12-31',NULL,NULL,40744,0,NULL,1,0,0,1),(39230,NULL,'2115-01',2115,1,'2115-01-01','2115-01-31',NULL,NULL,40744,0,NULL,1,0,0,1),(39231,NULL,'2115-02',2115,2,'2115-02-01','2115-02-28',NULL,NULL,40744,0,NULL,1,0,0,1),(39232,NULL,'2115-03',2115,3,'2115-03-01','2115-03-31',NULL,NULL,40744,0,NULL,1,0,0,1),(39233,NULL,'2115-04',2115,4,'2115-04-01','2115-04-30',NULL,NULL,40744,0,NULL,1,0,0,1),(39234,NULL,'2115-05',2115,5,'2115-05-01','2115-05-31',NULL,NULL,40744,0,NULL,1,0,0,1),(39235,NULL,'2115-06',2115,6,'2115-06-01','2115-06-30',NULL,NULL,40744,0,NULL,1,0,0,1),(39236,NULL,'2115-07',2115,7,'2115-07-01','2115-07-31',NULL,NULL,40744,0,NULL,1,0,0,1),(39237,NULL,'2115-08',2115,8,'2115-08-01','2115-08-31',NULL,NULL,40744,0,NULL,1,0,0,1),(39238,NULL,'2115-09',2115,9,'2115-09-01','2115-09-30',NULL,NULL,40744,0,NULL,1,0,0,1),(39239,NULL,'2115-10',2115,10,'2115-10-01','2115-10-31',NULL,NULL,40744,0,NULL,1,0,0,1),(39240,NULL,'2115-11',2115,11,'2115-11-01','2115-11-30',NULL,NULL,40744,0,NULL,1,0,0,1),(39241,NULL,'2115-12',2115,12,'2115-12-01','2115-12-31',NULL,NULL,40744,0,NULL,1,0,0,1),(39245,NULL,'2116-01',2116,1,'2116-01-01','2116-01-31',NULL,NULL,40744,0,NULL,1,0,0,1),(39246,NULL,'2116-02',2116,2,'2116-02-01','2116-02-28',NULL,NULL,40744,0,NULL,1,0,0,1),(39247,NULL,'2116-03',2116,3,'2116-03-01','2116-03-31',NULL,NULL,40744,0,NULL,1,0,0,1),(39248,NULL,'2116-04',2116,4,'2116-04-01','2116-04-30',NULL,NULL,40744,0,NULL,1,0,0,1),(39249,NULL,'2116-05',2116,5,'2116-05-01','2116-05-31',NULL,NULL,40744,0,NULL,1,0,0,1),(39250,NULL,'2116-06',2116,6,'2116-06-01','2116-06-30',NULL,NULL,40744,0,NULL,1,0,0,1),(39251,NULL,'2116-07',2116,7,'2116-07-01','2116-07-31',NULL,NULL,40744,0,NULL,1,0,0,1),(39252,NULL,'2116-08',2116,8,'2116-08-01','2116-08-31',NULL,NULL,40744,0,NULL,1,0,0,1),(39253,NULL,'2116-09',2116,9,'2116-09-01','2116-09-30',NULL,NULL,40744,0,NULL,1,0,0,1),(39254,NULL,'2116-10',2116,10,'2116-10-01','2116-10-31',NULL,NULL,40744,0,NULL,1,0,0,1),(39255,NULL,'2116-11',2116,11,'2116-11-01','2116-11-30',NULL,NULL,40744,0,NULL,1,0,0,1),(39256,NULL,'2116-12',2116,12,'2116-12-01','2116-12-31',NULL,NULL,40744,0,NULL,1,0,0,1),(39260,NULL,'2117-01',2117,1,'2117-01-01','2117-01-31',NULL,NULL,40744,0,NULL,1,0,0,1),(39261,NULL,'2117-02',2117,2,'2117-02-01','2117-02-28',NULL,NULL,40744,0,NULL,1,0,0,1),(39262,NULL,'2117-03',2117,3,'2117-03-01','2117-03-31',NULL,NULL,40744,0,NULL,1,0,0,1),(39263,NULL,'2117-04',2117,4,'2117-04-01','2117-04-30',NULL,NULL,40744,0,NULL,1,0,0,1),(39264,NULL,'2117-05',2117,5,'2117-05-01','2117-05-31',NULL,NULL,40744,0,NULL,1,0,0,1),(39265,NULL,'2117-06',2117,6,'2117-06-01','2117-06-30',NULL,NULL,40744,0,NULL,1,0,0,1),(39266,NULL,'2117-07',2117,7,'2117-07-01','2117-07-31',NULL,NULL,40744,0,NULL,1,0,0,1),(39267,NULL,'2117-08',2117,8,'2117-08-01','2117-08-31',NULL,NULL,40744,0,NULL,1,0,0,1),(39268,NULL,'2117-09',2117,9,'2117-09-01','2117-09-30',NULL,NULL,40744,0,NULL,1,0,0,1),(39269,NULL,'2117-10',2117,10,'2117-10-01','2117-10-31',NULL,NULL,40744,0,NULL,1,0,0,1),(39270,NULL,'2117-11',2117,11,'2117-11-01','2117-11-30',NULL,NULL,40744,0,NULL,1,0,0,1);
INSERT INTO `periods` VALUES (39271,NULL,'2117-12',2117,12,'2117-12-01','2117-12-31',NULL,NULL,40744,0,NULL,1,0,0,1),(39275,NULL,'2118-01',2118,1,'2118-01-01','2118-01-31',NULL,NULL,40744,0,NULL,1,0,0,1),(39276,NULL,'2118-02',2118,2,'2118-02-01','2118-02-28',NULL,NULL,40744,0,NULL,1,0,0,1),(39277,NULL,'2118-03',2118,3,'2118-03-01','2118-03-31',NULL,NULL,40744,0,NULL,1,0,0,1),(39278,NULL,'2118-04',2118,4,'2118-04-01','2118-04-30',NULL,NULL,40744,0,NULL,1,0,0,1),(39279,NULL,'2118-05',2118,5,'2118-05-01','2118-05-31',NULL,NULL,40744,0,NULL,1,0,0,1),(39280,NULL,'2118-06',2118,6,'2118-06-01','2118-06-30',NULL,NULL,40744,0,NULL,1,0,0,1),(39281,NULL,'2118-07',2118,7,'2118-07-01','2118-07-31',NULL,NULL,40744,0,NULL,1,0,0,1),(39282,NULL,'2118-08',2118,8,'2118-08-01','2118-08-31',NULL,NULL,40744,0,NULL,1,0,0,1),(39283,NULL,'2118-09',2118,9,'2118-09-01','2118-09-30',NULL,NULL,40744,0,NULL,1,0,0,1),(39284,NULL,'2118-10',2118,10,'2118-10-01','2118-10-31',NULL,NULL,40744,0,NULL,1,0,0,1),(39285,NULL,'2118-11',2118,11,'2118-11-01','2118-11-30',NULL,NULL,40744,0,NULL,1,0,0,1),(39286,NULL,'2118-12',2118,12,'2118-12-01','2118-12-31',NULL,NULL,40744,0,NULL,1,0,0,1),(39290,NULL,'2119-01',2119,1,'2119-01-01','2119-01-31',NULL,NULL,40744,0,NULL,1,0,0,1),(39291,NULL,'2119-02',2119,2,'2119-02-01','2119-02-28',NULL,NULL,40744,0,NULL,1,0,0,1),(39292,NULL,'2119-03',2119,3,'2119-03-01','2119-03-31',NULL,NULL,40744,0,NULL,1,0,0,1),(39293,NULL,'2119-04',2119,4,'2119-04-01','2119-04-30',NULL,NULL,40744,0,NULL,1,0,0,1),(39294,NULL,'2119-05',2119,5,'2119-05-01','2119-05-31',NULL,NULL,40744,0,NULL,1,0,0,1),(39295,NULL,'2119-06',2119,6,'2119-06-01','2119-06-30',NULL,NULL,40744,0,NULL,1,0,0,1),(39296,NULL,'2119-07',2119,7,'2119-07-01','2119-07-31',NULL,NULL,40744,0,NULL,1,0,0,1),(39297,NULL,'2119-08',2119,8,'2119-08-01','2119-08-31',NULL,NULL,40744,0,NULL,1,0,0,1),(39298,NULL,'2119-09',2119,9,'2119-09-01','2119-09-30',NULL,NULL,40744,0,NULL,1,0,0,1),(39299,NULL,'2119-10',2119,10,'2119-10-01','2119-10-31',NULL,NULL,40744,0,NULL,1,0,0,1),(39300,NULL,'2119-11',2119,11,'2119-11-01','2119-11-30',NULL,NULL,40744,0,NULL,1,0,0,1),(39301,NULL,'2119-12',2119,12,'2119-12-01','2119-12-31',NULL,NULL,40744,0,NULL,1,0,0,1),(39305,NULL,'2120-01',2120,1,'2120-01-01','2120-01-31',NULL,NULL,40744,0,NULL,1,0,0,1),(39306,NULL,'2120-02',2120,2,'2120-02-01','2120-02-28',NULL,NULL,40744,0,NULL,1,0,0,1),(39307,NULL,'2120-03',2120,3,'2120-03-01','2120-03-31',NULL,NULL,40744,0,NULL,1,0,0,1),(39308,NULL,'2120-04',2120,4,'2120-04-01','2120-04-30',NULL,NULL,40744,0,NULL,1,0,0,1),(39309,NULL,'2120-05',2120,5,'2120-05-01','2120-05-31',NULL,NULL,40744,0,NULL,1,0,0,1),(39310,NULL,'2120-06',2120,6,'2120-06-01','2120-06-30',NULL,NULL,40744,0,NULL,1,0,0,1),(39311,NULL,'2120-07',2120,7,'2120-07-01','2120-07-31',NULL,NULL,40744,0,NULL,1,0,0,1),(39312,NULL,'2120-08',2120,8,'2120-08-01','2120-08-31',NULL,NULL,40744,0,NULL,1,0,0,1),(39313,NULL,'2120-09',2120,9,'2120-09-01','2120-09-30',NULL,NULL,40744,0,NULL,1,0,0,1),(39314,NULL,'2120-10',2120,10,'2120-10-01','2120-10-31',NULL,NULL,40744,0,NULL,1,0,0,1),(39315,NULL,'2120-11',2120,11,'2120-11-01','2120-11-30',NULL,NULL,40744,0,NULL,1,0,0,1),(39316,NULL,'2120-12',2120,12,'2120-12-01','2120-12-31',NULL,NULL,40744,0,NULL,1,0,0,1),(39320,NULL,'2121-01',2121,1,'2121-01-01','2121-01-31',NULL,NULL,40744,0,NULL,1,0,0,1),(39321,NULL,'2121-02',2121,2,'2121-02-01','2121-02-28',NULL,NULL,40744,0,NULL,1,0,0,1),(39322,NULL,'2121-03',2121,3,'2121-03-01','2121-03-31',NULL,NULL,40744,0,NULL,1,0,0,1),(39323,NULL,'2121-04',2121,4,'2121-04-01','2121-04-30',NULL,NULL,40744,0,NULL,1,0,0,1),(39324,NULL,'2121-05',2121,5,'2121-05-01','2121-05-31',NULL,NULL,40744,0,NULL,1,0,0,1),(39325,NULL,'2121-06',2121,6,'2121-06-01','2121-06-30',NULL,NULL,40744,0,NULL,1,0,0,1),(39326,NULL,'2121-07',2121,7,'2121-07-01','2121-07-31',NULL,NULL,40744,0,NULL,1,0,0,1),(39327,NULL,'2121-08',2121,8,'2121-08-01','2121-08-31',NULL,NULL,40744,0,NULL,1,0,0,1),(39328,NULL,'2121-09',2121,9,'2121-09-01','2121-09-30',NULL,NULL,40744,0,NULL,1,0,0,1);
INSERT INTO `periods` VALUES (39329,NULL,'2121-10',2121,10,'2121-10-01','2121-10-31',NULL,NULL,40744,0,NULL,1,0,0,1),(39330,NULL,'2121-11',2121,11,'2121-11-01','2121-11-30',NULL,NULL,40744,0,NULL,1,0,0,1),(39331,NULL,'2121-12',2121,12,'2121-12-01','2121-12-31',NULL,NULL,40744,0,NULL,1,0,0,1),(39335,NULL,'2122-01',2122,1,'2122-01-01','2122-01-31',NULL,NULL,40744,0,NULL,1,0,0,1),(39336,NULL,'2122-02',2122,2,'2122-02-01','2122-02-28',NULL,NULL,40744,0,NULL,1,0,0,1),(39337,NULL,'2122-03',2122,3,'2122-03-01','2122-03-31',NULL,NULL,40744,0,NULL,1,0,0,1),(39338,NULL,'2122-04',2122,4,'2122-04-01','2122-04-30',NULL,NULL,40744,0,NULL,1,0,0,1),(39339,NULL,'2122-05',2122,5,'2122-05-01','2122-05-31',NULL,NULL,40744,0,NULL,1,0,0,1),(39340,NULL,'2122-06',2122,6,'2122-06-01','2122-06-30',NULL,NULL,40744,0,NULL,1,0,0,1),(39341,NULL,'2122-07',2122,7,'2122-07-01','2122-07-31',NULL,NULL,40744,0,NULL,1,0,0,1),(39342,NULL,'2122-08',2122,8,'2122-08-01','2122-08-31',NULL,NULL,40744,0,NULL,1,0,0,1),(39343,NULL,'2122-09',2122,9,'2122-09-01','2122-09-30',NULL,NULL,40744,0,NULL,1,0,0,1),(39344,NULL,'2122-10',2122,10,'2122-10-01','2122-10-31',NULL,NULL,40744,0,NULL,1,0,0,1),(39345,NULL,'2122-11',2122,11,'2122-11-01','2122-11-30',NULL,NULL,40744,0,NULL,1,0,0,1),(39346,NULL,'2122-12',2122,12,'2122-12-01','2122-12-31',NULL,NULL,40744,0,NULL,1,0,0,1),(39350,NULL,'2123-01',2123,1,'2123-01-01','2123-01-31',NULL,NULL,40744,0,NULL,1,0,0,1),(39351,NULL,'2123-02',2123,2,'2123-02-01','2123-02-28',NULL,NULL,40744,0,NULL,1,0,0,1),(39352,NULL,'2123-03',2123,3,'2123-03-01','2123-03-31',NULL,NULL,40744,0,NULL,1,0,0,1),(39353,NULL,'2123-04',2123,4,'2123-04-01','2123-04-30',NULL,NULL,40744,0,NULL,1,0,0,1),(39354,NULL,'2123-05',2123,5,'2123-05-01','2123-05-31',NULL,NULL,40744,0,NULL,1,0,0,1),(39355,NULL,'2123-06',2123,6,'2123-06-01','2123-06-30',NULL,NULL,40744,0,NULL,1,0,0,1),(39356,NULL,'2123-07',2123,7,'2123-07-01','2123-07-31',NULL,NULL,40744,0,NULL,1,0,0,1),(39357,NULL,'2123-08',2123,8,'2123-08-01','2123-08-31',NULL,NULL,40744,0,NULL,1,0,0,1),(39358,NULL,'2123-09',2123,9,'2123-09-01','2123-09-30',NULL,NULL,40744,0,NULL,1,0,0,1),(39359,NULL,'2123-10',2123,10,'2123-10-01','2123-10-31',NULL,NULL,40744,0,NULL,1,0,0,1),(39360,NULL,'2123-11',2123,11,'2123-11-01','2123-11-30',NULL,NULL,40744,0,NULL,1,0,0,1),(39361,NULL,'2123-12',2123,12,'2123-12-01','2123-12-31',NULL,NULL,40744,0,NULL,1,0,0,1),(39365,NULL,'2124-01',2124,1,'2124-01-01','2124-01-31',NULL,NULL,40744,0,NULL,1,0,0,1),(39366,NULL,'2124-02',2124,2,'2124-02-01','2124-02-28',NULL,NULL,40744,0,NULL,1,0,0,1),(39367,NULL,'2124-03',2124,3,'2124-03-01','2124-03-31',NULL,NULL,40744,0,NULL,1,0,0,1),(39368,NULL,'2124-04',2124,4,'2124-04-01','2124-04-30',NULL,NULL,40744,0,NULL,1,0,0,1),(39369,NULL,'2124-05',2124,5,'2124-05-01','2124-05-31',NULL,NULL,40744,0,NULL,1,0,0,1),(39370,NULL,'2124-06',2124,6,'2124-06-01','2124-06-30',NULL,NULL,40744,0,NULL,1,0,0,1),(39371,NULL,'2124-07',2124,7,'2124-07-01','2124-07-31',NULL,NULL,40744,0,NULL,1,0,0,1),(39372,NULL,'2124-08',2124,8,'2124-08-01','2124-08-31',NULL,NULL,40744,0,NULL,1,0,0,1),(39373,NULL,'2124-09',2124,9,'2124-09-01','2124-09-30',NULL,NULL,40744,0,NULL,1,0,0,1),(39374,NULL,'2124-10',2124,10,'2124-10-01','2124-10-31',NULL,NULL,40744,0,NULL,1,0,0,1),(39375,NULL,'2124-11',2124,11,'2124-11-01','2124-11-30',NULL,NULL,40744,0,NULL,1,0,0,1),(39376,NULL,'2124-12',2124,12,'2124-12-01','2124-12-31',NULL,NULL,40744,0,NULL,1,0,0,1),(39380,NULL,'2125-01',2125,1,'2125-01-01','2125-01-31',NULL,NULL,40744,0,NULL,1,0,0,1),(39381,NULL,'2125-02',2125,2,'2125-02-01','2125-02-28',NULL,NULL,40744,0,NULL,1,0,0,1),(39382,NULL,'2125-03',2125,3,'2125-03-01','2125-03-31',NULL,NULL,40744,0,NULL,1,0,0,1),(39383,NULL,'2125-04',2125,4,'2125-04-01','2125-04-30',NULL,NULL,40744,0,NULL,1,0,0,1),(39384,NULL,'2125-05',2125,5,'2125-05-01','2125-05-31',NULL,NULL,40744,0,NULL,1,0,0,1),(39385,NULL,'2125-06',2125,6,'2125-06-01','2125-06-30',NULL,NULL,40744,0,NULL,1,0,0,1),(39386,NULL,'2125-07',2125,7,'2125-07-01','2125-07-31',NULL,NULL,40744,0,NULL,1,0,0,1);
INSERT INTO `periods` VALUES (39387,NULL,'2125-08',2125,8,'2125-08-01','2125-08-31',NULL,NULL,40744,0,NULL,1,0,0,1),(39388,NULL,'2125-09',2125,9,'2125-09-01','2125-09-30',NULL,NULL,40744,0,NULL,1,0,0,1),(39389,NULL,'2125-10',2125,10,'2125-10-01','2125-10-31',NULL,NULL,40744,0,NULL,1,0,0,1),(39390,NULL,'2125-11',2125,11,'2125-11-01','2125-11-30',NULL,NULL,40744,0,NULL,1,0,0,1),(39391,NULL,'2125-12',2125,12,'2125-12-01','2125-12-31',NULL,NULL,40744,0,NULL,1,0,0,1),(39395,NULL,'2024-12',2024,12,'2024-12-01','2024-12-31',NULL,NULL,40745,0,NULL,1,0,0,1),(39396,7800,'2025-01',2025,1,'2025-01-01','2025-01-31',NULL,'2025-03-04 16:40:53',40745,0,NULL,3,1,0,1),(39397,7800,'2025-02',2025,2,'2025-02-01','2025-02-28',NULL,'2025-04-01 13:14:37',40745,0,NULL,3,1,0,1),(39398,7800,'2025-03',2025,3,'2025-03-01','2025-03-31',NULL,'2025-05-03 09:28:18',40745,0,NULL,3,1,0,1),(39399,7800,'2025-04',2025,4,'2025-04-01','2025-04-30',NULL,'2025-05-30 20:17:54',40745,0,NULL,3,1,0,1),(39400,7800,'2025-05',2025,5,'2025-05-01','2025-05-31',NULL,'2025-06-24 09:08:29',40745,0,NULL,3,1,0,1),(39401,7800,'2025-06',2025,6,'2025-06-01','2025-06-30',NULL,'2025-08-04 17:06:40',40745,0,NULL,3,1,0,1),(39402,7800,'2025-07',2025,7,'2025-07-01','2025-07-31',NULL,'2025-09-01 20:42:54',40745,0,NULL,3,1,0,1),(39403,7800,'2025-08',2025,8,'2025-08-01','2025-08-31',NULL,'2025-10-03 15:40:42',40745,0,NULL,3,1,0,1),(39404,7800,'2025-09',2025,9,'2025-09-01','2025-09-30',NULL,'2025-11-03 16:18:47',40745,0,NULL,3,1,0,1),(39405,7800,'2025-10',2025,10,'2025-10-01','2025-10-31',NULL,'2025-11-03 16:22:39',40745,0,NULL,2,0,0,1),(39406,NULL,'2025-11',2025,11,'2025-11-01','2025-11-30',NULL,NULL,40745,0,NULL,1,0,0,1),(39407,NULL,'2025-12',2025,12,'2025-12-01','2025-12-31',NULL,NULL,40745,0,NULL,1,0,0,1),(39411,NULL,'2026-01',2026,1,'2026-01-01','2026-01-31',NULL,NULL,40745,0,NULL,1,0,0,1),(39412,NULL,'2026-02',2026,2,'2026-02-01','2026-02-28',NULL,NULL,40745,0,NULL,1,0,0,1),(39413,NULL,'2026-03',2026,3,'2026-03-01','2026-03-31',NULL,NULL,40745,0,NULL,1,0,0,1),(39414,NULL,'2026-04',2026,4,'2026-04-01','2026-04-30',NULL,NULL,40745,0,NULL,1,0,0,1),(39415,NULL,'2026-05',2026,5,'2026-05-01','2026-05-31',NULL,NULL,40745,0,NULL,1,0,0,1),(39416,NULL,'2026-06',2026,6,'2026-06-01','2026-06-30',NULL,NULL,40745,0,NULL,1,0,0,1),(39417,NULL,'2026-07',2026,7,'2026-07-01','2026-07-31',NULL,NULL,40745,0,NULL,1,0,0,1),(39418,NULL,'2026-08',2026,8,'2026-08-01','2026-08-31',NULL,NULL,40745,0,NULL,1,0,0,1),(39419,NULL,'2026-09',2026,9,'2026-09-01','2026-09-30',NULL,NULL,40745,0,NULL,1,0,0,1),(39420,NULL,'2026-10',2026,10,'2026-10-01','2026-10-31',NULL,NULL,40745,0,NULL,1,0,0,1),(39421,NULL,'2026-11',2026,11,'2026-11-01','2026-11-30',NULL,NULL,40745,0,NULL,1,0,0,1),(39422,NULL,'2026-12',2026,12,'2026-12-01','2026-12-31',NULL,NULL,40745,0,NULL,1,0,0,1),(39426,NULL,'2027-01',2027,1,'2027-01-01','2027-01-31',NULL,NULL,40745,0,NULL,1,0,0,1),(39427,NULL,'2027-02',2027,2,'2027-02-01','2027-02-28',NULL,NULL,40745,0,NULL,1,0,0,1),(39428,NULL,'2027-03',2027,3,'2027-03-01','2027-03-31',NULL,NULL,40745,0,NULL,1,0,0,1),(39429,NULL,'2027-04',2027,4,'2027-04-01','2027-04-30',NULL,NULL,40745,0,NULL,1,0,0,1),(39430,NULL,'2027-05',2027,5,'2027-05-01','2027-05-31',NULL,NULL,40745,0,NULL,1,0,0,1),(39431,NULL,'2027-06',2027,6,'2027-06-01','2027-06-30',NULL,NULL,40745,0,NULL,1,0,0,1),(39432,NULL,'2027-07',2027,7,'2027-07-01','2027-07-31',NULL,NULL,40745,0,NULL,1,0,0,1),(39433,NULL,'2027-08',2027,8,'2027-08-01','2027-08-31',NULL,NULL,40745,0,NULL,1,0,0,1),(39434,NULL,'2027-09',2027,9,'2027-09-01','2027-09-30',NULL,NULL,40745,0,NULL,1,0,0,1),(39435,NULL,'2027-10',2027,10,'2027-10-01','2027-10-31',NULL,NULL,40745,0,NULL,1,0,0,1),(39436,NULL,'2027-11',2027,11,'2027-11-01','2027-11-30',NULL,NULL,40745,0,NULL,1,0,0,1),(39437,NULL,'2027-12',2027,12,'2027-12-01','2027-12-31',NULL,NULL,40745,0,NULL,1,0,0,1),(39441,NULL,'2028-01',2028,1,'2028-01-01','2028-01-31',NULL,NULL,40745,0,NULL,1,0,0,1),(39442,NULL,'2028-02',2028,2,'2028-02-01','2028-02-28',NULL,NULL,40745,0,NULL,1,0,0,1);
INSERT INTO `periods` VALUES (39443,NULL,'2028-03',2028,3,'2028-03-01','2028-03-31',NULL,NULL,40745,0,NULL,1,0,0,1),(39444,NULL,'2028-04',2028,4,'2028-04-01','2028-04-30',NULL,NULL,40745,0,NULL,1,0,0,1),(39445,NULL,'2028-05',2028,5,'2028-05-01','2028-05-31',NULL,NULL,40745,0,NULL,1,0,0,1),(39446,NULL,'2028-06',2028,6,'2028-06-01','2028-06-30',NULL,NULL,40745,0,NULL,1,0,0,1),(39447,NULL,'2028-07',2028,7,'2028-07-01','2028-07-31',NULL,NULL,40745,0,NULL,1,0,0,1),(39448,NULL,'2028-08',2028,8,'2028-08-01','2028-08-31',NULL,NULL,40745,0,NULL,1,0,0,1),(39449,NULL,'2028-09',2028,9,'2028-09-01','2028-09-30',NULL,NULL,40745,0,NULL,1,0,0,1),(39450,NULL,'2028-10',2028,10,'2028-10-01','2028-10-31',NULL,NULL,40745,0,NULL,1,0,0,1),(39451,NULL,'2028-11',2028,11,'2028-11-01','2028-11-30',NULL,NULL,40745,0,NULL,1,0,0,1),(39452,NULL,'2028-12',2028,12,'2028-12-01','2028-12-31',NULL,NULL,40745,0,NULL,1,0,0,1),(39456,NULL,'2029-01',2029,1,'2029-01-01','2029-01-31',NULL,NULL,40745,0,NULL,1,0,0,1),(39457,NULL,'2029-02',2029,2,'2029-02-01','2029-02-28',NULL,NULL,40745,0,NULL,1,0,0,1),(39458,NULL,'2029-03',2029,3,'2029-03-01','2029-03-31',NULL,NULL,40745,0,NULL,1,0,0,1),(39459,NULL,'2029-04',2029,4,'2029-04-01','2029-04-30',NULL,NULL,40745,0,NULL,1,0,0,1),(39460,NULL,'2029-05',2029,5,'2029-05-01','2029-05-31',NULL,NULL,40745,0,NULL,1,0,0,1),(39461,NULL,'2029-06',2029,6,'2029-06-01','2029-06-30',NULL,NULL,40745,0,NULL,1,0,0,1),(39462,NULL,'2029-07',2029,7,'2029-07-01','2029-07-31',NULL,NULL,40745,0,NULL,1,0,0,1),(39463,NULL,'2029-08',2029,8,'2029-08-01','2029-08-31',NULL,NULL,40745,0,NULL,1,0,0,1),(39464,NULL,'2029-09',2029,9,'2029-09-01','2029-09-30',NULL,NULL,40745,0,NULL,1,0,0,1),(39465,NULL,'2029-10',2029,10,'2029-10-01','2029-10-31',NULL,NULL,40745,0,NULL,1,0,0,1),(39466,NULL,'2029-11',2029,11,'2029-11-01','2029-11-30',NULL,NULL,40745,0,NULL,1,0,0,1),(39467,NULL,'2029-12',2029,12,'2029-12-01','2029-12-31',NULL,NULL,40745,0,NULL,1,0,0,1),(39471,NULL,'2030-01',2030,1,'2030-01-01','2030-01-31',NULL,NULL,40745,0,NULL,1,0,0,1),(39472,NULL,'2030-02',2030,2,'2030-02-01','2030-02-28',NULL,NULL,40745,0,NULL,1,0,0,1),(39473,NULL,'2030-03',2030,3,'2030-03-01','2030-03-31',NULL,NULL,40745,0,NULL,1,0,0,1),(39474,NULL,'2030-04',2030,4,'2030-04-01','2030-04-30',NULL,NULL,40745,0,NULL,1,0,0,1),(39475,NULL,'2030-05',2030,5,'2030-05-01','2030-05-31',NULL,NULL,40745,0,NULL,1,0,0,1),(39476,NULL,'2030-06',2030,6,'2030-06-01','2030-06-30',NULL,NULL,40745,0,NULL,1,0,0,1),(39477,NULL,'2030-07',2030,7,'2030-07-01','2030-07-31',NULL,NULL,40745,0,NULL,1,0,0,1),(39478,NULL,'2030-08',2030,8,'2030-08-01','2030-08-31',NULL,NULL,40745,0,NULL,1,0,0,1),(39479,NULL,'2030-09',2030,9,'2030-09-01','2030-09-30',NULL,NULL,40745,0,NULL,1,0,0,1),(39480,NULL,'2030-10',2030,10,'2030-10-01','2030-10-31',NULL,NULL,40745,0,NULL,1,0,0,1),(39481,NULL,'2030-11',2030,11,'2030-11-01','2030-11-30',NULL,NULL,40745,0,NULL,1,0,0,1),(39482,NULL,'2030-12',2030,12,'2030-12-01','2030-12-31',NULL,NULL,40745,0,NULL,1,0,0,1),(39486,NULL,'2031-01',2031,1,'2031-01-01','2031-01-31',NULL,NULL,40745,0,NULL,1,0,0,1),(39487,NULL,'2031-02',2031,2,'2031-02-01','2031-02-28',NULL,NULL,40745,0,NULL,1,0,0,1),(39488,NULL,'2031-03',2031,3,'2031-03-01','2031-03-31',NULL,NULL,40745,0,NULL,1,0,0,1),(39489,NULL,'2031-04',2031,4,'2031-04-01','2031-04-30',NULL,NULL,40745,0,NULL,1,0,0,1),(39490,NULL,'2031-05',2031,5,'2031-05-01','2031-05-31',NULL,NULL,40745,0,NULL,1,0,0,1),(39491,NULL,'2031-06',2031,6,'2031-06-01','2031-06-30',NULL,NULL,40745,0,NULL,1,0,0,1),(39492,NULL,'2031-07',2031,7,'2031-07-01','2031-07-31',NULL,NULL,40745,0,NULL,1,0,0,1),(39493,NULL,'2031-08',2031,8,'2031-08-01','2031-08-31',NULL,NULL,40745,0,NULL,1,0,0,1),(39494,NULL,'2031-09',2031,9,'2031-09-01','2031-09-30',NULL,NULL,40745,0,NULL,1,0,0,1),(39495,NULL,'2031-10',2031,10,'2031-10-01','2031-10-31',NULL,NULL,40745,0,NULL,1,0,0,1),(39496,NULL,'2031-11',2031,11,'2031-11-01','2031-11-30',NULL,NULL,40745,0,NULL,1,0,0,1),(39497,NULL,'2031-12',2031,12,'2031-12-01','2031-12-31',NULL,NULL,40745,0,NULL,1,0,0,1);
INSERT INTO `periods` VALUES (39501,NULL,'2032-01',2032,1,'2032-01-01','2032-01-31',NULL,NULL,40745,0,NULL,1,0,0,1),(39502,NULL,'2032-02',2032,2,'2032-02-01','2032-02-28',NULL,NULL,40745,0,NULL,1,0,0,1),(39503,NULL,'2032-03',2032,3,'2032-03-01','2032-03-31',NULL,NULL,40745,0,NULL,1,0,0,1),(39504,NULL,'2032-04',2032,4,'2032-04-01','2032-04-30',NULL,NULL,40745,0,NULL,1,0,0,1),(39505,NULL,'2032-05',2032,5,'2032-05-01','2032-05-31',NULL,NULL,40745,0,NULL,1,0,0,1),(39506,NULL,'2032-06',2032,6,'2032-06-01','2032-06-30',NULL,NULL,40745,0,NULL,1,0,0,1),(39507,NULL,'2032-07',2032,7,'2032-07-01','2032-07-31',NULL,NULL,40745,0,NULL,1,0,0,1),(39508,NULL,'2032-08',2032,8,'2032-08-01','2032-08-31',NULL,NULL,40745,0,NULL,1,0,0,1),(39509,NULL,'2032-09',2032,9,'2032-09-01','2032-09-30',NULL,NULL,40745,0,NULL,1,0,0,1),(39510,NULL,'2032-10',2032,10,'2032-10-01','2032-10-31',NULL,NULL,40745,0,NULL,1,0,0,1),(39511,NULL,'2032-11',2032,11,'2032-11-01','2032-11-30',NULL,NULL,40745,0,NULL,1,0,0,1),(39512,NULL,'2032-12',2032,12,'2032-12-01','2032-12-31',NULL,NULL,40745,0,NULL,1,0,0,1),(39516,NULL,'2033-01',2033,1,'2033-01-01','2033-01-31',NULL,NULL,40745,0,NULL,1,0,0,1),(39517,NULL,'2033-02',2033,2,'2033-02-01','2033-02-28',NULL,NULL,40745,0,NULL,1,0,0,1),(39518,NULL,'2033-03',2033,3,'2033-03-01','2033-03-31',NULL,NULL,40745,0,NULL,1,0,0,1),(39519,NULL,'2033-04',2033,4,'2033-04-01','2033-04-30',NULL,NULL,40745,0,NULL,1,0,0,1),(39520,NULL,'2033-05',2033,5,'2033-05-01','2033-05-31',NULL,NULL,40745,0,NULL,1,0,0,1),(39521,NULL,'2033-06',2033,6,'2033-06-01','2033-06-30',NULL,NULL,40745,0,NULL,1,0,0,1),(39522,NULL,'2033-07',2033,7,'2033-07-01','2033-07-31',NULL,NULL,40745,0,NULL,1,0,0,1),(39523,NULL,'2033-08',2033,8,'2033-08-01','2033-08-31',NULL,NULL,40745,0,NULL,1,0,0,1),(39524,NULL,'2033-09',2033,9,'2033-09-01','2033-09-30',NULL,NULL,40745,0,NULL,1,0,0,1),(39525,NULL,'2033-10',2033,10,'2033-10-01','2033-10-31',NULL,NULL,40745,0,NULL,1,0,0,1),(39526,NULL,'2033-11',2033,11,'2033-11-01','2033-11-30',NULL,NULL,40745,0,NULL,1,0,0,1),(39527,NULL,'2033-12',2033,12,'2033-12-01','2033-12-31',NULL,NULL,40745,0,NULL,1,0,0,1),(39531,NULL,'2034-01',2034,1,'2034-01-01','2034-01-31',NULL,NULL,40745,0,NULL,1,0,0,1),(39532,NULL,'2034-02',2034,2,'2034-02-01','2034-02-28',NULL,NULL,40745,0,NULL,1,0,0,1),(39533,NULL,'2034-03',2034,3,'2034-03-01','2034-03-31',NULL,NULL,40745,0,NULL,1,0,0,1),(39534,NULL,'2034-04',2034,4,'2034-04-01','2034-04-30',NULL,NULL,40745,0,NULL,1,0,0,1),(39535,NULL,'2034-05',2034,5,'2034-05-01','2034-05-31',NULL,NULL,40745,0,NULL,1,0,0,1),(39536,NULL,'2034-06',2034,6,'2034-06-01','2034-06-30',NULL,NULL,40745,0,NULL,1,0,0,1),(39537,NULL,'2034-07',2034,7,'2034-07-01','2034-07-31',NULL,NULL,40745,0,NULL,1,0,0,1),(39538,NULL,'2034-08',2034,8,'2034-08-01','2034-08-31',NULL,NULL,40745,0,NULL,1,0,0,1),(39539,NULL,'2034-09',2034,9,'2034-09-01','2034-09-30',NULL,NULL,40745,0,NULL,1,0,0,1),(39540,NULL,'2034-10',2034,10,'2034-10-01','2034-10-31',NULL,NULL,40745,0,NULL,1,0,0,1),(39541,NULL,'2034-11',2034,11,'2034-11-01','2034-11-30',NULL,NULL,40745,0,NULL,1,0,0,1),(39542,NULL,'2034-12',2034,12,'2034-12-01','2034-12-31',NULL,NULL,40745,0,NULL,1,0,0,1),(39546,NULL,'2035-01',2035,1,'2035-01-01','2035-01-31',NULL,NULL,40745,0,NULL,1,0,0,1),(39547,NULL,'2035-02',2035,2,'2035-02-01','2035-02-28',NULL,NULL,40745,0,NULL,1,0,0,1),(39548,NULL,'2035-03',2035,3,'2035-03-01','2035-03-31',NULL,NULL,40745,0,NULL,1,0,0,1),(39549,NULL,'2035-04',2035,4,'2035-04-01','2035-04-30',NULL,NULL,40745,0,NULL,1,0,0,1),(39550,NULL,'2035-05',2035,5,'2035-05-01','2035-05-31',NULL,NULL,40745,0,NULL,1,0,0,1),(39551,NULL,'2035-06',2035,6,'2035-06-01','2035-06-30',NULL,NULL,40745,0,NULL,1,0,0,1),(39552,NULL,'2035-07',2035,7,'2035-07-01','2035-07-31',NULL,NULL,40745,0,NULL,1,0,0,1),(39553,NULL,'2035-08',2035,8,'2035-08-01','2035-08-31',NULL,NULL,40745,0,NULL,1,0,0,1),(39554,NULL,'2035-09',2035,9,'2035-09-01','2035-09-30',NULL,NULL,40745,0,NULL,1,0,0,1),(39555,NULL,'2035-10',2035,10,'2035-10-01','2035-10-31',NULL,NULL,40745,0,NULL,1,0,0,1);
INSERT INTO `periods` VALUES (39556,NULL,'2035-11',2035,11,'2035-11-01','2035-11-30',NULL,NULL,40745,0,NULL,1,0,0,1),(39557,NULL,'2035-12',2035,12,'2035-12-01','2035-12-31',NULL,NULL,40745,0,NULL,1,0,0,1),(39561,NULL,'2036-01',2036,1,'2036-01-01','2036-01-31',NULL,NULL,40745,0,NULL,1,0,0,1),(39562,NULL,'2036-02',2036,2,'2036-02-01','2036-02-28',NULL,NULL,40745,0,NULL,1,0,0,1),(39563,NULL,'2036-03',2036,3,'2036-03-01','2036-03-31',NULL,NULL,40745,0,NULL,1,0,0,1),(39564,NULL,'2036-04',2036,4,'2036-04-01','2036-04-30',NULL,NULL,40745,0,NULL,1,0,0,1),(39565,NULL,'2036-05',2036,5,'2036-05-01','2036-05-31',NULL,NULL,40745,0,NULL,1,0,0,1),(39566,NULL,'2036-06',2036,6,'2036-06-01','2036-06-30',NULL,NULL,40745,0,NULL,1,0,0,1),(39567,NULL,'2036-07',2036,7,'2036-07-01','2036-07-31',NULL,NULL,40745,0,NULL,1,0,0,1),(39568,NULL,'2036-08',2036,8,'2036-08-01','2036-08-31',NULL,NULL,40745,0,NULL,1,0,0,1),(39569,NULL,'2036-09',2036,9,'2036-09-01','2036-09-30',NULL,NULL,40745,0,NULL,1,0,0,1),(39570,NULL,'2036-10',2036,10,'2036-10-01','2036-10-31',NULL,NULL,40745,0,NULL,1,0,0,1),(39571,NULL,'2036-11',2036,11,'2036-11-01','2036-11-30',NULL,NULL,40745,0,NULL,1,0,0,1),(39572,NULL,'2036-12',2036,12,'2036-12-01','2036-12-31',NULL,NULL,40745,0,NULL,1,0,0,1),(39576,NULL,'2037-01',2037,1,'2037-01-01','2037-01-31',NULL,NULL,40745,0,NULL,1,0,0,1),(39577,NULL,'2037-02',2037,2,'2037-02-01','2037-02-28',NULL,NULL,40745,0,NULL,1,0,0,1),(39578,NULL,'2037-03',2037,3,'2037-03-01','2037-03-31',NULL,NULL,40745,0,NULL,1,0,0,1),(39579,NULL,'2037-04',2037,4,'2037-04-01','2037-04-30',NULL,NULL,40745,0,NULL,1,0,0,1),(39580,NULL,'2037-05',2037,5,'2037-05-01','2037-05-31',NULL,NULL,40745,0,NULL,1,0,0,1),(39581,NULL,'2037-06',2037,6,'2037-06-01','2037-06-30',NULL,NULL,40745,0,NULL,1,0,0,1),(39582,NULL,'2037-07',2037,7,'2037-07-01','2037-07-31',NULL,NULL,40745,0,NULL,1,0,0,1),(39583,NULL,'2037-08',2037,8,'2037-08-01','2037-08-31',NULL,NULL,40745,0,NULL,1,0,0,1),(39584,NULL,'2037-09',2037,9,'2037-09-01','2037-09-30',NULL,NULL,40745,0,NULL,1,0,0,1),(39585,NULL,'2037-10',2037,10,'2037-10-01','2037-10-31',NULL,NULL,40745,0,NULL,1,0,0,1),(39586,NULL,'2037-11',2037,11,'2037-11-01','2037-11-30',NULL,NULL,40745,0,NULL,1,0,0,1),(39587,NULL,'2037-12',2037,12,'2037-12-01','2037-12-31',NULL,NULL,40745,0,NULL,1,0,0,1),(39591,NULL,'2038-01',2038,1,'2038-01-01','2038-01-31',NULL,NULL,40745,0,NULL,1,0,0,1),(39592,NULL,'2038-02',2038,2,'2038-02-01','2038-02-28',NULL,NULL,40745,0,NULL,1,0,0,1),(39593,NULL,'2038-03',2038,3,'2038-03-01','2038-03-31',NULL,NULL,40745,0,NULL,1,0,0,1),(39594,NULL,'2038-04',2038,4,'2038-04-01','2038-04-30',NULL,NULL,40745,0,NULL,1,0,0,1),(39595,NULL,'2038-05',2038,5,'2038-05-01','2038-05-31',NULL,NULL,40745,0,NULL,1,0,0,1),(39596,NULL,'2038-06',2038,6,'2038-06-01','2038-06-30',NULL,NULL,40745,0,NULL,1,0,0,1),(39597,NULL,'2038-07',2038,7,'2038-07-01','2038-07-31',NULL,NULL,40745,0,NULL,1,0,0,1),(39598,NULL,'2038-08',2038,8,'2038-08-01','2038-08-31',NULL,NULL,40745,0,NULL,1,0,0,1),(39599,NULL,'2038-09',2038,9,'2038-09-01','2038-09-30',NULL,NULL,40745,0,NULL,1,0,0,1),(39600,NULL,'2038-10',2038,10,'2038-10-01','2038-10-31',NULL,NULL,40745,0,NULL,1,0,0,1),(39601,NULL,'2038-11',2038,11,'2038-11-01','2038-11-30',NULL,NULL,40745,0,NULL,1,0,0,1),(39602,NULL,'2038-12',2038,12,'2038-12-01','2038-12-31',NULL,NULL,40745,0,NULL,1,0,0,1),(39606,NULL,'2039-01',2039,1,'2039-01-01','2039-01-31',NULL,NULL,40745,0,NULL,1,0,0,1),(39607,NULL,'2039-02',2039,2,'2039-02-01','2039-02-28',NULL,NULL,40745,0,NULL,1,0,0,1),(39608,NULL,'2039-03',2039,3,'2039-03-01','2039-03-31',NULL,NULL,40745,0,NULL,1,0,0,1),(39609,NULL,'2039-04',2039,4,'2039-04-01','2039-04-30',NULL,NULL,40745,0,NULL,1,0,0,1),(39610,NULL,'2039-05',2039,5,'2039-05-01','2039-05-31',NULL,NULL,40745,0,NULL,1,0,0,1),(39611,NULL,'2039-06',2039,6,'2039-06-01','2039-06-30',NULL,NULL,40745,0,NULL,1,0,0,1),(39612,NULL,'2039-07',2039,7,'2039-07-01','2039-07-31',NULL,NULL,40745,0,NULL,1,0,0,1),(39613,NULL,'2039-08',2039,8,'2039-08-01','2039-08-31',NULL,NULL,40745,0,NULL,1,0,0,1);
INSERT INTO `periods` VALUES (39614,NULL,'2039-09',2039,9,'2039-09-01','2039-09-30',NULL,NULL,40745,0,NULL,1,0,0,1),(39615,NULL,'2039-10',2039,10,'2039-10-01','2039-10-31',NULL,NULL,40745,0,NULL,1,0,0,1),(39616,NULL,'2039-11',2039,11,'2039-11-01','2039-11-30',NULL,NULL,40745,0,NULL,1,0,0,1),(39617,NULL,'2039-12',2039,12,'2039-12-01','2039-12-31',NULL,NULL,40745,0,NULL,1,0,0,1),(39621,NULL,'2040-01',2040,1,'2040-01-01','2040-01-31',NULL,NULL,40745,0,NULL,1,0,0,1),(39622,NULL,'2040-02',2040,2,'2040-02-01','2040-02-28',NULL,NULL,40745,0,NULL,1,0,0,1),(39623,NULL,'2040-03',2040,3,'2040-03-01','2040-03-31',NULL,NULL,40745,0,NULL,1,0,0,1),(39624,NULL,'2040-04',2040,4,'2040-04-01','2040-04-30',NULL,NULL,40745,0,NULL,1,0,0,1),(39625,NULL,'2040-05',2040,5,'2040-05-01','2040-05-31',NULL,NULL,40745,0,NULL,1,0,0,1),(39626,NULL,'2040-06',2040,6,'2040-06-01','2040-06-30',NULL,NULL,40745,0,NULL,1,0,0,1),(39627,NULL,'2040-07',2040,7,'2040-07-01','2040-07-31',NULL,NULL,40745,0,NULL,1,0,0,1),(39628,NULL,'2040-08',2040,8,'2040-08-01','2040-08-31',NULL,NULL,40745,0,NULL,1,0,0,1),(39629,NULL,'2040-09',2040,9,'2040-09-01','2040-09-30',NULL,NULL,40745,0,NULL,1,0,0,1),(39630,NULL,'2040-10',2040,10,'2040-10-01','2040-10-31',NULL,NULL,40745,0,NULL,1,0,0,1),(39631,NULL,'2040-11',2040,11,'2040-11-01','2040-11-30',NULL,NULL,40745,0,NULL,1,0,0,1),(39632,NULL,'2040-12',2040,12,'2040-12-01','2040-12-31',NULL,NULL,40745,0,NULL,1,0,0,1),(39636,NULL,'2041-01',2041,1,'2041-01-01','2041-01-31',NULL,NULL,40745,0,NULL,1,0,0,1),(39637,NULL,'2041-02',2041,2,'2041-02-01','2041-02-28',NULL,NULL,40745,0,NULL,1,0,0,1),(39638,NULL,'2041-03',2041,3,'2041-03-01','2041-03-31',NULL,NULL,40745,0,NULL,1,0,0,1),(39639,NULL,'2041-04',2041,4,'2041-04-01','2041-04-30',NULL,NULL,40745,0,NULL,1,0,0,1),(39640,NULL,'2041-05',2041,5,'2041-05-01','2041-05-31',NULL,NULL,40745,0,NULL,1,0,0,1),(39641,NULL,'2041-06',2041,6,'2041-06-01','2041-06-30',NULL,NULL,40745,0,NULL,1,0,0,1),(39642,NULL,'2041-07',2041,7,'2041-07-01','2041-07-31',NULL,NULL,40745,0,NULL,1,0,0,1),(39643,NULL,'2041-08',2041,8,'2041-08-01','2041-08-31',NULL,NULL,40745,0,NULL,1,0,0,1),(39644,NULL,'2041-09',2041,9,'2041-09-01','2041-09-30',NULL,NULL,40745,0,NULL,1,0,0,1),(39645,NULL,'2041-10',2041,10,'2041-10-01','2041-10-31',NULL,NULL,40745,0,NULL,1,0,0,1),(39646,NULL,'2041-11',2041,11,'2041-11-01','2041-11-30',NULL,NULL,40745,0,NULL,1,0,0,1),(39647,NULL,'2041-12',2041,12,'2041-12-01','2041-12-31',NULL,NULL,40745,0,NULL,1,0,0,1),(39651,NULL,'2042-01',2042,1,'2042-01-01','2042-01-31',NULL,NULL,40745,0,NULL,1,0,0,1),(39652,NULL,'2042-02',2042,2,'2042-02-01','2042-02-28',NULL,NULL,40745,0,NULL,1,0,0,1),(39653,NULL,'2042-03',2042,3,'2042-03-01','2042-03-31',NULL,NULL,40745,0,NULL,1,0,0,1),(39654,NULL,'2042-04',2042,4,'2042-04-01','2042-04-30',NULL,NULL,40745,0,NULL,1,0,0,1),(39655,NULL,'2042-05',2042,5,'2042-05-01','2042-05-31',NULL,NULL,40745,0,NULL,1,0,0,1),(39656,NULL,'2042-06',2042,6,'2042-06-01','2042-06-30',NULL,NULL,40745,0,NULL,1,0,0,1),(39657,NULL,'2042-07',2042,7,'2042-07-01','2042-07-31',NULL,NULL,40745,0,NULL,1,0,0,1),(39658,NULL,'2042-08',2042,8,'2042-08-01','2042-08-31',NULL,NULL,40745,0,NULL,1,0,0,1),(39659,NULL,'2042-09',2042,9,'2042-09-01','2042-09-30',NULL,NULL,40745,0,NULL,1,0,0,1),(39660,NULL,'2042-10',2042,10,'2042-10-01','2042-10-31',NULL,NULL,40745,0,NULL,1,0,0,1),(39661,NULL,'2042-11',2042,11,'2042-11-01','2042-11-30',NULL,NULL,40745,0,NULL,1,0,0,1),(39662,NULL,'2042-12',2042,12,'2042-12-01','2042-12-31',NULL,NULL,40745,0,NULL,1,0,0,1),(39666,NULL,'2043-01',2043,1,'2043-01-01','2043-01-31',NULL,NULL,40745,0,NULL,1,0,0,1),(39667,NULL,'2043-02',2043,2,'2043-02-01','2043-02-28',NULL,NULL,40745,0,NULL,1,0,0,1),(39668,NULL,'2043-03',2043,3,'2043-03-01','2043-03-31',NULL,NULL,40745,0,NULL,1,0,0,1),(39669,NULL,'2043-04',2043,4,'2043-04-01','2043-04-30',NULL,NULL,40745,0,NULL,1,0,0,1),(39670,NULL,'2043-05',2043,5,'2043-05-01','2043-05-31',NULL,NULL,40745,0,NULL,1,0,0,1),(39671,NULL,'2043-06',2043,6,'2043-06-01','2043-06-30',NULL,NULL,40745,0,NULL,1,0,0,1);
INSERT INTO `periods` VALUES (39672,NULL,'2043-07',2043,7,'2043-07-01','2043-07-31',NULL,NULL,40745,0,NULL,1,0,0,1),(39673,NULL,'2043-08',2043,8,'2043-08-01','2043-08-31',NULL,NULL,40745,0,NULL,1,0,0,1),(39674,NULL,'2043-09',2043,9,'2043-09-01','2043-09-30',NULL,NULL,40745,0,NULL,1,0,0,1),(39675,NULL,'2043-10',2043,10,'2043-10-01','2043-10-31',NULL,NULL,40745,0,NULL,1,0,0,1),(39676,NULL,'2043-11',2043,11,'2043-11-01','2043-11-30',NULL,NULL,40745,0,NULL,1,0,0,1),(39677,NULL,'2043-12',2043,12,'2043-12-01','2043-12-31',NULL,NULL,40745,0,NULL,1,0,0,1),(39681,NULL,'2044-01',2044,1,'2044-01-01','2044-01-31',NULL,NULL,40745,0,NULL,1,0,0,1),(39682,NULL,'2044-02',2044,2,'2044-02-01','2044-02-28',NULL,NULL,40745,0,NULL,1,0,0,1),(39683,NULL,'2044-03',2044,3,'2044-03-01','2044-03-31',NULL,NULL,40745,0,NULL,1,0,0,1),(39684,NULL,'2044-04',2044,4,'2044-04-01','2044-04-30',NULL,NULL,40745,0,NULL,1,0,0,1),(39685,NULL,'2044-05',2044,5,'2044-05-01','2044-05-31',NULL,NULL,40745,0,NULL,1,0,0,1),(39686,NULL,'2044-06',2044,6,'2044-06-01','2044-06-30',NULL,NULL,40745,0,NULL,1,0,0,1),(39687,NULL,'2044-07',2044,7,'2044-07-01','2044-07-31',NULL,NULL,40745,0,NULL,1,0,0,1),(39688,NULL,'2044-08',2044,8,'2044-08-01','2044-08-31',NULL,NULL,40745,0,NULL,1,0,0,1),(39689,NULL,'2044-09',2044,9,'2044-09-01','2044-09-30',NULL,NULL,40745,0,NULL,1,0,0,1),(39690,NULL,'2044-10',2044,10,'2044-10-01','2044-10-31',NULL,NULL,40745,0,NULL,1,0,0,1),(39691,NULL,'2044-11',2044,11,'2044-11-01','2044-11-30',NULL,NULL,40745,0,NULL,1,0,0,1),(39692,NULL,'2044-12',2044,12,'2044-12-01','2044-12-31',NULL,NULL,40745,0,NULL,1,0,0,1),(39696,NULL,'2045-01',2045,1,'2045-01-01','2045-01-31',NULL,NULL,40745,0,NULL,1,0,0,1),(39697,NULL,'2045-02',2045,2,'2045-02-01','2045-02-28',NULL,NULL,40745,0,NULL,1,0,0,1),(39698,NULL,'2045-03',2045,3,'2045-03-01','2045-03-31',NULL,NULL,40745,0,NULL,1,0,0,1),(39699,NULL,'2045-04',2045,4,'2045-04-01','2045-04-30',NULL,NULL,40745,0,NULL,1,0,0,1),(39700,NULL,'2045-05',2045,5,'2045-05-01','2045-05-31',NULL,NULL,40745,0,NULL,1,0,0,1),(39701,NULL,'2045-06',2045,6,'2045-06-01','2045-06-30',NULL,NULL,40745,0,NULL,1,0,0,1),(39702,NULL,'2045-07',2045,7,'2045-07-01','2045-07-31',NULL,NULL,40745,0,NULL,1,0,0,1),(39703,NULL,'2045-08',2045,8,'2045-08-01','2045-08-31',NULL,NULL,40745,0,NULL,1,0,0,1),(39704,NULL,'2045-09',2045,9,'2045-09-01','2045-09-30',NULL,NULL,40745,0,NULL,1,0,0,1),(39705,NULL,'2045-10',2045,10,'2045-10-01','2045-10-31',NULL,NULL,40745,0,NULL,1,0,0,1),(39706,NULL,'2045-11',2045,11,'2045-11-01','2045-11-30',NULL,NULL,40745,0,NULL,1,0,0,1),(39707,NULL,'2045-12',2045,12,'2045-12-01','2045-12-31',NULL,NULL,40745,0,NULL,1,0,0,1),(39711,NULL,'2046-01',2046,1,'2046-01-01','2046-01-31',NULL,NULL,40745,0,NULL,1,0,0,1),(39712,NULL,'2046-02',2046,2,'2046-02-01','2046-02-28',NULL,NULL,40745,0,NULL,1,0,0,1),(39713,NULL,'2046-03',2046,3,'2046-03-01','2046-03-31',NULL,NULL,40745,0,NULL,1,0,0,1),(39714,NULL,'2046-04',2046,4,'2046-04-01','2046-04-30',NULL,NULL,40745,0,NULL,1,0,0,1),(39715,NULL,'2046-05',2046,5,'2046-05-01','2046-05-31',NULL,NULL,40745,0,NULL,1,0,0,1),(39716,NULL,'2046-06',2046,6,'2046-06-01','2046-06-30',NULL,NULL,40745,0,NULL,1,0,0,1),(39717,NULL,'2046-07',2046,7,'2046-07-01','2046-07-31',NULL,NULL,40745,0,NULL,1,0,0,1),(39718,NULL,'2046-08',2046,8,'2046-08-01','2046-08-31',NULL,NULL,40745,0,NULL,1,0,0,1),(39719,NULL,'2046-09',2046,9,'2046-09-01','2046-09-30',NULL,NULL,40745,0,NULL,1,0,0,1),(39720,NULL,'2046-10',2046,10,'2046-10-01','2046-10-31',NULL,NULL,40745,0,NULL,1,0,0,1),(39721,NULL,'2046-11',2046,11,'2046-11-01','2046-11-30',NULL,NULL,40745,0,NULL,1,0,0,1),(39722,NULL,'2046-12',2046,12,'2046-12-01','2046-12-31',NULL,NULL,40745,0,NULL,1,0,0,1),(39726,NULL,'2047-01',2047,1,'2047-01-01','2047-01-31',NULL,NULL,40745,0,NULL,1,0,0,1),(39727,NULL,'2047-02',2047,2,'2047-02-01','2047-02-28',NULL,NULL,40745,0,NULL,1,0,0,1),(39728,NULL,'2047-03',2047,3,'2047-03-01','2047-03-31',NULL,NULL,40745,0,NULL,1,0,0,1),(39729,NULL,'2047-04',2047,4,'2047-04-01','2047-04-30',NULL,NULL,40745,0,NULL,1,0,0,1);
INSERT INTO `periods` VALUES (39730,NULL,'2047-05',2047,5,'2047-05-01','2047-05-31',NULL,NULL,40745,0,NULL,1,0,0,1),(39731,NULL,'2047-06',2047,6,'2047-06-01','2047-06-30',NULL,NULL,40745,0,NULL,1,0,0,1),(39732,NULL,'2047-07',2047,7,'2047-07-01','2047-07-31',NULL,NULL,40745,0,NULL,1,0,0,1),(39733,NULL,'2047-08',2047,8,'2047-08-01','2047-08-31',NULL,NULL,40745,0,NULL,1,0,0,1),(39734,NULL,'2047-09',2047,9,'2047-09-01','2047-09-30',NULL,NULL,40745,0,NULL,1,0,0,1),(39735,NULL,'2047-10',2047,10,'2047-10-01','2047-10-31',NULL,NULL,40745,0,NULL,1,0,0,1),(39736,NULL,'2047-11',2047,11,'2047-11-01','2047-11-30',NULL,NULL,40745,0,NULL,1,0,0,1),(39737,NULL,'2047-12',2047,12,'2047-12-01','2047-12-31',NULL,NULL,40745,0,NULL,1,0,0,1),(39741,NULL,'2048-01',2048,1,'2048-01-01','2048-01-31',NULL,NULL,40745,0,NULL,1,0,0,1),(39742,NULL,'2048-02',2048,2,'2048-02-01','2048-02-28',NULL,NULL,40745,0,NULL,1,0,0,1),(39743,NULL,'2048-03',2048,3,'2048-03-01','2048-03-31',NULL,NULL,40745,0,NULL,1,0,0,1),(39744,NULL,'2048-04',2048,4,'2048-04-01','2048-04-30',NULL,NULL,40745,0,NULL,1,0,0,1),(39745,NULL,'2048-05',2048,5,'2048-05-01','2048-05-31',NULL,NULL,40745,0,NULL,1,0,0,1),(39746,NULL,'2048-06',2048,6,'2048-06-01','2048-06-30',NULL,NULL,40745,0,NULL,1,0,0,1),(39747,NULL,'2048-07',2048,7,'2048-07-01','2048-07-31',NULL,NULL,40745,0,NULL,1,0,0,1),(39748,NULL,'2048-08',2048,8,'2048-08-01','2048-08-31',NULL,NULL,40745,0,NULL,1,0,0,1),(39749,NULL,'2048-09',2048,9,'2048-09-01','2048-09-30',NULL,NULL,40745,0,NULL,1,0,0,1),(39750,NULL,'2048-10',2048,10,'2048-10-01','2048-10-31',NULL,NULL,40745,0,NULL,1,0,0,1),(39751,NULL,'2048-11',2048,11,'2048-11-01','2048-11-30',NULL,NULL,40745,0,NULL,1,0,0,1),(39752,NULL,'2048-12',2048,12,'2048-12-01','2048-12-31',NULL,NULL,40745,0,NULL,1,0,0,1),(39756,NULL,'2049-01',2049,1,'2049-01-01','2049-01-31',NULL,NULL,40745,0,NULL,1,0,0,1),(39757,NULL,'2049-02',2049,2,'2049-02-01','2049-02-28',NULL,NULL,40745,0,NULL,1,0,0,1),(39758,NULL,'2049-03',2049,3,'2049-03-01','2049-03-31',NULL,NULL,40745,0,NULL,1,0,0,1),(39759,NULL,'2049-04',2049,4,'2049-04-01','2049-04-30',NULL,NULL,40745,0,NULL,1,0,0,1),(39760,NULL,'2049-05',2049,5,'2049-05-01','2049-05-31',NULL,NULL,40745,0,NULL,1,0,0,1),(39761,NULL,'2049-06',2049,6,'2049-06-01','2049-06-30',NULL,NULL,40745,0,NULL,1,0,0,1),(39762,NULL,'2049-07',2049,7,'2049-07-01','2049-07-31',NULL,NULL,40745,0,NULL,1,0,0,1),(39763,NULL,'2049-08',2049,8,'2049-08-01','2049-08-31',NULL,NULL,40745,0,NULL,1,0,0,1),(39764,NULL,'2049-09',2049,9,'2049-09-01','2049-09-30',NULL,NULL,40745,0,NULL,1,0,0,1),(39765,NULL,'2049-10',2049,10,'2049-10-01','2049-10-31',NULL,NULL,40745,0,NULL,1,0,0,1),(39766,NULL,'2049-11',2049,11,'2049-11-01','2049-11-30',NULL,NULL,40745,0,NULL,1,0,0,1),(39767,NULL,'2049-12',2049,12,'2049-12-01','2049-12-31',NULL,NULL,40745,0,NULL,1,0,0,1),(39771,NULL,'2050-01',2050,1,'2050-01-01','2050-01-31',NULL,NULL,40745,0,NULL,1,0,0,1),(39772,NULL,'2050-02',2050,2,'2050-02-01','2050-02-28',NULL,NULL,40745,0,NULL,1,0,0,1),(39773,NULL,'2050-03',2050,3,'2050-03-01','2050-03-31',NULL,NULL,40745,0,NULL,1,0,0,1),(39774,NULL,'2050-04',2050,4,'2050-04-01','2050-04-30',NULL,NULL,40745,0,NULL,1,0,0,1),(39775,NULL,'2050-05',2050,5,'2050-05-01','2050-05-31',NULL,NULL,40745,0,NULL,1,0,0,1),(39776,NULL,'2050-06',2050,6,'2050-06-01','2050-06-30',NULL,NULL,40745,0,NULL,1,0,0,1),(39777,NULL,'2050-07',2050,7,'2050-07-01','2050-07-31',NULL,NULL,40745,0,NULL,1,0,0,1),(39778,NULL,'2050-08',2050,8,'2050-08-01','2050-08-31',NULL,NULL,40745,0,NULL,1,0,0,1),(39779,NULL,'2050-09',2050,9,'2050-09-01','2050-09-30',NULL,NULL,40745,0,NULL,1,0,0,1),(39780,NULL,'2050-10',2050,10,'2050-10-01','2050-10-31',NULL,NULL,40745,0,NULL,1,0,0,1),(39781,NULL,'2050-11',2050,11,'2050-11-01','2050-11-30',NULL,NULL,40745,0,NULL,1,0,0,1),(39782,NULL,'2050-12',2050,12,'2050-12-01','2050-12-31',NULL,NULL,40745,0,NULL,1,0,0,1),(39786,NULL,'2051-01',2051,1,'2051-01-01','2051-01-31',NULL,NULL,40745,0,NULL,1,0,0,1),(39787,NULL,'2051-02',2051,2,'2051-02-01','2051-02-28',NULL,NULL,40745,0,NULL,1,0,0,1);
INSERT INTO `periods` VALUES (39788,NULL,'2051-03',2051,3,'2051-03-01','2051-03-31',NULL,NULL,40745,0,NULL,1,0,0,1),(39789,NULL,'2051-04',2051,4,'2051-04-01','2051-04-30',NULL,NULL,40745,0,NULL,1,0,0,1),(39790,NULL,'2051-05',2051,5,'2051-05-01','2051-05-31',NULL,NULL,40745,0,NULL,1,0,0,1),(39791,NULL,'2051-06',2051,6,'2051-06-01','2051-06-30',NULL,NULL,40745,0,NULL,1,0,0,1),(39792,NULL,'2051-07',2051,7,'2051-07-01','2051-07-31',NULL,NULL,40745,0,NULL,1,0,0,1),(39793,NULL,'2051-08',2051,8,'2051-08-01','2051-08-31',NULL,NULL,40745,0,NULL,1,0,0,1),(39794,NULL,'2051-09',2051,9,'2051-09-01','2051-09-30',NULL,NULL,40745,0,NULL,1,0,0,1),(39795,NULL,'2051-10',2051,10,'2051-10-01','2051-10-31',NULL,NULL,40745,0,NULL,1,0,0,1),(39796,NULL,'2051-11',2051,11,'2051-11-01','2051-11-30',NULL,NULL,40745,0,NULL,1,0,0,1),(39797,NULL,'2051-12',2051,12,'2051-12-01','2051-12-31',NULL,NULL,40745,0,NULL,1,0,0,1),(39801,NULL,'2052-01',2052,1,'2052-01-01','2052-01-31',NULL,NULL,40745,0,NULL,1,0,0,1),(39802,NULL,'2052-02',2052,2,'2052-02-01','2052-02-28',NULL,NULL,40745,0,NULL,1,0,0,1),(39803,NULL,'2052-03',2052,3,'2052-03-01','2052-03-31',NULL,NULL,40745,0,NULL,1,0,0,1),(39804,NULL,'2052-04',2052,4,'2052-04-01','2052-04-30',NULL,NULL,40745,0,NULL,1,0,0,1),(39805,NULL,'2052-05',2052,5,'2052-05-01','2052-05-31',NULL,NULL,40745,0,NULL,1,0,0,1),(39806,NULL,'2052-06',2052,6,'2052-06-01','2052-06-30',NULL,NULL,40745,0,NULL,1,0,0,1),(39807,NULL,'2052-07',2052,7,'2052-07-01','2052-07-31',NULL,NULL,40745,0,NULL,1,0,0,1),(39808,NULL,'2052-08',2052,8,'2052-08-01','2052-08-31',NULL,NULL,40745,0,NULL,1,0,0,1),(39809,NULL,'2052-09',2052,9,'2052-09-01','2052-09-30',NULL,NULL,40745,0,NULL,1,0,0,1),(39810,NULL,'2052-10',2052,10,'2052-10-01','2052-10-31',NULL,NULL,40745,0,NULL,1,0,0,1),(39811,NULL,'2052-11',2052,11,'2052-11-01','2052-11-30',NULL,NULL,40745,0,NULL,1,0,0,1),(39812,NULL,'2052-12',2052,12,'2052-12-01','2052-12-31',NULL,NULL,40745,0,NULL,1,0,0,1),(39816,NULL,'2053-01',2053,1,'2053-01-01','2053-01-31',NULL,NULL,40745,0,NULL,1,0,0,1),(39817,NULL,'2053-02',2053,2,'2053-02-01','2053-02-28',NULL,NULL,40745,0,NULL,1,0,0,1),(39818,NULL,'2053-03',2053,3,'2053-03-01','2053-03-31',NULL,NULL,40745,0,NULL,1,0,0,1),(39819,NULL,'2053-04',2053,4,'2053-04-01','2053-04-30',NULL,NULL,40745,0,NULL,1,0,0,1),(39820,NULL,'2053-05',2053,5,'2053-05-01','2053-05-31',NULL,NULL,40745,0,NULL,1,0,0,1),(39821,NULL,'2053-06',2053,6,'2053-06-01','2053-06-30',NULL,NULL,40745,0,NULL,1,0,0,1),(39822,NULL,'2053-07',2053,7,'2053-07-01','2053-07-31',NULL,NULL,40745,0,NULL,1,0,0,1),(39823,NULL,'2053-08',2053,8,'2053-08-01','2053-08-31',NULL,NULL,40745,0,NULL,1,0,0,1),(39824,NULL,'2053-09',2053,9,'2053-09-01','2053-09-30',NULL,NULL,40745,0,NULL,1,0,0,1),(39825,NULL,'2053-10',2053,10,'2053-10-01','2053-10-31',NULL,NULL,40745,0,NULL,1,0,0,1),(39826,NULL,'2053-11',2053,11,'2053-11-01','2053-11-30',NULL,NULL,40745,0,NULL,1,0,0,1),(39827,NULL,'2053-12',2053,12,'2053-12-01','2053-12-31',NULL,NULL,40745,0,NULL,1,0,0,1),(39831,NULL,'2054-01',2054,1,'2054-01-01','2054-01-31',NULL,NULL,40745,0,NULL,1,0,0,1),(39832,NULL,'2054-02',2054,2,'2054-02-01','2054-02-28',NULL,NULL,40745,0,NULL,1,0,0,1),(39833,NULL,'2054-03',2054,3,'2054-03-01','2054-03-31',NULL,NULL,40745,0,NULL,1,0,0,1),(39834,NULL,'2054-04',2054,4,'2054-04-01','2054-04-30',NULL,NULL,40745,0,NULL,1,0,0,1),(39835,NULL,'2054-05',2054,5,'2054-05-01','2054-05-31',NULL,NULL,40745,0,NULL,1,0,0,1),(39836,NULL,'2054-06',2054,6,'2054-06-01','2054-06-30',NULL,NULL,40745,0,NULL,1,0,0,1),(39837,NULL,'2054-07',2054,7,'2054-07-01','2054-07-31',NULL,NULL,40745,0,NULL,1,0,0,1),(39838,NULL,'2054-08',2054,8,'2054-08-01','2054-08-31',NULL,NULL,40745,0,NULL,1,0,0,1),(39839,NULL,'2054-09',2054,9,'2054-09-01','2054-09-30',NULL,NULL,40745,0,NULL,1,0,0,1),(39840,NULL,'2054-10',2054,10,'2054-10-01','2054-10-31',NULL,NULL,40745,0,NULL,1,0,0,1),(39841,NULL,'2054-11',2054,11,'2054-11-01','2054-11-30',NULL,NULL,40745,0,NULL,1,0,0,1),(39842,NULL,'2054-12',2054,12,'2054-12-01','2054-12-31',NULL,NULL,40745,0,NULL,1,0,0,1);
INSERT INTO `periods` VALUES (39846,NULL,'2055-01',2055,1,'2055-01-01','2055-01-31',NULL,NULL,40745,0,NULL,1,0,0,1),(39847,NULL,'2055-02',2055,2,'2055-02-01','2055-02-28',NULL,NULL,40745,0,NULL,1,0,0,1),(39848,NULL,'2055-03',2055,3,'2055-03-01','2055-03-31',NULL,NULL,40745,0,NULL,1,0,0,1),(39849,NULL,'2055-04',2055,4,'2055-04-01','2055-04-30',NULL,NULL,40745,0,NULL,1,0,0,1),(39850,NULL,'2055-05',2055,5,'2055-05-01','2055-05-31',NULL,NULL,40745,0,NULL,1,0,0,1),(39851,NULL,'2055-06',2055,6,'2055-06-01','2055-06-30',NULL,NULL,40745,0,NULL,1,0,0,1),(39852,NULL,'2055-07',2055,7,'2055-07-01','2055-07-31',NULL,NULL,40745,0,NULL,1,0,0,1),(39853,NULL,'2055-08',2055,8,'2055-08-01','2055-08-31',NULL,NULL,40745,0,NULL,1,0,0,1),(39854,NULL,'2055-09',2055,9,'2055-09-01','2055-09-30',NULL,NULL,40745,0,NULL,1,0,0,1),(39855,NULL,'2055-10',2055,10,'2055-10-01','2055-10-31',NULL,NULL,40745,0,NULL,1,0,0,1),(39856,NULL,'2055-11',2055,11,'2055-11-01','2055-11-30',NULL,NULL,40745,0,NULL,1,0,0,1),(39857,NULL,'2055-12',2055,12,'2055-12-01','2055-12-31',NULL,NULL,40745,0,NULL,1,0,0,1),(39861,NULL,'2056-01',2056,1,'2056-01-01','2056-01-31',NULL,NULL,40745,0,NULL,1,0,0,1),(39862,NULL,'2056-02',2056,2,'2056-02-01','2056-02-28',NULL,NULL,40745,0,NULL,1,0,0,1),(39863,NULL,'2056-03',2056,3,'2056-03-01','2056-03-31',NULL,NULL,40745,0,NULL,1,0,0,1),(39864,NULL,'2056-04',2056,4,'2056-04-01','2056-04-30',NULL,NULL,40745,0,NULL,1,0,0,1),(39865,NULL,'2056-05',2056,5,'2056-05-01','2056-05-31',NULL,NULL,40745,0,NULL,1,0,0,1),(39866,NULL,'2056-06',2056,6,'2056-06-01','2056-06-30',NULL,NULL,40745,0,NULL,1,0,0,1),(39867,NULL,'2056-07',2056,7,'2056-07-01','2056-07-31',NULL,NULL,40745,0,NULL,1,0,0,1),(39868,NULL,'2056-08',2056,8,'2056-08-01','2056-08-31',NULL,NULL,40745,0,NULL,1,0,0,1),(39869,NULL,'2056-09',2056,9,'2056-09-01','2056-09-30',NULL,NULL,40745,0,NULL,1,0,0,1),(39870,NULL,'2056-10',2056,10,'2056-10-01','2056-10-31',NULL,NULL,40745,0,NULL,1,0,0,1),(39871,NULL,'2056-11',2056,11,'2056-11-01','2056-11-30',NULL,NULL,40745,0,NULL,1,0,0,1),(39872,NULL,'2056-12',2056,12,'2056-12-01','2056-12-31',NULL,NULL,40745,0,NULL,1,0,0,1),(39876,NULL,'2057-01',2057,1,'2057-01-01','2057-01-31',NULL,NULL,40745,0,NULL,1,0,0,1),(39877,NULL,'2057-02',2057,2,'2057-02-01','2057-02-28',NULL,NULL,40745,0,NULL,1,0,0,1),(39878,NULL,'2057-03',2057,3,'2057-03-01','2057-03-31',NULL,NULL,40745,0,NULL,1,0,0,1),(39879,NULL,'2057-04',2057,4,'2057-04-01','2057-04-30',NULL,NULL,40745,0,NULL,1,0,0,1),(39880,NULL,'2057-05',2057,5,'2057-05-01','2057-05-31',NULL,NULL,40745,0,NULL,1,0,0,1),(39881,NULL,'2057-06',2057,6,'2057-06-01','2057-06-30',NULL,NULL,40745,0,NULL,1,0,0,1),(39882,NULL,'2057-07',2057,7,'2057-07-01','2057-07-31',NULL,NULL,40745,0,NULL,1,0,0,1),(39883,NULL,'2057-08',2057,8,'2057-08-01','2057-08-31',NULL,NULL,40745,0,NULL,1,0,0,1),(39884,NULL,'2057-09',2057,9,'2057-09-01','2057-09-30',NULL,NULL,40745,0,NULL,1,0,0,1),(39885,NULL,'2057-10',2057,10,'2057-10-01','2057-10-31',NULL,NULL,40745,0,NULL,1,0,0,1),(39886,NULL,'2057-11',2057,11,'2057-11-01','2057-11-30',NULL,NULL,40745,0,NULL,1,0,0,1),(39887,NULL,'2057-12',2057,12,'2057-12-01','2057-12-31',NULL,NULL,40745,0,NULL,1,0,0,1),(39891,NULL,'2058-01',2058,1,'2058-01-01','2058-01-31',NULL,NULL,40745,0,NULL,1,0,0,1),(39892,NULL,'2058-02',2058,2,'2058-02-01','2058-02-28',NULL,NULL,40745,0,NULL,1,0,0,1),(39893,NULL,'2058-03',2058,3,'2058-03-01','2058-03-31',NULL,NULL,40745,0,NULL,1,0,0,1),(39894,NULL,'2058-04',2058,4,'2058-04-01','2058-04-30',NULL,NULL,40745,0,NULL,1,0,0,1),(39895,NULL,'2058-05',2058,5,'2058-05-01','2058-05-31',NULL,NULL,40745,0,NULL,1,0,0,1),(39896,NULL,'2058-06',2058,6,'2058-06-01','2058-06-30',NULL,NULL,40745,0,NULL,1,0,0,1),(39897,NULL,'2058-07',2058,7,'2058-07-01','2058-07-31',NULL,NULL,40745,0,NULL,1,0,0,1),(39898,NULL,'2058-08',2058,8,'2058-08-01','2058-08-31',NULL,NULL,40745,0,NULL,1,0,0,1),(39899,NULL,'2058-09',2058,9,'2058-09-01','2058-09-30',NULL,NULL,40745,0,NULL,1,0,0,1),(39900,NULL,'2058-10',2058,10,'2058-10-01','2058-10-31',NULL,NULL,40745,0,NULL,1,0,0,1);
INSERT INTO `periods` VALUES (39901,NULL,'2058-11',2058,11,'2058-11-01','2058-11-30',NULL,NULL,40745,0,NULL,1,0,0,1),(39902,NULL,'2058-12',2058,12,'2058-12-01','2058-12-31',NULL,NULL,40745,0,NULL,1,0,0,1),(39906,NULL,'2059-01',2059,1,'2059-01-01','2059-01-31',NULL,NULL,40745,0,NULL,1,0,0,1),(39907,NULL,'2059-02',2059,2,'2059-02-01','2059-02-28',NULL,NULL,40745,0,NULL,1,0,0,1),(39908,NULL,'2059-03',2059,3,'2059-03-01','2059-03-31',NULL,NULL,40745,0,NULL,1,0,0,1),(39909,NULL,'2059-04',2059,4,'2059-04-01','2059-04-30',NULL,NULL,40745,0,NULL,1,0,0,1),(39910,NULL,'2059-05',2059,5,'2059-05-01','2059-05-31',NULL,NULL,40745,0,NULL,1,0,0,1),(39911,NULL,'2059-06',2059,6,'2059-06-01','2059-06-30',NULL,NULL,40745,0,NULL,1,0,0,1),(39912,NULL,'2059-07',2059,7,'2059-07-01','2059-07-31',NULL,NULL,40745,0,NULL,1,0,0,1),(39913,NULL,'2059-08',2059,8,'2059-08-01','2059-08-31',NULL,NULL,40745,0,NULL,1,0,0,1),(39914,NULL,'2059-09',2059,9,'2059-09-01','2059-09-30',NULL,NULL,40745,0,NULL,1,0,0,1),(39915,NULL,'2059-10',2059,10,'2059-10-01','2059-10-31',NULL,NULL,40745,0,NULL,1,0,0,1),(39916,NULL,'2059-11',2059,11,'2059-11-01','2059-11-30',NULL,NULL,40745,0,NULL,1,0,0,1),(39917,NULL,'2059-12',2059,12,'2059-12-01','2059-12-31',NULL,NULL,40745,0,NULL,1,0,0,1),(39921,NULL,'2060-01',2060,1,'2060-01-01','2060-01-31',NULL,NULL,40745,0,NULL,1,0,0,1),(39922,NULL,'2060-02',2060,2,'2060-02-01','2060-02-28',NULL,NULL,40745,0,NULL,1,0,0,1),(39923,NULL,'2060-03',2060,3,'2060-03-01','2060-03-31',NULL,NULL,40745,0,NULL,1,0,0,1),(39924,NULL,'2060-04',2060,4,'2060-04-01','2060-04-30',NULL,NULL,40745,0,NULL,1,0,0,1),(39925,NULL,'2060-05',2060,5,'2060-05-01','2060-05-31',NULL,NULL,40745,0,NULL,1,0,0,1),(39926,NULL,'2060-06',2060,6,'2060-06-01','2060-06-30',NULL,NULL,40745,0,NULL,1,0,0,1),(39927,NULL,'2060-07',2060,7,'2060-07-01','2060-07-31',NULL,NULL,40745,0,NULL,1,0,0,1),(39928,NULL,'2060-08',2060,8,'2060-08-01','2060-08-31',NULL,NULL,40745,0,NULL,1,0,0,1),(39929,NULL,'2060-09',2060,9,'2060-09-01','2060-09-30',NULL,NULL,40745,0,NULL,1,0,0,1),(39930,NULL,'2060-10',2060,10,'2060-10-01','2060-10-31',NULL,NULL,40745,0,NULL,1,0,0,1),(39931,NULL,'2060-11',2060,11,'2060-11-01','2060-11-30',NULL,NULL,40745,0,NULL,1,0,0,1),(39932,NULL,'2060-12',2060,12,'2060-12-01','2060-12-31',NULL,NULL,40745,0,NULL,1,0,0,1),(39936,NULL,'2061-01',2061,1,'2061-01-01','2061-01-31',NULL,NULL,40745,0,NULL,1,0,0,1),(39937,NULL,'2061-02',2061,2,'2061-02-01','2061-02-28',NULL,NULL,40745,0,NULL,1,0,0,1),(39938,NULL,'2061-03',2061,3,'2061-03-01','2061-03-31',NULL,NULL,40745,0,NULL,1,0,0,1),(39939,NULL,'2061-04',2061,4,'2061-04-01','2061-04-30',NULL,NULL,40745,0,NULL,1,0,0,1),(39940,NULL,'2061-05',2061,5,'2061-05-01','2061-05-31',NULL,NULL,40745,0,NULL,1,0,0,1),(39941,NULL,'2061-06',2061,6,'2061-06-01','2061-06-30',NULL,NULL,40745,0,NULL,1,0,0,1),(39942,NULL,'2061-07',2061,7,'2061-07-01','2061-07-31',NULL,NULL,40745,0,NULL,1,0,0,1),(39943,NULL,'2061-08',2061,8,'2061-08-01','2061-08-31',NULL,NULL,40745,0,NULL,1,0,0,1),(39944,NULL,'2061-09',2061,9,'2061-09-01','2061-09-30',NULL,NULL,40745,0,NULL,1,0,0,1),(39945,NULL,'2061-10',2061,10,'2061-10-01','2061-10-31',NULL,NULL,40745,0,NULL,1,0,0,1),(39946,NULL,'2061-11',2061,11,'2061-11-01','2061-11-30',NULL,NULL,40745,0,NULL,1,0,0,1),(39947,NULL,'2061-12',2061,12,'2061-12-01','2061-12-31',NULL,NULL,40745,0,NULL,1,0,0,1),(39951,NULL,'2062-01',2062,1,'2062-01-01','2062-01-31',NULL,NULL,40745,0,NULL,1,0,0,1),(39952,NULL,'2062-02',2062,2,'2062-02-01','2062-02-28',NULL,NULL,40745,0,NULL,1,0,0,1),(39953,NULL,'2062-03',2062,3,'2062-03-01','2062-03-31',NULL,NULL,40745,0,NULL,1,0,0,1),(39954,NULL,'2062-04',2062,4,'2062-04-01','2062-04-30',NULL,NULL,40745,0,NULL,1,0,0,1),(39955,NULL,'2062-05',2062,5,'2062-05-01','2062-05-31',NULL,NULL,40745,0,NULL,1,0,0,1),(39956,NULL,'2062-06',2062,6,'2062-06-01','2062-06-30',NULL,NULL,40745,0,NULL,1,0,0,1),(39957,NULL,'2062-07',2062,7,'2062-07-01','2062-07-31',NULL,NULL,40745,0,NULL,1,0,0,1),(39958,NULL,'2062-08',2062,8,'2062-08-01','2062-08-31',NULL,NULL,40745,0,NULL,1,0,0,1);
INSERT INTO `periods` VALUES (39959,NULL,'2062-09',2062,9,'2062-09-01','2062-09-30',NULL,NULL,40745,0,NULL,1,0,0,1),(39960,NULL,'2062-10',2062,10,'2062-10-01','2062-10-31',NULL,NULL,40745,0,NULL,1,0,0,1),(39961,NULL,'2062-11',2062,11,'2062-11-01','2062-11-30',NULL,NULL,40745,0,NULL,1,0,0,1),(39962,NULL,'2062-12',2062,12,'2062-12-01','2062-12-31',NULL,NULL,40745,0,NULL,1,0,0,1),(39966,NULL,'2063-01',2063,1,'2063-01-01','2063-01-31',NULL,NULL,40745,0,NULL,1,0,0,1),(39967,NULL,'2063-02',2063,2,'2063-02-01','2063-02-28',NULL,NULL,40745,0,NULL,1,0,0,1),(39968,NULL,'2063-03',2063,3,'2063-03-01','2063-03-31',NULL,NULL,40745,0,NULL,1,0,0,1),(39969,NULL,'2063-04',2063,4,'2063-04-01','2063-04-30',NULL,NULL,40745,0,NULL,1,0,0,1),(39970,NULL,'2063-05',2063,5,'2063-05-01','2063-05-31',NULL,NULL,40745,0,NULL,1,0,0,1),(39971,NULL,'2063-06',2063,6,'2063-06-01','2063-06-30',NULL,NULL,40745,0,NULL,1,0,0,1),(39972,NULL,'2063-07',2063,7,'2063-07-01','2063-07-31',NULL,NULL,40745,0,NULL,1,0,0,1),(39973,NULL,'2063-08',2063,8,'2063-08-01','2063-08-31',NULL,NULL,40745,0,NULL,1,0,0,1),(39974,NULL,'2063-09',2063,9,'2063-09-01','2063-09-30',NULL,NULL,40745,0,NULL,1,0,0,1),(39975,NULL,'2063-10',2063,10,'2063-10-01','2063-10-31',NULL,NULL,40745,0,NULL,1,0,0,1),(39976,NULL,'2063-11',2063,11,'2063-11-01','2063-11-30',NULL,NULL,40745,0,NULL,1,0,0,1),(39977,NULL,'2063-12',2063,12,'2063-12-01','2063-12-31',NULL,NULL,40745,0,NULL,1,0,0,1),(39981,NULL,'2064-01',2064,1,'2064-01-01','2064-01-31',NULL,NULL,40745,0,NULL,1,0,0,1),(39982,NULL,'2064-02',2064,2,'2064-02-01','2064-02-28',NULL,NULL,40745,0,NULL,1,0,0,1),(39983,NULL,'2064-03',2064,3,'2064-03-01','2064-03-31',NULL,NULL,40745,0,NULL,1,0,0,1),(39984,NULL,'2064-04',2064,4,'2064-04-01','2064-04-30',NULL,NULL,40745,0,NULL,1,0,0,1),(39985,NULL,'2064-05',2064,5,'2064-05-01','2064-05-31',NULL,NULL,40745,0,NULL,1,0,0,1),(39986,NULL,'2064-06',2064,6,'2064-06-01','2064-06-30',NULL,NULL,40745,0,NULL,1,0,0,1),(39987,NULL,'2064-07',2064,7,'2064-07-01','2064-07-31',NULL,NULL,40745,0,NULL,1,0,0,1),(39988,NULL,'2064-08',2064,8,'2064-08-01','2064-08-31',NULL,NULL,40745,0,NULL,1,0,0,1),(39989,NULL,'2064-09',2064,9,'2064-09-01','2064-09-30',NULL,NULL,40745,0,NULL,1,0,0,1),(39990,NULL,'2064-10',2064,10,'2064-10-01','2064-10-31',NULL,NULL,40745,0,NULL,1,0,0,1),(39991,NULL,'2064-11',2064,11,'2064-11-01','2064-11-30',NULL,NULL,40745,0,NULL,1,0,0,1),(39992,NULL,'2064-12',2064,12,'2064-12-01','2064-12-31',NULL,NULL,40745,0,NULL,1,0,0,1),(39996,NULL,'2065-01',2065,1,'2065-01-01','2065-01-31',NULL,NULL,40745,0,NULL,1,0,0,1),(39997,NULL,'2065-02',2065,2,'2065-02-01','2065-02-28',NULL,NULL,40745,0,NULL,1,0,0,1),(39998,NULL,'2065-03',2065,3,'2065-03-01','2065-03-31',NULL,NULL,40745,0,NULL,1,0,0,1),(39999,NULL,'2065-04',2065,4,'2065-04-01','2065-04-30',NULL,NULL,40745,0,NULL,1,0,0,1),(40000,NULL,'2065-05',2065,5,'2065-05-01','2065-05-31',NULL,NULL,40745,0,NULL,1,0,0,1),(40001,NULL,'2065-06',2065,6,'2065-06-01','2065-06-30',NULL,NULL,40745,0,NULL,1,0,0,1),(40002,NULL,'2065-07',2065,7,'2065-07-01','2065-07-31',NULL,NULL,40745,0,NULL,1,0,0,1),(40003,NULL,'2065-08',2065,8,'2065-08-01','2065-08-31',NULL,NULL,40745,0,NULL,1,0,0,1),(40004,NULL,'2065-09',2065,9,'2065-09-01','2065-09-30',NULL,NULL,40745,0,NULL,1,0,0,1),(40005,NULL,'2065-10',2065,10,'2065-10-01','2065-10-31',NULL,NULL,40745,0,NULL,1,0,0,1),(40006,NULL,'2065-11',2065,11,'2065-11-01','2065-11-30',NULL,NULL,40745,0,NULL,1,0,0,1),(40007,NULL,'2065-12',2065,12,'2065-12-01','2065-12-31',NULL,NULL,40745,0,NULL,1,0,0,1),(40011,NULL,'2066-01',2066,1,'2066-01-01','2066-01-31',NULL,NULL,40745,0,NULL,1,0,0,1),(40012,NULL,'2066-02',2066,2,'2066-02-01','2066-02-28',NULL,NULL,40745,0,NULL,1,0,0,1),(40013,NULL,'2066-03',2066,3,'2066-03-01','2066-03-31',NULL,NULL,40745,0,NULL,1,0,0,1),(40014,NULL,'2066-04',2066,4,'2066-04-01','2066-04-30',NULL,NULL,40745,0,NULL,1,0,0,1),(40015,NULL,'2066-05',2066,5,'2066-05-01','2066-05-31',NULL,NULL,40745,0,NULL,1,0,0,1),(40016,NULL,'2066-06',2066,6,'2066-06-01','2066-06-30',NULL,NULL,40745,0,NULL,1,0,0,1);
INSERT INTO `periods` VALUES (40017,NULL,'2066-07',2066,7,'2066-07-01','2066-07-31',NULL,NULL,40745,0,NULL,1,0,0,1),(40018,NULL,'2066-08',2066,8,'2066-08-01','2066-08-31',NULL,NULL,40745,0,NULL,1,0,0,1),(40019,NULL,'2066-09',2066,9,'2066-09-01','2066-09-30',NULL,NULL,40745,0,NULL,1,0,0,1),(40020,NULL,'2066-10',2066,10,'2066-10-01','2066-10-31',NULL,NULL,40745,0,NULL,1,0,0,1),(40021,NULL,'2066-11',2066,11,'2066-11-01','2066-11-30',NULL,NULL,40745,0,NULL,1,0,0,1),(40022,NULL,'2066-12',2066,12,'2066-12-01','2066-12-31',NULL,NULL,40745,0,NULL,1,0,0,1),(40026,NULL,'2067-01',2067,1,'2067-01-01','2067-01-31',NULL,NULL,40745,0,NULL,1,0,0,1),(40027,NULL,'2067-02',2067,2,'2067-02-01','2067-02-28',NULL,NULL,40745,0,NULL,1,0,0,1),(40028,NULL,'2067-03',2067,3,'2067-03-01','2067-03-31',NULL,NULL,40745,0,NULL,1,0,0,1),(40029,NULL,'2067-04',2067,4,'2067-04-01','2067-04-30',NULL,NULL,40745,0,NULL,1,0,0,1),(40030,NULL,'2067-05',2067,5,'2067-05-01','2067-05-31',NULL,NULL,40745,0,NULL,1,0,0,1),(40031,NULL,'2067-06',2067,6,'2067-06-01','2067-06-30',NULL,NULL,40745,0,NULL,1,0,0,1),(40032,NULL,'2067-07',2067,7,'2067-07-01','2067-07-31',NULL,NULL,40745,0,NULL,1,0,0,1),(40033,NULL,'2067-08',2067,8,'2067-08-01','2067-08-31',NULL,NULL,40745,0,NULL,1,0,0,1),(40034,NULL,'2067-09',2067,9,'2067-09-01','2067-09-30',NULL,NULL,40745,0,NULL,1,0,0,1),(40035,NULL,'2067-10',2067,10,'2067-10-01','2067-10-31',NULL,NULL,40745,0,NULL,1,0,0,1),(40036,NULL,'2067-11',2067,11,'2067-11-01','2067-11-30',NULL,NULL,40745,0,NULL,1,0,0,1),(40037,NULL,'2067-12',2067,12,'2067-12-01','2067-12-31',NULL,NULL,40745,0,NULL,1,0,0,1),(40041,NULL,'2068-01',2068,1,'2068-01-01','2068-01-31',NULL,NULL,40745,0,NULL,1,0,0,1),(40042,NULL,'2068-02',2068,2,'2068-02-01','2068-02-28',NULL,NULL,40745,0,NULL,1,0,0,1),(40043,NULL,'2068-03',2068,3,'2068-03-01','2068-03-31',NULL,NULL,40745,0,NULL,1,0,0,1),(40044,NULL,'2068-04',2068,4,'2068-04-01','2068-04-30',NULL,NULL,40745,0,NULL,1,0,0,1),(40045,NULL,'2068-05',2068,5,'2068-05-01','2068-05-31',NULL,NULL,40745,0,NULL,1,0,0,1),(40046,NULL,'2068-06',2068,6,'2068-06-01','2068-06-30',NULL,NULL,40745,0,NULL,1,0,0,1),(40047,NULL,'2068-07',2068,7,'2068-07-01','2068-07-31',NULL,NULL,40745,0,NULL,1,0,0,1),(40048,NULL,'2068-08',2068,8,'2068-08-01','2068-08-31',NULL,NULL,40745,0,NULL,1,0,0,1),(40049,NULL,'2068-09',2068,9,'2068-09-01','2068-09-30',NULL,NULL,40745,0,NULL,1,0,0,1),(40050,NULL,'2068-10',2068,10,'2068-10-01','2068-10-31',NULL,NULL,40745,0,NULL,1,0,0,1),(40051,NULL,'2068-11',2068,11,'2068-11-01','2068-11-30',NULL,NULL,40745,0,NULL,1,0,0,1),(40052,NULL,'2068-12',2068,12,'2068-12-01','2068-12-31',NULL,NULL,40745,0,NULL,1,0,0,1),(40056,NULL,'2069-01',2069,1,'2069-01-01','2069-01-31',NULL,NULL,40745,0,NULL,1,0,0,1),(40057,NULL,'2069-02',2069,2,'2069-02-01','2069-02-28',NULL,NULL,40745,0,NULL,1,0,0,1),(40058,NULL,'2069-03',2069,3,'2069-03-01','2069-03-31',NULL,NULL,40745,0,NULL,1,0,0,1),(40059,NULL,'2069-04',2069,4,'2069-04-01','2069-04-30',NULL,NULL,40745,0,NULL,1,0,0,1),(40060,NULL,'2069-05',2069,5,'2069-05-01','2069-05-31',NULL,NULL,40745,0,NULL,1,0,0,1),(40061,NULL,'2069-06',2069,6,'2069-06-01','2069-06-30',NULL,NULL,40745,0,NULL,1,0,0,1),(40062,NULL,'2069-07',2069,7,'2069-07-01','2069-07-31',NULL,NULL,40745,0,NULL,1,0,0,1),(40063,NULL,'2069-08',2069,8,'2069-08-01','2069-08-31',NULL,NULL,40745,0,NULL,1,0,0,1),(40064,NULL,'2069-09',2069,9,'2069-09-01','2069-09-30',NULL,NULL,40745,0,NULL,1,0,0,1),(40065,NULL,'2069-10',2069,10,'2069-10-01','2069-10-31',NULL,NULL,40745,0,NULL,1,0,0,1),(40066,NULL,'2069-11',2069,11,'2069-11-01','2069-11-30',NULL,NULL,40745,0,NULL,1,0,0,1),(40067,NULL,'2069-12',2069,12,'2069-12-01','2069-12-31',NULL,NULL,40745,0,NULL,1,0,0,1),(40071,NULL,'2070-01',2070,1,'2070-01-01','2070-01-31',NULL,NULL,40745,0,NULL,1,0,0,1),(40072,NULL,'2070-02',2070,2,'2070-02-01','2070-02-28',NULL,NULL,40745,0,NULL,1,0,0,1),(40073,NULL,'2070-03',2070,3,'2070-03-01','2070-03-31',NULL,NULL,40745,0,NULL,1,0,0,1),(40074,NULL,'2070-04',2070,4,'2070-04-01','2070-04-30',NULL,NULL,40745,0,NULL,1,0,0,1);
INSERT INTO `periods` VALUES (40075,NULL,'2070-05',2070,5,'2070-05-01','2070-05-31',NULL,NULL,40745,0,NULL,1,0,0,1),(40076,NULL,'2070-06',2070,6,'2070-06-01','2070-06-30',NULL,NULL,40745,0,NULL,1,0,0,1),(40077,NULL,'2070-07',2070,7,'2070-07-01','2070-07-31',NULL,NULL,40745,0,NULL,1,0,0,1),(40078,NULL,'2070-08',2070,8,'2070-08-01','2070-08-31',NULL,NULL,40745,0,NULL,1,0,0,1),(40079,NULL,'2070-09',2070,9,'2070-09-01','2070-09-30',NULL,NULL,40745,0,NULL,1,0,0,1),(40080,NULL,'2070-10',2070,10,'2070-10-01','2070-10-31',NULL,NULL,40745,0,NULL,1,0,0,1),(40081,NULL,'2070-11',2070,11,'2070-11-01','2070-11-30',NULL,NULL,40745,0,NULL,1,0,0,1),(40082,NULL,'2070-12',2070,12,'2070-12-01','2070-12-31',NULL,NULL,40745,0,NULL,1,0,0,1),(40086,NULL,'2071-01',2071,1,'2071-01-01','2071-01-31',NULL,NULL,40745,0,NULL,1,0,0,1),(40087,NULL,'2071-02',2071,2,'2071-02-01','2071-02-28',NULL,NULL,40745,0,NULL,1,0,0,1),(40088,NULL,'2071-03',2071,3,'2071-03-01','2071-03-31',NULL,NULL,40745,0,NULL,1,0,0,1),(40089,NULL,'2071-04',2071,4,'2071-04-01','2071-04-30',NULL,NULL,40745,0,NULL,1,0,0,1),(40090,NULL,'2071-05',2071,5,'2071-05-01','2071-05-31',NULL,NULL,40745,0,NULL,1,0,0,1),(40091,NULL,'2071-06',2071,6,'2071-06-01','2071-06-30',NULL,NULL,40745,0,NULL,1,0,0,1),(40092,NULL,'2071-07',2071,7,'2071-07-01','2071-07-31',NULL,NULL,40745,0,NULL,1,0,0,1),(40093,NULL,'2071-08',2071,8,'2071-08-01','2071-08-31',NULL,NULL,40745,0,NULL,1,0,0,1),(40094,NULL,'2071-09',2071,9,'2071-09-01','2071-09-30',NULL,NULL,40745,0,NULL,1,0,0,1),(40095,NULL,'2071-10',2071,10,'2071-10-01','2071-10-31',NULL,NULL,40745,0,NULL,1,0,0,1),(40096,NULL,'2071-11',2071,11,'2071-11-01','2071-11-30',NULL,NULL,40745,0,NULL,1,0,0,1),(40097,NULL,'2071-12',2071,12,'2071-12-01','2071-12-31',NULL,NULL,40745,0,NULL,1,0,0,1),(40101,NULL,'2072-01',2072,1,'2072-01-01','2072-01-31',NULL,NULL,40745,0,NULL,1,0,0,1),(40102,NULL,'2072-02',2072,2,'2072-02-01','2072-02-28',NULL,NULL,40745,0,NULL,1,0,0,1),(40103,NULL,'2072-03',2072,3,'2072-03-01','2072-03-31',NULL,NULL,40745,0,NULL,1,0,0,1),(40104,NULL,'2072-04',2072,4,'2072-04-01','2072-04-30',NULL,NULL,40745,0,NULL,1,0,0,1),(40105,NULL,'2072-05',2072,5,'2072-05-01','2072-05-31',NULL,NULL,40745,0,NULL,1,0,0,1),(40106,NULL,'2072-06',2072,6,'2072-06-01','2072-06-30',NULL,NULL,40745,0,NULL,1,0,0,1),(40107,NULL,'2072-07',2072,7,'2072-07-01','2072-07-31',NULL,NULL,40745,0,NULL,1,0,0,1),(40108,NULL,'2072-08',2072,8,'2072-08-01','2072-08-31',NULL,NULL,40745,0,NULL,1,0,0,1),(40109,NULL,'2072-09',2072,9,'2072-09-01','2072-09-30',NULL,NULL,40745,0,NULL,1,0,0,1),(40110,NULL,'2072-10',2072,10,'2072-10-01','2072-10-31',NULL,NULL,40745,0,NULL,1,0,0,1),(40111,NULL,'2072-11',2072,11,'2072-11-01','2072-11-30',NULL,NULL,40745,0,NULL,1,0,0,1),(40112,NULL,'2072-12',2072,12,'2072-12-01','2072-12-31',NULL,NULL,40745,0,NULL,1,0,0,1),(40116,NULL,'2073-01',2073,1,'2073-01-01','2073-01-31',NULL,NULL,40745,0,NULL,1,0,0,1),(40117,NULL,'2073-02',2073,2,'2073-02-01','2073-02-28',NULL,NULL,40745,0,NULL,1,0,0,1),(40118,NULL,'2073-03',2073,3,'2073-03-01','2073-03-31',NULL,NULL,40745,0,NULL,1,0,0,1),(40119,NULL,'2073-04',2073,4,'2073-04-01','2073-04-30',NULL,NULL,40745,0,NULL,1,0,0,1),(40120,NULL,'2073-05',2073,5,'2073-05-01','2073-05-31',NULL,NULL,40745,0,NULL,1,0,0,1),(40121,NULL,'2073-06',2073,6,'2073-06-01','2073-06-30',NULL,NULL,40745,0,NULL,1,0,0,1),(40122,NULL,'2073-07',2073,7,'2073-07-01','2073-07-31',NULL,NULL,40745,0,NULL,1,0,0,1),(40123,NULL,'2073-08',2073,8,'2073-08-01','2073-08-31',NULL,NULL,40745,0,NULL,1,0,0,1),(40124,NULL,'2073-09',2073,9,'2073-09-01','2073-09-30',NULL,NULL,40745,0,NULL,1,0,0,1),(40125,NULL,'2073-10',2073,10,'2073-10-01','2073-10-31',NULL,NULL,40745,0,NULL,1,0,0,1),(40126,NULL,'2073-11',2073,11,'2073-11-01','2073-11-30',NULL,NULL,40745,0,NULL,1,0,0,1),(40127,NULL,'2073-12',2073,12,'2073-12-01','2073-12-31',NULL,NULL,40745,0,NULL,1,0,0,1),(40131,NULL,'2074-01',2074,1,'2074-01-01','2074-01-31',NULL,NULL,40745,0,NULL,1,0,0,1),(40132,NULL,'2074-02',2074,2,'2074-02-01','2074-02-28',NULL,NULL,40745,0,NULL,1,0,0,1);
INSERT INTO `periods` VALUES (40133,NULL,'2074-03',2074,3,'2074-03-01','2074-03-31',NULL,NULL,40745,0,NULL,1,0,0,1),(40134,NULL,'2074-04',2074,4,'2074-04-01','2074-04-30',NULL,NULL,40745,0,NULL,1,0,0,1),(40135,NULL,'2074-05',2074,5,'2074-05-01','2074-05-31',NULL,NULL,40745,0,NULL,1,0,0,1),(40136,NULL,'2074-06',2074,6,'2074-06-01','2074-06-30',NULL,NULL,40745,0,NULL,1,0,0,1),(40137,NULL,'2074-07',2074,7,'2074-07-01','2074-07-31',NULL,NULL,40745,0,NULL,1,0,0,1),(40138,NULL,'2074-08',2074,8,'2074-08-01','2074-08-31',NULL,NULL,40745,0,NULL,1,0,0,1),(40139,NULL,'2074-09',2074,9,'2074-09-01','2074-09-30',NULL,NULL,40745,0,NULL,1,0,0,1),(40140,NULL,'2074-10',2074,10,'2074-10-01','2074-10-31',NULL,NULL,40745,0,NULL,1,0,0,1),(40141,NULL,'2074-11',2074,11,'2074-11-01','2074-11-30',NULL,NULL,40745,0,NULL,1,0,0,1),(40142,NULL,'2074-12',2074,12,'2074-12-01','2074-12-31',NULL,NULL,40745,0,NULL,1,0,0,1),(40146,NULL,'2075-01',2075,1,'2075-01-01','2075-01-31',NULL,NULL,40745,0,NULL,1,0,0,1),(40147,NULL,'2075-02',2075,2,'2075-02-01','2075-02-28',NULL,NULL,40745,0,NULL,1,0,0,1),(40148,NULL,'2075-03',2075,3,'2075-03-01','2075-03-31',NULL,NULL,40745,0,NULL,1,0,0,1),(40149,NULL,'2075-04',2075,4,'2075-04-01','2075-04-30',NULL,NULL,40745,0,NULL,1,0,0,1),(40150,NULL,'2075-05',2075,5,'2075-05-01','2075-05-31',NULL,NULL,40745,0,NULL,1,0,0,1),(40151,NULL,'2075-06',2075,6,'2075-06-01','2075-06-30',NULL,NULL,40745,0,NULL,1,0,0,1),(40152,NULL,'2075-07',2075,7,'2075-07-01','2075-07-31',NULL,NULL,40745,0,NULL,1,0,0,1),(40153,NULL,'2075-08',2075,8,'2075-08-01','2075-08-31',NULL,NULL,40745,0,NULL,1,0,0,1),(40154,NULL,'2075-09',2075,9,'2075-09-01','2075-09-30',NULL,NULL,40745,0,NULL,1,0,0,1),(40155,NULL,'2075-10',2075,10,'2075-10-01','2075-10-31',NULL,NULL,40745,0,NULL,1,0,0,1),(40156,NULL,'2075-11',2075,11,'2075-11-01','2075-11-30',NULL,NULL,40745,0,NULL,1,0,0,1),(40157,NULL,'2075-12',2075,12,'2075-12-01','2075-12-31',NULL,NULL,40745,0,NULL,1,0,0,1),(40161,NULL,'2076-01',2076,1,'2076-01-01','2076-01-31',NULL,NULL,40745,0,NULL,1,0,0,1),(40162,NULL,'2076-02',2076,2,'2076-02-01','2076-02-28',NULL,NULL,40745,0,NULL,1,0,0,1),(40163,NULL,'2076-03',2076,3,'2076-03-01','2076-03-31',NULL,NULL,40745,0,NULL,1,0,0,1),(40164,NULL,'2076-04',2076,4,'2076-04-01','2076-04-30',NULL,NULL,40745,0,NULL,1,0,0,1),(40165,NULL,'2076-05',2076,5,'2076-05-01','2076-05-31',NULL,NULL,40745,0,NULL,1,0,0,1),(40166,NULL,'2076-06',2076,6,'2076-06-01','2076-06-30',NULL,NULL,40745,0,NULL,1,0,0,1),(40167,NULL,'2076-07',2076,7,'2076-07-01','2076-07-31',NULL,NULL,40745,0,NULL,1,0,0,1),(40168,NULL,'2076-08',2076,8,'2076-08-01','2076-08-31',NULL,NULL,40745,0,NULL,1,0,0,1),(40169,NULL,'2076-09',2076,9,'2076-09-01','2076-09-30',NULL,NULL,40745,0,NULL,1,0,0,1),(40170,NULL,'2076-10',2076,10,'2076-10-01','2076-10-31',NULL,NULL,40745,0,NULL,1,0,0,1),(40171,NULL,'2076-11',2076,11,'2076-11-01','2076-11-30',NULL,NULL,40745,0,NULL,1,0,0,1),(40172,NULL,'2076-12',2076,12,'2076-12-01','2076-12-31',NULL,NULL,40745,0,NULL,1,0,0,1),(40176,NULL,'2077-01',2077,1,'2077-01-01','2077-01-31',NULL,NULL,40745,0,NULL,1,0,0,1),(40177,NULL,'2077-02',2077,2,'2077-02-01','2077-02-28',NULL,NULL,40745,0,NULL,1,0,0,1),(40178,NULL,'2077-03',2077,3,'2077-03-01','2077-03-31',NULL,NULL,40745,0,NULL,1,0,0,1),(40179,NULL,'2077-04',2077,4,'2077-04-01','2077-04-30',NULL,NULL,40745,0,NULL,1,0,0,1),(40180,NULL,'2077-05',2077,5,'2077-05-01','2077-05-31',NULL,NULL,40745,0,NULL,1,0,0,1),(40181,NULL,'2077-06',2077,6,'2077-06-01','2077-06-30',NULL,NULL,40745,0,NULL,1,0,0,1),(40182,NULL,'2077-07',2077,7,'2077-07-01','2077-07-31',NULL,NULL,40745,0,NULL,1,0,0,1),(40183,NULL,'2077-08',2077,8,'2077-08-01','2077-08-31',NULL,NULL,40745,0,NULL,1,0,0,1),(40184,NULL,'2077-09',2077,9,'2077-09-01','2077-09-30',NULL,NULL,40745,0,NULL,1,0,0,1),(40185,NULL,'2077-10',2077,10,'2077-10-01','2077-10-31',NULL,NULL,40745,0,NULL,1,0,0,1),(40186,NULL,'2077-11',2077,11,'2077-11-01','2077-11-30',NULL,NULL,40745,0,NULL,1,0,0,1),(40187,NULL,'2077-12',2077,12,'2077-12-01','2077-12-31',NULL,NULL,40745,0,NULL,1,0,0,1);
INSERT INTO `periods` VALUES (40191,NULL,'2078-01',2078,1,'2078-01-01','2078-01-31',NULL,NULL,40745,0,NULL,1,0,0,1),(40192,NULL,'2078-02',2078,2,'2078-02-01','2078-02-28',NULL,NULL,40745,0,NULL,1,0,0,1),(40193,NULL,'2078-03',2078,3,'2078-03-01','2078-03-31',NULL,NULL,40745,0,NULL,1,0,0,1),(40194,NULL,'2078-04',2078,4,'2078-04-01','2078-04-30',NULL,NULL,40745,0,NULL,1,0,0,1),(40195,NULL,'2078-05',2078,5,'2078-05-01','2078-05-31',NULL,NULL,40745,0,NULL,1,0,0,1),(40196,NULL,'2078-06',2078,6,'2078-06-01','2078-06-30',NULL,NULL,40745,0,NULL,1,0,0,1),(40197,NULL,'2078-07',2078,7,'2078-07-01','2078-07-31',NULL,NULL,40745,0,NULL,1,0,0,1),(40198,NULL,'2078-08',2078,8,'2078-08-01','2078-08-31',NULL,NULL,40745,0,NULL,1,0,0,1),(40199,NULL,'2078-09',2078,9,'2078-09-01','2078-09-30',NULL,NULL,40745,0,NULL,1,0,0,1),(40200,NULL,'2078-10',2078,10,'2078-10-01','2078-10-31',NULL,NULL,40745,0,NULL,1,0,0,1),(40201,NULL,'2078-11',2078,11,'2078-11-01','2078-11-30',NULL,NULL,40745,0,NULL,1,0,0,1),(40202,NULL,'2078-12',2078,12,'2078-12-01','2078-12-31',NULL,NULL,40745,0,NULL,1,0,0,1),(40206,NULL,'2079-01',2079,1,'2079-01-01','2079-01-31',NULL,NULL,40745,0,NULL,1,0,0,1),(40207,NULL,'2079-02',2079,2,'2079-02-01','2079-02-28',NULL,NULL,40745,0,NULL,1,0,0,1),(40208,NULL,'2079-03',2079,3,'2079-03-01','2079-03-31',NULL,NULL,40745,0,NULL,1,0,0,1),(40209,NULL,'2079-04',2079,4,'2079-04-01','2079-04-30',NULL,NULL,40745,0,NULL,1,0,0,1),(40210,NULL,'2079-05',2079,5,'2079-05-01','2079-05-31',NULL,NULL,40745,0,NULL,1,0,0,1),(40211,NULL,'2079-06',2079,6,'2079-06-01','2079-06-30',NULL,NULL,40745,0,NULL,1,0,0,1),(40212,NULL,'2079-07',2079,7,'2079-07-01','2079-07-31',NULL,NULL,40745,0,NULL,1,0,0,1),(40213,NULL,'2079-08',2079,8,'2079-08-01','2079-08-31',NULL,NULL,40745,0,NULL,1,0,0,1),(40214,NULL,'2079-09',2079,9,'2079-09-01','2079-09-30',NULL,NULL,40745,0,NULL,1,0,0,1),(40215,NULL,'2079-10',2079,10,'2079-10-01','2079-10-31',NULL,NULL,40745,0,NULL,1,0,0,1),(40216,NULL,'2079-11',2079,11,'2079-11-01','2079-11-30',NULL,NULL,40745,0,NULL,1,0,0,1),(40217,NULL,'2079-12',2079,12,'2079-12-01','2079-12-31',NULL,NULL,40745,0,NULL,1,0,0,1),(40221,NULL,'2080-01',2080,1,'2080-01-01','2080-01-31',NULL,NULL,40745,0,NULL,1,0,0,1),(40222,NULL,'2080-02',2080,2,'2080-02-01','2080-02-28',NULL,NULL,40745,0,NULL,1,0,0,1),(40223,NULL,'2080-03',2080,3,'2080-03-01','2080-03-31',NULL,NULL,40745,0,NULL,1,0,0,1),(40224,NULL,'2080-04',2080,4,'2080-04-01','2080-04-30',NULL,NULL,40745,0,NULL,1,0,0,1),(40225,NULL,'2080-05',2080,5,'2080-05-01','2080-05-31',NULL,NULL,40745,0,NULL,1,0,0,1),(40226,NULL,'2080-06',2080,6,'2080-06-01','2080-06-30',NULL,NULL,40745,0,NULL,1,0,0,1),(40227,NULL,'2080-07',2080,7,'2080-07-01','2080-07-31',NULL,NULL,40745,0,NULL,1,0,0,1),(40228,NULL,'2080-08',2080,8,'2080-08-01','2080-08-31',NULL,NULL,40745,0,NULL,1,0,0,1),(40229,NULL,'2080-09',2080,9,'2080-09-01','2080-09-30',NULL,NULL,40745,0,NULL,1,0,0,1),(40230,NULL,'2080-10',2080,10,'2080-10-01','2080-10-31',NULL,NULL,40745,0,NULL,1,0,0,1),(40231,NULL,'2080-11',2080,11,'2080-11-01','2080-11-30',NULL,NULL,40745,0,NULL,1,0,0,1),(40232,NULL,'2080-12',2080,12,'2080-12-01','2080-12-31',NULL,NULL,40745,0,NULL,1,0,0,1),(40236,NULL,'2081-01',2081,1,'2081-01-01','2081-01-31',NULL,NULL,40745,0,NULL,1,0,0,1),(40237,NULL,'2081-02',2081,2,'2081-02-01','2081-02-28',NULL,NULL,40745,0,NULL,1,0,0,1),(40238,NULL,'2081-03',2081,3,'2081-03-01','2081-03-31',NULL,NULL,40745,0,NULL,1,0,0,1),(40239,NULL,'2081-04',2081,4,'2081-04-01','2081-04-30',NULL,NULL,40745,0,NULL,1,0,0,1),(40240,NULL,'2081-05',2081,5,'2081-05-01','2081-05-31',NULL,NULL,40745,0,NULL,1,0,0,1),(40241,NULL,'2081-06',2081,6,'2081-06-01','2081-06-30',NULL,NULL,40745,0,NULL,1,0,0,1),(40242,NULL,'2081-07',2081,7,'2081-07-01','2081-07-31',NULL,NULL,40745,0,NULL,1,0,0,1),(40243,NULL,'2081-08',2081,8,'2081-08-01','2081-08-31',NULL,NULL,40745,0,NULL,1,0,0,1),(40244,NULL,'2081-09',2081,9,'2081-09-01','2081-09-30',NULL,NULL,40745,0,NULL,1,0,0,1),(40245,NULL,'2081-10',2081,10,'2081-10-01','2081-10-31',NULL,NULL,40745,0,NULL,1,0,0,1);
INSERT INTO `periods` VALUES (40246,NULL,'2081-11',2081,11,'2081-11-01','2081-11-30',NULL,NULL,40745,0,NULL,1,0,0,1),(40247,NULL,'2081-12',2081,12,'2081-12-01','2081-12-31',NULL,NULL,40745,0,NULL,1,0,0,1),(40251,NULL,'2082-01',2082,1,'2082-01-01','2082-01-31',NULL,NULL,40745,0,NULL,1,0,0,1),(40252,NULL,'2082-02',2082,2,'2082-02-01','2082-02-28',NULL,NULL,40745,0,NULL,1,0,0,1),(40253,NULL,'2082-03',2082,3,'2082-03-01','2082-03-31',NULL,NULL,40745,0,NULL,1,0,0,1),(40254,NULL,'2082-04',2082,4,'2082-04-01','2082-04-30',NULL,NULL,40745,0,NULL,1,0,0,1),(40255,NULL,'2082-05',2082,5,'2082-05-01','2082-05-31',NULL,NULL,40745,0,NULL,1,0,0,1),(40256,NULL,'2082-06',2082,6,'2082-06-01','2082-06-30',NULL,NULL,40745,0,NULL,1,0,0,1),(40257,NULL,'2082-07',2082,7,'2082-07-01','2082-07-31',NULL,NULL,40745,0,NULL,1,0,0,1),(40258,NULL,'2082-08',2082,8,'2082-08-01','2082-08-31',NULL,NULL,40745,0,NULL,1,0,0,1),(40259,NULL,'2082-09',2082,9,'2082-09-01','2082-09-30',NULL,NULL,40745,0,NULL,1,0,0,1),(40260,NULL,'2082-10',2082,10,'2082-10-01','2082-10-31',NULL,NULL,40745,0,NULL,1,0,0,1),(40261,NULL,'2082-11',2082,11,'2082-11-01','2082-11-30',NULL,NULL,40745,0,NULL,1,0,0,1),(40262,NULL,'2082-12',2082,12,'2082-12-01','2082-12-31',NULL,NULL,40745,0,NULL,1,0,0,1),(40266,NULL,'2083-01',2083,1,'2083-01-01','2083-01-31',NULL,NULL,40745,0,NULL,1,0,0,1),(40267,NULL,'2083-02',2083,2,'2083-02-01','2083-02-28',NULL,NULL,40745,0,NULL,1,0,0,1),(40268,NULL,'2083-03',2083,3,'2083-03-01','2083-03-31',NULL,NULL,40745,0,NULL,1,0,0,1),(40269,NULL,'2083-04',2083,4,'2083-04-01','2083-04-30',NULL,NULL,40745,0,NULL,1,0,0,1),(40270,NULL,'2083-05',2083,5,'2083-05-01','2083-05-31',NULL,NULL,40745,0,NULL,1,0,0,1),(40271,NULL,'2083-06',2083,6,'2083-06-01','2083-06-30',NULL,NULL,40745,0,NULL,1,0,0,1),(40272,NULL,'2083-07',2083,7,'2083-07-01','2083-07-31',NULL,NULL,40745,0,NULL,1,0,0,1),(40273,NULL,'2083-08',2083,8,'2083-08-01','2083-08-31',NULL,NULL,40745,0,NULL,1,0,0,1),(40274,NULL,'2083-09',2083,9,'2083-09-01','2083-09-30',NULL,NULL,40745,0,NULL,1,0,0,1),(40275,NULL,'2083-10',2083,10,'2083-10-01','2083-10-31',NULL,NULL,40745,0,NULL,1,0,0,1),(40276,NULL,'2083-11',2083,11,'2083-11-01','2083-11-30',NULL,NULL,40745,0,NULL,1,0,0,1),(40277,NULL,'2083-12',2083,12,'2083-12-01','2083-12-31',NULL,NULL,40745,0,NULL,1,0,0,1),(40281,NULL,'2084-01',2084,1,'2084-01-01','2084-01-31',NULL,NULL,40745,0,NULL,1,0,0,1),(40282,NULL,'2084-02',2084,2,'2084-02-01','2084-02-28',NULL,NULL,40745,0,NULL,1,0,0,1),(40283,NULL,'2084-03',2084,3,'2084-03-01','2084-03-31',NULL,NULL,40745,0,NULL,1,0,0,1),(40284,NULL,'2084-04',2084,4,'2084-04-01','2084-04-30',NULL,NULL,40745,0,NULL,1,0,0,1),(40285,NULL,'2084-05',2084,5,'2084-05-01','2084-05-31',NULL,NULL,40745,0,NULL,1,0,0,1),(40286,NULL,'2084-06',2084,6,'2084-06-01','2084-06-30',NULL,NULL,40745,0,NULL,1,0,0,1),(40287,NULL,'2084-07',2084,7,'2084-07-01','2084-07-31',NULL,NULL,40745,0,NULL,1,0,0,1),(40288,NULL,'2084-08',2084,8,'2084-08-01','2084-08-31',NULL,NULL,40745,0,NULL,1,0,0,1),(40289,NULL,'2084-09',2084,9,'2084-09-01','2084-09-30',NULL,NULL,40745,0,NULL,1,0,0,1),(40290,NULL,'2084-10',2084,10,'2084-10-01','2084-10-31',NULL,NULL,40745,0,NULL,1,0,0,1),(40291,NULL,'2084-11',2084,11,'2084-11-01','2084-11-30',NULL,NULL,40745,0,NULL,1,0,0,1),(40292,NULL,'2084-12',2084,12,'2084-12-01','2084-12-31',NULL,NULL,40745,0,NULL,1,0,0,1),(40296,NULL,'2085-01',2085,1,'2085-01-01','2085-01-31',NULL,NULL,40745,0,NULL,1,0,0,1),(40297,NULL,'2085-02',2085,2,'2085-02-01','2085-02-28',NULL,NULL,40745,0,NULL,1,0,0,1),(40298,NULL,'2085-03',2085,3,'2085-03-01','2085-03-31',NULL,NULL,40745,0,NULL,1,0,0,1),(40299,NULL,'2085-04',2085,4,'2085-04-01','2085-04-30',NULL,NULL,40745,0,NULL,1,0,0,1),(40300,NULL,'2085-05',2085,5,'2085-05-01','2085-05-31',NULL,NULL,40745,0,NULL,1,0,0,1),(40301,NULL,'2085-06',2085,6,'2085-06-01','2085-06-30',NULL,NULL,40745,0,NULL,1,0,0,1),(40302,NULL,'2085-07',2085,7,'2085-07-01','2085-07-31',NULL,NULL,40745,0,NULL,1,0,0,1),(40303,NULL,'2085-08',2085,8,'2085-08-01','2085-08-31',NULL,NULL,40745,0,NULL,1,0,0,1);
INSERT INTO `periods` VALUES (40304,NULL,'2085-09',2085,9,'2085-09-01','2085-09-30',NULL,NULL,40745,0,NULL,1,0,0,1),(40305,NULL,'2085-10',2085,10,'2085-10-01','2085-10-31',NULL,NULL,40745,0,NULL,1,0,0,1),(40306,NULL,'2085-11',2085,11,'2085-11-01','2085-11-30',NULL,NULL,40745,0,NULL,1,0,0,1),(40307,NULL,'2085-12',2085,12,'2085-12-01','2085-12-31',NULL,NULL,40745,0,NULL,1,0,0,1),(40311,NULL,'2086-01',2086,1,'2086-01-01','2086-01-31',NULL,NULL,40745,0,NULL,1,0,0,1),(40312,NULL,'2086-02',2086,2,'2086-02-01','2086-02-28',NULL,NULL,40745,0,NULL,1,0,0,1),(40313,NULL,'2086-03',2086,3,'2086-03-01','2086-03-31',NULL,NULL,40745,0,NULL,1,0,0,1),(40314,NULL,'2086-04',2086,4,'2086-04-01','2086-04-30',NULL,NULL,40745,0,NULL,1,0,0,1),(40315,NULL,'2086-05',2086,5,'2086-05-01','2086-05-31',NULL,NULL,40745,0,NULL,1,0,0,1),(40316,NULL,'2086-06',2086,6,'2086-06-01','2086-06-30',NULL,NULL,40745,0,NULL,1,0,0,1),(40317,NULL,'2086-07',2086,7,'2086-07-01','2086-07-31',NULL,NULL,40745,0,NULL,1,0,0,1),(40318,NULL,'2086-08',2086,8,'2086-08-01','2086-08-31',NULL,NULL,40745,0,NULL,1,0,0,1),(40319,NULL,'2086-09',2086,9,'2086-09-01','2086-09-30',NULL,NULL,40745,0,NULL,1,0,0,1),(40320,NULL,'2086-10',2086,10,'2086-10-01','2086-10-31',NULL,NULL,40745,0,NULL,1,0,0,1),(40321,NULL,'2086-11',2086,11,'2086-11-01','2086-11-30',NULL,NULL,40745,0,NULL,1,0,0,1),(40322,NULL,'2086-12',2086,12,'2086-12-01','2086-12-31',NULL,NULL,40745,0,NULL,1,0,0,1),(40326,NULL,'2087-01',2087,1,'2087-01-01','2087-01-31',NULL,NULL,40745,0,NULL,1,0,0,1),(40327,NULL,'2087-02',2087,2,'2087-02-01','2087-02-28',NULL,NULL,40745,0,NULL,1,0,0,1),(40328,NULL,'2087-03',2087,3,'2087-03-01','2087-03-31',NULL,NULL,40745,0,NULL,1,0,0,1),(40329,NULL,'2087-04',2087,4,'2087-04-01','2087-04-30',NULL,NULL,40745,0,NULL,1,0,0,1),(40330,NULL,'2087-05',2087,5,'2087-05-01','2087-05-31',NULL,NULL,40745,0,NULL,1,0,0,1),(40331,NULL,'2087-06',2087,6,'2087-06-01','2087-06-30',NULL,NULL,40745,0,NULL,1,0,0,1),(40332,NULL,'2087-07',2087,7,'2087-07-01','2087-07-31',NULL,NULL,40745,0,NULL,1,0,0,1),(40333,NULL,'2087-08',2087,8,'2087-08-01','2087-08-31',NULL,NULL,40745,0,NULL,1,0,0,1),(40334,NULL,'2087-09',2087,9,'2087-09-01','2087-09-30',NULL,NULL,40745,0,NULL,1,0,0,1),(40335,NULL,'2087-10',2087,10,'2087-10-01','2087-10-31',NULL,NULL,40745,0,NULL,1,0,0,1),(40336,NULL,'2087-11',2087,11,'2087-11-01','2087-11-30',NULL,NULL,40745,0,NULL,1,0,0,1),(40337,NULL,'2087-12',2087,12,'2087-12-01','2087-12-31',NULL,NULL,40745,0,NULL,1,0,0,1),(40341,NULL,'2088-01',2088,1,'2088-01-01','2088-01-31',NULL,NULL,40745,0,NULL,1,0,0,1),(40342,NULL,'2088-02',2088,2,'2088-02-01','2088-02-28',NULL,NULL,40745,0,NULL,1,0,0,1),(40343,NULL,'2088-03',2088,3,'2088-03-01','2088-03-31',NULL,NULL,40745,0,NULL,1,0,0,1),(40344,NULL,'2088-04',2088,4,'2088-04-01','2088-04-30',NULL,NULL,40745,0,NULL,1,0,0,1),(40345,NULL,'2088-05',2088,5,'2088-05-01','2088-05-31',NULL,NULL,40745,0,NULL,1,0,0,1),(40346,NULL,'2088-06',2088,6,'2088-06-01','2088-06-30',NULL,NULL,40745,0,NULL,1,0,0,1),(40347,NULL,'2088-07',2088,7,'2088-07-01','2088-07-31',NULL,NULL,40745,0,NULL,1,0,0,1),(40348,NULL,'2088-08',2088,8,'2088-08-01','2088-08-31',NULL,NULL,40745,0,NULL,1,0,0,1),(40349,NULL,'2088-09',2088,9,'2088-09-01','2088-09-30',NULL,NULL,40745,0,NULL,1,0,0,1),(40350,NULL,'2088-10',2088,10,'2088-10-01','2088-10-31',NULL,NULL,40745,0,NULL,1,0,0,1),(40351,NULL,'2088-11',2088,11,'2088-11-01','2088-11-30',NULL,NULL,40745,0,NULL,1,0,0,1),(40352,NULL,'2088-12',2088,12,'2088-12-01','2088-12-31',NULL,NULL,40745,0,NULL,1,0,0,1),(40356,NULL,'2089-01',2089,1,'2089-01-01','2089-01-31',NULL,NULL,40745,0,NULL,1,0,0,1),(40357,NULL,'2089-02',2089,2,'2089-02-01','2089-02-28',NULL,NULL,40745,0,NULL,1,0,0,1),(40358,NULL,'2089-03',2089,3,'2089-03-01','2089-03-31',NULL,NULL,40745,0,NULL,1,0,0,1),(40359,NULL,'2089-04',2089,4,'2089-04-01','2089-04-30',NULL,NULL,40745,0,NULL,1,0,0,1),(40360,NULL,'2089-05',2089,5,'2089-05-01','2089-05-31',NULL,NULL,40745,0,NULL,1,0,0,1),(40361,NULL,'2089-06',2089,6,'2089-06-01','2089-06-30',NULL,NULL,40745,0,NULL,1,0,0,1);
INSERT INTO `periods` VALUES (40362,NULL,'2089-07',2089,7,'2089-07-01','2089-07-31',NULL,NULL,40745,0,NULL,1,0,0,1),(40363,NULL,'2089-08',2089,8,'2089-08-01','2089-08-31',NULL,NULL,40745,0,NULL,1,0,0,1),(40364,NULL,'2089-09',2089,9,'2089-09-01','2089-09-30',NULL,NULL,40745,0,NULL,1,0,0,1),(40365,NULL,'2089-10',2089,10,'2089-10-01','2089-10-31',NULL,NULL,40745,0,NULL,1,0,0,1),(40366,NULL,'2089-11',2089,11,'2089-11-01','2089-11-30',NULL,NULL,40745,0,NULL,1,0,0,1),(40367,NULL,'2089-12',2089,12,'2089-12-01','2089-12-31',NULL,NULL,40745,0,NULL,1,0,0,1),(40371,NULL,'2090-01',2090,1,'2090-01-01','2090-01-31',NULL,NULL,40745,0,NULL,1,0,0,1),(40372,NULL,'2090-02',2090,2,'2090-02-01','2090-02-28',NULL,NULL,40745,0,NULL,1,0,0,1),(40373,NULL,'2090-03',2090,3,'2090-03-01','2090-03-31',NULL,NULL,40745,0,NULL,1,0,0,1),(40374,NULL,'2090-04',2090,4,'2090-04-01','2090-04-30',NULL,NULL,40745,0,NULL,1,0,0,1),(40375,NULL,'2090-05',2090,5,'2090-05-01','2090-05-31',NULL,NULL,40745,0,NULL,1,0,0,1),(40376,NULL,'2090-06',2090,6,'2090-06-01','2090-06-30',NULL,NULL,40745,0,NULL,1,0,0,1),(40377,NULL,'2090-07',2090,7,'2090-07-01','2090-07-31',NULL,NULL,40745,0,NULL,1,0,0,1),(40378,NULL,'2090-08',2090,8,'2090-08-01','2090-08-31',NULL,NULL,40745,0,NULL,1,0,0,1),(40379,NULL,'2090-09',2090,9,'2090-09-01','2090-09-30',NULL,NULL,40745,0,NULL,1,0,0,1),(40380,NULL,'2090-10',2090,10,'2090-10-01','2090-10-31',NULL,NULL,40745,0,NULL,1,0,0,1),(40381,NULL,'2090-11',2090,11,'2090-11-01','2090-11-30',NULL,NULL,40745,0,NULL,1,0,0,1),(40382,NULL,'2090-12',2090,12,'2090-12-01','2090-12-31',NULL,NULL,40745,0,NULL,1,0,0,1),(40386,NULL,'2091-01',2091,1,'2091-01-01','2091-01-31',NULL,NULL,40745,0,NULL,1,0,0,1),(40387,NULL,'2091-02',2091,2,'2091-02-01','2091-02-28',NULL,NULL,40745,0,NULL,1,0,0,1),(40388,NULL,'2091-03',2091,3,'2091-03-01','2091-03-31',NULL,NULL,40745,0,NULL,1,0,0,1),(40389,NULL,'2091-04',2091,4,'2091-04-01','2091-04-30',NULL,NULL,40745,0,NULL,1,0,0,1),(40390,NULL,'2091-05',2091,5,'2091-05-01','2091-05-31',NULL,NULL,40745,0,NULL,1,0,0,1),(40391,NULL,'2091-06',2091,6,'2091-06-01','2091-06-30',NULL,NULL,40745,0,NULL,1,0,0,1),(40392,NULL,'2091-07',2091,7,'2091-07-01','2091-07-31',NULL,NULL,40745,0,NULL,1,0,0,1),(40393,NULL,'2091-08',2091,8,'2091-08-01','2091-08-31',NULL,NULL,40745,0,NULL,1,0,0,1),(40394,NULL,'2091-09',2091,9,'2091-09-01','2091-09-30',NULL,NULL,40745,0,NULL,1,0,0,1),(40395,NULL,'2091-10',2091,10,'2091-10-01','2091-10-31',NULL,NULL,40745,0,NULL,1,0,0,1),(40396,NULL,'2091-11',2091,11,'2091-11-01','2091-11-30',NULL,NULL,40745,0,NULL,1,0,0,1),(40397,NULL,'2091-12',2091,12,'2091-12-01','2091-12-31',NULL,NULL,40745,0,NULL,1,0,0,1),(40401,NULL,'2092-01',2092,1,'2092-01-01','2092-01-31',NULL,NULL,40745,0,NULL,1,0,0,1),(40402,NULL,'2092-02',2092,2,'2092-02-01','2092-02-28',NULL,NULL,40745,0,NULL,1,0,0,1),(40403,NULL,'2092-03',2092,3,'2092-03-01','2092-03-31',NULL,NULL,40745,0,NULL,1,0,0,1),(40404,NULL,'2092-04',2092,4,'2092-04-01','2092-04-30',NULL,NULL,40745,0,NULL,1,0,0,1),(40405,NULL,'2092-05',2092,5,'2092-05-01','2092-05-31',NULL,NULL,40745,0,NULL,1,0,0,1),(40406,NULL,'2092-06',2092,6,'2092-06-01','2092-06-30',NULL,NULL,40745,0,NULL,1,0,0,1),(40407,NULL,'2092-07',2092,7,'2092-07-01','2092-07-31',NULL,NULL,40745,0,NULL,1,0,0,1),(40408,NULL,'2092-08',2092,8,'2092-08-01','2092-08-31',NULL,NULL,40745,0,NULL,1,0,0,1),(40409,NULL,'2092-09',2092,9,'2092-09-01','2092-09-30',NULL,NULL,40745,0,NULL,1,0,0,1),(40410,NULL,'2092-10',2092,10,'2092-10-01','2092-10-31',NULL,NULL,40745,0,NULL,1,0,0,1),(40411,NULL,'2092-11',2092,11,'2092-11-01','2092-11-30',NULL,NULL,40745,0,NULL,1,0,0,1),(40412,NULL,'2092-12',2092,12,'2092-12-01','2092-12-31',NULL,NULL,40745,0,NULL,1,0,0,1),(40416,NULL,'2093-01',2093,1,'2093-01-01','2093-01-31',NULL,NULL,40745,0,NULL,1,0,0,1),(40417,NULL,'2093-02',2093,2,'2093-02-01','2093-02-28',NULL,NULL,40745,0,NULL,1,0,0,1),(40418,NULL,'2093-03',2093,3,'2093-03-01','2093-03-31',NULL,NULL,40745,0,NULL,1,0,0,1),(40419,NULL,'2093-04',2093,4,'2093-04-01','2093-04-30',NULL,NULL,40745,0,NULL,1,0,0,1);
INSERT INTO `periods` VALUES (40420,NULL,'2093-05',2093,5,'2093-05-01','2093-05-31',NULL,NULL,40745,0,NULL,1,0,0,1),(40421,NULL,'2093-06',2093,6,'2093-06-01','2093-06-30',NULL,NULL,40745,0,NULL,1,0,0,1),(40422,NULL,'2093-07',2093,7,'2093-07-01','2093-07-31',NULL,NULL,40745,0,NULL,1,0,0,1),(40423,NULL,'2093-08',2093,8,'2093-08-01','2093-08-31',NULL,NULL,40745,0,NULL,1,0,0,1),(40424,NULL,'2093-09',2093,9,'2093-09-01','2093-09-30',NULL,NULL,40745,0,NULL,1,0,0,1),(40425,NULL,'2093-10',2093,10,'2093-10-01','2093-10-31',NULL,NULL,40745,0,NULL,1,0,0,1),(40426,NULL,'2093-11',2093,11,'2093-11-01','2093-11-30',NULL,NULL,40745,0,NULL,1,0,0,1),(40427,NULL,'2093-12',2093,12,'2093-12-01','2093-12-31',NULL,NULL,40745,0,NULL,1,0,0,1),(40431,NULL,'2094-01',2094,1,'2094-01-01','2094-01-31',NULL,NULL,40745,0,NULL,1,0,0,1),(40432,NULL,'2094-02',2094,2,'2094-02-01','2094-02-28',NULL,NULL,40745,0,NULL,1,0,0,1),(40433,NULL,'2094-03',2094,3,'2094-03-01','2094-03-31',NULL,NULL,40745,0,NULL,1,0,0,1),(40434,NULL,'2094-04',2094,4,'2094-04-01','2094-04-30',NULL,NULL,40745,0,NULL,1,0,0,1),(40435,NULL,'2094-05',2094,5,'2094-05-01','2094-05-31',NULL,NULL,40745,0,NULL,1,0,0,1),(40436,NULL,'2094-06',2094,6,'2094-06-01','2094-06-30',NULL,NULL,40745,0,NULL,1,0,0,1),(40437,NULL,'2094-07',2094,7,'2094-07-01','2094-07-31',NULL,NULL,40745,0,NULL,1,0,0,1),(40438,NULL,'2094-08',2094,8,'2094-08-01','2094-08-31',NULL,NULL,40745,0,NULL,1,0,0,1),(40439,NULL,'2094-09',2094,9,'2094-09-01','2094-09-30',NULL,NULL,40745,0,NULL,1,0,0,1),(40440,NULL,'2094-10',2094,10,'2094-10-01','2094-10-31',NULL,NULL,40745,0,NULL,1,0,0,1),(40441,NULL,'2094-11',2094,11,'2094-11-01','2094-11-30',NULL,NULL,40745,0,NULL,1,0,0,1),(40442,NULL,'2094-12',2094,12,'2094-12-01','2094-12-31',NULL,NULL,40745,0,NULL,1,0,0,1),(40446,NULL,'2095-01',2095,1,'2095-01-01','2095-01-31',NULL,NULL,40745,0,NULL,1,0,0,1),(40447,NULL,'2095-02',2095,2,'2095-02-01','2095-02-28',NULL,NULL,40745,0,NULL,1,0,0,1),(40448,NULL,'2095-03',2095,3,'2095-03-01','2095-03-31',NULL,NULL,40745,0,NULL,1,0,0,1),(40449,NULL,'2095-04',2095,4,'2095-04-01','2095-04-30',NULL,NULL,40745,0,NULL,1,0,0,1),(40450,NULL,'2095-05',2095,5,'2095-05-01','2095-05-31',NULL,NULL,40745,0,NULL,1,0,0,1),(40451,NULL,'2095-06',2095,6,'2095-06-01','2095-06-30',NULL,NULL,40745,0,NULL,1,0,0,1),(40452,NULL,'2095-07',2095,7,'2095-07-01','2095-07-31',NULL,NULL,40745,0,NULL,1,0,0,1),(40453,NULL,'2095-08',2095,8,'2095-08-01','2095-08-31',NULL,NULL,40745,0,NULL,1,0,0,1),(40454,NULL,'2095-09',2095,9,'2095-09-01','2095-09-30',NULL,NULL,40745,0,NULL,1,0,0,1),(40455,NULL,'2095-10',2095,10,'2095-10-01','2095-10-31',NULL,NULL,40745,0,NULL,1,0,0,1),(40456,NULL,'2095-11',2095,11,'2095-11-01','2095-11-30',NULL,NULL,40745,0,NULL,1,0,0,1),(40457,NULL,'2095-12',2095,12,'2095-12-01','2095-12-31',NULL,NULL,40745,0,NULL,1,0,0,1),(40461,NULL,'2096-01',2096,1,'2096-01-01','2096-01-31',NULL,NULL,40745,0,NULL,1,0,0,1),(40462,NULL,'2096-02',2096,2,'2096-02-01','2096-02-28',NULL,NULL,40745,0,NULL,1,0,0,1),(40463,NULL,'2096-03',2096,3,'2096-03-01','2096-03-31',NULL,NULL,40745,0,NULL,1,0,0,1),(40464,NULL,'2096-04',2096,4,'2096-04-01','2096-04-30',NULL,NULL,40745,0,NULL,1,0,0,1),(40465,NULL,'2096-05',2096,5,'2096-05-01','2096-05-31',NULL,NULL,40745,0,NULL,1,0,0,1),(40466,NULL,'2096-06',2096,6,'2096-06-01','2096-06-30',NULL,NULL,40745,0,NULL,1,0,0,1),(40467,NULL,'2096-07',2096,7,'2096-07-01','2096-07-31',NULL,NULL,40745,0,NULL,1,0,0,1),(40468,NULL,'2096-08',2096,8,'2096-08-01','2096-08-31',NULL,NULL,40745,0,NULL,1,0,0,1),(40469,NULL,'2096-09',2096,9,'2096-09-01','2096-09-30',NULL,NULL,40745,0,NULL,1,0,0,1),(40470,NULL,'2096-10',2096,10,'2096-10-01','2096-10-31',NULL,NULL,40745,0,NULL,1,0,0,1),(40471,NULL,'2096-11',2096,11,'2096-11-01','2096-11-30',NULL,NULL,40745,0,NULL,1,0,0,1),(40472,NULL,'2096-12',2096,12,'2096-12-01','2096-12-31',NULL,NULL,40745,0,NULL,1,0,0,1),(40476,NULL,'2097-01',2097,1,'2097-01-01','2097-01-31',NULL,NULL,40745,0,NULL,1,0,0,1),(40477,NULL,'2097-02',2097,2,'2097-02-01','2097-02-28',NULL,NULL,40745,0,NULL,1,0,0,1);
INSERT INTO `periods` VALUES (40478,NULL,'2097-03',2097,3,'2097-03-01','2097-03-31',NULL,NULL,40745,0,NULL,1,0,0,1),(40479,NULL,'2097-04',2097,4,'2097-04-01','2097-04-30',NULL,NULL,40745,0,NULL,1,0,0,1),(40480,NULL,'2097-05',2097,5,'2097-05-01','2097-05-31',NULL,NULL,40745,0,NULL,1,0,0,1),(40481,NULL,'2097-06',2097,6,'2097-06-01','2097-06-30',NULL,NULL,40745,0,NULL,1,0,0,1),(40482,NULL,'2097-07',2097,7,'2097-07-01','2097-07-31',NULL,NULL,40745,0,NULL,1,0,0,1),(40483,NULL,'2097-08',2097,8,'2097-08-01','2097-08-31',NULL,NULL,40745,0,NULL,1,0,0,1),(40484,NULL,'2097-09',2097,9,'2097-09-01','2097-09-30',NULL,NULL,40745,0,NULL,1,0,0,1),(40485,NULL,'2097-10',2097,10,'2097-10-01','2097-10-31',NULL,NULL,40745,0,NULL,1,0,0,1),(40486,NULL,'2097-11',2097,11,'2097-11-01','2097-11-30',NULL,NULL,40745,0,NULL,1,0,0,1),(40487,NULL,'2097-12',2097,12,'2097-12-01','2097-12-31',NULL,NULL,40745,0,NULL,1,0,0,1),(40491,NULL,'2098-01',2098,1,'2098-01-01','2098-01-31',NULL,NULL,40745,0,NULL,1,0,0,1),(40492,NULL,'2098-02',2098,2,'2098-02-01','2098-02-28',NULL,NULL,40745,0,NULL,1,0,0,1),(40493,NULL,'2098-03',2098,3,'2098-03-01','2098-03-31',NULL,NULL,40745,0,NULL,1,0,0,1),(40494,NULL,'2098-04',2098,4,'2098-04-01','2098-04-30',NULL,NULL,40745,0,NULL,1,0,0,1),(40495,NULL,'2098-05',2098,5,'2098-05-01','2098-05-31',NULL,NULL,40745,0,NULL,1,0,0,1),(40496,NULL,'2098-06',2098,6,'2098-06-01','2098-06-30',NULL,NULL,40745,0,NULL,1,0,0,1),(40497,NULL,'2098-07',2098,7,'2098-07-01','2098-07-31',NULL,NULL,40745,0,NULL,1,0,0,1),(40498,NULL,'2098-08',2098,8,'2098-08-01','2098-08-31',NULL,NULL,40745,0,NULL,1,0,0,1),(40499,NULL,'2098-09',2098,9,'2098-09-01','2098-09-30',NULL,NULL,40745,0,NULL,1,0,0,1),(40500,NULL,'2098-10',2098,10,'2098-10-01','2098-10-31',NULL,NULL,40745,0,NULL,1,0,0,1),(40501,NULL,'2098-11',2098,11,'2098-11-01','2098-11-30',NULL,NULL,40745,0,NULL,1,0,0,1),(40502,NULL,'2098-12',2098,12,'2098-12-01','2098-12-31',NULL,NULL,40745,0,NULL,1,0,0,1),(40506,NULL,'2099-01',2099,1,'2099-01-01','2099-01-31',NULL,NULL,40745,0,NULL,1,0,0,1),(40507,NULL,'2099-02',2099,2,'2099-02-01','2099-02-28',NULL,NULL,40745,0,NULL,1,0,0,1),(40508,NULL,'2099-03',2099,3,'2099-03-01','2099-03-31',NULL,NULL,40745,0,NULL,1,0,0,1),(40509,NULL,'2099-04',2099,4,'2099-04-01','2099-04-30',NULL,NULL,40745,0,NULL,1,0,0,1),(40510,NULL,'2099-05',2099,5,'2099-05-01','2099-05-31',NULL,NULL,40745,0,NULL,1,0,0,1),(40511,NULL,'2099-06',2099,6,'2099-06-01','2099-06-30',NULL,NULL,40745,0,NULL,1,0,0,1),(40512,NULL,'2099-07',2099,7,'2099-07-01','2099-07-31',NULL,NULL,40745,0,NULL,1,0,0,1),(40513,NULL,'2099-08',2099,8,'2099-08-01','2099-08-31',NULL,NULL,40745,0,NULL,1,0,0,1),(40514,NULL,'2099-09',2099,9,'2099-09-01','2099-09-30',NULL,NULL,40745,0,NULL,1,0,0,1),(40515,NULL,'2099-10',2099,10,'2099-10-01','2099-10-31',NULL,NULL,40745,0,NULL,1,0,0,1),(40516,NULL,'2099-11',2099,11,'2099-11-01','2099-11-30',NULL,NULL,40745,0,NULL,1,0,0,1),(40517,NULL,'2099-12',2099,12,'2099-12-01','2099-12-31',NULL,NULL,40745,0,NULL,1,0,0,1),(40521,NULL,'2100-01',2100,1,'2100-01-01','2100-01-31',NULL,NULL,40745,0,NULL,1,0,0,1),(40522,NULL,'2100-02',2100,2,'2100-02-01','2100-02-28',NULL,NULL,40745,0,NULL,1,0,0,1),(40523,NULL,'2100-03',2100,3,'2100-03-01','2100-03-31',NULL,NULL,40745,0,NULL,1,0,0,1),(40524,NULL,'2100-04',2100,4,'2100-04-01','2100-04-30',NULL,NULL,40745,0,NULL,1,0,0,1),(40525,NULL,'2100-05',2100,5,'2100-05-01','2100-05-31',NULL,NULL,40745,0,NULL,1,0,0,1),(40526,NULL,'2100-06',2100,6,'2100-06-01','2100-06-30',NULL,NULL,40745,0,NULL,1,0,0,1),(40527,NULL,'2100-07',2100,7,'2100-07-01','2100-07-31',NULL,NULL,40745,0,NULL,1,0,0,1),(40528,NULL,'2100-08',2100,8,'2100-08-01','2100-08-31',NULL,NULL,40745,0,NULL,1,0,0,1),(40529,NULL,'2100-09',2100,9,'2100-09-01','2100-09-30',NULL,NULL,40745,0,NULL,1,0,0,1),(40530,NULL,'2100-10',2100,10,'2100-10-01','2100-10-31',NULL,NULL,40745,0,NULL,1,0,0,1),(40531,NULL,'2100-11',2100,11,'2100-11-01','2100-11-30',NULL,NULL,40745,0,NULL,1,0,0,1),(40532,NULL,'2100-12',2100,12,'2100-12-01','2100-12-31',NULL,NULL,40745,0,NULL,1,0,0,1);
INSERT INTO `periods` VALUES (40536,NULL,'2101-01',2101,1,'2101-01-01','2101-01-31',NULL,NULL,40745,0,NULL,1,0,0,1),(40537,NULL,'2101-02',2101,2,'2101-02-01','2101-02-28',NULL,NULL,40745,0,NULL,1,0,0,1),(40538,NULL,'2101-03',2101,3,'2101-03-01','2101-03-31',NULL,NULL,40745,0,NULL,1,0,0,1),(40539,NULL,'2101-04',2101,4,'2101-04-01','2101-04-30',NULL,NULL,40745,0,NULL,1,0,0,1),(40540,NULL,'2101-05',2101,5,'2101-05-01','2101-05-31',NULL,NULL,40745,0,NULL,1,0,0,1),(40541,NULL,'2101-06',2101,6,'2101-06-01','2101-06-30',NULL,NULL,40745,0,NULL,1,0,0,1),(40542,NULL,'2101-07',2101,7,'2101-07-01','2101-07-31',NULL,NULL,40745,0,NULL,1,0,0,1),(40543,NULL,'2101-08',2101,8,'2101-08-01','2101-08-31',NULL,NULL,40745,0,NULL,1,0,0,1),(40544,NULL,'2101-09',2101,9,'2101-09-01','2101-09-30',NULL,NULL,40745,0,NULL,1,0,0,1),(40545,NULL,'2101-10',2101,10,'2101-10-01','2101-10-31',NULL,NULL,40745,0,NULL,1,0,0,1),(40546,NULL,'2101-11',2101,11,'2101-11-01','2101-11-30',NULL,NULL,40745,0,NULL,1,0,0,1),(40547,NULL,'2101-12',2101,12,'2101-12-01','2101-12-31',NULL,NULL,40745,0,NULL,1,0,0,1),(40551,NULL,'2102-01',2102,1,'2102-01-01','2102-01-31',NULL,NULL,40745,0,NULL,1,0,0,1),(40552,NULL,'2102-02',2102,2,'2102-02-01','2102-02-28',NULL,NULL,40745,0,NULL,1,0,0,1),(40553,NULL,'2102-03',2102,3,'2102-03-01','2102-03-31',NULL,NULL,40745,0,NULL,1,0,0,1),(40554,NULL,'2102-04',2102,4,'2102-04-01','2102-04-30',NULL,NULL,40745,0,NULL,1,0,0,1),(40555,NULL,'2102-05',2102,5,'2102-05-01','2102-05-31',NULL,NULL,40745,0,NULL,1,0,0,1),(40556,NULL,'2102-06',2102,6,'2102-06-01','2102-06-30',NULL,NULL,40745,0,NULL,1,0,0,1),(40557,NULL,'2102-07',2102,7,'2102-07-01','2102-07-31',NULL,NULL,40745,0,NULL,1,0,0,1),(40558,NULL,'2102-08',2102,8,'2102-08-01','2102-08-31',NULL,NULL,40745,0,NULL,1,0,0,1),(40559,NULL,'2102-09',2102,9,'2102-09-01','2102-09-30',NULL,NULL,40745,0,NULL,1,0,0,1),(40560,NULL,'2102-10',2102,10,'2102-10-01','2102-10-31',NULL,NULL,40745,0,NULL,1,0,0,1),(40561,NULL,'2102-11',2102,11,'2102-11-01','2102-11-30',NULL,NULL,40745,0,NULL,1,0,0,1),(40562,NULL,'2102-12',2102,12,'2102-12-01','2102-12-31',NULL,NULL,40745,0,NULL,1,0,0,1),(40566,NULL,'2103-01',2103,1,'2103-01-01','2103-01-31',NULL,NULL,40745,0,NULL,1,0,0,1),(40567,NULL,'2103-02',2103,2,'2103-02-01','2103-02-28',NULL,NULL,40745,0,NULL,1,0,0,1),(40568,NULL,'2103-03',2103,3,'2103-03-01','2103-03-31',NULL,NULL,40745,0,NULL,1,0,0,1),(40569,NULL,'2103-04',2103,4,'2103-04-01','2103-04-30',NULL,NULL,40745,0,NULL,1,0,0,1),(40570,NULL,'2103-05',2103,5,'2103-05-01','2103-05-31',NULL,NULL,40745,0,NULL,1,0,0,1),(40571,NULL,'2103-06',2103,6,'2103-06-01','2103-06-30',NULL,NULL,40745,0,NULL,1,0,0,1),(40572,NULL,'2103-07',2103,7,'2103-07-01','2103-07-31',NULL,NULL,40745,0,NULL,1,0,0,1),(40573,NULL,'2103-08',2103,8,'2103-08-01','2103-08-31',NULL,NULL,40745,0,NULL,1,0,0,1),(40574,NULL,'2103-09',2103,9,'2103-09-01','2103-09-30',NULL,NULL,40745,0,NULL,1,0,0,1),(40575,NULL,'2103-10',2103,10,'2103-10-01','2103-10-31',NULL,NULL,40745,0,NULL,1,0,0,1),(40576,NULL,'2103-11',2103,11,'2103-11-01','2103-11-30',NULL,NULL,40745,0,NULL,1,0,0,1),(40577,NULL,'2103-12',2103,12,'2103-12-01','2103-12-31',NULL,NULL,40745,0,NULL,1,0,0,1),(40581,NULL,'2104-01',2104,1,'2104-01-01','2104-01-31',NULL,NULL,40745,0,NULL,1,0,0,1),(40582,NULL,'2104-02',2104,2,'2104-02-01','2104-02-28',NULL,NULL,40745,0,NULL,1,0,0,1),(40583,NULL,'2104-03',2104,3,'2104-03-01','2104-03-31',NULL,NULL,40745,0,NULL,1,0,0,1),(40584,NULL,'2104-04',2104,4,'2104-04-01','2104-04-30',NULL,NULL,40745,0,NULL,1,0,0,1),(40585,NULL,'2104-05',2104,5,'2104-05-01','2104-05-31',NULL,NULL,40745,0,NULL,1,0,0,1),(40586,NULL,'2104-06',2104,6,'2104-06-01','2104-06-30',NULL,NULL,40745,0,NULL,1,0,0,1),(40587,NULL,'2104-07',2104,7,'2104-07-01','2104-07-31',NULL,NULL,40745,0,NULL,1,0,0,1),(40588,NULL,'2104-08',2104,8,'2104-08-01','2104-08-31',NULL,NULL,40745,0,NULL,1,0,0,1),(40589,NULL,'2104-09',2104,9,'2104-09-01','2104-09-30',NULL,NULL,40745,0,NULL,1,0,0,1),(40590,NULL,'2104-10',2104,10,'2104-10-01','2104-10-31',NULL,NULL,40745,0,NULL,1,0,0,1);
INSERT INTO `periods` VALUES (40591,NULL,'2104-11',2104,11,'2104-11-01','2104-11-30',NULL,NULL,40745,0,NULL,1,0,0,1),(40592,NULL,'2104-12',2104,12,'2104-12-01','2104-12-31',NULL,NULL,40745,0,NULL,1,0,0,1),(40596,NULL,'2105-01',2105,1,'2105-01-01','2105-01-31',NULL,NULL,40745,0,NULL,1,0,0,1),(40597,NULL,'2105-02',2105,2,'2105-02-01','2105-02-28',NULL,NULL,40745,0,NULL,1,0,0,1),(40598,NULL,'2105-03',2105,3,'2105-03-01','2105-03-31',NULL,NULL,40745,0,NULL,1,0,0,1),(40599,NULL,'2105-04',2105,4,'2105-04-01','2105-04-30',NULL,NULL,40745,0,NULL,1,0,0,1),(40600,NULL,'2105-05',2105,5,'2105-05-01','2105-05-31',NULL,NULL,40745,0,NULL,1,0,0,1),(40601,NULL,'2105-06',2105,6,'2105-06-01','2105-06-30',NULL,NULL,40745,0,NULL,1,0,0,1),(40602,NULL,'2105-07',2105,7,'2105-07-01','2105-07-31',NULL,NULL,40745,0,NULL,1,0,0,1),(40603,NULL,'2105-08',2105,8,'2105-08-01','2105-08-31',NULL,NULL,40745,0,NULL,1,0,0,1),(40604,NULL,'2105-09',2105,9,'2105-09-01','2105-09-30',NULL,NULL,40745,0,NULL,1,0,0,1),(40605,NULL,'2105-10',2105,10,'2105-10-01','2105-10-31',NULL,NULL,40745,0,NULL,1,0,0,1),(40606,NULL,'2105-11',2105,11,'2105-11-01','2105-11-30',NULL,NULL,40745,0,NULL,1,0,0,1),(40607,NULL,'2105-12',2105,12,'2105-12-01','2105-12-31',NULL,NULL,40745,0,NULL,1,0,0,1),(40611,NULL,'2106-01',2106,1,'2106-01-01','2106-01-31',NULL,NULL,40745,0,NULL,1,0,0,1),(40612,NULL,'2106-02',2106,2,'2106-02-01','2106-02-28',NULL,NULL,40745,0,NULL,1,0,0,1),(40613,NULL,'2106-03',2106,3,'2106-03-01','2106-03-31',NULL,NULL,40745,0,NULL,1,0,0,1),(40614,NULL,'2106-04',2106,4,'2106-04-01','2106-04-30',NULL,NULL,40745,0,NULL,1,0,0,1),(40615,NULL,'2106-05',2106,5,'2106-05-01','2106-05-31',NULL,NULL,40745,0,NULL,1,0,0,1),(40616,NULL,'2106-06',2106,6,'2106-06-01','2106-06-30',NULL,NULL,40745,0,NULL,1,0,0,1),(40617,NULL,'2106-07',2106,7,'2106-07-01','2106-07-31',NULL,NULL,40745,0,NULL,1,0,0,1),(40618,NULL,'2106-08',2106,8,'2106-08-01','2106-08-31',NULL,NULL,40745,0,NULL,1,0,0,1),(40619,NULL,'2106-09',2106,9,'2106-09-01','2106-09-30',NULL,NULL,40745,0,NULL,1,0,0,1),(40620,NULL,'2106-10',2106,10,'2106-10-01','2106-10-31',NULL,NULL,40745,0,NULL,1,0,0,1),(40621,NULL,'2106-11',2106,11,'2106-11-01','2106-11-30',NULL,NULL,40745,0,NULL,1,0,0,1),(40622,NULL,'2106-12',2106,12,'2106-12-01','2106-12-31',NULL,NULL,40745,0,NULL,1,0,0,1),(40626,NULL,'2107-01',2107,1,'2107-01-01','2107-01-31',NULL,NULL,40745,0,NULL,1,0,0,1),(40627,NULL,'2107-02',2107,2,'2107-02-01','2107-02-28',NULL,NULL,40745,0,NULL,1,0,0,1),(40628,NULL,'2107-03',2107,3,'2107-03-01','2107-03-31',NULL,NULL,40745,0,NULL,1,0,0,1),(40629,NULL,'2107-04',2107,4,'2107-04-01','2107-04-30',NULL,NULL,40745,0,NULL,1,0,0,1),(40630,NULL,'2107-05',2107,5,'2107-05-01','2107-05-31',NULL,NULL,40745,0,NULL,1,0,0,1),(40631,NULL,'2107-06',2107,6,'2107-06-01','2107-06-30',NULL,NULL,40745,0,NULL,1,0,0,1),(40632,NULL,'2107-07',2107,7,'2107-07-01','2107-07-31',NULL,NULL,40745,0,NULL,1,0,0,1),(40633,NULL,'2107-08',2107,8,'2107-08-01','2107-08-31',NULL,NULL,40745,0,NULL,1,0,0,1),(40634,NULL,'2107-09',2107,9,'2107-09-01','2107-09-30',NULL,NULL,40745,0,NULL,1,0,0,1),(40635,NULL,'2107-10',2107,10,'2107-10-01','2107-10-31',NULL,NULL,40745,0,NULL,1,0,0,1),(40636,NULL,'2107-11',2107,11,'2107-11-01','2107-11-30',NULL,NULL,40745,0,NULL,1,0,0,1),(40637,NULL,'2107-12',2107,12,'2107-12-01','2107-12-31',NULL,NULL,40745,0,NULL,1,0,0,1),(40641,NULL,'2108-01',2108,1,'2108-01-01','2108-01-31',NULL,NULL,40745,0,NULL,1,0,0,1),(40642,NULL,'2108-02',2108,2,'2108-02-01','2108-02-28',NULL,NULL,40745,0,NULL,1,0,0,1),(40643,NULL,'2108-03',2108,3,'2108-03-01','2108-03-31',NULL,NULL,40745,0,NULL,1,0,0,1),(40644,NULL,'2108-04',2108,4,'2108-04-01','2108-04-30',NULL,NULL,40745,0,NULL,1,0,0,1),(40645,NULL,'2108-05',2108,5,'2108-05-01','2108-05-31',NULL,NULL,40745,0,NULL,1,0,0,1),(40646,NULL,'2108-06',2108,6,'2108-06-01','2108-06-30',NULL,NULL,40745,0,NULL,1,0,0,1),(40647,NULL,'2108-07',2108,7,'2108-07-01','2108-07-31',NULL,NULL,40745,0,NULL,1,0,0,1),(40648,NULL,'2108-08',2108,8,'2108-08-01','2108-08-31',NULL,NULL,40745,0,NULL,1,0,0,1);
INSERT INTO `periods` VALUES (40649,NULL,'2108-09',2108,9,'2108-09-01','2108-09-30',NULL,NULL,40745,0,NULL,1,0,0,1),(40650,NULL,'2108-10',2108,10,'2108-10-01','2108-10-31',NULL,NULL,40745,0,NULL,1,0,0,1),(40651,NULL,'2108-11',2108,11,'2108-11-01','2108-11-30',NULL,NULL,40745,0,NULL,1,0,0,1),(40652,NULL,'2108-12',2108,12,'2108-12-01','2108-12-31',NULL,NULL,40745,0,NULL,1,0,0,1),(40656,NULL,'2109-01',2109,1,'2109-01-01','2109-01-31',NULL,NULL,40745,0,NULL,1,0,0,1),(40657,NULL,'2109-02',2109,2,'2109-02-01','2109-02-28',NULL,NULL,40745,0,NULL,1,0,0,1),(40658,NULL,'2109-03',2109,3,'2109-03-01','2109-03-31',NULL,NULL,40745,0,NULL,1,0,0,1),(40659,NULL,'2109-04',2109,4,'2109-04-01','2109-04-30',NULL,NULL,40745,0,NULL,1,0,0,1),(40660,NULL,'2109-05',2109,5,'2109-05-01','2109-05-31',NULL,NULL,40745,0,NULL,1,0,0,1),(40661,NULL,'2109-06',2109,6,'2109-06-01','2109-06-30',NULL,NULL,40745,0,NULL,1,0,0,1),(40662,NULL,'2109-07',2109,7,'2109-07-01','2109-07-31',NULL,NULL,40745,0,NULL,1,0,0,1),(40663,NULL,'2109-08',2109,8,'2109-08-01','2109-08-31',NULL,NULL,40745,0,NULL,1,0,0,1),(40664,NULL,'2109-09',2109,9,'2109-09-01','2109-09-30',NULL,NULL,40745,0,NULL,1,0,0,1),(40665,NULL,'2109-10',2109,10,'2109-10-01','2109-10-31',NULL,NULL,40745,0,NULL,1,0,0,1),(40666,NULL,'2109-11',2109,11,'2109-11-01','2109-11-30',NULL,NULL,40745,0,NULL,1,0,0,1),(40667,NULL,'2109-12',2109,12,'2109-12-01','2109-12-31',NULL,NULL,40745,0,NULL,1,0,0,1),(40671,NULL,'2110-01',2110,1,'2110-01-01','2110-01-31',NULL,NULL,40745,0,NULL,1,0,0,1),(40672,NULL,'2110-02',2110,2,'2110-02-01','2110-02-28',NULL,NULL,40745,0,NULL,1,0,0,1),(40673,NULL,'2110-03',2110,3,'2110-03-01','2110-03-31',NULL,NULL,40745,0,NULL,1,0,0,1),(40674,NULL,'2110-04',2110,4,'2110-04-01','2110-04-30',NULL,NULL,40745,0,NULL,1,0,0,1),(40675,NULL,'2110-05',2110,5,'2110-05-01','2110-05-31',NULL,NULL,40745,0,NULL,1,0,0,1),(40676,NULL,'2110-06',2110,6,'2110-06-01','2110-06-30',NULL,NULL,40745,0,NULL,1,0,0,1),(40677,NULL,'2110-07',2110,7,'2110-07-01','2110-07-31',NULL,NULL,40745,0,NULL,1,0,0,1),(40678,NULL,'2110-08',2110,8,'2110-08-01','2110-08-31',NULL,NULL,40745,0,NULL,1,0,0,1),(40679,NULL,'2110-09',2110,9,'2110-09-01','2110-09-30',NULL,NULL,40745,0,NULL,1,0,0,1),(40680,NULL,'2110-10',2110,10,'2110-10-01','2110-10-31',NULL,NULL,40745,0,NULL,1,0,0,1),(40681,NULL,'2110-11',2110,11,'2110-11-01','2110-11-30',NULL,NULL,40745,0,NULL,1,0,0,1),(40682,NULL,'2110-12',2110,12,'2110-12-01','2110-12-31',NULL,NULL,40745,0,NULL,1,0,0,1),(40686,NULL,'2111-01',2111,1,'2111-01-01','2111-01-31',NULL,NULL,40745,0,NULL,1,0,0,1),(40687,NULL,'2111-02',2111,2,'2111-02-01','2111-02-28',NULL,NULL,40745,0,NULL,1,0,0,1),(40688,NULL,'2111-03',2111,3,'2111-03-01','2111-03-31',NULL,NULL,40745,0,NULL,1,0,0,1),(40689,NULL,'2111-04',2111,4,'2111-04-01','2111-04-30',NULL,NULL,40745,0,NULL,1,0,0,1),(40690,NULL,'2111-05',2111,5,'2111-05-01','2111-05-31',NULL,NULL,40745,0,NULL,1,0,0,1),(40691,NULL,'2111-06',2111,6,'2111-06-01','2111-06-30',NULL,NULL,40745,0,NULL,1,0,0,1),(40692,NULL,'2111-07',2111,7,'2111-07-01','2111-07-31',NULL,NULL,40745,0,NULL,1,0,0,1),(40693,NULL,'2111-08',2111,8,'2111-08-01','2111-08-31',NULL,NULL,40745,0,NULL,1,0,0,1),(40694,NULL,'2111-09',2111,9,'2111-09-01','2111-09-30',NULL,NULL,40745,0,NULL,1,0,0,1),(40695,NULL,'2111-10',2111,10,'2111-10-01','2111-10-31',NULL,NULL,40745,0,NULL,1,0,0,1),(40696,NULL,'2111-11',2111,11,'2111-11-01','2111-11-30',NULL,NULL,40745,0,NULL,1,0,0,1),(40697,NULL,'2111-12',2111,12,'2111-12-01','2111-12-31',NULL,NULL,40745,0,NULL,1,0,0,1),(40701,NULL,'2112-01',2112,1,'2112-01-01','2112-01-31',NULL,NULL,40745,0,NULL,1,0,0,1),(40702,NULL,'2112-02',2112,2,'2112-02-01','2112-02-28',NULL,NULL,40745,0,NULL,1,0,0,1),(40703,NULL,'2112-03',2112,3,'2112-03-01','2112-03-31',NULL,NULL,40745,0,NULL,1,0,0,1),(40704,NULL,'2112-04',2112,4,'2112-04-01','2112-04-30',NULL,NULL,40745,0,NULL,1,0,0,1),(40705,NULL,'2112-05',2112,5,'2112-05-01','2112-05-31',NULL,NULL,40745,0,NULL,1,0,0,1),(40706,NULL,'2112-06',2112,6,'2112-06-01','2112-06-30',NULL,NULL,40745,0,NULL,1,0,0,1);
INSERT INTO `periods` VALUES (40707,NULL,'2112-07',2112,7,'2112-07-01','2112-07-31',NULL,NULL,40745,0,NULL,1,0,0,1),(40708,NULL,'2112-08',2112,8,'2112-08-01','2112-08-31',NULL,NULL,40745,0,NULL,1,0,0,1),(40709,NULL,'2112-09',2112,9,'2112-09-01','2112-09-30',NULL,NULL,40745,0,NULL,1,0,0,1),(40710,NULL,'2112-10',2112,10,'2112-10-01','2112-10-31',NULL,NULL,40745,0,NULL,1,0,0,1),(40711,NULL,'2112-11',2112,11,'2112-11-01','2112-11-30',NULL,NULL,40745,0,NULL,1,0,0,1),(40712,NULL,'2112-12',2112,12,'2112-12-01','2112-12-31',NULL,NULL,40745,0,NULL,1,0,0,1),(40716,NULL,'2113-01',2113,1,'2113-01-01','2113-01-31',NULL,NULL,40745,0,NULL,1,0,0,1),(40717,NULL,'2113-02',2113,2,'2113-02-01','2113-02-28',NULL,NULL,40745,0,NULL,1,0,0,1),(40718,NULL,'2113-03',2113,3,'2113-03-01','2113-03-31',NULL,NULL,40745,0,NULL,1,0,0,1),(40719,NULL,'2113-04',2113,4,'2113-04-01','2113-04-30',NULL,NULL,40745,0,NULL,1,0,0,1),(40720,NULL,'2113-05',2113,5,'2113-05-01','2113-05-31',NULL,NULL,40745,0,NULL,1,0,0,1),(40721,NULL,'2113-06',2113,6,'2113-06-01','2113-06-30',NULL,NULL,40745,0,NULL,1,0,0,1),(40722,NULL,'2113-07',2113,7,'2113-07-01','2113-07-31',NULL,NULL,40745,0,NULL,1,0,0,1),(40723,NULL,'2113-08',2113,8,'2113-08-01','2113-08-31',NULL,NULL,40745,0,NULL,1,0,0,1),(40724,NULL,'2113-09',2113,9,'2113-09-01','2113-09-30',NULL,NULL,40745,0,NULL,1,0,0,1),(40725,NULL,'2113-10',2113,10,'2113-10-01','2113-10-31',NULL,NULL,40745,0,NULL,1,0,0,1),(40726,NULL,'2113-11',2113,11,'2113-11-01','2113-11-30',NULL,NULL,40745,0,NULL,1,0,0,1),(40727,NULL,'2113-12',2113,12,'2113-12-01','2113-12-31',NULL,NULL,40745,0,NULL,1,0,0,1),(40731,NULL,'2114-01',2114,1,'2114-01-01','2114-01-31',NULL,NULL,40745,0,NULL,1,0,0,1),(40732,NULL,'2114-02',2114,2,'2114-02-01','2114-02-28',NULL,NULL,40745,0,NULL,1,0,0,1),(40733,NULL,'2114-03',2114,3,'2114-03-01','2114-03-31',NULL,NULL,40745,0,NULL,1,0,0,1),(40734,NULL,'2114-04',2114,4,'2114-04-01','2114-04-30',NULL,NULL,40745,0,NULL,1,0,0,1),(40735,NULL,'2114-05',2114,5,'2114-05-01','2114-05-31',NULL,NULL,40745,0,NULL,1,0,0,1),(40736,NULL,'2114-06',2114,6,'2114-06-01','2114-06-30',NULL,NULL,40745,0,NULL,1,0,0,1),(40737,NULL,'2114-07',2114,7,'2114-07-01','2114-07-31',NULL,NULL,40745,0,NULL,1,0,0,1),(40738,NULL,'2114-08',2114,8,'2114-08-01','2114-08-31',NULL,NULL,40745,0,NULL,1,0,0,1),(40739,NULL,'2114-09',2114,9,'2114-09-01','2114-09-30',NULL,NULL,40745,0,NULL,1,0,0,1),(40740,NULL,'2114-10',2114,10,'2114-10-01','2114-10-31',NULL,NULL,40745,0,NULL,1,0,0,1),(40741,NULL,'2114-11',2114,11,'2114-11-01','2114-11-30',NULL,NULL,40745,0,NULL,1,0,0,1),(40742,NULL,'2114-12',2114,12,'2114-12-01','2114-12-31',NULL,NULL,40745,0,NULL,1,0,0,1),(40746,NULL,'2115-01',2115,1,'2115-01-01','2115-01-31',NULL,NULL,40745,0,NULL,1,0,0,1),(40747,NULL,'2115-02',2115,2,'2115-02-01','2115-02-28',NULL,NULL,40745,0,NULL,1,0,0,1),(40748,NULL,'2115-03',2115,3,'2115-03-01','2115-03-31',NULL,NULL,40745,0,NULL,1,0,0,1),(40749,NULL,'2115-04',2115,4,'2115-04-01','2115-04-30',NULL,NULL,40745,0,NULL,1,0,0,1),(40750,NULL,'2115-05',2115,5,'2115-05-01','2115-05-31',NULL,NULL,40745,0,NULL,1,0,0,1),(40751,NULL,'2115-06',2115,6,'2115-06-01','2115-06-30',NULL,NULL,40745,0,NULL,1,0,0,1),(40752,NULL,'2115-07',2115,7,'2115-07-01','2115-07-31',NULL,NULL,40745,0,NULL,1,0,0,1),(40753,NULL,'2115-08',2115,8,'2115-08-01','2115-08-31',NULL,NULL,40745,0,NULL,1,0,0,1),(40754,NULL,'2115-09',2115,9,'2115-09-01','2115-09-30',NULL,NULL,40745,0,NULL,1,0,0,1),(40755,NULL,'2115-10',2115,10,'2115-10-01','2115-10-31',NULL,NULL,40745,0,NULL,1,0,0,1),(40756,NULL,'2115-11',2115,11,'2115-11-01','2115-11-30',NULL,NULL,40745,0,NULL,1,0,0,1),(40757,NULL,'2115-12',2115,12,'2115-12-01','2115-12-31',NULL,NULL,40745,0,NULL,1,0,0,1),(40761,NULL,'2116-01',2116,1,'2116-01-01','2116-01-31',NULL,NULL,40745,0,NULL,1,0,0,1),(40762,NULL,'2116-02',2116,2,'2116-02-01','2116-02-28',NULL,NULL,40745,0,NULL,1,0,0,1),(40763,NULL,'2116-03',2116,3,'2116-03-01','2116-03-31',NULL,NULL,40745,0,NULL,1,0,0,1),(40764,NULL,'2116-04',2116,4,'2116-04-01','2116-04-30',NULL,NULL,40745,0,NULL,1,0,0,1);
INSERT INTO `periods` VALUES (40765,NULL,'2116-05',2116,5,'2116-05-01','2116-05-31',NULL,NULL,40745,0,NULL,1,0,0,1),(40766,NULL,'2116-06',2116,6,'2116-06-01','2116-06-30',NULL,NULL,40745,0,NULL,1,0,0,1),(40767,NULL,'2116-07',2116,7,'2116-07-01','2116-07-31',NULL,NULL,40745,0,NULL,1,0,0,1),(40768,NULL,'2116-08',2116,8,'2116-08-01','2116-08-31',NULL,NULL,40745,0,NULL,1,0,0,1),(40769,NULL,'2116-09',2116,9,'2116-09-01','2116-09-30',NULL,NULL,40745,0,NULL,1,0,0,1),(40770,NULL,'2116-10',2116,10,'2116-10-01','2116-10-31',NULL,NULL,40745,0,NULL,1,0,0,1),(40771,NULL,'2116-11',2116,11,'2116-11-01','2116-11-30',NULL,NULL,40745,0,NULL,1,0,0,1),(40772,NULL,'2116-12',2116,12,'2116-12-01','2116-12-31',NULL,NULL,40745,0,NULL,1,0,0,1),(40776,NULL,'2117-01',2117,1,'2117-01-01','2117-01-31',NULL,NULL,40745,0,NULL,1,0,0,1),(40777,NULL,'2117-02',2117,2,'2117-02-01','2117-02-28',NULL,NULL,40745,0,NULL,1,0,0,1),(40778,NULL,'2117-03',2117,3,'2117-03-01','2117-03-31',NULL,NULL,40745,0,NULL,1,0,0,1),(40779,NULL,'2117-04',2117,4,'2117-04-01','2117-04-30',NULL,NULL,40745,0,NULL,1,0,0,1),(40780,NULL,'2117-05',2117,5,'2117-05-01','2117-05-31',NULL,NULL,40745,0,NULL,1,0,0,1),(40781,NULL,'2117-06',2117,6,'2117-06-01','2117-06-30',NULL,NULL,40745,0,NULL,1,0,0,1),(40782,NULL,'2117-07',2117,7,'2117-07-01','2117-07-31',NULL,NULL,40745,0,NULL,1,0,0,1),(40783,NULL,'2117-08',2117,8,'2117-08-01','2117-08-31',NULL,NULL,40745,0,NULL,1,0,0,1),(40784,NULL,'2117-09',2117,9,'2117-09-01','2117-09-30',NULL,NULL,40745,0,NULL,1,0,0,1),(40785,NULL,'2117-10',2117,10,'2117-10-01','2117-10-31',NULL,NULL,40745,0,NULL,1,0,0,1),(40786,NULL,'2117-11',2117,11,'2117-11-01','2117-11-30',NULL,NULL,40745,0,NULL,1,0,0,1),(40787,NULL,'2117-12',2117,12,'2117-12-01','2117-12-31',NULL,NULL,40745,0,NULL,1,0,0,1),(40791,NULL,'2118-01',2118,1,'2118-01-01','2118-01-31',NULL,NULL,40745,0,NULL,1,0,0,1),(40792,NULL,'2118-02',2118,2,'2118-02-01','2118-02-28',NULL,NULL,40745,0,NULL,1,0,0,1),(40793,NULL,'2118-03',2118,3,'2118-03-01','2118-03-31',NULL,NULL,40745,0,NULL,1,0,0,1),(40794,NULL,'2118-04',2118,4,'2118-04-01','2118-04-30',NULL,NULL,40745,0,NULL,1,0,0,1),(40795,NULL,'2118-05',2118,5,'2118-05-01','2118-05-31',NULL,NULL,40745,0,NULL,1,0,0,1),(40796,NULL,'2118-06',2118,6,'2118-06-01','2118-06-30',NULL,NULL,40745,0,NULL,1,0,0,1),(40797,NULL,'2118-07',2118,7,'2118-07-01','2118-07-31',NULL,NULL,40745,0,NULL,1,0,0,1),(40798,NULL,'2118-08',2118,8,'2118-08-01','2118-08-31',NULL,NULL,40745,0,NULL,1,0,0,1),(40799,NULL,'2118-09',2118,9,'2118-09-01','2118-09-30',NULL,NULL,40745,0,NULL,1,0,0,1),(40800,NULL,'2118-10',2118,10,'2118-10-01','2118-10-31',NULL,NULL,40745,0,NULL,1,0,0,1),(40801,NULL,'2118-11',2118,11,'2118-11-01','2118-11-30',NULL,NULL,40745,0,NULL,1,0,0,1),(40802,NULL,'2118-12',2118,12,'2118-12-01','2118-12-31',NULL,NULL,40745,0,NULL,1,0,0,1),(40806,NULL,'2119-01',2119,1,'2119-01-01','2119-01-31',NULL,NULL,40745,0,NULL,1,0,0,1),(40807,NULL,'2119-02',2119,2,'2119-02-01','2119-02-28',NULL,NULL,40745,0,NULL,1,0,0,1),(40808,NULL,'2119-03',2119,3,'2119-03-01','2119-03-31',NULL,NULL,40745,0,NULL,1,0,0,1),(40809,NULL,'2119-04',2119,4,'2119-04-01','2119-04-30',NULL,NULL,40745,0,NULL,1,0,0,1),(40810,NULL,'2119-05',2119,5,'2119-05-01','2119-05-31',NULL,NULL,40745,0,NULL,1,0,0,1),(40811,NULL,'2119-06',2119,6,'2119-06-01','2119-06-30',NULL,NULL,40745,0,NULL,1,0,0,1),(40812,NULL,'2119-07',2119,7,'2119-07-01','2119-07-31',NULL,NULL,40745,0,NULL,1,0,0,1),(40813,NULL,'2119-08',2119,8,'2119-08-01','2119-08-31',NULL,NULL,40745,0,NULL,1,0,0,1),(40814,NULL,'2119-09',2119,9,'2119-09-01','2119-09-30',NULL,NULL,40745,0,NULL,1,0,0,1),(40815,NULL,'2119-10',2119,10,'2119-10-01','2119-10-31',NULL,NULL,40745,0,NULL,1,0,0,1),(40816,NULL,'2119-11',2119,11,'2119-11-01','2119-11-30',NULL,NULL,40745,0,NULL,1,0,0,1),(40817,NULL,'2119-12',2119,12,'2119-12-01','2119-12-31',NULL,NULL,40745,0,NULL,1,0,0,1),(40821,NULL,'2120-01',2120,1,'2120-01-01','2120-01-31',NULL,NULL,40745,0,NULL,1,0,0,1),(40822,NULL,'2120-02',2120,2,'2120-02-01','2120-02-28',NULL,NULL,40745,0,NULL,1,0,0,1);
INSERT INTO `periods` VALUES (40823,NULL,'2120-03',2120,3,'2120-03-01','2120-03-31',NULL,NULL,40745,0,NULL,1,0,0,1),(40824,NULL,'2120-04',2120,4,'2120-04-01','2120-04-30',NULL,NULL,40745,0,NULL,1,0,0,1),(40825,NULL,'2120-05',2120,5,'2120-05-01','2120-05-31',NULL,NULL,40745,0,NULL,1,0,0,1),(40826,NULL,'2120-06',2120,6,'2120-06-01','2120-06-30',NULL,NULL,40745,0,NULL,1,0,0,1),(40827,NULL,'2120-07',2120,7,'2120-07-01','2120-07-31',NULL,NULL,40745,0,NULL,1,0,0,1),(40828,NULL,'2120-08',2120,8,'2120-08-01','2120-08-31',NULL,NULL,40745,0,NULL,1,0,0,1),(40829,NULL,'2120-09',2120,9,'2120-09-01','2120-09-30',NULL,NULL,40745,0,NULL,1,0,0,1),(40830,NULL,'2120-10',2120,10,'2120-10-01','2120-10-31',NULL,NULL,40745,0,NULL,1,0,0,1),(40831,NULL,'2120-11',2120,11,'2120-11-01','2120-11-30',NULL,NULL,40745,0,NULL,1,0,0,1),(40832,NULL,'2120-12',2120,12,'2120-12-01','2120-12-31',NULL,NULL,40745,0,NULL,1,0,0,1),(40836,NULL,'2121-01',2121,1,'2121-01-01','2121-01-31',NULL,NULL,40745,0,NULL,1,0,0,1),(40837,NULL,'2121-02',2121,2,'2121-02-01','2121-02-28',NULL,NULL,40745,0,NULL,1,0,0,1),(40838,NULL,'2121-03',2121,3,'2121-03-01','2121-03-31',NULL,NULL,40745,0,NULL,1,0,0,1),(40839,NULL,'2121-04',2121,4,'2121-04-01','2121-04-30',NULL,NULL,40745,0,NULL,1,0,0,1),(40840,NULL,'2121-05',2121,5,'2121-05-01','2121-05-31',NULL,NULL,40745,0,NULL,1,0,0,1),(40841,NULL,'2121-06',2121,6,'2121-06-01','2121-06-30',NULL,NULL,40745,0,NULL,1,0,0,1),(40842,NULL,'2121-07',2121,7,'2121-07-01','2121-07-31',NULL,NULL,40745,0,NULL,1,0,0,1),(40843,NULL,'2121-08',2121,8,'2121-08-01','2121-08-31',NULL,NULL,40745,0,NULL,1,0,0,1),(40844,NULL,'2121-09',2121,9,'2121-09-01','2121-09-30',NULL,NULL,40745,0,NULL,1,0,0,1),(40845,NULL,'2121-10',2121,10,'2121-10-01','2121-10-31',NULL,NULL,40745,0,NULL,1,0,0,1),(40846,NULL,'2121-11',2121,11,'2121-11-01','2121-11-30',NULL,NULL,40745,0,NULL,1,0,0,1),(40847,NULL,'2121-12',2121,12,'2121-12-01','2121-12-31',NULL,NULL,40745,0,NULL,1,0,0,1),(40851,NULL,'2122-01',2122,1,'2122-01-01','2122-01-31',NULL,NULL,40745,0,NULL,1,0,0,1),(40852,NULL,'2122-02',2122,2,'2122-02-01','2122-02-28',NULL,NULL,40745,0,NULL,1,0,0,1),(40853,NULL,'2122-03',2122,3,'2122-03-01','2122-03-31',NULL,NULL,40745,0,NULL,1,0,0,1),(40854,NULL,'2122-04',2122,4,'2122-04-01','2122-04-30',NULL,NULL,40745,0,NULL,1,0,0,1),(40855,NULL,'2122-05',2122,5,'2122-05-01','2122-05-31',NULL,NULL,40745,0,NULL,1,0,0,1),(40856,NULL,'2122-06',2122,6,'2122-06-01','2122-06-30',NULL,NULL,40745,0,NULL,1,0,0,1),(40857,NULL,'2122-07',2122,7,'2122-07-01','2122-07-31',NULL,NULL,40745,0,NULL,1,0,0,1),(40858,NULL,'2122-08',2122,8,'2122-08-01','2122-08-31',NULL,NULL,40745,0,NULL,1,0,0,1),(40859,NULL,'2122-09',2122,9,'2122-09-01','2122-09-30',NULL,NULL,40745,0,NULL,1,0,0,1),(40860,NULL,'2122-10',2122,10,'2122-10-01','2122-10-31',NULL,NULL,40745,0,NULL,1,0,0,1),(40861,NULL,'2122-11',2122,11,'2122-11-01','2122-11-30',NULL,NULL,40745,0,NULL,1,0,0,1),(40862,NULL,'2122-12',2122,12,'2122-12-01','2122-12-31',NULL,NULL,40745,0,NULL,1,0,0,1),(40866,NULL,'2123-01',2123,1,'2123-01-01','2123-01-31',NULL,NULL,40745,0,NULL,1,0,0,1),(40867,NULL,'2123-02',2123,2,'2123-02-01','2123-02-28',NULL,NULL,40745,0,NULL,1,0,0,1),(40868,NULL,'2123-03',2123,3,'2123-03-01','2123-03-31',NULL,NULL,40745,0,NULL,1,0,0,1),(40869,NULL,'2123-04',2123,4,'2123-04-01','2123-04-30',NULL,NULL,40745,0,NULL,1,0,0,1),(40870,NULL,'2123-05',2123,5,'2123-05-01','2123-05-31',NULL,NULL,40745,0,NULL,1,0,0,1),(40871,NULL,'2123-06',2123,6,'2123-06-01','2123-06-30',NULL,NULL,40745,0,NULL,1,0,0,1),(40872,NULL,'2123-07',2123,7,'2123-07-01','2123-07-31',NULL,NULL,40745,0,NULL,1,0,0,1),(40873,NULL,'2123-08',2123,8,'2123-08-01','2123-08-31',NULL,NULL,40745,0,NULL,1,0,0,1),(40874,NULL,'2123-09',2123,9,'2123-09-01','2123-09-30',NULL,NULL,40745,0,NULL,1,0,0,1),(40875,NULL,'2123-10',2123,10,'2123-10-01','2123-10-31',NULL,NULL,40745,0,NULL,1,0,0,1),(40876,NULL,'2123-11',2123,11,'2123-11-01','2123-11-30',NULL,NULL,40745,0,NULL,1,0,0,1),(40877,NULL,'2123-12',2123,12,'2123-12-01','2123-12-31',NULL,NULL,40745,0,NULL,1,0,0,1);
INSERT INTO `periods` VALUES (40881,NULL,'2124-01',2124,1,'2124-01-01','2124-01-31',NULL,NULL,40745,0,NULL,1,0,0,1),(40882,NULL,'2124-02',2124,2,'2124-02-01','2124-02-28',NULL,NULL,40745,0,NULL,1,0,0,1),(40883,NULL,'2124-03',2124,3,'2124-03-01','2124-03-31',NULL,NULL,40745,0,NULL,1,0,0,1),(40884,NULL,'2124-04',2124,4,'2124-04-01','2124-04-30',NULL,NULL,40745,0,NULL,1,0,0,1),(40885,NULL,'2124-05',2124,5,'2124-05-01','2124-05-31',NULL,NULL,40745,0,NULL,1,0,0,1),(40886,NULL,'2124-06',2124,6,'2124-06-01','2124-06-30',NULL,NULL,40745,0,NULL,1,0,0,1),(40887,NULL,'2124-07',2124,7,'2124-07-01','2124-07-31',NULL,NULL,40745,0,NULL,1,0,0,1),(40888,NULL,'2124-08',2124,8,'2124-08-01','2124-08-31',NULL,NULL,40745,0,NULL,1,0,0,1),(40889,NULL,'2124-09',2124,9,'2124-09-01','2124-09-30',NULL,NULL,40745,0,NULL,1,0,0,1),(40890,NULL,'2124-10',2124,10,'2124-10-01','2124-10-31',NULL,NULL,40745,0,NULL,1,0,0,1),(40891,NULL,'2124-11',2124,11,'2124-11-01','2124-11-30',NULL,NULL,40745,0,NULL,1,0,0,1),(40892,NULL,'2124-12',2124,12,'2124-12-01','2124-12-31',NULL,NULL,40745,0,NULL,1,0,0,1),(40896,NULL,'2125-01',2125,1,'2125-01-01','2125-01-31',NULL,NULL,40745,0,NULL,1,0,0,1),(40897,NULL,'2125-02',2125,2,'2125-02-01','2125-02-28',NULL,NULL,40745,0,NULL,1,0,0,1),(40898,NULL,'2125-03',2125,3,'2125-03-01','2125-03-31',NULL,NULL,40745,0,NULL,1,0,0,1),(40899,NULL,'2125-04',2125,4,'2125-04-01','2125-04-30',NULL,NULL,40745,0,NULL,1,0,0,1),(40900,NULL,'2125-05',2125,5,'2125-05-01','2125-05-31',NULL,NULL,40745,0,NULL,1,0,0,1),(40901,NULL,'2125-06',2125,6,'2125-06-01','2125-06-30',NULL,NULL,40745,0,NULL,1,0,0,1),(40902,NULL,'2125-07',2125,7,'2125-07-01','2125-07-31',NULL,NULL,40745,0,NULL,1,0,0,1),(40903,NULL,'2125-08',2125,8,'2125-08-01','2125-08-31',NULL,NULL,40745,0,NULL,1,0,0,1),(40904,NULL,'2125-09',2125,9,'2125-09-01','2125-09-30',NULL,NULL,40745,0,NULL,1,0,0,1),(40905,NULL,'2125-10',2125,10,'2125-10-01','2125-10-31',NULL,NULL,40745,0,NULL,1,0,0,1),(40906,NULL,'2125-11',2125,11,'2125-11-01','2125-11-30',NULL,NULL,40745,0,NULL,1,0,0,1),(40907,NULL,'2125-12',2125,12,'2125-12-01','2125-12-31',NULL,NULL,40745,0,NULL,1,0,0,1);

--
-- Table structure for table `person_activities`
--

CREATE TABLE `person_activities` (
  `id` int(10) unsigned NOT NULL AUTO_INCREMENT,
  `user_id` int(10) unsigned DEFAULT NULL,
  `person_id` int(10) unsigned NOT NULL,
  `activity_id` int(10) unsigned NOT NULL,
  `is_principal` tinyint(1) NOT NULL DEFAULT '0',
  `created_at` timestamp NULL DEFAULT NULL,
  `updated_at` timestamp NULL DEFAULT NULL,
  `deleted_at` timestamp NULL DEFAULT NULL,
  PRIMARY KEY (`id`),
  KEY `person_activities_person_id_foreign` (`person_id`),
  KEY `person_activities_activity_id_foreign` (`activity_id`),
  CONSTRAINT `person_activities_activity_id_foreign` FOREIGN KEY (`activity_id`) REFERENCES `activities` (`id`),
  CONSTRAINT `person_activities_person_id_foreign` FOREIGN KEY (`person_id`) REFERENCES `persons` (`id`)
) ENGINE=InnoDB AUTO_INCREMENT=93 DEFAULT CHARSET=utf8mb4 COLLATE=utf8mb4_unicode_ci;

--
-- Dumping data for table `person_activities`
--

INSERT INTO `person_activities` VALUES (2,1,40719,1,0,'2022-09-09 17:43:25','2022-09-09 17:43:25',NULL),(29,7800,40724,608,1,'2022-09-19 16:46:33','2022-09-19 16:46:33',NULL),(30,7800,40724,605,0,'2022-09-19 16:46:33','2022-09-19 16:46:33',NULL),(31,7800,40725,608,1,'2022-10-03 18:00:19','2022-10-03 18:00:19',NULL),(32,7800,40726,620,1,'2023-05-11 11:15:37','2023-05-11 11:15:37',NULL),(33,7800,40726,894,0,'2023-05-11 11:15:37','2023-05-11 11:15:37',NULL),(64,7800,40737,630,1,'2023-05-15 11:38:42','2023-05-15 11:38:42',NULL),(65,7800,40727,437,1,'2023-05-15 11:59:11','2023-05-15 11:59:11',NULL),(66,7800,40738,605,1,'2023-09-12 00:31:57','2023-09-12 00:31:57',NULL),(67,7800,40739,415,1,'2023-09-12 09:14:26','2023-09-12 09:14:26',NULL),(68,7800,40740,706,1,'2023-09-15 16:33:59','2023-09-15 16:33:59',NULL),(69,7800,40740,614,0,'2023-09-15 16:33:59','2023-09-15 16:33:59',NULL),(70,7800,40740,799,0,'2023-09-15 16:33:59','2023-09-15 16:33:59',NULL),(72,7800,40741,410,1,'2023-10-06 21:13:22','2023-10-06 21:13:22',NULL),(86,7800,40743,592,1,'2024-09-19 11:17:21','2024-09-19 11:17:21',NULL),(88,7800,40744,708,1,'2025-01-07 11:09:40','2025-01-07 11:09:40',NULL),(89,7800,40742,406,1,'2025-01-23 11:54:23','2025-01-23 11:54:23',NULL),(90,7800,40742,801,0,'2025-01-23 11:54:23','2025-01-23 11:54:23',NULL),(92,7800,40745,622,1,'2025-02-01 10:59:36','2025-02-01 10:59:36',NULL);

--
-- Table structure for table `person_cobrador`
--

CREATE TABLE `person_cobrador` (
  `id` bigint(20) unsigned NOT NULL AUTO_INCREMENT,
  `person_id` int(10) unsigned NOT NULL,
  `person_id_relationed` int(10) unsigned DEFAULT NULL,
  `cobrador_id` bigint(20) unsigned NOT NULL,
  `created_at` timestamp NULL DEFAULT NULL,
  `updated_at` timestamp NULL DEFAULT NULL,
  `deleted_at` timestamp NULL DEFAULT NULL,
  PRIMARY KEY (`id`),
  KEY `person_cobrador_person_id_foreign` (`person_id`),
  KEY `person_cobrador_cobrador_id_foreign` (`cobrador_id`),
  KEY `person_cobrador_person_id_relationed_foreign` (`person_id_relationed`),
  CONSTRAINT `person_cobrador_cobrador_id_foreign` FOREIGN KEY (`cobrador_id`) REFERENCES `cobradores` (`id`),
  CONSTRAINT `person_cobrador_person_id_foreign` FOREIGN KEY (`person_id`) REFERENCES `persons` (`id`),
  CONSTRAINT `person_cobrador_person_id_relationed_foreign` FOREIGN KEY (`person_id_relationed`) REFERENCES `persons` (`id`)
) ENGINE=InnoDB DEFAULT CHARSET=utf8mb4 COLLATE=utf8mb4_unicode_ci;

--
-- Dumping data for table `person_cobrador`
--


--
-- Table structure for table `person_cobrador_history`
--

CREATE TABLE `person_cobrador_history` (
  `id` bigint(20) unsigned NOT NULL AUTO_INCREMENT,
  `user_id` int(10) unsigned DEFAULT NULL,
  `person_id` int(10) unsigned NOT NULL,
  `person_id_relationed` int(10) unsigned NOT NULL,
  `cobrador_id` bigint(20) unsigned NOT NULL,
  `created_at` timestamp NULL DEFAULT NULL,
  `updated_at` timestamp NULL DEFAULT NULL,
  `deleted_at` timestamp NULL DEFAULT NULL,
  PRIMARY KEY (`id`),
  KEY `person_cobrador_history_person_id_foreign` (`person_id`),
  KEY `person_cobrador_history_person_id_relationed_foreign` (`person_id_relationed`),
  KEY `person_cobrador_history_cobrador_id_foreign` (`cobrador_id`),
  CONSTRAINT `person_cobrador_history_cobrador_id_foreign` FOREIGN KEY (`cobrador_id`) REFERENCES `cobradores` (`id`),
  CONSTRAINT `person_cobrador_history_person_id_foreign` FOREIGN KEY (`person_id`) REFERENCES `persons` (`id`),
  CONSTRAINT `person_cobrador_history_person_id_relationed_foreign` FOREIGN KEY (`person_id_relationed`) REFERENCES `persons` (`id`)
) ENGINE=InnoDB DEFAULT CHARSET=utf8mb4 COLLATE=utf8mb4_unicode_ci;

--
-- Dumping data for table `person_cobrador_history`
--


--
-- Table structure for table `person_configurations`
--

CREATE TABLE `person_configurations` (
  `id` int(10) unsigned NOT NULL AUTO_INCREMENT,
  `user_id` int(10) unsigned DEFAULT NULL,
  `person_id` int(10) unsigned NOT NULL,
  `period_id` int(10) unsigned DEFAULT NULL,
  `zone_id` int(10) unsigned DEFAULT NULL,
  `settle_calc_by_coef` int(11) NOT NULL DEFAULT '0',
  `created_at` timestamp NULL DEFAULT NULL,
  `updated_at` timestamp NULL DEFAULT NULL,
  `active` int(10) unsigned DEFAULT NULL,
  `enviarMail` int(11) DEFAULT '1',
  `honorario` decimal(16,2) DEFAULT '0.00',
  `cta_cte_tesoreria_cuenta_id` int(10) unsigned DEFAULT NULL,
  `month_close` int(10) unsigned DEFAULT NULL,
  `iva_condition_id` int(10) unsigned DEFAULT NULL,
  `obligation_sell` int(10) unsigned DEFAULT NULL,
  `obligation_buy` int(10) unsigned DEFAULT NULL,
  `obligation_iva` int(10) unsigned DEFAULT NULL,
  `obligation_electronic_receipt` int(10) unsigned DEFAULT NULL,
  `obligation_iibb` int(10) unsigned DEFAULT NULL,
  `obligation_other_taxes` int(10) unsigned DEFAULT NULL,
  `liquidation_start_period` varchar(7) COLLATE utf8mb4_unicode_ci DEFAULT NULL,
  `obligation_salaries` int(10) unsigned DEFAULT NULL,
  `empleada_domestica` tinyint(1) NOT NULL DEFAULT '0',
  `prorratear_iva` tinyint(1) NOT NULL DEFAULT '0',
  `is_itc` tinyint(1) NOT NULL DEFAULT '0',
  `priority_order` int(10) unsigned DEFAULT NULL,
  `person_id_administrador` int(11) DEFAULT NULL,
  `person_id_titular` int(11) DEFAULT NULL,
  `logo_path` varchar(180) COLLATE utf8mb4_unicode_ci DEFAULT NULL,
  `certificado_afip_path` varchar(180) COLLATE utf8mb4_unicode_ci DEFAULT NULL,
  `llave_afip_path` varchar(180) COLLATE utf8mb4_unicode_ci DEFAULT NULL,
  `access_electronic_receipt` int(10) unsigned DEFAULT '0',
  `ruta_logo_fa` varchar(100) COLLATE utf8mb4_unicode_ci DEFAULT NULL,
  `inicio_actividades` date DEFAULT NULL,
  `fecha_de_mono_to_ri` date DEFAULT NULL,
  `iibb` varchar(191) COLLATE utf8mb4_unicode_ci DEFAULT NULL,
  `fe_leyenda` varchar(191) COLLATE utf8mb4_unicode_ci DEFAULT NULL,
  `atencion_iva` tinyint(1) NOT NULL DEFAULT '0',
  `atencion_iva_comentario` varchar(191) COLLATE utf8mb4_unicode_ci DEFAULT NULL,
  `atencion_iibb` tinyint(1) NOT NULL DEFAULT '0',
  `atencion_iibb_comentario` varchar(191) COLLATE utf8mb4_unicode_ci DEFAULT NULL,
  `usar_multimoneda` tinyint(1) NOT NULL DEFAULT '0',
  `is_ag_per_ret` tinyint(1) NOT NULL DEFAULT '0',
  `deleted_at` timestamp NULL DEFAULT NULL,
  `barcode_columns` tinyint(3) unsigned NOT NULL DEFAULT '3' COMMENT 'Cantidad de columnas en la hoja de etiquetas',
  `barcode_rows` tinyint(3) unsigned NOT NULL DEFAULT '10' COMMENT 'Cantidad de filas en la hoja de etiquetas',
  `barcode_width_cm` decimal(4,2) NOT NULL DEFAULT '6.50' COMMENT 'Ancho de cada etiqueta en cm',
  `barcode_height_cm` decimal(4,2) NOT NULL DEFAULT '2.50' COMMENT 'Alto de cada etiqueta en cm',
  `barcode_page_size` varchar(10) COLLATE utf8mb4_unicode_ci NOT NULL DEFAULT 'A4' COMMENT 'Tamaño de página (A4, Letter, etc)',
  PRIMARY KEY (`id`),
  KEY `person_configurations_person_id_foreign` (`person_id`),
  KEY `person_configurations_period_id_foreign` (`period_id`),
  KEY `person_configurations_zone_id_foreign` (`zone_id`),
  KEY `person_configurations_iva_condition_id_foreign` (`iva_condition_id`),
  KEY `person_configurations_cta_cte_tesoreria_cuenta_id_foreign` (`cta_cte_tesoreria_cuenta_id`),
  CONSTRAINT `person_configurations_cta_cte_tesoreria_cuenta_id_foreign` FOREIGN KEY (`cta_cte_tesoreria_cuenta_id`) REFERENCES `cta_cte_tesoreria_cuentas` (`id`),
  CONSTRAINT `person_configurations_iva_condition_id_foreign` FOREIGN KEY (`iva_condition_id`) REFERENCES `iva_conditions` (`id`),
  CONSTRAINT `person_configurations_period_id_foreign` FOREIGN KEY (`period_id`) REFERENCES `periods` (`id`),
  CONSTRAINT `person_configurations_person_id_foreign` FOREIGN KEY (`person_id`) REFERENCES `persons` (`id`),
  CONSTRAINT `person_configurations_zone_id_foreign` FOREIGN KEY (`zone_id`) REFERENCES `zones` (`id`)
) ENGINE=InnoDB AUTO_INCREMENT=29 DEFAULT CHARSET=utf8mb4 COLLATE=utf8mb4_unicode_ci;

--
-- Dumping data for table `person_configurations`
--

INSERT INTO `person_configurations` VALUES (2,1,40719,NULL,NULL,0,'2022-09-09 17:43:25','2022-09-09 17:43:25',2,1,0.00,NULL,12,1,NULL,NULL,NULL,NULL,1,NULL,'2022-1',NULL,0,0,0,2,40719,40719,NULL,NULL,NULL,0,NULL,NULL,NULL,NULL,NULL,0,NULL,0,NULL,0,0,NULL,3,10,6.50,2.50,'A4'),(7,7800,40724,NULL,NULL,0,'2022-09-10 15:01:55','2022-09-19 16:46:33',2,1,0.00,NULL,12,2,1,1,1,1,3,NULL,'2022-01',1,0,0,0,1,40724,40724,NULL,NULL,NULL,0,'img//20171310173/logo.pdf','2001-03-01',NULL,'20171310173',NULL,1,'cargar los cetas',1,'tomar las percepciones',0,0,NULL,3,10,6.50,2.50,'A4'),(8,7800,40725,NULL,NULL,0,'2022-10-03 18:00:19','2022-10-03 18:00:19',2,1,0.00,NULL,12,2,1,1,1,1,3,NULL,'2022-01',1,0,0,0,1,40725,40725,NULL,NULL,NULL,0,NULL,'2010-02-01',NULL,'27190693509',NULL,0,NULL,0,NULL,0,0,NULL,3,10,6.50,2.50,'A4'),(9,7800,40726,NULL,NULL,0,'2023-05-11 11:15:37','2023-05-11 11:15:37',2,1,0.00,NULL,12,1,1,1,0,0,3,NULL,'2023-04',1,0,0,0,1,40726,40726,NULL,NULL,NULL,0,NULL,'0000-00-00',NULL,'23369347764',NULL,0,NULL,0,NULL,0,0,NULL,3,10,6.50,2.50,'A4'),(10,7800,40727,NULL,NULL,0,'2023-05-12 19:23:32','2023-05-15 11:59:11',2,1,0.00,NULL,12,1,0,0,0,0,3,NULL,'2023-03',1,0,0,0,2,40727,40727,NULL,NULL,NULL,0,NULL,'2002-10-31','0000-00-00','20269276887',NULL,0,NULL,0,NULL,0,0,NULL,3,10,6.50,2.50,'A4'),(20,7800,40737,NULL,NULL,0,'2023-05-15 11:38:42','2023-05-15 11:38:42',2,1,0.00,NULL,12,2,1,1,1,0,3,NULL,'2023-04',1,0,0,0,2,40737,40737,NULL,NULL,NULL,0,NULL,'0000-00-00','0000-00-00','20272842729',NULL,0,NULL,0,NULL,0,0,NULL,3,10,6.50,2.50,'A4'),(21,7800,40738,NULL,NULL,0,'2023-09-12 00:31:57','2023-09-12 00:31:57',2,1,0.00,NULL,12,1,1,1,0,0,3,NULL,'2023-08',1,0,0,0,2,40738,40738,NULL,NULL,NULL,0,NULL,'0000-00-00','0000-00-00','27354787763',NULL,0,NULL,0,NULL,0,0,NULL,3,10,6.50,2.50,'A4'),(22,7800,40739,NULL,NULL,0,'2023-09-12 09:14:26','2023-09-12 09:14:26',2,1,0.00,NULL,12,1,1,1,0,1,3,NULL,'2023-08',1,0,0,0,2,40739,40739,NULL,NULL,NULL,0,NULL,'0000-00-00','0000-00-00','20322887397',NULL,0,NULL,0,NULL,0,0,NULL,3,10,6.50,2.50,'A4'),(23,7800,40740,NULL,NULL,0,'2023-09-15 16:33:59','2023-09-15 16:33:59',2,1,0.00,NULL,12,2,1,1,1,1,3,NULL,'2023-08',1,0,0,0,1,40740,40740,NULL,NULL,NULL,0,NULL,'0000-00-00','0000-00-00','30717884589',NULL,0,NULL,0,NULL,0,0,NULL,3,10,6.50,2.50,'A4'),(24,7800,40741,NULL,NULL,0,'2023-09-15 17:40:26','2023-10-06 21:13:22',2,1,0.00,NULL,12,2,1,1,0,0,3,NULL,'2023-08',1,0,0,0,1,40741,40741,NULL,NULL,NULL,0,NULL,'2015-07-01','0000-00-00','20253690861',NULL,0,NULL,0,NULL,0,0,NULL,3,10,6.50,2.50,'A4'),(25,7800,40742,NULL,NULL,0,'2024-08-12 19:52:35','2025-01-23 11:54:23',1,1,0.00,NULL,12,2,1,1,1,1,3,NULL,'2023-10',1,0,0,0,1,40742,40742,NULL,NULL,NULL,0,NULL,'2024-08-12','0000-00-00','30718209710',NULL,0,NULL,0,NULL,0,0,NULL,3,10,6.50,2.50,'A4'),(26,7800,40743,NULL,NULL,0,'2024-09-19 11:13:45','2024-09-19 11:17:21',2,1,0.00,NULL,12,2,1,1,1,1,3,NULL,'2024-01',1,0,0,0,1,40743,40743,NULL,NULL,NULL,0,NULL,'2024-09-19','0000-00-00','20303446959',NULL,0,NULL,0,NULL,0,0,NULL,3,10,6.50,2.50,'A4'),(27,7800,40744,NULL,NULL,0,'2025-01-07 11:07:59','2025-01-07 11:09:40',2,1,0.00,NULL,12,1,1,1,0,0,2,NULL,'2024-08',1,0,0,0,1,40744,40744,NULL,NULL,NULL,0,NULL,'2025-01-07','0000-00-00','27357780875',NULL,0,NULL,0,NULL,0,0,NULL,3,10,6.50,2.50,'A4'),(28,7800,40745,NULL,NULL,0,'2025-02-01 10:57:09','2025-02-01 10:59:36',2,1,0.00,NULL,12,1,0,0,0,0,2,NULL,'2024-12',1,0,0,0,1,40745,40745,NULL,NULL,NULL,0,NULL,'2020-09-01','0000-00-00','20344556238',NULL,0,NULL,0,NULL,0,0,NULL,3,10,6.50,2.50,'A4');

--
-- Table structure for table `person_liquidators`
--

CREATE TABLE `person_liquidators` (
  `id` int(10) unsigned NOT NULL AUTO_INCREMENT,
  `user_id` int(10) unsigned DEFAULT NULL,
  `person_id` int(10) unsigned NOT NULL,
  `liquidator_id` int(10) unsigned NOT NULL,
  `created_at` timestamp NULL DEFAULT NULL,
  `updated_at` timestamp NULL DEFAULT NULL,
  `deleted_at` timestamp NULL DEFAULT NULL,
  PRIMARY KEY (`id`),
  KEY `person_liquidators_person_id_foreign` (`person_id`),
  KEY `person_liquidators_liquidator_id_foreign` (`liquidator_id`),
  CONSTRAINT `person_liquidators_liquidator_id_foreign` FOREIGN KEY (`liquidator_id`) REFERENCES `liquidators` (`id`),
  CONSTRAINT `person_liquidators_person_id_foreign` FOREIGN KEY (`person_id`) REFERENCES `persons` (`id`)
) ENGINE=InnoDB AUTO_INCREMENT=35 DEFAULT CHARSET=utf8mb4 COLLATE=utf8mb4_unicode_ci;

--
-- Dumping data for table `person_liquidators`
--

INSERT INTO `person_liquidators` VALUES (10,7800,40724,7,'2022-09-19 16:46:33','2022-09-19 16:46:33',NULL),(11,7800,40725,7,'2022-10-03 18:00:19','2022-10-03 18:00:19',NULL),(12,7800,40726,7,'2023-05-11 11:15:38','2023-05-11 11:15:38',NULL),(16,7800,40737,7,'2023-05-15 11:38:42','2023-05-15 11:38:42',NULL),(17,7800,40727,7,'2023-05-15 11:59:11','2023-05-15 11:59:11',NULL),(18,7800,40738,7,'2023-09-12 00:31:57','2023-09-12 00:31:57',NULL),(19,7800,40739,7,'2023-09-12 09:14:26','2023-09-12 09:14:26',NULL),(20,7800,40740,7,'2023-09-15 16:33:59','2023-09-15 16:33:59',NULL),(22,7800,40741,7,'2023-10-06 21:13:22','2023-10-06 21:13:22',NULL),(30,7800,40743,7,'2024-09-19 11:17:21','2024-09-19 11:17:21',NULL),(32,7800,40744,7,'2025-01-07 11:09:40','2025-01-07 11:09:40',NULL),(33,7800,40742,7,'2025-01-23 11:54:23','2025-01-23 11:54:23',NULL),(34,7800,40745,7,'2025-02-01 10:59:36','2025-02-01 10:59:36',NULL);

--
-- Table structure for table `person_pagos_lugares`
--

CREATE TABLE `person_pagos_lugares` (
  `id` bigint(20) unsigned NOT NULL AUTO_INCREMENT,
  `user_id` int(10) unsigned DEFAULT NULL,
  `person_id` int(10) unsigned NOT NULL,
  `person_id_relationed` int(10) unsigned NOT NULL,
  `descripcion` varchar(255) COLLATE utf8mb4_unicode_ci DEFAULT NULL,
  `contacto` varchar(191) COLLATE utf8mb4_unicode_ci DEFAULT NULL,
  `direccion` varchar(255) COLLATE utf8mb4_unicode_ci DEFAULT NULL,
  `localidad_id` int(10) unsigned DEFAULT NULL,
  `telefono` varchar(255) COLLATE utf8mb4_unicode_ci DEFAULT NULL,
  `mail` varchar(255) COLLATE utf8mb4_unicode_ci DEFAULT NULL,
  `horario_de_llamada` varchar(255) COLLATE utf8mb4_unicode_ci DEFAULT NULL,
  `horario_de_pago` varchar(255) COLLATE utf8mb4_unicode_ci DEFAULT NULL,
  `cobradores_metodo_id` bigint(20) unsigned DEFAULT NULL,
  `comentario` longtext COLLATE utf8mb4_unicode_ci,
  `habilitado` tinyint(1) NOT NULL DEFAULT '1',
  `created_at` timestamp NULL DEFAULT NULL,
  `updated_at` timestamp NULL DEFAULT NULL,
  `deleted_at` timestamp NULL DEFAULT NULL,
  PRIMARY KEY (`id`),
  KEY `person_pagos_lugares_person_id_foreign` (`person_id`),
  KEY `person_pagos_lugares_person_id_relationed_foreign` (`person_id_relationed`),
  KEY `person_pagos_lugares_localidad_id_foreign` (`localidad_id`),
  KEY `person_pagos_lugares_cobradores_metodo_id_foreign` (`cobradores_metodo_id`),
  CONSTRAINT `person_pagos_lugares_cobradores_metodo_id_foreign` FOREIGN KEY (`cobradores_metodo_id`) REFERENCES `cobradores_metodos` (`id`),
  CONSTRAINT `person_pagos_lugares_localidad_id_foreign` FOREIGN KEY (`localidad_id`) REFERENCES `localidad` (`id`),
  CONSTRAINT `person_pagos_lugares_person_id_foreign` FOREIGN KEY (`person_id`) REFERENCES `persons` (`id`),
  CONSTRAINT `person_pagos_lugares_person_id_relationed_foreign` FOREIGN KEY (`person_id_relationed`) REFERENCES `persons` (`id`)
) ENGINE=InnoDB DEFAULT CHARSET=utf8mb4 COLLATE=utf8mb4_unicode_ci;

--
-- Dumping data for table `person_pagos_lugares`
--


--
-- Table structure for table `person_pagos_promesas`
--

CREATE TABLE `person_pagos_promesas` (
  `id` bigint(20) unsigned NOT NULL AUTO_INCREMENT,
  `user_id` int(10) unsigned DEFAULT NULL,
  `person_id` int(10) unsigned NOT NULL,
  `person_id_relationed` int(10) unsigned NOT NULL,
  `person_pago_lugar_id` bigint(20) unsigned DEFAULT NULL,
  `fecha` datetime NOT NULL,
  `comentario` longtext COLLATE utf8mb4_unicode_ci,
  `created_at` timestamp NULL DEFAULT NULL,
  `updated_at` timestamp NULL DEFAULT NULL,
  `deleted_at` timestamp NULL DEFAULT NULL,
  PRIMARY KEY (`id`),
  KEY `person_pagos_promesas_person_id_foreign` (`person_id`),
  KEY `person_pagos_promesas_person_id_relationed_foreign` (`person_id_relationed`),
  CONSTRAINT `person_pagos_promesas_person_id_foreign` FOREIGN KEY (`person_id`) REFERENCES `persons` (`id`),
  CONSTRAINT `person_pagos_promesas_person_id_relationed_foreign` FOREIGN KEY (`person_id_relationed`) REFERENCES `persons` (`id`)
) ENGINE=InnoDB DEFAULT CHARSET=utf8mb4 COLLATE=utf8mb4_unicode_ci;

--
-- Dumping data for table `person_pagos_promesas`
--


--
-- Table structure for table `person_pay_methods`
--

CREATE TABLE `person_pay_methods` (
  `id` int(10) unsigned NOT NULL AUTO_INCREMENT,
  `user_id` int(10) unsigned DEFAULT NULL,
  `person_id` int(10) unsigned NOT NULL,
  `pay_method_id` int(10) unsigned NOT NULL,
  `created_at` timestamp NULL DEFAULT NULL,
  `updated_at` timestamp NULL DEFAULT NULL,
  `deleted_at` timestamp NULL DEFAULT NULL,
  PRIMARY KEY (`id`),
  KEY `person_pay_methods_person_id_foreign` (`person_id`),
  KEY `person_pay_methods_pay_method_id_foreign` (`pay_method_id`),
  CONSTRAINT `person_pay_methods_pay_method_id_foreign` FOREIGN KEY (`pay_method_id`) REFERENCES `pay_methods` (`id`),
  CONSTRAINT `person_pay_methods_person_id_foreign` FOREIGN KEY (`person_id`) REFERENCES `persons` (`id`)
) ENGINE=InnoDB AUTO_INCREMENT=43 DEFAULT CHARSET=utf8mb4 COLLATE=utf8mb4_unicode_ci;

--
-- Dumping data for table `person_pay_methods`
--

INSERT INTO `person_pay_methods` VALUES (10,7800,40724,2,'2022-09-19 16:46:33','2022-09-19 16:46:33',NULL),(11,7800,40725,2,'2022-10-03 18:00:19','2022-10-03 18:00:19',NULL),(12,7800,40726,2,'2023-05-11 11:15:38','2023-05-11 11:15:38',NULL),(13,7800,40726,3,'2023-05-11 11:15:38','2023-05-11 11:15:38',NULL),(14,7800,40726,4,'2023-05-11 11:15:38','2023-05-11 11:15:38',NULL),(18,7800,40737,2,'2023-05-15 11:38:42','2023-05-15 11:38:42',NULL),(19,7800,40727,2,'2023-05-15 11:59:11','2023-05-15 11:59:11',NULL),(20,7800,40738,2,'2023-09-12 00:31:57','2023-09-12 00:31:57',NULL),(21,7800,40740,3,'2023-09-15 16:33:59','2023-09-15 16:33:59',NULL),(23,7800,40741,3,'2023-10-06 21:13:22','2023-10-06 21:13:22',NULL),(37,7800,40743,2,'2024-09-19 11:17:21','2024-09-19 11:17:21',NULL),(39,7800,40744,2,'2025-01-07 11:09:40','2025-01-07 11:09:40',NULL),(40,7800,40742,2,'2025-01-23 11:54:23','2025-01-23 11:54:23',NULL),(41,7800,40742,4,'2025-01-23 11:54:23','2025-01-23 11:54:23',NULL),(42,7800,40745,2,'2025-02-01 10:59:36','2025-02-01 10:59:36',NULL);

--
-- Table structure for table `person_relationeds`
--

CREATE TABLE `person_relationeds` (
  `id` bigint(20) unsigned NOT NULL AUTO_INCREMENT,
  `user_id` int(10) unsigned DEFAULT NULL,
  `person_id` int(10) unsigned NOT NULL,
  `client_id` int(10) unsigned NOT NULL,
  `cliente_relationed_id` int(10) unsigned NOT NULL,
  `created_at` timestamp NULL DEFAULT NULL,
  `updated_at` timestamp NULL DEFAULT NULL,
  `deleted_at` timestamp NULL DEFAULT NULL,
  PRIMARY KEY (`id`),
  KEY `person_relationeds_person_id_foreign` (`person_id`),
  KEY `person_relationeds_client_id_foreign` (`client_id`),
  KEY `person_relationeds_cliente_relationed_id_foreign` (`cliente_relationed_id`),
  CONSTRAINT `person_relationeds_client_id_foreign` FOREIGN KEY (`client_id`) REFERENCES `persons` (`id`),
  CONSTRAINT `person_relationeds_cliente_relationed_id_foreign` FOREIGN KEY (`cliente_relationed_id`) REFERENCES `persons` (`id`),
  CONSTRAINT `person_relationeds_person_id_foreign` FOREIGN KEY (`person_id`) REFERENCES `persons` (`id`)
) ENGINE=InnoDB DEFAULT CHARSET=utf8mb4 COLLATE=utf8mb4_unicode_ci;

--
-- Dumping data for table `person_relationeds`
--


--
-- Table structure for table `person_types`
--

CREATE TABLE `person_types` (
  `id` int(10) unsigned NOT NULL AUTO_INCREMENT,
  `user_id` int(10) unsigned DEFAULT NULL,
  `description` varchar(180) COLLATE utf8mb4_unicode_ci NOT NULL,
  `created_at` timestamp NULL DEFAULT NULL,
  `updated_at` timestamp NULL DEFAULT NULL,
  `deleted_at` timestamp NULL DEFAULT NULL,
  PRIMARY KEY (`id`),
  UNIQUE KEY `person_types_description_unique` (`description`)
) ENGINE=InnoDB AUTO_INCREMENT=3 DEFAULT CHARSET=utf8mb4 COLLATE=utf8mb4_unicode_ci;

--
-- Dumping data for table `person_types`
--

INSERT INTO `person_types` VALUES (1,NULL,'Persona Humana',NULL,NULL,NULL),(2,NULL,'Persona Juridica',NULL,NULL,NULL);

--
-- Table structure for table `person_zone_actividad`
--

CREATE TABLE `person_zone_actividad` (
  `id` int(10) unsigned NOT NULL AUTO_INCREMENT,
  `user_id` int(10) unsigned DEFAULT NULL,
  `person_id` int(10) unsigned NOT NULL,
  `zone_id` int(10) unsigned NOT NULL,
  `actividad_id` int(10) unsigned NOT NULL,
  `calculo_iibb` int(11) NOT NULL,
  `coef` decimal(16,5) NOT NULL DEFAULT '0.00000',
  `alicuota` decimal(16,5) NOT NULL DEFAULT '0.00000',
  `cm_articulo_regimen_id` int(10) unsigned NOT NULL DEFAULT '1',
  `habilitado` tinyint(1) NOT NULL DEFAULT '1',
  `created_at` timestamp NULL DEFAULT NULL,
  `updated_at` timestamp NULL DEFAULT NULL,
  `deleted_at` timestamp NULL DEFAULT NULL,
  PRIMARY KEY (`id`),
  KEY `person_zone_actividad_person_id_foreign` (`person_id`),
  KEY `person_zone_actividad_zone_id_foreign` (`zone_id`),
  KEY `person_zone_actividad_actividad_id_foreign` (`actividad_id`),
  KEY `person_zone_actividad_cm_articulo_regimen_id_foreign` (`cm_articulo_regimen_id`),
  CONSTRAINT `person_zone_actividad_actividad_id_foreign` FOREIGN KEY (`actividad_id`) REFERENCES `activities` (`id`),
  CONSTRAINT `person_zone_actividad_cm_articulo_regimen_id_foreign` FOREIGN KEY (`cm_articulo_regimen_id`) REFERENCES `cm_articulos_regimenes` (`id`),
  CONSTRAINT `person_zone_actividad_person_id_foreign` FOREIGN KEY (`person_id`) REFERENCES `persons` (`id`),
  CONSTRAINT `person_zone_actividad_zone_id_foreign` FOREIGN KEY (`zone_id`) REFERENCES `zones` (`id`)
) ENGINE=InnoDB AUTO_INCREMENT=73 DEFAULT CHARSET=utf8mb4 COLLATE=utf8mb4_unicode_ci;

--
-- Dumping data for table `person_zone_actividad`
--

INSERT INTO `person_zone_actividad` VALUES (27,7800,40724,14,608,1,0.00000,0.00000,1,1,'2022-09-19 16:46:33','2022-09-19 16:46:33',NULL),(28,7800,40724,14,605,1,0.00000,0.00000,1,1,'2022-09-19 16:46:33','2022-09-19 16:46:33',NULL),(29,7800,40725,14,608,1,0.00000,0.00000,1,1,'2022-10-03 18:00:19','2022-10-03 18:00:19',NULL),(30,7800,40726,14,620,1,0.00000,0.00000,1,1,'2023-05-11 11:15:37','2023-05-11 11:15:37',NULL),(31,7800,40726,14,894,1,0.00000,0.00000,1,1,'2023-05-11 11:15:37','2023-05-11 11:15:37',NULL),(44,7800,40737,14,630,2,1.00000,5.00000,1,1,'2023-05-15 11:38:42','2023-05-15 11:38:42',NULL),(45,7800,40727,14,437,1,0.00000,0.00000,1,1,'2023-05-15 11:59:11','2023-05-15 11:59:11',NULL),(46,7800,40738,14,605,1,0.00000,0.00000,1,1,'2023-09-12 00:31:57','2023-09-12 00:31:57',NULL),(47,7800,40739,14,415,1,0.00000,0.00000,1,1,'2023-09-12 09:14:26','2023-09-12 09:14:26',NULL),(48,7800,40740,14,706,1,0.00000,0.00000,1,1,'2023-09-15 16:33:59','2023-09-15 16:33:59',NULL),(49,7800,40740,14,614,1,0.00000,0.00000,1,1,'2023-09-15 16:33:59','2023-09-15 16:33:59',NULL),(50,7800,40740,14,799,1,0.00000,0.00000,1,1,'2023-09-15 16:33:59','2023-09-15 16:33:59',NULL),(52,7800,40741,14,410,1,0.00000,0.00000,1,1,'2023-10-06 21:13:22','2023-10-06 21:13:22',NULL),(66,7800,40743,14,592,1,0.00000,0.00000,1,1,'2024-09-19 11:17:21','2024-09-19 11:17:21',NULL),(68,7800,40744,14,708,1,0.00000,0.00000,1,1,'2025-01-07 11:09:40','2025-01-07 11:09:40',NULL),(69,7800,40742,14,406,1,0.00000,0.00000,1,1,'2025-01-23 11:54:23','2025-01-23 11:54:23',NULL),(70,7800,40742,14,801,1,0.00000,0.00000,1,1,'2025-01-23 11:54:23','2025-01-23 11:54:23',NULL),(72,7800,40745,14,622,1,0.00000,0.00000,1,1,'2025-02-01 10:59:36','2025-02-01 10:59:36',NULL);

--
-- Table structure for table `person_zones`
--

CREATE TABLE `person_zones` (
  `id` int(10) unsigned NOT NULL AUTO_INCREMENT,
  `user_id` int(10) unsigned DEFAULT NULL,
  `sifere_coef` decimal(8,4) NOT NULL DEFAULT '0.0000',
  `iibb_aliquot` decimal(8,4) NOT NULL DEFAULT '0.0000',
  `zone_id` int(10) unsigned NOT NULL,
  `is_principal` tinyint(1) NOT NULL DEFAULT '0',
  `iibb_perception_id` int(10) unsigned DEFAULT NULL,
  `retention_id` int(10) unsigned DEFAULT NULL,
  `activity_id` int(10) unsigned DEFAULT NULL,
  `created_at` timestamp NULL DEFAULT NULL,
  `updated_at` timestamp NULL DEFAULT NULL,
  `person_id` int(10) unsigned NOT NULL,
  `deleted_at` timestamp NULL DEFAULT NULL,
  PRIMARY KEY (`id`),
  KEY `person_zones_zone_id_foreign` (`zone_id`),
  KEY `person_zones_person_id_foreign` (`person_id`),
  CONSTRAINT `person_zones_person_id_foreign` FOREIGN KEY (`person_id`) REFERENCES `persons` (`id`),
  CONSTRAINT `person_zones_zone_id_foreign` FOREIGN KEY (`zone_id`) REFERENCES `zones` (`id`)
) ENGINE=InnoDB AUTO_INCREMENT=50 DEFAULT CHARSET=utf8mb4 COLLATE=utf8mb4_unicode_ci;

--
-- Dumping data for table `person_zones`
--

INSERT INTO `person_zones` VALUES (1,1,0.0000,0.0000,22,0,NULL,NULL,NULL,'2022-09-09 17:43:25','2022-09-09 17:43:25',40719,NULL),(15,7800,0.0000,0.0000,14,1,NULL,NULL,NULL,'2022-09-19 16:46:33','2022-09-19 16:46:33',40724,NULL),(16,7800,0.0000,0.0000,14,1,NULL,NULL,NULL,'2022-10-03 18:00:19','2022-10-03 18:00:19',40725,NULL),(17,7800,0.0000,0.0000,14,1,NULL,NULL,NULL,'2023-05-11 11:15:37','2023-05-11 11:15:37',40726,NULL),(30,7800,0.0000,0.0000,14,1,NULL,NULL,NULL,'2023-05-15 11:38:42','2023-05-15 11:38:42',40737,NULL),(31,7800,0.0000,0.0000,14,1,NULL,NULL,NULL,'2023-05-15 11:59:11','2023-05-15 11:59:11',40727,NULL),(32,7800,0.0000,0.0000,14,1,NULL,NULL,NULL,'2023-09-12 00:31:57','2023-09-12 00:31:57',40738,NULL),(33,7800,0.0000,0.0000,14,1,NULL,NULL,NULL,'2023-09-12 09:14:26','2023-09-12 09:14:26',40739,NULL),(34,7800,0.0000,0.0000,14,1,NULL,NULL,NULL,'2023-09-15 16:33:59','2023-09-15 16:33:59',40740,NULL),(36,7800,0.0000,0.0000,14,1,NULL,NULL,NULL,'2023-10-06 21:13:22','2023-10-06 21:13:22',40741,NULL),(44,7800,0.0000,0.0000,14,1,NULL,NULL,NULL,'2024-09-19 11:17:21','2024-09-19 11:17:21',40743,NULL),(46,7800,0.0000,0.0000,14,1,NULL,NULL,NULL,'2025-01-07 11:09:40','2025-01-07 11:09:40',40744,NULL),(47,7800,0.0000,0.0000,14,1,NULL,NULL,NULL,'2025-01-23 11:54:23','2025-01-23 11:54:23',40742,NULL),(49,7800,0.0000,0.0000,14,1,NULL,NULL,NULL,'2025-02-01 10:59:36','2025-02-01 10:59:36',40745,NULL);

--
-- Table structure for table `persons`
--

CREATE TABLE `persons` (
  `id` int(10) unsigned NOT NULL AUTO_INCREMENT,
  `user_id` int(10) unsigned DEFAULT NULL,
  `field_name1` varchar(255) COLLATE utf8mb4_unicode_ci NOT NULL,
  `fantasy_name` text COLLATE utf8mb4_unicode_ci,
  `codigo` varchar(191) COLLATE utf8mb4_unicode_ci DEFAULT NULL,
  `field_name2` varchar(255) COLLATE utf8mb4_unicode_ci DEFAULT NULL,
  `document_type` varchar(10) COLLATE utf8mb4_unicode_ci NOT NULL,
  `document` varchar(30) COLLATE utf8mb4_unicode_ci NOT NULL,
  `cond_frente_al_iva_id` int(10) unsigned DEFAULT NULL,
  `country_id` int(10) unsigned DEFAULT NULL,
  `state_id` int(10) unsigned DEFAULT NULL,
  `zone_id` int(10) unsigned DEFAULT NULL,
  `plan_cuenta_id` int(10) unsigned DEFAULT NULL,
  `iva_creditos_tipo_id` int(10) unsigned DEFAULT NULL,
  `created_at` timestamp NULL DEFAULT NULL,
  `updated_at` timestamp NULL DEFAULT NULL,
  `activity_id` int(10) unsigned DEFAULT NULL,
  `address` varchar(500) COLLATE utf8mb4_unicode_ci DEFAULT NULL,
  `latitud` decimal(10,7) DEFAULT NULL,
  `longitud` decimal(10,7) DEFAULT NULL,
  `localidad_id` int(10) unsigned DEFAULT NULL,
  `person_type_id` int(10) unsigned DEFAULT NULL,
  `fa_iva_condition_id` int(10) unsigned DEFAULT NULL,
  `fa_codigo_postal` varchar(180) COLLATE utf8mb4_unicode_ci DEFAULT NULL,
  `comentario` longtext COLLATE utf8mb4_unicode_ci,
  `email` varchar(180) COLLATE utf8mb4_unicode_ci DEFAULT NULL,
  `iva_per_regimen_id` bigint(20) unsigned DEFAULT NULL,
  `iva_ret_regimen_id` bigint(20) unsigned DEFAULT NULL,
  `obligation_iibb` bigint(20) unsigned DEFAULT NULL,
  `deleted_at` timestamp NULL DEFAULT NULL,
  PRIMARY KEY (`id`),
  UNIQUE KEY `document_UNIQUE` (`document`),
  KEY `persons_zone_id_foreign` (`zone_id`),
  KEY `persons_person_type_id_foreign` (`person_type_id`),
  KEY `persons_plan_cuenta_id_foreign` (`plan_cuenta_id`),
  KEY `persons_iva_creditos_tipo_id_foreign` (`iva_creditos_tipo_id`),
  KEY `persons_cond_frente_al_iva_id_foreign` (`cond_frente_al_iva_id`),
  KEY `persons_localidad_id_foreign` (`localidad_id`),
  KEY `persons_iva_ret_regimen_id_foreign` (`iva_ret_regimen_id`),
  KEY `persons_iva_per_regimen_id_foreign` (`iva_per_regimen_id`),
  CONSTRAINT `persons_cond_frente_al_iva_id_foreign` FOREIGN KEY (`cond_frente_al_iva_id`) REFERENCES `condicion_frente_al_iva` (`id`),
  CONSTRAINT `persons_iva_creditos_tipo_id_foreign` FOREIGN KEY (`iva_creditos_tipo_id`) REFERENCES `iva_creditos_tipos` (`id`),
  CONSTRAINT `persons_iva_per_regimen_id_foreign` FOREIGN KEY (`iva_per_regimen_id`) REFERENCES `iva_per_regimenes` (`id`),
  CONSTRAINT `persons_iva_ret_regimen_id_foreign` FOREIGN KEY (`iva_ret_regimen_id`) REFERENCES `iva_ret_regimenes` (`id`),
  CONSTRAINT `persons_localidad_id_foreign` FOREIGN KEY (`localidad_id`) REFERENCES `localidad` (`id`),
  CONSTRAINT `persons_person_type_id_foreign` FOREIGN KEY (`person_type_id`) REFERENCES `person_types` (`id`),
  CONSTRAINT `persons_plan_cuenta_id_foreign` FOREIGN KEY (`plan_cuenta_id`) REFERENCES `conta_plan_cuenta` (`id`),
  CONSTRAINT `persons_zone_id_foreign` FOREIGN KEY (`zone_id`) REFERENCES `zones` (`id`)
) ENGINE=InnoDB AUTO_INCREMENT=40746 DEFAULT CHARSET=utf8mb4 COLLATE=utf8mb4_unicode_ci;

--
-- Dumping data for table `persons`
--

INSERT INTO `persons` VALUES (3,NULL,'Larzabal Hernan',NULL,'3',NULL,'cuit','20-28468190-9',NULL,NULL,22,22,NULL,NULL,'2018-05-12 20:55:07','2018-05-14 01:54:15',1,NULL,NULL,NULL,NULL,1,NULL,NULL,NULL,NULL,NULL,NULL,NULL,NULL),(40717,NULL,'Taxes Software',NULL,'40717',NULL,'cuit','30-71625124-8',NULL,NULL,22,22,NULL,NULL,NULL,NULL,NULL,NULL,NULL,NULL,NULL,2,NULL,NULL,NULL,NULL,NULL,NULL,NULL,NULL),(40718,NULL,'Consumidor Final',NULL,'40718',NULL,'cuit','20-11111111-2',NULL,NULL,22,22,NULL,NULL,NULL,NULL,NULL,NULL,NULL,NULL,NULL,NULL,NULL,NULL,NULL,NULL,NULL,NULL,NULL,NULL),(40719,NULL,'Cardozo Hernan Ramon',NULL,'40719',NULL,'cuit','23-28251018-9',6,NULL,NULL,NULL,NULL,NULL,'2022-09-09 23:42:53','2025-07-04 15:00:50',NULL,NULL,NULL,NULL,NULL,NULL,NULL,NULL,NULL,NULL,NULL,NULL,NULL,NULL),(40724,NULL,'Vaca Jose Luis',NULL,'40724',NULL,'cuit','20-17131017-3',1,NULL,NULL,NULL,NULL,NULL,'2022-09-10 15:01:55','2025-07-04 15:00:50',NULL,'Pellegrini N° 255',NULL,NULL,NULL,1,NULL,NULL,NULL,NULL,NULL,NULL,NULL,NULL),(40725,NULL,'JEREZ TARRAGA MARLENE',NULL,'40725',NULL,'cuit','27-19069350-9',1,NULL,NULL,NULL,NULL,NULL,'2022-10-03 18:00:19','2025-07-04 15:00:50',NULL,'URQUIZA N° 888',NULL,NULL,NULL,1,NULL,NULL,NULL,NULL,NULL,NULL,NULL,NULL),(40726,NULL,'PIGOZZI CAROLINA ANTONELLA',NULL,'40726',NULL,'cuit','23-36934776-4',6,NULL,NULL,NULL,NULL,NULL,'2023-05-11 11:15:37','2025-07-04 15:00:50',NULL,'AVENIDA LIBERTADOR N°2980 - LOCAL 2 - BARRIO GRAND BOURG',NULL,NULL,NULL,1,NULL,NULL,NULL,NULL,NULL,NULL,NULL,NULL),(40727,NULL,'ZARATE EMILIANO GASTON',NULL,'40727',NULL,'cuit','20-26927688-7',6,NULL,NULL,NULL,NULL,NULL,'2023-05-12 19:23:32','2025-07-04 15:00:50',NULL,'10 DE OCTUBRE N° 678',NULL,NULL,NULL,1,NULL,NULL,NULL,NULL,NULL,NULL,NULL,NULL),(40737,NULL,'SANTA CRUZ MARIO ALBERTO',NULL,'40737',NULL,'cuit','20-27284272-9',1,NULL,NULL,NULL,NULL,NULL,'2023-05-15 11:38:42','2025-07-04 15:00:50',NULL,'CASEROS 908',NULL,NULL,NULL,1,NULL,NULL,NULL,NULL,NULL,NULL,NULL,NULL),(40738,NULL,'JEREZ CLAUDIA',NULL,'40738',NULL,'cuit','27-35478776-3',6,NULL,NULL,NULL,NULL,NULL,'2023-09-12 00:31:57','2025-07-04 15:00:50',NULL,'ITUZAINGO N° 287',NULL,NULL,NULL,1,NULL,NULL,NULL,NULL,NULL,NULL,NULL,NULL),(40739,NULL,'ESPINILLO CIFUENTES OSCAR DANIEL',NULL,'40739',NULL,'cuit','20-32288739-7',6,NULL,NULL,NULL,NULL,NULL,'2023-09-12 09:14:25','2025-07-04 15:00:50',NULL,'LOTE 11 MZA J - BARRIO EL CIRCULO 3',NULL,NULL,NULL,1,NULL,NULL,NULL,NULL,NULL,NULL,NULL,NULL),(40740,NULL,'BABYLON S.A.S.',NULL,'40740',NULL,'cuit','30-71788458-9',1,NULL,NULL,NULL,NULL,NULL,'2023-09-15 16:33:58','2025-07-04 15:00:50',NULL,'NECOCHEA N° 719',NULL,NULL,NULL,2,NULL,NULL,NULL,NULL,NULL,NULL,NULL,NULL),(40741,NULL,'CARDOZO CRISTIAN ANDRES',NULL,'40741',NULL,'cuit','20-25369086-1',1,NULL,NULL,NULL,NULL,NULL,'2023-09-15 17:40:26','2025-07-04 15:00:50',NULL,'OLAVARRIA N° 645',NULL,NULL,NULL,1,NULL,NULL,NULL,NULL,NULL,NULL,NULL,NULL),(40742,NULL,'GRUPO SUPPORT S.A.S.',NULL,NULL,NULL,'cuit','30-71820971-0',1,NULL,NULL,NULL,NULL,NULL,'2024-08-12 19:52:35','2025-07-04 15:00:50',NULL,'AV. BELGICA 1469',NULL,NULL,NULL,2,NULL,NULL,NULL,NULL,NULL,NULL,NULL,NULL),(40743,NULL,'MAMANI GUSTAVO EXEQUIEL',NULL,NULL,NULL,'cuit','20-30344695-9',1,NULL,NULL,NULL,NULL,NULL,'2024-09-19 11:13:45','2025-07-04 15:00:50',NULL,NULL,NULL,NULL,NULL,1,NULL,NULL,NULL,NULL,NULL,NULL,NULL,NULL),(40744,NULL,'LOPEZ CARLA VIRGINIA',NULL,NULL,NULL,'cuit','27-35778087-5',6,NULL,NULL,NULL,NULL,NULL,'2025-01-07 11:07:59','2025-07-04 15:00:50',NULL,NULL,NULL,NULL,NULL,1,NULL,NULL,NULL,NULL,NULL,NULL,NULL,NULL),(40745,NULL,'LOPEZ SALAS JAVIER ALFREDO',NULL,NULL,NULL,'cuit','20-34455623-8',6,NULL,NULL,NULL,NULL,NULL,'2025-02-01 10:57:09','2025-07-04 15:00:50',NULL,'PELLEGRINI N° 183 - LOCAL 2',NULL,NULL,NULL,1,NULL,NULL,NULL,NULL,NULL,NULL,NULL,NULL);

--
-- Table structure for table `persons_custom_form`
--

CREATE TABLE `persons_custom_form` (
  `id` bigint(20) unsigned NOT NULL AUTO_INCREMENT,
  `user_id` int(10) unsigned DEFAULT NULL,
  `person_id` int(10) unsigned NOT NULL,
  `p_c_servicio_id` bigint(20) unsigned NOT NULL,
  `configuracion` json NOT NULL,
  `created_at` timestamp NULL DEFAULT NULL,
  `updated_at` timestamp NULL DEFAULT NULL,
  `deleted_at` timestamp NULL DEFAULT NULL,
  PRIMARY KEY (`id`),
  KEY `persons_custom_form_person_id_foreign` (`person_id`),
  KEY `persons_custom_form_p_c_servicio_id_foreign` (`p_c_servicio_id`),
  CONSTRAINT `persons_custom_form_p_c_servicio_id_foreign` FOREIGN KEY (`p_c_servicio_id`) REFERENCES `persons_custom_servicios` (`id`),
  CONSTRAINT `persons_custom_form_person_id_foreign` FOREIGN KEY (`person_id`) REFERENCES `persons` (`id`)
) ENGINE=InnoDB DEFAULT CHARSET=utf8mb4 COLLATE=utf8mb4_unicode_ci;

--
-- Dumping data for table `persons_custom_form`
--


--
-- Table structure for table `persons_custom_servicios`
--

CREATE TABLE `persons_custom_servicios` (
  `id` bigint(20) unsigned NOT NULL AUTO_INCREMENT,
  `user_id` int(10) unsigned DEFAULT NULL,
  `descripcion` text COLLATE utf8mb4_unicode_ci NOT NULL,
  `habilitado` tinyint(1) NOT NULL,
  `created_at` timestamp NULL DEFAULT NULL,
  `updated_at` timestamp NULL DEFAULT NULL,
  `deleted_at` timestamp NULL DEFAULT NULL,
  PRIMARY KEY (`id`)
) ENGINE=InnoDB AUTO_INCREMENT=4 DEFAULT CHARSET=utf8mb4 COLLATE=utf8mb4_unicode_ci;

--
-- Dumping data for table `persons_custom_servicios`
--

INSERT INTO `persons_custom_servicios` VALUES (1,NULL,'Ordenes de Trabajo',0,NULL,NULL,NULL),(2,NULL,'Formularios Ordenes',0,'2025-07-06 23:43:55','2025-07-06 23:43:55',NULL),(3,NULL,'Formulario Receipts',0,'2025-07-09 15:29:24','2025-07-09 15:29:24',NULL);

--
-- Table structure for table `persons_datos`
--

CREATE TABLE `persons_datos` (
  `id` bigint(20) unsigned NOT NULL AUTO_INCREMENT,
  `user_id` int(10) unsigned DEFAULT NULL,
  `person_id` int(10) unsigned NOT NULL,
  `dato_1` longtext COLLATE utf8mb4_unicode_ci,
  `dato_2` longtext COLLATE utf8mb4_unicode_ci,
  `dato_3` longtext COLLATE utf8mb4_unicode_ci,
  `dato_4` longtext COLLATE utf8mb4_unicode_ci,
  `dato_5` longtext COLLATE utf8mb4_unicode_ci,
  `created_at` timestamp NULL DEFAULT NULL,
  `updated_at` timestamp NULL DEFAULT NULL,
  `deleted_at` timestamp NULL DEFAULT NULL,
  PRIMARY KEY (`id`),
  KEY `persons_datos_person_id_foreign` (`person_id`),
  CONSTRAINT `persons_datos_person_id_foreign` FOREIGN KEY (`person_id`) REFERENCES `persons` (`id`)
) ENGINE=InnoDB DEFAULT CHARSET=utf8mb4 COLLATE=utf8mb4_unicode_ci;

--
-- Dumping data for table `persons_datos`
--


--
-- Table structure for table `persons_files`
--

CREATE TABLE `persons_files` (
  `id` bigint(20) unsigned NOT NULL AUTO_INCREMENT,
  `user_id` int(10) unsigned DEFAULT NULL,
  `person_id` int(10) unsigned NOT NULL,
  `descripcion` varchar(255) COLLATE utf8mb4_unicode_ci DEFAULT NULL,
  `path` varchar(191) COLLATE utf8mb4_unicode_ci DEFAULT NULL,
  `name_original` varchar(191) COLLATE utf8mb4_unicode_ci DEFAULT NULL,
  `created_at` timestamp NULL DEFAULT NULL,
  `updated_at` timestamp NULL DEFAULT NULL,
  `deleted_at` timestamp NULL DEFAULT NULL,
  PRIMARY KEY (`id`),
  KEY `persons_files_person_id_foreign` (`person_id`),
  CONSTRAINT `persons_files_person_id_foreign` FOREIGN KEY (`person_id`) REFERENCES `persons` (`id`)
) ENGINE=InnoDB DEFAULT CHARSET=utf8mb4 COLLATE=utf8mb4_unicode_ci;

--
-- Dumping data for table `persons_files`
--


--
-- Table structure for table `persons_sicore`
--

CREATE TABLE `persons_sicore` (
  `id` bigint(20) unsigned NOT NULL AUTO_INCREMENT,
  `person_id` int(10) unsigned NOT NULL,
  `is_inscripto` tinyint(1) NOT NULL,
  `sicore_regimen_id` bigint(20) unsigned NOT NULL,
  `deleted_at` timestamp NULL DEFAULT NULL,
  `created_at` timestamp NULL DEFAULT NULL,
  `updated_at` timestamp NULL DEFAULT NULL,
  PRIMARY KEY (`id`),
  KEY `persons_sicore_person_id_foreign` (`person_id`),
  KEY `persons_sicore_sicore_regimen_id_foreign` (`sicore_regimen_id`),
  CONSTRAINT `persons_sicore_person_id_foreign` FOREIGN KEY (`person_id`) REFERENCES `persons` (`id`),
  CONSTRAINT `persons_sicore_sicore_regimen_id_foreign` FOREIGN KEY (`sicore_regimen_id`) REFERENCES `sicore_regimenes` (`id`)
) ENGINE=InnoDB DEFAULT CHARSET=utf8mb4 COLLATE=utf8mb4_unicode_ci;

--
-- Dumping data for table `persons_sicore`
--


--
-- Table structure for table `plazo_de_pago`
--

CREATE TABLE `plazo_de_pago` (
  `id` bigint(20) unsigned NOT NULL AUTO_INCREMENT,
  `user_id` int(10) unsigned DEFAULT NULL,
  `descripcion` text COLLATE utf8mb4_unicode_ci NOT NULL,
  `habilitado` tinyint(1) NOT NULL DEFAULT '1',
  `created_at` timestamp NULL DEFAULT NULL,
  `updated_at` timestamp NULL DEFAULT NULL,
  `deleted_at` timestamp NULL DEFAULT NULL,
  PRIMARY KEY (`id`)
) ENGINE=InnoDB AUTO_INCREMENT=7 DEFAULT CHARSET=utf8mb4 COLLATE=utf8mb4_unicode_ci;

--
-- Dumping data for table `plazo_de_pago`
--

INSERT INTO `plazo_de_pago` VALUES (1,NULL,'0 dias FF',1,NULL,NULL,NULL),(2,NULL,'7 dias FF',1,NULL,NULL,NULL),(3,NULL,'15 dias FF',1,NULL,NULL,NULL),(4,NULL,'30 dias FF',1,NULL,NULL,NULL),(5,NULL,'45 dias FF',1,NULL,NULL,NULL),(6,NULL,'60 dias FF',1,NULL,NULL,NULL);

--
-- Table structure for table `ppc_comunicaciones`
--

CREATE TABLE `ppc_comunicaciones` (
  `id` bigint(20) unsigned NOT NULL AUTO_INCREMENT,
  `user_id` int(10) unsigned DEFAULT NULL,
  `ppc_comunicaciones_type_id` bigint(20) unsigned NOT NULL,
  `person_id` int(10) unsigned NOT NULL,
  `is_propio` tinyint(1) NOT NULL DEFAULT '0',
  `person_id_relationed` int(10) unsigned DEFAULT NULL,
  `ppc_type_id` bigint(20) unsigned NOT NULL,
  `ppc_user_id` bigint(20) unsigned DEFAULT NULL,
  `fecha` datetime NOT NULL,
  `titulo` varchar(191) COLLATE utf8mb4_unicode_ci DEFAULT NULL,
  `descripcion` longtext COLLATE utf8mb4_unicode_ci,
  `habilitado` tinyint(1) NOT NULL DEFAULT '1',
  `created_at` timestamp NULL DEFAULT NULL,
  `updated_at` timestamp NULL DEFAULT NULL,
  `deleted_at` timestamp NULL DEFAULT NULL,
  PRIMARY KEY (`id`),
  KEY `ppc_comunicaciones_ppc_comunicaciones_type_id_foreign` (`ppc_comunicaciones_type_id`),
  KEY `ppc_comunicaciones_person_id_foreign` (`person_id`),
  KEY `ppc_comunicaciones_person_id_relationed_foreign` (`person_id_relationed`),
  KEY `ppc_comunicaciones_ppc_type_id_foreign` (`ppc_type_id`),
  KEY `ppc_comunicaciones_ppc_user_id_foreign` (`ppc_user_id`),
  CONSTRAINT `ppc_comunicaciones_person_id_foreign` FOREIGN KEY (`person_id`) REFERENCES `persons` (`id`),
  CONSTRAINT `ppc_comunicaciones_person_id_relationed_foreign` FOREIGN KEY (`person_id_relationed`) REFERENCES `persons` (`id`),
  CONSTRAINT `ppc_comunicaciones_ppc_comunicaciones_type_id_foreign` FOREIGN KEY (`ppc_comunicaciones_type_id`) REFERENCES `ppc_comunicaciones_types` (`id`),
  CONSTRAINT `ppc_comunicaciones_ppc_type_id_foreign` FOREIGN KEY (`ppc_type_id`) REFERENCES `ppc_types` (`id`),
  CONSTRAINT `ppc_comunicaciones_ppc_user_id_foreign` FOREIGN KEY (`ppc_user_id`) REFERENCES `ppc_users` (`id`)
) ENGINE=InnoDB DEFAULT CHARSET=utf8mb4 COLLATE=utf8mb4_unicode_ci;

--
-- Dumping data for table `ppc_comunicaciones`
--


--
-- Table structure for table `ppc_comunicaciones_files`
--

CREATE TABLE `ppc_comunicaciones_files` (
  `id` bigint(20) unsigned NOT NULL AUTO_INCREMENT,
  `user_id` int(10) unsigned DEFAULT NULL,
  `ppc_comunicacion_id` bigint(20) unsigned NOT NULL,
  `descripcion` varchar(255) COLLATE utf8mb4_unicode_ci DEFAULT NULL,
  `path` varchar(191) COLLATE utf8mb4_unicode_ci DEFAULT NULL,
  `name_original` varchar(191) COLLATE utf8mb4_unicode_ci DEFAULT NULL,
  `created_at` timestamp NULL DEFAULT NULL,
  `updated_at` timestamp NULL DEFAULT NULL,
  `deleted_at` timestamp NULL DEFAULT NULL,
  PRIMARY KEY (`id`),
  KEY `ppc_comunicaciones_files_ppc_comunicacion_id_foreign` (`ppc_comunicacion_id`),
  CONSTRAINT `ppc_comunicaciones_files_ppc_comunicacion_id_foreign` FOREIGN KEY (`ppc_comunicacion_id`) REFERENCES `ppc_comunicaciones` (`id`)
) ENGINE=InnoDB DEFAULT CHARSET=utf8mb4 COLLATE=utf8mb4_unicode_ci;

--
-- Dumping data for table `ppc_comunicaciones_files`
--


--
-- Table structure for table `ppc_comunicaciones_types`
--

CREATE TABLE `ppc_comunicaciones_types` (
  `id` bigint(20) unsigned NOT NULL AUTO_INCREMENT,
  `user_id` int(10) unsigned DEFAULT NULL,
  `descripcion` text COLLATE utf8mb4_unicode_ci NOT NULL,
  `habilitado` tinyint(1) NOT NULL DEFAULT '1',
  `created_at` timestamp NULL DEFAULT NULL,
  `updated_at` timestamp NULL DEFAULT NULL,
  `deleted_at` timestamp NULL DEFAULT NULL,
  PRIMARY KEY (`id`)
) ENGINE=InnoDB AUTO_INCREMENT=3 DEFAULT CHARSET=utf8mb4 COLLATE=utf8mb4_unicode_ci;

--
-- Dumping data for table `ppc_comunicaciones_types`
--

INSERT INTO `ppc_comunicaciones_types` VALUES (1,NULL,'Legajos',1,NULL,NULL,NULL),(2,NULL,'Notificaciones',1,NULL,NULL,NULL);

--
-- Table structure for table `ppc_receipts`
--

CREATE TABLE `ppc_receipts` (
  `id` bigint(20) unsigned NOT NULL AUTO_INCREMENT,
  `user_id` int(10) unsigned DEFAULT NULL,
  `type_id` int(10) unsigned DEFAULT NULL,
  `person_id` int(10) unsigned NOT NULL,
  `person_id_relationed` int(10) unsigned NOT NULL,
  `ppc_user_id` bigint(20) unsigned NOT NULL,
  `ppc_type_id` bigint(20) unsigned NOT NULL,
  `was_leida` tinyint(1) NOT NULL DEFAULT '0',
  `fecha` datetime NOT NULL,
  `titulo` varchar(191) COLLATE utf8mb4_unicode_ci DEFAULT NULL,
  `descripcion` longtext COLLATE utf8mb4_unicode_ci,
  `file` text COLLATE utf8mb4_unicode_ci,
  `type_receipt_id` int(10) unsigned DEFAULT NULL,
  `sucursal` int(11) DEFAULT NULL,
  `numero` int(11) DEFAULT NULL,
  `fecha_emision` date NOT NULL,
  `fecha_vto` date DEFAULT NULL,
  `moneda_id` int(10) unsigned NOT NULL DEFAULT '1',
  `cotizacion` decimal(16,2) NOT NULL DEFAULT '0.00',
  `subtotal` decimal(16,2) NOT NULL DEFAULT '0.00',
  `impuestos` decimal(16,2) NOT NULL DEFAULT '0.00',
  `total` decimal(16,2) NOT NULL DEFAULT '0.00',
  `forma_de_entrega_id` bigint(20) unsigned DEFAULT NULL,
  `dc_orden_id` bigint(20) unsigned DEFAULT NULL,
  `documento_asoc` text COLLATE utf8mb4_unicode_ci,
  `ppc_receipt_estado_id` bigint(20) unsigned NOT NULL DEFAULT '1',
  `comentario_recepcion` longtext COLLATE utf8mb4_unicode_ci,
  `created_at` timestamp NULL DEFAULT NULL,
  `updated_at` timestamp NULL DEFAULT NULL,
  `deleted_at` timestamp NULL DEFAULT NULL,
  PRIMARY KEY (`id`),
  KEY `ppc_receipts_type_id_foreign` (`type_id`),
  KEY `ppc_receipts_person_id_foreign` (`person_id`),
  KEY `ppc_receipts_person_id_relationed_foreign` (`person_id_relationed`),
  KEY `ppc_receipts_ppc_type_id_foreign` (`ppc_type_id`),
  KEY `ppc_receipts_ppc_user_id_foreign` (`ppc_user_id`),
  KEY `ppc_receipts_type_receipt_id_foreign` (`type_receipt_id`),
  KEY `ppc_receipts_moneda_id_foreign` (`moneda_id`),
  KEY `ppc_receipts_forma_de_entrega_id_foreign` (`forma_de_entrega_id`),
  KEY `ppc_receipts_dc_orden_id_foreign` (`dc_orden_id`),
  KEY `ppc_receipts_ppc_receipt_estado_id_foreign` (`ppc_receipt_estado_id`),
  CONSTRAINT `ppc_receipts_dc_orden_id_foreign` FOREIGN KEY (`dc_orden_id`) REFERENCES `dc_ordenes` (`id`),
  CONSTRAINT `ppc_receipts_forma_de_entrega_id_foreign` FOREIGN KEY (`forma_de_entrega_id`) REFERENCES `forma_de_entrega` (`id`),
  CONSTRAINT `ppc_receipts_moneda_id_foreign` FOREIGN KEY (`moneda_id`) REFERENCES `monedas` (`id`),
  CONSTRAINT `ppc_receipts_person_id_foreign` FOREIGN KEY (`person_id`) REFERENCES `persons` (`id`),
  CONSTRAINT `ppc_receipts_person_id_relationed_foreign` FOREIGN KEY (`person_id_relationed`) REFERENCES `persons` (`id`),
  CONSTRAINT `ppc_receipts_ppc_receipt_estado_id_foreign` FOREIGN KEY (`ppc_receipt_estado_id`) REFERENCES `ppc_receipts_estados` (`id`),
  CONSTRAINT `ppc_receipts_ppc_type_id_foreign` FOREIGN KEY (`ppc_type_id`) REFERENCES `ppc_types` (`id`),
  CONSTRAINT `ppc_receipts_ppc_user_id_foreign` FOREIGN KEY (`ppc_user_id`) REFERENCES `ppc_users` (`id`),
  CONSTRAINT `ppc_receipts_type_id_foreign` FOREIGN KEY (`type_id`) REFERENCES `types` (`id`),
  CONSTRAINT `ppc_receipts_type_receipt_id_foreign` FOREIGN KEY (`type_receipt_id`) REFERENCES `receipt_types` (`id`)
) ENGINE=InnoDB DEFAULT CHARSET=utf8mb4 COLLATE=utf8mb4_unicode_ci;

--
-- Dumping data for table `ppc_receipts`
--


--
-- Table structure for table `ppc_receipts_estados`
--

CREATE TABLE `ppc_receipts_estados` (
  `id` bigint(20) unsigned NOT NULL AUTO_INCREMENT,
  `user_id` int(10) unsigned DEFAULT NULL,
  `descripcion` text COLLATE utf8mb4_unicode_ci NOT NULL,
  `habilitado` tinyint(1) NOT NULL DEFAULT '1',
  `created_at` timestamp NULL DEFAULT NULL,
  `updated_at` timestamp NULL DEFAULT NULL,
  `deleted_at` timestamp NULL DEFAULT NULL,
  PRIMARY KEY (`id`)
) ENGINE=InnoDB AUTO_INCREMENT=4 DEFAULT CHARSET=utf8mb4 COLLATE=utf8mb4_unicode_ci;

--
-- Dumping data for table `ppc_receipts_estados`
--

INSERT INTO `ppc_receipts_estados` VALUES (1,NULL,'Pendiente',1,NULL,NULL,NULL),(2,NULL,'Rechazado',1,NULL,NULL,NULL),(3,NULL,'Aprobado',1,NULL,NULL,NULL);

--
-- Table structure for table `ppc_receipts_files`
--

CREATE TABLE `ppc_receipts_files` (
  `id` bigint(20) unsigned NOT NULL AUTO_INCREMENT,
  `user_id` int(10) unsigned DEFAULT NULL,
  `ppc_receipt_id` bigint(20) unsigned NOT NULL,
  `descripcion` varchar(255) COLLATE utf8mb4_unicode_ci DEFAULT NULL,
  `path` varchar(191) COLLATE utf8mb4_unicode_ci DEFAULT NULL,
  `name_original` varchar(191) COLLATE utf8mb4_unicode_ci DEFAULT NULL,
  `created_at` timestamp NULL DEFAULT NULL,
  `updated_at` timestamp NULL DEFAULT NULL,
  `deleted_at` timestamp NULL DEFAULT NULL,
  PRIMARY KEY (`id`),
  KEY `ppc_receipts_files_ppc_receipt_id_foreign` (`ppc_receipt_id`),
  CONSTRAINT `ppc_receipts_files_ppc_receipt_id_foreign` FOREIGN KEY (`ppc_receipt_id`) REFERENCES `ppc_receipts` (`id`)
) ENGINE=InnoDB DEFAULT CHARSET=utf8mb4 COLLATE=utf8mb4_unicode_ci;

--
-- Dumping data for table `ppc_receipts_files`
--


--
-- Table structure for table `ppc_types`
--

CREATE TABLE `ppc_types` (
  `id` bigint(20) unsigned NOT NULL AUTO_INCREMENT,
  `user_id` int(10) unsigned DEFAULT NULL,
  `descripcion` text COLLATE utf8mb4_unicode_ci NOT NULL,
  `habilitado` tinyint(1) NOT NULL DEFAULT '1',
  `created_at` timestamp NULL DEFAULT NULL,
  `updated_at` timestamp NULL DEFAULT NULL,
  `deleted_at` timestamp NULL DEFAULT NULL,
  PRIMARY KEY (`id`)
) ENGINE=InnoDB AUTO_INCREMENT=4 DEFAULT CHARSET=utf8mb4 COLLATE=utf8mb4_unicode_ci;

--
-- Dumping data for table `ppc_types`
--

INSERT INTO `ppc_types` VALUES (1,NULL,'Proveedor',1,NULL,NULL,NULL),(2,NULL,'Cliente',1,NULL,NULL,NULL),(3,NULL,'Ambos',1,NULL,NULL,NULL);

--
-- Table structure for table `ppc_users`
--

CREATE TABLE `ppc_users` (
  `id` bigint(20) unsigned NOT NULL AUTO_INCREMENT,
  `user_id` int(10) unsigned DEFAULT NULL,
  `person_id` int(10) unsigned NOT NULL,
  `person_id_relationed` int(10) unsigned NOT NULL,
  `person_id_ppc_user` int(10) unsigned NOT NULL,
  `ppc_type_id` bigint(20) unsigned NOT NULL,
  `login_user` text COLLATE utf8mb4_unicode_ci NOT NULL,
  `password` text COLLATE utf8mb4_unicode_ci NOT NULL,
  `is_principal` tinyint(1) NOT NULL DEFAULT '1',
  `habilitado` tinyint(1) NOT NULL DEFAULT '1',
  `created_at` timestamp NULL DEFAULT NULL,
  `updated_at` timestamp NULL DEFAULT NULL,
  `deleted_at` timestamp NULL DEFAULT NULL,
  PRIMARY KEY (`id`),
  KEY `ppc_users_person_id_foreign` (`person_id`),
  KEY `ppc_users_person_id_relationed_foreign` (`person_id_relationed`),
  KEY `ppc_users_person_id_ppc_user_foreign` (`person_id_ppc_user`),
  KEY `ppc_users_ppc_type_id_foreign` (`ppc_type_id`),
  CONSTRAINT `ppc_users_person_id_foreign` FOREIGN KEY (`person_id`) REFERENCES `persons` (`id`),
  CONSTRAINT `ppc_users_person_id_ppc_user_foreign` FOREIGN KEY (`person_id_ppc_user`) REFERENCES `persons` (`id`),
  CONSTRAINT `ppc_users_person_id_relationed_foreign` FOREIGN KEY (`person_id_relationed`) REFERENCES `persons` (`id`),
  CONSTRAINT `ppc_users_ppc_type_id_foreign` FOREIGN KEY (`ppc_type_id`) REFERENCES `ppc_types` (`id`)
) ENGINE=InnoDB DEFAULT CHARSET=utf8mb4 COLLATE=utf8mb4_unicode_ci;

--
-- Dumping data for table `ppc_users`
--


--
-- Table structure for table `pre_facturas`
--

CREATE TABLE `pre_facturas` (
  `id` bigint(20) unsigned NOT NULL AUTO_INCREMENT,
  `user_id` int(10) unsigned DEFAULT NULL,
  `fact_elec_receipt_id` int(10) unsigned DEFAULT NULL,
  `person_id` int(10) unsigned NOT NULL,
  `person_id_relationed` int(10) unsigned NOT NULL,
  `fecha` date NOT NULL,
  `fecha_facturado` date DEFAULT NULL,
  `neto` decimal(16,2) NOT NULL DEFAULT '0.00',
  `comentario` longtext COLLATE utf8mb4_unicode_ci,
  `created_at` timestamp NULL DEFAULT NULL,
  `updated_at` timestamp NULL DEFAULT NULL,
  `deleted_at` timestamp NULL DEFAULT NULL,
  PRIMARY KEY (`id`),
  KEY `pre_facturas_person_id_foreign` (`person_id`),
  KEY `pre_facturas_person_id_relationed_foreign` (`person_id_relationed`),
  KEY `pre_facturas_fact_elec_receipt_id_foreign` (`fact_elec_receipt_id`),
  CONSTRAINT `pre_facturas_fact_elec_receipt_id_foreign` FOREIGN KEY (`fact_elec_receipt_id`) REFERENCES `fact_elec_receipts` (`id`),
  CONSTRAINT `pre_facturas_person_id_foreign` FOREIGN KEY (`person_id`) REFERENCES `persons` (`id`),
  CONSTRAINT `pre_facturas_person_id_relationed_foreign` FOREIGN KEY (`person_id_relationed`) REFERENCES `persons` (`id`)
) ENGINE=InnoDB DEFAULT CHARSET=utf8mb4 COLLATE=utf8mb4_unicode_ci;

--
-- Dumping data for table `pre_facturas`
--


--
-- Table structure for table `pre_facturas_files`
--

CREATE TABLE `pre_facturas_files` (
  `id` bigint(20) unsigned NOT NULL AUTO_INCREMENT,
  `user_id` int(10) unsigned DEFAULT NULL,
  `pre_factura_id` bigint(20) unsigned NOT NULL,
  `descripcion` varchar(255) COLLATE utf8mb4_unicode_ci DEFAULT NULL,
  `path` varchar(191) COLLATE utf8mb4_unicode_ci DEFAULT NULL,
  `name_original` varchar(191) COLLATE utf8mb4_unicode_ci DEFAULT NULL,
  `created_at` timestamp NULL DEFAULT NULL,
  `updated_at` timestamp NULL DEFAULT NULL,
  `deleted_at` timestamp NULL DEFAULT NULL,
  PRIMARY KEY (`id`),
  KEY `pre_facturas_files_pre_factura_id_foreign` (`pre_factura_id`),
  CONSTRAINT `pre_facturas_files_pre_factura_id_foreign` FOREIGN KEY (`pre_factura_id`) REFERENCES `pre_facturas` (`id`)
) ENGINE=InnoDB DEFAULT CHARSET=utf8mb4 COLLATE=utf8mb4_unicode_ci;

--
-- Dumping data for table `pre_facturas_files`
--


--
-- Table structure for table `pre_facturas_ots`
--

CREATE TABLE `pre_facturas_ots` (
  `id` bigint(20) unsigned NOT NULL AUTO_INCREMENT,
  `user_id` int(10) unsigned DEFAULT NULL,
  `pre_factura_id` bigint(20) unsigned NOT NULL,
  `inv_ot_id` bigint(20) unsigned NOT NULL,
  `created_at` timestamp NULL DEFAULT NULL,
  `updated_at` timestamp NULL DEFAULT NULL,
  `deleted_at` timestamp NULL DEFAULT NULL,
  PRIMARY KEY (`id`),
  KEY `pre_facturas_ots_pre_factura_id_foreign` (`pre_factura_id`),
  KEY `pre_facturas_ots_inv_ot_id_foreign` (`inv_ot_id`),
  CONSTRAINT `pre_facturas_ots_inv_ot_id_foreign` FOREIGN KEY (`inv_ot_id`) REFERENCES `inv_orden_trabajos` (`id`),
  CONSTRAINT `pre_facturas_ots_pre_factura_id_foreign` FOREIGN KEY (`pre_factura_id`) REFERENCES `pre_facturas` (`id`)
) ENGINE=InnoDB DEFAULT CHARSET=utf8mb4 COLLATE=utf8mb4_unicode_ci;

--
-- Dumping data for table `pre_facturas_ots`
--


--
-- Table structure for table `presupuesto_config`
--

CREATE TABLE `presupuesto_config` (
  `id` int(10) unsigned NOT NULL AUTO_INCREMENT,
  `user_id` int(10) unsigned DEFAULT NULL,
  `person_id` int(10) unsigned NOT NULL,
  `num_inicial` int(10) unsigned NOT NULL DEFAULT '0',
  `created_at` timestamp NULL DEFAULT NULL,
  `updated_at` timestamp NULL DEFAULT NULL,
  `deleted_at` timestamp NULL DEFAULT NULL,
  PRIMARY KEY (`id`),
  KEY `presupuesto_config_person_id_foreign` (`person_id`),
  CONSTRAINT `presupuesto_config_person_id_foreign` FOREIGN KEY (`person_id`) REFERENCES `persons` (`id`)
) ENGINE=InnoDB DEFAULT CHARSET=utf8mb4 COLLATE=utf8mb4_unicode_ci;

--
-- Dumping data for table `presupuesto_config`
--


--
-- Table structure for table `presupuestos`
--

CREATE TABLE `presupuestos` (
  `id` int(10) unsigned NOT NULL AUTO_INCREMENT,
  `user_id` int(10) unsigned NOT NULL,
  `fecha` date NOT NULL DEFAULT '2019-12-23',
  `punto_venta_id` int(10) unsigned NOT NULL,
  `system_tax_id` int(10) unsigned NOT NULL DEFAULT '7',
  `numero` int(10) unsigned NOT NULL,
  `person_id` int(10) unsigned NOT NULL,
  `person_id_receptor` int(10) unsigned NOT NULL DEFAULT '3',
  `texto` longtext COLLATE utf8mb4_unicode_ci,
  `iva_si_no` tinyint(1) NOT NULL DEFAULT '0',
  `neto` decimal(16,2) NOT NULL DEFAULT '0.00',
  `iva` decimal(16,2) NOT NULL DEFAULT '0.00',
  `total` decimal(16,2) NOT NULL DEFAULT '0.00',
  `comentario` varchar(191) COLLATE utf8mb4_unicode_ci DEFAULT NULL,
  `created_at` timestamp NULL DEFAULT NULL,
  `updated_at` timestamp NULL DEFAULT NULL,
  `deleted_at` timestamp NULL DEFAULT NULL,
  PRIMARY KEY (`id`),
  KEY `presupuestos_punto_venta_id_foreign` (`punto_venta_id`),
  KEY `presupuestos_person_id_foreign` (`person_id`),
  KEY `presupuestos_person_id_receptor_foreign` (`person_id_receptor`),
  KEY `presupuestos_system_tax_id_foreign` (`system_tax_id`),
  CONSTRAINT `presupuestos_person_id_foreign` FOREIGN KEY (`person_id`) REFERENCES `persons` (`id`),
  CONSTRAINT `presupuestos_person_id_receptor_foreign` FOREIGN KEY (`person_id_receptor`) REFERENCES `persons` (`id`),
  CONSTRAINT `presupuestos_punto_venta_id_foreign` FOREIGN KEY (`punto_venta_id`) REFERENCES `fact_elec_puntos_venta` (`id`),
  CONSTRAINT `presupuestos_system_tax_id_foreign` FOREIGN KEY (`system_tax_id`) REFERENCES `system_taxes` (`id`)
) ENGINE=InnoDB DEFAULT CHARSET=utf8mb4 COLLATE=utf8mb4_unicode_ci;

--
-- Dumping data for table `presupuestos`
--


--
-- Table structure for table `prod_variant_types`
--

CREATE TABLE `prod_variant_types` (
  `id` bigint(20) unsigned NOT NULL AUTO_INCREMENT,
  `user_id` int(10) unsigned DEFAULT NULL,
  `person_id` int(10) unsigned NOT NULL,
  `descripcion` varchar(191) COLLATE utf8mb4_unicode_ci NOT NULL,
  `habilitado` tinyint(1) NOT NULL DEFAULT '1',
  `created_at` timestamp NULL DEFAULT NULL,
  `updated_at` timestamp NULL DEFAULT NULL,
  `deleted_at` timestamp NULL DEFAULT NULL,
  PRIMARY KEY (`id`),
  KEY `prod_variant_types_person_id_foreign` (`person_id`),
  CONSTRAINT `prod_variant_types_person_id_foreign` FOREIGN KEY (`person_id`) REFERENCES `persons` (`id`)
) ENGINE=InnoDB DEFAULT CHARSET=utf8mb4 COLLATE=utf8mb4_unicode_ci;

--
-- Dumping data for table `prod_variant_types`
--


--
-- Table structure for table `prod_variant_values`
--

CREATE TABLE `prod_variant_values` (
  `id` bigint(20) unsigned NOT NULL AUTO_INCREMENT,
  `user_id` int(10) unsigned DEFAULT NULL,
  `person_id` int(10) unsigned NOT NULL,
  `prod_variant_type_id` bigint(20) unsigned NOT NULL,
  `descripcion` varchar(191) COLLATE utf8mb4_unicode_ci NOT NULL,
  `habilitado` tinyint(1) NOT NULL DEFAULT '1',
  `created_at` timestamp NULL DEFAULT NULL,
  `updated_at` timestamp NULL DEFAULT NULL,
  `deleted_at` timestamp NULL DEFAULT NULL,
  PRIMARY KEY (`id`),
  KEY `prod_variant_values_person_id_foreign` (`person_id`),
  KEY `prod_variant_values_prod_variant_type_id_foreign` (`prod_variant_type_id`),
  CONSTRAINT `prod_variant_values_person_id_foreign` FOREIGN KEY (`person_id`) REFERENCES `persons` (`id`),
  CONSTRAINT `prod_variant_values_prod_variant_type_id_foreign` FOREIGN KEY (`prod_variant_type_id`) REFERENCES `prod_variant_types` (`id`)
) ENGINE=InnoDB DEFAULT CHARSET=utf8mb4 COLLATE=utf8mb4_unicode_ci;

--
-- Dumping data for table `prod_variant_values`
--


--
-- Table structure for table `prod_variants`
--

CREATE TABLE `prod_variants` (
  `id` bigint(20) unsigned NOT NULL AUTO_INCREMENT,
  `user_id` int(10) unsigned DEFAULT NULL,
  `person_id` int(10) unsigned NOT NULL,
  `inv_product_id` bigint(20) unsigned NOT NULL,
  `created_at` timestamp NULL DEFAULT NULL,
  `updated_at` timestamp NULL DEFAULT NULL,
  `deleted_at` timestamp NULL DEFAULT NULL,
  PRIMARY KEY (`id`),
  KEY `prod_variants_person_id_foreign` (`person_id`),
  KEY `prod_variants_inv_product_id_foreign` (`inv_product_id`),
  CONSTRAINT `prod_variants_inv_product_id_foreign` FOREIGN KEY (`inv_product_id`) REFERENCES `inv_productos` (`id`),
  CONSTRAINT `prod_variants_person_id_foreign` FOREIGN KEY (`person_id`) REFERENCES `persons` (`id`)
) ENGINE=InnoDB DEFAULT CHARSET=utf8mb4 COLLATE=utf8mb4_unicode_ci;

--
-- Dumping data for table `prod_variants`
--


--
-- Table structure for table `prod_variants_detail`
--

CREATE TABLE `prod_variants_detail` (
  `id` bigint(20) unsigned NOT NULL AUTO_INCREMENT,
  `prod_variant_id` bigint(20) unsigned NOT NULL,
  `prod_variant_value_id` bigint(20) unsigned NOT NULL,
  `created_at` timestamp NULL DEFAULT NULL,
  `updated_at` timestamp NULL DEFAULT NULL,
  `deleted_at` timestamp NULL DEFAULT NULL,
  PRIMARY KEY (`id`),
  KEY `prod_variants_detail_prod_variant_id_foreign` (`prod_variant_id`),
  KEY `prod_variants_detail_prod_variant_value_id_foreign` (`prod_variant_value_id`),
  CONSTRAINT `prod_variants_detail_prod_variant_id_foreign` FOREIGN KEY (`prod_variant_id`) REFERENCES `prod_variants` (`id`),
  CONSTRAINT `prod_variants_detail_prod_variant_value_id_foreign` FOREIGN KEY (`prod_variant_value_id`) REFERENCES `prod_variant_values` (`id`)
) ENGINE=InnoDB DEFAULT CHARSET=utf8mb4 COLLATE=utf8mb4_unicode_ci;

--
-- Dumping data for table `prod_variants_detail`
--


--
-- Table structure for table `querys`
--

CREATE TABLE `querys` (
  `id` bigint(20) unsigned NOT NULL AUTO_INCREMENT,
  `user_id` int(10) unsigned DEFAULT NULL,
  `descripcion` varchar(191) COLLATE utf8mb4_unicode_ci DEFAULT NULL,
  `habilitado` tinyint(1) NOT NULL DEFAULT '1',
  `created_at` timestamp NULL DEFAULT NULL,
  `updated_at` timestamp NULL DEFAULT NULL,
  `deleted_at` timestamp NULL DEFAULT NULL,
  PRIMARY KEY (`id`)
) ENGINE=InnoDB AUTO_INCREMENT=2 DEFAULT CHARSET=utf8mb4 COLLATE=utf8mb4_unicode_ci;

--
-- Dumping data for table `querys`
--

INSERT INTO `querys` VALUES (1,NULL,'Factura Electronica Masiva Productos',1,'2022-09-09 17:43:18','2022-09-09 17:43:18',NULL);

--
-- Table structure for table `querys_details`
--

CREATE TABLE `querys_details` (
  `id` bigint(20) unsigned NOT NULL AUTO_INCREMENT,
  `user_id` int(10) unsigned DEFAULT NULL,
  `person_id` int(10) unsigned DEFAULT NULL,
  `query_id` bigint(20) unsigned NOT NULL,
  `descripcion` longtext COLLATE utf8mb4_unicode_ci,
  `created_at` timestamp NULL DEFAULT NULL,
  `updated_at` timestamp NULL DEFAULT NULL,
  `deleted_at` timestamp NULL DEFAULT NULL,
  PRIMARY KEY (`id`),
  KEY `querys_details_query_id_foreign` (`query_id`),
  KEY `querys_details_person_id_foreign` (`person_id`),
  CONSTRAINT `querys_details_person_id_foreign` FOREIGN KEY (`person_id`) REFERENCES `persons` (`id`),
  CONSTRAINT `querys_details_query_id_foreign` FOREIGN KEY (`query_id`) REFERENCES `querys` (`id`)
) ENGINE=InnoDB DEFAULT CHARSET=utf8mb4 COLLATE=utf8mb4_unicode_ci;

--
-- Dumping data for table `querys_details`
--


--
-- Table structure for table `queue_proceso_resultado`
--

CREATE TABLE `queue_proceso_resultado` (
  `id` int(10) unsigned NOT NULL AUTO_INCREMENT,
  `user_id` int(10) unsigned DEFAULT NULL,
  `queue_proceso_id` int(10) unsigned DEFAULT NULL,
  `resultado` longtext COLLATE utf8mb4_unicode_ci,
  `created_at` timestamp NULL DEFAULT NULL,
  `updated_at` timestamp NULL DEFAULT NULL,
  `deleted_at` timestamp NULL DEFAULT NULL,
  PRIMARY KEY (`id`),
  KEY `queue_proceso_resultado_queue_proceso_id_foreign` (`queue_proceso_id`),
  CONSTRAINT `queue_proceso_resultado_queue_proceso_id_foreign` FOREIGN KEY (`queue_proceso_id`) REFERENCES `queue_procesos` (`id`)
) ENGINE=InnoDB DEFAULT CHARSET=utf8mb4 COLLATE=utf8mb4_unicode_ci;

--
-- Dumping data for table `queue_proceso_resultado`
--


--
-- Table structure for table `queue_procesos`
--

CREATE TABLE `queue_procesos` (
  `id` int(10) unsigned NOT NULL AUTO_INCREMENT,
  `user_id` int(10) unsigned DEFAULT NULL,
  `descripcion` text COLLATE utf8mb4_unicode_ci NOT NULL,
  `created_at` timestamp NULL DEFAULT NULL,
  `updated_at` timestamp NULL DEFAULT NULL,
  `deleted_at` timestamp NULL DEFAULT NULL,
  PRIMARY KEY (`id`)
) ENGINE=InnoDB AUTO_INCREMENT=5 DEFAULT CHARSET=utf8mb4 COLLATE=utf8mb4_unicode_ci;

--
-- Dumping data for table `queue_procesos`
--

INSERT INTO `queue_procesos` VALUES (1,NULL,'Importar - Excel',NULL,NULL,NULL),(2,NULL,'Importar - Mis Comprobantes',NULL,NULL,NULL),(3,NULL,'Importar - Portal IVA','2022-09-09 17:43:19','2022-09-09 17:43:19',NULL),(4,NULL,'Importar - Archivos PEM F8011','2022-09-09 17:43:25','2022-09-09 17:43:25',NULL);

--
-- Table structure for table `receipt_dc_ordenes`
--

CREATE TABLE `receipt_dc_ordenes` (
  `id` bigint(20) unsigned NOT NULL AUTO_INCREMENT,
  `user_id` int(10) unsigned DEFAULT NULL,
  `receipt_id` int(10) unsigned NOT NULL,
  `dc_orden_id` bigint(20) unsigned NOT NULL,
  `dc_orden_id_oc` bigint(20) unsigned NOT NULL,
  `importe` decimal(16,2) NOT NULL DEFAULT '0.00',
  `created_at` timestamp NULL DEFAULT NULL,
  `updated_at` timestamp NULL DEFAULT NULL,
  `deleted_at` timestamp NULL DEFAULT NULL,
  PRIMARY KEY (`id`),
  KEY `receipt_dc_ordenes_receipt_id_foreign` (`receipt_id`),
  KEY `receipt_dc_ordenes_dc_orden_id_foreign` (`dc_orden_id`),
  KEY `receipt_dc_ordenes_dc_orden_id_oc_foreign` (`dc_orden_id_oc`),
  CONSTRAINT `receipt_dc_ordenes_dc_orden_id_foreign` FOREIGN KEY (`dc_orden_id`) REFERENCES `dc_ordenes` (`id`),
  CONSTRAINT `receipt_dc_ordenes_dc_orden_id_oc_foreign` FOREIGN KEY (`dc_orden_id_oc`) REFERENCES `dc_ordenes` (`id`),
  CONSTRAINT `receipt_dc_ordenes_receipt_id_foreign` FOREIGN KEY (`receipt_id`) REFERENCES `receipts` (`id`)
) ENGINE=InnoDB DEFAULT CHARSET=utf8mb4 COLLATE=utf8mb4_unicode_ci;

--
-- Dumping data for table `receipt_dc_ordenes`
--


--
-- Table structure for table `receipt_taxes`
--

CREATE TABLE `receipt_taxes` (
  `id` int(10) unsigned NOT NULL AUTO_INCREMENT,
  `user_id` int(10) unsigned DEFAULT NULL,
  `receipt_id` int(10) unsigned NOT NULL,
  `tax_id` int(10) unsigned DEFAULT NULL,
  `amount` decimal(16,2) NOT NULL,
  `tax_amount` decimal(16,2) NOT NULL DEFAULT '0.00',
  `taxable_iibb` int(11) NOT NULL DEFAULT '0',
  `iva_iibb` int(11) NOT NULL DEFAULT '0',
  `created_at` timestamp NULL DEFAULT NULL,
  `updated_at` timestamp NULL DEFAULT NULL,
  `deleted_at` timestamp NULL DEFAULT NULL,
  PRIMARY KEY (`id`),
  KEY `receipt_taxes_receipt_id_foreign` (`receipt_id`),
  CONSTRAINT `receipt_taxes_receipt_id_foreign` FOREIGN KEY (`receipt_id`) REFERENCES `receipts` (`id`)
) ENGINE=InnoDB DEFAULT CHARSET=utf8mb4 COLLATE=utf8mb4_unicode_ci;

--
-- Dumping data for table `receipt_taxes`
--


--
-- Table structure for table `receipt_types`
--

CREATE TABLE `receipt_types` (
  `id` int(10) unsigned NOT NULL AUTO_INCREMENT,
  `user_id` int(10) unsigned DEFAULT NULL,
  `created_at` timestamp NULL DEFAULT NULL,
  `updated_at` timestamp NULL DEFAULT NULL,
  `name` varchar(255) COLLATE utf8mb4_unicode_ci NOT NULL,
  `code` varchar(255) COLLATE utf8mb4_unicode_ci DEFAULT NULL,
  `credit` int(11) DEFAULT '0',
  `agroup_iva_module` int(10) unsigned DEFAULT NULL,
  `sell_no_taxabled` int(11) DEFAULT '0',
  `buy_no_taxabled` int(11) DEFAULT '0',
  `iva_condition_id` int(11) DEFAULT NULL,
  `is_fce_pyme` tinyint(1) NOT NULL DEFAULT '0',
  `afip_comprobante_id` int(11) DEFAULT NULL,
  `tipo` varchar(255) COLLATE utf8mb4_unicode_ci DEFAULT NULL,
  `letra` varchar(255) COLLATE utf8mb4_unicode_ci DEFAULT NULL,
  `facta_electronica` int(10) unsigned NOT NULL DEFAULT '0',
  `is_stock_lpg` tinyint(1) NOT NULL DEFAULT '0',
  `show_from_total` tinyint(1) NOT NULL DEFAULT '0',
  `deleted_at` timestamp NULL DEFAULT NULL,
  PRIMARY KEY (`id`)
) ENGINE=InnoDB AUTO_INCREMENT=78 DEFAULT CHARSET=utf8mb4 COLLATE=utf8mb4_unicode_ci;

--
-- Dumping data for table `receipt_types`
--

INSERT INTO `receipt_types` VALUES (1,NULL,NULL,'2019-07-29 22:19:32','Factura A','1',0,1,0,0,2,0,1,'Factura','A',1,0,0,NULL),(2,NULL,NULL,'2019-07-29 22:19:32','Nota de débito A','2',0,1,0,0,2,0,2,'Nota de Débito','A',1,0,0,NULL),(3,NULL,NULL,'2019-07-29 22:19:32','Nota de crédito A','3',1,NULL,0,0,2,0,3,'Nota de Crédito','A',1,0,0,NULL),(4,NULL,NULL,'2025-05-08 09:33:51','Factura B','6',0,2,0,1,2,0,6,'Factura','B',1,0,1,NULL),(5,NULL,NULL,'2025-05-08 09:33:51','Nota de débito B','7',0,2,0,1,2,0,7,'Nota de Débito','B',1,0,1,NULL),(6,NULL,NULL,'2025-05-08 09:33:51','Nota de crédito B','8',1,NULL,0,1,2,0,8,'Nota de Crédito','B',1,0,1,NULL),(7,NULL,NULL,'2019-07-29 22:19:32','Factura C','11',0,0,1,1,1,0,11,'Factura','C',1,0,0,NULL),(8,NULL,NULL,'2019-07-29 22:19:32','Nota de débito C','12',0,0,1,1,1,0,12,'Nota de Débito','C',1,0,0,NULL),(9,NULL,NULL,'2019-07-29 22:19:32','Nota de crédito C','13',1,NULL,1,1,1,0,13,'Nota de Crédito','C',1,0,0,NULL),(10,NULL,NULL,NULL,'RECIBO A','4',0,1,0,0,2,0,4,'RECIBO','A',0,0,0,NULL),(11,NULL,NULL,'2025-05-08 09:33:51','RECIBO B','9',0,2,0,1,2,0,9,'RECIBO','B',0,0,1,NULL),(12,NULL,NULL,NULL,'RECIBO C','15',0,0,1,1,1,0,15,'RECIBO','C',0,0,0,NULL),(13,NULL,NULL,'2020-02-27 02:46:40','Factura E','19',0,0,1,0,2,0,19,'Factura','E',0,0,0,NULL),(14,NULL,NULL,'2020-02-27 02:46:40','Nota de débito E','20',0,0,1,0,2,0,20,'Nota de Débito','E',0,0,0,NULL),(15,NULL,NULL,'2020-02-27 02:46:40','Nota de Crédito E','21',1,NULL,1,0,2,0,21,'Nota de Crédito','E',0,0,0,NULL),(16,NULL,NULL,'2022-09-09 17:43:16','Factura M','51',0,1,0,0,2,0,51,'Factura','M',1,0,0,NULL),(17,NULL,NULL,'2020-02-27 02:46:40','Despacho de Importacion','66',0,NULL,0,0,0,0,66,NULL,NULL,0,0,0,NULL),(18,NULL,NULL,'2022-09-09 17:43:16','Nota de Credito M','53',1,NULL,0,0,2,0,53,'Nota de Crédito','M',1,0,0,NULL),(19,NULL,NULL,'2022-09-09 17:43:16','Nota de Debito M','52',1,1,0,0,2,0,52,'Nota de Débito','M',1,0,0,NULL),(20,NULL,NULL,NULL,'Recibo M','54',0,1,0,0,2,0,54,'RECIBO','M',0,0,0,NULL),(21,NULL,NULL,NULL,'Recibo E',NULL,1,0,1,0,2,0,NULL,'RECIBO','E',0,0,0,NULL),(22,NULL,'2019-05-14 21:22:16','2022-09-09 17:43:08','Liquidacion Primaria de Granos','33',0,1,0,0,2,0,33,'Liquidacion Primaria de Granos','A',0,1,0,NULL),(23,NULL,'2019-11-05 19:00:05','2019-11-05 19:00:05','FACTURA DE CRÉDITO ELECTRÓNICA MiPyMEs (FCE) A','201',0,1,0,0,2,1,201,'FACTURA DE CRÉDITO ELECTRÓNICA MiPyMEs (FCE)','A',1,0,0,NULL),(24,NULL,'2019-11-05 19:00:05','2019-11-05 19:00:05','NOTA DE DEBITO ELECTRÓNICA MiPyMEs (FCE) A','202',0,1,0,0,2,1,202,'NOTA DEBITO DE CRÉDITO ELECTRÓNICA MiPyMEs (FCE)','A',1,0,0,NULL),(25,NULL,'2019-11-05 19:00:05','2019-11-05 19:00:05','NOTA DE CREDITO ELECTRÓNICA MiPyMEs (FCE) A','203',1,NULL,0,0,2,1,203,'NOTA CREDITO DE CRÉDITO ELECTRÓNICA MiPyMEs (FCE)','A',1,0,0,NULL),(26,NULL,'2019-11-05 19:00:05','2025-05-08 09:33:51','FACTURA DE CRÉDITO ELECTRÓNICA MiPyMEs (FCE) B','206',0,2,0,1,2,1,206,'FACTURA DE CRÉDITO ELECTRÓNICA MiPyMEs (FCE)','B',1,0,1,NULL),(27,NULL,'2019-11-05 19:00:05','2025-05-08 09:33:51','NOTA DE DEBITO ELECTRÓNICA MiPyMEs (FCE) B','207',0,2,0,1,2,1,207,'NOTA DEBITO DE CRÉDITO ELECTRÓNICA MiPyMEs (FCE)','B',1,0,1,NULL),(28,NULL,'2019-11-05 19:00:05','2025-05-08 09:33:51','NOTA DE CREDITO ELECTRÓNICA MiPyMEs (FCE) B','208',1,NULL,0,1,2,1,208,'NOTA CREDITO DE CRÉDITO ELECTRÓNICA MiPyMEs (FCE)','B',1,0,1,NULL),(29,NULL,'2019-11-05 19:00:05','2019-11-05 19:00:05','FACTURA DE CRÉDITO ELECTRÓNICA MiPyMEs (FCE) C','211',0,0,1,1,1,1,211,'FACTURA DE CRÉDITO ELECTRÓNICA MiPyMEs (FCE)','C',1,0,0,NULL),(30,NULL,'2019-11-05 19:00:05','2019-11-05 19:00:05','NOTA DE DEBITO ELECTRÓNICA MiPyMEs (FCE) C','212',0,0,1,1,1,1,212,'NOTA DEBITO DE CRÉDITO ELECTRÓNICA MiPyMEs (FCE)','C',1,0,0,NULL),(31,NULL,'2019-11-05 19:00:05','2019-11-05 19:00:05','NOTA DE CRÉDITO ELECTRÓNICA MiPyMEs (FCE) C','213',1,NULL,1,1,1,1,213,'NOTA CREDITO DE CRÉDITO ELECTRÓNICA MiPyMEs (FCE)','C',1,0,0,NULL);
INSERT INTO `receipt_types` VALUES (32,NULL,'2020-01-28 01:59:55','2022-09-09 17:43:08','Tique (Informe Diario Z)','83',0,2,0,0,2,0,83,'Cierre Diario Informe Z','Z',0,0,1,NULL),(33,NULL,'2020-02-19 04:48:11','2020-02-19 04:48:11','Comprobantes de Compra de Bienes No Registrables a Consumidores Finales','49',0,1,0,0,2,0,49,'Comprobantes de Compra de Bienes No Registrables','a Consumidores Finales',0,0,0,NULL),(34,NULL,'2022-09-09 17:43:04','2022-09-09 17:43:25','Cuenta de Venta y Líquido Producto A','60',0,1,0,0,2,1,60,'Cuentas de Venta y Liquido Producto A','A',1,0,0,NULL),(35,NULL,'2022-09-09 17:43:04','2025-05-08 09:33:51','Cuenta de Venta y Líquido Producto B','61',0,2,0,1,2,1,61,'Cuentas de Venta y Liquido Producto B','B',1,0,1,NULL),(36,NULL,'2022-09-09 17:43:04','2022-09-09 17:43:08','Liquidaciones A','63',0,1,0,0,2,1,63,'Liquidaciones A','A',1,0,0,NULL),(37,NULL,'2022-09-09 17:43:04','2025-05-08 09:33:51','Liquidaciones B','64',0,2,0,1,2,1,64,'Liquidaciones B','B',1,0,1,NULL),(38,NULL,'2022-09-09 17:43:08','2022-09-09 17:43:12','Tique Factura A','81',0,1,0,0,2,1,81,'Tique Factura','A',0,0,0,NULL),(39,NULL,'2022-09-09 17:43:08','2025-05-08 09:33:51','Tique Factura B','82',0,2,0,1,2,1,82,'Tique Factura','B',0,0,1,NULL),(40,NULL,'2022-09-09 17:43:08','2022-09-09 17:43:14','OTROS COMPROBANTES QUE NO CUMPLEN O ESTÁN EXCEPTUADOS DE LA R.G. 1415 Y SUS MODIF','99',0,1,1,1,1,1,99,'OTROS COMPROBANTES QUE NO CUMPLEN O ESTÁN EXCEPTUADOS DE LA R.G. 1415 Y SUS MODIF ','OTROS',0,0,0,NULL),(41,NULL,'2022-09-09 17:43:08','2022-09-09 17:43:08','Liquidacion de Compra A - Sector Pecuario','183',0,1,0,0,2,0,183,'Liquidacion de Compra','A',0,0,0,NULL),(42,NULL,'2022-09-09 17:43:08','2025-05-08 09:33:51','Liquidacion de Compra B - Sector Pecuario','185',0,2,0,1,2,0,185,'Liquidacion de Compra','B',0,0,1,NULL),(43,NULL,'2022-09-09 17:43:09','2022-09-09 17:43:12','Liquidacion de Venta Directa A - Sector Pecuario','190',0,1,0,0,2,1,190,'Liquidacion de Venta Directa','A',0,0,0,NULL),(44,NULL,'2022-09-09 17:43:09','2025-05-08 09:33:51','Liquidacion de Venta Directa B - Sector Pecuario','191',0,2,0,1,2,1,191,'Liquidacion de Venta Directa','B',0,0,0,NULL),(45,NULL,'2022-09-09 17:43:11','2022-09-09 17:43:12','Liquidacion Secundaria de Granos','331',0,1,0,0,2,1,331,'Liquidacion Secundaria de Granos','LSG',0,0,0,NULL),(46,NULL,'2022-09-09 17:43:11','2022-09-09 17:43:12','Certificado de Deposito','332',0,1,0,0,2,1,332,'Certificado de Deposito','CD',0,0,0,NULL),(47,NULL,'2022-09-09 17:43:11','2022-09-09 17:43:12','Liquidacion de Servicios Publicos Clase A','17',0,1,0,0,2,1,17,'Liquidacion de Servicios Publicos Clase A','LSPCA',0,0,0,NULL),(48,NULL,'2022-09-09 17:43:14','2022-09-09 17:43:14','Liquidacion de Servicios Publicos Clase B','18',0,2,0,1,2,1,18,'Liquidacion de Servicios Publicos Clase B','LSPCA',1,0,0,NULL),(49,NULL,NULL,NULL,'Factura Clase T','195',0,1,0,0,2,0,195,'Factura Clase T','T',0,0,0,NULL),(50,NULL,NULL,NULL,'Nota de Debito Clase T','196',0,1,0,0,2,0,196,'Factura Clase T','T',0,0,0,NULL),(51,NULL,NULL,NULL,'Nota de Credito Clase T','197',1,NULL,0,0,2,0,197,'Factura Clase T','T',0,0,0,NULL),(52,NULL,NULL,'2022-09-09 17:43:25','Cuenta de Venta y Líquido Producto A - Sector Pecuario','180',0,1,0,0,2,0,180,'Cuenta de Venta y Líquido Producto A','A',0,0,0,NULL),(53,NULL,NULL,'2025-05-08 09:33:51','Cuenta de Venta y Líquido Producto B - Sector Pecuario','182',0,2,0,1,2,0,182,'Cuenta de Venta y Líquido Producto B','B',0,0,0,NULL),(54,NULL,NULL,NULL,'Liquidación de Compra A','183',0,1,0,0,2,0,183,'Liquidación de Compra A ','A',0,0,0,NULL),(55,NULL,NULL,'2025-05-08 09:33:51','Liquidación de Compra B','185',0,2,0,1,2,0,185,'Liquidación de Compra B ','B',0,0,0,NULL),(56,NULL,NULL,NULL,'Liquidación de Compra Directa A','186',0,1,0,0,2,0,186,'Liquidación de Compra Directa A','A',0,0,0,NULL),(57,NULL,NULL,'2025-05-08 09:33:51','Liquidación de Compra Directa B','188',0,2,0,1,2,0,188,'Liquidación de Compra Directa B ','B',0,0,0,NULL);
INSERT INTO `receipt_types` VALUES (58,NULL,NULL,NULL,'Liquidación de Compra Directa C','189',0,0,1,1,1,0,189,'Liquidación de Compra Directa C ','C',0,0,0,NULL),(59,NULL,NULL,NULL,'Liquidación de Venta Directa A','190',0,1,0,0,2,0,190,'Liquidación de Venta Directa A','A',0,0,0,NULL),(60,NULL,NULL,'2025-05-08 09:33:51','Liquidación de Venta Directa B','191',0,2,0,1,2,0,191,'Liquidación de Venta Directa B ','B',0,0,0,NULL),(61,NULL,NULL,NULL,'Tique Factura C','109',0,0,0,1,1,0,109,NULL,'C',1,0,0,NULL),(62,NULL,NULL,NULL,'Tique Nota de Débito A','115',0,1,0,0,2,0,115,'Tique Nota de Débito A','A',1,0,0,NULL),(63,NULL,NULL,NULL,'Tique Nota de Crédito C','114',1,0,1,1,1,0,114,'Tique Nota de Crédito C','C',1,0,0,NULL),(64,NULL,NULL,NULL,'Otro Comprobante A que cumple con la RG 1415','39',0,1,0,0,2,0,39,'Otro Comprobante A que cumple con la RG 1415','A',0,0,0,NULL),(65,NULL,NULL,NULL,'Tique Nota de Crédito A','112',1,0,0,0,2,0,112,'Tique Nota de Crédito A','A',0,0,0,NULL),(66,NULL,NULL,'2025-05-08 09:33:51','Tique Nota de Crédito B','113',1,NULL,0,1,2,0,113,'Tique Nota de Crédito B','B',0,0,0,NULL),(67,NULL,NULL,'2025-05-08 09:33:51','Tique Nota de Debito B','116',0,2,0,1,2,0,116,'Tique Nota de Debito B','B',0,0,0,NULL),(68,NULL,NULL,NULL,'Tique Nota de Debito C','117',0,0,1,1,1,0,117,'Tique Nota de Debito C','C',0,0,0,NULL),(69,NULL,NULL,NULL,'Tique Factura M','118',0,1,0,0,2,0,118,'Tique Factura M','M',0,0,0,NULL),(70,NULL,NULL,NULL,'Tique Nota de Credito M','119',1,NULL,0,0,2,0,119,'Tique Nota de Credito M','M',0,0,0,NULL),(71,NULL,NULL,NULL,'Tique Nota de Debito M','120',0,1,0,0,2,0,120,'Tique Nota de Debito M','M',0,0,0,NULL),(72,NULL,NULL,NULL,'Nota Credito Despacho Importacion','6',1,NULL,0,0,2,0,66,NULL,NULL,0,0,0,NULL),(73,NULL,NULL,NULL,'NOTAS DE VENTA AL CONTADO A','5',0,1,0,0,2,0,5,'NOTAS DE VENTA AL CONTADO A','A',0,0,0,NULL),(74,NULL,NULL,NULL,'NOTAS DE VENTA AL CONTADO B','10',0,2,0,0,2,0,10,'NOTAS DE VENTA AL CONTADO B','B',0,0,0,NULL),(75,NULL,NULL,NULL,'NOTAS DE VENTA AL CONTADO C','16',0,0,1,1,1,0,16,'NOTAS DE VENTA AL CONTADO C','C',0,0,0,NULL),(76,NULL,NULL,NULL,'NOTAS DE VENTA AL CONTADO M','55',0,1,0,0,2,0,55,'NOTAS DE VENTA AL CONTADO M','M',0,0,0,NULL),(77,NULL,NULL,NULL,'CUENTAS DE VENTA Y LIQUIDO PRODUCTO M','58',0,1,0,0,2,0,58,'CUENTAS DE VENTA Y LIQUIDO PRODUCTO M','M',0,0,0,NULL);

--
-- Table structure for table `receipts`
--

CREATE TABLE `receipts` (
  `id` int(10) unsigned NOT NULL AUTO_INCREMENT,
  `user_id` int(10) unsigned DEFAULT NULL,
  `is_no_fiscal` tinyint(1) DEFAULT '0',
  `type_id` int(10) unsigned NOT NULL,
  `type_receipt_id` int(10) unsigned DEFAULT NULL,
  `comprobanteAfip` int(11) DEFAULT NULL,
  `ppc_receipt_id` bigint(20) unsigned DEFAULT NULL,
  `fact_elec_receipt_id` int(10) unsigned DEFAULT NULL,
  `cta_cte_tesoreria_id` int(10) unsigned DEFAULT NULL,
  `period_id` int(10) unsigned NOT NULL,
  `zone_id` int(10) unsigned DEFAULT NULL,
  `plan_cuenta_id` int(10) unsigned DEFAULT NULL,
  `conta_centro_costo_id` bigint(20) unsigned DEFAULT NULL,
  `activity_id` int(10) unsigned DEFAULT NULL,
  `iva_creditos_tipo_id` int(10) unsigned NOT NULL DEFAULT '1',
  `retention_type_id` int(10) unsigned DEFAULT NULL,
  `person_id_owner` int(10) unsigned NOT NULL,
  `person_id_relationed` int(10) unsigned DEFAULT NULL,
  `number` int(8) unsigned zerofill DEFAULT NULL,
  `hasta` int(8) unsigned zerofill DEFAULT NULL,
  `reference` int(11) DEFAULT NULL,
  `receipt_date` date DEFAULT NULL,
  `expiration_date` date DEFAULT NULL,
  `code_ticket` int(4) unsigned zerofill DEFAULT NULL,
  `status_id` int(10) unsigned DEFAULT NULL,
  `tax_account_id` int(10) unsigned DEFAULT NULL,
  `amount` decimal(16,2) NOT NULL,
  `pendiente` decimal(16,2) NOT NULL DEFAULT '0.00',
  `moneda_id` int(10) unsigned NOT NULL DEFAULT '1',
  `cotizacion` decimal(9,2) NOT NULL DEFAULT '1.00',
  `dc_firma_id` bigint(20) unsigned NOT NULL DEFAULT '3',
  `condicion_venta_id` int(10) unsigned DEFAULT NULL,
  `is_pago_adelantado` tinyint(1) DEFAULT NULL,
  `is_garantia` tinyint(1) NOT NULL DEFAULT '0',
  `plazo_de_pago_id` int(10) unsigned DEFAULT NULL,
  `file` varchar(255) COLLATE utf8mb4_unicode_ci DEFAULT NULL,
  `comentario` longtext COLLATE utf8mb4_unicode_ci,
  `created_at` timestamp NULL DEFAULT NULL,
  `updated_at` timestamp NULL DEFAULT NULL,
  `deleted_at` timestamp NULL DEFAULT NULL,
  PRIMARY KEY (`id`),
  KEY `receipts_type_id_foreign` (`type_id`),
  KEY `receipts_type_receipt_id_foreign` (`type_receipt_id`),
  KEY `receipts_tax_account_id_foreign` (`tax_account_id`),
  KEY `receipts_zone_id_foreign` (`zone_id`),
  KEY `receipts_activity_id_foreign` (`activity_id`),
  KEY `receipts_retention_type_id_foreign` (`retention_type_id`),
  KEY `receipts_status_id_foreign` (`status_id`),
  KEY `receipts_person_id_owner_foreign` (`person_id_owner`),
  KEY `receipts_person_id_relationed_foreign` (`person_id_relationed`),
  KEY `receipts_period_id_foreign` (`period_id`),
  KEY `receipts_plan_cuenta_id_foreign` (`plan_cuenta_id`),
  KEY `receipts_fact_elec_receipt_id_foreign` (`fact_elec_receipt_id`),
  KEY `receipts_iva_creditos_tipo_id_foreign` (`iva_creditos_tipo_id`),
  KEY `receipts_conta_centro_costo_id_foreign` (`conta_centro_costo_id`),
  KEY `receipts_moneda_id_foreign` (`moneda_id`),
  KEY `receipts_dc_firma_id_foreign` (`dc_firma_id`),
  KEY `receipts_ppc_receipt_id_foreign` (`ppc_receipt_id`),
  KEY `receipts_cta_cte_tesoreria_id_foreign` (`cta_cte_tesoreria_id`),
  CONSTRAINT `receipts_activity_id_foreign` FOREIGN KEY (`activity_id`) REFERENCES `activities` (`id`),
  CONSTRAINT `receipts_conta_centro_costo_id_foreign` FOREIGN KEY (`conta_centro_costo_id`) REFERENCES `conta_centro_costos` (`id`),
  CONSTRAINT `receipts_cta_cte_tesoreria_id_foreign` FOREIGN KEY (`cta_cte_tesoreria_id`) REFERENCES `cta_cte_tesoreria` (`id`),
  CONSTRAINT `receipts_dc_firma_id_foreign` FOREIGN KEY (`dc_firma_id`) REFERENCES `dc_firmas` (`id`),
  CONSTRAINT `receipts_fact_elec_receipt_id_foreign` FOREIGN KEY (`fact_elec_receipt_id`) REFERENCES `fact_elec_receipts` (`id`),
  CONSTRAINT `receipts_iva_creditos_tipo_id_foreign` FOREIGN KEY (`iva_creditos_tipo_id`) REFERENCES `iva_creditos_tipos` (`id`),
  CONSTRAINT `receipts_moneda_id_foreign` FOREIGN KEY (`moneda_id`) REFERENCES `monedas` (`id`),
  CONSTRAINT `receipts_period_id_foreign` FOREIGN KEY (`period_id`) REFERENCES `periods` (`id`),
  CONSTRAINT `receipts_person_id_owner_foreign` FOREIGN KEY (`person_id_owner`) REFERENCES `persons` (`id`),
  CONSTRAINT `receipts_person_id_relationed_foreign` FOREIGN KEY (`person_id_relationed`) REFERENCES `persons` (`id`),
  CONSTRAINT `receipts_plan_cuenta_id_foreign` FOREIGN KEY (`plan_cuenta_id`) REFERENCES `conta_plan_cuenta` (`id`),
  CONSTRAINT `receipts_ppc_receipt_id_foreign` FOREIGN KEY (`ppc_receipt_id`) REFERENCES `ppc_receipts` (`id`),
  CONSTRAINT `receipts_retention_type_id_foreign` FOREIGN KEY (`retention_type_id`) REFERENCES `retention_types` (`id`),
  CONSTRAINT `receipts_status_id_foreign` FOREIGN KEY (`status_id`) REFERENCES `status` (`id`),
  CONSTRAINT `receipts_tax_account_id_foreign` FOREIGN KEY (`tax_account_id`) REFERENCES `tax_accounts` (`id`),
  CONSTRAINT `receipts_type_id_foreign` FOREIGN KEY (`type_id`) REFERENCES `types` (`id`),
  CONSTRAINT `receipts_type_receipt_id_foreign` FOREIGN KEY (`type_receipt_id`) REFERENCES `receipt_types` (`id`),
  CONSTRAINT `receipts_zone_id_foreign` FOREIGN KEY (`zone_id`) REFERENCES `zones` (`id`)
) ENGINE=InnoDB DEFAULT CHARSET=utf8mb4 COLLATE=utf8mb4_unicode_ci;

--
-- Dumping data for table `receipts`
--


--
-- Table structure for table `recibo_config`
--

CREATE TABLE `recibo_config` (
  `id` int(10) unsigned NOT NULL AUTO_INCREMENT,
  `user_id` int(10) unsigned DEFAULT NULL,
  `person_id` int(10) unsigned NOT NULL,
  `num_inicial` int(10) unsigned NOT NULL DEFAULT '0',
  `created_at` timestamp NULL DEFAULT NULL,
  `updated_at` timestamp NULL DEFAULT NULL,
  `deleted_at` timestamp NULL DEFAULT NULL,
  PRIMARY KEY (`id`),
  KEY `recibo_config_person_id_foreign` (`person_id`),
  CONSTRAINT `recibo_config_person_id_foreign` FOREIGN KEY (`person_id`) REFERENCES `persons` (`id`)
) ENGINE=InnoDB DEFAULT CHARSET=utf8mb4 COLLATE=utf8mb4_unicode_ci;

--
-- Dumping data for table `recibo_config`
--


--
-- Table structure for table `recibos`
--

CREATE TABLE `recibos` (
  `id` int(10) unsigned NOT NULL AUTO_INCREMENT,
  `user_id` int(10) unsigned NOT NULL,
  `fecha` date NOT NULL DEFAULT '2019-12-13',
  `punto_venta_id` int(10) unsigned NOT NULL,
  `numero` int(10) unsigned NOT NULL,
  `person_id` int(10) unsigned NOT NULL,
  `person_id_receptor` int(10) unsigned NOT NULL DEFAULT '3',
  `condicion_venta_id` int(10) unsigned NOT NULL DEFAULT '1',
  `cond_frente_iva_id` int(10) unsigned NOT NULL DEFAULT '1',
  `importe` decimal(16,2) NOT NULL DEFAULT '0.00',
  `en_concepto_de` longtext COLLATE utf8mb4_unicode_ci,
  `ret_ganancias` decimal(16,2) NOT NULL DEFAULT '0.00',
  `ret_iva` decimal(16,2) NOT NULL DEFAULT '0.00',
  `ret_iibb` decimal(16,2) NOT NULL DEFAULT '0.00',
  `imp_internos` decimal(16,2) NOT NULL DEFAULT '0.00',
  `imp_municipales` decimal(16,2) NOT NULL DEFAULT '0.00',
  `total_otros_tributos` decimal(16,2) NOT NULL DEFAULT '0.00',
  `total` decimal(16,2) NOT NULL DEFAULT '0.00',
  `comentario` varchar(191) COLLATE utf8mb4_unicode_ci DEFAULT NULL,
  `created_at` timestamp NULL DEFAULT NULL,
  `updated_at` timestamp NULL DEFAULT NULL,
  `deleted_at` timestamp NULL DEFAULT NULL,
  PRIMARY KEY (`id`),
  KEY `recibos_punto_venta_id_foreign` (`punto_venta_id`),
  KEY `recibos_person_id_foreign` (`person_id`),
  KEY `recibos_person_id_receptor_foreign` (`person_id_receptor`),
  KEY `recibos_condicion_venta_id_foreign` (`condicion_venta_id`),
  KEY `recibos_cond_frente_iva_id_foreign` (`cond_frente_iva_id`),
  CONSTRAINT `recibos_cond_frente_iva_id_foreign` FOREIGN KEY (`cond_frente_iva_id`) REFERENCES `fac_elec_cond_frente_iva` (`id`),
  CONSTRAINT `recibos_condicion_venta_id_foreign` FOREIGN KEY (`condicion_venta_id`) REFERENCES `condiciones_venta` (`id`),
  CONSTRAINT `recibos_person_id_foreign` FOREIGN KEY (`person_id`) REFERENCES `persons` (`id`),
  CONSTRAINT `recibos_person_id_receptor_foreign` FOREIGN KEY (`person_id_receptor`) REFERENCES `persons` (`id`),
  CONSTRAINT `recibos_punto_venta_id_foreign` FOREIGN KEY (`punto_venta_id`) REFERENCES `fact_elec_puntos_venta` (`id`)
) ENGINE=InnoDB DEFAULT CHARSET=utf8mb4 COLLATE=utf8mb4_unicode_ci;

--
-- Dumping data for table `recibos`
--


--
-- Table structure for table `remito_config`
--

CREATE TABLE `remito_config` (
  `id` int(10) unsigned NOT NULL AUTO_INCREMENT,
  `user_id` int(10) unsigned NOT NULL,
  `person_id` int(10) unsigned NOT NULL,
  `num_inicial` int(10) unsigned NOT NULL DEFAULT '0',
  `created_at` timestamp NULL DEFAULT NULL,
  `updated_at` timestamp NULL DEFAULT NULL,
  `deleted_at` timestamp NULL DEFAULT NULL,
  PRIMARY KEY (`id`),
  KEY `remito_config_person_id_foreign` (`person_id`),
  CONSTRAINT `remito_config_person_id_foreign` FOREIGN KEY (`person_id`) REFERENCES `persons` (`id`)
) ENGINE=InnoDB DEFAULT CHARSET=utf8mb4 COLLATE=utf8mb4_unicode_ci;

--
-- Dumping data for table `remito_config`
--


--
-- Table structure for table `remitos`
--

CREATE TABLE `remitos` (
  `id` int(10) unsigned NOT NULL AUTO_INCREMENT,
  `user_id` int(10) unsigned NOT NULL,
  `fecha` date NOT NULL DEFAULT '2020-05-25',
  `punto_venta_id` int(10) unsigned NOT NULL,
  `numero` int(10) unsigned NOT NULL,
  `person_id` int(10) unsigned NOT NULL,
  `person_id_receptor` int(10) unsigned NOT NULL DEFAULT '3',
  `condicion_venta_id` int(10) unsigned NOT NULL DEFAULT '1',
  `cond_frente_iva_id` int(10) unsigned NOT NULL DEFAULT '1',
  `en_concepto_de` longtext COLLATE utf8mb4_unicode_ci,
  `comentario` varchar(191) COLLATE utf8mb4_unicode_ci DEFAULT NULL,
  `created_at` timestamp NULL DEFAULT NULL,
  `updated_at` timestamp NULL DEFAULT NULL,
  `deleted_at` timestamp NULL DEFAULT NULL,
  PRIMARY KEY (`id`),
  KEY `remitos_punto_venta_id_foreign` (`punto_venta_id`),
  KEY `remitos_person_id_foreign` (`person_id`),
  KEY `remitos_person_id_receptor_foreign` (`person_id_receptor`),
  KEY `remitos_condicion_venta_id_foreign` (`condicion_venta_id`),
  KEY `remitos_cond_frente_iva_id_foreign` (`cond_frente_iva_id`),
  CONSTRAINT `remitos_cond_frente_iva_id_foreign` FOREIGN KEY (`cond_frente_iva_id`) REFERENCES `fac_elec_cond_frente_iva` (`id`),
  CONSTRAINT `remitos_condicion_venta_id_foreign` FOREIGN KEY (`condicion_venta_id`) REFERENCES `condiciones_venta` (`id`),
  CONSTRAINT `remitos_person_id_foreign` FOREIGN KEY (`person_id`) REFERENCES `persons` (`id`),
  CONSTRAINT `remitos_person_id_receptor_foreign` FOREIGN KEY (`person_id_receptor`) REFERENCES `persons` (`id`),
  CONSTRAINT `remitos_punto_venta_id_foreign` FOREIGN KEY (`punto_venta_id`) REFERENCES `fact_elec_puntos_venta` (`id`)
) ENGINE=InnoDB DEFAULT CHARSET=utf8mb4 COLLATE=utf8mb4_unicode_ci;

--
-- Dumping data for table `remitos`
--


--
-- Table structure for table `reportes`
--

CREATE TABLE `reportes` (
  `id` int(10) unsigned NOT NULL AUTO_INCREMENT,
  `description` varchar(180) COLLATE utf8mb4_unicode_ci NOT NULL,
  `class` int(10) unsigned NOT NULL,
  `class_description` varchar(180) COLLATE utf8mb4_unicode_ci NOT NULL,
  `data_type` varchar(100) COLLATE utf8mb4_unicode_ci NOT NULL,
  `path` varchar(255) COLLATE utf8mb4_unicode_ci DEFAULT NULL,
  `created_at` timestamp NULL DEFAULT NULL,
  `updated_at` timestamp NULL DEFAULT NULL,
  PRIMARY KEY (`id`),
  UNIQUE KEY `reportes_description_unique` (`description`)
) ENGINE=InnoDB AUTO_INCREMENT=8 DEFAULT CHARSET=utf8mb4 COLLATE=utf8mb4_unicode_ci;

--
-- Dumping data for table `reportes`
--

INSERT INTO `reportes` VALUES (1,'Comprobantes',1,'informes','','reportes/informes/comprobantes/comprobantes',NULL,NULL),(3,'Liquidaciones IIBB',1,'informes','','reportes/informes/iibb/iibb',NULL,NULL),(4,'Tablero de Control',3,'tablero','','reportes/tableroControl/index',NULL,NULL),(5,'Liquidaciones IVA',1,'informes','','reportes/informes/iva/iva',NULL,NULL),(6,'Obligaciones Anuales',1,'informes','','reportes/informes/obligaciones_anuales/index','2019-11-29 18:37:49','2019-11-29 18:37:49'),(7,'Estado CUITs',1,'informes','','reportes/informes/control_cuits/index','2019-12-09 00:50:43','2019-12-09 00:50:43');

--
