-- Table structure for table `person_activities`
--

CREATE TABLE `person_activities` (
  `id` int(10) unsigned NOT NULL AUTO_INCREMENT,
  `user_id` int(10) unsigned DEFAULT NULL,
  `person_id` int(10) unsigned NOT NULL,
  `activity_id` int(10) unsigned NOT NULL,
  `is_principal` tinyint(1) NOT NULL DEFAULT '0',
  `created_at` timestamp NULL DEFAULT NULL,
  `updated_at` timestamp NULL DEFAULT NULL,
  `deleted_at` timestamp NULL DEFAULT NULL,
  PRIMARY KEY (`id`),
  KEY `person_activities_person_id_foreign` (`person_id`),
  KEY `person_activities_activity_id_foreign` (`activity_id`),
  CONSTRAINT `person_activities_activity_id_foreign` FOREIGN KEY (`activity_id`) REFERENCES `activities` (`id`),
  CONSTRAINT `person_activities_person_id_foreign` FOREIGN KEY (`person_id`) REFERENCES `persons` (`id`)
) ENGINE=InnoDB AUTO_INCREMENT=12 DEFAULT CHARSET=utf8mb4 COLLATE=utf8mb4_unicode_ci;

--
-- Dumping data for table `person_activities`
--

INSERT INTO `person_activities` VALUES (5,3598,40719,796,1,'2021-03-26 11:16:53','2021-03-26 11:16:53',NULL),(9,3598,40720,628,1,'2021-04-19 15:17:53','2021-04-19 15:17:53',NULL),(11,3598,40733,210,1,'2021-08-21 10:36:45','2021-08-21 10:36:45',NULL);

--
-- Table structure for table `person_configurations`
--

CREATE TABLE `person_configurations` (
  `id` int(10) unsigned NOT NULL AUTO_INCREMENT,
  `user_id` int(10) unsigned DEFAULT NULL,
  `person_id` int(10) unsigned NOT NULL,
  `period_id` int(10) unsigned DEFAULT NULL,
  `zone_id` int(10) unsigned DEFAULT NULL,
  `settle_calc_by_coef` int(11) NOT NULL DEFAULT '0',
  `created_at` timestamp NULL DEFAULT NULL,
  `updated_at` timestamp NULL DEFAULT NULL,
  `active` int(10) unsigned DEFAULT NULL,
  `enviarMail` int(11) DEFAULT '1',
  `honorario` decimal(16,2) DEFAULT '0.00',
  `cta_cte_tesoreria_cuenta_id` int(10) unsigned DEFAULT NULL,
  `month_close` int(10) unsigned DEFAULT NULL,
  `iva_condition_id` int(10) unsigned DEFAULT NULL,
  `obligation_sell` int(10) unsigned DEFAULT NULL,
  `obligation_buy` int(10) unsigned DEFAULT NULL,
  `obligation_iva` int(10) unsigned DEFAULT NULL,
  `obligation_electronic_receipt` int(10) unsigned DEFAULT NULL,
  `obligation_iibb` int(10) unsigned DEFAULT NULL,
  `obligation_other_taxes` int(10) unsigned DEFAULT NULL,
  `liquidation_start_period` varchar(7) COLLATE utf8mb4_unicode_ci DEFAULT NULL,
  `obligation_salaries` int(10) unsigned DEFAULT NULL,
  `empleada_domestica` tinyint(1) NOT NULL DEFAULT '0',
  `prorratear_iva` tinyint(1) NOT NULL DEFAULT '0',
  `is_itc` tinyint(1) NOT NULL DEFAULT '0',
  `priority_order` int(10) unsigned DEFAULT NULL,
  `person_id_administrador` int(11) DEFAULT NULL,
  `person_id_titular` int(11) DEFAULT NULL,
  `logo_path` varchar(180) COLLATE utf8mb4_unicode_ci DEFAULT NULL,
  `certificado_afip_path` varchar(180) COLLATE utf8mb4_unicode_ci DEFAULT NULL,
  `llave_afip_path` varchar(180) COLLATE utf8mb4_unicode_ci DEFAULT NULL,
  `access_electronic_receipt` int(10) unsigned DEFAULT '0',
  `ruta_logo_fa` varchar(100) COLLATE utf8mb4_unicode_ci DEFAULT NULL,
  `inicio_actividades` date DEFAULT NULL,
  `iibb` varchar(191) COLLATE utf8mb4_unicode_ci DEFAULT NULL,
  `fe_leyenda` varchar(191) COLLATE utf8mb4_unicode_ci DEFAULT NULL,
  `atencion_iva` tinyint(1) NOT NULL DEFAULT '0',
  `atencion_iva_comentario` varchar(191) COLLATE utf8mb4_unicode_ci DEFAULT NULL,
  `atencion_iibb` tinyint(1) NOT NULL DEFAULT '0',
  `atencion_iibb_comentario` varchar(191) COLLATE utf8mb4_unicode_ci DEFAULT NULL,
  `deleted_at` timestamp NULL DEFAULT NULL,
  PRIMARY KEY (`id`),
  KEY `person_configurations_person_id_foreign` (`person_id`),
  KEY `person_configurations_period_id_foreign` (`period_id`),
  KEY `person_configurations_zone_id_foreign` (`zone_id`),
  KEY `person_configurations_iva_condition_id_foreign` (`iva_condition_id`),
  KEY `person_configurations_cta_cte_tesoreria_cuenta_id_foreign` (`cta_cte_tesoreria_cuenta_id`),
  CONSTRAINT `person_configurations_cta_cte_tesoreria_cuenta_id_foreign` FOREIGN KEY (`cta_cte_tesoreria_cuenta_id`) REFERENCES `cta_cte_tesoreria_cuentas` (`id`),
  CONSTRAINT `person_configurations_iva_condition_id_foreign` FOREIGN KEY (`iva_condition_id`) REFERENCES `iva_conditions` (`id`),
  CONSTRAINT `person_configurations_period_id_foreign` FOREIGN KEY (`period_id`) REFERENCES `periods` (`id`),
  CONSTRAINT `person_configurations_person_id_foreign` FOREIGN KEY (`person_id`) REFERENCES `persons` (`id`),
  CONSTRAINT `person_configurations_zone_id_foreign` FOREIGN KEY (`zone_id`) REFERENCES `zones` (`id`)
) ENGINE=InnoDB AUTO_INCREMENT=5 DEFAULT CHARSET=utf8mb4 COLLATE=utf8mb4_unicode_ci;

--
-- Dumping data for table `person_configurations`
--

INSERT INTO `person_configurations` VALUES (2,3598,40719,NULL,NULL,0,'2021-03-23 19:10:20','2021-03-26 11:16:53',2,1,0.00,NULL,12,1,0,0,0,0,1,NULL,'2021-1',0,0,0,0,2,40719,40719,NULL,NULL,NULL,0,NULL,'2021-03-26',NULL,NULL,0,NULL,0,NULL,NULL),(3,3598,40720,NULL,NULL,0,'2021-03-26 11:26:05','2021-04-19 15:17:53',2,1,0.00,NULL,12,2,1,1,1,1,3,NULL,'2021-03',0,0,0,0,2,40720,40720,NULL,NULL,NULL,0,NULL,'2021-03-01','20280647846',NULL,0,NULL,0,NULL,NULL),(4,3598,40733,NULL,NULL,0,'2021-04-19 12:29:55','2021-08-21 10:36:45',2,1,0.00,NULL,12,2,1,1,1,1,4,NULL,'2021-01',1,0,0,0,1,40733,40733,NULL,NULL,NULL,0,NULL,'2006-07-01','30709746363',NULL,0,NULL,0,NULL,NULL);

--
-- Table structure for table `person_liquidators`
--

CREATE TABLE `person_liquidators` (
  `id` int(10) unsigned NOT NULL AUTO_INCREMENT,
  `user_id` int(10) unsigned DEFAULT NULL,
  `person_id` int(10) unsigned NOT NULL,
  `liquidator_id` int(10) unsigned NOT NULL,
  `created_at` timestamp NULL DEFAULT NULL,
  `updated_at` timestamp NULL DEFAULT NULL,
  `deleted_at` timestamp NULL DEFAULT NULL,
  PRIMARY KEY (`id`),
  KEY `person_liquidators_person_id_foreign` (`person_id`),
  KEY `person_liquidators_liquidator_id_foreign` (`liquidator_id`),
  CONSTRAINT `person_liquidators_liquidator_id_foreign` FOREIGN KEY (`liquidator_id`) REFERENCES `liquidators` (`id`),
  CONSTRAINT `person_liquidators_person_id_foreign` FOREIGN KEY (`person_id`) REFERENCES `persons` (`id`)
) ENGINE=InnoDB AUTO_INCREMENT=7 DEFAULT CHARSET=utf8mb4 COLLATE=utf8mb4_unicode_ci;

--
-- Dumping data for table `person_liquidators`
--

INSERT INTO `person_liquidators` VALUES (4,3598,40720,6,'2021-04-19 15:17:53','2021-04-19 15:17:53',NULL),(6,3598,40733,6,'2021-08-21 10:36:45','2021-08-21 10:36:45',NULL);

--
-- Table structure for table `person_pay_methods`
--

CREATE TABLE `person_pay_methods` (
  `id` int(10) unsigned NOT NULL AUTO_INCREMENT,
  `user_id` int(10) unsigned DEFAULT NULL,
  `person_id` int(10) unsigned NOT NULL,
  `pay_method_id` int(10) unsigned NOT NULL,
  `created_at` timestamp NULL DEFAULT NULL,
  `updated_at` timestamp NULL DEFAULT NULL,
  `deleted_at` timestamp NULL DEFAULT NULL,
  PRIMARY KEY (`id`),
  KEY `person_pay_methods_person_id_foreign` (`person_id`),
  KEY `person_pay_methods_pay_method_id_foreign` (`pay_method_id`),
  CONSTRAINT `person_pay_methods_pay_method_id_foreign` FOREIGN KEY (`pay_method_id`) REFERENCES `pay_methods` (`id`),
  CONSTRAINT `person_pay_methods_person_id_foreign` FOREIGN KEY (`person_id`) REFERENCES `persons` (`id`)
) ENGINE=InnoDB AUTO_INCREMENT=4 DEFAULT CHARSET=utf8mb4 COLLATE=utf8mb4_unicode_ci;

--
-- Dumping data for table `person_pay_methods`
--

INSERT INTO `person_pay_methods` VALUES (3,3598,40733,1,'2021-08-21 10:36:45','2021-08-21 10:36:45',NULL);

--
-- Table structure for table `person_types`
--

CREATE TABLE `person_types` (
  `id` int(10) unsigned NOT NULL AUTO_INCREMENT,
  `user_id` int(10) unsigned DEFAULT NULL,
  `description` varchar(180) COLLATE utf8mb4_unicode_ci NOT NULL,
  `created_at` timestamp NULL DEFAULT NULL,
  `updated_at` timestamp NULL DEFAULT NULL,
  `deleted_at` timestamp NULL DEFAULT NULL,
  PRIMARY KEY (`id`),
  UNIQUE KEY `person_types_description_unique` (`description`)
) ENGINE=InnoDB AUTO_INCREMENT=3 DEFAULT CHARSET=utf8mb4 COLLATE=utf8mb4_unicode_ci;

--
-- Dumping data for table `person_types`
--

INSERT INTO `person_types` VALUES (1,NULL,'Persona Humana',NULL,NULL,NULL),(2,NULL,'Persona Juridica',NULL,NULL,NULL);

--
-- Table structure for table `person_zone_actividad`
--

CREATE TABLE `person_zone_actividad` (
  `id` int(10) unsigned NOT NULL AUTO_INCREMENT,
  `user_id` int(10) unsigned DEFAULT NULL,
  `person_id` int(10) unsigned NOT NULL,
  `zone_id` int(10) unsigned NOT NULL,
  `actividad_id` int(10) unsigned NOT NULL,
  `calculo_iibb` int(11) NOT NULL,
  `coef` decimal(16,5) NOT NULL DEFAULT '0.00000',
  `alicuota` decimal(16,5) NOT NULL DEFAULT '0.00000',
  `cm_articulo_regimen_id` int(10) unsigned NOT NULL DEFAULT '1',
  `habilitado` tinyint(1) NOT NULL DEFAULT '1',
  `created_at` timestamp NULL DEFAULT NULL,
  `updated_at` timestamp NULL DEFAULT NULL,
  `deleted_at` timestamp NULL DEFAULT NULL,
  PRIMARY KEY (`id`),
  KEY `person_zone_actividad_person_id_foreign` (`person_id`),
  KEY `person_zone_actividad_zone_id_foreign` (`zone_id`),
  KEY `person_zone_actividad_actividad_id_foreign` (`actividad_id`),
  KEY `person_zone_actividad_cm_articulo_regimen_id_foreign` (`cm_articulo_regimen_id`),
  CONSTRAINT `person_zone_actividad_actividad_id_foreign` FOREIGN KEY (`actividad_id`) REFERENCES `activities` (`id`),
  CONSTRAINT `person_zone_actividad_cm_articulo_regimen_id_foreign` FOREIGN KEY (`cm_articulo_regimen_id`) REFERENCES `cm_articulos_regimenes` (`id`),
  CONSTRAINT `person_zone_actividad_person_id_foreign` FOREIGN KEY (`person_id`) REFERENCES `persons` (`id`),
  CONSTRAINT `person_zone_actividad_zone_id_foreign` FOREIGN KEY (`zone_id`) REFERENCES `zones` (`id`)
) ENGINE=InnoDB AUTO_INCREMENT=16 DEFAULT CHARSET=utf8mb4 COLLATE=utf8mb4_unicode_ci;

--
-- Dumping data for table `person_zone_actividad`
--

INSERT INTO `person_zone_actividad` VALUES (2,3598,40719,1,796,1,0.00000,0.00000,1,1,'2021-03-26 11:16:53','2021-03-26 11:16:53',NULL),(6,3598,40720,1,628,1,1.00000,4.75000,1,1,'2021-04-19 15:17:53','2021-04-19 15:17:53',NULL),(8,3598,40733,1,210,1,0.00000,0.00000,1,1,'2021-08-21 10:36:45','2021-08-21 10:36:45',NULL),(9,3598,40733,23,210,1,0.00000,0.00000,1,1,'2021-08-21 10:36:45','2021-08-21 10:36:45',NULL),(10,3598,40733,3,210,1,0.00000,0.00000,1,1,'2021-08-21 10:36:45','2021-08-21 10:36:45',NULL),(11,3598,40733,22,210,1,0.00000,0.00000,1,1,'2021-08-21 10:36:45','2021-08-21 10:36:45',NULL),(12,3598,40733,4,210,1,0.00000,0.00000,1,1,'2021-08-21 10:36:45','2021-08-21 10:36:45',NULL),(13,3598,40733,18,210,1,0.00000,0.00000,1,1,'2021-08-21 10:36:45','2021-08-21 10:36:45',NULL),(14,3598,40733,14,210,1,0.00000,0.00000,1,1,'2021-08-21 10:36:45','2021-08-21 10:36:45',NULL),(15,3598,40733,19,210,1,0.00000,0.00000,1,1,'2021-08-21 10:36:45','2021-08-21 10:36:45',NULL);

--
-- Table structure for table `person_zones`
--

CREATE TABLE `person_zones` (
  `id` int(10) unsigned NOT NULL AUTO_INCREMENT,
  `user_id` int(10) unsigned DEFAULT NULL,
  `sifere_coef` decimal(8,4) NOT NULL DEFAULT '0.0000',
  `iibb_aliquot` decimal(8,4) NOT NULL DEFAULT '0.0000',
  `zone_id` int(10) unsigned NOT NULL,
  `is_principal` tinyint(1) NOT NULL DEFAULT '0',
  `iibb_perception_id` int(10) unsigned DEFAULT NULL,
  `retention_id` int(10) unsigned DEFAULT NULL,
  `activity_id` int(10) unsigned DEFAULT NULL,
  `created_at` timestamp NULL DEFAULT NULL,
  `updated_at` timestamp NULL DEFAULT NULL,
  `person_id` int(10) unsigned NOT NULL,
  `deleted_at` timestamp NULL DEFAULT NULL,
  PRIMARY KEY (`id`),
  KEY `person_zones_zone_id_foreign` (`zone_id`),
  KEY `person_zones_person_id_foreign` (`person_id`),
  CONSTRAINT `person_zones_person_id_foreign` FOREIGN KEY (`person_id`) REFERENCES `persons` (`id`),
  CONSTRAINT `person_zones_zone_id_foreign` FOREIGN KEY (`zone_id`) REFERENCES `zones` (`id`)
) ENGINE=InnoDB AUTO_INCREMENT=18 DEFAULT CHARSET=utf8mb4 COLLATE=utf8mb4_unicode_ci;

--
-- Dumping data for table `person_zones`
--

INSERT INTO `person_zones` VALUES (4,3598,0.0000,0.0000,1,1,NULL,NULL,NULL,'2021-03-26 11:16:53','2021-03-26 11:16:53',40719,NULL),(8,3598,0.0000,0.0000,1,1,NULL,NULL,NULL,'2021-04-19 15:17:53','2021-04-19 15:17:53',40720,NULL),(10,3598,0.0000,0.0000,1,1,NULL,NULL,NULL,'2021-08-21 10:36:45','2021-08-21 10:36:45',40733,NULL),(11,3598,0.0000,0.0000,23,0,NULL,NULL,NULL,'2021-08-21 10:36:45','2021-08-21 10:36:45',40733,NULL),(12,3598,0.0000,0.0000,3,0,NULL,NULL,NULL,'2021-08-21 10:36:45','2021-08-21 10:36:45',40733,NULL),(13,3598,0.0000,0.0000,22,0,NULL,NULL,NULL,'2021-08-21 10:36:45','2021-08-21 10:36:45',40733,NULL),(14,3598,0.0000,0.0000,4,0,NULL,NULL,NULL,'2021-08-21 10:36:45','2021-08-21 10:36:45',40733,NULL),(15,3598,0.0000,0.0000,18,0,NULL,NULL,NULL,'2021-08-21 10:36:45','2021-08-21 10:36:45',40733,NULL),(16,3598,0.0000,0.0000,14,0,NULL,NULL,NULL,'2021-08-21 10:36:45','2021-08-21 10:36:45',40733,NULL),(17,3598,0.0000,0.0000,19,0,NULL,NULL,NULL,'2021-08-21 10:36:45','2021-08-21 10:36:45',40733,NULL);

--
-- Table structure for table `persons`
--

CREATE TABLE `persons` (
  `id` int(10) unsigned NOT NULL AUTO_INCREMENT,
  `user_id` int(10) unsigned DEFAULT NULL,
  `field_name1` varchar(255) COLLATE utf8mb4_unicode_ci NOT NULL,
  `field_name2` varchar(255) COLLATE utf8mb4_unicode_ci DEFAULT NULL,
  `document_type` varchar(10) COLLATE utf8mb4_unicode_ci NOT NULL,
  `document` varchar(30) COLLATE utf8mb4_unicode_ci NOT NULL,
  `cond_frente_al_iva_id` int(10) unsigned DEFAULT NULL,
  `country_id` int(10) unsigned DEFAULT NULL,
  `state_id` int(10) unsigned DEFAULT NULL,
  `zone_id` int(10) unsigned DEFAULT NULL,
  `plan_cuenta_id` int(10) unsigned DEFAULT NULL,
  `iva_creditos_tipo_id` int(10) unsigned DEFAULT NULL,
  `created_at` timestamp NULL DEFAULT NULL,
  `updated_at` timestamp NULL DEFAULT NULL,
  `activity_id` int(10) unsigned DEFAULT NULL,
  `address` varchar(500) COLLATE utf8mb4_unicode_ci DEFAULT NULL,
  `person_type_id` int(10) unsigned DEFAULT NULL,
  `fa_iva_condition_id` int(10) unsigned DEFAULT NULL,
  `fa_codigo_postal` varchar(180) COLLATE utf8mb4_unicode_ci DEFAULT NULL,
  `email` varchar(180) COLLATE utf8mb4_unicode_ci DEFAULT NULL,
  `deleted_at` timestamp NULL DEFAULT NULL,
  PRIMARY KEY (`id`),
  UNIQUE KEY `document_UNIQUE` (`document`),
  KEY `persons_zone_id_foreign` (`zone_id`),
  KEY `persons_person_type_id_foreign` (`person_type_id`),
  KEY `persons_plan_cuenta_id_foreign` (`plan_cuenta_id`),
  KEY `persons_iva_creditos_tipo_id_foreign` (`iva_creditos_tipo_id`),
  KEY `persons_cond_frente_al_iva_id_foreign` (`cond_frente_al_iva_id`),
  CONSTRAINT `persons_cond_frente_al_iva_id_foreign` FOREIGN KEY (`cond_frente_al_iva_id`) REFERENCES `condicion_frente_al_iva` (`id`),
  CONSTRAINT `persons_iva_creditos_tipo_id_foreign` FOREIGN KEY (`iva_creditos_tipo_id`) REFERENCES `iva_creditos_tipos` (`id`),
  CONSTRAINT `persons_person_type_id_foreign` FOREIGN KEY (`person_type_id`) REFERENCES `person_types` (`id`),
  CONSTRAINT `persons_plan_cuenta_id_foreign` FOREIGN KEY (`plan_cuenta_id`) REFERENCES `conta_plan_cuenta` (`id`),
  CONSTRAINT `persons_zone_id_foreign` FOREIGN KEY (`zone_id`) REFERENCES `zones` (`id`)
) ENGINE=InnoDB AUTO_INCREMENT=40818 DEFAULT CHARSET=utf8mb4 COLLATE=utf8mb4_unicode_ci;

--
-- Dumping data for table `persons`
--

INSERT INTO `persons` VALUES (3,NULL,'Larzabal Hernan',NULL,'cuit','20-28468190-9',NULL,NULL,22,22,NULL,NULL,'2018-05-12 20:55:07','2018-05-14 01:54:15',1,NULL,1,NULL,NULL,NULL,NULL),(40717,NULL,'Taxes Software',NULL,'cuit','30-71625124-8',NULL,NULL,22,22,NULL,NULL,NULL,NULL,NULL,NULL,2,NULL,NULL,NULL,NULL),(40718,NULL,'Consumidor Final',NULL,'cuit','20-11111111-2',NULL,NULL,22,22,NULL,NULL,NULL,NULL,NULL,NULL,NULL,NULL,NULL,NULL,NULL),(40719,3598,'BRARDA MARIA BEATRIZ',NULL,'cuit','23-28626210-4',NULL,NULL,NULL,NULL,NULL,NULL,'2021-03-24 01:10:18','2021-03-26 11:16:53',1,NULL,1,NULL,NULL,NULL,NULL),(40720,3598,'SERGIO ALEJANDRO CORRADO',NULL,'cuit','20-28064784-6',NULL,NULL,NULL,NULL,NULL,NULL,'2021-03-26 11:26:04','2021-03-26 11:26:04',1,NULL,1,NULL,NULL,NULL,NULL),(40721,3598,'GRANADO PRODUCTOS VETERINARIOS S R L',NULL,'cuit','30-70849151-5',NULL,NULL,NULL,NULL,NULL,NULL,'2021-04-12 15:40:35','2021-04-12 15:40:35',NULL,NULL,NULL,NULL,NULL,NULL,NULL),(40722,3598,'EL TERCERO S R L',NULL,'cuit','30-66938637-7',NULL,NULL,NULL,NULL,NULL,NULL,'2021-04-12 15:40:35','2021-04-12 15:40:35',NULL,NULL,NULL,NULL,NULL,NULL,NULL),(40723,3598,'DIANDA, DODDI & ASOCIADOS S.A.S.',NULL,'cuit','30-71600854-8',NULL,NULL,NULL,NULL,NULL,NULL,'2021-04-12 15:40:35','2021-04-12 15:40:35',NULL,NULL,NULL,NULL,NULL,NULL,NULL),(40724,3598,'BM DISTRIBUCIONES S.A.S.',NULL,'cuit','30-71626190-1',NULL,NULL,NULL,NULL,NULL,NULL,'2021-04-12 15:40:35','2021-04-12 15:40:35',NULL,NULL,NULL,NULL,NULL,NULL,NULL),(40725,3598,'ZARATE JORGE SEBASTIAN',NULL,'cuit','23-23456927-9',NULL,NULL,NULL,NULL,NULL,NULL,'2021-04-12 15:40:35','2021-04-12 15:40:35',NULL,NULL,NULL,NULL,NULL,NULL,NULL),(40726,3598,'DORINKA S.R.L.',NULL,'cuit','30-67813830-0',NULL,NULL,NULL,NULL,NULL,NULL,'2021-04-12 15:40:35','2021-04-12 15:40:35',NULL,NULL,NULL,NULL,NULL,NULL,NULL),(40727,3598,'LANZILLOTTA JULIAN OMAR',NULL,'cuit','23-12043174-9',NULL,NULL,NULL,NULL,NULL,NULL,'2021-04-12 15:40:35','2021-04-12 15:40:35',NULL,NULL,NULL,NULL,NULL,NULL,NULL),(40728,3598,'NESTLE ARGENTINA S A',NULL,'cuit','30-54676404-0',NULL,NULL,NULL,NULL,NULL,NULL,'2021-04-12 15:40:35','2021-04-12 15:40:35',NULL,NULL,NULL,NULL,NULL,NULL,NULL),(40729,3598,'EXPRESO SANTA ROSA S A',NULL,'cuit','30-54411003-5',NULL,NULL,NULL,NULL,NULL,NULL,'2021-04-12 15:40:35','2021-04-12 15:40:35',NULL,NULL,NULL,NULL,NULL,NULL,NULL),(40730,3598,'99-99999999-9',NULL,'cuit','99-99999999-9',NULL,NULL,NULL,NULL,NULL,NULL,'2021-04-12 15:42:54','2021-04-12 15:42:54',NULL,NULL,NULL,NULL,NULL,NULL,NULL),(40731,3598,'VILLA NUEVA SOCIEDAD ANONIMA',NULL,'cuit','30-55791346-3',NULL,NULL,NULL,NULL,NULL,NULL,'2021-04-12 15:42:55','2021-04-12 15:42:55',NULL,NULL,NULL,NULL,NULL,NULL,NULL),(40732,3598,'VAZQUEZ JORGE LUIS',NULL,'cuit','20-13344441-7',NULL,NULL,NULL,NULL,NULL,NULL,'2021-04-12 15:42:56','2021-04-12 15:42:56',NULL,NULL,NULL,NULL,NULL,NULL,NULL),(40733,3598,'TALABARTERIA BEYCO SRL',NULL,'cuit','30-70974636-3',NULL,NULL,NULL,NULL,NULL,NULL,'2021-04-19 12:29:55','2021-04-19 12:29:55',1,'TIERRA DEL FUEGO 2115',2,NULL,NULL,NULL,NULL),(40734,3598,'MARTINEZ RICARDO JOSE',NULL,'cuit','20-24422316-9',NULL,NULL,NULL,NULL,NULL,NULL,'2021-04-20 17:34:43','2021-04-20 17:34:43',NULL,NULL,NULL,NULL,NULL,NULL,NULL),(40735,3598,'BOVITEC S.A.',NULL,'cuit','30-71575591-9',NULL,NULL,NULL,NULL,NULL,NULL,'2021-04-20 17:34:43','2021-04-20 17:34:43',NULL,NULL,NULL,NULL,NULL,NULL,NULL),(40736,3598,'TALABARTERIA LA FUSTA SRL',NULL,'cuit','30-71385120-1',NULL,NULL,NULL,NULL,NULL,NULL,'2021-04-20 17:34:43','2021-04-20 17:34:43',NULL,NULL,NULL,NULL,NULL,NULL,NULL),(40737,3598,'DE YONG GERMAN ANIBAL',NULL,'cuit','20-30029699-9',NULL,NULL,NULL,NULL,NULL,NULL,'2021-04-20 17:34:43','2021-04-20 17:34:43',NULL,NULL,NULL,NULL,NULL,NULL,NULL),(40738,3598,'DELAMER JUAN CARLOS',NULL,'cuit','20-23398121-5',NULL,NULL,NULL,NULL,NULL,NULL,'2021-04-20 17:34:43','2021-04-20 17:34:43',NULL,NULL,NULL,NULL,NULL,NULL,NULL);
INSERT INTO `persons` VALUES (40739,3598,'LAZARTE SERGIO DANIEL',NULL,'cuit','20-18294885-4',NULL,NULL,NULL,NULL,NULL,NULL,'2021-04-20 17:34:43','2021-04-20 17:34:43',NULL,NULL,NULL,NULL,NULL,NULL,NULL),(40740,3598,'VELAZQUEZ RUBEN OSCAR',NULL,'cuit','20-23756574-7',NULL,NULL,NULL,NULL,NULL,NULL,'2021-04-20 17:34:43','2021-04-20 17:34:43',NULL,NULL,NULL,NULL,NULL,NULL,NULL),(40741,3598,'CARRIZO FRANCISCO MANUEL',NULL,'cuit','20-13879201-4',NULL,NULL,NULL,NULL,NULL,NULL,'2021-04-20 17:34:43','2021-04-20 17:34:43',NULL,NULL,NULL,NULL,NULL,NULL,NULL),(40742,3598,'PRO SER SA',NULL,'cuit','30-66352738-6',NULL,NULL,NULL,NULL,NULL,NULL,'2021-04-20 17:34:43','2021-04-20 17:34:43',NULL,NULL,NULL,NULL,NULL,NULL,NULL),(40743,3598,'SUCESORES DE SALVATIERRA S.R.L.',NULL,'cuit','33-71563447-9',NULL,NULL,NULL,NULL,NULL,NULL,'2021-04-20 17:34:43','2021-04-20 17:34:43',NULL,NULL,NULL,NULL,NULL,NULL,NULL),(40744,3598,'PEDROCHE OSVALDO JOSE',NULL,'cuit','20-11662886-5',NULL,NULL,NULL,NULL,NULL,NULL,'2021-04-20 17:34:43','2021-04-20 17:34:43',NULL,NULL,NULL,NULL,NULL,NULL,NULL),(40745,3598,'LA VIEJA ESTANCIA DE DOMINGUEZ ALEJANDRO FABIAN Y STADLER ANGEL MIGUEL SOC. DE HECHO',NULL,'cuit','30-70999710-2',NULL,NULL,NULL,NULL,NULL,NULL,'2021-04-20 17:34:43','2021-04-20 17:34:43',NULL,NULL,NULL,NULL,NULL,NULL,NULL),(40746,3598,'CORNALE, JORGE EDUARDO Y MALANO, PABLO DAVID',NULL,'cuit','30-67391486-8',NULL,NULL,NULL,NULL,NULL,NULL,'2021-04-20 17:34:43','2021-04-20 17:34:43',NULL,NULL,NULL,NULL,NULL,NULL,NULL),(40747,3598,'SUCESION DE MARZULLO CESAR ABEL',NULL,'cuit','20-08701950-1',NULL,NULL,NULL,NULL,NULL,NULL,'2021-04-20 17:34:43','2021-04-20 17:34:43',NULL,NULL,NULL,NULL,NULL,NULL,NULL),(40748,3598,'BOGIARCO MAYORISTA TRES ARROYOS S.A.',NULL,'cuit','30-71212774-7',NULL,NULL,NULL,NULL,NULL,NULL,'2021-04-20 17:34:43','2021-04-20 17:34:43',NULL,NULL,NULL,NULL,NULL,NULL,NULL),(40749,3598,'OSAN FERNANDO DAMIAN Y ALEJANDRO SOC. DE H.',NULL,'cuit','30-70894446-3',NULL,NULL,NULL,NULL,NULL,NULL,'2021-04-20 17:34:43','2021-04-20 17:34:43',NULL,NULL,NULL,NULL,NULL,NULL,NULL),(40750,3598,'ASOCIACION MUTUAL MERCANTIL ARGENTINA',NULL,'cuit','30-59304955-4',NULL,NULL,NULL,NULL,NULL,NULL,'2021-04-20 17:34:54','2021-04-20 17:34:54',NULL,NULL,NULL,NULL,NULL,NULL,NULL),(40751,3598,'R. F. TRANSPORTE S.A.',NULL,'cuit','30-70861995-3',NULL,NULL,NULL,NULL,NULL,NULL,'2021-04-20 17:34:54','2021-04-20 17:34:54',NULL,NULL,NULL,NULL,NULL,NULL,NULL),(40752,3598,'DE STEFANO CRISTIAN MARCELO',NULL,'cuit','20-22829385-8',NULL,NULL,NULL,NULL,NULL,NULL,'2021-04-20 17:34:54','2021-04-20 17:34:54',NULL,NULL,NULL,NULL,NULL,NULL,NULL),(40753,3598,'TRENTO JAVIER ANDRES',NULL,'cuit','20-24617882-9',NULL,NULL,NULL,NULL,NULL,NULL,'2021-04-20 17:34:54','2021-04-20 17:34:54',NULL,NULL,NULL,NULL,NULL,NULL,NULL),(40754,3598,'LUPOLINO SRL',NULL,'cuit','30-55020941-8',NULL,NULL,NULL,NULL,NULL,NULL,'2021-04-20 17:34:54','2021-04-20 17:34:54',NULL,NULL,NULL,NULL,NULL,NULL,NULL),(40755,3598,'FRATONI DIEGO, FRATONI MAXIMILIANO, FRATONI MATIAS NAHUEL Y MOREIRA IRIS MIRTA',NULL,'cuit','30-71435534-8',NULL,NULL,NULL,NULL,NULL,NULL,'2021-04-20 17:34:54','2021-04-20 17:34:54',NULL,NULL,NULL,NULL,NULL,NULL,NULL),(40756,3598,'CURTIDOS RECONQUISTA S.R.L.',NULL,'cuit','33-70715633-9',NULL,NULL,NULL,NULL,NULL,NULL,'2021-04-20 17:34:54','2021-04-20 17:34:54',NULL,NULL,NULL,NULL,NULL,NULL,NULL),(40757,3598,'CURTIEMBRE TAGLIORETTI SRL',NULL,'cuit','30-70948649-3',NULL,NULL,NULL,NULL,NULL,NULL,'2021-04-20 17:34:54','2021-04-20 17:34:54',NULL,NULL,NULL,NULL,NULL,NULL,NULL),(40758,3598,'CUEROS LA ESPERANZA S.A.',NULL,'cuit','30-71432610-0',NULL,NULL,NULL,NULL,NULL,NULL,'2021-04-20 17:34:54','2021-04-20 17:34:54',NULL,NULL,NULL,NULL,NULL,NULL,NULL),(40759,3598,'GAETANI S.R.L',NULL,'cuit','30-51551229-9',NULL,NULL,NULL,NULL,NULL,NULL,'2021-04-20 17:34:55','2021-04-20 17:34:55',NULL,NULL,NULL,NULL,NULL,NULL,NULL),(40760,3598,'GONZALEZ MARIO LEANDRO',NULL,'cuit','20-23779577-7',NULL,NULL,NULL,NULL,NULL,NULL,'2021-04-20 17:34:55','2021-04-20 17:34:55',NULL,NULL,NULL,NULL,NULL,NULL,NULL);
INSERT INTO `persons` VALUES (40761,3598,'CONRERO DANTE DOMINGO',NULL,'cuit','20-06603412-8',NULL,NULL,NULL,NULL,NULL,NULL,'2021-04-20 17:34:55','2021-04-20 17:34:55',NULL,NULL,NULL,NULL,NULL,NULL,NULL),(40762,3598,'ROSSO PEDRO ARTURO',NULL,'cuit','20-12079182-7',NULL,NULL,NULL,NULL,NULL,NULL,'2021-04-20 17:38:08','2021-04-20 17:38:08',NULL,NULL,NULL,NULL,NULL,NULL,NULL),(40763,3598,'MONTONE JOSE EDUARDO',NULL,'cuit','20-10722250-3',NULL,NULL,NULL,NULL,NULL,NULL,'2021-04-20 17:38:08','2021-04-20 17:38:08',NULL,NULL,NULL,NULL,NULL,NULL,NULL),(40764,3598,'GORI MARIO ALBERTO',NULL,'cuit','20-08427892-1',NULL,NULL,NULL,NULL,NULL,NULL,'2021-04-20 17:38:08','2021-04-20 17:38:08',NULL,NULL,NULL,NULL,NULL,NULL,NULL),(40765,3598,'KELLER MARTIN EUGENIO ERNES',NULL,'cuit','20-14554992-3',NULL,NULL,NULL,NULL,NULL,NULL,'2021-04-20 17:38:08','2021-04-20 17:38:08',NULL,NULL,NULL,NULL,NULL,NULL,NULL),(40766,3598,'ARENAZA SALVADOR MATIAS',NULL,'cuit','20-22532238-5',NULL,NULL,NULL,NULL,NULL,NULL,'2021-04-20 17:38:09','2021-04-20 17:38:09',NULL,NULL,NULL,NULL,NULL,NULL,NULL),(40767,3598,'VETERINARIA SAN MARTIN SA',NULL,'cuit','30-70754192-6',NULL,NULL,NULL,NULL,NULL,NULL,'2021-04-20 17:38:09','2021-04-20 17:38:09',NULL,NULL,NULL,NULL,NULL,NULL,NULL),(40768,3598,'RIGANTI MARIA VERONICA',NULL,'cuit','27-20045151-7',NULL,NULL,NULL,NULL,NULL,NULL,'2021-04-20 17:38:09','2021-04-20 17:38:09',NULL,NULL,NULL,NULL,NULL,NULL,NULL),(40769,3598,'DELFIN S.A.',NULL,'cuit','30-51614634-2',NULL,NULL,NULL,NULL,NULL,NULL,'2021-04-20 17:38:20','2021-04-20 17:38:20',NULL,NULL,NULL,NULL,NULL,NULL,NULL),(40770,3598,'BRAVO RODRIGO JUAN',NULL,'cuit','20-25557054-5',NULL,NULL,NULL,NULL,NULL,NULL,'2021-04-20 17:38:20','2021-04-20 17:38:20',NULL,NULL,NULL,NULL,NULL,NULL,NULL),(40771,3598,'VUELTA REDONDA S.A.',NULL,'cuit','30-70882962-1',NULL,NULL,NULL,NULL,NULL,NULL,'2021-04-20 17:38:20','2021-04-20 17:38:20',NULL,NULL,NULL,NULL,NULL,NULL,NULL),(40772,3598,'AGROVETERINARIA RIVOIRA S.A.S.',NULL,'cuit','30-71050293-1',NULL,NULL,NULL,NULL,NULL,NULL,'2021-04-20 18:08:05','2021-04-20 18:08:05',NULL,NULL,NULL,NULL,NULL,NULL,NULL),(40773,3598,'PEREYRA CARLOS HERNAN',NULL,'cuit','20-14712283-8',NULL,NULL,NULL,NULL,NULL,NULL,'2021-04-20 18:08:05','2021-04-20 18:08:05',NULL,NULL,NULL,NULL,NULL,NULL,NULL),(40774,3598,'RAMIREZ JORGE ALBERTO',NULL,'cuit','20-08103042-2',NULL,NULL,NULL,NULL,NULL,NULL,'2021-04-20 18:08:05','2021-04-20 18:08:05',NULL,NULL,NULL,NULL,NULL,NULL,NULL),(40775,3598,'RUIZ MARIANO JOSE',NULL,'cuit','20-32185702-8',NULL,NULL,NULL,NULL,NULL,NULL,'2021-04-20 18:08:05','2021-04-20 18:08:05',NULL,NULL,NULL,NULL,NULL,NULL,NULL),(40776,3598,'ITURRALDE SAUL HORACIO',NULL,'cuit','20-13974139-1',NULL,NULL,NULL,NULL,NULL,NULL,'2021-04-20 18:08:05','2021-04-20 18:08:05',NULL,NULL,NULL,NULL,NULL,NULL,NULL),(40777,3598,'SPYRAKIS RICARDO MARCELO',NULL,'cuit','20-20215408-6',NULL,NULL,NULL,NULL,NULL,NULL,'2021-04-20 18:08:05','2021-04-20 18:08:05',NULL,NULL,NULL,NULL,NULL,NULL,NULL),(40778,3598,'LAS VERTIENTES SOC DE HECHO DE COSTA JUAN PASCUAL Y RUBEN ALBERTO',NULL,'cuit','30-67482492-7',NULL,NULL,NULL,NULL,NULL,NULL,'2021-04-20 18:08:05','2021-04-20 18:08:05',NULL,NULL,NULL,NULL,NULL,NULL,NULL),(40779,3598,'BLANCO GUSTAVO DANIEL',NULL,'cuit','20-23005413-5',NULL,NULL,NULL,NULL,NULL,NULL,'2021-04-20 18:08:05','2021-04-20 18:08:05',NULL,NULL,NULL,NULL,NULL,NULL,NULL),(40780,3598,'ACTIS CAPORALE DIEGO AGUSTIN',NULL,'cuit','20-27497916-0',NULL,NULL,NULL,NULL,NULL,NULL,'2021-04-20 18:08:05','2021-04-20 18:08:05',NULL,NULL,NULL,NULL,NULL,NULL,NULL),(40781,3598,'FALABELLA DAMIAN JOSE ERNESTO',NULL,'cuit','20-21674380-7',NULL,NULL,NULL,NULL,NULL,NULL,'2021-04-20 18:08:05','2021-04-20 18:08:05',NULL,NULL,NULL,NULL,NULL,NULL,NULL),(40782,3598,'SADASA   SA',NULL,'cuit','30-50542482-0',NULL,NULL,NULL,NULL,NULL,NULL,'2021-04-20 18:08:13','2021-04-20 18:08:13',NULL,NULL,NULL,NULL,NULL,NULL,NULL);
INSERT INTO `persons` VALUES (40783,3598,'FERNANDEZ MARIA DEL CARMEN',NULL,'cuit','27-04469936-8',NULL,NULL,NULL,NULL,NULL,NULL,'2021-04-20 18:08:14','2021-04-20 18:08:14',NULL,NULL,NULL,NULL,NULL,NULL,NULL),(40784,3598,'POLIGAR S.R.L.',NULL,'cuit','30-71097537-6',NULL,NULL,NULL,NULL,NULL,NULL,'2021-04-20 18:08:14','2021-04-20 18:08:14',NULL,NULL,NULL,NULL,NULL,NULL,NULL),(40785,3598,'AGROTELAS ARG. S.A.',NULL,'cuit','30-71253771-6',NULL,NULL,NULL,NULL,NULL,NULL,'2021-04-20 18:08:14','2021-04-20 18:08:14',NULL,NULL,NULL,NULL,NULL,NULL,NULL),(40786,3598,'MACOTEX  SA',NULL,'cuit','30-71000557-1',NULL,NULL,NULL,NULL,NULL,NULL,'2021-04-20 18:08:14','2021-04-20 18:08:14',NULL,NULL,NULL,NULL,NULL,NULL,NULL),(40787,3598,'BULONERA CAMBA S.R.L',NULL,'cuit','30-56776591-8',NULL,NULL,NULL,NULL,NULL,NULL,'2021-04-20 18:08:14','2021-04-20 18:08:14',NULL,NULL,NULL,NULL,NULL,NULL,NULL),(40788,3598,'SMITH ANIBAL HERNAN',NULL,'cuit','20-07763832-7',NULL,NULL,NULL,NULL,NULL,NULL,'2021-04-20 18:08:14','2021-04-20 18:08:14',NULL,NULL,NULL,NULL,NULL,NULL,NULL),(40789,3598,'SEMILLERIA ROLLER SOCIEDAD DE RESPONSABILIDAD LIMITADA',NULL,'cuit','30-70860385-2',NULL,NULL,NULL,NULL,NULL,NULL,'2021-05-16 21:55:22','2021-05-16 21:55:22',NULL,NULL,NULL,NULL,NULL,NULL,NULL),(40790,3598,'DECRYPTO S.A.S.',NULL,'cuit','33-71608676-9',NULL,NULL,NULL,NULL,NULL,NULL,'2021-05-16 21:55:22','2021-05-16 21:55:22',NULL,NULL,NULL,NULL,NULL,NULL,NULL),(40791,3598,'HODULICH GERARDO MANUEL',NULL,'cuit','20-24575105-3',NULL,NULL,NULL,NULL,NULL,NULL,'2021-05-16 21:55:22','2021-05-16 21:55:22',NULL,NULL,NULL,NULL,NULL,NULL,NULL),(40792,3598,'COOPERATIVA AGROPECUARIA E INDUSTRIAL DE RAUCH LIMITADA',NULL,'cuit','30-53216647-7',NULL,NULL,NULL,NULL,NULL,NULL,'2021-05-17 12:18:56','2021-05-17 12:18:56',NULL,NULL,NULL,NULL,NULL,NULL,NULL),(40793,3598,'VETERINARIA LA MULITA DE AZUL SRL',NULL,'cuit','30-71050130-7',NULL,NULL,NULL,NULL,NULL,NULL,'2021-05-17 12:18:56','2021-05-17 12:18:56',NULL,NULL,NULL,NULL,NULL,NULL,NULL),(40794,3598,'COPERTINO SERRANO NELSON JESUS',NULL,'cuit','20-29303745-1',NULL,NULL,NULL,NULL,NULL,NULL,'2021-05-17 12:18:56','2021-05-17 12:18:56',NULL,NULL,NULL,NULL,NULL,NULL,NULL),(40795,3598,'FIGUEROA MARIANO ERNESTO',NULL,'cuit','20-22029327-1',NULL,NULL,NULL,NULL,NULL,NULL,'2021-05-17 12:18:56','2021-05-17 12:18:56',NULL,NULL,NULL,NULL,NULL,NULL,NULL),(40796,3598,'GONZALEZ REGINO OMAR',NULL,'cuit','20-05481155-2',NULL,NULL,NULL,NULL,NULL,NULL,'2021-05-17 12:18:56','2021-05-17 12:18:56',NULL,NULL,NULL,NULL,NULL,NULL,NULL),(40797,3598,'DE EZCURRA MARIANO Y CERDAN WALTER JAVIER S.H.',NULL,'cuit','30-70978548-2',NULL,NULL,NULL,NULL,NULL,NULL,'2021-05-17 12:18:56','2021-05-17 12:18:56',NULL,NULL,NULL,NULL,NULL,NULL,NULL),(40798,3598,'VETERINARIA BALDINI S.A.',NULL,'cuit','30-70847404-1',NULL,NULL,NULL,NULL,NULL,NULL,'2021-05-17 12:18:57','2021-05-17 12:18:57',NULL,NULL,NULL,NULL,NULL,NULL,NULL),(40799,3598,'VETPHARMA S.R.L.',NULL,'cuit','30-71407206-0',NULL,NULL,NULL,NULL,NULL,NULL,'2021-05-17 12:18:57','2021-05-17 12:18:57',NULL,NULL,NULL,NULL,NULL,NULL,NULL),(40800,3598,'PAZ RURAL S.A.',NULL,'cuit','30-70902220-9',NULL,NULL,NULL,NULL,NULL,NULL,'2021-05-17 12:18:57','2021-05-17 12:18:57',NULL,NULL,NULL,NULL,NULL,NULL,NULL),(40801,3598,'RODRIGUEZ Y ROLANDO SOCIEDAD DE HECHO',NULL,'cuit','30-71223657-0',NULL,NULL,NULL,NULL,NULL,NULL,'2021-05-17 12:18:57','2021-05-17 12:18:57',NULL,NULL,NULL,NULL,NULL,NULL,NULL),(40802,3598,'DAVILA JAVIER OSCAR',NULL,'cuit','20-20460141-1',NULL,NULL,NULL,NULL,NULL,NULL,'2021-05-17 12:18:57','2021-05-17 12:18:57',NULL,NULL,NULL,NULL,NULL,NULL,NULL),(40803,3598,'GAGLIARDINI LUIS ALBERTO Y RODRIGUEZ CANDIDO S H.',NULL,'cuit','30-71195280-9',NULL,NULL,NULL,NULL,NULL,NULL,'2021-05-17 12:19:09','2021-05-17 12:19:09',NULL,NULL,NULL,NULL,NULL,NULL,NULL),(40804,3598,'DISTRIBUIDORA DE TABACOS Y AFINES SOCIEDAD EN COMANDITA SIMPLE',NULL,'cuit','30-56756483-1',NULL,NULL,NULL,NULL,NULL,NULL,'2021-05-17 12:19:09','2021-05-17 12:19:09',NULL,NULL,NULL,NULL,NULL,NULL,NULL);
INSERT INTO `persons` VALUES (40805,3598,'CINTAS OUTLET SA',NULL,'cuit','30-70228698-7',NULL,NULL,NULL,NULL,NULL,NULL,'2021-05-17 12:19:09','2021-05-17 12:19:09',NULL,NULL,NULL,NULL,NULL,NULL,NULL),(40806,3598,'TAL-KAR S R L',NULL,'cuit','33-70802027-9',NULL,NULL,NULL,NULL,NULL,NULL,'2021-05-17 12:19:09','2021-05-17 12:19:09',NULL,NULL,NULL,NULL,NULL,NULL,NULL),(40807,3598,'JORGE JOSE RAUL',NULL,'cuit','20-20135762-5',NULL,NULL,NULL,NULL,NULL,NULL,'2021-05-17 12:19:10','2021-05-17 12:19:10',NULL,NULL,NULL,NULL,NULL,NULL,NULL),(40811,3598,'PAZO ALBERTO JOSE',NULL,'cuit','20-18048360-9',NULL,NULL,NULL,NULL,NULL,NULL,'2021-06-16 14:51:17','2021-06-16 14:51:17',NULL,NULL,NULL,NULL,NULL,NULL,NULL),(40812,3598,'ALMEX SRL',NULL,'cuit','30-71549734-0',NULL,NULL,NULL,NULL,NULL,NULL,'2021-06-16 14:51:17','2021-06-16 14:51:17',NULL,NULL,NULL,NULL,NULL,NULL,NULL),(40813,3598,'SAN MIGUEL CERAMICOS SA',NULL,'cuit','30-71681667-9',NULL,NULL,NULL,NULL,NULL,NULL,'2021-06-16 14:51:17','2021-06-16 14:51:17',NULL,NULL,NULL,NULL,NULL,NULL,NULL),(40814,3598,'INDUSTRIAS CORMETAL S A',NULL,'cuit','30-56036918-9',NULL,NULL,NULL,NULL,NULL,NULL,'2021-06-16 14:51:17','2021-06-16 14:51:17',NULL,NULL,NULL,NULL,NULL,NULL,NULL),(40815,3598,'PELLICIONI MARIANO',NULL,'cuit','20-34816108-4',NULL,NULL,NULL,NULL,NULL,NULL,'2021-06-16 14:51:18','2021-06-16 14:51:18',NULL,NULL,NULL,NULL,NULL,NULL,NULL),(40816,3598,'CASALANGUIDA MARIA LAURA',NULL,'cuit','27-29933348-0',NULL,NULL,NULL,NULL,NULL,NULL,'2021-06-16 14:51:18','2021-06-16 14:51:18',NULL,NULL,NULL,NULL,NULL,NULL,NULL),(40817,3598,'ARDOVINO ANGEL OSCAR',NULL,'cuit','20-30267698-5',NULL,NULL,NULL,NULL,NULL,NULL,'2021-06-16 14:51:18','2021-06-16 14:51:18',NULL,NULL,NULL,NULL,NULL,NULL,NULL);

--
-- Table structure for table `presupuesto_config`
--

CREATE TABLE `presupuesto_config` (
  `id` int(10) unsigned NOT NULL AUTO_INCREMENT,
  `user_id` int(10) unsigned DEFAULT NULL,
  `person_id` int(10) unsigned NOT NULL,
  `num_inicial` int(10) unsigned NOT NULL DEFAULT '0',
  `created_at` timestamp NULL DEFAULT NULL,
  `updated_at` timestamp NULL DEFAULT NULL,
  `deleted_at` timestamp NULL DEFAULT NULL,
  PRIMARY KEY (`id`),
  KEY `presupuesto_config_person_id_foreign` (`person_id`),
  CONSTRAINT `presupuesto_config_person_id_foreign` FOREIGN KEY (`person_id`) REFERENCES `persons` (`id`)
) ENGINE=InnoDB DEFAULT CHARSET=utf8mb4 COLLATE=utf8mb4_unicode_ci;

--
-- Dumping data for table `presupuesto_config`
--


--
-- Table structure for table `presupuestos`
--

CREATE TABLE `presupuestos` (
  `id` int(10) unsigned NOT NULL AUTO_INCREMENT,
  `user_id` int(10) unsigned NOT NULL,
  `fecha` date NOT NULL DEFAULT '2019-12-23',
  `punto_venta_id` int(10) unsigned NOT NULL,
  `system_tax_id` int(10) unsigned NOT NULL DEFAULT '7',
  `numero` int(10) unsigned NOT NULL,
  `person_id` int(10) unsigned NOT NULL,
  `person_id_receptor` int(10) unsigned NOT NULL DEFAULT '3',
  `texto` longtext COLLATE utf8mb4_unicode_ci,
  `iva_si_no` tinyint(1) NOT NULL DEFAULT '0',
  `neto` decimal(16,2) NOT NULL DEFAULT '0.00',
  `iva` decimal(16,2) NOT NULL DEFAULT '0.00',
  `total` decimal(16,2) NOT NULL DEFAULT '0.00',
  `comentario` varchar(191) COLLATE utf8mb4_unicode_ci DEFAULT NULL,
  `created_at` timestamp NULL DEFAULT NULL,
  `updated_at` timestamp NULL DEFAULT NULL,
  `deleted_at` timestamp NULL DEFAULT NULL,
  PRIMARY KEY (`id`),
  KEY `presupuestos_punto_venta_id_foreign` (`punto_venta_id`),
  KEY `presupuestos_person_id_foreign` (`person_id`),
  KEY `presupuestos_person_id_receptor_foreign` (`person_id_receptor`),
  KEY `presupuestos_system_tax_id_foreign` (`system_tax_id`),
  CONSTRAINT `presupuestos_person_id_foreign` FOREIGN KEY (`person_id`) REFERENCES `persons` (`id`),
  CONSTRAINT `presupuestos_person_id_receptor_foreign` FOREIGN KEY (`person_id_receptor`) REFERENCES `persons` (`id`),
  CONSTRAINT `presupuestos_punto_venta_id_foreign` FOREIGN KEY (`punto_venta_id`) REFERENCES `fact_elec_puntos_venta` (`id`),
  CONSTRAINT `presupuestos_system_tax_id_foreign` FOREIGN KEY (`system_tax_id`) REFERENCES `system_taxes` (`id`)
) ENGINE=InnoDB DEFAULT CHARSET=utf8mb4 COLLATE=utf8mb4_unicode_ci;

--
-- Dumping data for table `presupuestos`
--


--
-- Table structure for table `querys`
--

CREATE TABLE `querys` (
  `id` bigint(20) unsigned NOT NULL AUTO_INCREMENT,
  `user_id` int(10) unsigned DEFAULT NULL,
  `descripcion` varchar(191) COLLATE utf8mb4_unicode_ci DEFAULT NULL,
  `habilitado` tinyint(1) NOT NULL DEFAULT '1',
  `created_at` timestamp NULL DEFAULT NULL,
  `updated_at` timestamp NULL DEFAULT NULL,
  `deleted_at` timestamp NULL DEFAULT NULL,
  PRIMARY KEY (`id`)
) ENGINE=InnoDB AUTO_INCREMENT=2 DEFAULT CHARSET=utf8mb4 COLLATE=utf8mb4_unicode_ci;

--
-- Dumping data for table `querys`
--

INSERT INTO `querys` VALUES (1,NULL,'Factura Electronica Masiva Productos',1,'2022-02-01 17:40:51','2022-02-01 17:40:51',NULL);

--
-- Table structure for table `querys_details`
--

CREATE TABLE `querys_details` (
  `id` bigint(20) unsigned NOT NULL AUTO_INCREMENT,
  `user_id` int(10) unsigned DEFAULT NULL,
  `person_id` int(10) unsigned DEFAULT NULL,
  `query_id` bigint(20) unsigned NOT NULL,
  `descripcion` longtext COLLATE utf8mb4_unicode_ci,
  `created_at` timestamp NULL DEFAULT NULL,
  `updated_at` timestamp NULL DEFAULT NULL,
  `deleted_at` timestamp NULL DEFAULT NULL,
  PRIMARY KEY (`id`),
  KEY `querys_details_query_id_foreign` (`query_id`),
  KEY `querys_details_person_id_foreign` (`person_id`),
  CONSTRAINT `querys_details_person_id_foreign` FOREIGN KEY (`person_id`) REFERENCES `persons` (`id`),
  CONSTRAINT `querys_details_query_id_foreign` FOREIGN KEY (`query_id`) REFERENCES `querys` (`id`)
) ENGINE=InnoDB DEFAULT CHARSET=utf8mb4 COLLATE=utf8mb4_unicode_ci;

--
-- Dumping data for table `querys_details`
--


--
-- Table structure for table `queue_proceso_resultado`
--

CREATE TABLE `queue_proceso_resultado` (
  `id` int(10) unsigned NOT NULL AUTO_INCREMENT,
  `user_id` int(10) unsigned DEFAULT NULL,
  `queue_proceso_id` int(10) unsigned DEFAULT NULL,
  `resultado` longtext COLLATE utf8mb4_unicode_ci,
  `created_at` timestamp NULL DEFAULT NULL,
  `updated_at` timestamp NULL DEFAULT NULL,
  `deleted_at` timestamp NULL DEFAULT NULL,
  PRIMARY KEY (`id`),
  KEY `queue_proceso_resultado_queue_proceso_id_foreign` (`queue_proceso_id`),
  CONSTRAINT `queue_proceso_resultado_queue_proceso_id_foreign` FOREIGN KEY (`queue_proceso_id`) REFERENCES `queue_procesos` (`id`)
) ENGINE=InnoDB DEFAULT CHARSET=utf8mb4 COLLATE=utf8mb4_unicode_ci;

--
-- Dumping data for table `queue_proceso_resultado`
--


--
-- Table structure for table `queue_procesos`
--

CREATE TABLE `queue_procesos` (
  `id` int(10) unsigned NOT NULL AUTO_INCREMENT,
  `user_id` int(10) unsigned DEFAULT NULL,
  `descripcion` text COLLATE utf8mb4_unicode_ci NOT NULL,
  `created_at` timestamp NULL DEFAULT NULL,
  `updated_at` timestamp NULL DEFAULT NULL,
  `deleted_at` timestamp NULL DEFAULT NULL,
  PRIMARY KEY (`id`)
) ENGINE=InnoDB AUTO_INCREMENT=5 DEFAULT CHARSET=utf8mb4 COLLATE=utf8mb4_unicode_ci;

--
-- Dumping data for table `queue_procesos`
--

INSERT INTO `queue_procesos` VALUES (1,NULL,'Importar - Excel',NULL,NULL,NULL),(2,NULL,'Importar - Mis Comprobantes',NULL,NULL,NULL),(3,NULL,'Importar - Portal IVA','2022-03-16 00:35:04','2022-03-16 00:35:04',NULL),(4,NULL,'Importar - Archivos PEM F8011','2022-07-10 22:56:49','2022-07-10 22:56:49',NULL);

--
-- Table structure for table `receipt_taxes`
--

CREATE TABLE `receipt_taxes` (
  `id` int(10) unsigned NOT NULL AUTO_INCREMENT,
  `user_id` int(10) unsigned DEFAULT NULL,
  `receipt_id` int(10) unsigned NOT NULL,
  `tax_id` int(10) unsigned DEFAULT NULL,
  `amount` decimal(16,2) NOT NULL,
  `tax_amount` decimal(16,2) NOT NULL DEFAULT '0.00',
  `taxable_iibb` int(11) NOT NULL DEFAULT '0',
  `iva_iibb` int(11) NOT NULL DEFAULT '0',
  `created_at` timestamp NULL DEFAULT NULL,
  `updated_at` timestamp NULL DEFAULT NULL,
  `deleted_at` timestamp NULL DEFAULT NULL,
  PRIMARY KEY (`id`),
  KEY `receipt_taxes_receipt_id_foreign` (`receipt_id`),
  CONSTRAINT `receipt_taxes_receipt_id_foreign` FOREIGN KEY (`receipt_id`) REFERENCES `receipts` (`id`)
) ENGINE=InnoDB AUTO_INCREMENT=1070 DEFAULT CHARSET=utf8mb4 COLLATE=utf8mb4_unicode_ci;

--
-- Dumping data for table `receipt_taxes`
--

INSERT INTO `receipt_taxes` VALUES (4,3598,4,2,584.41,122.73,2,1,'2021-04-12 15:40:35','2021-04-12 15:40:35',NULL),(5,3598,5,2,8589.49,1803.79,2,1,'2021-04-12 15:40:35','2021-04-12 15:40:35',NULL),(6,3598,6,2,1851.39,388.79,2,1,'2021-04-12 15:40:35','2021-04-12 15:40:35',NULL),(10,3598,10,2,19222.66,4036.76,2,1,'2021-04-12 15:40:35','2021-04-12 15:40:35',NULL),(12,3598,12,2,17181.78,3608.17,2,1,'2021-04-12 15:40:35','2021-04-12 15:40:35',NULL),(13,3598,13,2,48454.70,10175.49,2,1,'2021-04-12 15:40:35','2021-04-12 15:40:35',NULL),(17,3598,17,2,25801.84,5418.38,2,1,'2021-04-12 15:40:35','2021-04-12 15:40:35',NULL),(18,3598,18,2,341.55,71.73,2,1,'2021-04-12 15:40:35','2021-04-12 15:40:35',NULL),(19,3598,19,2,2805.20,589.09,2,1,'2021-04-12 15:40:35','2021-04-12 15:40:35',NULL),(22,3598,22,7,5463.00,0.00,2,1,'2021-04-12 15:40:35','2021-04-12 15:40:35',NULL),(23,3598,23,2,15662.53,3289.13,2,1,'2021-04-12 15:40:35','2021-04-12 15:40:35',NULL),(24,3598,24,2,11689.88,2454.87,2,1,'2021-04-12 15:40:35','2021-04-12 15:40:35',NULL),(26,3598,26,2,49840.43,10466.49,2,1,'2021-04-12 15:40:35','2021-04-12 15:40:35',NULL),(27,3598,27,2,107461.26,22566.86,2,1,'2021-04-12 15:40:35','2021-04-12 15:40:35',NULL),(30,3598,30,2,1217.14,255.60,2,1,'2021-04-12 15:40:35','2021-04-12 15:40:35',NULL),(31,3598,31,2,0.83,0.17,2,1,'2021-04-12 15:42:54','2021-04-12 15:42:54',NULL),(32,3598,32,2,530.58,111.42,2,1,'2021-04-12 15:42:54','2021-04-12 15:42:54',NULL),(33,3598,33,2,165.27,34.71,2,1,'2021-04-12 15:42:54','2021-04-12 15:42:54',NULL),(34,3598,34,2,1090.91,229.09,2,1,'2021-04-12 15:42:54','2021-04-12 15:42:54',NULL),(35,3598,35,2,1366.12,286.88,2,1,'2021-04-12 15:42:54','2021-04-12 15:42:54',NULL),(36,3598,36,2,413.17,86.76,2,1,'2021-04-12 15:42:54','2021-04-12 15:42:54',NULL),(37,3598,37,2,413.18,86.77,2,1,'2021-04-12 15:42:54','2021-04-12 15:42:54',NULL),(38,3598,38,2,963.62,202.36,2,1,'2021-04-12 15:42:54','2021-04-12 15:42:54',NULL),(39,3598,39,2,2057.02,431.98,2,1,'2021-04-12 15:42:54','2021-04-12 15:42:54',NULL),(40,3598,40,2,1214.86,255.12,2,1,'2021-04-12 15:42:54','2021-04-12 15:42:54',NULL),(41,3598,41,2,2365.29,496.71,2,1,'2021-04-12 15:42:54','2021-04-12 15:42:54',NULL),(42,3598,42,2,1132.23,237.77,2,1,'2021-04-12 15:42:54','2021-04-12 15:42:54',NULL),(43,3598,43,2,2000.00,420.00,2,1,'2021-04-12 15:42:54','2021-04-12 15:42:54',NULL),(44,3598,44,2,936.36,196.64,2,1,'2021-04-12 15:42:54','2021-04-12 15:42:54',NULL),(45,3598,45,2,251.24,52.76,2,1,'2021-04-12 15:42:54','2021-04-12 15:42:54',NULL),(46,3598,46,2,2231.40,468.60,2,1,'2021-04-12 15:42:54','2021-04-12 15:42:54',NULL),(47,3598,47,2,5016.28,1053.42,2,1,'2021-04-12 15:42:54','2021-04-12 15:42:54',NULL),(48,3598,48,2,826.50,173.56,2,1,'2021-04-12 15:42:54','2021-04-12 15:42:54',NULL),(49,3598,49,2,1181.82,248.18,2,1,'2021-04-12 15:42:54','2021-04-12 15:42:54',NULL),(50,3598,50,2,481.82,101.18,2,1,'2021-04-12 15:42:54','2021-04-12 15:42:54',NULL),(51,3598,51,2,5256.20,1103.80,2,1,'2021-04-12 15:42:54','2021-04-12 15:42:54',NULL),(52,3598,52,2,1984.30,416.70,2,1,'2021-04-12 15:42:54','2021-04-12 15:42:54',NULL),(53,3598,53,2,1297.57,272.49,2,1,'2021-04-12 15:42:54','2021-04-12 15:42:54',NULL),(54,3598,54,2,2826.45,593.55,2,1,'2021-04-12 15:42:54','2021-04-12 15:42:54',NULL),(55,3598,55,2,662.83,139.19,2,1,'2021-04-12 15:42:54','2021-04-12 15:42:54',NULL),(56,3598,56,2,743.79,156.20,2,1,'2021-04-12 15:42:54','2021-04-12 15:42:54',NULL),(57,3598,57,2,1768.60,371.40,2,1,'2021-04-12 15:42:54','2021-04-12 15:42:54',NULL),(58,3598,58,2,1537.19,322.81,2,1,'2021-04-12 15:42:54','2021-04-12 15:42:54',NULL),(59,3598,59,2,1463.64,307.36,2,1,'2021-04-12 15:42:54','2021-04-12 15:42:54',NULL),(60,3598,60,2,619.83,130.17,2,1,'2021-04-12 15:42:55','2021-04-12 15:42:55',NULL),(61,3598,61,2,157.02,32.98,2,1,'2021-04-12 15:42:55','2021-04-12 15:42:55',NULL),(62,3598,62,2,719.85,151.17,2,1,'2021-04-12 15:42:55','2021-04-12 15:42:55',NULL),(63,3598,63,2,1672.73,351.27,2,1,'2021-04-12 15:42:55','2021-04-12 15:42:55',NULL);
INSERT INTO `receipt_taxes` VALUES (64,3598,64,2,3951.82,829.88,2,1,'2021-04-12 15:42:55','2021-04-12 15:42:55',NULL),(65,3598,65,2,380.08,79.82,2,1,'2021-04-12 15:42:55','2021-04-12 15:42:55',NULL),(66,3598,66,2,844.74,177.40,2,1,'2021-04-12 15:42:55','2021-04-12 15:42:55',NULL),(67,3598,67,2,834.71,175.29,2,1,'2021-04-12 15:42:55','2021-04-12 15:42:55',NULL),(68,3598,68,2,1050.83,220.67,2,1,'2021-04-12 15:42:55','2021-04-12 15:42:55',NULL),(69,3598,69,2,165.36,34.72,2,1,'2021-04-12 15:42:55','2021-04-12 15:42:55',NULL),(70,3598,70,2,3801.65,798.35,2,1,'2021-04-12 15:42:55','2021-04-12 15:42:55',NULL),(71,3598,71,2,3092.56,649.44,2,1,'2021-04-12 15:42:55','2021-04-12 15:42:55',NULL),(72,3598,72,2,826.40,173.55,2,1,'2021-04-12 15:42:55','2021-04-12 15:42:55',NULL),(73,3598,73,2,1340.08,281.42,2,1,'2021-04-12 15:42:55','2021-04-12 15:42:55',NULL),(74,3598,74,2,2585.12,542.88,2,1,'2021-04-12 15:42:55','2021-04-12 15:42:55',NULL),(75,3598,75,2,2016.53,423.47,2,1,'2021-04-12 15:42:55','2021-04-12 15:42:55',NULL),(76,3598,76,2,2000.62,420.13,2,1,'2021-04-12 15:42:55','2021-04-12 15:42:55',NULL),(77,3598,77,2,272.67,57.26,2,1,'2021-04-12 15:42:55','2021-04-12 15:42:55',NULL),(78,3598,78,2,438.11,92.00,2,1,'2021-04-12 15:42:55','2021-04-12 15:42:55',NULL),(79,3598,79,2,330.64,69.43,2,1,'2021-04-12 15:42:55','2021-04-12 15:42:55',NULL),(80,3598,80,2,1743.73,366.18,2,1,'2021-04-12 15:42:55','2021-04-12 15:42:55',NULL),(81,3598,81,2,727.27,152.73,2,1,'2021-04-12 15:42:55','2021-04-12 15:42:55',NULL),(82,3598,82,2,4727.36,992.74,2,1,'2021-04-12 15:42:55','2021-04-12 15:42:55',NULL),(83,3598,83,2,879.13,184.62,2,1,'2021-04-12 15:42:55','2021-04-12 15:42:55',NULL),(84,3598,84,2,832.23,174.77,2,1,'2021-04-12 15:42:55','2021-04-12 15:42:55',NULL),(85,3598,85,2,289.24,60.74,2,1,'2021-04-12 15:42:55','2021-04-12 15:42:55',NULL),(86,3598,86,2,1859.50,390.50,2,1,'2021-04-12 15:42:55','2021-04-12 15:42:55',NULL),(87,3598,87,2,1024.79,215.21,2,1,'2021-04-12 15:42:55','2021-04-12 15:42:55',NULL),(88,3598,88,2,140.55,29.52,2,1,'2021-04-12 15:42:55','2021-04-12 15:42:55',NULL),(89,3598,89,2,414.78,87.10,2,1,'2021-04-12 15:42:55','2021-04-12 15:42:55',NULL),(90,3598,90,2,917.20,192.61,2,1,'2021-04-12 15:42:55','2021-04-12 15:42:55',NULL),(91,3598,91,2,1818.20,381.82,2,1,'2021-04-12 15:42:55','2021-04-12 15:42:55',NULL),(92,3598,92,2,823.14,172.86,2,1,'2021-04-12 15:42:55','2021-04-12 15:42:55',NULL),(93,3598,93,2,1390.91,292.09,2,1,'2021-04-12 15:42:55','2021-04-12 15:42:55',NULL),(94,3598,94,2,1368.60,287.40,2,1,'2021-04-12 15:42:55','2021-04-12 15:42:55',NULL),(95,3598,95,2,413.21,86.77,2,1,'2021-04-12 15:42:55','2021-04-12 15:42:55',NULL),(96,3598,96,2,173.55,36.45,2,1,'2021-04-12 15:42:55','2021-04-12 15:42:55',NULL),(97,3598,97,2,3239.66,680.33,2,1,'2021-04-12 15:42:55','2021-04-12 15:42:55',NULL),(98,3598,98,2,2687.77,564.43,2,1,'2021-04-12 15:42:55','2021-04-12 15:42:55',NULL),(99,3598,99,2,3533.06,741.94,2,1,'2021-04-12 15:42:55','2021-04-12 15:42:55',NULL),(100,3598,100,2,702.58,147.54,2,1,'2021-04-12 15:42:55','2021-04-12 15:42:55',NULL),(101,3598,101,2,4263.64,895.36,2,1,'2021-04-12 15:42:55','2021-04-12 15:42:55',NULL),(102,3598,102,2,2004.13,420.87,2,1,'2021-04-12 15:42:55','2021-04-12 15:42:55',NULL),(103,3598,103,2,379.91,79.78,2,1,'2021-04-12 15:42:55','2021-04-12 15:42:55',NULL),(104,3598,104,2,867.77,182.23,2,1,'2021-04-12 15:42:55','2021-04-12 15:42:55',NULL),(105,3598,105,2,3070.79,644.86,2,1,'2021-04-12 15:42:55','2021-04-12 15:42:55',NULL),(106,3598,106,2,520.66,109.34,2,1,'2021-04-12 15:42:55','2021-04-12 15:42:55',NULL),(107,3598,107,2,1065.41,223.74,2,1,'2021-04-12 15:42:55','2021-04-12 15:42:55',NULL),(108,3598,108,2,1933.88,406.12,2,1,'2021-04-12 15:42:55','2021-04-12 15:42:55',NULL),(109,3598,109,2,938.84,197.16,2,1,'2021-04-12 15:42:55','2021-04-12 15:42:55',NULL),(110,3598,110,2,2261.16,474.84,2,1,'2021-04-12 15:42:55','2021-04-12 15:42:55',NULL),(111,3598,111,2,1719.01,360.99,2,1,'2021-04-12 15:42:55','2021-04-12 15:42:55',NULL);
INSERT INTO `receipt_taxes` VALUES (112,3598,112,2,2481.14,521.04,2,1,'2021-04-12 15:42:55','2021-04-12 15:42:55',NULL),(113,3598,113,2,330.58,69.42,2,1,'2021-04-12 15:42:55','2021-04-12 15:42:55',NULL),(114,3598,114,2,1915.08,402.17,2,1,'2021-04-12 15:42:55','2021-04-12 15:42:55',NULL),(115,3598,115,2,759.48,159.49,2,1,'2021-04-12 15:42:55','2021-04-12 15:42:55',NULL),(116,3598,116,2,1719.01,360.99,2,1,'2021-04-12 15:42:55','2021-04-12 15:42:55',NULL),(117,3598,117,2,1154.55,242.45,2,1,'2021-04-12 15:42:55','2021-04-12 15:42:55',NULL),(118,3598,118,2,1729.75,363.25,2,1,'2021-04-12 15:42:55','2021-04-12 15:42:55',NULL),(119,3598,119,2,2372.73,498.27,2,1,'2021-04-12 15:42:55','2021-04-12 15:42:55',NULL),(120,3598,120,2,437.93,91.97,2,1,'2021-04-12 15:42:55','2021-04-12 15:42:55',NULL),(121,3598,121,2,1876.03,393.97,2,1,'2021-04-12 15:42:55','2021-04-12 15:42:55',NULL),(122,3598,122,2,2404.96,505.04,2,1,'2021-04-12 15:42:55','2021-04-12 15:42:55',NULL),(123,3598,123,2,2414.88,507.12,2,1,'2021-04-12 15:42:55','2021-04-12 15:42:55',NULL),(124,3598,124,2,542.98,114.02,2,1,'2021-04-12 15:42:55','2021-04-12 15:42:55',NULL),(125,3598,125,2,152.89,32.11,2,1,'2021-04-12 15:42:55','2021-04-12 15:42:55',NULL),(126,3598,126,2,286.04,60.07,2,1,'2021-04-12 15:42:55','2021-04-12 15:42:55',NULL),(127,3598,127,2,3596.69,755.31,2,1,'2021-04-12 15:42:55','2021-04-12 15:42:55',NULL),(128,3598,128,2,582.60,122.35,2,1,'2021-04-12 15:42:55','2021-04-12 15:42:55',NULL),(129,3598,128,7,0.01,0.00,2,1,'2021-04-12 15:42:55','2021-04-12 15:42:55',NULL),(130,3598,129,2,4410.74,926.26,2,1,'2021-04-12 15:42:55','2021-04-12 15:42:55',NULL),(131,3598,130,2,826.45,173.55,2,1,'2021-04-12 15:42:55','2021-04-12 15:42:55',NULL),(132,3598,131,2,165.26,34.70,2,1,'2021-04-12 15:42:55','2021-04-12 15:42:55',NULL),(133,3598,131,7,0.01,0.00,2,1,'2021-04-12 15:42:55','2021-04-12 15:42:55',NULL),(134,3598,132,2,1619.50,340.10,2,1,'2021-04-12 15:42:56','2021-04-12 15:42:56',NULL),(135,3598,133,2,1885.12,395.88,2,1,'2021-04-12 15:42:56','2021-04-12 15:42:56',NULL),(136,3598,134,2,1619.83,340.17,2,1,'2021-04-12 15:42:56','2021-04-12 15:42:56',NULL),(137,3598,135,2,561.98,118.02,2,1,'2021-04-12 15:42:56','2021-04-12 15:42:56',NULL),(138,3598,136,2,413.07,86.75,2,1,'2021-04-12 15:42:56','2021-04-12 15:42:56',NULL),(139,3598,137,2,1786.78,375.22,2,1,'2021-04-12 15:42:56','2021-04-12 15:42:56',NULL),(140,3598,138,2,1652.89,347.11,2,1,'2021-04-12 15:42:56','2021-04-12 15:42:56',NULL),(141,3598,139,2,978.23,205.43,2,1,'2021-04-12 15:42:56','2021-04-12 15:42:56',NULL),(142,3598,140,2,1323.97,278.03,2,1,'2021-04-12 15:42:56','2021-04-12 15:42:56',NULL),(143,3598,141,2,1566.12,328.89,2,1,'2021-04-12 15:42:56','2021-04-12 15:42:56',NULL),(144,3598,142,2,1272.65,267.26,2,1,'2021-04-12 15:42:56','2021-04-12 15:42:56',NULL),(145,3598,143,2,247.93,52.07,2,1,'2021-04-12 15:42:56','2021-04-12 15:42:56',NULL),(146,3598,144,2,2148.85,451.26,2,1,'2021-04-12 15:42:56','2021-04-12 15:42:56',NULL),(147,3598,145,2,1186.12,249.08,2,1,'2021-04-12 15:42:56','2021-04-12 15:42:56',NULL),(148,3598,146,2,330.52,69.41,2,1,'2021-04-12 15:42:56','2021-04-12 15:42:56',NULL),(149,3598,147,2,413.21,86.78,2,1,'2021-04-12 15:42:56','2021-04-12 15:42:56',NULL),(150,3598,148,2,834.71,175.29,2,1,'2021-04-12 15:42:56','2021-04-12 15:42:56',NULL),(151,3598,149,2,248.01,52.08,2,1,'2021-04-12 15:42:56','2021-04-12 15:42:56',NULL),(152,3598,150,2,325.07,68.26,2,1,'2021-04-12 15:42:56','2021-04-12 15:42:56',NULL),(153,3598,151,2,1347.11,282.89,2,1,'2021-04-12 15:42:56','2021-04-12 15:42:56',NULL),(154,3598,152,2,148.76,31.24,2,1,'2021-04-12 15:42:56','2021-04-12 15:42:56',NULL),(155,3598,153,2,2010.74,422.26,2,1,'2021-04-12 15:42:56','2021-04-12 15:42:56',NULL),(156,3598,154,2,2273.39,477.41,2,1,'2021-04-12 15:42:56','2021-04-12 15:42:56',NULL),(157,3598,155,2,1428.47,299.98,2,1,'2021-04-12 15:42:56','2021-04-12 15:42:56',NULL),(158,3598,156,2,165.31,34.72,2,1,'2021-04-12 15:42:56','2021-04-12 15:42:56',NULL);
INSERT INTO `receipt_taxes` VALUES (159,3598,157,2,413.17,86.76,2,1,'2021-04-12 15:42:56','2021-04-12 15:42:56',NULL),(160,3598,158,2,289.31,60.75,2,1,'2021-04-12 15:42:56','2021-04-12 15:42:56',NULL),(161,3598,159,2,1325.62,278.38,2,1,'2021-04-12 15:42:56','2021-04-12 15:42:56',NULL),(162,3598,160,2,2175.41,456.84,2,1,'2021-04-12 15:42:56','2021-04-12 15:42:56',NULL),(163,3598,161,2,960.33,201.67,2,1,'2021-04-12 15:42:56','2021-04-12 15:42:56',NULL),(164,3598,162,2,1809.92,380.08,2,1,'2021-04-12 15:42:56','2021-04-12 15:42:56',NULL),(165,3598,163,2,314.05,65.95,2,1,'2021-04-12 15:42:56','2021-04-12 15:42:56',NULL),(166,3598,164,2,1044.94,219.44,2,1,'2021-04-12 15:42:56','2021-04-12 15:42:56',NULL),(167,3598,165,2,347.11,72.89,2,1,'2021-04-12 15:42:56','2021-04-12 15:42:56',NULL),(168,3598,166,2,1719.01,360.99,2,1,'2021-04-12 15:42:56','2021-04-12 15:42:56',NULL),(169,3598,167,2,1870.41,392.79,2,1,'2021-04-12 15:42:56','2021-04-12 15:42:56',NULL),(170,3598,168,2,2661.16,558.84,2,1,'2021-04-12 15:42:56','2021-04-12 15:42:56',NULL),(171,3598,169,2,2661.16,558.84,2,1,'2021-04-12 15:42:56','2021-04-12 15:42:56',NULL),(172,3598,170,2,1068.35,224.35,2,1,'2021-04-12 15:42:56','2021-04-12 15:42:56',NULL),(173,3598,171,2,1714.05,359.95,2,1,'2021-04-12 15:42:56','2021-04-12 15:42:56',NULL),(174,3598,172,2,760.30,159.66,2,1,'2021-04-12 15:42:56','2021-04-12 15:42:56',NULL),(175,3598,173,2,495.74,104.11,2,1,'2021-04-12 15:42:56','2021-04-12 15:42:56',NULL),(176,3598,174,2,661.11,138.83,2,1,'2021-04-12 15:42:56','2021-04-12 15:42:56',NULL),(177,3598,175,2,2052.94,431.12,2,1,'2021-04-12 15:42:56','2021-04-12 15:42:56',NULL),(178,3598,176,2,165.28,34.71,2,1,'2021-04-12 15:42:56','2021-04-12 15:42:56',NULL),(179,3598,177,2,3754.70,788.49,2,1,'2021-04-12 15:42:56','2021-04-12 15:42:56',NULL),(180,3598,178,2,5532.36,1161.79,2,1,'2021-04-12 15:42:56','2021-04-12 15:42:56',NULL),(181,3598,179,2,272.70,57.27,2,1,'2021-04-12 15:42:56','2021-04-12 15:42:56',NULL),(182,3598,180,2,537.23,112.82,2,1,'2021-04-12 15:42:56','2021-04-12 15:42:56',NULL),(183,3598,181,2,1132.23,237.77,2,1,'2021-04-12 15:42:56','2021-04-12 15:42:56',NULL),(184,3598,182,2,1720.27,361.26,2,1,'2021-04-12 15:42:56','2021-04-12 15:42:56',NULL),(185,3598,183,2,1619.83,340.17,2,1,'2021-04-12 15:42:56','2021-04-12 15:42:56',NULL),(186,3598,184,2,2314.07,485.95,2,1,'2021-04-12 15:42:56','2021-04-12 15:42:56',NULL),(187,3598,185,2,305.76,64.21,2,1,'2021-04-12 15:42:56','2021-04-12 15:42:56',NULL),(188,3598,186,2,826.45,173.55,2,1,'2021-04-12 15:42:56','2021-04-12 15:42:56',NULL),(189,3598,187,2,790.91,166.09,2,1,'2021-04-12 15:42:56','2021-04-12 15:42:56',NULL),(190,3598,188,2,1157.60,243.10,2,1,'2021-04-12 15:42:56','2021-04-12 15:42:56',NULL),(191,3598,189,2,671.06,140.92,2,1,'2021-04-12 15:42:56','2021-04-12 15:42:56',NULL),(192,3598,190,2,1644.63,345.37,2,1,'2021-04-12 15:42:56','2021-04-12 15:42:56',NULL),(193,3598,191,2,3205.79,673.21,2,1,'2021-04-12 15:42:56','2021-04-12 15:42:56',NULL),(194,3598,192,2,3851.24,808.76,2,1,'2021-04-12 15:42:56','2021-04-12 15:42:56',NULL),(195,3598,193,2,1849.59,388.41,2,1,'2021-04-12 15:42:56','2021-04-12 15:42:56',NULL),(196,3598,194,2,475.31,99.81,2,1,'2021-04-12 15:42:56','2021-04-12 15:42:56',NULL),(197,3598,195,2,1384.31,290.71,2,1,'2021-04-12 15:42:56','2021-04-12 15:42:56',NULL),(198,3598,196,2,1380.00,289.80,2,1,'2021-04-12 15:42:56','2021-04-12 15:42:56',NULL),(199,3598,197,2,2503.39,525.71,2,1,'2021-04-12 15:42:56','2021-04-12 15:42:56',NULL),(200,3598,198,2,724.02,152.04,2,1,'2021-04-12 15:42:56','2021-04-12 15:42:56',NULL),(201,3598,199,2,371.87,78.09,2,1,'2021-04-12 15:42:56','2021-04-12 15:42:56',NULL),(202,3598,200,2,540.50,113.50,2,1,'2021-04-12 15:42:56','2021-04-12 15:42:56',NULL),(203,3598,201,2,359.50,75.50,2,1,'2021-04-12 15:42:56','2021-04-12 15:42:56',NULL),(204,3598,202,2,413.21,86.78,2,1,'2021-04-12 15:42:56','2021-04-12 15:42:56',NULL),(205,3598,203,2,372.01,78.12,2,1,'2021-04-12 15:42:56','2021-04-12 15:42:56',NULL);
INSERT INTO `receipt_taxes` VALUES (206,3598,204,2,1341.98,281.82,2,1,'2021-04-12 15:42:56','2021-04-12 15:42:56',NULL),(207,3598,205,2,1834.30,385.20,2,1,'2021-04-12 15:42:57','2021-04-12 15:42:57',NULL),(208,3598,206,2,843.76,177.19,2,1,'2021-04-12 15:42:57','2021-04-12 15:42:57',NULL),(209,3598,207,2,2365.29,496.71,2,1,'2021-04-12 15:42:57','2021-04-12 15:42:57',NULL),(210,3598,208,2,165.32,34.72,2,1,'2021-04-12 15:42:57','2021-04-12 15:42:57',NULL),(211,3598,209,2,1272.73,267.27,2,1,'2021-04-12 15:42:57','2021-04-12 15:42:57',NULL),(212,3598,210,2,355.37,74.63,2,1,'2021-04-12 15:42:57','2021-04-12 15:42:57',NULL),(213,3598,211,2,1408.10,295.70,2,1,'2021-04-12 15:42:57','2021-04-12 15:42:57',NULL),(214,3598,212,2,794.55,166.85,2,1,'2021-04-12 15:42:57','2021-04-12 15:42:57',NULL),(215,3598,213,2,760.27,159.66,2,1,'2021-04-12 15:42:57','2021-04-12 15:42:57',NULL),(216,3598,214,2,7973.97,1674.53,2,1,'2021-04-12 15:42:57','2021-04-12 15:42:57',NULL),(217,3598,215,2,629.64,132.22,2,1,'2021-04-12 15:42:57','2021-04-12 15:42:57',NULL),(218,3598,216,2,1292.56,271.44,2,1,'2021-04-12 15:42:57','2021-04-12 15:42:57',NULL),(219,3598,217,2,1362.81,286.19,2,1,'2021-04-12 15:42:57','2021-04-12 15:42:57',NULL),(220,3598,218,2,2454.55,515.45,2,1,'2021-04-12 15:42:57','2021-04-12 15:42:57',NULL),(221,3598,219,2,2752.40,578.00,2,1,'2021-04-12 15:42:57','2021-04-12 15:42:57',NULL),(222,3598,220,2,1860.91,390.79,2,1,'2021-04-12 15:42:57','2021-04-12 15:42:57',NULL),(223,3598,221,2,4258.80,894.35,2,1,'2021-04-12 15:42:57','2021-04-12 15:42:57',NULL),(224,3598,222,2,3823.14,802.86,2,1,'2021-04-12 15:42:57','2021-04-12 15:42:57',NULL),(225,3598,223,2,957.85,201.15,2,1,'2021-04-12 15:42:57','2021-04-12 15:42:57',NULL),(226,3598,224,2,1306.61,274.39,2,1,'2021-04-12 15:42:57','2021-04-12 15:42:57',NULL),(227,3598,225,2,661.16,138.84,2,1,'2021-04-12 15:42:57','2021-04-12 15:42:57',NULL),(228,3598,226,2,1910.30,401.16,2,1,'2021-04-12 15:42:57','2021-04-12 15:42:57',NULL),(229,3598,227,2,1337.23,280.82,2,1,'2021-04-12 15:42:57','2021-04-12 15:42:57',NULL),(230,3598,228,2,2113.72,443.88,2,1,'2021-04-12 15:42:57','2021-04-12 15:42:57',NULL),(231,3598,229,2,2076.03,435.97,2,1,'2021-04-12 15:42:57','2021-04-12 15:42:57',NULL),(232,3598,230,2,2329.75,489.25,2,1,'2021-04-12 15:42:57','2021-04-12 15:42:57',NULL),(233,3598,231,2,1463.64,307.36,2,1,'2021-04-12 15:42:57','2021-04-12 15:42:57',NULL),(234,3598,232,2,311.74,65.46,2,1,'2021-04-12 15:42:57','2021-04-12 15:42:57',NULL),(235,3598,233,2,2496.69,524.31,2,1,'2021-04-12 15:42:57','2021-04-12 15:42:57',NULL),(236,3598,234,2,664.17,139.48,2,1,'2021-04-12 15:42:57','2021-04-12 15:42:57',NULL),(237,3598,235,2,181.82,38.18,2,1,'2021-04-12 15:42:57','2021-04-12 15:42:57',NULL),(238,3598,236,2,501.69,105.36,2,1,'2021-04-12 15:42:57','2021-04-12 15:42:57',NULL),(239,3598,237,2,2849.34,598.36,2,1,'2021-04-12 15:42:57','2021-04-12 15:42:57',NULL),(240,3598,238,2,1480.99,311.01,2,1,'2021-04-12 15:42:57','2021-04-12 15:42:57',NULL),(241,3598,239,2,669.37,140.57,2,1,'2021-04-12 15:42:57','2021-04-12 15:42:57',NULL),(242,3598,240,2,1862.81,391.19,2,1,'2021-04-12 15:42:57','2021-04-12 15:42:57',NULL),(243,3598,241,2,3296.03,692.17,2,1,'2021-04-12 15:42:57','2021-04-12 15:42:57',NULL),(244,3598,242,2,1140.49,239.50,2,1,'2021-04-12 15:42:57','2021-04-12 15:42:57',NULL),(245,3598,243,2,487.45,102.36,2,1,'2021-04-12 15:42:57','2021-04-12 15:42:57',NULL),(246,3598,244,2,1384.36,290.72,2,1,'2021-04-12 15:42:57','2021-04-12 15:42:57',NULL),(247,3598,245,2,867.69,182.22,2,1,'2021-04-12 15:42:57','2021-04-12 15:42:57',NULL),(248,3598,246,2,1240.50,260.50,2,1,'2021-04-12 15:42:57','2021-04-12 15:42:57',NULL),(249,3598,247,2,19222.66,4036.76,2,1,'2021-04-19 15:12:28','2021-04-19 15:12:28',NULL),(250,3598,248,2,25881.50,5435.12,2,1,'2021-04-20 17:34:43','2021-04-20 17:34:43',NULL),(251,3598,249,2,46240.00,9710.40,2,1,'2021-04-20 17:34:43','2021-04-20 17:34:43',NULL),(252,3598,250,2,47874.00,10053.54,2,1,'2021-04-20 17:34:43','2021-04-20 17:34:43',NULL);
INSERT INTO `receipt_taxes` VALUES (253,3598,251,2,44018.25,9243.83,2,1,'2021-04-20 17:34:43','2021-04-20 17:34:43',NULL),(254,3598,252,2,34440.00,7232.40,2,1,'2021-04-20 17:34:43','2021-04-20 17:34:43',NULL),(255,3598,253,2,22791.00,4786.11,2,1,'2021-04-20 17:34:43','2021-04-20 17:34:43',NULL),(256,3598,254,2,17268.00,3626.28,2,1,'2021-04-20 17:34:43','2021-04-20 17:34:43',NULL),(257,3598,255,2,40000.50,8400.11,2,1,'2021-04-20 17:34:43','2021-04-20 17:34:43',NULL),(258,3598,256,2,358063.00,75193.23,2,1,'2021-04-20 17:34:43','2021-04-20 17:34:43',NULL),(259,3598,257,2,46000.00,9660.00,2,1,'2021-04-20 17:34:43','2021-04-20 17:34:43',NULL),(260,3598,258,2,20919.60,4393.11,2,1,'2021-04-20 17:34:43','2021-04-20 17:34:43',NULL),(261,3598,259,2,41356.00,8684.76,2,1,'2021-04-20 17:34:43','2021-04-20 17:34:43',NULL),(262,3598,260,2,45064.20,9463.49,2,1,'2021-04-20 17:34:43','2021-04-20 17:34:43',NULL),(263,3598,261,2,91452.00,19204.92,2,1,'2021-04-20 17:34:43','2021-04-20 17:34:43',NULL),(264,3598,262,2,59277.00,12448.17,2,1,'2021-04-20 17:34:43','2021-04-20 17:34:43',NULL),(265,3598,263,2,65232.90,13698.91,2,1,'2021-04-20 17:34:43','2021-04-20 17:34:43',NULL),(266,3598,264,2,95314.00,20015.94,2,1,'2021-04-20 17:34:43','2021-04-20 17:34:43',NULL),(267,3598,265,7,300.00,0.00,2,1,'2021-04-20 17:34:54','2021-04-20 17:34:54',NULL),(268,3598,266,7,16000.00,0.00,2,1,'2021-04-20 17:34:54','2021-04-20 17:34:54',NULL),(269,3598,267,2,413.23,86.78,2,1,'2021-04-20 17:34:54','2021-04-20 17:34:54',NULL),(270,3598,268,2,27375.00,5748.75,2,1,'2021-04-20 17:34:54','2021-04-20 17:34:54',NULL),(271,3598,269,2,3434.96,721.34,2,1,'2021-04-20 17:34:54','2021-04-20 17:34:54',NULL),(272,3598,270,2,561.98,118.02,2,1,'2021-04-20 17:34:54','2021-04-20 17:34:54',NULL),(273,3598,271,2,942.15,197.85,2,1,'2021-04-20 17:34:54','2021-04-20 17:34:54',NULL),(274,3598,272,2,58630.87,12312.48,2,1,'2021-04-20 17:34:54','2021-04-20 17:34:54',NULL),(275,3598,273,2,743.80,156.20,2,1,'2021-04-20 17:34:54','2021-04-20 17:34:54',NULL),(276,3598,274,2,27375.00,5748.75,2,1,'2021-04-20 17:34:54','2021-04-20 17:34:54',NULL),(277,3598,275,2,471.08,98.93,2,1,'2021-04-20 17:34:54','2021-04-20 17:34:54',NULL),(278,3598,276,2,471.07,98.92,2,1,'2021-04-20 17:34:54','2021-04-20 17:34:54',NULL),(279,3598,277,2,31023.96,6515.03,2,1,'2021-04-20 17:34:54','2021-04-20 17:34:54',NULL),(280,3598,277,7,310.24,0.00,2,1,'2021-04-20 17:34:54','2021-04-20 17:34:54',NULL),(281,3598,278,2,471.07,98.92,2,1,'2021-04-20 17:34:54','2021-04-20 17:34:54',NULL),(282,3598,279,2,23904.00,5019.84,2,1,'2021-04-20 17:34:54','2021-04-20 17:34:54',NULL),(283,3598,280,2,2322.31,487.69,2,1,'2021-04-20 17:34:54','2021-04-20 17:34:54',NULL),(284,3598,281,2,15400.00,3234.00,2,1,'2021-04-20 17:34:54','2021-04-20 17:34:54',NULL),(285,3598,282,2,9360.00,1965.60,2,1,'2021-04-20 17:34:54','2021-04-20 17:34:54',NULL),(286,3598,283,2,4760.33,999.67,2,1,'2021-04-20 17:34:54','2021-04-20 17:34:54',NULL),(287,3598,284,2,876.03,183.97,2,1,'2021-04-20 17:34:54','2021-04-20 17:34:54',NULL),(288,3598,285,2,49357.37,10365.05,2,1,'2021-04-20 17:34:54','2021-04-20 17:34:54',NULL),(289,3598,286,2,471.08,98.93,2,1,'2021-04-20 17:34:54','2021-04-20 17:34:54',NULL),(290,3598,287,2,471.08,98.93,2,1,'2021-04-20 17:34:54','2021-04-20 17:34:54',NULL),(291,3598,288,7,12.00,0.00,2,1,'2021-04-20 17:34:55','2021-04-20 17:34:55',NULL),(292,3598,289,2,58591.05,12304.12,2,1,'2021-04-20 17:34:55','2021-04-20 17:34:55',NULL),(293,3598,290,2,876.03,183.97,2,1,'2021-04-20 17:34:55','2021-04-20 17:34:55',NULL),(294,3598,291,2,471.08,98.93,2,1,'2021-04-20 17:34:55','2021-04-20 17:34:55',NULL),(295,3598,292,2,669.42,140.58,2,1,'2021-04-20 17:34:55','2021-04-20 17:34:55',NULL),(296,3598,293,2,471.08,98.93,2,1,'2021-04-20 17:34:55','2021-04-20 17:34:55',NULL),(297,3598,294,2,1694.21,355.78,2,1,'2021-04-20 17:34:55','2021-04-20 17:34:55',NULL),(298,3598,295,2,876.04,183.97,2,1,'2021-04-20 17:34:55','2021-04-20 17:34:55',NULL);
INSERT INTO `receipt_taxes` VALUES (299,3598,296,2,1289.25,270.74,2,1,'2021-04-20 17:34:55','2021-04-20 17:34:55',NULL),(300,3598,297,2,471.07,98.92,2,1,'2021-04-20 17:34:55','2021-04-20 17:34:55',NULL),(301,3598,298,2,876.04,183.97,2,1,'2021-04-20 17:34:55','2021-04-20 17:34:55',NULL),(302,3598,299,2,1272.73,267.27,2,1,'2021-04-20 17:34:55','2021-04-20 17:34:55',NULL),(303,3598,300,2,1289.25,270.74,2,1,'2021-04-20 17:34:55','2021-04-20 17:34:55',NULL),(304,3598,301,7,19500.00,0.00,2,1,'2021-04-20 17:34:55','2021-04-20 17:34:55',NULL),(305,3598,302,2,669.42,140.58,2,1,'2021-04-20 17:34:55','2021-04-20 17:34:55',NULL),(306,3598,303,2,144360.00,30315.60,2,1,'2021-04-20 17:34:55','2021-04-20 17:34:55',NULL),(307,3598,304,7,80000.00,0.00,2,1,'2021-04-20 17:34:55','2021-04-20 17:34:55',NULL),(308,3598,305,2,150500.00,31605.00,2,1,'2021-04-20 17:34:55','2021-04-20 17:34:55',NULL),(309,3598,306,2,2512.40,527.60,2,1,'2021-04-20 17:34:55','2021-04-20 17:34:55',NULL),(310,3598,307,2,909.09,190.91,2,1,'2021-04-20 17:34:55','2021-04-20 17:34:55',NULL),(311,3598,308,2,55440.00,11642.40,2,1,'2021-04-20 17:38:08','2021-04-20 17:38:08',NULL),(312,3598,309,2,10516.00,2208.36,2,1,'2021-04-20 17:38:08','2021-04-20 17:38:08',NULL),(313,3598,310,2,11633.00,2442.93,2,1,'2021-04-20 17:38:08','2021-04-20 17:38:08',NULL),(314,3598,311,2,7189.00,1509.69,2,1,'2021-04-20 17:38:08','2021-04-20 17:38:08',NULL),(315,3598,312,2,65072.00,13665.12,2,1,'2021-04-20 17:38:08','2021-04-20 17:38:08',NULL),(316,3598,313,2,71136.00,14938.56,2,1,'2021-04-20 17:38:08','2021-04-20 17:38:08',NULL),(317,3598,314,2,83963.00,17632.23,2,1,'2021-04-20 17:38:08','2021-04-20 17:38:08',NULL),(318,3598,315,2,55121.00,11575.41,2,1,'2021-04-20 17:38:09','2021-04-20 17:38:09',NULL),(319,3598,316,2,48146.00,10110.66,2,1,'2021-04-20 17:38:09','2021-04-20 17:38:09',NULL),(320,3598,317,2,65865.00,13831.65,2,1,'2021-04-20 17:38:09','2021-04-20 17:38:09',NULL),(321,3598,318,2,167828.40,35243.96,2,1,'2021-04-20 17:38:09','2021-04-20 17:38:09',NULL),(322,3598,319,2,29625.00,6221.25,2,1,'2021-04-20 17:38:09','2021-04-20 17:38:09',NULL),(323,3598,320,2,206760.00,43419.60,2,1,'2021-04-20 17:38:20','2021-04-20 17:38:20',NULL),(324,3598,321,2,471.07,98.92,2,1,'2021-04-20 17:38:20','2021-04-20 17:38:20',NULL),(325,3598,322,2,876.03,183.97,2,1,'2021-04-20 17:38:20','2021-04-20 17:38:20',NULL),(326,3598,323,2,471.07,98.92,2,1,'2021-04-20 17:38:20','2021-04-20 17:38:20',NULL),(327,3598,324,2,2107.44,442.56,2,1,'2021-04-20 17:38:20','2021-04-20 17:38:20',NULL),(328,3598,325,2,471.07,98.92,2,1,'2021-04-20 17:38:20','2021-04-20 17:38:20',NULL),(329,3598,326,2,1289.25,270.74,2,1,'2021-04-20 17:38:20','2021-04-20 17:38:20',NULL),(330,3598,327,2,471.08,98.93,2,1,'2021-04-20 17:38:20','2021-04-20 17:38:20',NULL),(331,3598,328,2,41675.00,8751.75,2,1,'2021-04-20 17:38:20','2021-04-20 17:38:20',NULL),(332,3598,329,2,471.08,98.93,2,1,'2021-04-20 17:38:20','2021-04-20 17:38:20',NULL),(333,3598,330,2,1272.73,267.27,2,1,'2021-04-20 17:38:20','2021-04-20 17:38:20',NULL),(334,3598,331,2,471.07,98.92,2,1,'2021-04-20 17:38:20','2021-04-20 17:38:20',NULL),(335,3598,332,2,471.08,98.93,2,1,'2021-04-20 17:38:20','2021-04-20 17:38:20',NULL),(336,3598,333,2,90417.40,18987.65,2,1,'2021-04-20 17:38:20','2021-04-20 17:38:20',NULL),(337,3598,334,2,2900.82,609.17,2,1,'2021-04-20 17:38:20','2021-04-20 17:38:20',NULL),(338,3598,335,2,471.08,98.93,2,1,'2021-04-20 17:38:20','2021-04-20 17:38:20',NULL),(339,3598,336,2,471.07,98.92,2,1,'2021-04-20 17:38:20','2021-04-20 17:38:20',NULL),(340,3598,337,2,88702.12,18627.45,2,1,'2021-04-20 17:38:20','2021-04-20 17:38:20',NULL),(341,3598,338,2,752.06,157.93,2,1,'2021-04-20 17:38:20','2021-04-20 17:38:20',NULL),(342,3598,339,2,10693.10,2245.55,2,1,'2021-04-20 17:38:20','2021-04-20 17:38:20',NULL),(343,3598,340,2,1289.25,270.74,2,1,'2021-04-20 17:38:20','2021-04-20 17:38:20',NULL),(344,3598,341,2,471.07,98.92,2,1,'2021-04-20 17:38:20','2021-04-20 17:38:20',NULL);
INSERT INTO `receipt_taxes` VALUES (345,3598,342,2,437.63,91.90,2,1,'2021-04-20 17:38:20','2021-04-20 17:38:20',NULL),(346,3598,343,2,143746.00,30186.66,2,1,'2021-04-20 18:08:05','2021-04-20 18:08:05',NULL),(347,3598,344,2,44209.00,9283.89,2,1,'2021-04-20 18:08:05','2021-04-20 18:08:05',NULL),(348,3598,345,2,36609.00,7687.89,2,1,'2021-04-20 18:08:05','2021-04-20 18:08:05',NULL),(349,3598,346,2,30888.00,6486.48,2,1,'2021-04-20 18:08:05','2021-04-20 18:08:05',NULL),(350,3598,347,2,27712.00,5819.52,2,1,'2021-04-20 18:08:05','2021-04-20 18:08:05',NULL),(351,3598,348,2,39859.00,8370.38,2,1,'2021-04-20 18:08:05','2021-04-20 18:08:05',NULL),(352,3598,349,2,29950.00,6289.50,2,1,'2021-04-20 18:08:05','2021-04-20 18:08:05',NULL),(353,3598,350,2,56412.00,11846.52,2,1,'2021-04-20 18:08:05','2021-04-20 18:08:05',NULL),(354,3598,351,2,33109.00,6952.89,2,1,'2021-04-20 18:08:05','2021-04-20 18:08:05',NULL),(355,3598,352,2,91243.00,19161.03,2,1,'2021-04-20 18:08:05','2021-04-20 18:08:05',NULL),(356,3598,353,2,2530.00,531.30,2,1,'2021-04-20 18:08:05','2021-04-20 18:08:05',NULL),(357,3598,354,2,15550.00,3265.50,2,1,'2021-04-20 18:08:05','2021-04-20 18:08:05',NULL),(358,3598,355,2,71387.00,14991.27,2,1,'2021-04-20 18:08:05','2021-04-20 18:08:05',NULL),(359,3598,356,2,93044.70,19539.39,2,1,'2021-04-20 18:08:05','2021-04-20 18:08:05',NULL),(360,3598,357,2,23705.00,4978.05,2,1,'2021-04-20 18:08:05','2021-04-20 18:08:05',NULL),(361,3598,358,2,34131.00,7167.51,2,1,'2021-04-20 18:08:05','2021-04-20 18:08:05',NULL),(362,3598,359,2,5600.00,1176.00,2,1,'2021-04-20 18:08:05','2021-04-20 18:08:05',NULL),(363,3598,360,2,41282.00,8669.22,2,1,'2021-04-20 18:08:05','2021-04-20 18:08:05',NULL),(364,3598,361,2,99704.00,20937.84,2,1,'2021-04-20 18:08:05','2021-04-20 18:08:05',NULL),(365,3598,362,2,115698.60,24296.71,2,1,'2021-04-20 18:08:05','2021-04-20 18:08:05',NULL),(366,3598,363,2,471.07,98.92,2,1,'2021-04-20 18:08:13','2021-04-20 18:08:13',NULL),(367,3598,364,2,1231.40,258.59,2,1,'2021-04-20 18:08:13','2021-04-20 18:08:13',NULL),(368,3598,365,7,19500.00,0.00,2,1,'2021-04-20 18:08:13','2021-04-20 18:08:13',NULL),(369,3598,366,2,79832.11,16764.74,2,1,'2021-04-20 18:08:13','2021-04-20 18:08:13',NULL),(370,3598,367,2,88702.12,18627.45,2,1,'2021-04-20 18:08:13','2021-04-20 18:08:13',NULL),(371,3598,368,2,752.06,157.93,2,1,'2021-04-20 18:08:13','2021-04-20 18:08:13',NULL),(372,3598,369,2,471.07,98.92,2,1,'2021-04-20 18:08:13','2021-04-20 18:08:13',NULL),(373,3598,370,2,112380.00,23599.80,2,1,'2021-04-20 18:08:13','2021-04-20 18:08:13',NULL),(374,3598,371,2,44590.00,9363.90,2,1,'2021-04-20 18:08:13','2021-04-20 18:08:13',NULL),(375,3598,372,2,9580.00,2011.80,2,1,'2021-04-20 18:08:13','2021-04-20 18:08:13',NULL),(376,3598,373,2,876.04,183.97,2,1,'2021-04-20 18:08:14','2021-04-20 18:08:14',NULL),(377,3598,374,2,1785.12,374.88,2,1,'2021-04-20 18:08:14','2021-04-20 18:08:14',NULL),(378,3598,375,2,876.03,183.97,2,1,'2021-04-20 18:08:14','2021-04-20 18:08:14',NULL),(379,3598,376,2,446.28,93.72,2,1,'2021-04-20 18:08:14','2021-04-20 18:08:14',NULL),(380,3598,377,2,471.07,98.92,2,1,'2021-04-20 18:08:14','2021-04-20 18:08:14',NULL),(381,3598,378,2,471.07,98.92,2,1,'2021-04-20 18:08:14','2021-04-20 18:08:14',NULL),(382,3598,379,2,5141.20,1079.65,2,1,'2021-04-20 18:08:14','2021-04-20 18:08:14',NULL),(383,3598,380,2,5875.20,1233.79,2,1,'2021-04-20 18:08:14','2021-04-20 18:08:14',NULL),(384,3598,381,7,38000.00,0.00,2,1,'2021-04-20 18:08:14','2021-04-20 18:08:14',NULL),(385,3598,382,2,876.03,183.97,2,1,'2021-04-20 18:08:14','2021-04-20 18:08:14',NULL),(386,3598,383,2,57480.00,12070.80,2,1,'2021-04-20 18:08:14','2021-04-20 18:08:14',NULL),(387,3598,384,2,471.07,98.92,2,1,'2021-04-20 18:08:14','2021-04-20 18:08:14',NULL),(388,3598,385,2,23520.00,4939.20,2,1,'2021-04-20 18:08:14','2021-04-20 18:08:14',NULL),(389,3598,386,2,471.08,98.93,2,1,'2021-04-20 18:08:14','2021-04-20 18:08:14',NULL),(390,3598,387,2,471.08,98.93,2,1,'2021-04-20 18:08:14','2021-04-20 18:08:14',NULL);
INSERT INTO `receipt_taxes` VALUES (391,3598,388,2,3272.75,687.28,2,1,'2021-04-20 18:08:14','2021-04-20 18:08:14',NULL),(392,3598,389,2,35113.44,7373.82,2,1,'2021-04-20 18:08:14','2021-04-20 18:08:14',NULL),(393,3598,390,2,471.07,98.92,2,1,'2021-04-20 18:08:14','2021-04-20 18:08:14',NULL),(394,3598,391,2,471.08,98.93,2,1,'2021-04-20 18:08:14','2021-04-20 18:08:14',NULL),(395,3598,392,2,471.08,98.93,2,1,'2021-04-20 18:08:14','2021-04-20 18:08:14',NULL),(396,3598,393,2,88330.00,18549.30,2,1,'2021-04-20 18:08:14','2021-04-20 18:08:14',NULL),(397,3598,394,2,22416.14,4707.39,2,1,'2021-04-20 18:08:14','2021-04-20 18:08:14',NULL),(398,3598,395,2,876.04,183.97,2,1,'2021-04-20 18:08:14','2021-04-20 18:08:14',NULL),(399,3598,396,2,471.07,98.92,2,1,'2021-04-20 18:08:14','2021-04-20 18:08:14',NULL),(400,3598,397,2,2487.60,522.40,2,1,'2021-04-20 18:08:14','2021-04-20 18:08:14',NULL),(401,3598,398,2,471.08,98.93,2,1,'2021-04-20 18:08:14','2021-04-20 18:08:14',NULL),(402,3598,399,2,876.03,183.97,2,1,'2021-04-20 18:08:14','2021-04-20 18:08:14',NULL),(403,3598,400,2,13500.00,2835.00,2,1,'2021-04-20 18:08:14','2021-04-20 18:08:14',NULL),(404,3598,401,2,471.07,98.92,2,1,'2021-04-20 18:08:14','2021-04-20 18:08:14',NULL),(405,3598,402,2,876.04,183.97,2,1,'2021-04-20 18:08:14','2021-04-20 18:08:14',NULL),(406,3598,403,2,471.08,98.93,2,1,'2021-04-20 18:08:14','2021-04-20 18:08:14',NULL),(407,3598,404,2,61800.00,12978.00,2,1,'2021-04-20 18:08:14','2021-04-20 18:08:14',NULL),(408,3598,405,2,471.07,98.92,2,1,'2021-04-20 18:08:14','2021-04-20 18:08:14',NULL),(409,3598,406,2,3743.80,786.20,2,1,'2021-04-20 18:08:14','2021-04-20 18:08:14',NULL),(410,3598,407,2,471.07,98.92,2,1,'2021-04-20 18:08:14','2021-04-20 18:08:14',NULL),(411,3598,408,2,1016.53,213.47,2,1,'2021-04-20 18:08:14','2021-04-20 18:08:14',NULL),(412,3598,409,2,471.07,98.92,2,1,'2021-04-20 18:08:14','2021-04-20 18:08:14',NULL),(413,3598,410,2,23721.27,4981.47,2,1,'2021-04-20 18:08:14','2021-04-20 18:08:14',NULL),(414,3598,411,7,60000.00,0.00,2,1,'2021-04-20 18:08:14','2021-04-20 18:08:14',NULL),(415,3598,412,7,19500.00,0.00,2,1,'2021-04-20 18:08:14','2021-04-20 18:08:14',NULL),(416,3598,413,2,22863.03,4801.24,2,1,'2021-04-20 18:08:14','2021-04-20 18:08:14',NULL),(417,3598,414,2,5281.00,1109.01,2,1,'2021-04-20 18:08:14','2021-04-20 18:08:14',NULL),(418,3598,415,2,199.59,41.91,2,1,'2021-05-16 21:55:00','2021-05-16 21:55:00',NULL),(419,3598,416,2,1245.99,261.66,2,1,'2021-05-16 21:55:00','2021-05-16 21:55:00',NULL),(420,3598,417,2,363.57,76.35,2,1,'2021-05-16 21:55:00','2021-05-16 21:55:00',NULL),(421,3598,418,2,727.18,152.71,2,1,'2021-05-16 21:55:00','2021-05-16 21:55:00',NULL),(422,3598,419,2,997.93,209.57,2,1,'2021-05-16 21:55:00','2021-05-16 21:55:00',NULL),(423,3598,420,2,4998.22,1049.63,2,1,'2021-05-16 21:55:00','2021-05-16 21:55:00',NULL),(424,3598,421,2,817.36,171.64,2,1,'2021-05-16 21:55:00','2021-05-16 21:55:00',NULL),(425,3598,422,2,2024.79,425.21,2,1,'2021-05-16 21:55:00','2021-05-16 21:55:00',NULL),(426,3598,423,2,690.08,144.92,2,1,'2021-05-16 21:55:00','2021-05-16 21:55:00',NULL),(427,3598,424,2,2972.89,624.31,2,1,'2021-05-16 21:55:00','2021-05-16 21:55:00',NULL),(428,3598,425,2,340.50,71.50,2,1,'2021-05-16 21:55:00','2021-05-16 21:55:00',NULL),(429,3598,426,2,495.94,104.15,2,1,'2021-05-16 21:55:00','2021-05-16 21:55:00',NULL),(430,3598,427,2,1366.69,287.01,2,1,'2021-05-16 21:55:00','2021-05-16 21:55:00',NULL),(431,3598,428,2,413.17,86.76,2,1,'2021-05-16 21:55:00','2021-05-16 21:55:00',NULL),(432,3598,429,2,1619.83,340.16,2,1,'2021-05-16 21:55:00','2021-05-16 21:55:00',NULL),(433,3598,430,2,4817.64,1011.71,2,1,'2021-05-16 21:55:00','2021-05-16 21:55:00',NULL),(434,3598,431,2,3013.22,632.78,2,1,'2021-05-16 21:55:00','2021-05-16 21:55:00',NULL),(435,3598,432,2,528.91,111.07,2,1,'2021-05-16 21:55:00','2021-05-16 21:55:00',NULL),(436,3598,433,2,1789.26,375.74,2,1,'2021-05-16 21:55:01','2021-05-16 21:55:01',NULL),(437,3598,434,2,330.50,69.40,2,1,'2021-05-16 21:55:01','2021-05-16 21:55:01',NULL);
INSERT INTO `receipt_taxes` VALUES (438,3598,435,2,495.93,104.14,2,1,'2021-05-16 21:55:01','2021-05-16 21:55:01',NULL),(439,3598,436,2,1765.87,370.83,2,1,'2021-05-16 21:55:01','2021-05-16 21:55:01',NULL),(440,3598,437,2,1148.76,241.24,2,1,'2021-05-16 21:55:01','2021-05-16 21:55:01',NULL),(441,3598,438,2,1842.15,386.85,2,1,'2021-05-16 21:55:01','2021-05-16 21:55:01',NULL),(442,3598,439,2,4885.12,1025.88,2,1,'2021-05-16 21:55:01','2021-05-16 21:55:01',NULL),(443,3598,440,2,561.98,118.02,2,1,'2021-05-16 21:55:01','2021-05-16 21:55:01',NULL),(444,3598,441,2,305.72,64.20,2,1,'2021-05-16 21:55:01','2021-05-16 21:55:01',NULL),(445,3598,442,2,2825.62,593.38,2,1,'2021-05-16 21:55:01','2021-05-16 21:55:01',NULL),(446,3598,443,2,2763.64,580.36,2,1,'2021-05-16 21:55:01','2021-05-16 21:55:01',NULL),(447,3598,444,2,1322.31,277.69,2,1,'2021-05-16 21:55:01','2021-05-16 21:55:01',NULL),(448,3598,445,2,6370.25,1337.75,2,1,'2021-05-16 21:55:01','2021-05-16 21:55:01',NULL),(449,3598,446,2,1239.67,260.33,2,1,'2021-05-16 21:55:01','2021-05-16 21:55:01',NULL),(450,3598,447,2,940.91,197.59,2,1,'2021-05-16 21:55:01','2021-05-16 21:55:01',NULL),(451,3598,448,2,3544.09,744.26,2,1,'2021-05-16 21:55:01','2021-05-16 21:55:01',NULL),(452,3598,449,2,2952.93,620.12,2,1,'2021-05-16 21:55:01','2021-05-16 21:55:01',NULL),(453,3598,450,2,1619.83,340.17,2,1,'2021-05-16 21:55:01','2021-05-16 21:55:01',NULL),(454,3598,451,2,1157.02,242.98,2,1,'2021-05-16 21:55:01','2021-05-16 21:55:01',NULL),(455,3598,452,2,681.82,143.18,2,1,'2021-05-16 21:55:01','2021-05-16 21:55:01',NULL),(456,3598,453,2,495.87,104.13,2,1,'2021-05-16 21:55:01','2021-05-16 21:55:01',NULL),(457,3598,454,2,4888.93,1026.67,2,1,'2021-05-16 21:55:01','2021-05-16 21:55:01',NULL),(458,3598,455,2,1504.15,315.87,2,1,'2021-05-16 21:55:01','2021-05-16 21:55:01',NULL),(459,3598,456,2,2008.26,421.74,2,1,'2021-05-16 21:55:01','2021-05-16 21:55:01',NULL),(460,3598,457,2,3832.07,804.73,2,1,'2021-05-16 21:55:01','2021-05-16 21:55:01',NULL),(461,3598,458,2,1256.21,263.80,2,1,'2021-05-16 21:55:01','2021-05-16 21:55:01',NULL),(462,3598,459,2,1346.74,282.81,2,1,'2021-05-16 21:55:01','2021-05-16 21:55:01',NULL),(463,3598,460,2,1894.21,397.78,2,1,'2021-05-16 21:55:01','2021-05-16 21:55:01',NULL),(464,3598,461,2,2263.88,475.42,2,1,'2021-05-16 21:55:01','2021-05-16 21:55:01',NULL),(465,3598,462,2,198.35,41.65,2,1,'2021-05-16 21:55:01','2021-05-16 21:55:01',NULL),(466,3598,463,2,330.56,69.42,2,1,'2021-05-16 21:55:01','2021-05-16 21:55:01',NULL),(467,3598,464,2,6066.49,1273.96,2,1,'2021-05-16 21:55:01','2021-05-16 21:55:01',NULL),(468,3598,465,2,3985.08,836.87,2,1,'2021-05-16 21:55:01','2021-05-16 21:55:01',NULL),(469,3598,466,2,413.30,86.79,2,1,'2021-05-16 21:55:01','2021-05-16 21:55:01',NULL),(470,3598,467,2,1547.11,324.89,2,1,'2021-05-16 21:55:01','2021-05-16 21:55:01',NULL),(471,3598,468,2,1929.76,405.25,2,1,'2021-05-16 21:55:01','2021-05-16 21:55:01',NULL),(472,3598,469,2,2481.82,521.18,2,1,'2021-05-16 21:55:01','2021-05-16 21:55:01',NULL),(473,3598,470,2,2720.08,571.22,2,1,'2021-05-16 21:55:01','2021-05-16 21:55:01',NULL),(474,3598,471,2,1452.07,304.93,2,1,'2021-05-16 21:55:01','2021-05-16 21:55:01',NULL),(475,3598,472,2,841.32,176.68,2,1,'2021-05-16 21:55:01','2021-05-16 21:55:01',NULL),(476,3598,473,2,495.93,104.15,2,1,'2021-05-16 21:55:01','2021-05-16 21:55:01',NULL),(477,3598,474,2,3061.98,643.02,2,1,'2021-05-16 21:55:01','2021-05-16 21:55:01',NULL),(478,3598,475,2,911.57,191.43,2,1,'2021-05-16 21:55:01','2021-05-16 21:55:01',NULL),(479,3598,476,2,983.59,206.55,2,1,'2021-05-16 21:55:01','2021-05-16 21:55:01',NULL),(480,3598,477,2,636.38,133.64,2,1,'2021-05-16 21:55:01','2021-05-16 21:55:01',NULL),(481,3598,478,2,479.40,100.67,2,1,'2021-05-16 21:55:01','2021-05-16 21:55:01',NULL),(482,3598,479,2,1595.04,334.96,2,1,'2021-05-16 21:55:01','2021-05-16 21:55:01',NULL),(483,3598,480,2,1865.40,391.73,2,1,'2021-05-16 21:55:01','2021-05-16 21:55:01',NULL),(484,3598,481,2,363.54,76.34,2,1,'2021-05-16 21:55:01','2021-05-16 21:55:01',NULL);
INSERT INTO `receipt_taxes` VALUES (485,3598,482,2,471.20,98.95,2,1,'2021-05-16 21:55:01','2021-05-16 21:55:01',NULL),(486,3598,482,7,0.01,0.00,2,1,'2021-05-16 21:55:01','2021-05-16 21:55:01',NULL),(487,3598,483,2,489.26,102.74,2,1,'2021-05-16 21:55:01','2021-05-16 21:55:01',NULL),(488,3598,484,2,330.59,69.42,2,1,'2021-05-16 21:55:01','2021-05-16 21:55:01',NULL),(489,3598,485,2,1582.44,332.31,2,1,'2021-05-16 21:55:01','2021-05-16 21:55:01',NULL),(490,3598,486,2,1157.88,243.15,2,1,'2021-05-16 21:55:01','2021-05-16 21:55:01',NULL),(491,3598,487,2,2138.43,449.07,2,1,'2021-05-16 21:55:01','2021-05-16 21:55:01',NULL),(492,3598,488,2,247.96,52.07,2,1,'2021-05-16 21:55:01','2021-05-16 21:55:01',NULL),(493,3598,489,2,289.24,60.74,2,1,'2021-05-16 21:55:01','2021-05-16 21:55:01',NULL),(494,3598,490,2,330.56,69.42,2,1,'2021-05-16 21:55:01','2021-05-16 21:55:01',NULL),(495,3598,491,2,247.93,52.07,2,1,'2021-05-16 21:55:01','2021-05-16 21:55:01',NULL),(496,3598,492,2,363.57,76.35,2,1,'2021-05-16 21:55:01','2021-05-16 21:55:01',NULL),(497,3598,493,2,318.18,66.82,2,1,'2021-05-16 21:55:01','2021-05-16 21:55:01',NULL),(498,3598,494,2,1619.83,340.17,2,1,'2021-05-16 21:55:01','2021-05-16 21:55:01',NULL),(499,3598,495,2,690.08,144.92,2,1,'2021-05-16 21:55:01','2021-05-16 21:55:01',NULL),(500,3598,496,2,82.74,17.37,2,1,'2021-05-16 21:55:02','2021-05-16 21:55:02',NULL),(501,3598,497,2,82.66,17.36,2,1,'2021-05-16 21:55:02','2021-05-16 21:55:02',NULL),(502,3598,498,2,1504.16,315.87,2,1,'2021-05-16 21:55:02','2021-05-16 21:55:02',NULL),(503,3598,499,2,855.55,179.66,2,1,'2021-05-16 21:55:02','2021-05-16 21:55:02',NULL),(504,3598,500,2,859.67,180.53,2,1,'2021-05-16 21:55:02','2021-05-16 21:55:02',NULL),(505,3598,501,2,4390.08,921.92,2,1,'2021-05-16 21:55:02','2021-05-16 21:55:02',NULL),(506,3598,502,2,1958.68,411.32,2,1,'2021-05-16 21:55:02','2021-05-16 21:55:02',NULL),(507,3598,503,2,2365.29,496.71,2,1,'2021-05-16 21:55:02','2021-05-16 21:55:02',NULL),(508,3598,504,2,1140.50,239.50,2,1,'2021-05-16 21:55:02','2021-05-16 21:55:02',NULL),(509,3598,505,2,2240.50,470.50,2,1,'2021-05-16 21:55:02','2021-05-16 21:55:02',NULL),(510,3598,506,2,1931.24,405.56,2,1,'2021-05-16 21:55:02','2021-05-16 21:55:02',NULL),(511,3598,507,2,1363.57,286.35,2,1,'2021-05-16 21:55:02','2021-05-16 21:55:02',NULL),(512,3598,508,2,376.86,79.14,2,1,'2021-05-16 21:55:02','2021-05-16 21:55:02',NULL),(513,3598,509,2,1628.10,341.90,2,1,'2021-05-16 21:55:02','2021-05-16 21:55:02',NULL),(514,3598,510,2,1552.07,325.93,2,1,'2021-05-16 21:55:02','2021-05-16 21:55:02',NULL),(515,3598,511,2,1917.36,402.64,2,1,'2021-05-16 21:55:02','2021-05-16 21:55:02',NULL),(516,3598,512,2,578.45,121.48,2,1,'2021-05-16 21:55:02','2021-05-16 21:55:02',NULL),(517,3598,513,2,586.84,123.24,2,1,'2021-05-16 21:55:02','2021-05-16 21:55:02',NULL),(518,3598,514,2,1239.63,260.32,2,1,'2021-05-16 21:55:02','2021-05-16 21:55:02',NULL),(519,3598,515,2,330.60,69.42,2,1,'2021-05-16 21:55:02','2021-05-16 21:55:02',NULL),(520,3598,516,2,998.35,209.65,2,1,'2021-05-16 21:55:02','2021-05-16 21:55:02',NULL),(521,3598,517,2,944.71,198.39,2,1,'2021-05-16 21:55:02','2021-05-16 21:55:02',NULL),(522,3598,518,2,919.01,192.99,2,1,'2021-05-16 21:55:02','2021-05-16 21:55:02',NULL),(523,3598,519,2,2396.69,503.31,2,1,'2021-05-16 21:55:02','2021-05-16 21:55:02',NULL),(524,3598,520,2,1619.83,340.17,2,1,'2021-05-16 21:55:02','2021-05-16 21:55:02',NULL),(525,3598,521,2,165.41,34.74,2,1,'2021-05-16 21:55:02','2021-05-16 21:55:02',NULL),(526,3598,522,2,206.74,43.41,2,1,'2021-05-16 21:55:02','2021-05-16 21:55:02',NULL),(527,3598,523,2,157.02,32.98,2,1,'2021-05-16 21:55:02','2021-05-16 21:55:02',NULL),(528,3598,524,2,371.77,78.07,2,1,'2021-05-16 21:55:02','2021-05-16 21:55:02',NULL),(529,3598,525,2,1652.89,347.11,2,1,'2021-05-16 21:55:02','2021-05-16 21:55:02',NULL),(530,3598,526,2,702.36,147.49,2,1,'2021-05-16 21:55:02','2021-05-16 21:55:02',NULL),(531,3598,527,2,1157.02,242.98,2,1,'2021-05-16 21:55:02','2021-05-16 21:55:02',NULL);
INSERT INTO `receipt_taxes` VALUES (532,3598,528,2,1862.81,391.19,2,1,'2021-05-16 21:55:02','2021-05-16 21:55:02',NULL),(533,3598,529,2,1341.98,281.82,2,1,'2021-05-16 21:55:02','2021-05-16 21:55:02',NULL),(534,3598,530,2,3595.04,754.96,2,1,'2021-05-16 21:55:02','2021-05-16 21:55:02',NULL),(535,3598,531,2,727.27,152.73,2,1,'2021-05-16 21:55:02','2021-05-16 21:55:02',NULL),(536,3598,532,2,1619.83,340.17,2,1,'2021-05-16 21:55:02','2021-05-16 21:55:02',NULL),(537,3598,533,2,1801.65,378.35,2,1,'2021-05-16 21:55:02','2021-05-16 21:55:02',NULL),(538,3598,534,2,2071.90,435.10,2,1,'2021-05-16 21:55:02','2021-05-16 21:55:02',NULL),(539,3598,535,2,2314.05,485.95,2,1,'2021-05-16 21:55:02','2021-05-16 21:55:02',NULL),(540,3598,536,2,1463.64,307.36,2,1,'2021-05-16 21:55:02','2021-05-16 21:55:02',NULL),(541,3598,537,2,1842.15,386.85,2,1,'2021-05-16 21:55:02','2021-05-16 21:55:02',NULL),(542,3598,538,2,1132.23,237.77,2,1,'2021-05-16 21:55:02','2021-05-16 21:55:02',NULL),(543,3598,539,2,471.15,98.94,2,1,'2021-05-16 21:55:02','2021-05-16 21:55:02',NULL),(544,3598,540,2,826.48,173.56,2,1,'2021-05-16 21:55:02','2021-05-16 21:55:02',NULL),(545,3598,541,2,454.54,95.45,2,1,'2021-05-16 21:55:02','2021-05-16 21:55:02',NULL),(546,3598,542,2,495.80,104.12,2,1,'2021-05-16 21:55:02','2021-05-16 21:55:02',NULL),(547,3598,543,2,494.21,103.79,2,1,'2021-05-16 21:55:02','2021-05-16 21:55:02',NULL),(548,3598,544,2,233.06,48.94,2,1,'2021-05-16 21:55:02','2021-05-16 21:55:02',NULL),(549,3598,545,2,2308.55,484.80,2,1,'2021-05-16 21:55:02','2021-05-16 21:55:02',NULL),(550,3598,546,2,330.60,69.43,2,1,'2021-05-16 21:55:02','2021-05-16 21:55:02',NULL),(551,3598,547,2,425.62,89.38,2,1,'2021-05-16 21:55:02','2021-05-16 21:55:02',NULL),(552,3598,548,2,196.69,41.31,2,1,'2021-05-16 21:55:02','2021-05-16 21:55:02',NULL),(553,3598,549,2,1355.37,284.63,2,1,'2021-05-16 21:55:02','2021-05-16 21:55:02',NULL),(554,3598,550,2,2737.19,574.81,2,1,'2021-05-16 21:55:02','2021-05-16 21:55:02',NULL),(555,3598,551,2,2669.71,560.64,2,1,'2021-05-16 21:55:02','2021-05-16 21:55:02',NULL),(556,3598,552,2,2278.14,478.41,2,1,'2021-05-16 21:55:02','2021-05-16 21:55:02',NULL),(557,3598,553,2,354.55,74.45,2,1,'2021-05-16 21:55:02','2021-05-16 21:55:02',NULL),(558,3598,554,2,479.34,100.66,2,1,'2021-05-16 21:55:02','2021-05-16 21:55:02',NULL),(559,3598,555,2,2544.59,534.36,2,1,'2021-05-16 21:55:02','2021-05-16 21:55:02',NULL),(560,3598,556,2,1862.81,391.19,2,1,'2021-05-16 21:55:02','2021-05-16 21:55:02',NULL),(561,3598,557,2,413.06,86.74,2,1,'2021-05-16 21:55:02','2021-05-16 21:55:02',NULL),(562,3598,558,2,373.67,78.47,2,1,'2021-05-16 21:55:03','2021-05-16 21:55:03',NULL),(563,3598,559,2,2024.79,425.21,2,1,'2021-05-16 21:55:03','2021-05-16 21:55:03',NULL),(564,3598,560,2,1727.23,362.72,2,1,'2021-05-16 21:55:03','2021-05-16 21:55:03',NULL),(565,3598,561,2,214.85,45.12,2,1,'2021-05-16 21:55:03','2021-05-16 21:55:03',NULL),(566,3598,562,2,1537.19,322.81,2,1,'2021-05-16 21:55:03','2021-05-16 21:55:03',NULL),(567,3598,563,2,1570.08,329.72,2,1,'2021-05-16 21:55:03','2021-05-16 21:55:03',NULL),(568,3598,564,2,1743.80,366.20,2,1,'2021-05-16 21:55:03','2021-05-16 21:55:03',NULL),(569,3598,565,2,404.97,85.04,2,1,'2021-05-16 21:55:03','2021-05-16 21:55:03',NULL),(570,3598,566,2,785.22,164.90,2,1,'2021-05-16 21:55:03','2021-05-16 21:55:03',NULL),(571,3598,567,2,231.40,48.60,2,1,'2021-05-16 21:55:03','2021-05-16 21:55:03',NULL),(572,3598,568,2,743.80,156.20,2,1,'2021-05-16 21:55:03','2021-05-16 21:55:03',NULL),(573,3598,569,2,652.92,137.11,2,1,'2021-05-16 21:55:03','2021-05-16 21:55:03',NULL),(574,3598,570,2,6264.46,1315.54,2,1,'2021-05-16 21:55:03','2021-05-16 21:55:03',NULL),(575,3598,571,2,382.11,80.24,2,1,'2021-05-16 21:55:03','2021-05-16 21:55:03',NULL),(576,3598,572,2,1122.30,235.68,2,1,'2021-05-16 21:55:03','2021-05-16 21:55:03',NULL),(577,3598,573,2,3297.52,692.48,2,1,'2021-05-16 21:55:03','2021-05-16 21:55:03',NULL),(578,3598,574,2,1045.45,219.55,2,1,'2021-05-16 21:55:03','2021-05-16 21:55:03',NULL);
INSERT INTO `receipt_taxes` VALUES (579,3598,575,2,1049.69,220.43,2,1,'2021-05-16 21:55:03','2021-05-16 21:55:03',NULL),(580,3598,576,2,330.50,69.41,2,1,'2021-05-16 21:55:03','2021-05-16 21:55:03',NULL),(581,3598,577,2,578.51,121.49,2,1,'2021-05-16 21:55:03','2021-05-16 21:55:03',NULL),(582,3598,578,2,2165.47,454.75,2,1,'2021-05-16 21:55:03','2021-05-16 21:55:03',NULL),(583,3598,579,2,948.48,199.18,2,1,'2021-05-16 21:55:03','2021-05-16 21:55:03',NULL),(584,3598,580,2,165.30,34.71,2,1,'2021-05-16 21:55:03','2021-05-16 21:55:03',NULL),(585,3598,581,2,600.07,126.02,2,1,'2021-05-16 21:55:03','2021-05-16 21:55:03',NULL),(586,3598,582,2,289.23,60.74,2,1,'2021-05-16 21:55:03','2021-05-16 21:55:03',NULL),(587,3598,583,2,413.17,86.77,2,1,'2021-05-16 21:55:03','2021-05-16 21:55:03',NULL),(588,3598,584,2,495.87,104.13,2,1,'2021-05-16 21:55:03','2021-05-16 21:55:03',NULL),(589,3598,585,2,1566.12,328.88,2,1,'2021-05-16 21:55:03','2021-05-16 21:55:03',NULL),(590,3598,586,2,1834.30,385.20,2,1,'2021-05-16 21:55:03','2021-05-16 21:55:03',NULL),(591,3598,587,2,2661.16,558.84,2,1,'2021-05-16 21:55:03','2021-05-16 21:55:03',NULL),(592,3598,588,2,413.16,86.76,2,1,'2021-05-16 21:55:03','2021-05-16 21:55:03',NULL),(593,3598,589,2,1517.36,318.64,2,1,'2021-05-16 21:55:03','2021-05-16 21:55:03',NULL),(594,3598,590,2,380.17,79.83,2,1,'2021-05-16 21:55:03','2021-05-16 21:55:03',NULL),(595,3598,591,2,3801.65,798.35,2,1,'2021-05-16 21:55:03','2021-05-16 21:55:03',NULL),(596,3598,592,2,1652.98,347.12,2,1,'2021-05-16 21:55:03','2021-05-16 21:55:03',NULL),(597,3598,593,2,867.60,182.19,2,1,'2021-05-16 21:55:03','2021-05-16 21:55:03',NULL),(598,3598,594,2,413.21,86.78,2,1,'2021-05-16 21:55:03','2021-05-16 21:55:03',NULL),(599,3598,595,2,553.70,116.28,2,1,'2021-05-16 21:55:03','2021-05-16 21:55:03',NULL),(600,3598,596,2,413.20,86.77,2,1,'2021-05-16 21:55:03','2021-05-16 21:55:03',NULL),(601,3598,597,2,413.25,86.78,2,1,'2021-05-16 21:55:03','2021-05-16 21:55:03',NULL),(602,3598,598,2,1607.15,337.50,2,1,'2021-05-16 21:55:03','2021-05-16 21:55:03',NULL),(603,3598,599,2,140.50,29.51,2,1,'2021-05-16 21:55:03','2021-05-16 21:55:03',NULL),(604,3598,600,2,766.94,161.06,2,1,'2021-05-16 21:55:03','2021-05-16 21:55:03',NULL),(605,3598,601,2,1463.64,307.36,2,1,'2021-05-16 21:55:03','2021-05-16 21:55:03',NULL),(606,3598,602,2,413.21,86.78,2,1,'2021-05-16 21:55:03','2021-05-16 21:55:03',NULL),(607,3598,603,2,1595.04,334.96,2,1,'2021-05-16 21:55:03','2021-05-16 21:55:03',NULL),(608,3598,604,2,1379.26,289.65,2,1,'2021-05-16 21:55:03','2021-05-16 21:55:03',NULL),(609,3598,605,2,455.78,95.71,2,1,'2021-05-16 21:55:03','2021-05-16 21:55:03',NULL),(610,3598,606,2,909.07,190.90,2,1,'2021-05-16 21:55:03','2021-05-16 21:55:03',NULL),(611,3598,607,2,376.89,79.15,2,1,'2021-05-16 21:55:03','2021-05-16 21:55:03',NULL),(612,3598,607,7,0.01,0.00,2,1,'2021-05-16 21:55:03','2021-05-16 21:55:03',NULL),(613,3598,608,2,2062.40,433.10,2,1,'2021-05-16 21:55:03','2021-05-16 21:55:03',NULL),(614,3598,609,2,1862.81,391.19,2,1,'2021-05-16 21:55:03','2021-05-16 21:55:03',NULL),(615,3598,610,2,2100.87,441.18,2,1,'2021-05-16 21:55:03','2021-05-16 21:55:03',NULL),(616,3598,611,2,7652.73,1607.07,2,1,'2021-05-16 21:55:03','2021-05-16 21:55:03',NULL),(617,3598,612,2,561.98,118.02,2,1,'2021-05-16 21:55:03','2021-05-16 21:55:03',NULL),(618,3598,613,2,2055.37,431.63,2,1,'2021-05-16 21:55:03','2021-05-16 21:55:03',NULL),(619,3598,614,2,1045.81,219.62,2,1,'2021-05-16 21:55:03','2021-05-16 21:55:03',NULL),(620,3598,615,2,1322.31,277.68,2,1,'2021-05-16 21:55:03','2021-05-16 21:55:03',NULL),(621,3598,616,2,850.41,178.59,2,1,'2021-05-16 21:55:03','2021-05-16 21:55:03',NULL),(622,3598,617,2,1565.29,328.71,2,1,'2021-05-16 21:55:03','2021-05-16 21:55:03',NULL),(623,3598,618,2,1198.35,251.65,2,1,'2021-05-16 21:55:03','2021-05-16 21:55:03',NULL),(624,3598,619,2,556.50,116.86,2,1,'2021-05-16 21:55:03','2021-05-16 21:55:03',NULL),(625,3598,620,2,1743.80,366.20,2,1,'2021-05-16 21:55:03','2021-05-16 21:55:03',NULL);
INSERT INTO `receipt_taxes` VALUES (626,3598,621,2,826.33,173.53,2,1,'2021-05-16 21:55:04','2021-05-16 21:55:04',NULL),(627,3598,622,2,1669.50,350.59,2,1,'2021-05-16 21:55:04','2021-05-16 21:55:04',NULL),(628,3598,623,2,545.45,114.55,2,1,'2021-05-16 21:55:04','2021-05-16 21:55:04',NULL),(629,3598,624,2,2719.01,570.99,2,1,'2021-05-16 21:55:04','2021-05-16 21:55:04',NULL),(630,3598,625,2,413.17,86.76,2,1,'2021-05-16 21:55:04','2021-05-16 21:55:04',NULL),(631,3598,626,2,2138.02,448.98,2,1,'2021-05-16 21:55:04','2021-05-16 21:55:04',NULL),(632,3598,627,2,1123.95,236.03,2,1,'2021-05-16 21:55:04','2021-05-16 21:55:04',NULL),(633,3598,628,2,1132.07,237.74,2,1,'2021-05-16 21:55:04','2021-05-16 21:55:04',NULL),(634,3598,629,2,413.21,86.78,2,1,'2021-05-16 21:55:04','2021-05-16 21:55:04',NULL),(635,3598,630,2,3549.79,745.46,2,1,'2021-05-16 21:55:04','2021-05-16 21:55:04',NULL),(636,3598,631,2,165.31,34.72,2,1,'2021-05-16 21:55:04','2021-05-16 21:55:04',NULL),(637,3598,632,2,2614.44,549.03,2,1,'2021-05-16 21:55:04','2021-05-16 21:55:04',NULL),(638,3598,633,2,743.73,156.18,2,1,'2021-05-16 21:55:04','2021-05-16 21:55:04',NULL),(639,3598,634,2,689.26,144.74,2,1,'2021-05-16 21:55:04','2021-05-16 21:55:04',NULL),(640,3598,635,2,204.96,43.04,2,1,'2021-05-16 21:55:04','2021-05-16 21:55:04',NULL),(676,3598,668,2,187625.00,39401.25,2,1,'2021-05-17 12:18:56','2021-05-17 12:18:56',NULL),(677,3598,669,2,160636.00,33733.56,2,1,'2021-05-17 12:18:56','2021-05-17 12:18:56',NULL),(678,3598,670,2,40918.00,8592.78,2,1,'2021-05-17 12:18:56','2021-05-17 12:18:56',NULL),(679,3598,671,2,11840.00,2486.40,2,1,'2021-05-17 12:18:56','2021-05-17 12:18:56',NULL),(680,3598,672,2,19339.00,4061.19,2,1,'2021-05-17 12:18:56','2021-05-17 12:18:56',NULL),(681,3598,673,2,116154.00,24392.34,2,1,'2021-05-17 12:18:56','2021-05-17 12:18:56',NULL),(682,3598,674,2,38953.00,8180.13,2,1,'2021-05-17 12:18:56','2021-05-17 12:18:56',NULL),(683,3598,675,2,20890.00,4386.90,2,1,'2021-05-17 12:18:56','2021-05-17 12:18:56',NULL),(684,3598,676,2,72200.99,15162.21,2,1,'2021-05-17 12:18:56','2021-05-17 12:18:56',NULL),(685,3598,677,2,51750.00,10867.50,2,1,'2021-05-17 12:18:56','2021-05-17 12:18:56',NULL),(686,3598,678,2,54164.00,11374.44,2,1,'2021-05-17 12:18:56','2021-05-17 12:18:56',NULL),(687,3598,679,2,123435.00,25921.35,2,1,'2021-05-17 12:18:56','2021-05-17 12:18:56',NULL),(688,3598,680,2,41054.00,8621.34,2,1,'2021-05-17 12:18:56','2021-05-17 12:18:56',NULL),(689,3598,681,2,46985.00,9866.85,2,1,'2021-05-17 12:18:57','2021-05-17 12:18:57',NULL),(690,3598,682,2,78540.00,16493.40,2,1,'2021-05-17 12:18:57','2021-05-17 12:18:57',NULL),(691,3598,683,2,131439.60,27602.32,2,1,'2021-05-17 12:18:57','2021-05-17 12:18:57',NULL),(692,3598,684,2,87075.00,18285.75,2,1,'2021-05-17 12:18:57','2021-05-17 12:18:57',NULL),(693,3598,685,2,6607.00,1387.47,2,1,'2021-05-17 12:18:57','2021-05-17 12:18:57',NULL),(694,3598,686,2,261032.00,54816.72,2,1,'2021-05-17 12:18:57','2021-05-17 12:18:57',NULL),(695,3598,687,2,47983.00,10076.43,2,1,'2021-05-17 12:18:57','2021-05-17 12:18:57',NULL),(696,3598,688,2,50773.00,10662.33,2,1,'2021-05-17 12:18:57','2021-05-17 12:18:57',NULL),(697,3598,689,2,9420.00,1978.20,2,1,'2021-05-17 12:18:57','2021-05-17 12:18:57',NULL),(698,3598,690,2,192025.80,40325.41,2,1,'2021-05-17 12:18:57','2021-05-17 12:18:57',NULL),(699,3598,691,2,17429.67,3660.24,2,1,'2021-05-17 12:19:09','2021-05-17 12:19:09',NULL),(700,3598,692,2,61300.00,12873.00,2,1,'2021-05-17 12:19:09','2021-05-17 12:19:09',NULL),(701,3598,693,2,4627.50,971.78,2,1,'2021-05-17 12:19:09','2021-05-17 12:19:09',NULL),(702,3598,694,2,28620.00,6010.20,2,1,'2021-05-17 12:19:09','2021-05-17 12:19:09',NULL),(703,3598,695,2,1028.10,215.90,2,1,'2021-05-17 12:19:09','2021-05-17 12:19:09',NULL),(704,3598,695,7,10.28,0.00,2,1,'2021-05-17 12:19:09','2021-05-17 12:19:09',NULL),(705,3598,696,2,34269.84,7196.67,2,1,'2021-05-17 12:19:09','2021-05-17 12:19:09',NULL),(706,3598,696,7,342.70,0.00,2,1,'2021-05-17 12:19:09','2021-05-17 12:19:09',NULL);
INSERT INTO `receipt_taxes` VALUES (707,3598,697,2,29559.60,6207.52,2,1,'2021-05-17 12:19:09','2021-05-17 12:19:09',NULL),(708,3598,698,2,202957.00,42620.97,2,1,'2021-05-17 12:19:09','2021-05-17 12:19:09',NULL),(709,3598,699,2,570.25,119.75,2,1,'2021-05-17 12:19:09','2021-05-17 12:19:09',NULL),(710,3598,700,2,553.72,116.28,2,1,'2021-05-17 12:19:09','2021-05-17 12:19:09',NULL),(711,3598,701,2,1157.03,242.98,2,1,'2021-05-17 12:19:09','2021-05-17 12:19:09',NULL),(712,3598,702,2,669.42,140.58,2,1,'2021-05-17 12:19:09','2021-05-17 12:19:09',NULL),(713,3598,703,2,553.72,116.28,2,1,'2021-05-17 12:19:09','2021-05-17 12:19:09',NULL),(714,3598,704,2,1487.60,312.40,2,1,'2021-05-17 12:19:09','2021-05-17 12:19:09',NULL),(715,3598,705,2,553.72,116.28,2,1,'2021-05-17 12:19:09','2021-05-17 12:19:09',NULL),(716,3598,706,2,1016.53,213.47,2,1,'2021-05-17 12:19:09','2021-05-17 12:19:09',NULL),(717,3598,707,2,20757.60,4359.10,2,1,'2021-05-17 12:19:09','2021-05-17 12:19:09',NULL),(718,3598,708,2,61366.00,12886.86,2,1,'2021-05-17 12:19:09','2021-05-17 12:19:09',NULL),(719,3598,709,2,553.72,116.28,2,1,'2021-05-17 12:19:09','2021-05-17 12:19:09',NULL),(720,3598,710,2,37991.00,7978.11,2,1,'2021-05-17 12:19:09','2021-05-17 12:19:09',NULL),(721,3598,711,2,93041.19,19538.65,2,1,'2021-05-17 12:19:09','2021-05-17 12:19:09',NULL),(722,3598,712,2,165112.84,34673.69,2,1,'2021-05-17 12:19:09','2021-05-17 12:19:09',NULL),(723,3598,713,2,7350.00,1543.50,2,1,'2021-05-17 12:19:09','2021-05-17 12:19:09',NULL),(724,3598,714,2,2900.83,609.17,2,1,'2021-05-17 12:19:09','2021-05-17 12:19:09',NULL),(725,3598,715,2,50150.00,10531.50,2,1,'2021-05-17 12:19:09','2021-05-17 12:19:09',NULL),(726,3598,716,2,685.95,144.05,2,1,'2021-05-17 12:19:09','2021-05-17 12:19:09',NULL),(727,3598,717,2,702.48,147.52,2,1,'2021-05-17 12:19:09','2021-05-17 12:19:09',NULL),(728,3598,718,2,553.72,116.28,2,1,'2021-05-17 12:19:09','2021-05-17 12:19:09',NULL),(729,3598,719,2,553.72,116.28,2,1,'2021-05-17 12:19:09','2021-05-17 12:19:09',NULL),(730,3598,720,2,54280.00,11398.80,2,1,'2021-05-17 12:19:09','2021-05-17 12:19:09',NULL),(731,3598,721,2,553.72,116.28,2,1,'2021-05-17 12:19:09','2021-05-17 12:19:09',NULL),(732,3598,722,2,553.72,116.28,2,1,'2021-05-17 12:19:10','2021-05-17 12:19:10',NULL),(733,3598,723,2,11664.00,2449.44,2,1,'2021-05-17 12:19:10','2021-05-17 12:19:10',NULL),(734,3598,724,2,8156.70,1712.91,2,1,'2021-05-17 12:19:10','2021-05-17 12:19:10',NULL),(735,3598,725,2,10870.28,2282.76,2,1,'2021-05-17 12:19:10','2021-05-17 12:19:10',NULL),(736,3598,726,2,160166.52,33634.96,2,1,'2021-05-17 12:19:10','2021-05-17 12:19:10',NULL),(737,3598,727,2,44123.74,9265.98,2,1,'2021-05-17 12:19:10','2021-05-17 12:19:10',NULL),(738,3598,728,2,1760.33,369.67,2,1,'2021-05-17 12:19:10','2021-05-17 12:19:10',NULL),(739,3598,729,2,553.72,116.28,2,1,'2021-05-17 12:19:10','2021-05-17 12:19:10',NULL),(740,3598,730,2,58812.96,12350.72,2,1,'2021-05-17 12:19:10','2021-05-17 12:19:10',NULL),(741,3598,731,2,9946.80,2088.83,2,1,'2021-05-17 12:19:10','2021-05-17 12:19:10',NULL),(742,3598,732,2,270101.00,56721.21,2,1,'2021-05-17 12:19:10','2021-05-17 12:19:10',NULL),(743,3598,733,2,2479.34,520.66,2,1,'2021-05-17 12:19:10','2021-05-17 12:19:10',NULL),(744,3598,734,2,2429.75,510.25,2,1,'2021-05-17 12:19:10','2021-05-17 12:19:10',NULL),(745,3598,735,7,19500.00,0.00,2,1,'2021-05-17 12:19:10','2021-05-17 12:19:10',NULL),(746,3598,736,2,493.48,103.63,2,1,'2021-05-17 12:19:10','2021-05-17 12:19:10',NULL),(747,3598,737,2,3117.60,654.70,2,1,'2021-05-17 12:19:10','2021-05-17 12:19:10',NULL),(751,3598,741,2,19222.66,4036.76,2,1,'2021-05-17 16:49:42','2021-05-17 16:49:42',NULL),(752,3598,742,2,11689.88,2454.87,2,1,'2021-05-17 16:49:42','2021-05-17 16:49:42',NULL),(753,3598,743,2,7955.65,1670.69,2,1,'2021-05-17 16:49:42','2021-05-17 16:49:42',NULL),(754,3598,744,2,41623.60,8740.96,2,1,'2021-05-17 16:49:42','2021-05-17 16:49:42',NULL),(755,3598,745,2,11712.17,2459.56,2,1,'2021-05-17 16:49:42','2021-05-17 16:49:42',NULL);
INSERT INTO `receipt_taxes` VALUES (756,3598,746,2,1960.29,411.66,2,1,'2021-05-17 16:49:42','2021-05-17 16:49:42',NULL),(757,3598,747,2,4298.44,902.67,2,1,'2021-05-17 16:49:42','2021-05-17 16:49:42',NULL),(758,3598,748,2,7228.93,1518.08,2,1,'2021-05-17 16:49:42','2021-05-17 16:49:42',NULL),(759,3598,749,2,30111.81,6323.48,2,1,'2021-05-17 16:49:42','2021-05-17 16:49:42',NULL),(760,3598,750,2,41113.11,8633.75,2,1,'2021-05-17 16:49:42','2021-05-17 16:49:42',NULL),(761,3598,751,2,23644.90,4965.43,2,1,'2021-05-17 16:49:42','2021-05-17 16:49:42',NULL),(762,3598,752,2,42925.86,9014.44,2,1,'2021-05-17 16:49:42','2021-05-17 16:49:42',NULL),(763,3598,753,2,7434.95,1561.34,2,1,'2021-05-17 16:49:42','2021-05-17 16:49:42',NULL),(764,3598,754,2,11188.97,2349.68,2,1,'2021-05-17 16:49:42','2021-05-17 16:49:42',NULL),(765,3598,755,2,1668.34,350.36,2,1,'2021-05-17 16:49:42','2021-05-17 16:49:42',NULL),(766,3598,755,7,66.73,0.00,2,1,'2021-05-17 16:49:42','2021-05-17 16:49:42',NULL),(767,3598,756,2,11712.15,2459.55,2,1,'2021-05-17 16:49:42','2021-05-17 16:49:42',NULL),(768,3598,757,2,11711.75,2459.47,2,1,'2021-05-17 16:49:42','2021-05-17 16:49:42',NULL),(769,3598,758,2,1202.72,252.57,2,1,'2021-05-17 16:49:42','2021-05-17 16:49:42',NULL),(770,3598,759,2,141.61,29.74,2,1,'2021-05-17 16:49:42','2021-05-17 16:49:42',NULL),(771,3598,759,7,0.01,0.00,2,1,'2021-05-17 16:49:42','2021-05-17 16:49:42',NULL),(772,3598,760,2,46043.37,9669.11,2,1,'2021-05-17 16:49:42','2021-05-17 16:49:42',NULL),(773,3598,761,2,212.42,44.61,2,1,'2021-05-17 16:49:42','2021-05-17 16:49:42',NULL),(774,3598,761,7,0.01,0.00,2,1,'2021-05-17 16:49:42','2021-05-17 16:49:42',NULL),(775,3598,762,2,46043.37,9669.11,2,1,'2021-05-17 16:49:42','2021-05-17 16:49:42',NULL),(776,3598,763,2,21322.44,4477.72,2,1,'2021-05-17 16:49:42','2021-05-17 16:49:42',NULL),(777,3598,764,2,7522.57,1579.74,2,1,'2021-05-17 16:49:42','2021-05-17 16:49:42',NULL),(778,3598,765,2,47.11,9.89,2,1,'2021-05-17 16:49:42','2021-05-17 16:49:42',NULL),(779,3598,766,2,59072.80,12405.29,2,1,'2021-05-17 16:49:42','2021-05-17 16:49:42',NULL),(780,3598,767,2,16118.90,3384.97,2,1,'2021-05-17 16:49:42','2021-05-17 16:49:42',NULL),(781,3598,768,2,13275.98,2787.96,2,1,'2021-05-17 16:49:42','2021-05-17 16:49:42',NULL),(782,3598,769,2,3067.50,644.18,2,1,'2021-05-17 16:49:42','2021-05-17 16:49:42',NULL),(783,3598,770,2,10973.50,2304.44,2,1,'2021-05-17 16:49:42','2021-05-17 16:49:42',NULL),(784,3598,771,2,1153.80,242.30,2,1,'2021-05-17 16:49:42','2021-05-17 16:49:42',NULL),(785,3598,772,2,6243.88,1311.21,2,1,'2021-05-17 16:49:42','2021-05-17 16:49:42',NULL),(786,3598,773,2,5901.48,1239.31,2,1,'2021-05-17 16:49:42','2021-05-17 16:49:42',NULL),(787,3598,774,2,2362.79,496.19,2,1,'2021-05-17 16:49:42','2021-05-17 16:49:42',NULL),(1025,3598,1017,2,20355.20,4274.59,2,1,'2021-06-16 14:51:17','2021-06-16 14:51:17',NULL),(1026,3598,1018,2,25663.05,5389.24,2,1,'2021-06-16 14:51:17','2021-06-16 14:51:17',NULL),(1027,3598,1019,2,9201.25,1932.26,2,1,'2021-06-16 14:51:17','2021-06-16 14:51:17',NULL),(1028,3598,1020,2,235.54,49.46,2,1,'2021-06-16 14:51:17','2021-06-16 14:51:17',NULL),(1029,3598,1021,2,7772.29,1632.18,2,1,'2021-06-16 14:51:17','2021-06-16 14:51:17',NULL),(1030,3598,1022,2,5181.53,1088.12,2,1,'2021-06-16 14:51:17','2021-06-16 14:51:17',NULL),(1031,3598,1023,2,1893.50,397.64,2,1,'2021-06-16 14:51:17','2021-06-16 14:51:17',NULL),(1032,3598,1024,2,70925.66,14894.40,2,1,'2021-06-16 14:51:17','2021-06-16 14:51:17',NULL),(1033,3598,1025,2,1189.18,249.73,2,1,'2021-06-16 14:51:17','2021-06-16 14:51:17',NULL),(1034,3598,1026,2,366.94,77.05,2,1,'2021-06-16 14:51:17','2021-06-16 14:51:17',NULL),(1035,3598,1026,7,0.01,0.00,2,1,'2021-06-16 14:51:17','2021-06-16 14:51:17',NULL),(1036,3598,1027,2,28381.65,5960.15,2,1,'2021-06-16 14:51:17','2021-06-16 14:51:17',NULL),(1037,3598,1028,2,40498.84,8504.76,2,1,'2021-06-16 14:51:17','2021-06-16 14:51:17',NULL),(1038,3598,1029,2,7798.08,1637.60,2,1,'2021-06-16 14:51:17','2021-06-16 14:51:17',NULL);
INSERT INTO `receipt_taxes` VALUES (1039,3598,1030,2,788.63,165.61,2,1,'2021-06-16 14:51:17','2021-06-16 14:51:17',NULL),(1040,3598,1031,2,835.86,175.53,2,1,'2021-06-16 14:51:17','2021-06-16 14:51:17',NULL),(1041,3598,1032,2,42934.52,9016.25,2,1,'2021-06-16 14:51:17','2021-06-16 14:51:17',NULL),(1042,3598,1033,2,2912.77,611.68,2,1,'2021-06-16 14:51:17','2021-06-16 14:51:17',NULL),(1043,3598,1034,2,15184.93,3188.84,2,1,'2021-06-16 14:51:17','2021-06-16 14:51:17',NULL),(1044,3598,1035,2,21975.04,4614.76,2,1,'2021-06-16 14:51:17','2021-06-16 14:51:17',NULL),(1045,3598,1036,2,35932.33,7545.79,2,1,'2021-06-16 14:51:17','2021-06-16 14:51:17',NULL),(1046,3598,1036,7,-0.01,0.00,2,1,'2021-06-16 14:51:17','2021-06-16 14:51:17',NULL),(1047,3598,1037,7,2700.00,0.00,2,1,'2021-06-16 14:51:17','2021-06-16 14:51:17',NULL),(1048,3598,1038,2,13377.40,2809.25,2,1,'2021-06-16 14:51:17','2021-06-16 14:51:17',NULL),(1049,3598,1039,2,3131.10,657.53,2,1,'2021-06-16 14:51:17','2021-06-16 14:51:17',NULL),(1050,3598,1040,2,42445.40,8913.53,2,1,'2021-06-16 14:51:17','2021-06-16 14:51:17',NULL),(1051,3598,1041,2,10260.71,2154.75,2,1,'2021-06-16 14:51:18','2021-06-16 14:51:18',NULL),(1052,3598,1042,2,2590.77,544.06,2,1,'2021-06-16 14:51:18','2021-06-16 14:51:18',NULL),(1053,3598,1043,2,2324.77,488.20,2,1,'2021-06-16 14:51:18','2021-06-16 14:51:18',NULL),(1054,3598,1044,2,13282.29,2789.28,2,1,'2021-06-16 14:51:18','2021-06-16 14:51:18',NULL),(1055,3598,1045,2,105457.56,22146.09,2,1,'2021-06-16 14:51:18','2021-06-16 14:51:18',NULL),(1056,3598,1046,2,21456.50,4505.87,2,1,'2021-06-16 14:51:18','2021-06-16 14:51:18',NULL),(1057,3598,1047,7,3600.00,0.00,2,1,'2021-06-16 14:51:18','2021-06-16 14:51:18',NULL),(1058,3598,1048,2,3512.39,737.60,2,1,'2021-06-16 14:51:18','2021-06-16 14:51:18',NULL),(1059,3598,1049,2,50594.10,10624.77,2,1,'2021-06-16 14:51:18','2021-06-16 14:51:18',NULL),(1060,3598,1050,7,8500.00,0.00,2,1,'2021-06-16 14:51:18','2021-06-16 14:51:18',NULL),(1061,3598,1051,2,1049.20,220.33,2,1,'2021-06-16 14:51:18','2021-06-16 14:51:18',NULL),(1062,3598,1052,2,25374.71,5328.69,2,1,'2021-06-16 14:51:18','2021-06-16 14:51:18',NULL),(1063,3598,1052,7,-0.01,0.00,2,1,'2021-06-16 14:51:18','2021-06-16 14:51:18',NULL),(1064,3598,1053,2,67195.56,14111.07,2,1,'2021-06-16 14:51:18','2021-06-16 14:51:18',NULL),(1065,3598,1054,7,1500.00,0.00,2,1,'2021-06-16 14:51:18','2021-06-16 14:51:18',NULL),(1066,3598,1055,2,52615.90,11049.34,2,1,'2021-06-16 14:51:18','2021-06-16 14:51:18',NULL),(1067,3598,1056,2,531.29,111.57,2,1,'2021-06-16 14:51:18','2021-06-16 14:51:18',NULL),(1068,3598,1057,2,20355.31,4274.61,2,1,'2021-06-16 14:51:18','2021-06-16 14:51:18',NULL),(1069,3598,1058,2,20355.20,4274.59,2,1,'2021-06-16 14:51:18','2021-06-16 14:51:18',NULL);

--
-- Table structure for table `receipt_types`
--

CREATE TABLE `receipt_types` (
  `id` int(10) unsigned NOT NULL AUTO_INCREMENT,
  `user_id` int(10) unsigned DEFAULT NULL,
  `created_at` timestamp NULL DEFAULT NULL,
  `updated_at` timestamp NULL DEFAULT NULL,
  `name` varchar(255) COLLATE utf8mb4_unicode_ci NOT NULL,
  `code` varchar(255) COLLATE utf8mb4_unicode_ci DEFAULT NULL,
  `credit` int(11) DEFAULT '0',
  `agroup_iva_module` int(10) unsigned DEFAULT NULL,
  `sell_no_taxabled` int(11) DEFAULT '0',
  `buy_no_taxabled` int(11) DEFAULT '0',
  `iva_condition_id` int(11) DEFAULT NULL,
  `is_fce_pyme` tinyint(1) NOT NULL DEFAULT '0',
  `afip_comprobante_id` int(11) DEFAULT NULL,
  `tipo` varchar(255) COLLATE utf8mb4_unicode_ci DEFAULT NULL,
  `letra` varchar(255) COLLATE utf8mb4_unicode_ci DEFAULT NULL,
  `facta_electronica` int(10) unsigned NOT NULL DEFAULT '0',
  `is_stock_lpg` tinyint(1) NOT NULL DEFAULT '0',
  `show_from_total` tinyint(1) NOT NULL DEFAULT '0',
  `deleted_at` timestamp NULL DEFAULT NULL,
  PRIMARY KEY (`id`)
) ENGINE=InnoDB AUTO_INCREMENT=62 DEFAULT CHARSET=utf8mb4 COLLATE=utf8mb4_unicode_ci;

--
-- Dumping data for table `receipt_types`
--

INSERT INTO `receipt_types` VALUES (1,NULL,NULL,'2019-07-29 22:19:32','Factura A','1',0,1,0,0,2,0,1,'Factura','A',1,0,0,NULL),(2,NULL,NULL,'2019-07-29 22:19:32','Nota de débito A','2',0,1,0,0,2,0,2,'Nota de Débito','A',1,0,0,NULL),(3,NULL,NULL,'2019-07-29 22:19:32','Nota de crédito A','3',1,NULL,0,0,2,0,3,'Nota de Crédito','A',1,0,0,NULL),(4,NULL,NULL,'2021-03-23 19:10:22','Factura B','6',0,2,0,1,2,0,6,'Factura','B',1,0,1,NULL),(5,NULL,NULL,'2021-03-23 19:10:22','Nota de débito B','7',0,2,0,1,2,0,7,'Nota de Débito','B',1,0,1,NULL),(6,NULL,NULL,'2021-03-23 19:10:22','Nota de crédito B','8',1,NULL,0,1,2,0,8,'Nota de Crédito','B',1,0,1,NULL),(7,NULL,NULL,'2019-07-29 22:19:32','Factura C','11',0,0,1,1,1,0,11,'Factura','C',1,0,0,NULL),(8,NULL,NULL,'2019-07-29 22:19:32','Nota de débito C','12',0,0,1,1,1,0,12,'Nota de Débito','C',1,0,0,NULL),(9,NULL,NULL,'2019-07-29 22:19:32','Nota de crédito C','13',1,NULL,1,1,1,0,13,'Nota de Crédito','C',1,0,0,NULL),(10,NULL,NULL,NULL,'RECIBO A','4',0,1,0,0,2,0,4,'RECIBO','A',0,0,0,NULL),(11,NULL,NULL,'2021-03-23 19:10:22','RECIBO B','9',0,2,0,1,2,0,9,'RECIBO','B',0,0,1,NULL),(12,NULL,NULL,NULL,'RECIBO C','15',0,0,1,1,1,0,15,'RECIBO','C',0,0,0,NULL),(13,NULL,NULL,'2020-02-27 02:46:40','Factura E','19',0,0,1,0,2,0,19,'Factura','E',0,0,0,NULL),(14,NULL,NULL,'2020-02-27 02:46:40','Nota de débito E','20',0,0,1,0,2,0,20,'Nota de Débito','E',0,0,0,NULL),(15,NULL,NULL,'2020-02-27 02:46:40','Nota de Crédito E','21',1,NULL,1,0,2,0,21,'Nota de Crédito','E',0,0,0,NULL),(16,NULL,NULL,'2021-09-16 15:39:55','Factura M','51',0,1,0,0,2,0,51,'Factura','M',1,0,0,NULL),(17,NULL,NULL,'2020-02-27 02:46:40','Despacho de Importacion','66',0,NULL,0,0,0,0,66,NULL,NULL,0,0,0,NULL),(18,NULL,NULL,'2021-09-16 15:39:55','Nota de Credito M','53',1,NULL,0,0,2,0,53,'Nota de Crédito','M',1,0,0,NULL),(19,NULL,NULL,'2021-09-16 15:39:55','Nota de Debito M','52',1,1,0,0,2,0,52,'Nota de Débito','M',1,0,0,NULL),(20,NULL,NULL,NULL,'Recibo M','54',0,1,0,0,2,0,54,'RECIBO','M',0,0,0,NULL),(21,NULL,NULL,NULL,'Recibo E',NULL,1,0,1,0,2,0,NULL,'RECIBO','E',0,0,0,NULL),(22,NULL,'2019-05-14 21:22:16','2021-03-23 19:10:22','Liquidacion Primaria de Granos','33',0,1,0,0,2,0,33,'Liquidacion Primaria de Granos','A',0,1,0,NULL),(23,NULL,'2019-11-05 19:00:05','2019-11-05 19:00:05','FACTURA DE CRÉDITO ELECTRÓNICA MiPyMEs (FCE) A','201',0,1,0,0,2,1,201,'FACTURA DE CRÉDITO ELECTRÓNICA MiPyMEs (FCE)','A',1,0,0,NULL),(24,NULL,'2019-11-05 19:00:05','2019-11-05 19:00:05','NOTA DE DEBITO ELECTRÓNICA MiPyMEs (FCE) A','202',0,1,0,0,2,1,202,'NOTA DEBITO DE CRÉDITO ELECTRÓNICA MiPyMEs (FCE)','A',1,0,0,NULL),(25,NULL,'2019-11-05 19:00:05','2019-11-05 19:00:05','NOTA DE CREDITO ELECTRÓNICA MiPyMEs (FCE) A','203',1,NULL,0,0,2,1,203,'NOTA CREDITO DE CRÉDITO ELECTRÓNICA MiPyMEs (FCE)','A',1,0,0,NULL),(26,NULL,'2019-11-05 19:00:05','2021-03-23 19:10:22','FACTURA DE CRÉDITO ELECTRÓNICA MiPyMEs (FCE) B','206',0,2,0,1,2,1,206,'FACTURA DE CRÉDITO ELECTRÓNICA MiPyMEs (FCE)','B',1,0,1,NULL),(27,NULL,'2019-11-05 19:00:05','2021-03-23 19:10:22','NOTA DE DEBITO ELECTRÓNICA MiPyMEs (FCE) B','207',0,2,0,1,2,1,207,'NOTA DEBITO DE CRÉDITO ELECTRÓNICA MiPyMEs (FCE)','B',1,0,1,NULL),(28,NULL,'2019-11-05 19:00:05','2021-03-23 19:10:22','NOTA DE CREDITO ELECTRÓNICA MiPyMEs (FCE) B','208',1,NULL,0,1,2,1,208,'NOTA CREDITO DE CRÉDITO ELECTRÓNICA MiPyMEs (FCE)','B',1,0,1,NULL),(29,NULL,'2019-11-05 19:00:05','2019-11-05 19:00:05','FACTURA DE CRÉDITO ELECTRÓNICA MiPyMEs (FCE) C','211',0,0,1,1,1,1,211,'FACTURA DE CRÉDITO ELECTRÓNICA MiPyMEs (FCE)','C',1,0,0,NULL),(30,NULL,'2019-11-05 19:00:05','2019-11-05 19:00:05','NOTA DE DEBITO ELECTRÓNICA MiPyMEs (FCE) C','212',0,0,1,1,1,1,212,'NOTA DEBITO DE CRÉDITO ELECTRÓNICA MiPyMEs (FCE)','C',1,0,0,NULL),(31,NULL,'2019-11-05 19:00:05','2019-11-05 19:00:05','NOTA DE CRÉDITO ELECTRÓNICA MiPyMEs (FCE) C','213',1,NULL,1,1,1,1,213,'NOTA CREDITO DE CRÉDITO ELECTRÓNICA MiPyMEs (FCE)','C',1,0,0,NULL);
INSERT INTO `receipt_types` VALUES (32,NULL,'2020-01-28 01:59:55','2021-03-23 19:10:22','Tique (Informe Diario Z)','83',0,2,0,0,2,0,83,'Cierre Diario Informe Z','Z',0,0,1,NULL),(33,NULL,'2020-02-19 04:48:11','2020-02-19 04:48:11','Comprobantes de Compra de Bienes No Registrables a Consumidores Finales','49',0,1,0,0,2,0,49,'Comprobantes de Compra de Bienes No Registrables','a Consumidores Finales',0,0,0,NULL),(34,NULL,'2021-03-23 19:10:21','2021-03-23 19:10:22','Cuentas de Venta y Liquido Producto A','60',0,1,0,0,2,1,60,'Cuentas de Venta y Liquido Producto A','A',1,0,0,NULL),(35,NULL,'2021-03-23 19:10:21','2021-03-23 19:10:22','Cuentas de Venta y Liquido Producto B','61',0,2,0,1,2,1,61,'Cuentas de Venta y Liquido Producto B','B',1,0,1,NULL),(36,NULL,'2021-03-23 19:10:21','2021-03-23 19:10:22','Liquidaciones A','63',0,1,0,0,2,1,63,'Liquidaciones A','A',1,0,0,NULL),(37,NULL,'2021-03-23 19:10:21','2021-03-23 19:10:22','Liquidaciones B','64',0,2,0,1,2,1,64,'Liquidaciones B','B',1,0,1,NULL),(38,NULL,'2021-03-23 19:10:22','2021-03-23 19:10:24','Tique Factura A','81',0,1,0,0,2,1,81,'Tique Factura','A',0,0,0,NULL),(39,NULL,'2021-03-23 19:10:22','2021-03-23 19:10:24','Tique Factura B','82',0,2,0,1,2,1,82,'Tique Factura','B',0,0,1,NULL),(40,NULL,'2021-03-23 19:10:22','2021-03-23 19:10:25','OTROS COMPROBANTES QUE NO CUMPLEN O ESTÁN EXCEPTUADOS DE LA R.G. 1415 Y SUS MODIF','99',0,1,1,1,1,1,99,'OTROS COMPROBANTES QUE NO CUMPLEN O ESTÁN EXCEPTUADOS DE LA R.G. 1415 Y SUS MODIF ','OTROS',0,0,0,NULL),(41,NULL,'2021-03-23 19:10:22','2021-03-23 19:10:22','Liquidacion de Compra A - Sector Pecuario','183',0,1,0,0,2,0,183,'Liquidacion de Compra','A',0,0,0,NULL),(42,NULL,'2021-03-23 19:10:22','2021-03-23 19:10:22','Liquidacion de Compra B - Sector Pecuario','185',0,2,0,1,2,0,185,'Liquidacion de Compra','B',0,0,1,NULL),(43,NULL,'2021-03-23 19:10:23','2021-03-23 19:10:24','Liquidacion de Venta Directa A - Sector Pecuario','190',0,1,0,0,2,1,190,'Liquidacion de Venta Directa','A',0,0,0,NULL),(44,NULL,'2021-03-23 19:10:23','2021-03-23 19:10:24','Liquidacion de Venta Directa B - Sector Pecuario','191',0,2,0,1,2,1,191,'Liquidacion de Venta Directa','B',0,0,0,NULL),(45,NULL,'2021-03-23 19:10:24','2021-03-23 19:10:24','Liquidacion Secundaria de Granos','331',0,1,0,0,2,1,331,'Liquidacion Secundaria de Granos','LSG',0,0,0,NULL),(46,NULL,'2021-03-23 19:10:24','2021-03-23 19:10:24','Certificado de Deposito','332',0,1,0,0,2,1,332,'Certificado de Deposito','CD',0,0,0,NULL),(47,NULL,'2021-03-23 19:10:24','2021-03-23 19:10:24','Liquidacion de Servicios Publicos Clase A','17',0,1,0,0,2,1,17,'Liquidacion de Servicios Publicos Clase A','LSPCA',0,0,0,NULL),(48,NULL,'2021-03-23 19:10:25','2021-03-23 19:10:25','Liquidacion de Servicios Publicos Clase B','18',0,2,0,1,2,1,18,'Liquidacion de Servicios Publicos Clase B','LSPCA',1,0,0,NULL),(49,NULL,NULL,NULL,'Factura Clase T','195',0,1,0,0,2,0,195,'Factura Clase T','T',0,0,0,NULL),(50,NULL,NULL,NULL,'Nota de Debito Clase T','196',0,1,0,0,2,0,196,'Factura Clase T','T',0,0,0,NULL),(51,NULL,NULL,NULL,'Nota de Credito Clase T','197',1,NULL,0,0,2,0,197,'Factura Clase T','T',0,0,0,NULL),(52,NULL,NULL,NULL,'Cuenta de Venta y Líquido Producto A','180',0,1,0,0,2,0,180,'Cuenta de Venta y Líquido Producto A','A',0,0,0,NULL),(53,NULL,NULL,NULL,'Cuenta de Venta y Líquido Producto B','182',0,2,0,1,2,0,182,'Cuenta de Venta y Líquido Producto B','B',0,0,0,NULL),(54,NULL,NULL,NULL,'Liquidación de Compra A','183',0,1,0,0,2,0,183,'Liquidación de Compra A ','A',0,0,0,NULL),(55,NULL,NULL,NULL,'Liquidación de Compra B','185',0,2,0,1,2,0,185,'Liquidación de Compra B ','B',0,0,0,NULL),(56,NULL,NULL,NULL,'Liquidación de Compra Directa A','186',0,1,0,0,2,0,186,'Liquidación de Compra Directa A','A',0,0,0,NULL),(57,NULL,NULL,NULL,'Liquidación de Compra Directa B','188',0,2,0,1,2,0,188,'Liquidación de Compra Directa B ','B',0,0,0,NULL),(58,NULL,NULL,NULL,'Liquidación de Compra Directa C','189',0,0,1,1,1,0,189,'Liquidación de Compra Directa C ','C',0,0,0,NULL);
INSERT INTO `receipt_types` VALUES (59,NULL,NULL,NULL,'Liquidación de Venta Directa A','190',0,1,0,0,2,0,190,'Liquidación de Venta Directa A','A',0,0,0,NULL),(60,NULL,NULL,NULL,'Liquidación de Venta Directa B','191',0,2,0,1,2,0,191,'Liquidación de Venta Directa B ','B',0,0,0,NULL),(61,NULL,NULL,NULL,'Tique Factura C','109',0,0,0,1,1,0,109,NULL,'C',1,0,0,NULL);

--
-- Table structure for table `receipts`
--

CREATE TABLE `receipts` (
  `id` int(10) unsigned NOT NULL AUTO_INCREMENT,
  `user_id` int(10) unsigned DEFAULT NULL,
  `type_id` int(10) unsigned NOT NULL,
  `type_receipt_id` int(10) unsigned DEFAULT NULL,
  `comprobanteAfip` int(11) DEFAULT NULL,
  `fact_elec_receipt_id` int(10) unsigned DEFAULT NULL,
  `period_id` int(10) unsigned NOT NULL,
  `zone_id` int(10) unsigned DEFAULT NULL,
  `plan_cuenta_id` int(10) unsigned DEFAULT NULL,
  `conta_centro_costo_id` bigint(20) unsigned DEFAULT NULL,
  `activity_id` int(10) unsigned DEFAULT NULL,
  `iva_creditos_tipo_id` int(10) unsigned NOT NULL DEFAULT '1',
  `retention_type_id` int(10) unsigned DEFAULT NULL,
  `dc_orden_id` bigint(20) unsigned DEFAULT NULL,
  `person_id_owner` int(10) unsigned NOT NULL,
  `person_id_relationed` int(10) unsigned DEFAULT NULL,
  `number` int(8) unsigned zerofill DEFAULT NULL,
  `hasta` int(8) unsigned zerofill DEFAULT NULL,
  `reference` int(11) DEFAULT NULL,
  `receipt_date` date DEFAULT NULL,
  `expiration_date` date DEFAULT NULL,
  `code_ticket` int(4) unsigned zerofill DEFAULT NULL,
  `status_id` int(10) unsigned DEFAULT NULL,
  `tax_account_id` int(10) unsigned DEFAULT NULL,
  `amount` decimal(16,2) NOT NULL,
  `file` varchar(255) COLLATE utf8mb4_unicode_ci DEFAULT NULL,
  `created_at` timestamp NULL DEFAULT NULL,
  `updated_at` timestamp NULL DEFAULT NULL,
  `deleted_at` timestamp NULL DEFAULT NULL,
  PRIMARY KEY (`id`),
  KEY `receipts_type_id_foreign` (`type_id`),
  KEY `receipts_type_receipt_id_foreign` (`type_receipt_id`),
  KEY `receipts_tax_account_id_foreign` (`tax_account_id`),
  KEY `receipts_zone_id_foreign` (`zone_id`),
  KEY `receipts_activity_id_foreign` (`activity_id`),
  KEY `receipts_retention_type_id_foreign` (`retention_type_id`),
  KEY `receipts_status_id_foreign` (`status_id`),
  KEY `receipts_person_id_owner_foreign` (`person_id_owner`),
  KEY `receipts_person_id_relationed_foreign` (`person_id_relationed`),
  KEY `receipts_period_id_foreign` (`period_id`),
  KEY `receipts_plan_cuenta_id_foreign` (`plan_cuenta_id`),
  KEY `receipts_fact_elec_receipt_id_foreign` (`fact_elec_receipt_id`),
  KEY `receipts_iva_creditos_tipo_id_foreign` (`iva_creditos_tipo_id`),
  KEY `receipts_conta_centro_costo_id_foreign` (`conta_centro_costo_id`),
  KEY `receipts_dc_orden_id_foreign` (`dc_orden_id`),
  CONSTRAINT `receipts_activity_id_foreign` FOREIGN KEY (`activity_id`) REFERENCES `activities` (`id`),
  CONSTRAINT `receipts_conta_centro_costo_id_foreign` FOREIGN KEY (`conta_centro_costo_id`) REFERENCES `conta_centro_costos` (`id`),
  CONSTRAINT `receipts_dc_orden_id_foreign` FOREIGN KEY (`dc_orden_id`) REFERENCES `dc_ordenes` (`id`),
  CONSTRAINT `receipts_fact_elec_receipt_id_foreign` FOREIGN KEY (`fact_elec_receipt_id`) REFERENCES `fact_elec_receipts` (`id`),
  CONSTRAINT `receipts_iva_creditos_tipo_id_foreign` FOREIGN KEY (`iva_creditos_tipo_id`) REFERENCES `iva_creditos_tipos` (`id`),
  CONSTRAINT `receipts_period_id_foreign` FOREIGN KEY (`period_id`) REFERENCES `periods` (`id`),
  CONSTRAINT `receipts_person_id_owner_foreign` FOREIGN KEY (`person_id_owner`) REFERENCES `persons` (`id`),
  CONSTRAINT `receipts_person_id_relationed_foreign` FOREIGN KEY (`person_id_relationed`) REFERENCES `persons` (`id`),
  CONSTRAINT `receipts_plan_cuenta_id_foreign` FOREIGN KEY (`plan_cuenta_id`) REFERENCES `conta_plan_cuenta` (`id`),
  CONSTRAINT `receipts_retention_type_id_foreign` FOREIGN KEY (`retention_type_id`) REFERENCES `retention_types` (`id`),
  CONSTRAINT `receipts_status_id_foreign` FOREIGN KEY (`status_id`) REFERENCES `status` (`id`),
  CONSTRAINT `receipts_tax_account_id_foreign` FOREIGN KEY (`tax_account_id`) REFERENCES `tax_accounts` (`id`),
  CONSTRAINT `receipts_type_id_foreign` FOREIGN KEY (`type_id`) REFERENCES `types` (`id`),
  CONSTRAINT `receipts_type_receipt_id_foreign` FOREIGN KEY (`type_receipt_id`) REFERENCES `receipt_types` (`id`),
  CONSTRAINT `receipts_zone_id_foreign` FOREIGN KEY (`zone_id`) REFERENCES `zones` (`id`)
) ENGINE=InnoDB AUTO_INCREMENT=1059 DEFAULT CHARSET=utf8mb4 COLLATE=utf8mb4_unicode_ci;

--
-- Dumping data for table `receipts`
--

INSERT INTO `receipts` VALUES (1,3598,2,4,NULL,NULL,1530,1,217,NULL,628,1,NULL,NULL,40720,40721,00035094,00035094,NULL,'2021-03-01','2021-03-01',0008,1,NULL,2539.05,NULL,'2021-04-12 15:40:35','2021-04-15 13:53:41','2021-04-15 13:53:41'),(2,3598,2,6,NULL,NULL,1530,1,217,NULL,628,1,NULL,NULL,40720,40721,00002819,00002819,NULL,'2021-03-01','2021-03-01',0008,1,NULL,7085.01,NULL,'2021-04-12 15:40:35','2021-04-15 13:57:55','2021-04-15 13:57:55'),(3,3598,2,6,NULL,NULL,1530,1,217,NULL,628,1,NULL,NULL,40720,40721,00002823,00002823,NULL,'2021-03-03','2021-03-03',0008,1,NULL,2539.03,NULL,'2021-04-12 15:40:35','2021-04-15 13:58:06','2021-04-15 13:58:06'),(4,3598,2,3,NULL,NULL,1530,1,217,NULL,628,1,NULL,NULL,40720,40722,00005717,00005717,NULL,'2021-03-03','2021-03-03',0007,1,NULL,707.14,NULL,'2021-04-12 15:40:35','2021-04-12 15:40:35',NULL),(5,3598,2,1,NULL,NULL,1530,1,217,NULL,628,1,NULL,NULL,40720,40722,00016910,00016910,NULL,'2021-03-05','2021-03-05',0007,1,NULL,10393.28,NULL,'2021-04-12 15:40:35','2021-04-12 15:40:35',NULL),(6,3598,2,3,NULL,NULL,1530,1,217,NULL,628,1,NULL,NULL,40720,40722,00005724,00005724,NULL,'2021-03-05','2021-03-05',0007,1,NULL,2240.18,NULL,'2021-04-12 15:40:35','2021-04-12 15:40:35',NULL),(7,3598,2,6,NULL,NULL,1530,1,217,NULL,628,1,NULL,NULL,40720,40721,00002832,00002832,NULL,'2021-03-08','2021-03-08',0008,1,NULL,23259.42,NULL,'2021-04-12 15:40:35','2021-04-15 13:58:20','2021-04-15 13:58:20'),(8,3598,2,2,NULL,NULL,1530,1,217,NULL,628,1,NULL,NULL,40720,40721,00000178,00000178,NULL,'2021-03-08','2021-03-08',0008,1,NULL,23259.42,NULL,'2021-04-12 15:40:35','2021-04-19 13:45:18','2021-04-19 13:45:18'),(9,3598,2,3,NULL,NULL,1530,1,217,NULL,628,1,NULL,NULL,40720,40721,00003116,00003116,NULL,'2021-03-08','2021-03-08',0008,1,NULL,23259.42,NULL,'2021-04-12 15:40:35','2021-04-19 13:46:56','2021-04-19 13:46:56'),(10,3598,2,1,NULL,NULL,1530,1,217,NULL,628,1,NULL,NULL,40720,40721,00026544,00026544,NULL,'2021-03-08','2021-03-08',0008,1,NULL,23259.42,NULL,'2021-04-12 15:40:35','2021-04-12 15:40:35',NULL),(11,3598,2,4,NULL,NULL,1530,1,217,NULL,628,1,NULL,NULL,40720,40721,00035184,00035184,NULL,'2021-03-08','2021-03-08',0008,1,NULL,23259.40,NULL,'2021-04-12 15:40:35','2021-04-15 13:55:32','2021-04-15 13:55:32'),(12,3598,2,1,NULL,NULL,1530,1,217,NULL,628,1,NULL,NULL,40720,40723,00000730,00000730,NULL,'2021-03-09','2021-03-09',0001,1,NULL,20789.95,NULL,'2021-04-12 15:40:35','2021-04-12 15:40:35',NULL),(13,3598,2,1,NULL,NULL,1530,1,217,NULL,628,1,NULL,NULL,40720,40724,00007959,00007959,NULL,'2021-03-10','2021-03-10',0001,1,NULL,58630.19,NULL,'2021-04-12 15:40:35','2021-04-12 15:40:35',NULL),(14,3598,2,6,NULL,NULL,1530,1,217,NULL,628,1,NULL,NULL,40720,40724,00001051,00001051,NULL,'2021-03-10','2021-03-10',0001,1,NULL,31685.98,NULL,'2021-04-12 15:40:35','2021-04-15 13:58:34','2021-04-15 13:58:34'),(15,3598,2,4,NULL,NULL,1530,1,217,NULL,628,1,NULL,NULL,40720,40724,00015360,00015360,NULL,'2021-03-10','2021-03-10',0001,1,NULL,31685.98,NULL,'2021-04-12 15:40:35','2021-04-15 13:56:01','2021-04-15 13:56:01'),(16,3598,2,4,NULL,NULL,1530,1,217,NULL,628,1,NULL,NULL,40720,40725,00038787,00038787,NULL,'2021-03-10','2021-03-10',0003,1,NULL,9626.34,NULL,'2021-04-12 15:40:35','2021-04-15 13:56:21','2021-04-15 13:56:21'),(17,3598,2,1,NULL,NULL,1530,1,217,NULL,628,1,NULL,NULL,40720,40722,00017002,00017002,NULL,'2021-03-12','2021-03-12',0007,1,NULL,31220.22,NULL,'2021-04-12 15:40:35','2021-04-12 15:40:35',NULL),(18,3598,2,3,NULL,NULL,1530,1,217,NULL,628,1,NULL,NULL,40720,40722,00005766,00005766,NULL,'2021-03-12','2021-03-12',0007,1,NULL,413.28,NULL,'2021-04-12 15:40:35','2021-04-12 15:40:35',NULL),(19,3598,2,1,NULL,NULL,1530,1,217,NULL,628,1,NULL,NULL,40720,40722,00017029,00017029,NULL,'2021-03-16','2021-03-16',0007,1,NULL,3394.29,NULL,'2021-04-12 15:40:35','2021-04-12 15:40:35',NULL),(20,3598,2,4,NULL,NULL,1530,1,217,NULL,628,1,NULL,NULL,40720,40725,00039095,00039095,NULL,'2021-03-18','2021-03-18',0003,1,NULL,11401.20,NULL,'2021-04-12 15:40:35','2021-04-15 13:56:38','2021-04-15 13:56:38');
INSERT INTO `receipts` VALUES (21,3598,2,4,NULL,NULL,1530,1,217,NULL,628,1,NULL,NULL,40720,40726,00003193,00003193,NULL,'2021-03-19','2021-03-19',5090,1,NULL,21999.00,NULL,'2021-04-12 15:40:35','2021-04-15 13:56:56','2021-04-15 13:56:56'),(22,3598,2,7,NULL,NULL,1530,1,250,NULL,628,1,NULL,NULL,40720,40727,00000370,00000370,NULL,'2021-03-19','2021-03-19',0002,1,NULL,5463.00,NULL,'2021-04-12 15:40:35','2021-04-12 15:40:35',NULL),(23,3598,2,1,NULL,NULL,1530,1,217,NULL,628,1,NULL,NULL,40720,40721,00026730,00026730,NULL,'2021-03-22','2021-03-22',0008,1,NULL,18951.66,NULL,'2021-04-12 15:40:35','2021-04-12 15:40:35',NULL),(24,3598,2,1,NULL,NULL,1530,1,217,NULL,628,1,NULL,NULL,40720,40725,00017324,00017324,NULL,'2021-03-22','2021-03-22',0003,1,NULL,14144.75,NULL,'2021-04-12 15:40:35','2021-04-12 15:40:35',NULL),(25,3598,2,3,NULL,NULL,1530,1,217,NULL,628,1,NULL,NULL,40720,40725,00003759,00003759,NULL,'2021-03-22','2021-03-22',0003,1,NULL,14144.75,NULL,'2021-04-12 15:40:35','2021-04-19 13:27:33','2021-04-19 13:27:33'),(26,3598,2,1,NULL,NULL,1530,1,217,NULL,628,1,NULL,NULL,40720,40724,00008114,00008114,NULL,'2021-03-23','2021-03-23',0001,1,NULL,60306.92,NULL,'2021-04-12 15:40:35','2021-04-12 15:40:35',NULL),(27,3598,2,1,NULL,NULL,1530,1,217,NULL,628,1,NULL,NULL,40720,40722,00017142,00017142,NULL,'2021-03-26','2021-03-26',0007,1,NULL,130028.12,NULL,'2021-04-12 15:40:35','2021-04-12 15:40:35',NULL),(28,3598,2,3,NULL,NULL,1530,1,217,NULL,628,1,NULL,NULL,40720,40725,00003782,00003782,NULL,'2021-03-27','2021-03-27',0003,1,NULL,9626.34,NULL,'2021-04-12 15:40:35','2021-04-19 13:26:29','2021-04-19 13:26:29'),(29,3598,2,4,NULL,NULL,1530,1,217,NULL,628,1,NULL,NULL,40720,40728,00042728,00042728,NULL,'2021-03-29','2021-03-29',0532,1,NULL,2371.95,NULL,'2021-04-12 15:40:35','2021-04-15 13:57:09','2021-04-15 13:57:09'),(30,3598,2,1,NULL,NULL,1530,1,217,NULL,628,1,NULL,NULL,40720,40729,00007262,00007262,NULL,'2021-03-30','2021-03-30',0032,1,NULL,1472.74,NULL,'2021-04-12 15:40:35','2021-04-12 15:40:35',NULL),(31,3598,1,4,NULL,NULL,1530,1,NULL,NULL,628,1,NULL,NULL,40720,40730,00000001,00000001,NULL,'2021-03-01','2021-03-01',0003,1,NULL,1.00,NULL,'2021-04-12 15:42:54','2021-04-12 15:42:54',NULL),(32,3598,1,4,NULL,NULL,1530,1,NULL,NULL,628,1,NULL,NULL,40720,40730,00000002,00000002,NULL,'2021-03-02','2021-03-02',0003,1,NULL,642.00,NULL,'2021-04-12 15:42:54','2021-04-12 15:42:54',NULL),(33,3598,1,4,NULL,NULL,1530,1,NULL,NULL,628,1,NULL,NULL,40720,40730,00000003,00000003,NULL,'2021-03-02','2021-03-02',0003,1,NULL,199.98,NULL,'2021-04-12 15:42:54','2021-04-12 15:42:54',NULL),(34,3598,1,4,NULL,NULL,1530,1,NULL,NULL,628,1,NULL,NULL,40720,40730,00000004,00000004,NULL,'2021-03-02','2021-03-02',0003,1,NULL,1320.00,NULL,'2021-04-12 15:42:54','2021-04-12 15:42:54',NULL),(35,3598,1,4,NULL,NULL,1530,1,NULL,NULL,628,1,NULL,NULL,40720,40730,00000005,00000005,NULL,'2021-03-02','2021-03-02',0003,1,NULL,1653.00,NULL,'2021-04-12 15:42:54','2021-04-12 15:42:54',NULL),(36,3598,1,4,NULL,NULL,1530,1,NULL,NULL,628,1,NULL,NULL,40720,40730,00000006,00000006,NULL,'2021-03-02','2021-03-02',0003,1,NULL,499.93,NULL,'2021-04-12 15:42:54','2021-04-12 15:42:54',NULL),(37,3598,1,4,NULL,NULL,1530,1,NULL,NULL,628,1,NULL,NULL,40720,40730,00000007,00000007,NULL,'2021-03-02','2021-03-02',0003,1,NULL,499.95,NULL,'2021-04-12 15:42:54','2021-04-12 15:42:54',NULL),(38,3598,1,4,NULL,NULL,1530,1,NULL,NULL,628,1,NULL,NULL,40720,40730,00000008,00000008,NULL,'2021-03-03','2021-03-03',0003,1,NULL,1165.98,NULL,'2021-04-12 15:42:54','2021-04-12 15:42:54',NULL),(39,3598,1,4,NULL,NULL,1530,1,NULL,NULL,628,1,NULL,NULL,40720,40730,00000009,00000009,NULL,'2021-03-03','2021-03-03',0003,1,NULL,2489.00,NULL,'2021-04-12 15:42:54','2021-04-12 15:42:54',NULL),(40,3598,1,4,NULL,NULL,1530,1,NULL,NULL,628,1,NULL,NULL,40720,40730,00000010,00000010,NULL,'2021-03-03','2021-03-03',0003,1,NULL,1469.98,NULL,'2021-04-12 15:42:54','2021-04-12 15:42:54',NULL);
INSERT INTO `receipts` VALUES (41,3598,1,4,NULL,NULL,1530,1,NULL,NULL,628,1,NULL,NULL,40720,40730,00000011,00000011,NULL,'2021-03-03','2021-03-03',0003,1,NULL,2862.00,NULL,'2021-04-12 15:42:54','2021-04-12 15:42:54',NULL),(42,3598,1,4,NULL,NULL,1530,1,NULL,NULL,628,1,NULL,NULL,40720,40730,00000012,00000012,NULL,'2021-03-03','2021-03-03',0003,1,NULL,1370.00,NULL,'2021-04-12 15:42:54','2021-04-12 15:42:54',NULL),(43,3598,1,4,NULL,NULL,1530,1,NULL,NULL,628,1,NULL,NULL,40720,40730,00000013,00000013,NULL,'2021-03-03','2021-03-03',0003,1,NULL,2420.00,NULL,'2021-04-12 15:42:54','2021-04-12 15:42:54',NULL),(44,3598,1,4,NULL,NULL,1530,1,NULL,NULL,628,1,NULL,NULL,40720,40730,00000014,00000014,NULL,'2021-03-03','2021-03-03',0003,1,NULL,1133.00,NULL,'2021-04-12 15:42:54','2021-04-12 15:42:54',NULL),(45,3598,1,4,NULL,NULL,1530,1,NULL,NULL,628,1,NULL,NULL,40720,40730,00000015,00000015,NULL,'2021-03-03','2021-03-03',0003,1,NULL,304.00,NULL,'2021-04-12 15:42:54','2021-04-12 15:42:54',NULL),(46,3598,1,4,NULL,NULL,1530,1,NULL,NULL,628,1,NULL,NULL,40720,40730,00000016,00000016,NULL,'2021-03-04','2021-03-04',0003,1,NULL,2700.00,NULL,'2021-04-12 15:42:54','2021-04-12 15:42:54',NULL),(47,3598,1,4,NULL,NULL,1530,1,NULL,NULL,628,1,NULL,NULL,40720,40730,00000017,00000017,NULL,'2021-03-04','2021-03-04',0003,1,NULL,6069.70,NULL,'2021-04-12 15:42:54','2021-04-12 15:42:54',NULL),(48,3598,1,4,NULL,NULL,1530,1,NULL,NULL,628,1,NULL,NULL,40720,40730,00000018,00000018,NULL,'2021-03-04','2021-03-04',0003,1,NULL,1000.06,NULL,'2021-04-12 15:42:54','2021-04-12 15:42:54',NULL),(49,3598,1,4,NULL,NULL,1530,1,NULL,NULL,628,1,NULL,NULL,40720,40730,00000019,00000019,NULL,'2021-03-04','2021-03-04',0003,1,NULL,1430.00,NULL,'2021-04-12 15:42:54','2021-04-12 15:42:54',NULL),(50,3598,1,4,NULL,NULL,1530,1,NULL,NULL,628,1,NULL,NULL,40720,40730,00000020,00000020,NULL,'2021-03-04','2021-03-04',0003,1,NULL,583.00,NULL,'2021-04-12 15:42:54','2021-04-12 15:42:54',NULL),(51,3598,1,4,NULL,NULL,1530,1,NULL,NULL,628,1,NULL,NULL,40720,40730,00000021,00000021,NULL,'2021-03-04','2021-03-04',0003,1,NULL,6360.00,NULL,'2021-04-12 15:42:54','2021-04-12 15:42:54',NULL),(52,3598,1,4,NULL,NULL,1530,1,NULL,NULL,628,1,NULL,NULL,40720,40730,00000022,00000022,NULL,'2021-03-04','2021-03-04',0003,1,NULL,2401.00,NULL,'2021-04-12 15:42:54','2021-04-12 15:42:54',NULL),(53,3598,1,4,NULL,NULL,1530,1,NULL,NULL,628,1,NULL,NULL,40720,40730,00000023,00000023,NULL,'2021-03-04','2021-03-04',0003,1,NULL,1570.06,NULL,'2021-04-12 15:42:54','2021-04-12 15:42:54',NULL),(54,3598,1,4,NULL,NULL,1530,1,NULL,NULL,628,1,NULL,NULL,40720,40730,00000024,00000024,NULL,'2021-03-04','2021-03-04',0003,1,NULL,3420.00,NULL,'2021-04-12 15:42:54','2021-04-12 15:42:54',NULL),(55,3598,1,4,NULL,NULL,1530,1,NULL,NULL,628,1,NULL,NULL,40720,40730,00000025,00000025,NULL,'2021-03-05','2021-03-05',0003,1,NULL,802.02,NULL,'2021-04-12 15:42:54','2021-04-12 15:42:54',NULL),(56,3598,1,4,NULL,NULL,1530,1,NULL,NULL,628,1,NULL,NULL,40720,40730,00000026,00000026,NULL,'2021-03-05','2021-03-05',0003,1,NULL,899.99,NULL,'2021-04-12 15:42:54','2021-04-12 15:42:54',NULL),(57,3598,1,4,NULL,NULL,1530,1,NULL,NULL,628,1,NULL,NULL,40720,40730,00000027,00000027,NULL,'2021-03-05','2021-03-05',0003,1,NULL,2140.00,NULL,'2021-04-12 15:42:54','2021-04-12 15:42:54',NULL),(58,3598,1,4,NULL,NULL,1530,1,NULL,NULL,628,1,NULL,NULL,40720,40730,00000028,00000028,NULL,'2021-03-05','2021-03-05',0003,1,NULL,1860.00,NULL,'2021-04-12 15:42:54','2021-04-12 15:42:54',NULL),(59,3598,1,4,NULL,NULL,1530,1,NULL,NULL,628,1,NULL,NULL,40720,40730,00000029,00000029,NULL,'2021-03-05','2021-03-05',0003,1,NULL,1771.00,NULL,'2021-04-12 15:42:54','2021-04-12 15:42:54',NULL),(60,3598,1,4,NULL,NULL,1530,1,NULL,NULL,628,1,NULL,NULL,40720,40730,00000030,00000030,NULL,'2021-03-05','2021-03-05',0003,1,NULL,750.00,NULL,'2021-04-12 15:42:55','2021-04-12 15:42:55',NULL),(61,3598,1,4,NULL,NULL,1530,1,NULL,NULL,628,1,NULL,NULL,40720,40730,00000031,00000031,NULL,'2021-03-05','2021-03-05',0003,1,NULL,190.00,NULL,'2021-04-12 15:42:55','2021-04-12 15:42:55',NULL);
INSERT INTO `receipts` VALUES (62,3598,1,4,NULL,NULL,1530,1,NULL,NULL,628,1,NULL,NULL,40720,40730,00000032,00000032,NULL,'2021-03-05','2021-03-05',0003,1,NULL,871.02,NULL,'2021-04-12 15:42:55','2021-04-12 15:42:55',NULL),(63,3598,1,4,NULL,NULL,1530,1,NULL,NULL,628,1,NULL,NULL,40720,40730,00000033,00000033,NULL,'2021-03-06','2021-03-06',0003,1,NULL,2024.00,NULL,'2021-04-12 15:42:55','2021-04-12 15:42:55',NULL),(64,3598,1,4,NULL,NULL,1530,1,NULL,NULL,628,1,NULL,NULL,40720,40730,00000034,00000034,NULL,'2021-03-06','2021-03-06',0003,1,NULL,4781.70,NULL,'2021-04-12 15:42:55','2021-04-12 15:42:55',NULL),(65,3598,1,4,NULL,NULL,1530,1,NULL,NULL,628,1,NULL,NULL,40720,40730,00000035,00000035,NULL,'2021-03-06','2021-03-06',0003,1,NULL,459.90,NULL,'2021-04-12 15:42:55','2021-04-12 15:42:55',NULL),(66,3598,1,4,NULL,NULL,1530,1,NULL,NULL,628,1,NULL,NULL,40720,40730,00000036,00000036,NULL,'2021-03-06','2021-03-06',0003,1,NULL,1022.14,NULL,'2021-04-12 15:42:55','2021-04-12 15:42:55',NULL),(67,3598,1,4,NULL,NULL,1530,1,NULL,NULL,628,1,NULL,NULL,40720,40730,00000037,00000037,NULL,'2021-03-06','2021-03-06',0003,1,NULL,1010.00,NULL,'2021-04-12 15:42:55','2021-04-12 15:42:55',NULL),(68,3598,1,4,NULL,NULL,1530,1,NULL,NULL,628,1,NULL,NULL,40720,40730,00000038,00000038,NULL,'2021-03-06','2021-03-06',0003,1,NULL,1271.50,NULL,'2021-04-12 15:42:55','2021-04-12 15:42:55',NULL),(69,3598,1,4,NULL,NULL,1530,1,NULL,NULL,628,1,NULL,NULL,40720,40730,00000039,00000039,NULL,'2021-03-06','2021-03-06',0003,1,NULL,200.08,NULL,'2021-04-12 15:42:55','2021-04-12 15:42:55',NULL),(70,3598,1,4,NULL,NULL,1530,1,NULL,NULL,628,1,NULL,NULL,40720,40730,00000040,00000040,NULL,'2021-03-06','2021-03-06',0003,1,NULL,4600.00,NULL,'2021-04-12 15:42:55','2021-04-12 15:42:55',NULL),(71,3598,1,4,NULL,NULL,1530,1,NULL,NULL,628,1,NULL,NULL,40720,40730,00000041,00000041,NULL,'2021-03-08','2021-03-08',0003,1,NULL,3742.00,NULL,'2021-04-12 15:42:55','2021-04-12 15:42:55',NULL),(72,3598,1,4,NULL,NULL,1530,1,NULL,NULL,628,1,NULL,NULL,40720,40730,00000042,00000042,NULL,'2021-03-08','2021-03-08',0003,1,NULL,999.95,NULL,'2021-04-12 15:42:55','2021-04-12 15:42:55',NULL),(73,3598,1,4,NULL,NULL,1530,1,NULL,NULL,628,1,NULL,NULL,40720,40730,00000043,00000043,NULL,'2021-03-08','2021-03-08',0003,1,NULL,1621.50,NULL,'2021-04-12 15:42:55','2021-04-12 15:42:55',NULL),(74,3598,1,4,NULL,NULL,1530,1,NULL,NULL,628,1,NULL,NULL,40720,40730,00000044,00000044,NULL,'2021-03-08','2021-03-08',0003,1,NULL,3128.00,NULL,'2021-04-12 15:42:55','2021-04-12 15:42:55',NULL),(75,3598,1,4,NULL,NULL,1530,1,NULL,NULL,628,1,NULL,NULL,40720,40730,00000045,00000045,NULL,'2021-03-08','2021-03-08',0003,1,NULL,2440.00,NULL,'2021-04-12 15:42:55','2021-04-12 15:42:55',NULL),(76,3598,1,4,NULL,NULL,1530,1,NULL,NULL,628,1,NULL,NULL,40720,40730,00000046,00000046,NULL,'2021-03-08','2021-03-08',0003,1,NULL,2420.75,NULL,'2021-04-12 15:42:55','2021-04-12 15:42:55',NULL),(77,3598,1,4,NULL,NULL,1530,1,NULL,NULL,628,1,NULL,NULL,40720,40730,00000047,00000047,NULL,'2021-03-08','2021-03-08',0003,1,NULL,329.93,NULL,'2021-04-12 15:42:55','2021-04-12 15:42:55',NULL),(78,3598,1,4,NULL,NULL,1530,1,NULL,NULL,628,1,NULL,NULL,40720,40730,00000048,00000048,NULL,'2021-03-08','2021-03-08',0003,1,NULL,530.11,NULL,'2021-04-12 15:42:55','2021-04-12 15:42:55',NULL),(79,3598,1,4,NULL,NULL,1530,1,NULL,NULL,628,1,NULL,NULL,40720,40730,00000049,00000049,NULL,'2021-03-09','2021-03-09',0003,1,NULL,400.07,NULL,'2021-04-12 15:42:55','2021-04-12 15:42:55',NULL),(80,3598,1,4,NULL,NULL,1530,1,NULL,NULL,628,1,NULL,NULL,40720,40730,00000050,00000050,NULL,'2021-03-09','2021-03-09',0003,1,NULL,2109.91,NULL,'2021-04-12 15:42:55','2021-04-12 15:42:55',NULL),(81,3598,1,4,NULL,NULL,1530,1,NULL,NULL,628,1,NULL,NULL,40720,40730,00000051,00000051,NULL,'2021-03-09','2021-03-09',0003,1,NULL,880.00,NULL,'2021-04-12 15:42:55','2021-04-12 15:42:55',NULL),(82,3598,1,4,NULL,NULL,1530,1,NULL,NULL,628,1,NULL,NULL,40720,40730,00000052,00000052,NULL,'2021-03-09','2021-03-09',0003,1,NULL,5720.10,NULL,'2021-04-12 15:42:55','2021-04-12 15:42:55',NULL);
INSERT INTO `receipts` VALUES (83,3598,1,4,NULL,NULL,1530,1,NULL,NULL,628,1,NULL,NULL,40720,40730,00000053,00000053,NULL,'2021-03-09','2021-03-09',0003,1,NULL,1063.75,NULL,'2021-04-12 15:42:55','2021-04-12 15:42:55',NULL),(84,3598,1,4,NULL,NULL,1530,1,NULL,NULL,628,1,NULL,NULL,40720,40730,00000054,00000054,NULL,'2021-03-09','2021-03-09',0003,1,NULL,1007.00,NULL,'2021-04-12 15:42:55','2021-04-12 15:42:55',NULL),(85,3598,1,4,NULL,NULL,1530,1,NULL,NULL,628,1,NULL,NULL,40720,40730,00000055,00000055,NULL,'2021-03-09','2021-03-09',0003,1,NULL,349.98,NULL,'2021-04-12 15:42:55','2021-04-12 15:42:55',NULL),(86,3598,1,4,NULL,NULL,1530,1,NULL,NULL,628,1,NULL,NULL,40720,40730,00000056,00000056,NULL,'2021-03-09','2021-03-09',0003,1,NULL,2250.00,NULL,'2021-04-12 15:42:55','2021-04-12 15:42:55',NULL),(87,3598,1,4,NULL,NULL,1530,1,NULL,NULL,628,1,NULL,NULL,40720,40730,00000057,00000057,NULL,'2021-03-09','2021-03-09',0003,1,NULL,1240.00,NULL,'2021-04-12 15:42:55','2021-04-12 15:42:55',NULL),(88,3598,1,4,NULL,NULL,1530,1,NULL,NULL,628,1,NULL,NULL,40720,40730,00000058,00000058,NULL,'2021-03-09','2021-03-09',0003,1,NULL,170.07,NULL,'2021-04-12 15:42:55','2021-04-12 15:42:55',NULL),(89,3598,1,4,NULL,NULL,1530,1,NULL,NULL,628,1,NULL,NULL,40720,40730,00000059,00000059,NULL,'2021-03-09','2021-03-09',0003,1,NULL,501.88,NULL,'2021-04-12 15:42:55','2021-04-12 15:42:55',NULL),(90,3598,1,4,NULL,NULL,1530,1,NULL,NULL,628,1,NULL,NULL,40720,40730,00000061,00000061,NULL,'2021-03-10','2021-03-10',0003,1,NULL,1109.81,NULL,'2021-04-12 15:42:55','2021-04-12 15:42:55',NULL),(91,3598,1,4,NULL,NULL,1530,1,NULL,NULL,628,1,NULL,NULL,40720,40730,00000062,00000062,NULL,'2021-03-10','2021-03-10',0003,1,NULL,2200.02,NULL,'2021-04-12 15:42:55','2021-04-12 15:42:55',NULL),(92,3598,1,4,NULL,NULL,1530,1,NULL,NULL,628,1,NULL,NULL,40720,40730,00000063,00000063,NULL,'2021-03-10','2021-03-10',0003,1,NULL,996.00,NULL,'2021-04-12 15:42:55','2021-04-12 15:42:55',NULL),(93,3598,1,4,NULL,NULL,1530,1,NULL,NULL,628,1,NULL,NULL,40720,40730,00000064,00000064,NULL,'2021-03-10','2021-03-10',0003,1,NULL,1683.00,NULL,'2021-04-12 15:42:55','2021-04-12 15:42:55',NULL),(94,3598,1,4,NULL,NULL,1530,1,NULL,NULL,628,1,NULL,NULL,40720,40730,00000065,00000065,NULL,'2021-03-10','2021-03-10',0003,1,NULL,1656.00,NULL,'2021-04-12 15:42:55','2021-04-12 15:42:55',NULL),(95,3598,1,4,NULL,NULL,1530,1,NULL,NULL,628,1,NULL,NULL,40720,40730,00000066,00000066,NULL,'2021-03-10','2021-03-10',0003,1,NULL,499.98,NULL,'2021-04-12 15:42:55','2021-04-12 15:42:55',NULL),(96,3598,1,4,NULL,NULL,1530,1,NULL,NULL,628,1,NULL,NULL,40720,40730,00000067,00000067,NULL,'2021-03-10','2021-03-10',0003,1,NULL,210.00,NULL,'2021-04-12 15:42:55','2021-04-12 15:42:55',NULL),(97,3598,1,1,NULL,NULL,1530,1,NULL,NULL,628,1,NULL,NULL,40720,40731,00000001,00000001,NULL,'2021-03-10','2021-03-10',0003,1,NULL,3919.99,NULL,'2021-04-12 15:42:55','2021-04-12 15:42:55',NULL),(98,3598,1,4,NULL,NULL,1530,1,NULL,NULL,628,1,NULL,NULL,40720,40730,00000060,00000060,NULL,'2021-03-10','2021-03-10',0003,1,NULL,3252.20,NULL,'2021-04-12 15:42:55','2021-04-12 15:42:55',NULL),(99,3598,1,4,NULL,NULL,1530,1,NULL,NULL,628,1,NULL,NULL,40720,40730,00000068,00000068,NULL,'2021-03-11','2021-03-11',0003,1,NULL,4275.00,NULL,'2021-04-12 15:42:55','2021-04-12 15:42:55',NULL),(100,3598,1,4,NULL,NULL,1530,1,NULL,NULL,628,1,NULL,NULL,40720,40730,00000069,00000069,NULL,'2021-03-11','2021-03-11',0003,1,NULL,850.12,NULL,'2021-04-12 15:42:55','2021-04-12 15:42:55',NULL),(101,3598,1,4,NULL,NULL,1530,1,NULL,NULL,628,1,NULL,NULL,40720,40730,00000070,00000070,NULL,'2021-03-11','2021-03-11',0003,1,NULL,5159.00,NULL,'2021-04-12 15:42:55','2021-04-12 15:42:55',NULL),(102,3598,1,4,NULL,NULL,1530,1,NULL,NULL,628,1,NULL,NULL,40720,40730,00000071,00000071,NULL,'2021-03-11','2021-03-11',0003,1,NULL,2425.00,NULL,'2021-04-12 15:42:55','2021-04-12 15:42:55',NULL),(103,3598,1,4,NULL,NULL,1530,1,NULL,NULL,628,1,NULL,NULL,40720,40730,00000072,00000072,NULL,'2021-03-11','2021-03-11',0003,1,NULL,459.69,NULL,'2021-04-12 15:42:55','2021-04-12 15:42:55',NULL);
INSERT INTO `receipts` VALUES (104,3598,1,4,NULL,NULL,1530,1,NULL,NULL,628,1,NULL,NULL,40720,40730,00000073,00000073,NULL,'2021-03-11','2021-03-11',0003,1,NULL,1050.00,NULL,'2021-04-12 15:42:55','2021-04-12 15:42:55',NULL),(105,3598,1,4,NULL,NULL,1530,1,NULL,NULL,628,1,NULL,NULL,40720,40730,00000074,00000074,NULL,'2021-03-11','2021-03-11',0003,1,NULL,3715.65,NULL,'2021-04-12 15:42:55','2021-04-12 15:42:55',NULL),(106,3598,1,4,NULL,NULL,1530,1,NULL,NULL,628,1,NULL,NULL,40720,40730,00000075,00000075,NULL,'2021-03-12','2021-03-12',0003,1,NULL,630.00,NULL,'2021-04-12 15:42:55','2021-04-12 15:42:55',NULL),(107,3598,1,4,NULL,NULL,1530,1,NULL,NULL,628,1,NULL,NULL,40720,40730,00000076,00000076,NULL,'2021-03-12','2021-03-12',0003,1,NULL,1289.15,NULL,'2021-04-12 15:42:55','2021-04-12 15:42:55',NULL),(108,3598,1,4,NULL,NULL,1530,1,NULL,NULL,628,1,NULL,NULL,40720,40730,00000077,00000077,NULL,'2021-03-12','2021-03-12',0003,1,NULL,2340.00,NULL,'2021-04-12 15:42:55','2021-04-12 15:42:55',NULL),(109,3598,1,4,NULL,NULL,1530,1,NULL,NULL,628,1,NULL,NULL,40720,40730,00000078,00000078,NULL,'2021-03-13','2021-03-13',0003,1,NULL,1136.00,NULL,'2021-04-12 15:42:55','2021-04-12 15:42:55',NULL),(110,3598,1,4,NULL,NULL,1530,1,NULL,NULL,628,1,NULL,NULL,40720,40730,00000079,00000079,NULL,'2021-03-13','2021-03-13',0003,1,NULL,2736.00,NULL,'2021-04-12 15:42:55','2021-04-12 15:42:55',NULL),(111,3598,1,4,NULL,NULL,1530,1,NULL,NULL,628,1,NULL,NULL,40720,40730,00000080,00000080,NULL,'2021-03-13','2021-03-13',0003,1,NULL,2080.00,NULL,'2021-04-12 15:42:55','2021-04-12 15:42:55',NULL),(112,3598,1,4,NULL,NULL,1530,1,NULL,NULL,628,1,NULL,NULL,40720,40730,00000081,00000081,NULL,'2021-03-13','2021-03-13',0003,1,NULL,3002.18,NULL,'2021-04-12 15:42:55','2021-04-12 15:42:55',NULL),(113,3598,1,4,NULL,NULL,1530,1,NULL,NULL,628,1,NULL,NULL,40720,40730,00000082,00000082,NULL,'2021-03-13','2021-03-13',0003,1,NULL,400.00,NULL,'2021-04-12 15:42:55','2021-04-12 15:42:55',NULL),(114,3598,1,4,NULL,NULL,1530,1,NULL,NULL,628,1,NULL,NULL,40720,40730,00000083,00000083,NULL,'2021-03-13','2021-03-13',0003,1,NULL,2317.25,NULL,'2021-04-12 15:42:55','2021-04-12 15:42:55',NULL),(115,3598,1,4,NULL,NULL,1530,1,NULL,NULL,628,1,NULL,NULL,40720,40730,00000084,00000084,NULL,'2021-03-13','2021-03-13',0003,1,NULL,918.97,NULL,'2021-04-12 15:42:55','2021-04-12 15:42:55',NULL),(116,3598,1,4,NULL,NULL,1530,1,NULL,NULL,628,1,NULL,NULL,40720,40730,00000085,00000085,NULL,'2021-03-15','2021-03-15',0003,1,NULL,2080.00,NULL,'2021-04-12 15:42:55','2021-04-12 15:42:55',NULL),(117,3598,1,4,NULL,NULL,1530,1,NULL,NULL,628,1,NULL,NULL,40720,40730,00000086,00000086,NULL,'2021-03-15','2021-03-15',0003,1,NULL,1397.00,NULL,'2021-04-12 15:42:55','2021-04-12 15:42:55',NULL),(118,3598,1,4,NULL,NULL,1530,1,NULL,NULL,628,1,NULL,NULL,40720,40730,00000087,00000087,NULL,'2021-03-15','2021-03-15',0003,1,NULL,2093.00,NULL,'2021-04-12 15:42:55','2021-04-12 15:42:55',NULL),(119,3598,1,4,NULL,NULL,1530,1,NULL,NULL,628,1,NULL,NULL,40720,40730,00000088,00000088,NULL,'2021-03-15','2021-03-15',0003,1,NULL,2871.00,NULL,'2021-04-12 15:42:55','2021-04-12 15:42:55',NULL),(120,3598,1,4,NULL,NULL,1530,1,NULL,NULL,628,1,NULL,NULL,40720,40730,00000089,00000089,NULL,'2021-03-15','2021-03-15',0003,1,NULL,529.90,NULL,'2021-04-12 15:42:55','2021-04-12 15:42:55',NULL),(121,3598,1,4,NULL,NULL,1530,1,NULL,NULL,628,1,NULL,NULL,40720,40730,00000090,00000090,NULL,'2021-03-15','2021-03-15',0003,1,NULL,2270.00,NULL,'2021-04-12 15:42:55','2021-04-12 15:42:55',NULL),(122,3598,1,4,NULL,NULL,1530,1,NULL,NULL,628,1,NULL,NULL,40720,40730,00000091,00000091,NULL,'2021-03-15','2021-03-15',0003,1,NULL,2910.00,NULL,'2021-04-12 15:42:55','2021-04-12 15:42:55',NULL),(123,3598,1,4,NULL,NULL,1530,1,NULL,NULL,628,1,NULL,NULL,40720,40730,00000092,00000092,NULL,'2021-03-15','2021-03-15',0003,1,NULL,2922.00,NULL,'2021-04-12 15:42:55','2021-04-12 15:42:55',NULL);
INSERT INTO `receipts` VALUES (124,3598,1,4,NULL,NULL,1530,1,NULL,NULL,628,1,NULL,NULL,40720,40730,00000093,00000093,NULL,'2021-03-15','2021-03-15',0003,1,NULL,657.00,NULL,'2021-04-12 15:42:55','2021-04-12 15:42:55',NULL),(125,3598,1,4,NULL,NULL,1530,1,NULL,NULL,628,1,NULL,NULL,40720,40730,00000094,00000094,NULL,'2021-03-15','2021-03-15',0003,1,NULL,185.00,NULL,'2021-04-12 15:42:55','2021-04-12 15:42:55',NULL),(126,3598,1,4,NULL,NULL,1530,1,NULL,NULL,628,1,NULL,NULL,40720,40730,00000095,00000095,NULL,'2021-03-15','2021-03-15',0003,1,NULL,346.11,NULL,'2021-04-12 15:42:55','2021-04-12 15:42:55',NULL),(127,3598,1,4,NULL,NULL,1530,1,NULL,NULL,628,1,NULL,NULL,40720,40730,00000096,00000096,NULL,'2021-03-15','2021-03-15',0003,1,NULL,4352.00,NULL,'2021-04-12 15:42:55','2021-04-12 15:42:55',NULL),(128,3598,1,4,NULL,NULL,1530,1,NULL,NULL,628,1,NULL,NULL,40720,40730,00000097,00000097,NULL,'2021-03-15','2021-03-15',0003,1,NULL,704.96,NULL,'2021-04-12 15:42:55','2021-04-12 15:42:55',NULL),(129,3598,1,4,NULL,NULL,1530,1,NULL,NULL,628,1,NULL,NULL,40720,40730,00000098,00000098,NULL,'2021-03-16','2021-03-16',0003,1,NULL,5337.00,NULL,'2021-04-12 15:42:55','2021-04-12 15:42:55',NULL),(130,3598,1,4,NULL,NULL,1530,1,NULL,NULL,628,1,NULL,NULL,40720,40730,00000099,00000099,NULL,'2021-03-16','2021-03-16',0003,1,NULL,1000.00,NULL,'2021-04-12 15:42:55','2021-04-12 15:42:55',NULL),(131,3598,1,4,NULL,NULL,1530,1,NULL,NULL,628,1,NULL,NULL,40720,40730,00000100,00000100,NULL,'2021-03-16','2021-03-16',0003,1,NULL,199.97,NULL,'2021-04-12 15:42:55','2021-04-12 15:42:55',NULL),(132,3598,1,4,NULL,NULL,1530,1,NULL,NULL,628,1,NULL,NULL,40720,40730,00000101,00000101,NULL,'2021-03-16','2021-03-16',0003,1,NULL,1959.60,NULL,'2021-04-12 15:42:56','2021-04-12 15:42:56',NULL),(133,3598,1,4,NULL,NULL,1530,1,NULL,NULL,628,1,NULL,NULL,40720,40730,00000102,00000102,NULL,'2021-03-16','2021-03-16',0003,1,NULL,2281.00,NULL,'2021-04-12 15:42:56','2021-04-12 15:42:56',NULL),(134,3598,1,4,NULL,NULL,1530,1,NULL,NULL,628,1,NULL,NULL,40720,40730,00000103,00000103,NULL,'2021-03-16','2021-03-16',0003,1,NULL,1960.00,NULL,'2021-04-12 15:42:56','2021-04-12 15:42:56',NULL),(135,3598,1,4,NULL,NULL,1530,1,NULL,NULL,628,1,NULL,NULL,40720,40730,00000104,00000104,NULL,'2021-03-16','2021-03-16',0003,1,NULL,680.00,NULL,'2021-04-12 15:42:56','2021-04-12 15:42:56',NULL),(136,3598,1,4,NULL,NULL,1530,1,NULL,NULL,628,1,NULL,NULL,40720,40730,00000105,00000105,NULL,'2021-03-16','2021-03-16',0003,1,NULL,499.82,NULL,'2021-04-12 15:42:56','2021-04-12 15:42:56',NULL),(137,3598,1,4,NULL,NULL,1530,1,NULL,NULL,628,1,NULL,NULL,40720,40730,00000106,00000106,NULL,'2021-03-16','2021-03-16',0003,1,NULL,2162.00,NULL,'2021-04-12 15:42:56','2021-04-12 15:42:56',NULL),(138,3598,1,4,NULL,NULL,1530,1,NULL,NULL,628,1,NULL,NULL,40720,40730,00000107,00000107,NULL,'2021-03-16','2021-03-16',0003,1,NULL,2000.00,NULL,'2021-04-12 15:42:56','2021-04-12 15:42:56',NULL),(139,3598,1,4,NULL,NULL,1530,1,NULL,NULL,628,1,NULL,NULL,40720,40730,00000108,00000108,NULL,'2021-03-16','2021-03-16',0003,1,NULL,1183.66,NULL,'2021-04-12 15:42:56','2021-04-12 15:42:56',NULL),(140,3598,1,4,NULL,NULL,1530,1,NULL,NULL,628,1,NULL,NULL,40720,40730,00000109,00000109,NULL,'2021-03-16','2021-03-16',0003,1,NULL,1602.00,NULL,'2021-04-12 15:42:56','2021-04-12 15:42:56',NULL),(141,3598,1,1,NULL,NULL,1530,1,NULL,NULL,628,1,NULL,NULL,40720,40732,00000002,00000002,NULL,'2021-03-16','2021-03-16',0003,1,NULL,1895.01,NULL,'2021-04-12 15:42:56','2021-04-12 15:42:56',NULL),(142,3598,1,4,NULL,NULL,1530,1,NULL,NULL,628,1,NULL,NULL,40720,40730,00000110,00000110,NULL,'2021-03-17','2021-03-17',0003,1,NULL,1539.91,NULL,'2021-04-12 15:42:56','2021-04-12 15:42:56',NULL),(143,3598,1,4,NULL,NULL,1530,1,NULL,NULL,628,1,NULL,NULL,40720,40730,00000111,00000111,NULL,'2021-03-18','2021-03-18',0003,1,NULL,300.00,NULL,'2021-04-12 15:42:56','2021-04-12 15:42:56',NULL);
INSERT INTO `receipts` VALUES (144,3598,1,4,NULL,NULL,1530,1,NULL,NULL,628,1,NULL,NULL,40720,40730,00000112,00000112,NULL,'2021-03-18','2021-03-18',0003,1,NULL,2600.11,NULL,'2021-04-12 15:42:56','2021-04-12 15:42:56',NULL),(145,3598,1,4,NULL,NULL,1530,1,NULL,NULL,628,1,NULL,NULL,40720,40730,00000113,00000113,NULL,'2021-03-18','2021-03-18',0003,1,NULL,1435.20,NULL,'2021-04-12 15:42:56','2021-04-12 15:42:56',NULL),(146,3598,1,4,NULL,NULL,1530,1,NULL,NULL,628,1,NULL,NULL,40720,40730,00000114,00000114,NULL,'2021-03-18','2021-03-18',0003,1,NULL,399.93,NULL,'2021-04-12 15:42:56','2021-04-12 15:42:56',NULL),(147,3598,1,4,NULL,NULL,1530,1,NULL,NULL,628,1,NULL,NULL,40720,40730,00000115,00000115,NULL,'2021-03-18','2021-03-18',0003,1,NULL,499.99,NULL,'2021-04-12 15:42:56','2021-04-12 15:42:56',NULL),(148,3598,1,4,NULL,NULL,1530,1,NULL,NULL,628,1,NULL,NULL,40720,40730,00000116,00000116,NULL,'2021-03-18','2021-03-18',0003,1,NULL,1010.00,NULL,'2021-04-12 15:42:56','2021-04-12 15:42:56',NULL),(149,3598,1,4,NULL,NULL,1530,1,NULL,NULL,628,1,NULL,NULL,40720,40730,00000117,00000117,NULL,'2021-03-18','2021-03-18',0003,1,NULL,300.09,NULL,'2021-04-12 15:42:56','2021-04-12 15:42:56',NULL),(150,3598,1,4,NULL,NULL,1530,1,NULL,NULL,628,1,NULL,NULL,40720,40730,00000118,00000118,NULL,'2021-03-18','2021-03-18',0003,1,NULL,393.31,NULL,'2021-04-12 15:42:56','2021-04-12 15:42:56',NULL),(151,3598,1,4,NULL,NULL,1530,1,NULL,NULL,628,1,NULL,NULL,40720,40730,00000119,00000119,NULL,'2021-03-19','2021-03-19',0003,1,NULL,1630.00,NULL,'2021-04-12 15:42:56','2021-04-12 15:42:56',NULL),(152,3598,1,4,NULL,NULL,1530,1,NULL,NULL,628,1,NULL,NULL,40720,40730,00000120,00000120,NULL,'2021-03-19','2021-03-19',0003,1,NULL,180.00,NULL,'2021-04-12 15:42:56','2021-04-12 15:42:56',NULL),(153,3598,1,4,NULL,NULL,1530,1,NULL,NULL,628,1,NULL,NULL,40720,40730,00000121,00000121,NULL,'2021-03-19','2021-03-19',0003,1,NULL,2433.00,NULL,'2021-04-12 15:42:56','2021-04-12 15:42:56',NULL),(154,3598,1,4,NULL,NULL,1530,1,NULL,NULL,628,1,NULL,NULL,40720,40730,00000122,00000122,NULL,'2021-03-19','2021-03-19',0003,1,NULL,2750.80,NULL,'2021-04-12 15:42:56','2021-04-12 15:42:56',NULL),(155,3598,1,4,NULL,NULL,1530,1,NULL,NULL,628,1,NULL,NULL,40720,40730,00000123,00000123,NULL,'2021-03-19','2021-03-19',0003,1,NULL,1728.45,NULL,'2021-04-12 15:42:56','2021-04-12 15:42:56',NULL),(156,3598,1,4,NULL,NULL,1530,1,NULL,NULL,628,1,NULL,NULL,40720,40730,00000124,00000124,NULL,'2021-03-19','2021-03-19',0003,1,NULL,200.03,NULL,'2021-04-12 15:42:56','2021-04-12 15:42:56',NULL),(157,3598,1,4,NULL,NULL,1530,1,NULL,NULL,628,1,NULL,NULL,40720,40730,00000125,00000125,NULL,'2021-03-19','2021-03-19',0003,1,NULL,499.93,NULL,'2021-04-12 15:42:56','2021-04-12 15:42:56',NULL),(158,3598,1,4,NULL,NULL,1530,1,NULL,NULL,628,1,NULL,NULL,40720,40730,00000126,00000126,NULL,'2021-03-19','2021-03-19',0003,1,NULL,350.06,NULL,'2021-04-12 15:42:56','2021-04-12 15:42:56',NULL),(159,3598,1,4,NULL,NULL,1530,1,NULL,NULL,628,1,NULL,NULL,40720,40730,00000127,00000127,NULL,'2021-03-19','2021-03-19',0003,1,NULL,1604.00,NULL,'2021-04-12 15:42:56','2021-04-12 15:42:56',NULL),(160,3598,1,4,NULL,NULL,1530,1,NULL,NULL,628,1,NULL,NULL,40720,40730,00000128,00000128,NULL,'2021-03-20','2021-03-20',0003,1,NULL,2632.25,NULL,'2021-04-12 15:42:56','2021-04-12 15:42:56',NULL),(161,3598,1,4,NULL,NULL,1530,1,NULL,NULL,628,1,NULL,NULL,40720,40730,00000129,00000129,NULL,'2021-03-20','2021-03-20',0003,1,NULL,1162.00,NULL,'2021-04-12 15:42:56','2021-04-12 15:42:56',NULL),(162,3598,1,4,NULL,NULL,1530,1,NULL,NULL,628,1,NULL,NULL,40720,40730,00000130,00000130,NULL,'2021-03-20','2021-03-20',0003,1,NULL,2190.00,NULL,'2021-04-12 15:42:56','2021-04-12 15:42:56',NULL),(163,3598,1,4,NULL,NULL,1530,1,NULL,NULL,628,1,NULL,NULL,40720,40730,00000131,00000131,NULL,'2021-03-20','2021-03-20',0003,1,NULL,380.00,NULL,'2021-04-12 15:42:56','2021-04-12 15:42:56',NULL);
INSERT INTO `receipts` VALUES (164,3598,1,4,NULL,NULL,1530,1,NULL,NULL,628,1,NULL,NULL,40720,40730,00000132,00000132,NULL,'2021-03-20','2021-03-20',0003,1,NULL,1264.37,NULL,'2021-04-12 15:42:56','2021-04-12 15:42:56',NULL),(165,3598,1,4,NULL,NULL,1530,1,NULL,NULL,628,1,NULL,NULL,40720,40730,00000133,00000133,NULL,'2021-03-20','2021-03-20',0003,1,NULL,420.00,NULL,'2021-04-12 15:42:56','2021-04-12 15:42:56',NULL),(166,3598,1,4,NULL,NULL,1530,1,NULL,NULL,628,1,NULL,NULL,40720,40730,00000134,00000134,NULL,'2021-03-20','2021-03-20',0003,1,NULL,2080.00,NULL,'2021-04-12 15:42:56','2021-04-12 15:42:56',NULL),(167,3598,1,4,NULL,NULL,1530,1,NULL,NULL,628,1,NULL,NULL,40720,40730,00000135,00000135,NULL,'2021-03-20','2021-03-20',0003,1,NULL,2263.20,NULL,'2021-04-12 15:42:56','2021-04-12 15:42:56',NULL),(168,3598,1,4,NULL,NULL,1530,1,NULL,NULL,628,1,NULL,NULL,40720,40730,00000136,00000136,NULL,'2021-03-20','2021-03-20',0003,1,NULL,3220.00,NULL,'2021-04-12 15:42:56','2021-04-12 15:42:56',NULL),(169,3598,1,4,NULL,NULL,1530,1,NULL,NULL,628,1,NULL,NULL,40720,40730,00000137,00000137,NULL,'2021-03-20','2021-03-20',0003,1,NULL,3220.00,NULL,'2021-04-12 15:42:56','2021-04-12 15:42:56',NULL),(170,3598,1,4,NULL,NULL,1530,1,NULL,NULL,628,1,NULL,NULL,40720,40730,00000138,00000138,NULL,'2021-03-20','2021-03-20',0003,1,NULL,1292.70,NULL,'2021-04-12 15:42:56','2021-04-12 15:42:56',NULL),(171,3598,1,4,NULL,NULL,1530,1,NULL,NULL,628,1,NULL,NULL,40720,40730,00000139,00000139,NULL,'2021-03-20','2021-03-20',0003,1,NULL,2074.00,NULL,'2021-04-12 15:42:56','2021-04-12 15:42:56',NULL),(172,3598,1,4,NULL,NULL,1530,1,NULL,NULL,628,1,NULL,NULL,40720,40730,00000140,00000140,NULL,'2021-03-22','2021-03-22',0003,1,NULL,919.96,NULL,'2021-04-12 15:42:56','2021-04-12 15:42:56',NULL),(173,3598,1,4,NULL,NULL,1530,1,NULL,NULL,628,1,NULL,NULL,40720,40730,00000141,00000141,NULL,'2021-03-22','2021-03-22',0003,1,NULL,599.85,NULL,'2021-04-12 15:42:56','2021-04-12 15:42:56',NULL),(174,3598,1,4,NULL,NULL,1530,1,NULL,NULL,628,1,NULL,NULL,40720,40730,00000142,00000142,NULL,'2021-03-22','2021-03-22',0003,1,NULL,799.94,NULL,'2021-04-12 15:42:56','2021-04-12 15:42:56',NULL),(175,3598,1,4,NULL,NULL,1530,1,NULL,NULL,628,1,NULL,NULL,40720,40730,00000143,00000143,NULL,'2021-03-22','2021-03-22',0003,1,NULL,2484.06,NULL,'2021-04-12 15:42:56','2021-04-12 15:42:56',NULL),(176,3598,1,4,NULL,NULL,1530,1,NULL,NULL,628,1,NULL,NULL,40720,40730,00000144,00000144,NULL,'2021-03-22','2021-03-22',0003,1,NULL,199.99,NULL,'2021-04-12 15:42:56','2021-04-12 15:42:56',NULL),(177,3598,1,4,NULL,NULL,1530,1,NULL,NULL,628,1,NULL,NULL,40720,40730,00000145,00000145,NULL,'2021-03-22','2021-03-22',0003,1,NULL,4543.19,NULL,'2021-04-12 15:42:56','2021-04-12 15:42:56',NULL),(178,3598,1,4,NULL,NULL,1530,1,NULL,NULL,628,1,NULL,NULL,40720,40730,00000146,00000146,NULL,'2021-03-22','2021-03-22',0003,1,NULL,6694.15,NULL,'2021-04-12 15:42:56','2021-04-12 15:42:56',NULL),(179,3598,1,4,NULL,NULL,1530,1,NULL,NULL,628,1,NULL,NULL,40720,40730,00000147,00000147,NULL,'2021-03-22','2021-03-22',0003,1,NULL,329.97,NULL,'2021-04-12 15:42:56','2021-04-12 15:42:56',NULL),(180,3598,1,4,NULL,NULL,1530,1,NULL,NULL,628,1,NULL,NULL,40720,40730,00000148,00000148,NULL,'2021-03-22','2021-03-22',0003,1,NULL,650.05,NULL,'2021-04-12 15:42:56','2021-04-12 15:42:56',NULL),(181,3598,1,4,NULL,NULL,1530,1,NULL,NULL,628,1,NULL,NULL,40720,40730,00000149,00000149,NULL,'2021-03-22','2021-03-22',0003,1,NULL,1370.00,NULL,'2021-04-12 15:42:56','2021-04-12 15:42:56',NULL),(182,3598,1,4,NULL,NULL,1530,1,NULL,NULL,628,1,NULL,NULL,40720,40730,00000150,00000150,NULL,'2021-03-23','2021-03-23',0003,1,NULL,2081.53,NULL,'2021-04-12 15:42:56','2021-04-12 15:42:56',NULL),(183,3598,1,4,NULL,NULL,1530,1,NULL,NULL,628,1,NULL,NULL,40720,40730,00000151,00000151,NULL,'2021-03-23','2021-03-23',0003,1,NULL,1960.00,NULL,'2021-04-12 15:42:56','2021-04-12 15:42:56',NULL);
INSERT INTO `receipts` VALUES (184,3598,1,4,NULL,NULL,1530,1,NULL,NULL,628,1,NULL,NULL,40720,40730,00000152,00000152,NULL,'2021-03-23','2021-03-23',0003,1,NULL,2800.02,NULL,'2021-04-12 15:42:56','2021-04-12 15:42:56',NULL),(185,3598,1,4,NULL,NULL,1530,1,NULL,NULL,628,1,NULL,NULL,40720,40730,00000153,00000153,NULL,'2021-03-23','2021-03-23',0003,1,NULL,369.97,NULL,'2021-04-12 15:42:56','2021-04-12 15:42:56',NULL),(186,3598,1,4,NULL,NULL,1530,1,NULL,NULL,628,1,NULL,NULL,40720,40730,00000154,00000154,NULL,'2021-03-23','2021-03-23',0003,1,NULL,1000.00,NULL,'2021-04-12 15:42:56','2021-04-12 15:42:56',NULL),(187,3598,1,4,NULL,NULL,1530,1,NULL,NULL,628,1,NULL,NULL,40720,40730,00000155,00000155,NULL,'2021-03-23','2021-03-23',0003,1,NULL,957.00,NULL,'2021-04-12 15:42:56','2021-04-12 15:42:56',NULL),(188,3598,1,4,NULL,NULL,1530,1,NULL,NULL,628,1,NULL,NULL,40720,40730,00000156,00000156,NULL,'2021-03-23','2021-03-23',0003,1,NULL,1400.70,NULL,'2021-04-12 15:42:56','2021-04-12 15:42:56',NULL),(189,3598,1,4,NULL,NULL,1530,1,NULL,NULL,628,1,NULL,NULL,40720,40730,00000157,00000157,NULL,'2021-03-23','2021-03-23',0003,1,NULL,811.98,NULL,'2021-04-12 15:42:56','2021-04-12 15:42:56',NULL),(190,3598,1,4,NULL,NULL,1530,1,NULL,NULL,628,1,NULL,NULL,40720,40730,00000158,00000158,NULL,'2021-03-23','2021-03-23',0003,1,NULL,1990.00,NULL,'2021-04-12 15:42:56','2021-04-12 15:42:56',NULL),(191,3598,1,4,NULL,NULL,1530,1,NULL,NULL,628,1,NULL,NULL,40720,40730,00000159,00000159,NULL,'2021-03-23','2021-03-23',0003,1,NULL,3879.00,NULL,'2021-04-12 15:42:56','2021-04-12 15:42:56',NULL),(192,3598,1,4,NULL,NULL,1530,1,NULL,NULL,628,1,NULL,NULL,40720,40730,00000160,00000160,NULL,'2021-03-23','2021-03-23',0003,1,NULL,4660.00,NULL,'2021-04-12 15:42:56','2021-04-12 15:42:56',NULL),(193,3598,1,4,NULL,NULL,1530,1,NULL,NULL,628,1,NULL,NULL,40720,40730,00000161,00000161,NULL,'2021-03-24','2021-03-24',0003,1,NULL,2238.00,NULL,'2021-04-12 15:42:56','2021-04-12 15:42:56',NULL),(194,3598,1,4,NULL,NULL,1530,1,NULL,NULL,628,1,NULL,NULL,40720,40730,00000162,00000162,NULL,'2021-03-25','2021-03-25',0003,1,NULL,575.12,NULL,'2021-04-12 15:42:56','2021-04-12 15:42:56',NULL),(195,3598,1,4,NULL,NULL,1530,1,NULL,NULL,628,1,NULL,NULL,40720,40730,00000163,00000163,NULL,'2021-03-25','2021-03-25',0003,1,NULL,1675.01,NULL,'2021-04-12 15:42:56','2021-04-12 15:42:56',NULL),(196,3598,1,4,NULL,NULL,1530,1,NULL,NULL,628,1,NULL,NULL,40720,40730,00000164,00000164,NULL,'2021-03-25','2021-03-25',0003,1,NULL,1669.80,NULL,'2021-04-12 15:42:56','2021-04-12 15:42:56',NULL),(197,3598,1,4,NULL,NULL,1530,1,NULL,NULL,628,1,NULL,NULL,40720,40730,00000165,00000165,NULL,'2021-03-25','2021-03-25',0003,1,NULL,3029.10,NULL,'2021-04-12 15:42:56','2021-04-12 15:42:56',NULL),(198,3598,1,4,NULL,NULL,1530,1,NULL,NULL,628,1,NULL,NULL,40720,40730,00000166,00000166,NULL,'2021-03-26','2021-03-26',0003,1,NULL,876.06,NULL,'2021-04-12 15:42:56','2021-04-12 15:42:56',NULL),(199,3598,1,4,NULL,NULL,1530,1,NULL,NULL,628,1,NULL,NULL,40720,40730,00000167,00000167,NULL,'2021-03-26','2021-03-26',0003,1,NULL,449.96,NULL,'2021-04-12 15:42:56','2021-04-12 15:42:56',NULL),(200,3598,1,4,NULL,NULL,1530,1,NULL,NULL,628,1,NULL,NULL,40720,40730,00000168,00000168,NULL,'2021-03-26','2021-03-26',0003,1,NULL,654.00,NULL,'2021-04-12 15:42:56','2021-04-12 15:42:56',NULL),(201,3598,1,4,NULL,NULL,1530,1,NULL,NULL,628,1,NULL,NULL,40720,40730,00000169,00000169,NULL,'2021-03-26','2021-03-26',0003,1,NULL,435.00,NULL,'2021-04-12 15:42:56','2021-04-12 15:42:56',NULL),(202,3598,1,4,NULL,NULL,1530,1,NULL,NULL,628,1,NULL,NULL,40720,40730,00000170,00000170,NULL,'2021-03-26','2021-03-26',0003,1,NULL,499.99,NULL,'2021-04-12 15:42:56','2021-04-12 15:42:56',NULL),(203,3598,1,4,NULL,NULL,1530,1,NULL,NULL,628,1,NULL,NULL,40720,40730,00000171,00000171,NULL,'2021-03-26','2021-03-26',0003,1,NULL,450.13,NULL,'2021-04-12 15:42:56','2021-04-12 15:42:56',NULL);
INSERT INTO `receipts` VALUES (204,3598,1,4,NULL,NULL,1530,1,NULL,NULL,628,1,NULL,NULL,40720,40730,00000172,00000172,NULL,'2021-03-27','2021-03-27',0003,1,NULL,1623.80,NULL,'2021-04-12 15:42:56','2021-04-12 15:42:56',NULL),(205,3598,1,4,NULL,NULL,1530,1,NULL,NULL,628,1,NULL,NULL,40720,40730,00000173,00000173,NULL,'2021-03-27','2021-03-27',0003,1,NULL,2219.50,NULL,'2021-04-12 15:42:57','2021-04-12 15:42:57',NULL),(206,3598,1,4,NULL,NULL,1530,1,NULL,NULL,628,1,NULL,NULL,40720,40730,00000174,00000174,NULL,'2021-03-27','2021-03-27',0003,1,NULL,1020.95,NULL,'2021-04-12 15:42:57','2021-04-12 15:42:57',NULL),(207,3598,1,4,NULL,NULL,1530,1,NULL,NULL,628,1,NULL,NULL,40720,40730,00000175,00000175,NULL,'2021-03-27','2021-03-27',0003,1,NULL,2862.00,NULL,'2021-04-12 15:42:57','2021-04-12 15:42:57',NULL),(208,3598,1,4,NULL,NULL,1530,1,NULL,NULL,628,1,NULL,NULL,40720,40730,00000176,00000176,NULL,'2021-03-27','2021-03-27',0003,1,NULL,200.04,NULL,'2021-04-12 15:42:57','2021-04-12 15:42:57',NULL),(209,3598,1,4,NULL,NULL,1530,1,NULL,NULL,628,1,NULL,NULL,40720,40730,00000177,00000177,NULL,'2021-03-27','2021-03-27',0003,1,NULL,1540.00,NULL,'2021-04-12 15:42:57','2021-04-12 15:42:57',NULL),(210,3598,1,4,NULL,NULL,1530,1,NULL,NULL,628,1,NULL,NULL,40720,40730,00000178,00000178,NULL,'2021-03-27','2021-03-27',0003,1,NULL,430.00,NULL,'2021-04-12 15:42:57','2021-04-12 15:42:57',NULL),(211,3598,1,4,NULL,NULL,1530,1,NULL,NULL,628,1,NULL,NULL,40720,40730,00000179,00000179,NULL,'2021-03-27','2021-03-27',0003,1,NULL,1703.80,NULL,'2021-04-12 15:42:57','2021-04-12 15:42:57',NULL),(212,3598,1,4,NULL,NULL,1530,1,NULL,NULL,628,1,NULL,NULL,40720,40730,00000180,00000180,NULL,'2021-03-27','2021-03-27',0003,1,NULL,961.40,NULL,'2021-04-12 15:42:57','2021-04-12 15:42:57',NULL),(213,3598,1,4,NULL,NULL,1530,1,NULL,NULL,628,1,NULL,NULL,40720,40730,00000181,00000181,NULL,'2021-03-27','2021-03-27',0003,1,NULL,919.93,NULL,'2021-04-12 15:42:57','2021-04-12 15:42:57',NULL),(214,3598,1,4,NULL,NULL,1530,1,NULL,NULL,628,1,NULL,NULL,40720,40730,00000182,00000182,NULL,'2021-03-27','2021-03-27',0003,1,NULL,9648.50,NULL,'2021-04-12 15:42:57','2021-04-12 15:42:57',NULL),(215,3598,1,4,NULL,NULL,1530,1,NULL,NULL,628,1,NULL,NULL,40720,40730,00000183,00000183,NULL,'2021-03-27','2021-03-27',0003,1,NULL,761.86,NULL,'2021-04-12 15:42:57','2021-04-12 15:42:57',NULL),(216,3598,1,4,NULL,NULL,1530,1,NULL,NULL,628,1,NULL,NULL,40720,40730,00000184,00000184,NULL,'2021-03-27','2021-03-27',0003,1,NULL,1564.00,NULL,'2021-04-12 15:42:57','2021-04-12 15:42:57',NULL),(217,3598,1,4,NULL,NULL,1530,1,NULL,NULL,628,1,NULL,NULL,40720,40730,00000185,00000185,NULL,'2021-03-27','2021-03-27',0003,1,NULL,1649.00,NULL,'2021-04-12 15:42:57','2021-04-12 15:42:57',NULL),(218,3598,1,4,NULL,NULL,1530,1,NULL,NULL,628,1,NULL,NULL,40720,40730,00000186,00000186,NULL,'2021-03-27','2021-03-27',0003,1,NULL,2970.00,NULL,'2021-04-12 15:42:57','2021-04-12 15:42:57',NULL),(219,3598,1,4,NULL,NULL,1530,1,NULL,NULL,628,1,NULL,NULL,40720,40730,00000187,00000187,NULL,'2021-03-29','2021-03-29',0003,1,NULL,3330.40,NULL,'2021-04-12 15:42:57','2021-04-12 15:42:57',NULL),(220,3598,1,4,NULL,NULL,1530,1,NULL,NULL,628,1,NULL,NULL,40720,40730,00000188,00000188,NULL,'2021-03-29','2021-03-29',0003,1,NULL,2251.70,NULL,'2021-04-12 15:42:57','2021-04-12 15:42:57',NULL),(221,3598,1,4,NULL,NULL,1530,1,NULL,NULL,628,1,NULL,NULL,40720,40730,00000189,00000189,NULL,'2021-03-29','2021-03-29',0003,1,NULL,5153.15,NULL,'2021-04-12 15:42:57','2021-04-12 15:42:57',NULL),(222,3598,1,4,NULL,NULL,1530,1,NULL,NULL,628,1,NULL,NULL,40720,40730,00000190,00000190,NULL,'2021-03-29','2021-03-29',0003,1,NULL,4626.00,NULL,'2021-04-12 15:42:57','2021-04-12 15:42:57',NULL),(223,3598,1,4,NULL,NULL,1530,1,NULL,NULL,628,1,NULL,NULL,40720,40730,00000191,00000191,NULL,'2021-03-29','2021-03-29',0003,1,NULL,1159.00,NULL,'2021-04-12 15:42:57','2021-04-12 15:42:57',NULL);
INSERT INTO `receipts` VALUES (224,3598,1,4,NULL,NULL,1530,1,NULL,NULL,628,1,NULL,NULL,40720,40730,00000192,00000192,NULL,'2021-03-29','2021-03-29',0003,1,NULL,1581.00,NULL,'2021-04-12 15:42:57','2021-04-12 15:42:57',NULL),(225,3598,1,4,NULL,NULL,1530,1,NULL,NULL,628,1,NULL,NULL,40720,40730,00000193,00000193,NULL,'2021-03-29','2021-03-29',0003,1,NULL,800.00,NULL,'2021-04-12 15:42:57','2021-04-12 15:42:57',NULL),(226,3598,1,4,NULL,NULL,1530,1,NULL,NULL,628,1,NULL,NULL,40720,40730,00000194,00000194,NULL,'2021-03-29','2021-03-29',0003,1,NULL,2311.46,NULL,'2021-04-12 15:42:57','2021-04-12 15:42:57',NULL),(227,3598,1,4,NULL,NULL,1530,1,NULL,NULL,628,1,NULL,NULL,40720,40730,00000195,00000195,NULL,'2021-03-29','2021-03-29',0003,1,NULL,1618.05,NULL,'2021-04-12 15:42:57','2021-04-12 15:42:57',NULL),(228,3598,1,4,NULL,NULL,1530,1,NULL,NULL,628,1,NULL,NULL,40720,40730,00000196,00000196,NULL,'2021-03-29','2021-03-29',0003,1,NULL,2557.60,NULL,'2021-04-12 15:42:57','2021-04-12 15:42:57',NULL),(229,3598,1,4,NULL,NULL,1530,1,NULL,NULL,628,1,NULL,NULL,40720,40730,00000197,00000197,NULL,'2021-03-29','2021-03-29',0003,1,NULL,2512.00,NULL,'2021-04-12 15:42:57','2021-04-12 15:42:57',NULL),(230,3598,1,4,NULL,NULL,1530,1,NULL,NULL,628,1,NULL,NULL,40720,40730,00000198,00000198,NULL,'2021-03-29','2021-03-29',0003,1,NULL,2819.00,NULL,'2021-04-12 15:42:57','2021-04-12 15:42:57',NULL),(231,3598,1,4,NULL,NULL,1530,1,NULL,NULL,628,1,NULL,NULL,40720,40730,00000199,00000199,NULL,'2021-03-29','2021-03-29',0003,1,NULL,1771.00,NULL,'2021-04-12 15:42:57','2021-04-12 15:42:57',NULL),(232,3598,1,4,NULL,NULL,1530,1,NULL,NULL,628,1,NULL,NULL,40720,40730,00000200,00000200,NULL,'2021-03-29','2021-03-29',0003,1,NULL,377.20,NULL,'2021-04-12 15:42:57','2021-04-12 15:42:57',NULL),(233,3598,1,4,NULL,NULL,1530,1,NULL,NULL,628,1,NULL,NULL,40720,40730,00000201,00000201,NULL,'2021-03-29','2021-03-29',0003,1,NULL,3021.00,NULL,'2021-04-12 15:42:57','2021-04-12 15:42:57',NULL),(234,3598,1,4,NULL,NULL,1530,1,NULL,NULL,628,1,NULL,NULL,40720,40730,00000202,00000202,NULL,'2021-03-29','2021-03-29',0003,1,NULL,803.65,NULL,'2021-04-12 15:42:57','2021-04-12 15:42:57',NULL),(235,3598,1,4,NULL,NULL,1530,1,NULL,NULL,628,1,NULL,NULL,40720,40730,00000203,00000203,NULL,'2021-03-29','2021-03-29',0003,1,NULL,220.00,NULL,'2021-04-12 15:42:57','2021-04-12 15:42:57',NULL),(236,3598,1,4,NULL,NULL,1530,1,NULL,NULL,628,1,NULL,NULL,40720,40730,00000204,00000204,NULL,'2021-03-29','2021-03-29',0003,1,NULL,607.05,NULL,'2021-04-12 15:42:57','2021-04-12 15:42:57',NULL),(237,3598,1,4,NULL,NULL,1530,1,NULL,NULL,628,1,NULL,NULL,40720,40730,00000205,00000205,NULL,'2021-03-30','2021-03-30',0003,1,NULL,3447.70,NULL,'2021-04-12 15:42:57','2021-04-12 15:42:57',NULL),(238,3598,1,4,NULL,NULL,1530,1,NULL,NULL,628,1,NULL,NULL,40720,40730,00000206,00000206,NULL,'2021-03-30','2021-03-30',0003,1,NULL,1792.00,NULL,'2021-04-12 15:42:57','2021-04-12 15:42:57',NULL),(239,3598,1,4,NULL,NULL,1530,1,NULL,NULL,628,1,NULL,NULL,40720,40730,00000207,00000207,NULL,'2021-03-30','2021-03-30',0003,1,NULL,809.94,NULL,'2021-04-12 15:42:57','2021-04-12 15:42:57',NULL),(240,3598,1,4,NULL,NULL,1530,1,NULL,NULL,628,1,NULL,NULL,40720,40730,00000208,00000208,NULL,'2021-03-30','2021-03-30',0003,1,NULL,2254.00,NULL,'2021-04-12 15:42:57','2021-04-12 15:42:57',NULL),(241,3598,1,4,NULL,NULL,1530,1,NULL,NULL,628,1,NULL,NULL,40720,40730,00000209,00000209,NULL,'2021-03-30','2021-03-30',0003,1,NULL,3988.20,NULL,'2021-04-12 15:42:57','2021-04-12 15:42:57',NULL),(242,3598,1,4,NULL,NULL,1530,1,NULL,NULL,628,1,NULL,NULL,40720,40730,00000210,00000210,NULL,'2021-03-31','2021-03-31',0003,1,NULL,1379.99,NULL,'2021-04-12 15:42:57','2021-04-12 15:42:57',NULL),(243,3598,1,4,NULL,NULL,1530,1,NULL,NULL,628,1,NULL,NULL,40720,40730,00000211,00000211,NULL,'2021-03-31','2021-03-31',0003,1,NULL,589.80,NULL,'2021-04-12 15:42:57','2021-04-12 15:42:57',NULL);
INSERT INTO `receipts` VALUES (244,3598,1,4,NULL,NULL,1530,1,NULL,NULL,628,1,NULL,NULL,40720,40730,00000212,00000212,NULL,'2021-03-31','2021-03-31',0003,1,NULL,1675.08,NULL,'2021-04-12 15:42:57','2021-04-12 15:42:57',NULL),(245,3598,1,4,NULL,NULL,1530,1,NULL,NULL,628,1,NULL,NULL,40720,40730,00000213,00000213,NULL,'2021-03-31','2021-03-31',0003,1,NULL,1049.91,NULL,'2021-04-12 15:42:57','2021-04-12 15:42:57',NULL),(246,3598,1,4,NULL,NULL,1530,1,NULL,NULL,628,1,NULL,NULL,40720,40730,00000214,00000214,NULL,'2021-03-31','2021-03-31',0003,1,NULL,1501.00,NULL,'2021-04-12 15:42:57','2021-04-12 15:42:57',NULL),(247,3598,2,2,NULL,NULL,1530,1,217,NULL,628,1,NULL,NULL,40720,40721,00000178,00000178,NULL,'2021-03-08','2021-03-08',0008,1,NULL,23259.42,NULL,'2021-04-19 15:12:28','2021-04-19 15:12:28',NULL),(248,3598,1,1,NULL,NULL,3040,1,NULL,NULL,210,1,NULL,NULL,40733,40734,00000343,00000343,NULL,'2021-01-05','2021-01-05',0003,1,NULL,31316.62,NULL,'2021-04-20 17:34:43','2021-04-20 17:34:43',NULL),(249,3598,1,1,NULL,NULL,3040,1,NULL,NULL,210,1,NULL,NULL,40733,40735,00000344,00000344,NULL,'2021-01-08','2021-01-08',0003,1,NULL,55950.40,NULL,'2021-04-20 17:34:43','2021-04-20 17:34:43',NULL),(250,3598,1,1,NULL,NULL,3040,1,NULL,NULL,210,1,NULL,NULL,40733,40736,00000345,00000345,NULL,'2021-01-08','2021-01-08',0003,1,NULL,57927.54,NULL,'2021-04-20 17:34:43','2021-04-20 17:34:43',NULL),(251,3598,1,4,NULL,NULL,3040,1,NULL,NULL,210,1,NULL,NULL,40733,40737,00000039,00000039,NULL,'2021-01-08','2021-01-08',0003,1,NULL,53262.08,NULL,'2021-04-20 17:34:43','2021-04-20 17:34:43',NULL),(252,3598,1,1,NULL,NULL,3040,1,NULL,NULL,210,1,NULL,NULL,40733,40738,00000346,00000346,NULL,'2021-01-20','2021-01-20',0003,1,NULL,41672.40,NULL,'2021-04-20 17:34:43','2021-04-20 17:34:43',NULL),(253,3598,1,1,NULL,NULL,3040,1,NULL,NULL,210,1,NULL,NULL,40733,40739,00000347,00000347,NULL,'2021-01-20','2021-01-20',0003,1,NULL,27577.11,NULL,'2021-04-20 17:34:43','2021-04-20 17:34:43',NULL),(254,3598,1,4,NULL,NULL,3040,1,NULL,NULL,210,1,NULL,NULL,40733,40740,00000040,00000040,NULL,'2021-01-20','2021-01-20',0003,1,NULL,20894.28,NULL,'2021-04-20 17:34:43','2021-04-20 17:34:43',NULL),(255,3598,1,1,NULL,NULL,3040,1,NULL,NULL,210,1,NULL,NULL,40733,40741,00000348,00000348,NULL,'2021-01-22','2021-01-22',0003,1,NULL,48400.61,NULL,'2021-04-20 17:34:43','2021-04-20 17:34:43',NULL),(256,3598,1,1,NULL,NULL,3040,1,NULL,NULL,210,1,NULL,NULL,40733,40735,00000349,00000349,NULL,'2021-01-25','2021-01-25',0003,1,NULL,433256.23,NULL,'2021-04-20 17:34:43','2021-04-20 17:34:43',NULL),(257,3598,1,1,NULL,NULL,3040,1,NULL,NULL,210,1,NULL,NULL,40733,40742,00000350,00000350,NULL,'2021-01-25','2021-01-25',0003,1,NULL,55660.00,NULL,'2021-04-20 17:34:43','2021-04-20 17:34:43',NULL),(258,3598,1,1,NULL,NULL,3040,1,NULL,NULL,210,1,NULL,NULL,40733,40743,00000351,00000351,NULL,'2021-01-26','2021-01-26',0003,1,NULL,25312.71,NULL,'2021-04-20 17:34:43','2021-04-20 17:34:43',NULL),(259,3598,1,1,NULL,NULL,3040,1,NULL,NULL,210,1,NULL,NULL,40733,40744,00000352,00000352,NULL,'2021-01-26','2021-01-26',0003,1,NULL,50040.76,NULL,'2021-04-20 17:34:43','2021-04-20 17:34:43',NULL),(260,3598,1,1,NULL,NULL,3040,1,NULL,NULL,210,1,NULL,NULL,40733,40745,00000353,00000353,NULL,'2021-01-26','2021-01-26',0003,1,NULL,54527.69,NULL,'2021-04-20 17:34:43','2021-04-20 17:34:43',NULL),(261,3598,1,1,NULL,NULL,3040,1,NULL,NULL,210,1,NULL,NULL,40733,40746,00000354,00000354,NULL,'2021-01-26','2021-01-26',0003,1,NULL,110656.92,NULL,'2021-04-20 17:34:43','2021-04-20 17:34:43',NULL),(262,3598,1,1,NULL,NULL,3040,1,NULL,NULL,210,1,NULL,NULL,40733,40747,00000355,00000355,NULL,'2021-01-26','2021-01-26',0003,1,NULL,71725.17,NULL,'2021-04-20 17:34:43','2021-04-20 17:34:43',NULL),(263,3598,1,1,NULL,NULL,3040,1,NULL,NULL,210,1,NULL,NULL,40733,40748,00000356,00000356,NULL,'2021-01-29','2021-01-29',0003,1,NULL,78931.81,NULL,'2021-04-20 17:34:43','2021-04-20 17:34:43',NULL);
INSERT INTO `receipts` VALUES (264,3598,1,1,NULL,NULL,3040,1,NULL,NULL,210,1,NULL,NULL,40733,40749,00000357,00000357,NULL,'2021-01-29','2021-01-29',0003,1,NULL,115329.94,NULL,'2021-04-20 17:34:43','2021-04-20 17:34:43',NULL),(265,3598,2,7,NULL,NULL,3040,1,250,NULL,210,1,NULL,NULL,40733,40750,00029091,00029091,NULL,'2021-01-04','2021-01-04',0106,1,NULL,300.00,NULL,'2021-04-20 17:34:54','2021-04-20 17:34:54',NULL),(266,3598,2,7,NULL,NULL,3040,1,250,NULL,210,1,NULL,NULL,40733,40719,00000095,00000095,NULL,'2021-01-04','2021-01-04',0002,1,NULL,16000.00,NULL,'2021-04-20 17:34:54','2021-04-20 17:34:54',NULL),(267,3598,2,3,NULL,NULL,3040,1,217,NULL,210,1,NULL,NULL,40733,40751,00023038,00023038,NULL,'2021-01-05','2021-01-05',2300,1,NULL,500.01,NULL,'2021-04-20 17:34:54','2021-04-20 17:34:54',NULL),(268,3598,2,1,NULL,NULL,3040,1,217,NULL,210,1,NULL,NULL,40733,40752,00001034,00001034,NULL,'2021-01-05','2021-01-05',0002,1,NULL,33123.75,NULL,'2021-04-20 17:34:54','2021-04-20 17:34:54',NULL),(269,3598,2,1,NULL,NULL,3040,1,217,NULL,210,1,NULL,NULL,40733,40753,00006487,00006487,NULL,'2021-01-06','2021-01-06',0005,1,NULL,4156.30,NULL,'2021-04-20 17:34:54','2021-04-20 17:34:54',NULL),(270,3598,2,1,NULL,NULL,3040,1,217,NULL,210,1,NULL,NULL,40733,40751,00006745,00006745,NULL,'2021-01-07','2021-01-07',2339,1,NULL,680.00,NULL,'2021-04-20 17:34:54','2021-04-20 17:34:54',NULL),(271,3598,2,1,NULL,NULL,3040,1,217,NULL,210,1,NULL,NULL,40733,40751,00003722,00003722,NULL,'2021-01-07','2021-01-07',2319,1,NULL,1140.00,NULL,'2021-04-20 17:34:54','2021-04-20 17:34:54',NULL),(272,3598,2,1,NULL,NULL,3040,1,217,NULL,210,1,NULL,NULL,40733,40754,00015649,00015649,NULL,'2021-01-07','2021-01-07',0004,1,NULL,70943.35,NULL,'2021-04-20 17:34:54','2021-04-20 17:34:54',NULL),(273,3598,2,1,NULL,NULL,3040,1,217,NULL,210,1,NULL,NULL,40733,40751,00004296,00004296,NULL,'2021-01-08','2021-01-08',2379,1,NULL,900.00,NULL,'2021-04-20 17:34:54','2021-04-20 17:34:54',NULL),(274,3598,2,3,NULL,NULL,3040,1,217,NULL,210,1,NULL,NULL,40733,40752,00000041,00000041,NULL,'2021-01-08','2021-01-08',0002,1,NULL,33123.75,NULL,'2021-04-20 17:34:54','2021-04-20 17:34:54',NULL),(275,3598,2,1,NULL,NULL,3040,1,217,NULL,210,1,NULL,NULL,40733,40751,00006568,00006568,NULL,'2021-01-19','2021-01-19',2376,1,NULL,570.01,NULL,'2021-04-20 17:34:54','2021-04-20 17:34:54',NULL),(276,3598,2,1,NULL,NULL,3040,1,217,NULL,210,1,NULL,NULL,40733,40751,00003835,00003835,NULL,'2021-01-19','2021-01-19',2319,1,NULL,569.99,NULL,'2021-04-20 17:34:54','2021-04-20 17:34:54',NULL),(277,3598,2,1,NULL,NULL,3040,1,217,NULL,210,1,NULL,NULL,40733,40731,00156631,00156631,NULL,'2021-01-19','2021-01-19',0045,1,NULL,37849.23,NULL,'2021-04-20 17:34:54','2021-04-20 17:34:54',NULL),(278,3598,2,1,NULL,NULL,3040,1,217,NULL,210,1,NULL,NULL,40733,40751,00004075,00004075,NULL,'2021-01-19','2021-01-19',2338,1,NULL,569.99,NULL,'2021-04-20 17:34:54','2021-04-20 17:34:54',NULL),(279,3598,2,1,NULL,NULL,3040,1,217,NULL,210,1,NULL,NULL,40733,40755,00002003,00002003,NULL,'2021-01-19','2021-01-19',0003,1,NULL,28923.84,NULL,'2021-04-20 17:34:54','2021-04-20 17:34:54',NULL),(280,3598,2,1,NULL,NULL,3040,1,217,NULL,210,1,NULL,NULL,40733,40751,00006868,00006868,NULL,'2021-01-20','2021-01-20',2302,1,NULL,2810.00,NULL,'2021-04-20 17:34:54','2021-04-20 17:34:54',NULL),(281,3598,2,1,NULL,NULL,3040,1,217,NULL,210,1,NULL,NULL,40733,40756,00002211,00002211,NULL,'2021-01-20','2021-01-20',0007,1,NULL,18634.00,NULL,'2021-04-20 17:34:54','2021-04-20 17:34:54',NULL),(282,3598,2,1,NULL,NULL,3040,1,217,NULL,210,1,NULL,NULL,40733,40757,00001812,00001812,NULL,'2021-01-21','2021-01-21',0002,1,NULL,11325.60,NULL,'2021-04-20 17:34:54','2021-04-20 17:34:54',NULL),(283,3598,2,1,NULL,NULL,3040,1,217,NULL,210,1,NULL,NULL,40733,40751,00002276,00002276,NULL,'2021-01-22','2021-01-22',2412,1,NULL,5760.00,NULL,'2021-04-20 17:34:54','2021-04-20 17:34:54',NULL),(284,3598,2,1,NULL,NULL,3040,1,217,NULL,210,1,NULL,NULL,40733,40751,00006954,00006954,NULL,'2021-01-22','2021-01-22',2339,1,NULL,1060.00,NULL,'2021-04-20 17:34:54','2021-04-20 17:34:54',NULL);
INSERT INTO `receipts` VALUES (285,3598,2,1,NULL,NULL,3040,1,217,NULL,210,1,NULL,NULL,40733,40758,00002940,00002940,NULL,'2021-01-22','2021-01-22',0010,1,NULL,59722.42,NULL,'2021-04-20 17:34:54','2021-04-20 17:34:54',NULL),(286,3598,2,1,NULL,NULL,3040,1,217,NULL,210,1,NULL,NULL,40733,40751,00002146,00002146,NULL,'2021-01-25','2021-01-25',2404,1,NULL,570.01,NULL,'2021-04-20 17:34:54','2021-04-20 17:34:54',NULL),(287,3598,2,1,NULL,NULL,3040,1,217,NULL,210,1,NULL,NULL,40733,40751,00004297,00004297,NULL,'2021-01-25','2021-01-25',2447,1,NULL,570.01,NULL,'2021-04-20 17:34:54','2021-04-20 17:34:54',NULL),(288,3598,2,8,NULL,NULL,3040,1,250,NULL,210,1,NULL,NULL,40733,40750,00000639,00000639,NULL,'2021-01-25','2021-01-25',0106,1,NULL,12.00,NULL,'2021-04-20 17:34:55','2021-04-20 17:34:55',NULL),(289,3598,2,1,NULL,NULL,3040,1,217,NULL,210,1,NULL,NULL,40733,40759,00003298,00003298,NULL,'2021-01-25','2021-01-25',0008,1,NULL,70895.17,NULL,'2021-04-20 17:34:55','2021-04-20 17:34:55',NULL),(290,3598,2,1,NULL,NULL,3040,1,217,NULL,210,1,NULL,NULL,40733,40751,00002719,00002719,NULL,'2021-01-26','2021-01-26',2326,1,NULL,1060.00,NULL,'2021-04-20 17:34:55','2021-04-20 17:34:55',NULL),(291,3598,2,1,NULL,NULL,3040,1,217,NULL,210,1,NULL,NULL,40733,40751,00002718,00002718,NULL,'2021-01-26','2021-01-26',2326,1,NULL,570.01,NULL,'2021-04-20 17:34:55','2021-04-20 17:34:55',NULL),(292,3598,2,1,NULL,NULL,3040,1,217,NULL,210,1,NULL,NULL,40733,40751,00000124,00000124,NULL,'2021-01-26','2021-01-26',2463,1,NULL,810.00,NULL,'2021-04-20 17:34:55','2021-04-20 17:34:55',NULL),(293,3598,2,3,NULL,NULL,3040,1,217,NULL,210,1,NULL,NULL,40733,40751,00024442,00024442,NULL,'2021-01-26','2021-01-26',2300,1,NULL,570.01,NULL,'2021-04-20 17:34:55','2021-04-20 17:34:55',NULL),(294,3598,2,1,NULL,NULL,3040,1,217,NULL,210,1,NULL,NULL,40733,40751,00007008,00007008,NULL,'2021-01-26','2021-01-26',2339,1,NULL,2049.99,NULL,'2021-04-20 17:34:55','2021-04-20 17:34:55',NULL),(295,3598,2,1,NULL,NULL,3040,1,217,NULL,210,1,NULL,NULL,40733,40751,00007009,00007009,NULL,'2021-01-26','2021-01-26',2339,1,NULL,1060.01,NULL,'2021-04-20 17:34:55','2021-04-20 17:34:55',NULL),(296,3598,2,1,NULL,NULL,3040,1,217,NULL,210,1,NULL,NULL,40733,40751,00007038,00007038,NULL,'2021-01-27','2021-01-27',2339,1,NULL,1559.99,NULL,'2021-04-20 17:34:55','2021-04-20 17:34:55',NULL),(297,3598,2,1,NULL,NULL,3040,1,217,NULL,210,1,NULL,NULL,40733,40751,00007039,00007039,NULL,'2021-01-27','2021-01-27',2339,1,NULL,569.99,NULL,'2021-04-20 17:34:55','2021-04-20 17:34:55',NULL),(298,3598,2,1,NULL,NULL,3040,1,217,NULL,210,1,NULL,NULL,40733,40751,00007047,00007047,NULL,'2021-01-27','2021-01-27',2339,1,NULL,1060.01,NULL,'2021-04-20 17:34:55','2021-04-20 17:34:55',NULL),(299,3598,2,1,NULL,NULL,3040,1,217,NULL,210,1,NULL,NULL,40733,40751,00002303,00002303,NULL,'2021-01-27','2021-01-27',2412,1,NULL,1540.00,NULL,'2021-04-20 17:34:55','2021-04-20 17:34:55',NULL),(300,3598,2,3,NULL,NULL,3040,1,217,NULL,210,1,NULL,NULL,40733,40751,00024481,00024481,NULL,'2021-01-27','2021-01-27',2300,1,NULL,1559.99,NULL,'2021-04-20 17:34:55','2021-04-20 17:34:55',NULL),(301,3598,2,7,NULL,NULL,3040,1,250,NULL,210,1,NULL,NULL,40733,40719,00000099,00000099,NULL,'2021-01-27','2021-01-27',0002,1,NULL,19500.00,NULL,'2021-04-20 17:34:55','2021-04-20 17:34:55',NULL),(302,3598,2,1,NULL,NULL,3040,1,217,NULL,210,1,NULL,NULL,40733,40751,00009690,00009690,NULL,'2021-01-28','2021-01-28',2318,1,NULL,810.00,NULL,'2021-04-20 17:34:55','2021-04-20 17:34:55',NULL),(303,3598,2,1,NULL,NULL,3040,1,217,NULL,210,1,NULL,NULL,40733,40757,00001819,00001819,NULL,'2021-01-28','2021-01-28',0002,1,NULL,174675.60,NULL,'2021-04-20 17:34:55','2021-04-20 17:34:55',NULL),(304,3598,2,7,NULL,NULL,3040,1,250,NULL,210,1,NULL,NULL,40733,40760,00000023,00000023,NULL,'2021-01-28','2021-01-28',0001,1,NULL,80000.00,NULL,'2021-04-20 17:34:55','2021-04-20 17:34:55',NULL),(305,3598,2,1,NULL,NULL,3040,1,217,NULL,210,1,NULL,NULL,40733,40756,00002220,00002220,NULL,'2021-01-28','2021-01-28',0007,1,NULL,182105.00,NULL,'2021-04-20 17:34:55','2021-04-20 17:34:55',NULL);
INSERT INTO `receipts` VALUES (306,3598,2,1,NULL,NULL,3040,1,217,NULL,210,1,NULL,NULL,40733,40751,00007078,00007078,NULL,'2021-01-29','2021-01-29',2339,1,NULL,3040.00,NULL,'2021-04-20 17:34:55','2021-04-20 17:34:55',NULL),(307,3598,2,1,NULL,NULL,3040,1,217,NULL,210,1,NULL,NULL,40733,40761,00041603,00041603,NULL,'2021-01-29','2021-01-29',0004,1,NULL,1100.00,NULL,'2021-04-20 17:34:55','2021-04-20 17:34:55',NULL),(308,3598,1,1,NULL,NULL,3041,1,NULL,NULL,210,1,NULL,NULL,40733,40762,00000358,00000358,NULL,'2021-02-08','2021-02-08',0003,1,NULL,67082.40,NULL,'2021-04-20 17:38:08','2021-04-20 17:38:08',NULL),(309,3598,1,1,NULL,NULL,3041,1,NULL,NULL,210,1,NULL,NULL,40733,40739,00000359,00000359,NULL,'2021-02-11','2021-02-11',0003,1,NULL,12724.36,NULL,'2021-04-20 17:38:08','2021-04-20 17:38:08',NULL),(310,3598,1,1,NULL,NULL,3041,1,NULL,NULL,210,1,NULL,NULL,40733,40763,00000360,00000360,NULL,'2021-02-11','2021-02-11',0003,1,NULL,14075.93,NULL,'2021-04-20 17:38:08','2021-04-20 17:38:08',NULL),(311,3598,1,4,NULL,NULL,3041,1,NULL,NULL,210,1,NULL,NULL,40733,40730,00000041,00000041,NULL,'2021-02-11','2021-02-11',0003,1,NULL,8698.69,NULL,'2021-04-20 17:38:08','2021-04-20 17:38:08',NULL),(312,3598,1,1,NULL,NULL,3041,1,NULL,NULL,210,1,NULL,NULL,40733,40764,00000361,00000361,NULL,'2021-02-12','2021-02-12',0003,1,NULL,78737.12,NULL,'2021-04-20 17:38:08','2021-04-20 17:38:08',NULL),(313,3598,1,1,NULL,NULL,3041,1,NULL,NULL,210,1,NULL,NULL,40733,40765,00000362,00000362,NULL,'2021-02-18','2021-02-18',0003,1,NULL,86074.56,NULL,'2021-04-20 17:38:08','2021-04-20 17:38:08',NULL),(314,3598,1,1,NULL,NULL,3041,1,NULL,NULL,210,1,NULL,NULL,40733,40746,00000363,00000363,NULL,'2021-02-22','2021-02-22',0003,1,NULL,101595.23,NULL,'2021-04-20 17:38:08','2021-04-20 17:38:08',NULL),(315,3598,1,1,NULL,NULL,3041,1,NULL,NULL,210,1,NULL,NULL,40733,40736,00000364,00000364,NULL,'2021-02-22','2021-02-22',0003,1,NULL,66696.41,NULL,'2021-04-20 17:38:09','2021-04-20 17:38:09',NULL),(316,3598,1,1,NULL,NULL,3041,1,NULL,NULL,210,1,NULL,NULL,40733,40739,00000365,00000365,NULL,'2021-02-26','2021-02-26',0003,1,NULL,58256.66,NULL,'2021-04-20 17:38:09','2021-04-20 17:38:09',NULL),(317,3598,1,1,NULL,NULL,3041,1,NULL,NULL,210,1,NULL,NULL,40733,40766,00000366,00000366,NULL,'2021-02-26','2021-02-26',0003,1,NULL,79696.65,NULL,'2021-04-20 17:38:09','2021-04-20 17:38:09',NULL),(318,3598,1,1,NULL,NULL,3041,1,NULL,NULL,210,1,NULL,NULL,40733,40767,00000367,00000367,NULL,'2021-02-26','2021-02-26',0003,1,NULL,203072.36,NULL,'2021-04-20 17:38:09','2021-04-20 17:38:09',NULL),(319,3598,1,4,NULL,NULL,3041,1,NULL,NULL,210,1,NULL,NULL,40733,40768,00000042,00000042,NULL,'2021-02-26','2021-02-26',0003,1,NULL,35846.25,NULL,'2021-04-20 17:38:09','2021-04-20 17:38:09',NULL),(320,3598,2,1,NULL,NULL,3041,1,217,NULL,210,1,NULL,NULL,40733,40769,00055458,00055458,NULL,'2021-02-01','2021-02-01',0005,1,NULL,250179.60,NULL,'2021-04-20 17:38:20','2021-04-20 17:38:20',NULL),(321,3598,2,1,NULL,NULL,3041,1,217,NULL,210,1,NULL,NULL,40733,40751,00003971,00003971,NULL,'2021-02-01','2021-02-01',2319,1,NULL,569.99,NULL,'2021-04-20 17:38:20','2021-04-20 17:38:20',NULL),(322,3598,2,1,NULL,NULL,3041,1,217,NULL,210,1,NULL,NULL,40733,40751,00007096,00007096,NULL,'2021-02-01','2021-02-01',2339,1,NULL,1060.00,NULL,'2021-04-20 17:38:20','2021-04-20 17:38:20',NULL),(323,3598,2,1,NULL,NULL,3041,1,217,NULL,210,1,NULL,NULL,40733,40751,00007097,00007097,NULL,'2021-02-01','2021-02-01',2339,1,NULL,569.99,NULL,'2021-04-20 17:38:20','2021-04-20 17:38:20',NULL),(324,3598,2,1,NULL,NULL,3041,1,217,NULL,210,1,NULL,NULL,40733,40751,00002352,00002352,NULL,'2021-02-02','2021-02-02',2412,1,NULL,2550.00,NULL,'2021-04-20 17:38:20','2021-04-20 17:38:20',NULL),(325,3598,2,1,NULL,NULL,3041,1,217,NULL,210,1,NULL,NULL,40733,40751,00007112,00007112,NULL,'2021-02-02','2021-02-02',2339,1,NULL,569.99,NULL,'2021-04-20 17:38:20','2021-04-20 17:38:20',NULL);
INSERT INTO `receipts` VALUES (326,3598,2,1,NULL,NULL,3041,1,217,NULL,210,1,NULL,NULL,40733,40751,00003505,00003505,NULL,'2021-02-03','2021-02-03',2406,1,NULL,1559.99,NULL,'2021-04-20 17:38:20','2021-04-20 17:38:20',NULL),(327,3598,2,1,NULL,NULL,3041,1,217,NULL,210,1,NULL,NULL,40733,40751,00007493,00007493,NULL,'2021-02-04','2021-02-04',2386,1,NULL,570.01,NULL,'2021-04-20 17:38:20','2021-04-20 17:38:20',NULL),(328,3598,2,1,NULL,NULL,3041,1,217,NULL,210,1,NULL,NULL,40733,40743,00000452,00000452,NULL,'2021-02-06','2021-02-06',0002,1,NULL,50426.75,NULL,'2021-04-20 17:38:20','2021-04-20 17:38:20',NULL),(329,3598,2,1,NULL,NULL,3041,1,217,NULL,210,1,NULL,NULL,40733,40751,00007216,00007216,NULL,'2021-02-09','2021-02-09',2339,1,NULL,570.01,NULL,'2021-04-20 17:38:20','2021-04-20 17:38:20',NULL),(330,3598,2,3,NULL,NULL,3041,1,217,NULL,210,1,NULL,NULL,40733,40751,00025337,00025337,NULL,'2021-02-09','2021-02-09',2300,1,NULL,1540.00,NULL,'2021-04-20 17:38:20','2021-04-20 17:38:20',NULL),(331,3598,2,1,NULL,NULL,3041,1,217,NULL,210,1,NULL,NULL,40733,40751,00000157,00000157,NULL,'2021-02-10','2021-02-10',2463,1,NULL,569.99,NULL,'2021-04-20 17:38:20','2021-04-20 17:38:20',NULL),(332,3598,2,1,NULL,NULL,3041,1,217,NULL,210,1,NULL,NULL,40733,40751,00006537,00006537,NULL,'2021-02-11','2021-02-11',2389,1,NULL,570.01,NULL,'2021-04-20 17:38:20','2021-04-20 17:38:20',NULL),(333,3598,2,1,NULL,NULL,3041,1,217,NULL,210,1,NULL,NULL,40733,40752,00001041,00001041,NULL,'2021-02-17','2021-02-17',0002,1,NULL,109405.05,NULL,'2021-04-20 17:38:20','2021-04-20 17:38:20',NULL),(334,3598,2,1,NULL,NULL,3041,1,217,NULL,210,1,NULL,NULL,40733,40751,00004682,00004682,NULL,'2021-02-18','2021-02-18',2379,1,NULL,3509.99,NULL,'2021-04-20 17:38:20','2021-04-20 17:38:20',NULL),(335,3598,2,1,NULL,NULL,3041,1,217,NULL,210,1,NULL,NULL,40733,40751,00001931,00001931,NULL,'2021-02-19','2021-02-19',2377,1,NULL,570.01,NULL,'2021-04-20 17:38:20','2021-04-20 17:38:20',NULL),(336,3598,2,1,NULL,NULL,3041,1,217,NULL,210,1,NULL,NULL,40733,40751,00007348,00007348,NULL,'2021-02-19','2021-02-19',2302,1,NULL,569.99,NULL,'2021-04-20 17:38:20','2021-04-20 17:38:20',NULL),(337,3598,2,1,NULL,NULL,3041,1,217,NULL,210,1,NULL,NULL,40733,40770,00000175,00000175,NULL,'2021-02-24','2021-02-24',0002,1,NULL,107329.57,NULL,'2021-04-20 17:38:20','2021-04-20 17:38:20',NULL),(338,3598,2,1,NULL,NULL,3041,1,217,NULL,210,1,NULL,NULL,40733,40751,00002851,00002851,NULL,'2021-02-25','2021-02-25',2317,1,NULL,909.99,NULL,'2021-04-20 17:38:20','2021-04-20 17:38:20',NULL),(339,3598,2,1,NULL,NULL,3041,1,217,NULL,210,1,NULL,NULL,40733,40755,00002037,00002037,NULL,'2021-02-25','2021-02-25',0003,1,NULL,12938.65,NULL,'2021-04-20 17:38:20','2021-04-20 17:38:20',NULL),(340,3598,2,1,NULL,NULL,3041,1,217,NULL,210,1,NULL,NULL,40733,40751,00004571,00004571,NULL,'2021-02-26','2021-02-26',2338,1,NULL,1559.99,NULL,'2021-04-20 17:38:20','2021-04-20 17:38:20',NULL),(341,3598,2,1,NULL,NULL,3041,1,217,NULL,210,1,NULL,NULL,40733,40751,00007426,00007426,NULL,'2021-02-26','2021-02-26',2339,1,NULL,569.99,NULL,'2021-04-20 17:38:20','2021-04-20 17:38:20',NULL),(342,3598,2,1,NULL,NULL,3041,1,217,NULL,210,1,NULL,NULL,40733,40771,00033390,00033390,NULL,'2021-02-27','2021-02-27',0012,1,NULL,529.53,NULL,'2021-04-20 17:38:20','2021-04-20 17:38:20',NULL),(343,3598,1,1,NULL,NULL,3042,1,NULL,NULL,210,1,NULL,NULL,40733,40772,00000368,00000368,NULL,'2021-03-03','2021-03-03',0003,1,NULL,173932.66,NULL,'2021-04-20 18:08:05','2021-04-20 18:08:05',NULL),(344,3598,1,1,NULL,NULL,3042,1,NULL,NULL,210,1,NULL,NULL,40733,40773,00000369,00000369,NULL,'2021-03-05','2021-03-05',0003,1,NULL,53492.89,NULL,'2021-04-20 18:08:05','2021-04-20 18:08:05',NULL),(345,3598,1,1,NULL,NULL,3042,1,NULL,NULL,210,1,NULL,NULL,40733,40774,00000370,00000370,NULL,'2021-03-08','2021-03-08',0003,1,NULL,44296.89,NULL,'2021-04-20 18:08:05','2021-04-20 18:08:05',NULL),(346,3598,1,1,NULL,NULL,3042,1,NULL,NULL,210,1,NULL,NULL,40733,40775,00000371,00000371,NULL,'2021-03-10','2021-03-10',0003,1,NULL,37374.48,NULL,'2021-04-20 18:08:05','2021-04-20 18:08:05',NULL);
INSERT INTO `receipts` VALUES (347,3598,1,1,NULL,NULL,3042,1,NULL,NULL,210,1,NULL,NULL,40733,40776,00000372,00000372,NULL,'2021-03-10','2021-03-10',0003,1,NULL,33531.52,NULL,'2021-04-20 18:08:05','2021-04-20 18:08:05',NULL),(348,3598,1,1,NULL,NULL,3042,1,NULL,NULL,210,1,NULL,NULL,40733,40734,00000373,00000373,NULL,'2021-03-10','2021-03-10',0003,1,NULL,48229.38,NULL,'2021-04-20 18:08:05','2021-04-20 18:08:05',NULL),(349,3598,1,1,NULL,NULL,3042,1,NULL,NULL,210,1,NULL,NULL,40733,40744,00000374,00000374,NULL,'2021-03-16','2021-03-16',0003,1,NULL,36239.50,NULL,'2021-04-20 18:08:05','2021-04-20 18:08:05',NULL),(350,3598,1,1,NULL,NULL,3042,1,NULL,NULL,210,1,NULL,NULL,40733,40745,00000375,00000375,NULL,'2021-03-17','2021-03-17',0003,1,NULL,68258.52,NULL,'2021-04-20 18:08:05','2021-04-20 18:08:05',NULL),(351,3598,1,1,NULL,NULL,3042,1,NULL,NULL,210,1,NULL,NULL,40733,40741,00000376,00000376,NULL,'2021-03-17','2021-03-17',0003,1,NULL,40061.89,NULL,'2021-04-20 18:08:05','2021-04-20 18:08:05',NULL),(352,3598,1,1,NULL,NULL,3042,1,NULL,NULL,210,1,NULL,NULL,40733,40777,00000377,00000377,NULL,'2021-03-18','2021-03-18',0003,1,NULL,110404.03,NULL,'2021-04-20 18:08:05','2021-04-20 18:08:05',NULL),(353,3598,1,1,NULL,NULL,3042,1,NULL,NULL,210,1,NULL,NULL,40733,40778,00000378,00000378,NULL,'2021-03-18','2021-03-18',0003,1,NULL,3061.30,NULL,'2021-04-20 18:08:05','2021-04-20 18:08:05',NULL),(354,3598,1,1,NULL,NULL,3042,1,NULL,NULL,210,1,NULL,NULL,40733,40763,00000379,00000379,NULL,'2021-03-19','2021-03-19',0003,1,NULL,18815.50,NULL,'2021-04-20 18:08:05','2021-04-20 18:08:05',NULL),(355,3598,1,1,NULL,NULL,3042,1,NULL,NULL,210,1,NULL,NULL,40733,40736,00000380,00000380,NULL,'2021-03-23','2021-03-23',0003,1,NULL,86378.27,NULL,'2021-04-20 18:08:05','2021-04-20 18:08:05',NULL),(356,3598,1,1,NULL,NULL,3042,1,NULL,NULL,210,1,NULL,NULL,40733,40779,00000381,00000381,NULL,'2021-03-23','2021-03-23',0003,1,NULL,112584.09,NULL,'2021-04-20 18:08:05','2021-04-20 18:08:05',NULL),(357,3598,1,1,NULL,NULL,3042,1,NULL,NULL,210,1,NULL,NULL,40733,40780,00000382,00000382,NULL,'2021-03-23','2021-03-23',0003,1,NULL,28683.05,NULL,'2021-04-20 18:08:05','2021-04-20 18:08:05',NULL),(358,3598,1,1,NULL,NULL,3042,1,NULL,NULL,210,1,NULL,NULL,40733,40781,00000383,00000383,NULL,'2021-03-25','2021-03-25',0003,1,NULL,41298.51,NULL,'2021-04-20 18:08:05','2021-04-20 18:08:05',NULL),(359,3598,1,3,NULL,NULL,3042,1,NULL,NULL,210,1,NULL,NULL,40733,40766,00000005,00000005,NULL,'2021-03-25','2021-03-25',0003,1,NULL,6776.00,NULL,'2021-04-20 18:08:05','2021-04-20 18:08:05',NULL),(360,3598,1,1,NULL,NULL,3042,1,NULL,NULL,210,1,NULL,NULL,40733,40738,00000384,00000384,NULL,'2021-03-26','2021-03-26',0003,1,NULL,49951.22,NULL,'2021-04-20 18:08:05','2021-04-20 18:08:05',NULL),(361,3598,1,1,NULL,NULL,3042,1,NULL,NULL,210,1,NULL,NULL,40733,40746,00000385,00000385,NULL,'2021-03-29','2021-03-29',0003,1,NULL,120641.84,NULL,'2021-04-20 18:08:05','2021-04-20 18:08:05',NULL),(362,3598,1,1,NULL,NULL,3042,1,NULL,NULL,210,1,NULL,NULL,40733,40767,00000386,00000386,NULL,'2021-03-31','2021-03-31',0003,1,NULL,139995.31,NULL,'2021-04-20 18:08:05','2021-04-20 18:08:05',NULL),(363,3598,2,1,NULL,NULL,3042,1,217,NULL,210,1,NULL,NULL,40733,40751,00002920,00002920,NULL,'2021-03-01','2021-03-01',2317,1,NULL,569.99,NULL,'2021-04-20 18:08:13','2021-04-20 18:08:13',NULL),(364,3598,2,1,NULL,NULL,3042,1,217,NULL,210,1,NULL,NULL,40733,40751,00002374,00002374,NULL,'2021-03-01','2021-03-01',2404,1,NULL,1489.99,NULL,'2021-04-20 18:08:13','2021-04-20 18:08:13',NULL),(365,3598,2,7,NULL,NULL,3042,1,250,NULL,210,1,NULL,NULL,40733,40719,00000108,00000108,NULL,'2021-03-01','2021-03-01',0002,1,NULL,19500.00,NULL,'2021-04-20 18:08:13','2021-04-20 18:08:13',NULL),(366,3598,2,1,NULL,NULL,3042,1,217,NULL,210,1,NULL,NULL,40733,40770,00000185,00000185,NULL,'2021-03-02','2021-03-02',0002,1,NULL,96596.85,NULL,'2021-04-20 18:08:13','2021-04-20 18:08:13',NULL);
INSERT INTO `receipts` VALUES (367,3598,2,3,NULL,NULL,3042,1,217,NULL,210,1,NULL,NULL,40733,40770,00000012,00000012,NULL,'2021-03-02','2021-03-02',0002,1,NULL,107329.57,NULL,'2021-04-20 18:08:13','2021-04-20 18:08:13',NULL),(368,3598,2,3,NULL,NULL,3042,1,217,NULL,210,1,NULL,NULL,40733,40751,00026770,00026770,NULL,'2021-03-03','2021-03-03',2300,1,NULL,909.99,NULL,'2021-04-20 18:08:13','2021-04-20 18:08:13',NULL),(369,3598,2,1,NULL,NULL,3042,1,217,NULL,210,1,NULL,NULL,40733,40751,00007472,00007472,NULL,'2021-03-03','2021-03-03',2339,1,NULL,569.99,NULL,'2021-04-20 18:08:13','2021-04-20 18:08:13',NULL),(370,3598,2,1,NULL,NULL,3042,1,217,NULL,210,1,NULL,NULL,40733,40782,00004037,00004037,NULL,'2021-03-03','2021-03-03',0003,1,NULL,135979.80,NULL,'2021-04-20 18:08:13','2021-04-20 18:08:13',NULL),(371,3598,2,1,NULL,NULL,3042,1,217,NULL,210,1,NULL,NULL,40733,40757,00001849,00001849,NULL,'2021-03-04','2021-03-04',0002,1,NULL,53953.90,NULL,'2021-04-20 18:08:13','2021-04-20 18:08:13',NULL),(372,3598,2,3,NULL,NULL,3042,1,217,NULL,210,1,NULL,NULL,40733,40782,00000430,00000430,NULL,'2021-03-04','2021-03-04',0003,1,NULL,11591.80,NULL,'2021-04-20 18:08:13','2021-04-20 18:08:13',NULL),(373,3598,2,1,NULL,NULL,3042,1,217,NULL,210,1,NULL,NULL,40733,40751,00004676,00004676,NULL,'2021-03-05','2021-03-05',2338,1,NULL,1060.01,NULL,'2021-04-20 18:08:14','2021-04-20 18:08:14',NULL),(374,3598,2,1,NULL,NULL,3042,1,217,NULL,210,1,NULL,NULL,40733,40751,00004839,00004839,NULL,'2021-03-05','2021-03-05',2379,1,NULL,2160.00,NULL,'2021-04-20 18:08:14','2021-04-20 18:08:14',NULL),(375,3598,2,1,NULL,NULL,3042,1,217,NULL,210,1,NULL,NULL,40733,40751,00001999,00001999,NULL,'2021-03-05','2021-03-05',2377,1,NULL,1060.00,NULL,'2021-04-20 18:08:14','2021-04-20 18:08:14',NULL),(376,3598,2,1,NULL,NULL,3042,1,217,NULL,210,1,NULL,NULL,40733,40751,00004306,00004306,NULL,'2021-03-05','2021-03-05',2319,1,NULL,540.00,NULL,'2021-04-20 18:08:14','2021-04-20 18:08:14',NULL),(377,3598,2,1,NULL,NULL,3042,1,217,NULL,210,1,NULL,NULL,40733,40751,00004328,00004328,NULL,'2021-03-08','2021-03-08',2319,1,NULL,569.99,NULL,'2021-04-20 18:08:14','2021-04-20 18:08:14',NULL),(378,3598,2,1,NULL,NULL,3042,1,217,NULL,210,1,NULL,NULL,40733,40751,00004848,00004848,NULL,'2021-03-08','2021-03-08',2379,1,NULL,569.99,NULL,'2021-04-20 18:08:14','2021-04-20 18:08:14',NULL),(379,3598,2,1,NULL,NULL,3042,1,217,NULL,210,1,NULL,NULL,40733,40751,00013245,00013245,NULL,'2021-03-08','2021-03-08',2300,1,NULL,6220.85,NULL,'2021-04-20 18:08:14','2021-04-20 18:08:14',NULL),(380,3598,2,1,NULL,NULL,3042,1,217,NULL,210,1,NULL,NULL,40733,40754,00015794,00015794,NULL,'2021-03-08','2021-03-08',0004,1,NULL,7108.99,NULL,'2021-04-20 18:08:14','2021-04-20 18:08:14',NULL),(381,3598,2,7,NULL,NULL,3042,1,250,NULL,210,1,NULL,NULL,40733,40783,00000038,00000038,NULL,'2021-03-08','2021-03-08',0002,1,NULL,38000.00,NULL,'2021-04-20 18:08:14','2021-04-20 18:08:14',NULL),(382,3598,2,1,NULL,NULL,3042,1,217,NULL,210,1,NULL,NULL,40733,40751,00007702,00007702,NULL,'2021-03-09','2021-03-09',2302,1,NULL,1060.00,NULL,'2021-04-20 18:08:14','2021-04-20 18:08:14',NULL),(383,3598,2,1,NULL,NULL,3042,1,217,NULL,210,1,NULL,NULL,40733,40782,00004054,00004054,NULL,'2021-03-09','2021-03-09',0003,1,NULL,69550.80,NULL,'2021-04-20 18:08:14','2021-04-20 18:08:14',NULL),(384,3598,2,1,NULL,NULL,3042,1,217,NULL,210,1,NULL,NULL,40733,40751,00000204,00000204,NULL,'2021-03-10','2021-03-10',2463,1,NULL,569.99,NULL,'2021-04-20 18:08:14','2021-04-20 18:08:14',NULL),(385,3598,2,1,NULL,NULL,3042,1,217,NULL,210,1,NULL,NULL,40733,40757,00001856,00001856,NULL,'2021-03-10','2021-03-10',0002,1,NULL,28459.20,NULL,'2021-04-20 18:08:14','2021-04-20 18:08:14',NULL),(386,3598,2,1,NULL,NULL,3042,1,217,NULL,210,1,NULL,NULL,40733,40751,00004176,00004176,NULL,'2021-03-10','2021-03-10',2383,1,NULL,570.01,NULL,'2021-04-20 18:08:14','2021-04-20 18:08:14',NULL),(387,3598,2,1,NULL,NULL,3042,1,217,NULL,210,1,NULL,NULL,40733,40751,00008112,00008112,NULL,'2021-03-11','2021-03-11',2386,1,NULL,570.01,NULL,'2021-04-20 18:08:14','2021-04-20 18:08:14',NULL);
INSERT INTO `receipts` VALUES (388,3598,2,1,NULL,NULL,3042,1,217,NULL,210,1,NULL,NULL,40733,40784,00005700,00005700,NULL,'2021-03-11','2021-03-11',0007,1,NULL,3960.03,NULL,'2021-04-20 18:08:14','2021-04-20 18:08:14',NULL),(389,3598,2,1,NULL,NULL,3042,1,217,NULL,210,1,NULL,NULL,40733,40785,00000729,00000729,NULL,'2021-03-11','2021-03-11',0003,1,NULL,42487.26,NULL,'2021-04-20 18:08:14','2021-04-20 18:08:14',NULL),(390,3598,2,1,NULL,NULL,3042,1,217,NULL,210,1,NULL,NULL,40733,40751,00007633,00007633,NULL,'2021-03-12','2021-03-12',2339,1,NULL,569.99,NULL,'2021-04-20 18:08:14','2021-04-20 18:08:14',NULL),(391,3598,2,1,NULL,NULL,3042,1,217,NULL,210,1,NULL,NULL,40733,40751,00007635,00007635,NULL,'2021-03-12','2021-03-12',2339,1,NULL,570.01,NULL,'2021-04-20 18:08:14','2021-04-20 18:08:14',NULL),(392,3598,2,3,NULL,NULL,3042,1,217,NULL,210,1,NULL,NULL,40733,40751,00027480,00027480,NULL,'2021-03-12','2021-03-12',2300,1,NULL,570.01,NULL,'2021-04-20 18:08:14','2021-04-20 18:08:14',NULL),(393,3598,2,1,NULL,NULL,3042,1,217,NULL,210,1,NULL,NULL,40733,40752,00001051,00001051,NULL,'2021-03-12','2021-03-12',0002,1,NULL,106879.30,NULL,'2021-04-20 18:08:14','2021-04-20 18:08:14',NULL),(394,3598,2,1,NULL,NULL,3042,1,217,NULL,210,1,NULL,NULL,40733,40758,00003018,00003018,NULL,'2021-03-13','2021-03-13',0010,1,NULL,27123.53,NULL,'2021-04-20 18:08:14','2021-04-20 18:08:14',NULL),(395,3598,2,1,NULL,NULL,3042,1,217,NULL,210,1,NULL,NULL,40733,40751,00000921,00000921,NULL,'2021-03-15','2021-03-15',2453,1,NULL,1060.01,NULL,'2021-04-20 18:08:14','2021-04-20 18:08:14',NULL),(396,3598,2,1,NULL,NULL,3042,1,217,NULL,210,1,NULL,NULL,40733,40751,00004790,00004790,NULL,'2021-03-15','2021-03-15',2338,1,NULL,569.99,NULL,'2021-04-20 18:08:14','2021-04-20 18:08:14',NULL),(397,3598,2,1,NULL,NULL,3042,1,217,NULL,210,1,NULL,NULL,40733,40751,00004939,00004939,NULL,'2021-03-15','2021-03-15',2379,1,NULL,3010.00,NULL,'2021-04-20 18:08:14','2021-04-20 18:08:14',NULL),(398,3598,2,1,NULL,NULL,3042,1,217,NULL,210,1,NULL,NULL,40733,40751,00002661,00002661,NULL,'2021-03-16','2021-03-16',2412,1,NULL,570.01,NULL,'2021-04-20 18:08:14','2021-04-20 18:08:14',NULL),(399,3598,2,1,NULL,NULL,3042,1,217,NULL,210,1,NULL,NULL,40733,40751,00002053,00002053,NULL,'2021-03-16','2021-03-16',2377,1,NULL,1060.00,NULL,'2021-04-20 18:08:14','2021-04-20 18:08:14',NULL),(400,3598,2,1,NULL,NULL,3042,1,217,NULL,210,1,NULL,NULL,40733,40786,00002392,00002392,NULL,'2021-03-17','2021-03-17',0004,1,NULL,16335.00,NULL,'2021-04-20 18:08:14','2021-04-20 18:08:14',NULL),(401,3598,2,1,NULL,NULL,3042,1,217,NULL,210,1,NULL,NULL,40733,40751,00002151,00002151,NULL,'2021-03-17','2021-03-17',2423,1,NULL,569.99,NULL,'2021-04-20 18:08:14','2021-04-20 18:08:14',NULL),(402,3598,2,1,NULL,NULL,3042,1,217,NULL,210,1,NULL,NULL,40733,40751,00004844,00004844,NULL,'2021-03-17','2021-03-17',2338,1,NULL,1060.01,NULL,'2021-04-20 18:08:14','2021-04-20 18:08:14',NULL),(403,3598,2,1,NULL,NULL,3042,1,217,NULL,210,1,NULL,NULL,40733,40751,00002690,00002690,NULL,'2021-03-19','2021-03-19',2412,1,NULL,570.01,NULL,'2021-04-20 18:08:14','2021-04-20 18:08:14',NULL),(404,3598,2,1,NULL,NULL,3042,1,217,NULL,210,1,NULL,NULL,40733,40757,00001872,00001872,NULL,'2021-03-22','2021-03-22',0002,1,NULL,74778.00,NULL,'2021-04-20 18:08:14','2021-04-20 18:08:14',NULL),(405,3598,2,1,NULL,NULL,3042,1,217,NULL,210,1,NULL,NULL,40733,40751,00007937,00007937,NULL,'2021-03-23','2021-03-23',2302,1,NULL,569.99,NULL,'2021-04-20 18:08:14','2021-04-20 18:08:14',NULL),(406,3598,2,1,NULL,NULL,3042,1,217,NULL,210,1,NULL,NULL,40733,40751,00004918,00004918,NULL,'2021-03-23','2021-03-23',2338,1,NULL,4530.00,NULL,'2021-04-20 18:08:14','2021-04-20 18:08:14',NULL),(407,3598,2,1,NULL,NULL,3042,1,217,NULL,210,1,NULL,NULL,40733,40751,00002769,00002769,NULL,'2021-03-23','2021-03-23',2400,1,NULL,569.99,NULL,'2021-04-20 18:08:14','2021-04-20 18:08:14',NULL),(408,3598,2,1,NULL,NULL,3042,1,217,NULL,210,1,NULL,NULL,40733,40751,00007800,00007800,NULL,'2021-03-25','2021-03-25',2339,1,NULL,1230.00,NULL,'2021-04-20 18:08:14','2021-04-20 18:08:14',NULL);
INSERT INTO `receipts` VALUES (409,3598,2,1,NULL,NULL,3042,1,217,NULL,210,1,NULL,NULL,40733,40751,00005558,00005558,NULL,'2021-03-25','2021-03-25',2421,1,NULL,569.99,NULL,'2021-04-20 18:08:14','2021-04-20 18:08:14',NULL),(410,3598,2,1,NULL,NULL,3042,1,217,NULL,210,1,NULL,NULL,40733,40787,00204552,00204552,NULL,'2021-03-29','2021-03-29',0011,1,NULL,28702.74,NULL,'2021-04-20 18:08:14','2021-04-20 18:08:14',NULL),(411,3598,2,7,NULL,NULL,3042,1,250,NULL,210,1,NULL,NULL,40733,40760,00000028,00000028,NULL,'2021-03-30','2021-03-30',0001,1,NULL,60000.00,NULL,'2021-04-20 18:08:14','2021-04-20 18:08:14',NULL),(412,3598,2,7,NULL,NULL,3042,1,250,NULL,210,1,NULL,NULL,40733,40719,00000113,00000113,NULL,'2021-03-31','2021-03-31',0002,1,NULL,19500.00,NULL,'2021-04-20 18:08:14','2021-04-20 18:08:14',NULL),(413,3598,2,1,NULL,NULL,3042,1,217,NULL,210,1,NULL,NULL,40733,40788,00001208,00001208,NULL,'2021-03-31','2021-03-31',0007,1,NULL,27664.27,NULL,'2021-04-20 18:08:14','2021-04-20 18:08:14',NULL),(414,3598,2,1,NULL,NULL,3042,1,217,NULL,210,1,NULL,NULL,40733,40753,00006852,00006852,NULL,'2021-03-31','2021-03-31',0005,1,NULL,6390.01,NULL,'2021-04-20 18:08:14','2021-04-20 18:08:14',NULL),(415,3598,1,4,NULL,NULL,1531,1,NULL,NULL,628,1,NULL,NULL,40720,40730,00000215,00000215,NULL,'2021-04-01','2021-04-01',0003,1,NULL,241.50,NULL,'2021-05-16 21:55:00','2021-05-16 21:55:00',NULL),(416,3598,1,4,NULL,NULL,1531,1,NULL,NULL,628,1,NULL,NULL,40720,40730,00000216,00000216,NULL,'2021-04-01','2021-04-01',0003,1,NULL,1507.65,NULL,'2021-05-16 21:55:00','2021-05-16 21:55:00',NULL),(417,3598,1,4,NULL,NULL,1531,1,NULL,NULL,628,1,NULL,NULL,40720,40730,00000217,00000217,NULL,'2021-04-01','2021-04-01',0003,1,NULL,439.92,NULL,'2021-05-16 21:55:00','2021-05-16 21:55:00',NULL),(418,3598,1,4,NULL,NULL,1531,1,NULL,NULL,628,1,NULL,NULL,40720,40730,00000218,00000218,NULL,'2021-04-03','2021-04-03',0003,1,NULL,879.89,NULL,'2021-05-16 21:55:00','2021-05-16 21:55:00',NULL),(419,3598,1,4,NULL,NULL,1531,1,NULL,NULL,628,1,NULL,NULL,40720,40730,00000219,00000219,NULL,'2021-04-03','2021-04-03',0003,1,NULL,1207.50,NULL,'2021-05-16 21:55:00','2021-05-16 21:55:00',NULL),(420,3598,1,4,NULL,NULL,1531,1,NULL,NULL,628,1,NULL,NULL,40720,40730,00000220,00000220,NULL,'2021-04-03','2021-04-03',0003,1,NULL,6047.85,NULL,'2021-05-16 21:55:00','2021-05-16 21:55:00',NULL),(421,3598,1,4,NULL,NULL,1531,1,NULL,NULL,628,1,NULL,NULL,40720,40730,00000221,00000221,NULL,'2021-04-03','2021-04-03',0003,1,NULL,989.00,NULL,'2021-05-16 21:55:00','2021-05-16 21:55:00',NULL),(422,3598,1,4,NULL,NULL,1531,1,NULL,NULL,628,1,NULL,NULL,40720,40730,00000222,00000222,NULL,'2021-04-03','2021-04-03',0003,1,NULL,2450.00,NULL,'2021-05-16 21:55:00','2021-05-16 21:55:00',NULL),(423,3598,1,4,NULL,NULL,1531,1,NULL,NULL,628,1,NULL,NULL,40720,40730,00000223,00000223,NULL,'2021-04-03','2021-04-03',0003,1,NULL,835.00,NULL,'2021-05-16 21:55:00','2021-05-16 21:55:00',NULL),(424,3598,1,4,NULL,NULL,1531,1,NULL,NULL,628,1,NULL,NULL,40720,40730,00000224,00000224,NULL,'2021-04-03','2021-04-03',0003,1,NULL,3597.20,NULL,'2021-05-16 21:55:00','2021-05-16 21:55:00',NULL),(425,3598,1,4,NULL,NULL,1531,1,NULL,NULL,628,1,NULL,NULL,40720,40730,00000225,00000225,NULL,'2021-04-03','2021-04-03',0003,1,NULL,412.00,NULL,'2021-05-16 21:55:00','2021-05-16 21:55:00',NULL),(426,3598,1,4,NULL,NULL,1531,1,NULL,NULL,628,1,NULL,NULL,40720,40730,00000226,00000226,NULL,'2021-04-03','2021-04-03',0003,1,NULL,600.09,NULL,'2021-05-16 21:55:00','2021-05-16 21:55:00',NULL),(427,3598,1,4,NULL,NULL,1531,1,NULL,NULL,628,1,NULL,NULL,40720,40730,00000227,00000227,NULL,'2021-04-03','2021-04-03',0003,1,NULL,1653.70,NULL,'2021-05-16 21:55:00','2021-05-16 21:55:00',NULL),(428,3598,1,4,NULL,NULL,1531,1,NULL,NULL,628,1,NULL,NULL,40720,40730,00000228,00000228,NULL,'2021-04-03','2021-04-03',0003,1,NULL,499.93,NULL,'2021-05-16 21:55:00','2021-05-16 21:55:00',NULL);
INSERT INTO `receipts` VALUES (429,3598,1,1,NULL,NULL,1531,1,NULL,NULL,628,1,NULL,NULL,40720,40731,00000003,00000003,NULL,'2021-04-05','2021-04-05',0003,1,NULL,1959.99,NULL,'2021-05-16 21:55:00','2021-05-16 21:55:00',NULL),(430,3598,1,4,NULL,NULL,1531,1,NULL,NULL,628,1,NULL,NULL,40720,40730,00000229,00000229,NULL,'2021-04-05','2021-04-05',0003,1,NULL,5829.35,NULL,'2021-05-16 21:55:00','2021-05-16 21:55:00',NULL),(431,3598,1,4,NULL,NULL,1531,1,NULL,NULL,628,1,NULL,NULL,40720,40730,00000230,00000230,NULL,'2021-04-05','2021-04-05',0003,1,NULL,3646.00,NULL,'2021-05-16 21:55:00','2021-05-16 21:55:00',NULL),(432,3598,1,4,NULL,NULL,1531,1,NULL,NULL,628,1,NULL,NULL,40720,40730,00000231,00000231,NULL,'2021-04-05','2021-04-05',0003,1,NULL,639.97,NULL,'2021-05-16 21:55:00','2021-05-16 21:55:00',NULL),(433,3598,1,4,NULL,NULL,1531,1,NULL,NULL,628,1,NULL,NULL,40720,40730,00000232,00000232,NULL,'2021-04-05','2021-04-05',0003,1,NULL,2165.00,NULL,'2021-05-16 21:55:01','2021-05-16 21:55:01',NULL),(434,3598,1,4,NULL,NULL,1531,1,NULL,NULL,628,1,NULL,NULL,40720,40730,00000233,00000233,NULL,'2021-04-05','2021-04-05',0003,1,NULL,399.90,NULL,'2021-05-16 21:55:01','2021-05-16 21:55:01',NULL),(435,3598,1,4,NULL,NULL,1531,1,NULL,NULL,628,1,NULL,NULL,40720,40730,00000234,00000234,NULL,'2021-04-05','2021-04-05',0003,1,NULL,600.07,NULL,'2021-05-16 21:55:01','2021-05-16 21:55:01',NULL),(436,3598,1,4,NULL,NULL,1531,1,NULL,NULL,628,1,NULL,NULL,40720,40730,00000235,00000235,NULL,'2021-04-05','2021-04-05',0003,1,NULL,2136.70,NULL,'2021-05-16 21:55:01','2021-05-16 21:55:01',NULL),(437,3598,1,4,NULL,NULL,1531,1,NULL,NULL,628,1,NULL,NULL,40720,40730,00000236,00000236,NULL,'2021-04-05','2021-04-05',0003,1,NULL,1390.00,NULL,'2021-05-16 21:55:01','2021-05-16 21:55:01',NULL),(438,3598,1,4,NULL,NULL,1531,1,NULL,NULL,628,1,NULL,NULL,40720,40730,00000237,00000237,NULL,'2021-04-05','2021-04-05',0003,1,NULL,2229.00,NULL,'2021-05-16 21:55:01','2021-05-16 21:55:01',NULL),(439,3598,1,4,NULL,NULL,1531,1,NULL,NULL,628,1,NULL,NULL,40720,40730,00000238,00000238,NULL,'2021-04-05','2021-04-05',0003,1,NULL,5911.00,NULL,'2021-05-16 21:55:01','2021-05-16 21:55:01',NULL),(440,3598,1,4,NULL,NULL,1531,1,NULL,NULL,628,1,NULL,NULL,40720,40730,00000239,00000239,NULL,'2021-04-05','2021-04-05',0003,1,NULL,680.00,NULL,'2021-05-16 21:55:01','2021-05-16 21:55:01',NULL),(441,3598,1,4,NULL,NULL,1531,1,NULL,NULL,628,1,NULL,NULL,40720,40730,00000240,00000240,NULL,'2021-04-05','2021-04-05',0003,1,NULL,369.92,NULL,'2021-05-16 21:55:01','2021-05-16 21:55:01',NULL),(442,3598,1,4,NULL,NULL,1531,1,NULL,NULL,628,1,NULL,NULL,40720,40730,00000241,00000241,NULL,'2021-04-05','2021-04-05',0003,1,NULL,3419.00,NULL,'2021-05-16 21:55:01','2021-05-16 21:55:01',NULL),(443,3598,1,4,NULL,NULL,1531,1,NULL,NULL,628,1,NULL,NULL,40720,40730,00000242,00000242,NULL,'2021-04-06','2021-04-06',0003,1,NULL,3344.00,NULL,'2021-05-16 21:55:01','2021-05-16 21:55:01',NULL),(444,3598,1,4,NULL,NULL,1531,1,NULL,NULL,628,1,NULL,NULL,40720,40730,00000243,00000243,NULL,'2021-04-06','2021-04-06',0003,1,NULL,1600.00,NULL,'2021-05-16 21:55:01','2021-05-16 21:55:01',NULL),(445,3598,1,4,NULL,NULL,1531,1,NULL,NULL,628,1,NULL,NULL,40720,40730,00000244,00000244,NULL,'2021-04-06','2021-04-06',0003,1,NULL,7708.00,NULL,'2021-05-16 21:55:01','2021-05-16 21:55:01',NULL),(446,3598,1,4,NULL,NULL,1531,1,NULL,NULL,628,1,NULL,NULL,40720,40730,00000245,00000245,NULL,'2021-04-06','2021-04-06',0003,1,NULL,1500.00,NULL,'2021-05-16 21:55:01','2021-05-16 21:55:01',NULL),(447,3598,1,4,NULL,NULL,1531,1,NULL,NULL,628,1,NULL,NULL,40720,40730,00000246,00000246,NULL,'2021-04-06','2021-04-06',0003,1,NULL,1138.50,NULL,'2021-05-16 21:55:01','2021-05-16 21:55:01',NULL),(448,3598,1,4,NULL,NULL,1531,1,NULL,NULL,628,1,NULL,NULL,40720,40730,00000247,00000247,NULL,'2021-04-06','2021-04-06',0003,1,NULL,4288.35,NULL,'2021-05-16 21:55:01','2021-05-16 21:55:01',NULL);
INSERT INTO `receipts` VALUES (449,3598,1,4,NULL,NULL,1531,1,NULL,NULL,628,1,NULL,NULL,40720,40730,00000248,00000248,NULL,'2021-04-07','2021-04-07',0003,1,NULL,3573.05,NULL,'2021-05-16 21:55:01','2021-05-16 21:55:01',NULL),(450,3598,1,4,NULL,NULL,1531,1,NULL,NULL,628,1,NULL,NULL,40720,40730,00000249,00000249,NULL,'2021-04-07','2021-04-07',0003,1,NULL,1960.00,NULL,'2021-05-16 21:55:01','2021-05-16 21:55:01',NULL),(451,3598,1,4,NULL,NULL,1531,1,NULL,NULL,628,1,NULL,NULL,40720,40730,00000250,00000250,NULL,'2021-04-07','2021-04-07',0003,1,NULL,1400.00,NULL,'2021-05-16 21:55:01','2021-05-16 21:55:01',NULL),(452,3598,1,4,NULL,NULL,1531,1,NULL,NULL,628,1,NULL,NULL,40720,40730,00000251,00000251,NULL,'2021-04-07','2021-04-07',0003,1,NULL,825.00,NULL,'2021-05-16 21:55:01','2021-05-16 21:55:01',NULL),(453,3598,1,4,NULL,NULL,1531,1,NULL,NULL,628,1,NULL,NULL,40720,40730,00000252,00000252,NULL,'2021-04-07','2021-04-07',0003,1,NULL,600.00,NULL,'2021-05-16 21:55:01','2021-05-16 21:55:01',NULL),(454,3598,1,4,NULL,NULL,1531,1,NULL,NULL,628,1,NULL,NULL,40720,40730,00000253,00000253,NULL,'2021-04-07','2021-04-07',0003,1,NULL,5915.60,NULL,'2021-05-16 21:55:01','2021-05-16 21:55:01',NULL),(455,3598,1,4,NULL,NULL,1531,1,NULL,NULL,628,1,NULL,NULL,40720,40730,00000254,00000254,NULL,'2021-04-07','2021-04-07',0003,1,NULL,1820.02,NULL,'2021-05-16 21:55:01','2021-05-16 21:55:01',NULL),(456,3598,1,4,NULL,NULL,1531,1,NULL,NULL,628,1,NULL,NULL,40720,40730,00000255,00000255,NULL,'2021-04-07','2021-04-07',0003,1,NULL,2430.00,NULL,'2021-05-16 21:55:01','2021-05-16 21:55:01',NULL),(457,3598,1,4,NULL,NULL,1531,1,NULL,NULL,628,1,NULL,NULL,40720,40730,00000256,00000256,NULL,'2021-04-07','2021-04-07',0003,1,NULL,4636.80,NULL,'2021-05-16 21:55:01','2021-05-16 21:55:01',NULL),(458,3598,1,4,NULL,NULL,1531,1,NULL,NULL,628,1,NULL,NULL,40720,40730,00000257,00000257,NULL,'2021-04-07','2021-04-07',0003,1,NULL,1520.01,NULL,'2021-05-16 21:55:01','2021-05-16 21:55:01',NULL),(459,3598,1,4,NULL,NULL,1531,1,NULL,NULL,628,1,NULL,NULL,40720,40730,00000258,00000258,NULL,'2021-04-07','2021-04-07',0003,1,NULL,1629.55,NULL,'2021-05-16 21:55:01','2021-05-16 21:55:01',NULL),(460,3598,1,1,NULL,NULL,1531,1,NULL,NULL,628,1,NULL,NULL,40720,40732,00000004,00000004,NULL,'2021-04-08','2021-04-08',0003,1,NULL,2291.99,NULL,'2021-05-16 21:55:01','2021-05-16 21:55:01',NULL),(461,3598,1,4,NULL,NULL,1531,1,NULL,NULL,628,1,NULL,NULL,40720,40730,00000259,00000259,NULL,'2021-04-08','2021-04-08',0003,1,NULL,2739.30,NULL,'2021-05-16 21:55:01','2021-05-16 21:55:01',NULL),(462,3598,1,4,NULL,NULL,1531,1,NULL,NULL,628,1,NULL,NULL,40720,40730,00000260,00000260,NULL,'2021-04-08','2021-04-08',0003,1,NULL,240.00,NULL,'2021-05-16 21:55:01','2021-05-16 21:55:01',NULL),(463,3598,1,4,NULL,NULL,1531,1,NULL,NULL,628,1,NULL,NULL,40720,40730,00000261,00000261,NULL,'2021-04-08','2021-04-08',0003,1,NULL,399.98,NULL,'2021-05-16 21:55:01','2021-05-16 21:55:01',NULL),(464,3598,1,4,NULL,NULL,1531,1,NULL,NULL,628,1,NULL,NULL,40720,40730,00000262,00000262,NULL,'2021-04-08','2021-04-08',0003,1,NULL,7340.45,NULL,'2021-05-16 21:55:01','2021-05-16 21:55:01',NULL),(465,3598,1,4,NULL,NULL,1531,1,NULL,NULL,628,1,NULL,NULL,40720,40730,00000263,00000263,NULL,'2021-04-08','2021-04-08',0003,1,NULL,4821.95,NULL,'2021-05-16 21:55:01','2021-05-16 21:55:01',NULL),(466,3598,1,4,NULL,NULL,1531,1,NULL,NULL,628,1,NULL,NULL,40720,40730,00000264,00000264,NULL,'2021-04-08','2021-04-08',0003,1,NULL,500.09,NULL,'2021-05-16 21:55:01','2021-05-16 21:55:01',NULL),(467,3598,1,4,NULL,NULL,1531,1,NULL,NULL,628,1,NULL,NULL,40720,40730,00000265,00000265,NULL,'2021-04-08','2021-04-08',0003,1,NULL,1872.00,NULL,'2021-05-16 21:55:01','2021-05-16 21:55:01',NULL),(468,3598,1,4,NULL,NULL,1531,1,NULL,NULL,628,1,NULL,NULL,40720,40730,00000266,00000266,NULL,'2021-04-08','2021-04-08',0003,1,NULL,2335.01,NULL,'2021-05-16 21:55:01','2021-05-16 21:55:01',NULL);
INSERT INTO `receipts` VALUES (469,3598,1,4,NULL,NULL,1531,1,NULL,NULL,628,1,NULL,NULL,40720,40730,00000267,00000267,NULL,'2021-04-08','2021-04-08',0003,1,NULL,3003.00,NULL,'2021-05-16 21:55:01','2021-05-16 21:55:01',NULL),(470,3598,1,4,NULL,NULL,1531,1,NULL,NULL,628,1,NULL,NULL,40720,40730,00000268,00000268,NULL,'2021-04-08','2021-04-08',0003,1,NULL,3291.30,NULL,'2021-05-16 21:55:01','2021-05-16 21:55:01',NULL),(471,3598,1,4,NULL,NULL,1531,1,NULL,NULL,628,1,NULL,NULL,40720,40730,00000269,00000269,NULL,'2021-04-08','2021-04-08',0003,1,NULL,1757.00,NULL,'2021-05-16 21:55:01','2021-05-16 21:55:01',NULL),(472,3598,1,4,NULL,NULL,1531,1,NULL,NULL,628,1,NULL,NULL,40720,40730,00000270,00000270,NULL,'2021-04-09','2021-04-09',0003,1,NULL,1018.00,NULL,'2021-05-16 21:55:01','2021-05-16 21:55:01',NULL),(473,3598,1,4,NULL,NULL,1531,1,NULL,NULL,628,1,NULL,NULL,40720,40730,00000271,00000271,NULL,'2021-04-09','2021-04-09',0003,1,NULL,600.08,NULL,'2021-05-16 21:55:01','2021-05-16 21:55:01',NULL),(474,3598,1,4,NULL,NULL,1531,1,NULL,NULL,628,1,NULL,NULL,40720,40730,00000272,00000272,NULL,'2021-04-09','2021-04-09',0003,1,NULL,3705.00,NULL,'2021-05-16 21:55:01','2021-05-16 21:55:01',NULL),(475,3598,1,4,NULL,NULL,1531,1,NULL,NULL,628,1,NULL,NULL,40720,40730,00000273,00000273,NULL,'2021-04-09','2021-04-09',0003,1,NULL,1103.00,NULL,'2021-05-16 21:55:01','2021-05-16 21:55:01',NULL),(476,3598,1,4,NULL,NULL,1531,1,NULL,NULL,628,1,NULL,NULL,40720,40730,00000274,00000274,NULL,'2021-04-09','2021-04-09',0003,1,NULL,1190.14,NULL,'2021-05-16 21:55:01','2021-05-16 21:55:01',NULL),(477,3598,1,4,NULL,NULL,1531,1,NULL,NULL,628,1,NULL,NULL,40720,40730,00000275,00000275,NULL,'2021-04-10','2021-04-10',0003,1,NULL,770.02,NULL,'2021-05-16 21:55:01','2021-05-16 21:55:01',NULL),(478,3598,1,4,NULL,NULL,1531,1,NULL,NULL,628,1,NULL,NULL,40720,40730,00000276,00000276,NULL,'2021-04-10','2021-04-10',0003,1,NULL,580.07,NULL,'2021-05-16 21:55:01','2021-05-16 21:55:01',NULL),(479,3598,1,4,NULL,NULL,1531,1,NULL,NULL,628,1,NULL,NULL,40720,40730,00000277,00000277,NULL,'2021-04-10','2021-04-10',0003,1,NULL,1930.00,NULL,'2021-05-16 21:55:01','2021-05-16 21:55:01',NULL),(480,3598,1,4,NULL,NULL,1531,1,NULL,NULL,628,1,NULL,NULL,40720,40730,00000278,00000278,NULL,'2021-04-10','2021-04-10',0003,1,NULL,2257.13,NULL,'2021-05-16 21:55:01','2021-05-16 21:55:01',NULL),(481,3598,1,4,NULL,NULL,1531,1,NULL,NULL,628,1,NULL,NULL,40720,40730,00000279,00000279,NULL,'2021-04-10','2021-04-10',0003,1,NULL,439.88,NULL,'2021-05-16 21:55:01','2021-05-16 21:55:01',NULL),(482,3598,1,4,NULL,NULL,1531,1,NULL,NULL,628,1,NULL,NULL,40720,40730,00000280,00000280,NULL,'2021-04-10','2021-04-10',0003,1,NULL,570.16,NULL,'2021-05-16 21:55:01','2021-05-16 21:55:01',NULL),(483,3598,1,4,NULL,NULL,1531,1,NULL,NULL,628,1,NULL,NULL,40720,40730,00000281,00000281,NULL,'2021-04-10','2021-04-10',0003,1,NULL,592.00,NULL,'2021-05-16 21:55:01','2021-05-16 21:55:01',NULL),(484,3598,1,4,NULL,NULL,1531,1,NULL,NULL,628,1,NULL,NULL,40720,40730,00000282,00000282,NULL,'2021-04-12','2021-04-12',0003,1,NULL,400.01,NULL,'2021-05-16 21:55:01','2021-05-16 21:55:01',NULL),(485,3598,1,4,NULL,NULL,1531,1,NULL,NULL,628,1,NULL,NULL,40720,40730,00000283,00000283,NULL,'2021-04-12','2021-04-12',0003,1,NULL,1914.75,NULL,'2021-05-16 21:55:01','2021-05-16 21:55:01',NULL),(486,3598,1,4,NULL,NULL,1531,1,NULL,NULL,628,1,NULL,NULL,40720,40730,00000284,00000284,NULL,'2021-04-12','2021-04-12',0003,1,NULL,1401.03,NULL,'2021-05-16 21:55:01','2021-05-16 21:55:01',NULL),(487,3598,1,4,NULL,NULL,1531,1,NULL,NULL,628,1,NULL,NULL,40720,40730,00000285,00000285,NULL,'2021-04-12','2021-04-12',0003,1,NULL,2587.50,NULL,'2021-05-16 21:55:01','2021-05-16 21:55:01',NULL),(488,3598,1,4,NULL,NULL,1531,1,NULL,NULL,628,1,NULL,NULL,40720,40730,00000286,00000286,NULL,'2021-04-12','2021-04-12',0003,1,NULL,300.03,NULL,'2021-05-16 21:55:01','2021-05-16 21:55:01',NULL);
INSERT INTO `receipts` VALUES (489,3598,1,4,NULL,NULL,1531,1,NULL,NULL,628,1,NULL,NULL,40720,40730,00000287,00000287,NULL,'2021-04-12','2021-04-12',0003,1,NULL,349.98,NULL,'2021-05-16 21:55:01','2021-05-16 21:55:01',NULL),(490,3598,1,4,NULL,NULL,1531,1,NULL,NULL,628,1,NULL,NULL,40720,40730,00000288,00000288,NULL,'2021-04-12','2021-04-12',0003,1,NULL,399.98,NULL,'2021-05-16 21:55:01','2021-05-16 21:55:01',NULL),(491,3598,1,4,NULL,NULL,1531,1,NULL,NULL,628,1,NULL,NULL,40720,40730,00000289,00000289,NULL,'2021-04-12','2021-04-12',0003,1,NULL,300.00,NULL,'2021-05-16 21:55:01','2021-05-16 21:55:01',NULL),(492,3598,1,4,NULL,NULL,1531,1,NULL,NULL,628,1,NULL,NULL,40720,40730,00000290,00000290,NULL,'2021-04-12','2021-04-12',0003,1,NULL,439.92,NULL,'2021-05-16 21:55:01','2021-05-16 21:55:01',NULL),(493,3598,1,4,NULL,NULL,1531,1,NULL,NULL,628,1,NULL,NULL,40720,40730,00000291,00000291,NULL,'2021-04-12','2021-04-12',0003,1,NULL,385.00,NULL,'2021-05-16 21:55:01','2021-05-16 21:55:01',NULL),(494,3598,1,4,NULL,NULL,1531,1,NULL,NULL,628,1,NULL,NULL,40720,40730,00000292,00000292,NULL,'2021-04-12','2021-04-12',0003,1,NULL,1960.00,NULL,'2021-05-16 21:55:01','2021-05-16 21:55:01',NULL),(495,3598,1,4,NULL,NULL,1531,1,NULL,NULL,628,1,NULL,NULL,40720,40730,00000293,00000293,NULL,'2021-04-12','2021-04-12',0003,1,NULL,835.00,NULL,'2021-05-16 21:55:01','2021-05-16 21:55:01',NULL),(496,3598,1,4,NULL,NULL,1531,1,NULL,NULL,628,1,NULL,NULL,40720,40730,00000294,00000294,NULL,'2021-04-12','2021-04-12',0003,1,NULL,100.11,NULL,'2021-05-16 21:55:02','2021-05-16 21:55:02',NULL),(497,3598,1,4,NULL,NULL,1531,1,NULL,NULL,628,1,NULL,NULL,40720,40730,00000295,00000295,NULL,'2021-04-12','2021-04-12',0003,1,NULL,100.02,NULL,'2021-05-16 21:55:02','2021-05-16 21:55:02',NULL),(498,3598,1,4,NULL,NULL,1531,1,NULL,NULL,628,1,NULL,NULL,40720,40730,00000296,00000296,NULL,'2021-04-12','2021-04-12',0003,1,NULL,1820.03,NULL,'2021-05-16 21:55:02','2021-05-16 21:55:02',NULL),(499,3598,1,4,NULL,NULL,1531,1,NULL,NULL,628,1,NULL,NULL,40720,40730,00000297,00000297,NULL,'2021-04-13','2021-04-13',0003,1,NULL,1035.21,NULL,'2021-05-16 21:55:02','2021-05-16 21:55:02',NULL),(500,3598,1,4,NULL,NULL,1531,1,NULL,NULL,628,1,NULL,NULL,40720,40730,00000298,00000298,NULL,'2021-04-13','2021-04-13',0003,1,NULL,1040.20,NULL,'2021-05-16 21:55:02','2021-05-16 21:55:02',NULL),(501,3598,1,4,NULL,NULL,1531,1,NULL,NULL,628,1,NULL,NULL,40720,40730,00000299,00000299,NULL,'2021-04-13','2021-04-13',0003,1,NULL,5312.00,NULL,'2021-05-16 21:55:02','2021-05-16 21:55:02',NULL),(502,3598,1,4,NULL,NULL,1531,1,NULL,NULL,628,1,NULL,NULL,40720,40730,00000300,00000300,NULL,'2021-04-13','2021-04-13',0003,1,NULL,2370.00,NULL,'2021-05-16 21:55:02','2021-05-16 21:55:02',NULL),(503,3598,1,4,NULL,NULL,1531,1,NULL,NULL,628,1,NULL,NULL,40720,40730,00000301,00000301,NULL,'2021-04-13','2021-04-13',0003,1,NULL,2862.00,NULL,'2021-05-16 21:55:02','2021-05-16 21:55:02',NULL),(504,3598,1,4,NULL,NULL,1531,1,NULL,NULL,628,1,NULL,NULL,40720,40730,00000302,00000302,NULL,'2021-04-13','2021-04-13',0003,1,NULL,1380.00,NULL,'2021-05-16 21:55:02','2021-05-16 21:55:02',NULL),(505,3598,1,4,NULL,NULL,1531,1,NULL,NULL,628,1,NULL,NULL,40720,40730,00000303,00000303,NULL,'2021-04-13','2021-04-13',0003,1,NULL,2711.00,NULL,'2021-05-16 21:55:02','2021-05-16 21:55:02',NULL),(506,3598,1,4,NULL,NULL,1531,1,NULL,NULL,628,1,NULL,NULL,40720,40730,00000304,00000304,NULL,'2021-04-13','2021-04-13',0003,1,NULL,2336.80,NULL,'2021-05-16 21:55:02','2021-05-16 21:55:02',NULL),(507,3598,1,4,NULL,NULL,1531,1,NULL,NULL,628,1,NULL,NULL,40720,40730,00000305,00000305,NULL,'2021-04-13','2021-04-13',0003,1,NULL,1649.92,NULL,'2021-05-16 21:55:02','2021-05-16 21:55:02',NULL),(508,3598,1,4,NULL,NULL,1531,1,NULL,NULL,628,1,NULL,NULL,40720,40730,00000306,00000306,NULL,'2021-04-13','2021-04-13',0003,1,NULL,456.00,NULL,'2021-05-16 21:55:02','2021-05-16 21:55:02',NULL);
INSERT INTO `receipts` VALUES (509,3598,1,4,NULL,NULL,1531,1,NULL,NULL,628,1,NULL,NULL,40720,40730,00000307,00000307,NULL,'2021-04-13','2021-04-13',0003,1,NULL,1970.00,NULL,'2021-05-16 21:55:02','2021-05-16 21:55:02',NULL),(510,3598,1,4,NULL,NULL,1531,1,NULL,NULL,628,1,NULL,NULL,40720,40730,00000308,00000308,NULL,'2021-04-14','2021-04-14',0003,1,NULL,1878.00,NULL,'2021-05-16 21:55:02','2021-05-16 21:55:02',NULL),(511,3598,1,4,NULL,NULL,1531,1,NULL,NULL,628,1,NULL,NULL,40720,40730,00000309,00000309,NULL,'2021-04-14','2021-04-14',0003,1,NULL,2320.00,NULL,'2021-05-16 21:55:02','2021-05-16 21:55:02',NULL),(512,3598,1,4,NULL,NULL,1531,1,NULL,NULL,628,1,NULL,NULL,40720,40730,00000310,00000310,NULL,'2021-04-14','2021-04-14',0003,1,NULL,699.93,NULL,'2021-05-16 21:55:02','2021-05-16 21:55:02',NULL),(513,3598,1,4,NULL,NULL,1531,1,NULL,NULL,628,1,NULL,NULL,40720,40730,00000311,00000311,NULL,'2021-04-14','2021-04-14',0003,1,NULL,710.08,NULL,'2021-05-16 21:55:02','2021-05-16 21:55:02',NULL),(514,3598,1,4,NULL,NULL,1531,1,NULL,NULL,628,1,NULL,NULL,40720,40730,00000312,00000312,NULL,'2021-04-14','2021-04-14',0003,1,NULL,1499.95,NULL,'2021-05-16 21:55:02','2021-05-16 21:55:02',NULL),(515,3598,1,4,NULL,NULL,1531,1,NULL,NULL,628,1,NULL,NULL,40720,40730,00000313,00000313,NULL,'2021-04-14','2021-04-14',0003,1,NULL,400.02,NULL,'2021-05-16 21:55:02','2021-05-16 21:55:02',NULL),(516,3598,1,4,NULL,NULL,1531,1,NULL,NULL,628,1,NULL,NULL,40720,40730,00000314,00000314,NULL,'2021-04-14','2021-04-14',0003,1,NULL,1208.00,NULL,'2021-05-16 21:55:02','2021-05-16 21:55:02',NULL),(517,3598,1,4,NULL,NULL,1531,1,NULL,NULL,628,1,NULL,NULL,40720,40730,00000315,00000315,NULL,'2021-04-14','2021-04-14',0003,1,NULL,1143.10,NULL,'2021-05-16 21:55:02','2021-05-16 21:55:02',NULL),(518,3598,1,4,NULL,NULL,1531,1,NULL,NULL,628,1,NULL,NULL,40720,40730,00000316,00000316,NULL,'2021-04-14','2021-04-14',0003,1,NULL,1112.00,NULL,'2021-05-16 21:55:02','2021-05-16 21:55:02',NULL),(519,3598,1,4,NULL,NULL,1531,1,NULL,NULL,628,1,NULL,NULL,40720,40730,00000317,00000317,NULL,'2021-04-15','2021-04-15',0003,1,NULL,2900.00,NULL,'2021-05-16 21:55:02','2021-05-16 21:55:02',NULL),(520,3598,1,4,NULL,NULL,1531,1,NULL,NULL,628,1,NULL,NULL,40720,40730,00000318,00000318,NULL,'2021-04-15','2021-04-15',0003,1,NULL,1960.00,NULL,'2021-05-16 21:55:02','2021-05-16 21:55:02',NULL),(521,3598,1,4,NULL,NULL,1531,1,NULL,NULL,628,1,NULL,NULL,40720,40730,00000319,00000319,NULL,'2021-04-15','2021-04-15',0003,1,NULL,200.15,NULL,'2021-05-16 21:55:02','2021-05-16 21:55:02',NULL),(522,3598,1,4,NULL,NULL,1531,1,NULL,NULL,628,1,NULL,NULL,40720,40730,00000320,00000320,NULL,'2021-04-15','2021-04-15',0003,1,NULL,250.14,NULL,'2021-05-16 21:55:02','2021-05-16 21:55:02',NULL),(523,3598,1,4,NULL,NULL,1531,1,NULL,NULL,628,1,NULL,NULL,40720,40730,00000321,00000321,NULL,'2021-04-15','2021-04-15',0003,1,NULL,190.00,NULL,'2021-05-16 21:55:02','2021-05-16 21:55:02',NULL),(524,3598,1,4,NULL,NULL,1531,1,NULL,NULL,628,1,NULL,NULL,40720,40730,00000322,00000322,NULL,'2021-04-15','2021-04-15',0003,1,NULL,449.84,NULL,'2021-05-16 21:55:02','2021-05-16 21:55:02',NULL),(525,3598,1,4,NULL,NULL,1531,1,NULL,NULL,628,1,NULL,NULL,40720,40730,00000323,00000323,NULL,'2021-04-15','2021-04-15',0003,1,NULL,2000.00,NULL,'2021-05-16 21:55:02','2021-05-16 21:55:02',NULL),(526,3598,1,4,NULL,NULL,1531,1,NULL,NULL,628,1,NULL,NULL,40720,40730,00000324,00000324,NULL,'2021-04-16','2021-04-16',0003,1,NULL,849.85,NULL,'2021-05-16 21:55:02','2021-05-16 21:55:02',NULL),(527,3598,1,4,NULL,NULL,1531,1,NULL,NULL,628,1,NULL,NULL,40720,40730,00000325,00000325,NULL,'2021-04-16','2021-04-16',0003,1,NULL,1400.00,NULL,'2021-05-16 21:55:02','2021-05-16 21:55:02',NULL),(528,3598,1,4,NULL,NULL,1531,1,NULL,NULL,628,1,NULL,NULL,40720,40730,00000326,00000326,NULL,'2021-04-16','2021-04-16',0003,1,NULL,2254.00,NULL,'2021-05-16 21:55:02','2021-05-16 21:55:02',NULL);
INSERT INTO `receipts` VALUES (529,3598,1,4,NULL,NULL,1531,1,NULL,NULL,628,1,NULL,NULL,40720,40730,00000327,00000327,NULL,'2021-04-16','2021-04-16',0003,1,NULL,1623.80,NULL,'2021-05-16 21:55:02','2021-05-16 21:55:02',NULL),(530,3598,1,4,NULL,NULL,1531,1,NULL,NULL,628,1,NULL,NULL,40720,40730,00000328,00000328,NULL,'2021-04-16','2021-04-16',0003,1,NULL,4350.00,NULL,'2021-05-16 21:55:02','2021-05-16 21:55:02',NULL),(531,3598,1,4,NULL,NULL,1531,1,NULL,NULL,628,1,NULL,NULL,40720,40730,00000329,00000329,NULL,'2021-04-17','2021-04-17',0003,1,NULL,880.00,NULL,'2021-05-16 21:55:02','2021-05-16 21:55:02',NULL),(532,3598,1,4,NULL,NULL,1531,1,NULL,NULL,628,1,NULL,NULL,40720,40730,00000330,00000330,NULL,'2021-04-17','2021-04-17',0003,1,NULL,1960.00,NULL,'2021-05-16 21:55:02','2021-05-16 21:55:02',NULL),(533,3598,1,4,NULL,NULL,1531,1,NULL,NULL,628,1,NULL,NULL,40720,40730,00000331,00000331,NULL,'2021-04-17','2021-04-17',0003,1,NULL,2180.00,NULL,'2021-05-16 21:55:02','2021-05-16 21:55:02',NULL),(534,3598,1,4,NULL,NULL,1531,1,NULL,NULL,628,1,NULL,NULL,40720,40730,00000332,00000332,NULL,'2021-04-17','2021-04-17',0003,1,NULL,2507.00,NULL,'2021-05-16 21:55:02','2021-05-16 21:55:02',NULL),(535,3598,1,4,NULL,NULL,1531,1,NULL,NULL,628,1,NULL,NULL,40720,40730,00000333,00000333,NULL,'2021-04-17','2021-04-17',0003,1,NULL,2800.00,NULL,'2021-05-16 21:55:02','2021-05-16 21:55:02',NULL),(536,3598,1,4,NULL,NULL,1531,1,NULL,NULL,628,1,NULL,NULL,40720,40730,00000334,00000334,NULL,'2021-04-17','2021-04-17',0003,1,NULL,1771.00,NULL,'2021-05-16 21:55:02','2021-05-16 21:55:02',NULL),(537,3598,1,4,NULL,NULL,1531,1,NULL,NULL,628,1,NULL,NULL,40720,40730,00000335,00000335,NULL,'2021-04-17','2021-04-17',0003,1,NULL,2229.00,NULL,'2021-05-16 21:55:02','2021-05-16 21:55:02',NULL),(538,3598,1,4,NULL,NULL,1531,1,NULL,NULL,628,1,NULL,NULL,40720,40730,00000336,00000336,NULL,'2021-04-17','2021-04-17',0003,1,NULL,1370.00,NULL,'2021-05-16 21:55:02','2021-05-16 21:55:02',NULL),(539,3598,1,4,NULL,NULL,1531,1,NULL,NULL,628,1,NULL,NULL,40720,40730,00000337,00000337,NULL,'2021-04-17','2021-04-17',0003,1,NULL,570.09,NULL,'2021-05-16 21:55:02','2021-05-16 21:55:02',NULL),(540,3598,1,4,NULL,NULL,1531,1,NULL,NULL,628,1,NULL,NULL,40720,40730,00000338,00000338,NULL,'2021-04-17','2021-04-17',0003,1,NULL,1000.04,NULL,'2021-05-16 21:55:02','2021-05-16 21:55:02',NULL),(541,3598,1,4,NULL,NULL,1531,1,NULL,NULL,628,1,NULL,NULL,40720,40730,00000339,00000339,NULL,'2021-04-19','2021-04-19',0003,1,NULL,549.99,NULL,'2021-05-16 21:55:02','2021-05-16 21:55:02',NULL),(542,3598,1,4,NULL,NULL,1531,1,NULL,NULL,628,1,NULL,NULL,40720,40730,00000340,00000340,NULL,'2021-04-19','2021-04-19',0003,1,NULL,599.92,NULL,'2021-05-16 21:55:02','2021-05-16 21:55:02',NULL),(543,3598,1,4,NULL,NULL,1531,1,NULL,NULL,628,1,NULL,NULL,40720,40730,00000341,00000341,NULL,'2021-04-19','2021-04-19',0003,1,NULL,598.00,NULL,'2021-05-16 21:55:02','2021-05-16 21:55:02',NULL),(544,3598,1,4,NULL,NULL,1531,1,NULL,NULL,628,1,NULL,NULL,40720,40730,00000342,00000342,NULL,'2021-04-19','2021-04-19',0003,1,NULL,282.00,NULL,'2021-05-16 21:55:02','2021-05-16 21:55:02',NULL),(545,3598,1,4,NULL,NULL,1531,1,NULL,NULL,628,1,NULL,NULL,40720,40730,00000343,00000343,NULL,'2021-04-19','2021-04-19',0003,1,NULL,2793.35,NULL,'2021-05-16 21:55:02','2021-05-16 21:55:02',NULL),(546,3598,1,4,NULL,NULL,1531,1,NULL,NULL,628,1,NULL,NULL,40720,40730,00000344,00000344,NULL,'2021-04-20','2021-04-20',0003,1,NULL,400.03,NULL,'2021-05-16 21:55:02','2021-05-16 21:55:02',NULL),(547,3598,1,4,NULL,NULL,1531,1,NULL,NULL,628,1,NULL,NULL,40720,40730,00000345,00000345,NULL,'2021-04-20','2021-04-20',0003,1,NULL,515.00,NULL,'2021-05-16 21:55:02','2021-05-16 21:55:02',NULL),(548,3598,1,4,NULL,NULL,1531,1,NULL,NULL,628,1,NULL,NULL,40720,40730,00000346,00000346,NULL,'2021-04-20','2021-04-20',0003,1,NULL,238.00,NULL,'2021-05-16 21:55:02','2021-05-16 21:55:02',NULL);
INSERT INTO `receipts` VALUES (549,3598,1,4,NULL,NULL,1531,1,NULL,NULL,628,1,NULL,NULL,40720,40730,00000347,00000347,NULL,'2021-04-20','2021-04-20',0003,1,NULL,1640.00,NULL,'2021-05-16 21:55:02','2021-05-16 21:55:02',NULL),(550,3598,1,4,NULL,NULL,1531,1,NULL,NULL,628,1,NULL,NULL,40720,40730,00000348,00000348,NULL,'2021-04-20','2021-04-20',0003,1,NULL,3312.00,NULL,'2021-05-16 21:55:02','2021-05-16 21:55:02',NULL),(551,3598,1,4,NULL,NULL,1531,1,NULL,NULL,628,1,NULL,NULL,40720,40730,00000349,00000349,NULL,'2021-04-21','2021-04-21',0003,1,NULL,3230.35,NULL,'2021-05-16 21:55:02','2021-05-16 21:55:02',NULL),(552,3598,1,4,NULL,NULL,1531,1,NULL,NULL,628,1,NULL,NULL,40720,40730,00000350,00000350,NULL,'2021-04-21','2021-04-21',0003,1,NULL,2756.55,NULL,'2021-05-16 21:55:02','2021-05-16 21:55:02',NULL),(553,3598,1,4,NULL,NULL,1531,1,NULL,NULL,628,1,NULL,NULL,40720,40730,00000351,00000351,NULL,'2021-04-21','2021-04-21',0003,1,NULL,429.00,NULL,'2021-05-16 21:55:02','2021-05-16 21:55:02',NULL),(554,3598,1,4,NULL,NULL,1531,1,NULL,NULL,628,1,NULL,NULL,40720,40730,00000352,00000352,NULL,'2021-04-21','2021-04-21',0003,1,NULL,580.00,NULL,'2021-05-16 21:55:02','2021-05-16 21:55:02',NULL),(555,3598,1,4,NULL,NULL,1531,1,NULL,NULL,628,1,NULL,NULL,40720,40730,00000353,00000353,NULL,'2021-04-21','2021-04-21',0003,1,NULL,3078.95,NULL,'2021-05-16 21:55:02','2021-05-16 21:55:02',NULL),(556,3598,1,4,NULL,NULL,1531,1,NULL,NULL,628,1,NULL,NULL,40720,40730,00000354,00000354,NULL,'2021-04-21','2021-04-21',0003,1,NULL,2254.00,NULL,'2021-05-16 21:55:02','2021-05-16 21:55:02',NULL),(557,3598,1,4,NULL,NULL,1531,1,NULL,NULL,628,1,NULL,NULL,40720,40730,00000355,00000355,NULL,'2021-04-21','2021-04-21',0003,1,NULL,499.80,NULL,'2021-05-16 21:55:02','2021-05-16 21:55:02',NULL),(558,3598,1,4,NULL,NULL,1531,1,NULL,NULL,628,1,NULL,NULL,40720,40730,00000356,00000356,NULL,'2021-04-21','2021-04-21',0003,1,NULL,452.13,NULL,'2021-05-16 21:55:03','2021-05-16 21:55:03',NULL),(559,3598,1,4,NULL,NULL,1531,1,NULL,NULL,628,1,NULL,NULL,40720,40730,00000357,00000357,NULL,'2021-04-22','2021-04-22',0003,1,NULL,2450.00,NULL,'2021-05-16 21:55:03','2021-05-16 21:55:03',NULL),(560,3598,1,4,NULL,NULL,1531,1,NULL,NULL,628,1,NULL,NULL,40720,40730,00000358,00000358,NULL,'2021-04-22','2021-04-22',0003,1,NULL,2089.95,NULL,'2021-05-16 21:55:03','2021-05-16 21:55:03',NULL),(561,3598,1,4,NULL,NULL,1531,1,NULL,NULL,628,1,NULL,NULL,40720,40730,00000359,00000359,NULL,'2021-04-22','2021-04-22',0003,1,NULL,259.97,NULL,'2021-05-16 21:55:03','2021-05-16 21:55:03',NULL),(562,3598,1,4,NULL,NULL,1531,1,NULL,NULL,628,1,NULL,NULL,40720,40730,00000360,00000360,NULL,'2021-04-22','2021-04-22',0003,1,NULL,1860.00,NULL,'2021-05-16 21:55:03','2021-05-16 21:55:03',NULL),(563,3598,1,4,NULL,NULL,1531,1,NULL,NULL,628,1,NULL,NULL,40720,40730,00000361,00000361,NULL,'2021-04-22','2021-04-22',0003,1,NULL,1899.80,NULL,'2021-05-16 21:55:03','2021-05-16 21:55:03',NULL),(564,3598,1,4,NULL,NULL,1531,1,NULL,NULL,628,1,NULL,NULL,40720,40730,00000362,00000362,NULL,'2021-04-22','2021-04-22',0003,1,NULL,2110.00,NULL,'2021-05-16 21:55:03','2021-05-16 21:55:03',NULL),(565,3598,1,4,NULL,NULL,1531,1,NULL,NULL,628,1,NULL,NULL,40720,40730,00000363,00000363,NULL,'2021-04-23','2021-04-23',0003,1,NULL,490.01,NULL,'2021-05-16 21:55:03','2021-05-16 21:55:03',NULL),(566,3598,1,4,NULL,NULL,1531,1,NULL,NULL,628,1,NULL,NULL,40720,40730,00000364,00000364,NULL,'2021-04-23','2021-04-23',0003,1,NULL,950.12,NULL,'2021-05-16 21:55:03','2021-05-16 21:55:03',NULL),(567,3598,1,4,NULL,NULL,1531,1,NULL,NULL,628,1,NULL,NULL,40720,40730,00000365,00000365,NULL,'2021-04-23','2021-04-23',0003,1,NULL,280.00,NULL,'2021-05-16 21:55:03','2021-05-16 21:55:03',NULL),(568,3598,1,4,NULL,NULL,1531,1,NULL,NULL,628,1,NULL,NULL,40720,40730,00000366,00000366,NULL,'2021-04-23','2021-04-23',0003,1,NULL,900.00,NULL,'2021-05-16 21:55:03','2021-05-16 21:55:03',NULL);
INSERT INTO `receipts` VALUES (569,3598,1,4,NULL,NULL,1531,1,NULL,NULL,628,1,NULL,NULL,40720,40730,00000367,00000367,NULL,'2021-04-23','2021-04-23',0003,1,NULL,790.03,NULL,'2021-05-16 21:55:03','2021-05-16 21:55:03',NULL),(570,3598,1,4,NULL,NULL,1531,1,NULL,NULL,628,1,NULL,NULL,40720,40730,00000368,00000368,NULL,'2021-04-23','2021-04-23',0003,1,NULL,7580.00,NULL,'2021-05-16 21:55:03','2021-05-16 21:55:03',NULL),(571,3598,1,4,NULL,NULL,1531,1,NULL,NULL,628,1,NULL,NULL,40720,40730,00000369,00000369,NULL,'2021-04-23','2021-04-23',0003,1,NULL,462.35,NULL,'2021-05-16 21:55:03','2021-05-16 21:55:03',NULL),(572,3598,1,4,NULL,NULL,1531,1,NULL,NULL,628,1,NULL,NULL,40720,40730,00000370,00000370,NULL,'2021-04-23','2021-04-23',0003,1,NULL,1357.98,NULL,'2021-05-16 21:55:03','2021-05-16 21:55:03',NULL),(573,3598,1,4,NULL,NULL,1531,1,NULL,NULL,628,1,NULL,NULL,40720,40730,00000371,00000371,NULL,'2021-04-23','2021-04-23',0003,1,NULL,3990.00,NULL,'2021-05-16 21:55:03','2021-05-16 21:55:03',NULL),(574,3598,1,4,NULL,NULL,1531,1,NULL,NULL,628,1,NULL,NULL,40720,40730,00000372,00000372,NULL,'2021-04-23','2021-04-23',0003,1,NULL,1265.00,NULL,'2021-05-16 21:55:03','2021-05-16 21:55:03',NULL),(575,3598,1,4,NULL,NULL,1531,1,NULL,NULL,628,1,NULL,NULL,40720,40730,00000373,00000373,NULL,'2021-04-23','2021-04-23',0003,1,NULL,1270.12,NULL,'2021-05-16 21:55:03','2021-05-16 21:55:03',NULL),(576,3598,1,4,NULL,NULL,1531,1,NULL,NULL,628,1,NULL,NULL,40720,40730,00000374,00000374,NULL,'2021-04-23','2021-04-23',0003,1,NULL,399.91,NULL,'2021-05-16 21:55:03','2021-05-16 21:55:03',NULL),(577,3598,1,4,NULL,NULL,1531,1,NULL,NULL,628,1,NULL,NULL,40720,40730,00000375,00000375,NULL,'2021-04-23','2021-04-23',0003,1,NULL,700.00,NULL,'2021-05-16 21:55:03','2021-05-16 21:55:03',NULL),(578,3598,1,4,NULL,NULL,1531,1,NULL,NULL,628,1,NULL,NULL,40720,40730,00000376,00000376,NULL,'2021-04-23','2021-04-23',0003,1,NULL,2620.22,NULL,'2021-05-16 21:55:03','2021-05-16 21:55:03',NULL),(579,3598,1,4,NULL,NULL,1531,1,NULL,NULL,628,1,NULL,NULL,40720,40730,00000377,00000377,NULL,'2021-04-23','2021-04-23',0003,1,NULL,1147.65,NULL,'2021-05-16 21:55:03','2021-05-16 21:55:03',NULL),(580,3598,1,4,NULL,NULL,1531,1,NULL,NULL,628,1,NULL,NULL,40720,40730,00000378,00000378,NULL,'2021-04-23','2021-04-23',0003,1,NULL,200.01,NULL,'2021-05-16 21:55:03','2021-05-16 21:55:03',NULL),(581,3598,1,4,NULL,NULL,1531,1,NULL,NULL,628,1,NULL,NULL,40720,40730,00000379,00000379,NULL,'2021-04-24','2021-04-24',0003,1,NULL,726.09,NULL,'2021-05-16 21:55:03','2021-05-16 21:55:03',NULL),(582,3598,1,4,NULL,NULL,1531,1,NULL,NULL,628,1,NULL,NULL,40720,40730,00000380,00000380,NULL,'2021-04-24','2021-04-24',0003,1,NULL,349.97,NULL,'2021-05-16 21:55:03','2021-05-16 21:55:03',NULL),(583,3598,1,4,NULL,NULL,1531,1,NULL,NULL,628,1,NULL,NULL,40720,40730,00000381,00000381,NULL,'2021-04-24','2021-04-24',0003,1,NULL,499.94,NULL,'2021-05-16 21:55:03','2021-05-16 21:55:03',NULL),(584,3598,1,4,NULL,NULL,1531,1,NULL,NULL,628,1,NULL,NULL,40720,40730,00000382,00000382,NULL,'2021-04-24','2021-04-24',0003,1,NULL,600.00,NULL,'2021-05-16 21:55:03','2021-05-16 21:55:03',NULL),(585,3598,1,4,NULL,NULL,1531,1,NULL,NULL,628,1,NULL,NULL,40720,40730,00000383,00000383,NULL,'2021-04-24','2021-04-24',0003,1,NULL,1895.00,NULL,'2021-05-16 21:55:03','2021-05-16 21:55:03',NULL),(586,3598,1,4,NULL,NULL,1531,1,NULL,NULL,628,1,NULL,NULL,40720,40730,00000384,00000384,NULL,'2021-04-24','2021-04-24',0003,1,NULL,2219.50,NULL,'2021-05-16 21:55:03','2021-05-16 21:55:03',NULL),(587,3598,1,4,NULL,NULL,1531,1,NULL,NULL,628,1,NULL,NULL,40720,40730,00000385,00000385,NULL,'2021-04-24','2021-04-24',0003,1,NULL,3220.00,NULL,'2021-05-16 21:55:03','2021-05-16 21:55:03',NULL),(588,3598,1,4,NULL,NULL,1531,1,NULL,NULL,628,1,NULL,NULL,40720,40730,00000386,00000386,NULL,'2021-04-24','2021-04-24',0003,1,NULL,499.92,NULL,'2021-05-16 21:55:03','2021-05-16 21:55:03',NULL);
INSERT INTO `receipts` VALUES (589,3598,1,4,NULL,NULL,1531,1,NULL,NULL,628,1,NULL,NULL,40720,40730,00000387,00000387,NULL,'2021-04-24','2021-04-24',0003,1,NULL,1836.00,NULL,'2021-05-16 21:55:03','2021-05-16 21:55:03',NULL),(590,3598,1,4,NULL,NULL,1531,1,NULL,NULL,628,1,NULL,NULL,40720,40730,00000388,00000388,NULL,'2021-04-24','2021-04-24',0003,1,NULL,460.00,NULL,'2021-05-16 21:55:03','2021-05-16 21:55:03',NULL),(591,3598,1,4,NULL,NULL,1531,1,NULL,NULL,628,1,NULL,NULL,40720,40730,00000389,00000389,NULL,'2021-04-24','2021-04-24',0003,1,NULL,4600.00,NULL,'2021-05-16 21:55:03','2021-05-16 21:55:03',NULL),(592,3598,1,4,NULL,NULL,1531,1,NULL,NULL,628,1,NULL,NULL,40720,40730,00000390,00000390,NULL,'2021-04-24','2021-04-24',0003,1,NULL,2000.10,NULL,'2021-05-16 21:55:03','2021-05-16 21:55:03',NULL),(593,3598,1,4,NULL,NULL,1531,1,NULL,NULL,628,1,NULL,NULL,40720,40730,00000391,00000391,NULL,'2021-04-24','2021-04-24',0003,1,NULL,1049.79,NULL,'2021-05-16 21:55:03','2021-05-16 21:55:03',NULL),(594,3598,1,4,NULL,NULL,1531,1,NULL,NULL,628,1,NULL,NULL,40720,40730,00000392,00000392,NULL,'2021-04-24','2021-04-24',0003,1,NULL,499.98,NULL,'2021-05-16 21:55:03','2021-05-16 21:55:03',NULL),(595,3598,1,4,NULL,NULL,1531,1,NULL,NULL,628,1,NULL,NULL,40720,40730,00000393,00000393,NULL,'2021-04-26','2021-04-26',0003,1,NULL,669.98,NULL,'2021-05-16 21:55:03','2021-05-16 21:55:03',NULL),(596,3598,1,4,NULL,NULL,1531,1,NULL,NULL,628,1,NULL,NULL,40720,40730,00000394,00000394,NULL,'2021-04-26','2021-04-26',0003,1,NULL,499.97,NULL,'2021-05-16 21:55:03','2021-05-16 21:55:03',NULL),(597,3598,1,4,NULL,NULL,1531,1,NULL,NULL,628,1,NULL,NULL,40720,40730,00000395,00000395,NULL,'2021-04-26','2021-04-26',0003,1,NULL,500.03,NULL,'2021-05-16 21:55:03','2021-05-16 21:55:03',NULL),(598,3598,1,4,NULL,NULL,1531,1,NULL,NULL,628,1,NULL,NULL,40720,40730,00000396,00000396,NULL,'2021-04-26','2021-04-26',0003,1,NULL,1944.65,NULL,'2021-05-16 21:55:03','2021-05-16 21:55:03',NULL),(599,3598,1,4,NULL,NULL,1531,1,NULL,NULL,628,1,NULL,NULL,40720,40730,00000397,00000397,NULL,'2021-04-26','2021-04-26',0003,1,NULL,170.01,NULL,'2021-05-16 21:55:03','2021-05-16 21:55:03',NULL),(600,3598,1,4,NULL,NULL,1531,1,NULL,NULL,628,1,NULL,NULL,40720,40730,00000398,00000398,NULL,'2021-04-26','2021-04-26',0003,1,NULL,928.00,NULL,'2021-05-16 21:55:03','2021-05-16 21:55:03',NULL),(601,3598,1,4,NULL,NULL,1531,1,NULL,NULL,628,1,NULL,NULL,40720,40730,00000399,00000399,NULL,'2021-04-26','2021-04-26',0003,1,NULL,1771.00,NULL,'2021-05-16 21:55:03','2021-05-16 21:55:03',NULL),(602,3598,1,4,NULL,NULL,1531,1,NULL,NULL,628,1,NULL,NULL,40720,40730,00000400,00000400,NULL,'2021-04-26','2021-04-26',0003,1,NULL,499.99,NULL,'2021-05-16 21:55:03','2021-05-16 21:55:03',NULL),(603,3598,1,4,NULL,NULL,1531,1,NULL,NULL,628,1,NULL,NULL,40720,40730,00000401,00000401,NULL,'2021-04-26','2021-04-26',0003,1,NULL,1930.00,NULL,'2021-05-16 21:55:03','2021-05-16 21:55:03',NULL),(604,3598,1,4,NULL,NULL,1531,1,NULL,NULL,628,1,NULL,NULL,40720,40730,00000402,00000402,NULL,'2021-04-26','2021-04-26',0003,1,NULL,1668.91,NULL,'2021-05-16 21:55:03','2021-05-16 21:55:03',NULL),(605,3598,1,4,NULL,NULL,1531,1,NULL,NULL,628,1,NULL,NULL,40720,40730,00000403,00000403,NULL,'2021-04-26','2021-04-26',0003,1,NULL,551.49,NULL,'2021-05-16 21:55:03','2021-05-16 21:55:03',NULL),(606,3598,1,4,NULL,NULL,1531,1,NULL,NULL,628,1,NULL,NULL,40720,40730,00000404,00000404,NULL,'2021-04-27','2021-04-27',0003,1,NULL,1099.97,NULL,'2021-05-16 21:55:03','2021-05-16 21:55:03',NULL),(607,3598,1,4,NULL,NULL,1531,1,NULL,NULL,628,1,NULL,NULL,40720,40730,00000405,00000405,NULL,'2021-04-27','2021-04-27',0003,1,NULL,456.05,NULL,'2021-05-16 21:55:03','2021-05-16 21:55:03',NULL),(608,3598,1,4,NULL,NULL,1531,1,NULL,NULL,628,1,NULL,NULL,40720,40730,00000406,00000406,NULL,'2021-04-27','2021-04-27',0003,1,NULL,2495.50,NULL,'2021-05-16 21:55:03','2021-05-16 21:55:03',NULL);
INSERT INTO `receipts` VALUES (609,3598,1,4,NULL,NULL,1531,1,NULL,NULL,628,1,NULL,NULL,40720,40730,00000407,00000407,NULL,'2021-04-27','2021-04-27',0003,1,NULL,2254.00,NULL,'2021-05-16 21:55:03','2021-05-16 21:55:03',NULL),(610,3598,1,4,NULL,NULL,1531,1,NULL,NULL,628,1,NULL,NULL,40720,40730,00000408,00000408,NULL,'2021-04-27','2021-04-27',0003,1,NULL,2542.05,NULL,'2021-05-16 21:55:03','2021-05-16 21:55:03',NULL),(611,3598,1,4,NULL,NULL,1531,1,NULL,NULL,628,1,NULL,NULL,40720,40730,00000409,00000409,NULL,'2021-04-27','2021-04-27',0003,1,NULL,9259.80,NULL,'2021-05-16 21:55:03','2021-05-16 21:55:03',NULL),(612,3598,1,4,NULL,NULL,1531,1,NULL,NULL,628,1,NULL,NULL,40720,40730,00000410,00000410,NULL,'2021-04-27','2021-04-27',0003,1,NULL,680.00,NULL,'2021-05-16 21:55:03','2021-05-16 21:55:03',NULL),(613,3598,1,4,NULL,NULL,1531,1,NULL,NULL,628,1,NULL,NULL,40720,40730,00000411,00000411,NULL,'2021-04-28','2021-04-28',0003,1,NULL,2487.00,NULL,'2021-05-16 21:55:03','2021-05-16 21:55:03',NULL),(614,3598,1,4,NULL,NULL,1531,1,NULL,NULL,628,1,NULL,NULL,40720,40730,00000412,00000412,NULL,'2021-04-28','2021-04-28',0003,1,NULL,1265.43,NULL,'2021-05-16 21:55:03','2021-05-16 21:55:03',NULL),(615,3598,1,4,NULL,NULL,1531,1,NULL,NULL,628,1,NULL,NULL,40720,40730,00000413,00000413,NULL,'2021-04-28','2021-04-28',0003,1,NULL,1599.99,NULL,'2021-05-16 21:55:03','2021-05-16 21:55:03',NULL),(616,3598,1,4,NULL,NULL,1531,1,NULL,NULL,628,1,NULL,NULL,40720,40730,00000414,00000414,NULL,'2021-04-28','2021-04-28',0003,1,NULL,1029.00,NULL,'2021-05-16 21:55:03','2021-05-16 21:55:03',NULL),(617,3598,1,4,NULL,NULL,1531,1,NULL,NULL,628,1,NULL,NULL,40720,40730,00000415,00000415,NULL,'2021-04-28','2021-04-28',0003,1,NULL,1894.00,NULL,'2021-05-16 21:55:03','2021-05-16 21:55:03',NULL),(618,3598,1,4,NULL,NULL,1531,1,NULL,NULL,628,1,NULL,NULL,40720,40730,00000416,00000416,NULL,'2021-04-28','2021-04-28',0003,1,NULL,1450.00,NULL,'2021-05-16 21:55:03','2021-05-16 21:55:03',NULL),(619,3598,1,4,NULL,NULL,1531,1,NULL,NULL,628,1,NULL,NULL,40720,40730,00000417,00000417,NULL,'2021-04-28','2021-04-28',0003,1,NULL,673.36,NULL,'2021-05-16 21:55:03','2021-05-16 21:55:03',NULL),(620,3598,1,1,NULL,NULL,1531,1,NULL,NULL,628,1,NULL,NULL,40720,40731,00000005,00000005,NULL,'2021-04-29','2021-04-29',0003,1,NULL,2110.00,NULL,'2021-05-16 21:55:03','2021-05-16 21:55:03',NULL),(621,3598,1,4,NULL,NULL,1531,1,NULL,NULL,628,1,NULL,NULL,40720,40730,00000418,00000418,NULL,'2021-04-29','2021-04-29',0003,1,NULL,999.86,NULL,'2021-05-16 21:55:04','2021-05-16 21:55:04',NULL),(622,3598,1,4,NULL,NULL,1531,1,NULL,NULL,628,1,NULL,NULL,40720,40730,00000419,00000419,NULL,'2021-04-29','2021-04-29',0003,1,NULL,2020.09,NULL,'2021-05-16 21:55:04','2021-05-16 21:55:04',NULL),(623,3598,1,4,NULL,NULL,1531,1,NULL,NULL,628,1,NULL,NULL,40720,40730,00000420,00000420,NULL,'2021-04-29','2021-04-29',0003,1,NULL,660.00,NULL,'2021-05-16 21:55:04','2021-05-16 21:55:04',NULL),(624,3598,1,4,NULL,NULL,1531,1,NULL,NULL,628,1,NULL,NULL,40720,40730,00000421,00000421,NULL,'2021-04-29','2021-04-29',0003,1,NULL,3290.00,NULL,'2021-05-16 21:55:04','2021-05-16 21:55:04',NULL),(625,3598,1,4,NULL,NULL,1531,1,NULL,NULL,628,1,NULL,NULL,40720,40730,00000422,00000422,NULL,'2021-04-29','2021-04-29',0003,1,NULL,499.93,NULL,'2021-05-16 21:55:04','2021-05-16 21:55:04',NULL),(626,3598,1,4,NULL,NULL,1531,1,NULL,NULL,628,1,NULL,NULL,40720,40730,00000423,00000423,NULL,'2021-04-29','2021-04-29',0003,1,NULL,2587.00,NULL,'2021-05-16 21:55:04','2021-05-16 21:55:04',NULL),(627,3598,1,4,NULL,NULL,1531,1,NULL,NULL,628,1,NULL,NULL,40720,40730,00000424,00000424,NULL,'2021-04-29','2021-04-29',0003,1,NULL,1359.98,NULL,'2021-05-16 21:55:04','2021-05-16 21:55:04',NULL),(628,3598,1,4,NULL,NULL,1531,1,NULL,NULL,628,1,NULL,NULL,40720,40730,00000425,00000425,NULL,'2021-04-29','2021-04-29',0003,1,NULL,1369.81,NULL,'2021-05-16 21:55:04','2021-05-16 21:55:04',NULL);
INSERT INTO `receipts` VALUES (629,3598,1,4,NULL,NULL,1531,1,NULL,NULL,628,1,NULL,NULL,40720,40730,00000426,00000426,NULL,'2021-04-30','2021-04-30',0003,1,NULL,499.99,NULL,'2021-05-16 21:55:04','2021-05-16 21:55:04',NULL),(630,3598,1,4,NULL,NULL,1531,1,NULL,NULL,628,1,NULL,NULL,40720,40730,00000427,00000427,NULL,'2021-04-30','2021-04-30',0003,1,NULL,4295.25,NULL,'2021-05-16 21:55:04','2021-05-16 21:55:04',NULL),(631,3598,1,4,NULL,NULL,1531,1,NULL,NULL,628,1,NULL,NULL,40720,40730,00000428,00000428,NULL,'2021-04-30','2021-04-30',0003,1,NULL,200.03,NULL,'2021-05-16 21:55:04','2021-05-16 21:55:04',NULL),(632,3598,1,4,NULL,NULL,1531,1,NULL,NULL,628,1,NULL,NULL,40720,40730,00000429,00000429,NULL,'2021-04-30','2021-04-30',0003,1,NULL,3163.47,NULL,'2021-05-16 21:55:04','2021-05-16 21:55:04',NULL),(633,3598,1,4,NULL,NULL,1531,1,NULL,NULL,628,1,NULL,NULL,40720,40730,00000430,00000430,NULL,'2021-04-30','2021-04-30',0003,1,NULL,899.91,NULL,'2021-05-16 21:55:04','2021-05-16 21:55:04',NULL),(634,3598,1,4,NULL,NULL,1531,1,NULL,NULL,628,1,NULL,NULL,40720,40730,00000431,00000431,NULL,'2021-04-30','2021-04-30',0003,1,NULL,834.00,NULL,'2021-05-16 21:55:04','2021-05-16 21:55:04',NULL),(635,3598,1,4,NULL,NULL,1531,1,NULL,NULL,628,1,NULL,NULL,40720,40730,00000432,00000432,NULL,'2021-04-30','2021-04-30',0003,1,NULL,248.00,NULL,'2021-05-16 21:55:04','2021-05-16 21:55:04',NULL),(636,3598,1,4,NULL,NULL,1531,1,NULL,NULL,628,1,NULL,NULL,40720,40730,00000433,00000433,NULL,'2021-04-30','2021-04-30',0003,1,NULL,799.97,NULL,'2021-05-16 21:55:04','2021-05-17 15:59:12','2021-05-17 15:59:12'),(637,3598,2,1,NULL,NULL,1531,1,217,NULL,628,1,NULL,NULL,40720,40724,00008224,00008224,NULL,'2021-04-01','2021-04-01',0001,1,NULL,50364.56,NULL,'2021-05-16 21:55:22','2021-05-17 16:19:54','2021-05-17 16:19:54'),(638,3598,2,4,NULL,NULL,1531,1,217,NULL,628,1,NULL,NULL,40720,40789,00014141,00014141,NULL,'2021-04-01','2021-04-01',0002,1,NULL,14171.73,NULL,'2021-05-16 21:55:22','2021-05-17 16:19:54','2021-05-17 16:19:54'),(639,3598,2,6,NULL,NULL,1531,1,217,NULL,628,1,NULL,NULL,40720,40728,00096273,00096273,NULL,'2021-04-01','2021-04-01',0388,1,NULL,2371.95,NULL,'2021-05-16 21:55:22','2021-05-17 16:19:54','2021-05-17 16:19:54'),(640,3598,2,3,NULL,NULL,1531,1,217,NULL,628,1,NULL,NULL,40720,40722,00005840,00005840,NULL,'2021-04-05','2021-04-05',0007,1,NULL,5201.11,NULL,'2021-05-16 21:55:22','2021-05-17 16:19:54','2021-05-17 16:19:54'),(641,3598,2,3,NULL,NULL,1531,1,217,NULL,628,1,NULL,NULL,40720,40722,00005850,00005850,NULL,'2021-04-05','2021-04-05',0007,1,NULL,8747.01,NULL,'2021-05-16 21:55:22','2021-05-17 16:19:54','2021-05-17 16:19:54'),(642,3598,2,1,NULL,NULL,1531,1,217,NULL,628,1,NULL,NULL,40720,40722,00017256,00017256,NULL,'2021-04-05','2021-04-05',0007,1,NULL,36435.29,NULL,'2021-05-16 21:55:22','2021-05-17 16:19:54','2021-05-17 16:19:54'),(643,3598,2,1,NULL,NULL,1531,1,217,NULL,628,1,NULL,NULL,40720,40724,00008269,00008269,NULL,'2021-04-06','2021-04-06',0001,1,NULL,49746.86,NULL,'2021-05-16 21:55:22','2021-05-17 16:19:54','2021-05-17 16:19:54'),(644,3598,2,1,NULL,NULL,1531,1,217,NULL,628,1,NULL,NULL,40720,40724,00008270,00008270,NULL,'2021-04-06','2021-04-06',0001,1,NULL,28610.33,NULL,'2021-05-16 21:55:22','2021-05-17 16:19:54','2021-05-17 16:19:54'),(645,3598,2,1,NULL,NULL,1531,1,217,NULL,628,1,NULL,NULL,40720,40723,00000774,00000774,NULL,'2021-04-07','2021-04-07',0001,1,NULL,51940.30,NULL,'2021-05-16 21:55:22','2021-05-17 16:19:54','2021-05-17 16:19:54'),(646,3598,2,1,NULL,NULL,1531,1,217,NULL,628,1,NULL,NULL,40720,40724,00008342,00008342,NULL,'2021-04-10','2021-04-10',0001,1,NULL,8996.29,NULL,'2021-05-16 21:55:22','2021-05-17 16:19:54','2021-05-17 16:19:54'),(647,3598,2,1,NULL,NULL,1531,1,217,NULL,628,1,NULL,NULL,40720,40724,00008344,00008344,NULL,'2021-04-12','2021-04-12',0001,1,NULL,13538.65,NULL,'2021-05-16 21:55:22','2021-05-17 16:19:54','2021-05-17 16:19:54');
INSERT INTO `receipts` VALUES (648,3598,2,4,NULL,NULL,1531,1,217,NULL,628,1,NULL,NULL,40720,40728,00043464,00043464,NULL,'2021-04-12','2021-04-12',0532,1,NULL,2085.43,NULL,'2021-05-16 21:55:22','2021-05-17 16:19:54','2021-05-17 16:19:54'),(649,3598,2,6,NULL,NULL,1531,1,217,NULL,628,1,NULL,NULL,40720,40789,00000887,00000887,NULL,'2021-04-13','2021-04-13',0002,1,NULL,14171.70,NULL,'2021-05-16 21:55:22','2021-05-17 16:19:54','2021-05-17 16:19:54'),(650,3598,2,1,NULL,NULL,1531,1,217,NULL,628,1,NULL,NULL,40720,40789,00022653,00022653,NULL,'2021-04-13','2021-04-13',0002,1,NULL,14171.22,NULL,'2021-05-16 21:55:22','2021-05-17 16:19:54','2021-05-17 16:19:54'),(651,3598,2,3,NULL,NULL,1531,1,217,NULL,628,1,NULL,NULL,40720,40722,00005888,00005888,NULL,'2021-04-13','2021-04-13',0007,1,NULL,1455.29,NULL,'2021-05-16 21:55:22','2021-05-17 16:19:54','2021-05-17 16:19:54'),(652,3598,2,4,NULL,NULL,1531,1,217,NULL,628,1,NULL,NULL,40720,40790,00052716,00052716,NULL,'2021-04-14','2021-04-14',0003,1,NULL,171.36,NULL,'2021-05-16 21:55:22','2021-05-17 16:19:54','2021-05-17 16:19:54'),(653,3598,2,4,NULL,NULL,1531,1,217,NULL,628,1,NULL,NULL,40720,40724,00016131,00016131,NULL,'2021-04-15','2021-04-15',0001,1,NULL,55712.48,NULL,'2021-05-16 21:55:22','2021-05-17 16:19:54','2021-05-17 16:19:54'),(654,3598,2,4,NULL,NULL,1531,1,217,NULL,628,1,NULL,NULL,40720,40790,00053108,00053108,NULL,'2021-04-15','2021-04-15',0003,1,NULL,257.04,NULL,'2021-05-16 21:55:22','2021-05-17 16:19:54','2021-05-17 16:19:54'),(655,3598,2,6,NULL,NULL,1531,1,217,NULL,628,1,NULL,NULL,40720,40724,00001098,00001098,NULL,'2021-04-16','2021-04-16',0001,1,NULL,55712.48,NULL,'2021-05-16 21:55:22','2021-05-17 16:19:54','2021-05-17 16:19:54'),(656,3598,2,1,NULL,NULL,1531,1,217,NULL,628,1,NULL,NULL,40720,40722,00017449,00017449,NULL,'2021-04-19','2021-04-19',0007,1,NULL,25800.16,NULL,'2021-05-16 21:55:22','2021-05-17 16:19:54','2021-05-17 16:19:54'),(657,3598,2,1,NULL,NULL,1531,1,217,NULL,628,1,NULL,NULL,40720,40722,00017450,00017450,NULL,'2021-04-19','2021-04-19',0007,1,NULL,9102.31,NULL,'2021-05-16 21:55:22','2021-05-17 16:19:54','2021-05-17 16:19:54'),(658,3598,2,1,NULL,NULL,1531,1,217,NULL,628,1,NULL,NULL,40720,40791,00001767,00001767,NULL,'2021-04-21','2021-04-21',0005,1,NULL,57.00,NULL,'2021-05-16 21:55:22','2021-05-17 16:19:54','2021-05-17 16:19:54'),(659,3598,2,1,NULL,NULL,1531,1,217,NULL,628,1,NULL,NULL,40720,40722,00017516,00017516,NULL,'2021-04-22','2021-04-22',0007,1,NULL,71478.09,NULL,'2021-05-16 21:55:22','2021-05-17 16:19:54','2021-05-17 16:19:54'),(660,3598,2,1,NULL,NULL,1531,1,217,NULL,628,1,NULL,NULL,40720,40724,00008505,00008505,NULL,'2021-04-24','2021-04-24',0001,1,NULL,19503.87,NULL,'2021-05-16 21:55:22','2021-05-17 16:19:54','2021-05-17 16:19:54'),(661,3598,2,1,NULL,NULL,1531,1,217,NULL,628,1,NULL,NULL,40720,40724,00008504,00008504,NULL,'2021-04-24','2021-04-24',0001,1,NULL,16063.94,NULL,'2021-05-16 21:55:22','2021-05-17 16:19:54','2021-05-17 16:19:54'),(662,3598,2,3,NULL,NULL,1531,1,217,NULL,628,1,NULL,NULL,40720,40724,00000828,00000828,NULL,'2021-04-26','2021-04-26',0001,1,NULL,3711.68,NULL,'2021-05-16 21:55:22','2021-05-17 16:19:54','2021-05-17 16:19:54'),(663,3598,2,1,NULL,NULL,1531,1,217,NULL,628,1,NULL,NULL,40720,40724,00008513,00008513,NULL,'2021-04-26','2021-04-26',0001,1,NULL,13277.94,NULL,'2021-05-16 21:55:22','2021-05-17 16:19:54','2021-05-17 16:19:54'),(664,3598,2,3,NULL,NULL,1531,1,217,NULL,628,1,NULL,NULL,40720,40722,00005951,00005951,NULL,'2021-04-27','2021-04-27',0007,1,NULL,1396.10,NULL,'2021-05-16 21:55:22','2021-05-17 16:19:54','2021-05-17 16:19:54'),(665,3598,2,1,NULL,NULL,1531,1,217,NULL,628,1,NULL,NULL,40720,40789,00022854,00022854,NULL,'2021-04-29','2021-04-29',0002,1,NULL,7555.09,NULL,'2021-05-16 21:55:22','2021-05-17 16:19:54','2021-05-17 16:19:54'),(666,3598,2,3,NULL,NULL,1531,1,217,NULL,628,1,NULL,NULL,40720,40722,00005979,00005979,NULL,'2021-04-30','2021-04-30',0007,1,NULL,7140.79,NULL,'2021-05-16 21:55:22','2021-05-17 16:19:54','2021-05-17 16:19:54');
INSERT INTO `receipts` VALUES (667,3598,2,3,NULL,NULL,1531,1,217,NULL,628,1,NULL,NULL,40720,40722,00005975,00005975,NULL,'2021-04-30','2021-04-30',0007,1,NULL,2858.98,NULL,'2021-05-16 21:55:22','2021-05-17 16:19:54','2021-05-17 16:19:54'),(668,3598,1,1,NULL,NULL,3043,1,NULL,NULL,210,1,NULL,NULL,40733,40735,00000387,00000387,NULL,'2021-04-05','2021-04-05',0003,1,NULL,227026.25,NULL,'2021-05-17 12:18:56','2021-05-17 12:18:56',NULL),(669,3598,1,1,NULL,NULL,3043,1,NULL,NULL,210,1,NULL,NULL,40733,40792,00000388,00000388,NULL,'2021-04-06','2021-04-06',0003,1,NULL,194369.56,NULL,'2021-05-17 12:18:56','2021-05-17 12:18:56',NULL),(670,3598,1,1,NULL,NULL,3043,1,NULL,NULL,210,1,NULL,NULL,40733,40793,00000389,00000389,NULL,'2021-04-07','2021-04-07',0003,1,NULL,49510.78,NULL,'2021-05-17 12:18:56','2021-05-17 12:18:56',NULL),(671,3598,1,1,NULL,NULL,3043,1,NULL,NULL,210,1,NULL,NULL,40733,40794,00000390,00000390,NULL,'2021-04-07','2021-04-07',0003,1,NULL,14326.40,NULL,'2021-05-17 12:18:56','2021-05-17 12:18:56',NULL),(672,3598,1,1,NULL,NULL,3043,1,NULL,NULL,210,1,NULL,NULL,40733,40747,00000391,00000391,NULL,'2021-04-07','2021-04-07',0003,1,NULL,23400.19,NULL,'2021-05-17 12:18:56','2021-05-17 12:18:56',NULL),(673,3598,1,1,NULL,NULL,3043,1,NULL,NULL,210,1,NULL,NULL,40733,40749,00000392,00000392,NULL,'2021-04-08','2021-04-08',0003,1,NULL,140546.34,NULL,'2021-05-17 12:18:56','2021-05-17 12:18:56',NULL),(674,3598,1,1,NULL,NULL,3043,1,NULL,NULL,210,1,NULL,NULL,40733,40744,00000393,00000393,NULL,'2021-04-08','2021-04-08',0003,1,NULL,47133.13,NULL,'2021-05-17 12:18:56','2021-05-17 12:18:56',NULL),(675,3598,1,1,NULL,NULL,3043,1,NULL,NULL,210,1,NULL,NULL,40733,40795,00000394,00000394,NULL,'2021-04-09','2021-04-09',0003,1,NULL,25276.90,NULL,'2021-05-17 12:18:56','2021-05-17 12:18:56',NULL),(676,3598,1,1,NULL,NULL,3043,1,NULL,NULL,210,1,NULL,NULL,40733,40765,00000395,00000395,NULL,'2021-04-13','2021-04-13',0003,1,NULL,87363.20,NULL,'2021-05-17 12:18:56','2021-05-17 12:18:56',NULL),(677,3598,1,1,NULL,NULL,3043,1,NULL,NULL,210,1,NULL,NULL,40733,40796,00000396,00000396,NULL,'2021-04-14','2021-04-14',0003,1,NULL,62617.50,NULL,'2021-05-17 12:18:56','2021-05-17 12:18:56',NULL),(678,3598,1,1,NULL,NULL,3043,1,NULL,NULL,210,1,NULL,NULL,40733,40748,00000397,00000397,NULL,'2021-04-14','2021-04-14',0003,1,NULL,65538.44,NULL,'2021-05-17 12:18:56','2021-05-17 12:18:56',NULL),(679,3598,1,1,NULL,NULL,3043,1,NULL,NULL,210,1,NULL,NULL,40733,40797,00000398,00000398,NULL,'2021-04-14','2021-04-14',0003,1,NULL,149356.35,NULL,'2021-05-17 12:18:56','2021-05-17 12:18:56',NULL),(680,3598,1,1,NULL,NULL,3043,1,NULL,NULL,210,1,NULL,NULL,40733,40764,00000399,00000399,NULL,'2021-04-15','2021-04-15',0003,1,NULL,49675.34,NULL,'2021-05-17 12:18:56','2021-05-17 12:18:56',NULL),(681,3598,1,1,NULL,NULL,3043,1,NULL,NULL,210,1,NULL,NULL,40733,40736,00000400,00000400,NULL,'2021-04-19','2021-04-19',0003,1,NULL,56851.85,NULL,'2021-05-17 12:18:57','2021-05-17 12:18:57',NULL),(682,3598,1,1,NULL,NULL,3043,1,NULL,NULL,210,1,NULL,NULL,40733,40798,00000401,00000401,NULL,'2021-04-19','2021-04-19',0003,1,NULL,95033.40,NULL,'2021-05-17 12:18:57','2021-05-17 12:18:57',NULL),(683,3598,1,1,NULL,NULL,3043,1,NULL,NULL,210,1,NULL,NULL,40733,40767,00000402,00000402,NULL,'2021-04-20','2021-04-20',0003,1,NULL,159041.92,NULL,'2021-05-17 12:18:57','2021-05-17 12:18:57',NULL),(684,3598,1,1,NULL,NULL,3043,1,NULL,NULL,210,1,NULL,NULL,40733,40746,00000403,00000403,NULL,'2021-04-21','2021-04-21',0003,1,NULL,105360.75,NULL,'2021-05-17 12:18:57','2021-05-17 12:18:57',NULL),(685,3598,1,1,NULL,NULL,3043,1,NULL,NULL,210,1,NULL,NULL,40733,40799,00000404,00000404,NULL,'2021-04-22','2021-04-22',0003,1,NULL,7994.47,NULL,'2021-05-17 12:18:57','2021-05-17 12:18:57',NULL),(686,3598,1,1,NULL,NULL,3043,1,NULL,NULL,210,1,NULL,NULL,40733,40800,00000405,00000405,NULL,'2021-04-27','2021-04-27',0003,1,NULL,315848.72,NULL,'2021-05-17 12:18:57','2021-05-17 12:18:57',NULL);
INSERT INTO `receipts` VALUES (687,3598,1,1,NULL,NULL,3043,1,NULL,NULL,210,1,NULL,NULL,40733,40801,00000406,00000406,NULL,'2021-04-27','2021-04-27',0003,1,NULL,58059.43,NULL,'2021-05-17 12:18:57','2021-05-17 12:18:57',NULL),(688,3598,1,1,NULL,NULL,3043,1,NULL,NULL,210,1,NULL,NULL,40733,40802,00000407,00000407,NULL,'2021-04-29','2021-04-29',0003,1,NULL,61435.33,NULL,'2021-05-17 12:18:57','2021-05-17 12:18:57',NULL),(689,3598,1,3,NULL,NULL,3043,1,NULL,NULL,210,1,NULL,NULL,40733,40800,00000006,00000006,NULL,'2021-04-29','2021-04-29',0003,1,NULL,11398.20,NULL,'2021-05-17 12:18:57','2021-05-17 12:18:57',NULL),(690,3598,1,1,NULL,NULL,3043,1,NULL,NULL,210,1,NULL,NULL,40733,40748,00000408,00000408,NULL,'2021-04-30','2021-04-30',0003,1,NULL,232351.21,NULL,'2021-05-17 12:18:57','2021-05-17 12:18:57',NULL),(691,3598,2,1,NULL,NULL,3043,1,217,NULL,210,1,NULL,NULL,40733,40803,00000211,00000211,NULL,'2021-04-01','2021-04-01',0002,1,NULL,21089.91,NULL,'2021-05-17 12:19:09','2021-05-17 12:19:09',NULL),(692,3598,2,1,NULL,NULL,3043,1,217,NULL,210,1,NULL,NULL,40733,40756,00002313,00002313,NULL,'2021-04-01','2021-04-01',0007,1,NULL,74173.00,NULL,'2021-05-17 12:19:09','2021-05-17 12:19:09',NULL),(693,3598,2,1,NULL,NULL,3043,1,217,NULL,210,1,NULL,NULL,40733,40804,00014262,00014262,NULL,'2021-04-05','2021-04-05',0011,1,NULL,5599.28,NULL,'2021-05-17 12:19:09','2021-05-17 12:19:09',NULL),(694,3598,2,1,NULL,NULL,3043,1,217,NULL,210,1,NULL,NULL,40733,40769,00056120,00056120,NULL,'2021-04-05','2021-04-05',0005,1,NULL,34630.20,NULL,'2021-05-17 12:19:09','2021-05-17 12:19:09',NULL),(695,3598,2,3,NULL,NULL,3043,1,217,NULL,210,1,NULL,NULL,40733,40731,00004998,00004998,NULL,'2021-04-05','2021-04-05',0045,1,NULL,1254.28,NULL,'2021-05-17 12:19:09','2021-05-17 12:19:09',NULL),(696,3598,2,1,NULL,NULL,3043,1,217,NULL,210,1,NULL,NULL,40733,40731,00158991,00158991,NULL,'2021-04-05','2021-04-05',0045,1,NULL,41809.21,NULL,'2021-05-17 12:19:09','2021-05-17 12:19:09',NULL),(697,3598,2,1,NULL,NULL,3043,1,217,NULL,210,1,NULL,NULL,40733,40786,00002425,00002425,NULL,'2021-04-06','2021-04-06',0004,1,NULL,35767.12,NULL,'2021-05-17 12:19:09','2021-05-17 12:19:09',NULL),(698,3598,2,1,NULL,NULL,3043,1,217,NULL,210,1,NULL,NULL,40733,40769,00056128,00056128,NULL,'2021-04-06','2021-04-06',0005,1,NULL,245577.97,NULL,'2021-05-17 12:19:09','2021-05-17 12:19:09',NULL),(699,3598,2,1,NULL,NULL,3043,1,217,NULL,210,1,NULL,NULL,40733,40751,00005227,00005227,NULL,'2021-04-06','2021-04-06',2408,1,NULL,690.00,NULL,'2021-05-17 12:19:09','2021-05-17 12:19:09',NULL),(700,3598,2,1,NULL,NULL,3043,1,217,NULL,210,1,NULL,NULL,40733,40751,00005274,00005274,NULL,'2021-04-06','2021-04-06',2381,1,NULL,670.00,NULL,'2021-05-17 12:19:09','2021-05-17 12:19:09',NULL),(701,3598,2,1,NULL,NULL,3043,1,217,NULL,210,1,NULL,NULL,40733,40751,00007974,00007974,NULL,'2021-04-07','2021-04-07',2339,1,NULL,1400.01,NULL,'2021-05-17 12:19:09','2021-05-17 12:19:09',NULL),(702,3598,2,1,NULL,NULL,3043,1,217,NULL,210,1,NULL,NULL,40733,40751,00007973,00007973,NULL,'2021-04-07','2021-04-07',2339,1,NULL,810.00,NULL,'2021-05-17 12:19:09','2021-05-17 12:19:09',NULL),(703,3598,2,1,NULL,NULL,3043,1,217,NULL,210,1,NULL,NULL,40733,40751,00004730,00004730,NULL,'2021-04-08','2021-04-08',2319,1,NULL,670.00,NULL,'2021-05-17 12:19:09','2021-05-17 12:19:09',NULL),(704,3598,2,1,NULL,NULL,3043,1,217,NULL,210,1,NULL,NULL,40733,40751,00005193,00005193,NULL,'2021-04-08','2021-04-08',2379,1,NULL,1800.00,NULL,'2021-05-17 12:19:09','2021-05-17 12:19:09',NULL),(705,3598,2,1,NULL,NULL,3043,1,217,NULL,210,1,NULL,NULL,40733,40751,00003934,00003934,NULL,'2021-04-08','2021-04-08',2406,1,NULL,670.00,NULL,'2021-05-17 12:19:09','2021-05-17 12:19:09',NULL),(706,3598,2,1,NULL,NULL,3043,1,217,NULL,210,1,NULL,NULL,40733,40751,00001136,00001136,NULL,'2021-04-08','2021-04-08',2453,1,NULL,1230.00,NULL,'2021-05-17 12:19:09','2021-05-17 12:19:09',NULL);
INSERT INTO `receipts` VALUES (707,3598,2,1,NULL,NULL,3043,1,217,NULL,210,1,NULL,NULL,40733,40786,00002432,00002432,NULL,'2021-04-12','2021-04-12',0004,1,NULL,25116.70,NULL,'2021-05-17 12:19:09','2021-05-17 12:19:09',NULL),(708,3598,2,1,NULL,NULL,3043,1,217,NULL,210,1,NULL,NULL,40733,40782,00004143,00004143,NULL,'2021-04-12','2021-04-12',0003,1,NULL,74252.86,NULL,'2021-05-17 12:19:09','2021-05-17 12:19:09',NULL),(709,3598,2,1,NULL,NULL,3043,1,217,NULL,210,1,NULL,NULL,40733,40751,00004785,00004785,NULL,'2021-04-13','2021-04-13',2319,1,NULL,670.00,NULL,'2021-05-17 12:19:09','2021-05-17 12:19:09',NULL),(710,3598,2,1,NULL,NULL,3043,1,217,NULL,210,1,NULL,NULL,40733,40805,00000054,00000054,NULL,'2021-04-13','2021-04-13',0025,1,NULL,45969.11,NULL,'2021-05-17 12:19:09','2021-05-17 12:19:09',NULL),(711,3598,2,1,NULL,NULL,3043,1,217,NULL,210,1,NULL,NULL,40733,40759,00003740,00003740,NULL,'2021-04-13','2021-04-13',0008,1,NULL,112579.84,NULL,'2021-05-17 12:19:09','2021-05-17 12:19:09',NULL),(712,3598,2,1,NULL,NULL,3043,1,217,NULL,210,1,NULL,NULL,40733,40806,00011759,00011759,NULL,'2021-04-13','2021-04-13',0003,1,NULL,199786.53,NULL,'2021-05-17 12:19:09','2021-05-17 12:19:09',NULL),(713,3598,2,1,NULL,NULL,3043,1,217,NULL,210,1,NULL,NULL,40733,40782,00004145,00004145,NULL,'2021-04-13','2021-04-13',0003,1,NULL,8893.50,NULL,'2021-05-17 12:19:09','2021-05-17 12:19:09',NULL),(714,3598,2,1,NULL,NULL,3043,1,217,NULL,210,1,NULL,NULL,40733,40751,00005203,00005203,NULL,'2021-04-14','2021-04-14',2338,1,NULL,3510.00,NULL,'2021-05-17 12:19:09','2021-05-17 12:19:09',NULL),(715,3598,2,1,NULL,NULL,3043,1,217,NULL,210,1,NULL,NULL,40733,40757,00001896,00001896,NULL,'2021-04-14','2021-04-14',0002,1,NULL,60681.50,NULL,'2021-05-17 12:19:09','2021-05-17 12:19:09',NULL),(716,3598,2,1,NULL,NULL,3043,1,217,NULL,210,1,NULL,NULL,40733,40751,00002447,00002447,NULL,'2021-04-14','2021-04-14',2373,1,NULL,830.00,NULL,'2021-05-17 12:19:09','2021-05-17 12:19:09',NULL),(717,3598,2,1,NULL,NULL,3043,1,217,NULL,210,1,NULL,NULL,40733,40751,00002665,00002665,NULL,'2021-04-14','2021-04-14',2404,1,NULL,850.00,NULL,'2021-05-17 12:19:09','2021-05-17 12:19:09',NULL),(718,3598,2,1,NULL,NULL,3043,1,217,NULL,210,1,NULL,NULL,40733,40751,00008091,00008091,NULL,'2021-04-15','2021-04-15',2339,1,NULL,670.00,NULL,'2021-05-17 12:19:09','2021-05-17 12:19:09',NULL),(719,3598,2,1,NULL,NULL,3043,1,217,NULL,210,1,NULL,NULL,40733,40751,00002184,00002184,NULL,'2021-04-15','2021-04-15',2377,1,NULL,670.00,NULL,'2021-05-17 12:19:09','2021-05-17 12:19:09',NULL),(720,3598,2,1,NULL,NULL,3043,1,217,NULL,210,1,NULL,NULL,40733,40757,00001900,00001900,NULL,'2021-04-19','2021-04-19',0002,1,NULL,65678.80,NULL,'2021-05-17 12:19:09','2021-05-17 12:19:09',NULL),(721,3598,2,1,NULL,NULL,3043,1,217,NULL,210,1,NULL,NULL,40733,40751,00008113,00008113,NULL,'2021-04-19','2021-04-19',2339,1,NULL,670.00,NULL,'2021-05-17 12:19:09','2021-05-17 12:19:09',NULL),(722,3598,2,1,NULL,NULL,3043,1,217,NULL,210,1,NULL,NULL,40733,40751,00008110,00008110,NULL,'2021-04-19','2021-04-19',2339,1,NULL,670.00,NULL,'2021-05-17 12:19:10','2021-05-17 12:19:10',NULL),(723,3598,2,1,NULL,NULL,3043,1,217,NULL,210,1,NULL,NULL,40733,40786,00002450,00002450,NULL,'2021-04-20','2021-04-20',0004,1,NULL,14113.44,NULL,'2021-05-17 12:19:10','2021-05-17 12:19:10',NULL),(724,3598,2,1,NULL,NULL,3043,1,217,NULL,210,1,NULL,NULL,40733,40786,00002455,00002455,NULL,'2021-04-21','2021-04-21',0004,1,NULL,9869.61,NULL,'2021-05-17 12:19:10','2021-05-17 12:19:10',NULL),(725,3598,2,1,NULL,NULL,3043,1,217,NULL,210,1,NULL,NULL,40733,40755,00002100,00002100,NULL,'2021-04-22','2021-04-22',0003,1,NULL,13153.04,NULL,'2021-05-17 12:19:10','2021-05-17 12:19:10',NULL),(726,3598,2,1,NULL,NULL,3043,1,217,NULL,210,1,NULL,NULL,40733,40806,00011806,00011806,NULL,'2021-04-22','2021-04-22',0003,1,NULL,193801.48,NULL,'2021-05-17 12:19:10','2021-05-17 12:19:10',NULL),(727,3598,2,1,NULL,NULL,3043,1,217,NULL,210,1,NULL,NULL,40733,40806,00011810,00011810,NULL,'2021-04-22','2021-04-22',0003,1,NULL,53389.72,NULL,'2021-05-17 12:19:10','2021-05-17 12:19:10',NULL);
INSERT INTO `receipts` VALUES (728,3598,2,1,NULL,NULL,3043,1,217,NULL,210,1,NULL,NULL,40733,40751,00002757,00002757,NULL,'2021-04-27','2021-04-27',2404,1,NULL,2130.00,NULL,'2021-05-17 12:19:10','2021-05-17 12:19:10',NULL),(729,3598,2,1,NULL,NULL,3043,1,217,NULL,210,1,NULL,NULL,40733,40751,00004953,00004953,NULL,'2021-04-27','2021-04-27',2319,1,NULL,670.00,NULL,'2021-05-17 12:19:10','2021-05-17 12:19:10',NULL),(730,3598,2,1,NULL,NULL,3043,1,217,NULL,210,1,NULL,NULL,40733,40759,00003835,00003835,NULL,'2021-04-27','2021-04-27',0008,1,NULL,71163.68,NULL,'2021-05-17 12:19:10','2021-05-17 12:19:10',NULL),(731,3598,2,1,NULL,NULL,3043,1,217,NULL,210,1,NULL,NULL,40733,40756,00002349,00002349,NULL,'2021-04-27','2021-04-27',0007,1,NULL,12035.63,NULL,'2021-05-17 12:19:10','2021-05-17 12:19:10',NULL),(732,3598,2,1,NULL,NULL,3043,1,217,NULL,210,1,NULL,NULL,40733,40757,00001908,00001908,NULL,'2021-04-28','2021-04-28',0002,1,NULL,326822.21,NULL,'2021-05-17 12:19:10','2021-05-17 12:19:10',NULL),(733,3598,2,1,NULL,NULL,3043,1,217,NULL,210,1,NULL,NULL,40733,40807,00004057,00004057,NULL,'2021-04-29','2021-04-29',0006,1,NULL,3000.00,NULL,'2021-05-17 12:19:10','2021-05-17 12:19:10',NULL),(734,3598,2,1,NULL,NULL,3043,1,217,NULL,210,1,NULL,NULL,40733,40751,00008309,00008309,NULL,'2021-04-30','2021-04-30',2339,1,NULL,2940.00,NULL,'2021-05-17 12:19:10','2021-05-17 12:19:10',NULL),(735,3598,2,7,NULL,NULL,3043,1,250,NULL,210,1,NULL,NULL,40733,40719,00000118,00000118,NULL,'2021-04-30','2021-04-30',0002,1,NULL,19500.00,NULL,'2021-05-17 12:19:10','2021-05-17 12:19:10',NULL),(736,3598,2,1,NULL,NULL,3043,1,217,NULL,210,1,NULL,NULL,40733,40784,00006856,00006856,NULL,'2021-04-30','2021-04-30',0007,1,NULL,597.11,NULL,'2021-05-17 12:19:10','2021-05-17 12:19:10',NULL),(737,3598,2,1,NULL,NULL,3043,1,217,NULL,210,1,NULL,NULL,40733,40784,00006845,00006845,NULL,'2021-04-30','2021-04-30',0007,1,NULL,3772.30,NULL,'2021-05-17 12:19:10','2021-05-17 12:19:10',NULL),(741,3598,2,3,NULL,NULL,1531,1,217,NULL,628,1,NULL,NULL,40720,40721,00003116,00003116,NULL,'1969-12-31','1969-12-31',0008,1,NULL,23259.42,NULL,'2021-05-17 16:49:42','2021-05-17 16:49:42',NULL),(742,3598,2,3,NULL,NULL,1531,1,217,NULL,628,1,NULL,NULL,40720,40725,00003759,00003759,NULL,'1969-12-31','1969-12-31',0003,1,NULL,14144.75,NULL,'2021-05-17 16:49:42','2021-05-17 16:49:42',NULL),(743,3598,2,3,NULL,NULL,1531,1,217,NULL,628,1,NULL,NULL,40720,40725,00003782,00003782,NULL,'1969-12-31','1969-12-31',0003,1,NULL,9626.34,NULL,'2021-05-17 16:49:42','2021-05-17 16:49:42',NULL),(744,3598,2,1,NULL,NULL,1531,1,217,NULL,628,1,NULL,NULL,40720,40724,00008224,00008224,NULL,'2021-04-01','2021-04-01',0001,1,NULL,50364.56,NULL,'2021-05-17 16:49:42','2021-05-17 16:49:42',NULL),(745,3598,2,4,NULL,NULL,1531,1,217,NULL,628,1,NULL,NULL,40720,40789,00014141,00014141,NULL,'2021-04-01','2021-04-01',0002,1,NULL,14171.73,NULL,'2021-05-17 16:49:42','2021-05-17 16:49:42',NULL),(746,3598,2,6,NULL,NULL,1531,1,217,NULL,628,1,NULL,NULL,40720,40728,00096273,00096273,NULL,'2021-04-01','2021-04-01',0388,1,NULL,2371.95,NULL,'2021-05-17 16:49:42','2021-05-17 16:49:42',NULL),(747,3598,2,3,NULL,NULL,1531,1,217,NULL,628,1,NULL,NULL,40720,40722,00005840,00005840,NULL,'2021-04-05','2021-04-05',0007,1,NULL,5201.11,NULL,'2021-05-17 16:49:42','2021-05-17 16:49:42',NULL),(748,3598,2,3,NULL,NULL,1531,1,217,NULL,628,1,NULL,NULL,40720,40722,00005850,00005850,NULL,'2021-04-05','2021-04-05',0007,1,NULL,8747.01,NULL,'2021-05-17 16:49:42','2021-05-17 16:49:42',NULL),(749,3598,2,1,NULL,NULL,1531,1,217,NULL,628,1,NULL,NULL,40720,40722,00017256,00017256,NULL,'2021-04-05','2021-04-05',0007,1,NULL,36435.29,NULL,'2021-05-17 16:49:42','2021-05-17 16:49:42',NULL),(750,3598,2,1,NULL,NULL,1531,1,217,NULL,628,1,NULL,NULL,40720,40724,00008269,00008269,NULL,'2021-04-06','2021-04-06',0001,1,NULL,49746.86,NULL,'2021-05-17 16:49:42','2021-05-17 16:49:42',NULL);
INSERT INTO `receipts` VALUES (751,3598,2,1,NULL,NULL,1531,1,217,NULL,628,1,NULL,NULL,40720,40724,00008270,00008270,NULL,'2021-04-06','2021-04-06',0001,1,NULL,28610.33,NULL,'2021-05-17 16:49:42','2021-05-17 16:49:42',NULL),(752,3598,2,1,NULL,NULL,1531,1,217,NULL,628,1,NULL,NULL,40720,40723,00000774,00000774,NULL,'2021-04-07','2021-04-07',0001,1,NULL,51940.30,NULL,'2021-05-17 16:49:42','2021-05-17 16:49:42',NULL),(753,3598,2,1,NULL,NULL,1531,1,217,NULL,628,1,NULL,NULL,40720,40724,00008342,00008342,NULL,'2021-04-10','2021-04-10',0001,1,NULL,8996.29,NULL,'2021-05-17 16:49:42','2021-05-17 16:49:42',NULL),(754,3598,2,1,NULL,NULL,1531,1,217,NULL,628,1,NULL,NULL,40720,40724,00008344,00008344,NULL,'2021-04-12','2021-04-12',0001,1,NULL,13538.65,NULL,'2021-05-17 16:49:42','2021-05-17 16:49:42',NULL),(755,3598,2,4,NULL,NULL,1531,1,217,NULL,628,1,NULL,NULL,40720,40728,00043464,00043464,NULL,'2021-04-12','2021-04-12',0532,1,NULL,2085.43,NULL,'2021-05-17 16:49:42','2021-05-17 16:49:42',NULL),(756,3598,2,6,NULL,NULL,1531,1,217,NULL,628,1,NULL,NULL,40720,40789,00000887,00000887,NULL,'2021-04-13','2021-04-13',0002,1,NULL,14171.70,NULL,'2021-05-17 16:49:42','2021-05-17 16:49:42',NULL),(757,3598,2,1,NULL,NULL,1531,1,217,NULL,628,1,NULL,NULL,40720,40789,00022653,00022653,NULL,'2021-04-13','2021-04-13',0002,1,NULL,14171.22,NULL,'2021-05-17 16:49:42','2021-05-17 16:49:42',NULL),(758,3598,2,3,NULL,NULL,1531,1,217,NULL,628,1,NULL,NULL,40720,40722,00005888,00005888,NULL,'2021-04-13','2021-04-13',0007,1,NULL,1455.29,NULL,'2021-05-17 16:49:42','2021-05-17 16:49:42',NULL),(759,3598,2,4,NULL,NULL,1531,1,217,NULL,628,1,NULL,NULL,40720,40790,00052716,00052716,NULL,'2021-04-14','2021-04-14',0003,1,NULL,171.36,NULL,'2021-05-17 16:49:42','2021-05-17 16:49:42',NULL),(760,3598,2,4,NULL,NULL,1531,1,217,NULL,628,1,NULL,NULL,40720,40724,00016131,00016131,NULL,'2021-04-15','2021-04-15',0001,1,NULL,55712.48,NULL,'2021-05-17 16:49:42','2021-05-17 16:49:42',NULL),(761,3598,2,4,NULL,NULL,1531,1,217,NULL,628,1,NULL,NULL,40720,40790,00053108,00053108,NULL,'2021-04-15','2021-04-15',0003,1,NULL,257.04,NULL,'2021-05-17 16:49:42','2021-05-17 16:49:42',NULL),(762,3598,2,6,NULL,NULL,1531,1,217,NULL,628,1,NULL,NULL,40720,40724,00001098,00001098,NULL,'2021-04-16','2021-04-16',0001,1,NULL,55712.48,NULL,'2021-05-17 16:49:42','2021-05-17 16:49:42',NULL),(763,3598,2,1,NULL,NULL,1531,1,217,NULL,628,1,NULL,NULL,40720,40722,00017449,00017449,NULL,'2021-04-19','2021-04-19',0007,1,NULL,25800.16,NULL,'2021-05-17 16:49:42','2021-05-17 16:49:42',NULL),(764,3598,2,1,NULL,NULL,1531,1,217,NULL,628,1,NULL,NULL,40720,40722,00017450,00017450,NULL,'2021-04-19','2021-04-19',0007,1,NULL,9102.31,NULL,'2021-05-17 16:49:42','2021-05-17 16:49:42',NULL),(765,3598,2,1,NULL,NULL,1531,1,217,NULL,628,1,NULL,NULL,40720,40791,00001767,00001767,NULL,'2021-04-21','2021-04-21',0005,1,NULL,57.00,NULL,'2021-05-17 16:49:42','2021-05-17 16:49:42',NULL),(766,3598,2,1,NULL,NULL,1531,1,217,NULL,628,1,NULL,NULL,40720,40722,00017516,00017516,NULL,'2021-04-22','2021-04-22',0007,1,NULL,71478.09,NULL,'2021-05-17 16:49:42','2021-05-17 16:49:42',NULL),(767,3598,2,1,NULL,NULL,1531,1,217,NULL,628,1,NULL,NULL,40720,40724,00008505,00008505,NULL,'2021-04-24','2021-04-24',0001,1,NULL,19503.87,NULL,'2021-05-17 16:49:42','2021-05-17 16:49:42',NULL),(768,3598,2,1,NULL,NULL,1531,1,217,NULL,628,1,NULL,NULL,40720,40724,00008504,00008504,NULL,'2021-04-24','2021-04-24',0001,1,NULL,16063.94,NULL,'2021-05-17 16:49:42','2021-05-17 16:49:42',NULL),(769,3598,2,3,NULL,NULL,1531,1,217,NULL,628,1,NULL,NULL,40720,40724,00000828,00000828,NULL,'2021-04-26','2021-04-26',0001,1,NULL,3711.68,NULL,'2021-05-17 16:49:42','2021-05-17 16:49:42',NULL),(770,3598,2,1,NULL,NULL,1531,1,217,NULL,628,1,NULL,NULL,40720,40724,00008513,00008513,NULL,'2021-04-26','2021-04-26',0001,1,NULL,13277.94,NULL,'2021-05-17 16:49:42','2021-05-17 16:49:42',NULL),(771,3598,2,3,NULL,NULL,1531,1,217,NULL,628,1,NULL,NULL,40720,40722,00005951,00005951,NULL,'2021-04-27','2021-04-27',0007,1,NULL,1396.10,NULL,'2021-05-17 16:49:42','2021-05-17 16:49:42',NULL);
INSERT INTO `receipts` VALUES (772,3598,2,1,NULL,NULL,1531,1,217,NULL,628,1,NULL,NULL,40720,40789,00022854,00022854,NULL,'2021-04-29','2021-04-29',0002,1,NULL,7555.09,NULL,'2021-05-17 16:49:42','2021-05-17 16:49:42',NULL),(773,3598,2,3,NULL,NULL,1531,1,217,NULL,628,1,NULL,NULL,40720,40722,00005979,00005979,NULL,'2021-04-30','2021-04-30',0007,1,NULL,7140.79,NULL,'2021-05-17 16:49:42','2021-05-17 16:49:42',NULL),(774,3598,2,3,NULL,NULL,1531,1,217,NULL,628,1,NULL,NULL,40720,40722,00005975,00005975,NULL,'2021-04-30','2021-04-30',0007,1,NULL,2858.98,NULL,'2021-05-17 16:49:42','2021-05-17 16:49:42',NULL),(775,3598,4,NULL,NULL,NULL,6,1,NULL,NULL,NULL,1,NULL,NULL,40719,NULL,NULL,NULL,NULL,NULL,NULL,NULL,1,NULL,9730.83,'comprobantes/40719/HvOAvQhBAwpgUSG4qsEedhzfFBjeuIytHcJtugY6.xls','2021-05-19 15:02:01','2021-05-19 15:02:01',NULL),(776,3598,4,NULL,NULL,NULL,6,1,NULL,NULL,NULL,1,NULL,NULL,40719,NULL,NULL,NULL,NULL,NULL,NULL,NULL,1,NULL,442.88,'comprobantes/40719/j6kfFfJqFENEhbVA4mqYKiGjQ1f9HbPaouJjHQ7T.xls','2021-05-19 15:02:25','2021-05-19 15:02:25',NULL),(777,3598,4,NULL,NULL,NULL,1531,1,NULL,NULL,NULL,1,NULL,NULL,40720,NULL,NULL,NULL,NULL,NULL,NULL,NULL,1,NULL,442.88,'comprobantes/40719/I5Yd4uW0l0fYPRhyACHCRn782i39gIayqJUUQ9j6.xls','2021-05-19 15:04:24','2021-05-19 15:07:20','2021-05-19 15:07:20'),(778,3598,4,NULL,NULL,NULL,1531,1,NULL,NULL,NULL,1,NULL,NULL,40720,NULL,NULL,NULL,NULL,NULL,NULL,NULL,1,NULL,3277.47,'comprobantes/40719/JIlk7JoiDbiLrGcd2eNDDqAyaqWTDWDBK9pR4AeY.xls','2021-05-19 15:04:59','2021-05-19 15:07:13','2021-05-19 15:07:13'),(779,3598,4,NULL,NULL,NULL,1531,1,NULL,NULL,NULL,1,NULL,NULL,40720,NULL,NULL,NULL,NULL,NULL,NULL,NULL,1,NULL,11326.31,'comprobantes/40719/kmHJDZgT84gLOStAgzTO30d7mNwMrKXK6QZAVFSP.txt','2021-05-19 15:10:09','2021-05-19 15:11:35','2021-05-19 15:11:35'),(780,3598,4,NULL,NULL,NULL,1531,1,NULL,NULL,NULL,1,NULL,NULL,40720,NULL,NULL,NULL,NULL,NULL,NULL,NULL,1,NULL,11416.66,'comprobantes/40719/P64xHhrwld3yj8jhI5JY8xjGgvoHwZCD2TqtOR5f.txt','2021-05-19 15:11:57','2021-05-19 15:11:57',NULL),(1017,3598,2,4,NULL,NULL,1532,1,217,NULL,628,1,NULL,NULL,40720,40811,00002783,00002783,NULL,'2021-05-04','2021-05-04',0002,1,NULL,24629.79,NULL,'2021-06-16 14:51:17','2021-06-16 14:51:17',NULL),(1018,3598,2,1,NULL,NULL,1532,1,217,NULL,628,1,NULL,NULL,40720,40724,00008639,00008639,NULL,'2021-05-05','2021-05-05',0001,1,NULL,31052.29,NULL,'2021-06-16 14:51:17','2021-06-16 14:51:17',NULL),(1019,3598,2,1,NULL,NULL,1532,1,217,NULL,628,1,NULL,NULL,40720,40724,00008638,00008638,NULL,'2021-05-05','2021-05-05',0001,1,NULL,11133.51,NULL,'2021-06-16 14:51:17','2021-06-16 14:51:17',NULL),(1020,3598,2,1,NULL,NULL,1532,1,217,NULL,628,1,NULL,NULL,40720,40791,00001796,00001796,NULL,'2021-05-05','2021-05-05',0005,1,NULL,285.00,NULL,'2021-06-16 14:51:17','2021-06-16 14:51:17',NULL),(1021,3598,2,1,NULL,NULL,1532,1,217,NULL,628,1,NULL,NULL,40720,40725,00018405,00018405,NULL,'2021-05-05','2021-05-05',0003,1,NULL,9404.47,NULL,'2021-06-16 14:51:17','2021-06-16 14:51:17',NULL),(1022,3598,2,3,NULL,NULL,1532,1,217,NULL,628,1,NULL,NULL,40720,40725,00004038,00004038,NULL,'2021-05-05','2021-05-05',0003,1,NULL,6269.65,NULL,'2021-06-16 14:51:17','2021-06-16 14:51:17',NULL),(1023,3598,2,1,NULL,NULL,1532,1,217,NULL,628,1,NULL,NULL,40720,40722,00017667,00017667,NULL,'2021-05-06','2021-05-06',0007,1,NULL,2291.14,NULL,'2021-06-16 14:51:17','2021-06-16 14:51:17',NULL),(1024,3598,2,1,NULL,NULL,1532,1,217,NULL,628,1,NULL,NULL,40720,40722,00017666,00017666,NULL,'2021-05-06','2021-05-06',0007,1,NULL,85820.06,NULL,'2021-06-16 14:51:17','2021-06-16 14:51:17',NULL),(1025,3598,2,1,NULL,NULL,1532,1,217,NULL,628,1,NULL,NULL,40720,40729,00007520,00007520,NULL,'2021-05-07','2021-05-07',0032,1,NULL,1438.91,NULL,'2021-06-16 14:51:17','2021-06-16 14:51:17',NULL),(1026,3598,2,4,NULL,NULL,1532,1,217,NULL,628,1,NULL,NULL,40720,40790,00058631,00058631,NULL,'2021-05-10','2021-05-10',0003,1,NULL,444.00,NULL,'2021-06-16 14:51:17','2021-06-16 14:51:17',NULL);
INSERT INTO `receipts` VALUES (1027,3598,2,1,NULL,NULL,1532,1,217,NULL,628,1,NULL,NULL,40720,40724,00008703,00008703,NULL,'2021-05-12','2021-05-12',0001,1,NULL,34341.80,NULL,'2021-06-16 14:51:17','2021-06-16 14:51:17',NULL),(1028,3598,2,1,NULL,NULL,1532,1,217,NULL,628,1,NULL,NULL,40720,40724,00008702,00008702,NULL,'2021-05-12','2021-05-12',0001,1,NULL,49003.60,NULL,'2021-06-16 14:51:17','2021-06-16 14:51:17',NULL),(1029,3598,2,1,NULL,NULL,1532,1,217,NULL,628,1,NULL,NULL,40720,40725,00018556,00018556,NULL,'2021-05-12','2021-05-12',0003,1,NULL,9435.68,NULL,'2021-06-16 14:51:17','2021-06-16 14:51:17',NULL),(1030,3598,2,1,NULL,NULL,1532,1,217,NULL,628,1,NULL,NULL,40720,40724,00008723,00008723,NULL,'2021-05-12','2021-05-12',0001,1,NULL,954.24,NULL,'2021-06-16 14:51:17','2021-06-16 14:51:17',NULL),(1031,3598,2,3,NULL,NULL,1532,1,217,NULL,628,1,NULL,NULL,40720,40724,00000865,00000865,NULL,'2021-05-12','2021-05-12',0001,1,NULL,1011.39,NULL,'2021-06-16 14:51:17','2021-06-16 14:51:17',NULL),(1032,3598,2,1,NULL,NULL,1532,1,217,NULL,628,1,NULL,NULL,40720,40722,00017798,00017798,NULL,'2021-05-13','2021-05-13',0007,1,NULL,51950.77,NULL,'2021-06-16 14:51:17','2021-06-16 14:51:17',NULL),(1033,3598,2,3,NULL,NULL,1532,1,217,NULL,628,1,NULL,NULL,40720,40722,00006035,00006035,NULL,'2021-05-13','2021-05-13',0007,1,NULL,3524.45,NULL,'2021-06-16 14:51:17','2021-06-16 14:51:17',NULL),(1034,3598,2,1,NULL,NULL,1532,1,217,NULL,628,1,NULL,NULL,40720,40722,00017804,00017804,NULL,'2021-05-14','2021-05-14',0007,1,NULL,18373.77,NULL,'2021-06-16 14:51:17','2021-06-16 14:51:17',NULL),(1035,3598,2,1,NULL,NULL,1532,1,217,NULL,628,1,NULL,NULL,40720,40812,00022012,00022012,NULL,'2021-05-14','2021-05-14',0003,1,NULL,26589.80,NULL,'2021-06-16 14:51:17','2021-06-16 14:51:17',NULL),(1036,3598,2,1,NULL,NULL,1532,1,217,NULL,628,1,NULL,NULL,40720,40721,00027386,00027386,NULL,'2021-05-17','2021-05-17',0008,1,NULL,43478.11,NULL,'2021-06-16 14:51:17','2021-06-16 14:51:17',NULL),(1037,3598,2,7,NULL,NULL,1532,1,250,NULL,628,1,NULL,NULL,40720,40719,00000122,00000122,NULL,'2021-05-18','2021-05-18',0002,1,NULL,2700.00,NULL,'2021-06-16 14:51:17','2021-06-16 14:51:17',NULL),(1038,3598,2,1,NULL,NULL,1532,1,217,NULL,628,1,NULL,NULL,40720,40813,00001309,00001309,NULL,'2021-05-18','2021-05-18',0001,1,NULL,16186.65,NULL,'2021-06-16 14:51:17','2021-06-16 14:51:17',NULL),(1039,3598,2,1,NULL,NULL,1532,1,217,NULL,628,1,NULL,NULL,40720,40814,00044724,00044724,NULL,'2021-05-18','2021-05-18',0019,1,NULL,3788.63,NULL,'2021-06-16 14:51:17','2021-06-16 14:51:17',NULL),(1040,3598,2,1,NULL,NULL,1532,1,217,NULL,628,1,NULL,NULL,40720,40724,00008802,00008802,NULL,'2021-05-19','2021-05-19',0001,1,NULL,51358.93,NULL,'2021-06-16 14:51:17','2021-06-16 14:51:17',NULL),(1041,3598,2,1,NULL,NULL,1532,1,217,NULL,628,1,NULL,NULL,40720,40724,00008803,00008803,NULL,'2021-05-19','2021-05-19',0001,1,NULL,12415.46,NULL,'2021-06-16 14:51:18','2021-06-16 14:51:18',NULL),(1042,3598,2,3,NULL,NULL,1532,1,217,NULL,628,1,NULL,NULL,40720,40725,00004101,00004101,NULL,'2021-05-19','2021-05-19',0003,1,NULL,3134.83,NULL,'2021-06-16 14:51:18','2021-06-16 14:51:18',NULL),(1043,3598,2,3,NULL,NULL,1532,1,217,NULL,628,1,NULL,NULL,40720,40722,00006075,00006075,NULL,'2021-05-21','2021-05-21',0007,1,NULL,2812.97,NULL,'2021-06-16 14:51:18','2021-06-16 14:51:18',NULL),(1044,3598,2,1,NULL,NULL,1532,1,217,NULL,628,1,NULL,NULL,40720,40722,00017903,00017903,NULL,'2021-05-21','2021-05-21',0007,1,NULL,16071.57,NULL,'2021-06-16 14:51:18','2021-06-16 14:51:18',NULL),(1045,3598,2,1,NULL,NULL,1532,1,217,NULL,628,1,NULL,NULL,40720,40724,00008845,00008845,NULL,'2021-05-22','2021-05-22',0001,1,NULL,127603.65,NULL,'2021-06-16 14:51:18','2021-06-16 14:51:18',NULL),(1046,3598,2,1,NULL,NULL,1532,1,217,NULL,628,1,NULL,NULL,40720,40724,00008846,00008846,NULL,'2021-05-22','2021-05-22',0001,1,NULL,25962.37,NULL,'2021-06-16 14:51:18','2021-06-16 14:51:18',NULL);
INSERT INTO `receipts` VALUES (1047,3598,2,7,NULL,NULL,1532,1,250,NULL,628,1,NULL,NULL,40720,40815,00000133,00000133,NULL,'2021-05-22','2021-05-22',0002,1,NULL,3600.00,NULL,'2021-06-16 14:51:18','2021-06-16 14:51:18',NULL),(1048,3598,2,3,NULL,NULL,1532,1,217,NULL,628,1,NULL,NULL,40720,40722,00006084,00006084,NULL,'2021-05-22','2021-05-22',0007,1,NULL,4249.99,NULL,'2021-06-16 14:51:18','2021-06-16 14:51:18',NULL),(1049,3598,2,1,NULL,NULL,1532,1,217,NULL,628,1,NULL,NULL,40720,40723,00000855,00000855,NULL,'2021-05-22','2021-05-22',0001,1,NULL,61218.87,NULL,'2021-06-16 14:51:18','2021-06-16 14:51:18',NULL),(1050,3598,2,7,NULL,NULL,1532,1,250,NULL,628,1,NULL,NULL,40720,40816,00000076,00000076,NULL,'2021-05-22','2021-05-22',0002,1,NULL,8500.00,NULL,'2021-06-16 14:51:18','2021-06-16 14:51:18',NULL),(1051,3598,2,3,NULL,NULL,1532,1,217,NULL,628,1,NULL,NULL,40720,40721,00003216,00003216,NULL,'2021-05-26','2021-05-26',0008,1,NULL,1269.53,NULL,'2021-06-16 14:51:18','2021-06-16 14:51:18',NULL),(1052,3598,2,1,NULL,NULL,1532,1,217,NULL,628,1,NULL,NULL,40720,40721,00027483,00027483,NULL,'2021-05-26','2021-05-26',0008,1,NULL,30703.39,NULL,'2021-06-16 14:51:18','2021-06-16 14:51:18',NULL),(1053,3598,2,1,NULL,NULL,1532,1,217,NULL,628,1,NULL,NULL,40720,40722,00017930,00017930,NULL,'2021-05-26','2021-05-26',0007,1,NULL,81306.63,NULL,'2021-06-16 14:51:18','2021-06-16 14:51:18',NULL),(1054,3598,2,7,NULL,NULL,1532,1,250,NULL,628,1,NULL,NULL,40720,40817,00000032,00000032,NULL,'2021-05-27','2021-05-27',0001,1,NULL,1500.00,NULL,'2021-06-16 14:51:18','2021-06-16 14:51:18',NULL),(1055,3598,2,1,NULL,NULL,1532,1,217,NULL,628,1,NULL,NULL,40720,40722,00017968,00017968,NULL,'2021-05-28','2021-05-28',0007,1,NULL,63665.24,NULL,'2021-06-16 14:51:18','2021-06-16 14:51:18',NULL),(1056,3598,2,3,NULL,NULL,1532,1,217,NULL,628,1,NULL,NULL,40720,40722,00006095,00006095,NULL,'2021-05-28','2021-05-28',0007,1,NULL,642.86,NULL,'2021-06-16 14:51:18','2021-06-16 14:51:18',NULL),(1057,3598,2,1,NULL,NULL,1532,1,217,NULL,628,1,NULL,NULL,40720,40811,00023279,00023279,NULL,'2021-05-31','2021-05-31',0002,1,NULL,24629.92,NULL,'2021-06-16 14:51:18','2021-06-16 14:51:18',NULL),(1058,3598,2,6,NULL,NULL,1532,1,217,NULL,628,1,NULL,NULL,40720,40811,00000477,00000477,NULL,'2021-05-31','2021-05-31',0002,1,NULL,24629.79,NULL,'2021-06-16 14:51:18','2021-06-16 14:51:18',NULL);

--
