-- Table structure for table `period_liquidations`
--

CREATE TABLE `period_liquidations` (
  `id` int(10) unsigned NOT NULL AUTO_INCREMENT,
  `user_id` int(10) unsigned DEFAULT NULL,
  `apply_to` varchar(100) COLLATE utf8mb4_unicode_ci NOT NULL,
  `period_id` int(10) unsigned NOT NULL,
  `person_id` int(10) unsigned DEFAULT NULL,
  `status` int(10) unsigned NOT NULL DEFAULT '1',
  `auxiliar_id` bigint(20) DEFAULT NULL,
  `created_at` timestamp NULL DEFAULT NULL,
  `updated_at` timestamp NULL DEFAULT NULL,
  `deleted_at` timestamp NULL DEFAULT NULL,
  PRIMARY KEY (`id`),
  KEY `period_liquidations_period_id_foreign` (`period_id`),
  KEY `period_liquidations_person_id_foreign` (`person_id`),
  CONSTRAINT `period_liquidations_period_id_foreign` FOREIGN KEY (`period_id`) REFERENCES `periods` (`id`),
  CONSTRAINT `period_liquidations_person_id_foreign` FOREIGN KEY (`person_id`) REFERENCES `persons` (`id`)
) ENGINE=InnoDB AUTO_INCREMENT=230 DEFAULT CHARSET=utf8mb4 COLLATE=utf8mb4_unicode_ci;

--
-- Dumping data for table `period_liquidations`
--

INSERT INTO `period_liquidations` VALUES (1,3104,'iibb',4,40719,1,NULL,'2021-03-17 07:17:16','2021-03-17 07:54:55','2021-03-17 07:54:55'),(2,3104,'iibb',4,40719,1,NULL,'2021-03-17 07:54:55','2021-03-18 14:25:27','2021-03-18 14:25:27'),(3,3104,'iva',4,40719,1,NULL,'2021-03-18 14:19:19','2021-03-18 14:19:33','2021-03-18 14:19:33'),(4,3104,'iibb',4,40719,1,NULL,'2021-03-18 14:25:27','2021-03-18 14:39:29','2021-03-18 14:39:29'),(5,3104,'iibb',4,40719,1,NULL,'2021-03-18 14:39:29','2021-03-18 15:28:26','2021-03-18 15:28:26'),(6,3104,'iva',4,40719,1,NULL,'2021-03-18 15:11:30','2021-03-18 15:12:57','2021-03-18 15:12:57'),(7,3104,'iva',4,40719,1,NULL,'2021-03-18 15:12:57','2021-03-19 00:40:55','2021-03-19 00:40:55'),(8,3104,'iibb',4,40719,1,NULL,'2021-03-18 15:28:26','2021-03-18 15:28:59','2021-03-18 15:28:59'),(9,3104,'iibb',4,40719,1,NULL,'2021-03-18 15:28:59','2021-03-18 15:33:44','2021-03-18 15:33:44'),(10,3104,'iibb',4,40719,1,NULL,'2021-03-18 15:33:44','2021-03-18 15:34:03','2021-03-18 15:34:03'),(11,3104,'iibb',4,40719,1,NULL,'2021-03-18 15:34:03','2021-03-18 15:34:44','2021-03-18 15:34:44'),(12,3104,'iibb',4,40719,1,NULL,'2021-03-18 15:34:44','2021-03-18 15:36:14','2021-03-18 15:36:14'),(13,3104,'iibb',4,40719,1,NULL,'2021-03-18 15:36:14','2021-03-18 15:36:32','2021-03-18 15:36:32'),(14,3104,'iibb',4,40719,1,NULL,'2021-03-18 15:36:32','2021-03-18 15:37:14','2021-03-18 15:37:14'),(15,3104,'iibb',4,40719,1,NULL,'2021-03-18 15:37:14','2021-03-18 15:40:51','2021-03-18 15:40:51'),(16,3104,'iibb',4,40719,1,NULL,'2021-03-18 15:40:51','2021-03-18 20:08:10','2021-03-18 20:08:10'),(17,3104,'iibb',4,40719,1,NULL,'2021-03-18 20:08:10','2021-03-18 23:27:07','2021-03-18 23:27:07'),(18,3104,'iibb',4,40719,1,NULL,'2021-03-18 23:27:07','2021-03-18 23:29:42','2021-03-18 23:29:42'),(19,3104,'iibb',4,40719,1,NULL,'2021-03-18 23:29:42','2021-03-18 23:44:48','2021-03-18 23:44:48'),(20,3104,'iibb',4,40719,1,NULL,'2021-03-18 23:44:48','2021-03-19 00:28:21','2021-03-19 00:28:21'),(21,3104,'iibb',4,40719,1,NULL,'2021-03-19 00:28:21','2021-03-19 01:11:27','2021-03-19 01:11:27'),(22,3104,'iva',4,40719,1,NULL,'2021-03-19 00:40:55','2021-03-19 00:42:09','2021-03-19 00:42:09'),(23,3104,'iva',4,40719,1,NULL,'2021-03-19 00:42:09','2021-03-19 01:17:05','2021-03-19 01:17:05'),(24,3104,'iibb',4,40719,1,NULL,'2021-03-19 01:11:27','2021-03-19 01:11:42','2021-03-19 01:11:42'),(25,3104,'iibb',4,40719,1,NULL,'2021-03-19 01:11:42','2021-03-19 01:12:15','2021-03-19 01:12:15'),(26,3104,'iibb',4,40719,1,NULL,'2021-03-19 01:12:15','2021-03-19 01:14:37','2021-03-19 01:14:37'),(27,3104,'iibb',4,40719,1,NULL,'2021-03-19 01:14:37','2021-03-19 01:14:43','2021-03-19 01:14:43'),(28,3104,'iibb',4,40719,1,NULL,'2021-03-19 01:14:43','2021-03-19 01:15:11','2021-03-19 01:15:11'),(29,3104,'iibb',4,40719,1,NULL,'2021-03-19 01:15:11','2021-03-19 01:25:26','2021-03-19 01:25:26'),(30,3104,'iva',4,40719,1,NULL,'2021-03-19 01:17:05','2021-03-19 01:26:25','2021-03-19 01:26:25'),(31,3104,'iibb',4,40719,1,NULL,'2021-03-19 01:25:26','2021-03-20 06:05:05','2021-03-20 06:05:05'),(32,3104,'iva',4,40719,1,NULL,'2021-03-19 01:26:25','2021-03-21 12:00:13','2021-03-21 12:00:13'),(33,3104,'iva',1526,40719,1,NULL,'2021-03-19 06:00:53','2021-03-20 08:09:48','2021-03-20 08:09:48'),(34,3104,'iibb',1526,40719,1,NULL,'2021-03-20 06:00:28','2021-03-20 06:00:56','2021-03-20 06:00:56'),(35,3104,'iibb',1526,40719,1,NULL,'2021-03-20 06:00:56','2021-03-20 06:21:38','2021-03-20 06:21:38'),(36,3104,'iibb',4,40719,1,NULL,'2021-03-20 06:05:05','2021-03-20 06:46:48','2021-03-20 06:46:48'),(37,3104,'iibb',1526,40719,1,NULL,'2021-03-20 06:21:38','2021-03-20 06:48:19','2021-03-20 06:48:19'),(38,3104,'iibb',4,40719,1,NULL,'2021-03-20 06:46:48','2021-03-20 06:54:35','2021-03-20 06:54:35'),(39,3104,'iibb',1526,40719,1,NULL,'2021-03-20 06:48:19','2021-03-20 06:48:56','2021-03-20 06:48:56'),(40,3104,'iibb',1526,40719,1,NULL,'2021-03-20 06:48:56','2021-03-20 06:52:34','2021-03-20 06:52:34');
INSERT INTO `period_liquidations` VALUES (41,3104,'iibb',1526,40719,1,NULL,'2021-03-20 06:52:34','2021-03-20 07:22:23','2021-03-20 07:22:23'),(42,3104,'iibb',4,40719,1,NULL,'2021-03-20 06:54:35','2021-03-20 07:15:16','2021-03-20 07:15:16'),(43,3104,'iibb',4,40719,1,NULL,'2021-03-20 07:15:16','2021-03-20 07:32:41','2021-03-20 07:32:41'),(44,3104,'iibb',1526,40719,1,NULL,'2021-03-20 07:22:23','2021-03-20 07:31:19','2021-03-20 07:31:19'),(45,3104,'iibb',1526,40719,1,NULL,'2021-03-20 07:31:19','2021-03-20 07:31:19',NULL),(46,3104,'iibb',4,40719,1,NULL,'2021-03-20 07:32:41','2021-03-20 07:32:56','2021-03-20 07:32:56'),(47,3104,'iibb',4,40719,1,NULL,'2021-03-20 07:32:56','2021-03-20 07:33:08','2021-03-20 07:33:08'),(48,3104,'iibb',4,40719,1,NULL,'2021-03-20 07:33:08','2021-03-21 08:14:19','2021-03-21 08:14:19'),(49,3104,'iva',1526,40719,1,NULL,'2021-03-20 08:09:48','2021-03-20 08:09:48',NULL),(50,3104,'iva',3,40719,1,NULL,'2021-03-21 07:58:19','2021-03-21 09:29:10','2021-03-21 09:29:10'),(51,3104,'iibb',3,40719,1,NULL,'2021-03-21 08:00:53','2021-03-21 08:01:48','2021-03-21 08:01:48'),(52,3104,'iibb',3,40719,1,NULL,'2021-03-21 08:01:48','2021-03-21 08:08:08','2021-03-21 08:08:08'),(53,3104,'iibb',3,40719,1,NULL,'2021-03-21 08:08:08','2021-03-21 08:08:45','2021-03-21 08:08:45'),(54,3104,'iibb',3,40719,1,NULL,'2021-03-21 08:08:45','2021-03-21 08:09:51','2021-03-21 08:09:51'),(55,3104,'iibb',3,40719,1,NULL,'2021-03-21 08:09:51','2021-03-21 08:10:33','2021-03-21 08:10:33'),(56,3104,'iibb',3,40719,1,NULL,'2021-03-21 08:10:33','2021-03-21 08:12:09','2021-03-21 08:12:09'),(57,3104,'iibb',3,40719,1,NULL,'2021-03-21 08:12:09','2021-03-21 08:15:36','2021-03-21 08:15:36'),(58,3104,'iibb',4,40719,1,NULL,'2021-03-21 08:14:19','2021-03-21 09:02:59','2021-03-21 09:02:59'),(59,3104,'iibb',3,40719,1,NULL,'2021-03-21 08:15:36','2021-03-21 08:16:16','2021-03-21 08:16:16'),(60,3104,'iibb',3,40719,1,NULL,'2021-03-21 08:16:16','2021-03-21 08:39:53','2021-03-21 08:39:53'),(61,3104,'iibb',3,40719,1,NULL,'2021-03-21 08:39:53','2021-03-21 08:40:21','2021-03-21 08:40:21'),(62,3104,'iibb',3,40719,1,NULL,'2021-03-21 08:40:21','2021-03-21 08:45:33','2021-03-21 08:45:33'),(63,3104,'iibb',3,40719,1,NULL,'2021-03-21 08:45:33','2021-03-21 08:46:10','2021-03-21 08:46:10'),(64,3104,'iibb',3,40719,1,NULL,'2021-03-21 08:46:10','2021-03-21 08:46:20','2021-03-21 08:46:20'),(65,3104,'iibb',3,40719,1,NULL,'2021-03-21 08:46:20','2021-03-21 08:46:39','2021-03-21 08:46:39'),(66,3104,'iibb',3,40719,1,NULL,'2021-03-21 08:46:39','2021-03-21 08:46:48','2021-03-21 08:46:48'),(67,3104,'iibb',3,40719,1,NULL,'2021-03-21 08:46:48','2021-03-21 08:52:20','2021-03-21 08:52:20'),(68,3104,'iibb',3,40719,1,NULL,'2021-03-21 08:52:20','2021-03-21 08:57:08','2021-03-21 08:57:08'),(69,3104,'iibb',3,40719,1,NULL,'2021-03-21 08:57:08','2021-03-21 09:00:46','2021-03-21 09:00:46'),(70,3104,'iibb',3,40719,1,NULL,'2021-03-21 09:00:46','2021-03-21 09:04:21','2021-03-21 09:04:21'),(71,3104,'iibb',4,40719,1,NULL,'2021-03-21 09:02:59','2021-03-21 11:58:21','2021-03-21 11:58:21'),(72,3104,'iibb',3,40719,1,NULL,'2021-03-21 09:04:21','2021-03-21 09:04:38','2021-03-21 09:04:38'),(73,3104,'iibb',3,40719,1,NULL,'2021-03-21 09:04:38','2021-03-21 09:08:11','2021-03-21 09:08:11'),(74,3104,'iibb',3,40719,1,NULL,'2021-03-21 09:08:11','2021-03-21 09:16:26','2021-03-21 09:16:26'),(75,3104,'iibb',3,40719,1,NULL,'2021-03-21 09:16:26','2021-03-21 09:25:43','2021-03-21 09:25:43'),(76,3104,'iibb',3,40719,1,NULL,'2021-03-21 09:25:43','2021-03-21 09:26:02','2021-03-21 09:26:02'),(77,3104,'iibb',3,40719,1,NULL,'2021-03-21 09:26:02','2021-03-21 09:51:22','2021-03-21 09:51:22'),(78,3104,'iva',3,40719,1,NULL,'2021-03-21 09:29:10','2021-03-21 10:51:40','2021-03-21 10:51:40'),(79,3104,'iibb',3,40719,1,NULL,'2021-03-21 09:51:22','2021-03-21 09:52:44','2021-03-21 09:52:44'),(80,3104,'iibb',3,40719,1,NULL,'2021-03-21 09:52:44','2021-03-21 09:53:18','2021-03-21 09:53:18'),(81,3104,'iibb',3,40719,1,NULL,'2021-03-21 09:53:18','2021-03-21 10:20:10','2021-03-21 10:20:10');
INSERT INTO `period_liquidations` VALUES (82,3104,'iibb',3,40719,1,NULL,'2021-03-21 10:20:10','2021-03-21 10:22:25','2021-03-21 10:22:25'),(83,3104,'iibb',3,40719,1,NULL,'2021-03-21 10:22:25','2021-03-21 10:33:54','2021-03-21 10:33:54'),(84,3104,'iibb',3,40719,1,NULL,'2021-03-21 10:33:54','2021-03-21 10:34:17','2021-03-21 10:34:17'),(85,3104,'iibb',3,40719,1,NULL,'2021-03-21 10:34:17','2021-03-21 10:34:17',NULL),(86,3104,'iva',3,40719,1,NULL,'2021-03-21 10:51:40','2021-03-21 10:51:40',NULL),(87,3104,'iibb',4,40719,1,NULL,'2021-03-21 11:58:21','2021-03-21 12:57:29','2021-03-21 12:57:29'),(88,3104,'iva',4,40719,1,NULL,'2021-03-21 12:00:13','2021-03-21 12:34:34','2021-03-21 12:34:34'),(89,3104,'iva',4,40719,2,NULL,'2021-03-21 12:34:34','2021-04-05 00:19:40',NULL),(90,3104,'iibb',4,40719,1,NULL,'2021-03-21 12:57:29','2021-03-21 12:57:29',NULL),(91,3104,'iva',5,40719,1,NULL,'2021-04-03 23:36:35','2021-04-05 00:30:52','2021-04-05 00:30:52'),(92,3104,'iibb',5,40719,1,NULL,'2021-04-03 23:39:33','2021-04-03 23:40:15','2021-04-03 23:40:15'),(93,3104,'iibb',5,40719,1,NULL,'2021-04-03 23:40:15','2021-04-03 23:42:35','2021-04-03 23:42:35'),(94,3104,'iibb',5,40719,1,NULL,'2021-04-03 23:42:35','2021-04-03 23:43:04','2021-04-03 23:43:04'),(95,3104,'iibb',5,40719,1,NULL,'2021-04-03 23:43:04','2021-04-03 23:43:49','2021-04-03 23:43:49'),(96,3104,'iibb',5,40719,1,NULL,'2021-04-03 23:43:49','2021-04-03 23:44:04','2021-04-03 23:44:04'),(97,3104,'iibb',5,40719,1,NULL,'2021-04-03 23:44:04','2021-04-03 23:44:18','2021-04-03 23:44:18'),(98,3104,'iibb',5,40719,1,NULL,'2021-04-03 23:44:18','2021-04-03 23:44:35','2021-04-03 23:44:35'),(99,3104,'iibb',5,40719,1,NULL,'2021-04-03 23:44:35','2021-04-03 23:44:42','2021-04-03 23:44:42'),(100,3104,'iibb',5,40719,1,NULL,'2021-04-03 23:44:42','2021-04-03 23:46:22','2021-04-03 23:46:22'),(101,3104,'iibb',5,40719,1,NULL,'2021-04-03 23:46:22','2021-04-03 23:46:40','2021-04-03 23:46:40'),(102,3104,'iibb',5,40719,1,NULL,'2021-04-03 23:46:40','2021-04-03 23:54:59','2021-04-03 23:54:59'),(103,3104,'iibb',5,40719,1,NULL,'2021-04-03 23:54:59','2021-04-03 23:58:09','2021-04-03 23:58:09'),(104,3104,'iibb',5,40719,1,NULL,'2021-04-03 23:58:09','2021-04-04 00:14:39','2021-04-04 00:14:39'),(105,3104,'iibb',5,40719,1,NULL,'2021-04-04 00:14:39','2021-04-04 01:02:46','2021-04-04 01:02:46'),(106,3104,'iibb',5,40719,1,NULL,'2021-04-04 01:02:46','2021-04-04 01:03:13','2021-04-04 01:03:13'),(107,3104,'iibb',5,40719,1,NULL,'2021-04-04 01:03:13','2021-04-04 01:03:26','2021-04-04 01:03:26'),(108,3104,'iibb',5,40719,1,NULL,'2021-04-04 01:03:26','2021-04-04 01:03:42','2021-04-04 01:03:42'),(109,3104,'iibb',5,40719,1,NULL,'2021-04-04 01:03:42','2021-04-04 01:03:51','2021-04-04 01:03:51'),(110,3104,'iibb',5,40719,1,NULL,'2021-04-04 01:03:51','2021-04-04 01:07:49','2021-04-04 01:07:49'),(111,3104,'iibb',5,40719,1,NULL,'2021-04-04 01:07:49','2021-04-04 01:08:49','2021-04-04 01:08:49'),(112,3104,'iibb',5,40719,1,NULL,'2021-04-04 01:08:49','2021-04-04 01:10:13','2021-04-04 01:10:13'),(113,3104,'iibb',5,40719,1,NULL,'2021-04-04 01:10:13','2021-04-04 22:59:41','2021-04-04 22:59:41'),(114,3104,'iibb',5,40719,1,NULL,'2021-04-04 22:59:41','2021-04-04 23:01:02','2021-04-04 23:01:02'),(115,3104,'iibb',5,40719,1,NULL,'2021-04-04 23:01:02','2021-04-04 23:08:17','2021-04-04 23:08:17'),(116,3104,'iibb',5,40719,1,NULL,'2021-04-04 23:08:17','2021-04-04 23:08:17','2021-04-04 23:08:17'),(117,3104,'iibb',5,40719,1,NULL,'2021-04-04 23:08:17','2021-04-04 23:08:17','2021-04-04 23:08:17'),(118,3104,'iibb',5,40719,1,NULL,'2021-04-04 23:08:17','2021-04-04 23:08:17','2021-04-04 23:08:17'),(119,3104,'iibb',5,40719,1,NULL,'2021-04-04 23:08:17','2021-04-04 23:09:13','2021-04-04 23:09:13'),(120,3104,'iibb',5,40719,1,NULL,'2021-04-04 23:09:13','2021-04-04 23:09:14','2021-04-04 23:09:14'),(121,3104,'iibb',5,40719,1,NULL,'2021-04-04 23:09:14','2021-04-05 00:05:58','2021-04-05 00:05:58'),(122,3104,'iibb',5,40719,1,NULL,'2021-04-05 00:05:58','2021-04-05 00:14:00','2021-04-05 00:14:00');
INSERT INTO `period_liquidations` VALUES (123,3104,'iibb',5,40719,1,NULL,'2021-04-05 00:14:00','2021-04-05 00:57:22','2021-04-05 00:57:22'),(124,3104,'iva',5,40719,1,NULL,'2021-04-05 00:30:52','2021-04-05 00:59:41','2021-04-05 00:59:41'),(125,3104,'iibb',5,40719,1,NULL,'2021-04-05 00:57:22','2021-04-05 01:10:54','2021-04-05 01:10:54'),(126,3104,'iva',5,40719,1,NULL,'2021-04-05 01:00:02','2021-04-05 01:01:40','2021-04-05 01:01:40'),(127,3104,'iva',5,40719,1,NULL,'2021-04-05 01:01:40','2021-04-05 01:15:42','2021-04-05 01:15:42'),(128,3104,'iibb',5,40719,1,NULL,'2021-04-05 01:10:54','2021-04-05 01:14:37','2021-04-05 01:14:37'),(129,3104,'iibb',5,40719,1,NULL,'2021-04-05 01:14:38','2021-04-05 01:14:38',NULL),(130,3104,'iva',5,40719,1,NULL,'2021-04-05 01:15:42','2021-04-05 01:15:42',NULL),(131,3104,'iibb',6,40719,1,NULL,'2021-05-15 21:46:59','2021-05-15 22:04:42','2021-05-15 22:04:42'),(132,3104,'iva',6,40719,1,NULL,'2021-05-15 21:53:30','2021-05-15 22:16:31','2021-05-15 22:16:31'),(133,3104,'iibb',6,40719,1,NULL,'2021-05-15 22:04:42','2021-05-15 22:39:17','2021-05-15 22:39:17'),(134,3104,'iva',6,40719,1,NULL,'2021-05-15 22:16:31','2021-05-15 23:13:03','2021-05-15 23:13:03'),(135,3104,'iibb',6,40719,1,NULL,'2021-05-15 22:39:17','2021-05-15 22:44:08','2021-05-15 22:44:08'),(136,3104,'iibb',6,40719,1,NULL,'2021-05-15 22:44:08','2021-05-15 22:51:16','2021-05-15 22:51:16'),(137,3104,'iibb',6,40719,1,NULL,'2021-05-15 22:51:16','2021-05-15 22:52:31','2021-05-15 22:52:31'),(138,3104,'iibb',6,40719,1,NULL,'2021-05-15 22:52:31','2021-05-15 23:12:09','2021-05-15 23:12:09'),(139,3104,'iibb',6,40719,1,NULL,'2021-05-15 23:12:09','2021-05-15 23:12:09',NULL),(140,3104,'iva',6,40719,1,NULL,'2021-05-15 23:13:03','2021-05-15 23:13:38','2021-05-15 23:13:38'),(141,3104,'iva',6,40719,1,NULL,'2021-05-15 23:13:38','2021-05-15 23:13:38',NULL),(142,3104,'iibb',7,40719,1,NULL,'2021-06-21 02:12:04','2021-06-21 02:12:31','2021-06-21 02:12:31'),(143,3104,'iibb',7,40719,1,NULL,'2021-06-21 02:12:31','2021-06-21 02:54:16','2021-06-21 02:54:16'),(144,3104,'iva',7,40719,1,NULL,'2021-06-21 02:39:02','2021-06-21 02:39:02',NULL),(145,3104,'iibb',7,40719,1,NULL,'2021-06-21 02:54:16','2021-06-21 03:07:37','2021-06-21 03:07:37'),(146,3104,'iibb',7,40719,1,NULL,'2021-06-21 03:07:37','2021-06-21 03:29:35','2021-06-21 03:29:35'),(147,3104,'iibb',7,40719,1,NULL,'2021-06-21 03:29:35','2021-06-21 20:45:01','2021-06-21 20:45:01'),(148,3104,'iibb',7,40719,1,NULL,'2021-06-21 20:45:01','2021-06-21 20:46:15','2021-06-21 20:46:15'),(149,3104,'iibb',7,40719,1,NULL,'2021-06-21 20:46:15','2021-06-21 20:47:00','2021-06-21 20:47:00'),(150,3104,'iibb',7,40719,1,NULL,'2021-06-21 20:47:00','2021-06-21 20:47:55','2021-06-21 20:47:55'),(151,3104,'iibb',7,40719,1,NULL,'2021-06-21 20:47:56','2021-06-21 20:48:20','2021-06-21 20:48:20'),(152,3104,'iibb',7,40719,1,NULL,'2021-06-21 20:48:20','2021-06-21 20:48:20',NULL),(153,3104,'iva',9,40719,1,NULL,'2021-08-22 07:34:53','2021-08-22 08:00:21','2021-08-22 08:00:21'),(154,3104,'iibb',9,40719,1,NULL,'2021-08-22 07:45:26','2021-08-22 07:52:26','2021-08-22 07:52:26'),(155,3104,'iibb',9,40719,1,NULL,'2021-08-22 07:52:26','2021-08-22 07:53:18','2021-08-22 07:53:18'),(156,3104,'iibb',9,40719,1,NULL,'2021-08-22 07:53:18','2021-08-22 07:53:30','2021-08-22 07:53:30'),(157,3104,'iibb',9,40719,1,NULL,'2021-08-22 07:53:30','2021-08-22 07:53:41','2021-08-22 07:53:41'),(158,3104,'iibb',9,40719,1,NULL,'2021-08-22 07:53:41','2021-08-22 07:53:52','2021-08-22 07:53:52'),(159,3104,'iibb',9,40719,1,NULL,'2021-08-22 07:53:52','2021-08-22 07:54:03','2021-08-22 07:54:03'),(160,3104,'iibb',9,40719,1,NULL,'2021-08-22 07:54:03','2021-08-22 07:54:13','2021-08-22 07:54:13'),(161,3104,'iibb',9,40719,1,NULL,'2021-08-22 07:54:13','2021-08-22 07:54:26','2021-08-22 07:54:26'),(162,3104,'iibb',9,40719,1,NULL,'2021-08-22 07:54:26','2021-08-22 07:55:24','2021-08-22 07:55:24'),(163,3104,'iibb',9,40719,1,NULL,'2021-08-22 07:55:24','2021-08-22 07:56:13','2021-08-22 07:56:13');
INSERT INTO `period_liquidations` VALUES (164,3104,'iibb',9,40719,1,NULL,'2021-08-22 07:56:13','2021-08-22 07:56:25','2021-08-22 07:56:25'),(165,3104,'iibb',9,40719,1,NULL,'2021-08-22 07:56:25','2021-08-22 07:56:25','2021-08-22 07:56:25'),(166,3104,'iibb',9,40719,1,NULL,'2021-08-22 07:56:25','2021-08-22 07:56:39','2021-08-22 07:56:39'),(167,3104,'iibb',9,40719,1,NULL,'2021-08-22 07:56:39','2021-08-22 07:56:53','2021-08-22 07:56:53'),(168,3104,'iibb',9,40719,1,NULL,'2021-08-22 07:56:53','2021-08-22 07:57:18','2021-08-22 07:57:18'),(169,3104,'iibb',9,40719,1,NULL,'2021-08-22 07:57:18','2021-08-22 07:57:34','2021-08-22 07:57:34'),(170,3104,'iibb',9,40719,1,NULL,'2021-08-22 07:57:34','2021-08-22 07:57:49','2021-08-22 07:57:49'),(171,3104,'iibb',9,40719,1,NULL,'2021-08-22 07:57:49','2021-08-22 07:58:03','2021-08-22 07:58:03'),(172,3104,'iibb',9,40719,1,NULL,'2021-08-22 07:58:03','2021-08-22 07:58:20','2021-08-22 07:58:20'),(173,3104,'iibb',9,40719,1,NULL,'2021-08-22 07:58:20','2021-08-22 20:10:04','2021-08-22 20:10:04'),(174,3104,'iva',9,40719,1,NULL,'2021-08-22 08:00:21','2021-08-22 21:08:03','2021-08-22 21:08:03'),(175,3104,'iibb',9,40719,1,NULL,'2021-08-22 20:10:05','2021-08-22 20:18:38','2021-08-22 20:18:38'),(176,3104,'iibb',9,40719,1,NULL,'2021-08-22 20:18:38','2021-08-22 20:23:24','2021-08-22 20:23:24'),(177,3104,'iibb',9,40719,1,NULL,'2021-08-22 20:23:24','2021-08-22 20:25:39','2021-08-22 20:25:39'),(178,3104,'iibb',9,40719,1,NULL,'2021-08-22 20:25:39','2021-08-22 20:55:12','2021-08-22 20:55:12'),(179,3104,'iibb',9,40719,1,NULL,'2021-08-22 20:55:12','2021-08-22 20:55:12',NULL),(180,3104,'iva',9,40719,1,NULL,'2021-08-22 21:08:03','2021-08-22 21:08:03',NULL),(181,3104,'iva',10,40719,1,NULL,'2021-09-20 01:08:18','2021-09-20 01:32:09','2021-09-20 01:32:09'),(182,3104,'iibb',10,40719,1,NULL,'2021-09-20 01:13:42','2021-09-20 01:15:24','2021-09-20 01:15:24'),(183,3104,'iibb',10,40719,1,NULL,'2021-09-20 01:15:24','2021-09-20 01:15:34','2021-09-20 01:15:34'),(184,3104,'iibb',10,40719,1,NULL,'2021-09-20 01:15:34','2021-09-20 01:15:46','2021-09-20 01:15:46'),(185,3104,'iibb',10,40719,1,NULL,'2021-09-20 01:15:46','2021-09-20 01:23:55','2021-09-20 01:23:55'),(186,3104,'iibb',10,40719,1,NULL,'2021-09-20 01:23:55','2021-09-20 01:30:44','2021-09-20 01:30:44'),(187,3104,'iibb',10,40719,1,NULL,'2021-09-20 01:30:44','2021-09-20 01:36:55','2021-09-20 01:36:55'),(188,3104,'iva',10,40719,1,NULL,'2021-09-20 01:32:09','2021-09-20 19:17:32','2021-09-20 19:17:32'),(189,3104,'iibb',10,40719,1,NULL,'2021-09-20 01:36:55','2021-09-20 01:37:17','2021-09-20 01:37:17'),(190,3104,'iibb',10,40719,1,NULL,'2021-09-20 01:37:17','2021-09-20 01:37:30','2021-09-20 01:37:30'),(191,3104,'iibb',10,40719,1,NULL,'2021-09-20 01:37:30','2021-09-20 01:37:51','2021-09-20 01:37:51'),(192,3104,'iibb',10,40719,1,NULL,'2021-09-20 01:37:51','2021-09-20 01:38:25','2021-09-20 01:38:25'),(193,3104,'iibb',10,40719,1,NULL,'2021-09-20 01:38:25','2021-09-20 01:38:35','2021-09-20 01:38:35'),(194,3104,'iibb',10,40719,1,NULL,'2021-09-20 01:38:35','2021-09-20 01:38:45','2021-09-20 01:38:45'),(195,3104,'iibb',10,40719,1,NULL,'2021-09-20 01:38:45','2021-09-20 01:39:08','2021-09-20 01:39:08'),(196,3104,'iibb',10,40719,1,NULL,'2021-09-20 01:39:08','2021-09-20 01:39:28','2021-09-20 01:39:28'),(197,3104,'iibb',10,40719,1,NULL,'2021-09-20 01:39:28','2021-09-20 01:39:37','2021-09-20 01:39:37'),(198,3104,'iibb',10,40719,1,NULL,'2021-09-20 01:39:37','2021-09-20 01:39:50','2021-09-20 01:39:50'),(199,3104,'iibb',10,40719,1,NULL,'2021-09-20 01:39:50','2021-09-20 01:40:01','2021-09-20 01:40:01'),(200,3104,'iibb',10,40719,1,NULL,'2021-09-20 01:40:01','2021-09-20 01:50:34','2021-09-20 01:50:34'),(201,3104,'iibb',10,40719,1,NULL,'2021-09-20 01:50:34','2021-09-20 01:53:31','2021-09-20 01:53:31'),(202,3104,'iibb',10,40719,1,NULL,'2021-09-20 01:53:31','2021-09-20 01:53:42','2021-09-20 01:53:42'),(203,3104,'iibb',10,40719,1,NULL,'2021-09-20 01:53:42','2021-09-20 01:53:53','2021-09-20 01:53:53');
INSERT INTO `period_liquidations` VALUES (204,3104,'iibb',10,40719,1,NULL,'2021-09-20 01:53:53','2021-09-20 01:54:03','2021-09-20 01:54:03'),(205,3104,'iibb',10,40719,1,NULL,'2021-09-20 01:54:03','2021-09-20 01:54:15','2021-09-20 01:54:15'),(206,3104,'iibb',10,40719,1,NULL,'2021-09-20 01:54:15','2021-09-20 01:54:28','2021-09-20 01:54:28'),(207,3104,'iibb',10,40719,1,NULL,'2021-09-20 01:54:28','2021-09-20 01:54:40','2021-09-20 01:54:40'),(208,3104,'iibb',10,40719,1,NULL,'2021-09-20 01:54:40','2021-09-20 01:55:38','2021-09-20 01:55:38'),(209,3104,'iibb',10,40719,1,NULL,'2021-09-20 01:55:38','2021-09-20 01:55:56','2021-09-20 01:55:56'),(210,3104,'iibb',10,40719,1,NULL,'2021-09-20 01:55:56','2021-09-20 01:56:13','2021-09-20 01:56:13'),(211,3104,'iibb',10,40719,1,NULL,'2021-09-20 01:56:13','2021-09-20 01:56:43','2021-09-20 01:56:43'),(212,3104,'iibb',10,40719,1,NULL,'2021-09-20 01:56:43','2021-09-20 01:57:12','2021-09-20 01:57:12'),(213,3104,'iibb',10,40719,1,NULL,'2021-09-20 01:57:12','2021-09-20 01:57:33','2021-09-20 01:57:33'),(214,3104,'iibb',10,40719,1,NULL,'2021-09-20 01:57:33','2021-09-20 02:05:20','2021-09-20 02:05:20'),(215,3104,'iibb',10,40719,1,NULL,'2021-09-20 02:05:20','2021-09-20 02:06:16','2021-09-20 02:06:16'),(216,3104,'iibb',10,40719,1,NULL,'2021-09-20 02:06:16','2021-09-20 02:08:05','2021-09-20 02:08:05'),(217,3104,'iibb',10,40719,1,NULL,'2021-09-20 02:08:05','2021-09-20 04:08:46','2021-09-20 04:08:46'),(218,3104,'iibb',10,40719,1,NULL,'2021-09-20 04:08:46','2021-09-20 16:06:00','2021-09-20 16:06:00'),(219,3104,'iibb',10,40719,1,NULL,'2021-09-20 16:06:00','2021-09-20 16:29:03','2021-09-20 16:29:03'),(220,3104,'iibb',10,40719,1,NULL,'2021-09-20 16:29:03','2021-09-20 19:16:33','2021-09-20 19:16:33'),(221,3104,'iibb',10,40719,1,NULL,'2021-09-20 19:16:33','2021-09-20 19:16:33',NULL),(222,3104,'iva',10,40719,1,NULL,'2021-09-20 19:17:32','2021-09-20 19:17:32',NULL),(223,3104,'iibb',12,40719,1,NULL,'2021-11-18 19:02:09','2021-11-18 19:02:51','2021-11-18 19:02:51'),(224,3104,'iibb',12,40719,1,NULL,'2021-11-18 19:02:51','2021-11-24 02:28:34','2021-11-24 02:28:34'),(225,3104,'iibb',12,40719,1,NULL,'2021-11-24 02:28:34','2021-11-24 02:33:29','2021-11-24 02:33:29'),(226,3104,'iibb',12,40719,1,NULL,'2021-11-24 02:33:29','2021-11-24 02:50:50','2021-11-24 02:50:50'),(227,3104,'iibb',12,40719,1,NULL,'2021-11-24 02:50:50','2021-11-24 03:03:43','2021-11-24 03:03:43'),(228,3104,'iibb',12,40719,1,NULL,'2021-11-24 03:03:43','2021-11-24 03:03:43',NULL),(229,3104,'iva',12,40719,1,NULL,'2021-11-24 03:07:06','2021-11-24 03:07:06',NULL);

--
-- Table structure for table `period_liquidations_files`
--

CREATE TABLE `period_liquidations_files` (
  `id` int(10) unsigned NOT NULL AUTO_INCREMENT,
  `user_id` int(11) DEFAULT NULL,
  `apply_to` varchar(191) COLLATE utf8mb4_unicode_ci NOT NULL,
  `period_id` int(10) unsigned NOT NULL,
  `person_id` int(10) unsigned NOT NULL,
  `descripcion` varchar(191) COLLATE utf8mb4_unicode_ci DEFAULT NULL,
  `file` varchar(191) COLLATE utf8mb4_unicode_ci DEFAULT NULL,
  `file_name_original` varchar(191) COLLATE utf8mb4_unicode_ci DEFAULT NULL,
  `file_extension` varchar(191) COLLATE utf8mb4_unicode_ci DEFAULT NULL,
  `created_at` timestamp NULL DEFAULT NULL,
  `updated_at` timestamp NULL DEFAULT NULL,
  `deleted_at` timestamp NULL DEFAULT NULL,
  PRIMARY KEY (`id`),
  KEY `period_liquidations_files_period_id_foreign` (`period_id`),
  KEY `period_liquidations_files_person_id_foreign` (`person_id`),
  CONSTRAINT `period_liquidations_files_period_id_foreign` FOREIGN KEY (`period_id`) REFERENCES `periods` (`id`),
  CONSTRAINT `period_liquidations_files_person_id_foreign` FOREIGN KEY (`person_id`) REFERENCES `persons` (`id`)
) ENGINE=InnoDB DEFAULT CHARSET=utf8mb4 COLLATE=utf8mb4_unicode_ci;

--
-- Dumping data for table `period_liquidations_files`
--


--
-- Table structure for table `periods`
--

CREATE TABLE `periods` (
  `id` int(10) unsigned NOT NULL AUTO_INCREMENT,
  `user_id` int(10) unsigned DEFAULT NULL,
  `code` varchar(20) COLLATE utf8mb4_unicode_ci NOT NULL,
  `year` int(10) unsigned NOT NULL,
  `period_number` int(10) unsigned NOT NULL,
  `date_from` date NOT NULL,
  `date_to` date NOT NULL,
  `created_at` timestamp NULL DEFAULT NULL,
  `updated_at` timestamp NULL DEFAULT NULL,
  `person_id` int(10) unsigned NOT NULL,
  `conta_status` int(10) unsigned NOT NULL DEFAULT '0',
  `deleted_at` timestamp NULL DEFAULT NULL,
  `syj_periods_status_id` int(10) unsigned NOT NULL DEFAULT '1',
  `syj_sin_asiento` tinyint(1) NOT NULL DEFAULT '0',
  `syj_asiento_modificado` tinyint(1) NOT NULL DEFAULT '0',
  `syj_periods_status_emp_dom_id` int(10) unsigned NOT NULL DEFAULT '1',
  PRIMARY KEY (`id`),
  KEY `periods_person_id_foreign` (`person_id`),
  KEY `idx_periods_year_month` (`year`,`period_number`) USING BTREE,
  KEY `idx_periods_code` (`code`) USING BTREE,
  KEY `periods_syj_periods_status_id_foreign` (`syj_periods_status_id`),
  KEY `periods_syj_periods_status_emp_dom_id_foreign` (`syj_periods_status_emp_dom_id`),
  CONSTRAINT `periods_person_id_foreign` FOREIGN KEY (`person_id`) REFERENCES `persons` (`id`),
  CONSTRAINT `periods_syj_periods_status_emp_dom_id_foreign` FOREIGN KEY (`syj_periods_status_emp_dom_id`) REFERENCES `syj_periods_status` (`id`),
  CONSTRAINT `periods_syj_periods_status_id_foreign` FOREIGN KEY (`syj_periods_status_id`) REFERENCES `syj_periods_status` (`id`)
) ENGINE=InnoDB AUTO_INCREMENT=1530 DEFAULT CHARSET=utf8mb4 COLLATE=utf8mb4_unicode_ci;

--
-- Dumping data for table `periods`
--

INSERT INTO `periods` VALUES (2,1,'2018-01',2018,1,'2018-01-01','2018-01-31',NULL,NULL,3,0,NULL,1,0,0,1),(3,NULL,'2021-01',2021,1,'2021-01-01','2021-01-31',NULL,NULL,40719,0,NULL,1,0,0,1),(4,3104,'2021-02',2021,2,'2021-02-01','2021-02-28',NULL,'2021-03-16 06:35:50',40719,0,NULL,1,0,0,1),(5,3104,'2021-03',2021,3,'2021-03-01','2021-03-31',NULL,'2021-06-07 03:55:58',40719,0,NULL,3,1,0,1),(6,3104,'2021-04',2021,4,'2021-04-01','2021-04-30',NULL,'2021-06-07 03:58:12',40719,0,NULL,3,1,0,1),(7,3104,'2021-05',2021,5,'2021-05-01','2021-05-31',NULL,'2021-09-06 10:49:54',40719,0,NULL,3,1,0,1),(8,3104,'2021-06',2021,6,'2021-06-01','2021-06-30',NULL,'2021-11-08 12:55:46',40719,0,NULL,3,1,0,1),(9,3104,'2021-07',2021,7,'2021-07-01','2021-07-31',NULL,'2021-09-06 14:54:15',40719,0,NULL,3,1,0,1),(10,3104,'2021-08',2021,8,'2021-08-01','2021-08-31',NULL,'2021-09-27 05:36:58',40719,0,NULL,3,1,0,1),(11,3104,'2021-09',2021,9,'2021-09-01','2021-09-30',NULL,'2021-10-04 04:20:08',40719,0,NULL,3,1,0,1),(12,3104,'2021-10',2021,10,'2021-10-01','2021-10-31',NULL,'2021-12-30 15:37:20',40719,0,NULL,3,1,0,1),(13,3104,'2021-11',2021,11,'2021-11-01','2021-11-30',NULL,'2022-05-04 18:13:07',40719,0,NULL,3,1,0,1),(14,NULL,'2021-12',2021,12,'2021-12-01','2021-12-31',NULL,NULL,40719,0,NULL,1,0,0,1),(18,NULL,'2022-01',2022,1,'2022-01-01','2022-01-31',NULL,NULL,40719,0,NULL,1,0,0,1),(19,NULL,'2022-02',2022,2,'2022-02-01','2022-02-28',NULL,NULL,40719,0,NULL,1,0,0,1),(20,NULL,'2022-03',2022,3,'2022-03-01','2022-03-31',NULL,NULL,40719,0,NULL,1,0,0,1),(21,3104,'2022-04',2022,4,'2022-04-01','2022-04-30',NULL,'2022-06-06 02:48:31',40719,0,NULL,3,1,0,1),(22,3104,'2022-05',2022,5,'2022-05-01','2022-05-31',NULL,'2022-06-10 01:44:29',40719,0,NULL,3,1,0,1),(23,NULL,'2022-06',2022,6,'2022-06-01','2022-06-30',NULL,NULL,40719,0,NULL,1,0,0,1),(24,NULL,'2022-07',2022,7,'2022-07-01','2022-07-31',NULL,NULL,40719,0,NULL,1,0,0,1),(25,NULL,'2022-08',2022,8,'2022-08-01','2022-08-31',NULL,NULL,40719,0,NULL,1,0,0,1),(26,NULL,'2022-09',2022,9,'2022-09-01','2022-09-30',NULL,NULL,40719,0,NULL,1,0,0,1),(27,NULL,'2022-10',2022,10,'2022-10-01','2022-10-31',NULL,NULL,40719,0,NULL,1,0,0,1),(28,NULL,'2022-11',2022,11,'2022-11-01','2022-11-30',NULL,NULL,40719,0,NULL,1,0,0,1),(29,NULL,'2022-12',2022,12,'2022-12-01','2022-12-31',NULL,NULL,40719,0,NULL,1,0,0,1),(33,NULL,'2023-01',2023,1,'2023-01-01','2023-01-31',NULL,NULL,40719,0,NULL,1,0,0,1),(34,NULL,'2023-02',2023,2,'2023-02-01','2023-02-28',NULL,NULL,40719,0,NULL,1,0,0,1),(35,NULL,'2023-03',2023,3,'2023-03-01','2023-03-31',NULL,NULL,40719,0,NULL,1,0,0,1),(36,NULL,'2023-04',2023,4,'2023-04-01','2023-04-30',NULL,NULL,40719,0,NULL,1,0,0,1),(37,NULL,'2023-05',2023,5,'2023-05-01','2023-05-31',NULL,NULL,40719,0,NULL,1,0,0,1),(38,NULL,'2023-06',2023,6,'2023-06-01','2023-06-30',NULL,NULL,40719,0,NULL,1,0,0,1),(39,NULL,'2023-07',2023,7,'2023-07-01','2023-07-31',NULL,NULL,40719,0,NULL,1,0,0,1),(40,NULL,'2023-08',2023,8,'2023-08-01','2023-08-31',NULL,NULL,40719,0,NULL,1,0,0,1),(41,NULL,'2023-09',2023,9,'2023-09-01','2023-09-30',NULL,NULL,40719,0,NULL,1,0,0,1),(42,NULL,'2023-10',2023,10,'2023-10-01','2023-10-31',NULL,NULL,40719,0,NULL,1,0,0,1),(43,NULL,'2023-11',2023,11,'2023-11-01','2023-11-30',NULL,NULL,40719,0,NULL,1,0,0,1),(44,NULL,'2023-12',2023,12,'2023-12-01','2023-12-31',NULL,NULL,40719,0,NULL,1,0,0,1),(48,NULL,'2024-01',2024,1,'2024-01-01','2024-01-31',NULL,NULL,40719,0,NULL,1,0,0,1),(49,NULL,'2024-02',2024,2,'2024-02-01','2024-02-28',NULL,NULL,40719,0,NULL,1,0,0,1),(50,NULL,'2024-03',2024,3,'2024-03-01','2024-03-31',NULL,NULL,40719,0,NULL,1,0,0,1),(51,NULL,'2024-04',2024,4,'2024-04-01','2024-04-30',NULL,NULL,40719,0,NULL,1,0,0,1),(52,NULL,'2024-05',2024,5,'2024-05-01','2024-05-31',NULL,NULL,40719,0,NULL,1,0,0,1),(53,NULL,'2024-06',2024,6,'2024-06-01','2024-06-30',NULL,NULL,40719,0,NULL,1,0,0,1),(54,NULL,'2024-07',2024,7,'2024-07-01','2024-07-31',NULL,NULL,40719,0,NULL,1,0,0,1),(55,NULL,'2024-08',2024,8,'2024-08-01','2024-08-31',NULL,NULL,40719,0,NULL,1,0,0,1);
INSERT INTO `periods` VALUES (56,NULL,'2024-09',2024,9,'2024-09-01','2024-09-30',NULL,NULL,40719,0,NULL,1,0,0,1),(57,NULL,'2024-10',2024,10,'2024-10-01','2024-10-31',NULL,NULL,40719,0,NULL,1,0,0,1),(58,NULL,'2024-11',2024,11,'2024-11-01','2024-11-30',NULL,NULL,40719,0,NULL,1,0,0,1),(59,NULL,'2024-12',2024,12,'2024-12-01','2024-12-31',NULL,NULL,40719,0,NULL,1,0,0,1),(63,NULL,'2025-01',2025,1,'2025-01-01','2025-01-31',NULL,NULL,40719,0,NULL,1,0,0,1),(64,NULL,'2025-02',2025,2,'2025-02-01','2025-02-28',NULL,NULL,40719,0,NULL,1,0,0,1),(65,NULL,'2025-03',2025,3,'2025-03-01','2025-03-31',NULL,NULL,40719,0,NULL,1,0,0,1),(66,NULL,'2025-04',2025,4,'2025-04-01','2025-04-30',NULL,NULL,40719,0,NULL,1,0,0,1),(67,NULL,'2025-05',2025,5,'2025-05-01','2025-05-31',NULL,NULL,40719,0,NULL,1,0,0,1),(68,NULL,'2025-06',2025,6,'2025-06-01','2025-06-30',NULL,NULL,40719,0,NULL,1,0,0,1),(69,NULL,'2025-07',2025,7,'2025-07-01','2025-07-31',NULL,NULL,40719,0,NULL,1,0,0,1),(70,NULL,'2025-08',2025,8,'2025-08-01','2025-08-31',NULL,NULL,40719,0,NULL,1,0,0,1),(71,NULL,'2025-09',2025,9,'2025-09-01','2025-09-30',NULL,NULL,40719,0,NULL,1,0,0,1),(72,NULL,'2025-10',2025,10,'2025-10-01','2025-10-31',NULL,NULL,40719,0,NULL,1,0,0,1),(73,NULL,'2025-11',2025,11,'2025-11-01','2025-11-30',NULL,NULL,40719,0,NULL,1,0,0,1),(74,NULL,'2025-12',2025,12,'2025-12-01','2025-12-31',NULL,NULL,40719,0,NULL,1,0,0,1),(78,NULL,'2026-01',2026,1,'2026-01-01','2026-01-31',NULL,NULL,40719,0,NULL,1,0,0,1),(79,NULL,'2026-02',2026,2,'2026-02-01','2026-02-28',NULL,NULL,40719,0,NULL,1,0,0,1),(80,NULL,'2026-03',2026,3,'2026-03-01','2026-03-31',NULL,NULL,40719,0,NULL,1,0,0,1),(81,NULL,'2026-04',2026,4,'2026-04-01','2026-04-30',NULL,NULL,40719,0,NULL,1,0,0,1),(82,NULL,'2026-05',2026,5,'2026-05-01','2026-05-31',NULL,NULL,40719,0,NULL,1,0,0,1),(83,NULL,'2026-06',2026,6,'2026-06-01','2026-06-30',NULL,NULL,40719,0,NULL,1,0,0,1),(84,NULL,'2026-07',2026,7,'2026-07-01','2026-07-31',NULL,NULL,40719,0,NULL,1,0,0,1),(85,NULL,'2026-08',2026,8,'2026-08-01','2026-08-31',NULL,NULL,40719,0,NULL,1,0,0,1),(86,NULL,'2026-09',2026,9,'2026-09-01','2026-09-30',NULL,NULL,40719,0,NULL,1,0,0,1),(87,NULL,'2026-10',2026,10,'2026-10-01','2026-10-31',NULL,NULL,40719,0,NULL,1,0,0,1),(88,NULL,'2026-11',2026,11,'2026-11-01','2026-11-30',NULL,NULL,40719,0,NULL,1,0,0,1),(89,NULL,'2026-12',2026,12,'2026-12-01','2026-12-31',NULL,NULL,40719,0,NULL,1,0,0,1),(93,NULL,'2027-01',2027,1,'2027-01-01','2027-01-31',NULL,NULL,40719,0,NULL,1,0,0,1),(94,NULL,'2027-02',2027,2,'2027-02-01','2027-02-28',NULL,NULL,40719,0,NULL,1,0,0,1),(95,NULL,'2027-03',2027,3,'2027-03-01','2027-03-31',NULL,NULL,40719,0,NULL,1,0,0,1),(96,NULL,'2027-04',2027,4,'2027-04-01','2027-04-30',NULL,NULL,40719,0,NULL,1,0,0,1),(97,NULL,'2027-05',2027,5,'2027-05-01','2027-05-31',NULL,NULL,40719,0,NULL,1,0,0,1),(98,NULL,'2027-06',2027,6,'2027-06-01','2027-06-30',NULL,NULL,40719,0,NULL,1,0,0,1),(99,NULL,'2027-07',2027,7,'2027-07-01','2027-07-31',NULL,NULL,40719,0,NULL,1,0,0,1),(100,NULL,'2027-08',2027,8,'2027-08-01','2027-08-31',NULL,NULL,40719,0,NULL,1,0,0,1),(101,NULL,'2027-09',2027,9,'2027-09-01','2027-09-30',NULL,NULL,40719,0,NULL,1,0,0,1),(102,NULL,'2027-10',2027,10,'2027-10-01','2027-10-31',NULL,NULL,40719,0,NULL,1,0,0,1),(103,NULL,'2027-11',2027,11,'2027-11-01','2027-11-30',NULL,NULL,40719,0,NULL,1,0,0,1),(104,NULL,'2027-12',2027,12,'2027-12-01','2027-12-31',NULL,NULL,40719,0,NULL,1,0,0,1),(108,NULL,'2028-01',2028,1,'2028-01-01','2028-01-31',NULL,NULL,40719,0,NULL,1,0,0,1),(109,NULL,'2028-02',2028,2,'2028-02-01','2028-02-28',NULL,NULL,40719,0,NULL,1,0,0,1),(110,NULL,'2028-03',2028,3,'2028-03-01','2028-03-31',NULL,NULL,40719,0,NULL,1,0,0,1),(111,NULL,'2028-04',2028,4,'2028-04-01','2028-04-30',NULL,NULL,40719,0,NULL,1,0,0,1),(112,NULL,'2028-05',2028,5,'2028-05-01','2028-05-31',NULL,NULL,40719,0,NULL,1,0,0,1),(113,NULL,'2028-06',2028,6,'2028-06-01','2028-06-30',NULL,NULL,40719,0,NULL,1,0,0,1),(114,NULL,'2028-07',2028,7,'2028-07-01','2028-07-31',NULL,NULL,40719,0,NULL,1,0,0,1);
INSERT INTO `periods` VALUES (115,NULL,'2028-08',2028,8,'2028-08-01','2028-08-31',NULL,NULL,40719,0,NULL,1,0,0,1),(116,NULL,'2028-09',2028,9,'2028-09-01','2028-09-30',NULL,NULL,40719,0,NULL,1,0,0,1),(117,NULL,'2028-10',2028,10,'2028-10-01','2028-10-31',NULL,NULL,40719,0,NULL,1,0,0,1),(118,NULL,'2028-11',2028,11,'2028-11-01','2028-11-30',NULL,NULL,40719,0,NULL,1,0,0,1),(119,NULL,'2028-12',2028,12,'2028-12-01','2028-12-31',NULL,NULL,40719,0,NULL,1,0,0,1),(123,NULL,'2029-01',2029,1,'2029-01-01','2029-01-31',NULL,NULL,40719,0,NULL,1,0,0,1),(124,NULL,'2029-02',2029,2,'2029-02-01','2029-02-28',NULL,NULL,40719,0,NULL,1,0,0,1),(125,NULL,'2029-03',2029,3,'2029-03-01','2029-03-31',NULL,NULL,40719,0,NULL,1,0,0,1),(126,NULL,'2029-04',2029,4,'2029-04-01','2029-04-30',NULL,NULL,40719,0,NULL,1,0,0,1),(127,NULL,'2029-05',2029,5,'2029-05-01','2029-05-31',NULL,NULL,40719,0,NULL,1,0,0,1),(128,NULL,'2029-06',2029,6,'2029-06-01','2029-06-30',NULL,NULL,40719,0,NULL,1,0,0,1),(129,NULL,'2029-07',2029,7,'2029-07-01','2029-07-31',NULL,NULL,40719,0,NULL,1,0,0,1),(130,NULL,'2029-08',2029,8,'2029-08-01','2029-08-31',NULL,NULL,40719,0,NULL,1,0,0,1),(131,NULL,'2029-09',2029,9,'2029-09-01','2029-09-30',NULL,NULL,40719,0,NULL,1,0,0,1),(132,NULL,'2029-10',2029,10,'2029-10-01','2029-10-31',NULL,NULL,40719,0,NULL,1,0,0,1),(133,NULL,'2029-11',2029,11,'2029-11-01','2029-11-30',NULL,NULL,40719,0,NULL,1,0,0,1),(134,NULL,'2029-12',2029,12,'2029-12-01','2029-12-31',NULL,NULL,40719,0,NULL,1,0,0,1),(138,NULL,'2030-01',2030,1,'2030-01-01','2030-01-31',NULL,NULL,40719,0,NULL,1,0,0,1),(139,NULL,'2030-02',2030,2,'2030-02-01','2030-02-28',NULL,NULL,40719,0,NULL,1,0,0,1),(140,NULL,'2030-03',2030,3,'2030-03-01','2030-03-31',NULL,NULL,40719,0,NULL,1,0,0,1),(141,NULL,'2030-04',2030,4,'2030-04-01','2030-04-30',NULL,NULL,40719,0,NULL,1,0,0,1),(142,NULL,'2030-05',2030,5,'2030-05-01','2030-05-31',NULL,NULL,40719,0,NULL,1,0,0,1),(143,NULL,'2030-06',2030,6,'2030-06-01','2030-06-30',NULL,NULL,40719,0,NULL,1,0,0,1),(144,NULL,'2030-07',2030,7,'2030-07-01','2030-07-31',NULL,NULL,40719,0,NULL,1,0,0,1),(145,NULL,'2030-08',2030,8,'2030-08-01','2030-08-31',NULL,NULL,40719,0,NULL,1,0,0,1),(146,NULL,'2030-09',2030,9,'2030-09-01','2030-09-30',NULL,NULL,40719,0,NULL,1,0,0,1),(147,NULL,'2030-10',2030,10,'2030-10-01','2030-10-31',NULL,NULL,40719,0,NULL,1,0,0,1),(148,NULL,'2030-11',2030,11,'2030-11-01','2030-11-30',NULL,NULL,40719,0,NULL,1,0,0,1),(149,NULL,'2030-12',2030,12,'2030-12-01','2030-12-31',NULL,NULL,40719,0,NULL,1,0,0,1),(153,NULL,'2031-01',2031,1,'2031-01-01','2031-01-31',NULL,NULL,40719,0,NULL,1,0,0,1),(154,NULL,'2031-02',2031,2,'2031-02-01','2031-02-28',NULL,NULL,40719,0,NULL,1,0,0,1),(155,NULL,'2031-03',2031,3,'2031-03-01','2031-03-31',NULL,NULL,40719,0,NULL,1,0,0,1),(156,NULL,'2031-04',2031,4,'2031-04-01','2031-04-30',NULL,NULL,40719,0,NULL,1,0,0,1),(157,NULL,'2031-05',2031,5,'2031-05-01','2031-05-31',NULL,NULL,40719,0,NULL,1,0,0,1),(158,NULL,'2031-06',2031,6,'2031-06-01','2031-06-30',NULL,NULL,40719,0,NULL,1,0,0,1),(159,NULL,'2031-07',2031,7,'2031-07-01','2031-07-31',NULL,NULL,40719,0,NULL,1,0,0,1),(160,NULL,'2031-08',2031,8,'2031-08-01','2031-08-31',NULL,NULL,40719,0,NULL,1,0,0,1),(161,NULL,'2031-09',2031,9,'2031-09-01','2031-09-30',NULL,NULL,40719,0,NULL,1,0,0,1),(162,NULL,'2031-10',2031,10,'2031-10-01','2031-10-31',NULL,NULL,40719,0,NULL,1,0,0,1),(163,NULL,'2031-11',2031,11,'2031-11-01','2031-11-30',NULL,NULL,40719,0,NULL,1,0,0,1),(164,NULL,'2031-12',2031,12,'2031-12-01','2031-12-31',NULL,NULL,40719,0,NULL,1,0,0,1),(168,NULL,'2032-01',2032,1,'2032-01-01','2032-01-31',NULL,NULL,40719,0,NULL,1,0,0,1),(169,NULL,'2032-02',2032,2,'2032-02-01','2032-02-28',NULL,NULL,40719,0,NULL,1,0,0,1),(170,NULL,'2032-03',2032,3,'2032-03-01','2032-03-31',NULL,NULL,40719,0,NULL,1,0,0,1),(171,NULL,'2032-04',2032,4,'2032-04-01','2032-04-30',NULL,NULL,40719,0,NULL,1,0,0,1),(172,NULL,'2032-05',2032,5,'2032-05-01','2032-05-31',NULL,NULL,40719,0,NULL,1,0,0,1),(173,NULL,'2032-06',2032,6,'2032-06-01','2032-06-30',NULL,NULL,40719,0,NULL,1,0,0,1);
INSERT INTO `periods` VALUES (174,NULL,'2032-07',2032,7,'2032-07-01','2032-07-31',NULL,NULL,40719,0,NULL,1,0,0,1),(175,NULL,'2032-08',2032,8,'2032-08-01','2032-08-31',NULL,NULL,40719,0,NULL,1,0,0,1),(176,NULL,'2032-09',2032,9,'2032-09-01','2032-09-30',NULL,NULL,40719,0,NULL,1,0,0,1),(177,NULL,'2032-10',2032,10,'2032-10-01','2032-10-31',NULL,NULL,40719,0,NULL,1,0,0,1),(178,NULL,'2032-11',2032,11,'2032-11-01','2032-11-30',NULL,NULL,40719,0,NULL,1,0,0,1),(179,NULL,'2032-12',2032,12,'2032-12-01','2032-12-31',NULL,NULL,40719,0,NULL,1,0,0,1),(183,NULL,'2033-01',2033,1,'2033-01-01','2033-01-31',NULL,NULL,40719,0,NULL,1,0,0,1),(184,NULL,'2033-02',2033,2,'2033-02-01','2033-02-28',NULL,NULL,40719,0,NULL,1,0,0,1),(185,NULL,'2033-03',2033,3,'2033-03-01','2033-03-31',NULL,NULL,40719,0,NULL,1,0,0,1),(186,NULL,'2033-04',2033,4,'2033-04-01','2033-04-30',NULL,NULL,40719,0,NULL,1,0,0,1),(187,NULL,'2033-05',2033,5,'2033-05-01','2033-05-31',NULL,NULL,40719,0,NULL,1,0,0,1),(188,NULL,'2033-06',2033,6,'2033-06-01','2033-06-30',NULL,NULL,40719,0,NULL,1,0,0,1),(189,NULL,'2033-07',2033,7,'2033-07-01','2033-07-31',NULL,NULL,40719,0,NULL,1,0,0,1),(190,NULL,'2033-08',2033,8,'2033-08-01','2033-08-31',NULL,NULL,40719,0,NULL,1,0,0,1),(191,NULL,'2033-09',2033,9,'2033-09-01','2033-09-30',NULL,NULL,40719,0,NULL,1,0,0,1),(192,NULL,'2033-10',2033,10,'2033-10-01','2033-10-31',NULL,NULL,40719,0,NULL,1,0,0,1),(193,NULL,'2033-11',2033,11,'2033-11-01','2033-11-30',NULL,NULL,40719,0,NULL,1,0,0,1),(194,NULL,'2033-12',2033,12,'2033-12-01','2033-12-31',NULL,NULL,40719,0,NULL,1,0,0,1),(198,NULL,'2034-01',2034,1,'2034-01-01','2034-01-31',NULL,NULL,40719,0,NULL,1,0,0,1),(199,NULL,'2034-02',2034,2,'2034-02-01','2034-02-28',NULL,NULL,40719,0,NULL,1,0,0,1),(200,NULL,'2034-03',2034,3,'2034-03-01','2034-03-31',NULL,NULL,40719,0,NULL,1,0,0,1),(201,NULL,'2034-04',2034,4,'2034-04-01','2034-04-30',NULL,NULL,40719,0,NULL,1,0,0,1),(202,NULL,'2034-05',2034,5,'2034-05-01','2034-05-31',NULL,NULL,40719,0,NULL,1,0,0,1),(203,NULL,'2034-06',2034,6,'2034-06-01','2034-06-30',NULL,NULL,40719,0,NULL,1,0,0,1),(204,NULL,'2034-07',2034,7,'2034-07-01','2034-07-31',NULL,NULL,40719,0,NULL,1,0,0,1),(205,NULL,'2034-08',2034,8,'2034-08-01','2034-08-31',NULL,NULL,40719,0,NULL,1,0,0,1),(206,NULL,'2034-09',2034,9,'2034-09-01','2034-09-30',NULL,NULL,40719,0,NULL,1,0,0,1),(207,NULL,'2034-10',2034,10,'2034-10-01','2034-10-31',NULL,NULL,40719,0,NULL,1,0,0,1),(208,NULL,'2034-11',2034,11,'2034-11-01','2034-11-30',NULL,NULL,40719,0,NULL,1,0,0,1),(209,NULL,'2034-12',2034,12,'2034-12-01','2034-12-31',NULL,NULL,40719,0,NULL,1,0,0,1),(213,NULL,'2035-01',2035,1,'2035-01-01','2035-01-31',NULL,NULL,40719,0,NULL,1,0,0,1),(214,NULL,'2035-02',2035,2,'2035-02-01','2035-02-28',NULL,NULL,40719,0,NULL,1,0,0,1),(215,NULL,'2035-03',2035,3,'2035-03-01','2035-03-31',NULL,NULL,40719,0,NULL,1,0,0,1),(216,NULL,'2035-04',2035,4,'2035-04-01','2035-04-30',NULL,NULL,40719,0,NULL,1,0,0,1),(217,NULL,'2035-05',2035,5,'2035-05-01','2035-05-31',NULL,NULL,40719,0,NULL,1,0,0,1),(218,NULL,'2035-06',2035,6,'2035-06-01','2035-06-30',NULL,NULL,40719,0,NULL,1,0,0,1),(219,NULL,'2035-07',2035,7,'2035-07-01','2035-07-31',NULL,NULL,40719,0,NULL,1,0,0,1),(220,NULL,'2035-08',2035,8,'2035-08-01','2035-08-31',NULL,NULL,40719,0,NULL,1,0,0,1),(221,NULL,'2035-09',2035,9,'2035-09-01','2035-09-30',NULL,NULL,40719,0,NULL,1,0,0,1),(222,NULL,'2035-10',2035,10,'2035-10-01','2035-10-31',NULL,NULL,40719,0,NULL,1,0,0,1),(223,NULL,'2035-11',2035,11,'2035-11-01','2035-11-30',NULL,NULL,40719,0,NULL,1,0,0,1),(224,NULL,'2035-12',2035,12,'2035-12-01','2035-12-31',NULL,NULL,40719,0,NULL,1,0,0,1),(228,NULL,'2036-01',2036,1,'2036-01-01','2036-01-31',NULL,NULL,40719,0,NULL,1,0,0,1),(229,NULL,'2036-02',2036,2,'2036-02-01','2036-02-28',NULL,NULL,40719,0,NULL,1,0,0,1),(230,NULL,'2036-03',2036,3,'2036-03-01','2036-03-31',NULL,NULL,40719,0,NULL,1,0,0,1),(231,NULL,'2036-04',2036,4,'2036-04-01','2036-04-30',NULL,NULL,40719,0,NULL,1,0,0,1),(232,NULL,'2036-05',2036,5,'2036-05-01','2036-05-31',NULL,NULL,40719,0,NULL,1,0,0,1);
INSERT INTO `periods` VALUES (233,NULL,'2036-06',2036,6,'2036-06-01','2036-06-30',NULL,NULL,40719,0,NULL,1,0,0,1),(234,NULL,'2036-07',2036,7,'2036-07-01','2036-07-31',NULL,NULL,40719,0,NULL,1,0,0,1),(235,NULL,'2036-08',2036,8,'2036-08-01','2036-08-31',NULL,NULL,40719,0,NULL,1,0,0,1),(236,NULL,'2036-09',2036,9,'2036-09-01','2036-09-30',NULL,NULL,40719,0,NULL,1,0,0,1),(237,NULL,'2036-10',2036,10,'2036-10-01','2036-10-31',NULL,NULL,40719,0,NULL,1,0,0,1),(238,NULL,'2036-11',2036,11,'2036-11-01','2036-11-30',NULL,NULL,40719,0,NULL,1,0,0,1),(239,NULL,'2036-12',2036,12,'2036-12-01','2036-12-31',NULL,NULL,40719,0,NULL,1,0,0,1),(243,NULL,'2037-01',2037,1,'2037-01-01','2037-01-31',NULL,NULL,40719,0,NULL,1,0,0,1),(244,NULL,'2037-02',2037,2,'2037-02-01','2037-02-28',NULL,NULL,40719,0,NULL,1,0,0,1),(245,NULL,'2037-03',2037,3,'2037-03-01','2037-03-31',NULL,NULL,40719,0,NULL,1,0,0,1),(246,NULL,'2037-04',2037,4,'2037-04-01','2037-04-30',NULL,NULL,40719,0,NULL,1,0,0,1),(247,NULL,'2037-05',2037,5,'2037-05-01','2037-05-31',NULL,NULL,40719,0,NULL,1,0,0,1),(248,NULL,'2037-06',2037,6,'2037-06-01','2037-06-30',NULL,NULL,40719,0,NULL,1,0,0,1),(249,NULL,'2037-07',2037,7,'2037-07-01','2037-07-31',NULL,NULL,40719,0,NULL,1,0,0,1),(250,NULL,'2037-08',2037,8,'2037-08-01','2037-08-31',NULL,NULL,40719,0,NULL,1,0,0,1),(251,NULL,'2037-09',2037,9,'2037-09-01','2037-09-30',NULL,NULL,40719,0,NULL,1,0,0,1),(252,NULL,'2037-10',2037,10,'2037-10-01','2037-10-31',NULL,NULL,40719,0,NULL,1,0,0,1),(253,NULL,'2037-11',2037,11,'2037-11-01','2037-11-30',NULL,NULL,40719,0,NULL,1,0,0,1),(254,NULL,'2037-12',2037,12,'2037-12-01','2037-12-31',NULL,NULL,40719,0,NULL,1,0,0,1),(258,NULL,'2038-01',2038,1,'2038-01-01','2038-01-31',NULL,NULL,40719,0,NULL,1,0,0,1),(259,NULL,'2038-02',2038,2,'2038-02-01','2038-02-28',NULL,NULL,40719,0,NULL,1,0,0,1),(260,NULL,'2038-03',2038,3,'2038-03-01','2038-03-31',NULL,NULL,40719,0,NULL,1,0,0,1),(261,NULL,'2038-04',2038,4,'2038-04-01','2038-04-30',NULL,NULL,40719,0,NULL,1,0,0,1),(262,NULL,'2038-05',2038,5,'2038-05-01','2038-05-31',NULL,NULL,40719,0,NULL,1,0,0,1),(263,NULL,'2038-06',2038,6,'2038-06-01','2038-06-30',NULL,NULL,40719,0,NULL,1,0,0,1),(264,NULL,'2038-07',2038,7,'2038-07-01','2038-07-31',NULL,NULL,40719,0,NULL,1,0,0,1),(265,NULL,'2038-08',2038,8,'2038-08-01','2038-08-31',NULL,NULL,40719,0,NULL,1,0,0,1),(266,NULL,'2038-09',2038,9,'2038-09-01','2038-09-30',NULL,NULL,40719,0,NULL,1,0,0,1),(267,NULL,'2038-10',2038,10,'2038-10-01','2038-10-31',NULL,NULL,40719,0,NULL,1,0,0,1),(268,NULL,'2038-11',2038,11,'2038-11-01','2038-11-30',NULL,NULL,40719,0,NULL,1,0,0,1),(269,NULL,'2038-12',2038,12,'2038-12-01','2038-12-31',NULL,NULL,40719,0,NULL,1,0,0,1),(273,NULL,'2039-01',2039,1,'2039-01-01','2039-01-31',NULL,NULL,40719,0,NULL,1,0,0,1),(274,NULL,'2039-02',2039,2,'2039-02-01','2039-02-28',NULL,NULL,40719,0,NULL,1,0,0,1),(275,NULL,'2039-03',2039,3,'2039-03-01','2039-03-31',NULL,NULL,40719,0,NULL,1,0,0,1),(276,NULL,'2039-04',2039,4,'2039-04-01','2039-04-30',NULL,NULL,40719,0,NULL,1,0,0,1),(277,NULL,'2039-05',2039,5,'2039-05-01','2039-05-31',NULL,NULL,40719,0,NULL,1,0,0,1),(278,NULL,'2039-06',2039,6,'2039-06-01','2039-06-30',NULL,NULL,40719,0,NULL,1,0,0,1),(279,NULL,'2039-07',2039,7,'2039-07-01','2039-07-31',NULL,NULL,40719,0,NULL,1,0,0,1),(280,NULL,'2039-08',2039,8,'2039-08-01','2039-08-31',NULL,NULL,40719,0,NULL,1,0,0,1),(281,NULL,'2039-09',2039,9,'2039-09-01','2039-09-30',NULL,NULL,40719,0,NULL,1,0,0,1),(282,NULL,'2039-10',2039,10,'2039-10-01','2039-10-31',NULL,NULL,40719,0,NULL,1,0,0,1),(283,NULL,'2039-11',2039,11,'2039-11-01','2039-11-30',NULL,NULL,40719,0,NULL,1,0,0,1),(284,NULL,'2039-12',2039,12,'2039-12-01','2039-12-31',NULL,NULL,40719,0,NULL,1,0,0,1),(288,NULL,'2040-01',2040,1,'2040-01-01','2040-01-31',NULL,NULL,40719,0,NULL,1,0,0,1),(289,NULL,'2040-02',2040,2,'2040-02-01','2040-02-28',NULL,NULL,40719,0,NULL,1,0,0,1),(290,NULL,'2040-03',2040,3,'2040-03-01','2040-03-31',NULL,NULL,40719,0,NULL,1,0,0,1),(291,NULL,'2040-04',2040,4,'2040-04-01','2040-04-30',NULL,NULL,40719,0,NULL,1,0,0,1);
INSERT INTO `periods` VALUES (292,NULL,'2040-05',2040,5,'2040-05-01','2040-05-31',NULL,NULL,40719,0,NULL,1,0,0,1),(293,NULL,'2040-06',2040,6,'2040-06-01','2040-06-30',NULL,NULL,40719,0,NULL,1,0,0,1),(294,NULL,'2040-07',2040,7,'2040-07-01','2040-07-31',NULL,NULL,40719,0,NULL,1,0,0,1),(295,NULL,'2040-08',2040,8,'2040-08-01','2040-08-31',NULL,NULL,40719,0,NULL,1,0,0,1),(296,NULL,'2040-09',2040,9,'2040-09-01','2040-09-30',NULL,NULL,40719,0,NULL,1,0,0,1),(297,NULL,'2040-10',2040,10,'2040-10-01','2040-10-31',NULL,NULL,40719,0,NULL,1,0,0,1),(298,NULL,'2040-11',2040,11,'2040-11-01','2040-11-30',NULL,NULL,40719,0,NULL,1,0,0,1),(299,NULL,'2040-12',2040,12,'2040-12-01','2040-12-31',NULL,NULL,40719,0,NULL,1,0,0,1),(303,NULL,'2041-01',2041,1,'2041-01-01','2041-01-31',NULL,NULL,40719,0,NULL,1,0,0,1),(304,NULL,'2041-02',2041,2,'2041-02-01','2041-02-28',NULL,NULL,40719,0,NULL,1,0,0,1),(305,NULL,'2041-03',2041,3,'2041-03-01','2041-03-31',NULL,NULL,40719,0,NULL,1,0,0,1),(306,NULL,'2041-04',2041,4,'2041-04-01','2041-04-30',NULL,NULL,40719,0,NULL,1,0,0,1),(307,NULL,'2041-05',2041,5,'2041-05-01','2041-05-31',NULL,NULL,40719,0,NULL,1,0,0,1),(308,NULL,'2041-06',2041,6,'2041-06-01','2041-06-30',NULL,NULL,40719,0,NULL,1,0,0,1),(309,NULL,'2041-07',2041,7,'2041-07-01','2041-07-31',NULL,NULL,40719,0,NULL,1,0,0,1),(310,NULL,'2041-08',2041,8,'2041-08-01','2041-08-31',NULL,NULL,40719,0,NULL,1,0,0,1),(311,NULL,'2041-09',2041,9,'2041-09-01','2041-09-30',NULL,NULL,40719,0,NULL,1,0,0,1),(312,NULL,'2041-10',2041,10,'2041-10-01','2041-10-31',NULL,NULL,40719,0,NULL,1,0,0,1),(313,NULL,'2041-11',2041,11,'2041-11-01','2041-11-30',NULL,NULL,40719,0,NULL,1,0,0,1),(314,NULL,'2041-12',2041,12,'2041-12-01','2041-12-31',NULL,NULL,40719,0,NULL,1,0,0,1),(318,NULL,'2042-01',2042,1,'2042-01-01','2042-01-31',NULL,NULL,40719,0,NULL,1,0,0,1),(319,NULL,'2042-02',2042,2,'2042-02-01','2042-02-28',NULL,NULL,40719,0,NULL,1,0,0,1),(320,NULL,'2042-03',2042,3,'2042-03-01','2042-03-31',NULL,NULL,40719,0,NULL,1,0,0,1),(321,NULL,'2042-04',2042,4,'2042-04-01','2042-04-30',NULL,NULL,40719,0,NULL,1,0,0,1),(322,NULL,'2042-05',2042,5,'2042-05-01','2042-05-31',NULL,NULL,40719,0,NULL,1,0,0,1),(323,NULL,'2042-06',2042,6,'2042-06-01','2042-06-30',NULL,NULL,40719,0,NULL,1,0,0,1),(324,NULL,'2042-07',2042,7,'2042-07-01','2042-07-31',NULL,NULL,40719,0,NULL,1,0,0,1),(325,NULL,'2042-08',2042,8,'2042-08-01','2042-08-31',NULL,NULL,40719,0,NULL,1,0,0,1),(326,NULL,'2042-09',2042,9,'2042-09-01','2042-09-30',NULL,NULL,40719,0,NULL,1,0,0,1),(327,NULL,'2042-10',2042,10,'2042-10-01','2042-10-31',NULL,NULL,40719,0,NULL,1,0,0,1),(328,NULL,'2042-11',2042,11,'2042-11-01','2042-11-30',NULL,NULL,40719,0,NULL,1,0,0,1),(329,NULL,'2042-12',2042,12,'2042-12-01','2042-12-31',NULL,NULL,40719,0,NULL,1,0,0,1),(333,NULL,'2043-01',2043,1,'2043-01-01','2043-01-31',NULL,NULL,40719,0,NULL,1,0,0,1),(334,NULL,'2043-02',2043,2,'2043-02-01','2043-02-28',NULL,NULL,40719,0,NULL,1,0,0,1),(335,NULL,'2043-03',2043,3,'2043-03-01','2043-03-31',NULL,NULL,40719,0,NULL,1,0,0,1),(336,NULL,'2043-04',2043,4,'2043-04-01','2043-04-30',NULL,NULL,40719,0,NULL,1,0,0,1),(337,NULL,'2043-05',2043,5,'2043-05-01','2043-05-31',NULL,NULL,40719,0,NULL,1,0,0,1),(338,NULL,'2043-06',2043,6,'2043-06-01','2043-06-30',NULL,NULL,40719,0,NULL,1,0,0,1),(339,NULL,'2043-07',2043,7,'2043-07-01','2043-07-31',NULL,NULL,40719,0,NULL,1,0,0,1),(340,NULL,'2043-08',2043,8,'2043-08-01','2043-08-31',NULL,NULL,40719,0,NULL,1,0,0,1),(341,NULL,'2043-09',2043,9,'2043-09-01','2043-09-30',NULL,NULL,40719,0,NULL,1,0,0,1),(342,NULL,'2043-10',2043,10,'2043-10-01','2043-10-31',NULL,NULL,40719,0,NULL,1,0,0,1),(343,NULL,'2043-11',2043,11,'2043-11-01','2043-11-30',NULL,NULL,40719,0,NULL,1,0,0,1),(344,NULL,'2043-12',2043,12,'2043-12-01','2043-12-31',NULL,NULL,40719,0,NULL,1,0,0,1),(348,NULL,'2044-01',2044,1,'2044-01-01','2044-01-31',NULL,NULL,40719,0,NULL,1,0,0,1),(349,NULL,'2044-02',2044,2,'2044-02-01','2044-02-28',NULL,NULL,40719,0,NULL,1,0,0,1),(350,NULL,'2044-03',2044,3,'2044-03-01','2044-03-31',NULL,NULL,40719,0,NULL,1,0,0,1);
INSERT INTO `periods` VALUES (351,NULL,'2044-04',2044,4,'2044-04-01','2044-04-30',NULL,NULL,40719,0,NULL,1,0,0,1),(352,NULL,'2044-05',2044,5,'2044-05-01','2044-05-31',NULL,NULL,40719,0,NULL,1,0,0,1),(353,NULL,'2044-06',2044,6,'2044-06-01','2044-06-30',NULL,NULL,40719,0,NULL,1,0,0,1),(354,NULL,'2044-07',2044,7,'2044-07-01','2044-07-31',NULL,NULL,40719,0,NULL,1,0,0,1),(355,NULL,'2044-08',2044,8,'2044-08-01','2044-08-31',NULL,NULL,40719,0,NULL,1,0,0,1),(356,NULL,'2044-09',2044,9,'2044-09-01','2044-09-30',NULL,NULL,40719,0,NULL,1,0,0,1),(357,NULL,'2044-10',2044,10,'2044-10-01','2044-10-31',NULL,NULL,40719,0,NULL,1,0,0,1),(358,NULL,'2044-11',2044,11,'2044-11-01','2044-11-30',NULL,NULL,40719,0,NULL,1,0,0,1),(359,NULL,'2044-12',2044,12,'2044-12-01','2044-12-31',NULL,NULL,40719,0,NULL,1,0,0,1),(363,NULL,'2045-01',2045,1,'2045-01-01','2045-01-31',NULL,NULL,40719,0,NULL,1,0,0,1),(364,NULL,'2045-02',2045,2,'2045-02-01','2045-02-28',NULL,NULL,40719,0,NULL,1,0,0,1),(365,NULL,'2045-03',2045,3,'2045-03-01','2045-03-31',NULL,NULL,40719,0,NULL,1,0,0,1),(366,NULL,'2045-04',2045,4,'2045-04-01','2045-04-30',NULL,NULL,40719,0,NULL,1,0,0,1),(367,NULL,'2045-05',2045,5,'2045-05-01','2045-05-31',NULL,NULL,40719,0,NULL,1,0,0,1),(368,NULL,'2045-06',2045,6,'2045-06-01','2045-06-30',NULL,NULL,40719,0,NULL,1,0,0,1),(369,NULL,'2045-07',2045,7,'2045-07-01','2045-07-31',NULL,NULL,40719,0,NULL,1,0,0,1),(370,NULL,'2045-08',2045,8,'2045-08-01','2045-08-31',NULL,NULL,40719,0,NULL,1,0,0,1),(371,NULL,'2045-09',2045,9,'2045-09-01','2045-09-30',NULL,NULL,40719,0,NULL,1,0,0,1),(372,NULL,'2045-10',2045,10,'2045-10-01','2045-10-31',NULL,NULL,40719,0,NULL,1,0,0,1),(373,NULL,'2045-11',2045,11,'2045-11-01','2045-11-30',NULL,NULL,40719,0,NULL,1,0,0,1),(374,NULL,'2045-12',2045,12,'2045-12-01','2045-12-31',NULL,NULL,40719,0,NULL,1,0,0,1),(378,NULL,'2046-01',2046,1,'2046-01-01','2046-01-31',NULL,NULL,40719,0,NULL,1,0,0,1),(379,NULL,'2046-02',2046,2,'2046-02-01','2046-02-28',NULL,NULL,40719,0,NULL,1,0,0,1),(380,NULL,'2046-03',2046,3,'2046-03-01','2046-03-31',NULL,NULL,40719,0,NULL,1,0,0,1),(381,NULL,'2046-04',2046,4,'2046-04-01','2046-04-30',NULL,NULL,40719,0,NULL,1,0,0,1),(382,NULL,'2046-05',2046,5,'2046-05-01','2046-05-31',NULL,NULL,40719,0,NULL,1,0,0,1),(383,NULL,'2046-06',2046,6,'2046-06-01','2046-06-30',NULL,NULL,40719,0,NULL,1,0,0,1),(384,NULL,'2046-07',2046,7,'2046-07-01','2046-07-31',NULL,NULL,40719,0,NULL,1,0,0,1),(385,NULL,'2046-08',2046,8,'2046-08-01','2046-08-31',NULL,NULL,40719,0,NULL,1,0,0,1),(386,NULL,'2046-09',2046,9,'2046-09-01','2046-09-30',NULL,NULL,40719,0,NULL,1,0,0,1),(387,NULL,'2046-10',2046,10,'2046-10-01','2046-10-31',NULL,NULL,40719,0,NULL,1,0,0,1),(388,NULL,'2046-11',2046,11,'2046-11-01','2046-11-30',NULL,NULL,40719,0,NULL,1,0,0,1),(389,NULL,'2046-12',2046,12,'2046-12-01','2046-12-31',NULL,NULL,40719,0,NULL,1,0,0,1),(393,NULL,'2047-01',2047,1,'2047-01-01','2047-01-31',NULL,NULL,40719,0,NULL,1,0,0,1),(394,NULL,'2047-02',2047,2,'2047-02-01','2047-02-28',NULL,NULL,40719,0,NULL,1,0,0,1),(395,NULL,'2047-03',2047,3,'2047-03-01','2047-03-31',NULL,NULL,40719,0,NULL,1,0,0,1),(396,NULL,'2047-04',2047,4,'2047-04-01','2047-04-30',NULL,NULL,40719,0,NULL,1,0,0,1),(397,NULL,'2047-05',2047,5,'2047-05-01','2047-05-31',NULL,NULL,40719,0,NULL,1,0,0,1),(398,NULL,'2047-06',2047,6,'2047-06-01','2047-06-30',NULL,NULL,40719,0,NULL,1,0,0,1),(399,NULL,'2047-07',2047,7,'2047-07-01','2047-07-31',NULL,NULL,40719,0,NULL,1,0,0,1),(400,NULL,'2047-08',2047,8,'2047-08-01','2047-08-31',NULL,NULL,40719,0,NULL,1,0,0,1),(401,NULL,'2047-09',2047,9,'2047-09-01','2047-09-30',NULL,NULL,40719,0,NULL,1,0,0,1),(402,NULL,'2047-10',2047,10,'2047-10-01','2047-10-31',NULL,NULL,40719,0,NULL,1,0,0,1),(403,NULL,'2047-11',2047,11,'2047-11-01','2047-11-30',NULL,NULL,40719,0,NULL,1,0,0,1),(404,NULL,'2047-12',2047,12,'2047-12-01','2047-12-31',NULL,NULL,40719,0,NULL,1,0,0,1),(408,NULL,'2048-01',2048,1,'2048-01-01','2048-01-31',NULL,NULL,40719,0,NULL,1,0,0,1),(409,NULL,'2048-02',2048,2,'2048-02-01','2048-02-28',NULL,NULL,40719,0,NULL,1,0,0,1);
INSERT INTO `periods` VALUES (410,NULL,'2048-03',2048,3,'2048-03-01','2048-03-31',NULL,NULL,40719,0,NULL,1,0,0,1),(411,NULL,'2048-04',2048,4,'2048-04-01','2048-04-30',NULL,NULL,40719,0,NULL,1,0,0,1),(412,NULL,'2048-05',2048,5,'2048-05-01','2048-05-31',NULL,NULL,40719,0,NULL,1,0,0,1),(413,NULL,'2048-06',2048,6,'2048-06-01','2048-06-30',NULL,NULL,40719,0,NULL,1,0,0,1),(414,NULL,'2048-07',2048,7,'2048-07-01','2048-07-31',NULL,NULL,40719,0,NULL,1,0,0,1),(415,NULL,'2048-08',2048,8,'2048-08-01','2048-08-31',NULL,NULL,40719,0,NULL,1,0,0,1),(416,NULL,'2048-09',2048,9,'2048-09-01','2048-09-30',NULL,NULL,40719,0,NULL,1,0,0,1),(417,NULL,'2048-10',2048,10,'2048-10-01','2048-10-31',NULL,NULL,40719,0,NULL,1,0,0,1),(418,NULL,'2048-11',2048,11,'2048-11-01','2048-11-30',NULL,NULL,40719,0,NULL,1,0,0,1),(419,NULL,'2048-12',2048,12,'2048-12-01','2048-12-31',NULL,NULL,40719,0,NULL,1,0,0,1),(423,NULL,'2049-01',2049,1,'2049-01-01','2049-01-31',NULL,NULL,40719,0,NULL,1,0,0,1),(424,NULL,'2049-02',2049,2,'2049-02-01','2049-02-28',NULL,NULL,40719,0,NULL,1,0,0,1),(425,NULL,'2049-03',2049,3,'2049-03-01','2049-03-31',NULL,NULL,40719,0,NULL,1,0,0,1),(426,NULL,'2049-04',2049,4,'2049-04-01','2049-04-30',NULL,NULL,40719,0,NULL,1,0,0,1),(427,NULL,'2049-05',2049,5,'2049-05-01','2049-05-31',NULL,NULL,40719,0,NULL,1,0,0,1),(428,NULL,'2049-06',2049,6,'2049-06-01','2049-06-30',NULL,NULL,40719,0,NULL,1,0,0,1),(429,NULL,'2049-07',2049,7,'2049-07-01','2049-07-31',NULL,NULL,40719,0,NULL,1,0,0,1),(430,NULL,'2049-08',2049,8,'2049-08-01','2049-08-31',NULL,NULL,40719,0,NULL,1,0,0,1),(431,NULL,'2049-09',2049,9,'2049-09-01','2049-09-30',NULL,NULL,40719,0,NULL,1,0,0,1),(432,NULL,'2049-10',2049,10,'2049-10-01','2049-10-31',NULL,NULL,40719,0,NULL,1,0,0,1),(433,NULL,'2049-11',2049,11,'2049-11-01','2049-11-30',NULL,NULL,40719,0,NULL,1,0,0,1),(434,NULL,'2049-12',2049,12,'2049-12-01','2049-12-31',NULL,NULL,40719,0,NULL,1,0,0,1),(438,NULL,'2050-01',2050,1,'2050-01-01','2050-01-31',NULL,NULL,40719,0,NULL,1,0,0,1),(439,NULL,'2050-02',2050,2,'2050-02-01','2050-02-28',NULL,NULL,40719,0,NULL,1,0,0,1),(440,NULL,'2050-03',2050,3,'2050-03-01','2050-03-31',NULL,NULL,40719,0,NULL,1,0,0,1),(441,NULL,'2050-04',2050,4,'2050-04-01','2050-04-30',NULL,NULL,40719,0,NULL,1,0,0,1),(442,NULL,'2050-05',2050,5,'2050-05-01','2050-05-31',NULL,NULL,40719,0,NULL,1,0,0,1),(443,NULL,'2050-06',2050,6,'2050-06-01','2050-06-30',NULL,NULL,40719,0,NULL,1,0,0,1),(444,NULL,'2050-07',2050,7,'2050-07-01','2050-07-31',NULL,NULL,40719,0,NULL,1,0,0,1),(445,NULL,'2050-08',2050,8,'2050-08-01','2050-08-31',NULL,NULL,40719,0,NULL,1,0,0,1),(446,NULL,'2050-09',2050,9,'2050-09-01','2050-09-30',NULL,NULL,40719,0,NULL,1,0,0,1),(447,NULL,'2050-10',2050,10,'2050-10-01','2050-10-31',NULL,NULL,40719,0,NULL,1,0,0,1),(448,NULL,'2050-11',2050,11,'2050-11-01','2050-11-30',NULL,NULL,40719,0,NULL,1,0,0,1),(449,NULL,'2050-12',2050,12,'2050-12-01','2050-12-31',NULL,NULL,40719,0,NULL,1,0,0,1),(453,NULL,'2051-01',2051,1,'2051-01-01','2051-01-31',NULL,NULL,40719,0,NULL,1,0,0,1),(454,NULL,'2051-02',2051,2,'2051-02-01','2051-02-28',NULL,NULL,40719,0,NULL,1,0,0,1),(455,NULL,'2051-03',2051,3,'2051-03-01','2051-03-31',NULL,NULL,40719,0,NULL,1,0,0,1),(456,NULL,'2051-04',2051,4,'2051-04-01','2051-04-30',NULL,NULL,40719,0,NULL,1,0,0,1),(457,NULL,'2051-05',2051,5,'2051-05-01','2051-05-31',NULL,NULL,40719,0,NULL,1,0,0,1),(458,NULL,'2051-06',2051,6,'2051-06-01','2051-06-30',NULL,NULL,40719,0,NULL,1,0,0,1),(459,NULL,'2051-07',2051,7,'2051-07-01','2051-07-31',NULL,NULL,40719,0,NULL,1,0,0,1),(460,NULL,'2051-08',2051,8,'2051-08-01','2051-08-31',NULL,NULL,40719,0,NULL,1,0,0,1),(461,NULL,'2051-09',2051,9,'2051-09-01','2051-09-30',NULL,NULL,40719,0,NULL,1,0,0,1),(462,NULL,'2051-10',2051,10,'2051-10-01','2051-10-31',NULL,NULL,40719,0,NULL,1,0,0,1),(463,NULL,'2051-11',2051,11,'2051-11-01','2051-11-30',NULL,NULL,40719,0,NULL,1,0,0,1),(464,NULL,'2051-12',2051,12,'2051-12-01','2051-12-31',NULL,NULL,40719,0,NULL,1,0,0,1),(468,NULL,'2052-01',2052,1,'2052-01-01','2052-01-31',NULL,NULL,40719,0,NULL,1,0,0,1);
INSERT INTO `periods` VALUES (469,NULL,'2052-02',2052,2,'2052-02-01','2052-02-28',NULL,NULL,40719,0,NULL,1,0,0,1),(470,NULL,'2052-03',2052,3,'2052-03-01','2052-03-31',NULL,NULL,40719,0,NULL,1,0,0,1),(471,NULL,'2052-04',2052,4,'2052-04-01','2052-04-30',NULL,NULL,40719,0,NULL,1,0,0,1),(472,NULL,'2052-05',2052,5,'2052-05-01','2052-05-31',NULL,NULL,40719,0,NULL,1,0,0,1),(473,NULL,'2052-06',2052,6,'2052-06-01','2052-06-30',NULL,NULL,40719,0,NULL,1,0,0,1),(474,NULL,'2052-07',2052,7,'2052-07-01','2052-07-31',NULL,NULL,40719,0,NULL,1,0,0,1),(475,NULL,'2052-08',2052,8,'2052-08-01','2052-08-31',NULL,NULL,40719,0,NULL,1,0,0,1),(476,NULL,'2052-09',2052,9,'2052-09-01','2052-09-30',NULL,NULL,40719,0,NULL,1,0,0,1),(477,NULL,'2052-10',2052,10,'2052-10-01','2052-10-31',NULL,NULL,40719,0,NULL,1,0,0,1),(478,NULL,'2052-11',2052,11,'2052-11-01','2052-11-30',NULL,NULL,40719,0,NULL,1,0,0,1),(479,NULL,'2052-12',2052,12,'2052-12-01','2052-12-31',NULL,NULL,40719,0,NULL,1,0,0,1),(483,NULL,'2053-01',2053,1,'2053-01-01','2053-01-31',NULL,NULL,40719,0,NULL,1,0,0,1),(484,NULL,'2053-02',2053,2,'2053-02-01','2053-02-28',NULL,NULL,40719,0,NULL,1,0,0,1),(485,NULL,'2053-03',2053,3,'2053-03-01','2053-03-31',NULL,NULL,40719,0,NULL,1,0,0,1),(486,NULL,'2053-04',2053,4,'2053-04-01','2053-04-30',NULL,NULL,40719,0,NULL,1,0,0,1),(487,NULL,'2053-05',2053,5,'2053-05-01','2053-05-31',NULL,NULL,40719,0,NULL,1,0,0,1),(488,NULL,'2053-06',2053,6,'2053-06-01','2053-06-30',NULL,NULL,40719,0,NULL,1,0,0,1),(489,NULL,'2053-07',2053,7,'2053-07-01','2053-07-31',NULL,NULL,40719,0,NULL,1,0,0,1),(490,NULL,'2053-08',2053,8,'2053-08-01','2053-08-31',NULL,NULL,40719,0,NULL,1,0,0,1),(491,NULL,'2053-09',2053,9,'2053-09-01','2053-09-30',NULL,NULL,40719,0,NULL,1,0,0,1),(492,NULL,'2053-10',2053,10,'2053-10-01','2053-10-31',NULL,NULL,40719,0,NULL,1,0,0,1),(493,NULL,'2053-11',2053,11,'2053-11-01','2053-11-30',NULL,NULL,40719,0,NULL,1,0,0,1),(494,NULL,'2053-12',2053,12,'2053-12-01','2053-12-31',NULL,NULL,40719,0,NULL,1,0,0,1),(498,NULL,'2054-01',2054,1,'2054-01-01','2054-01-31',NULL,NULL,40719,0,NULL,1,0,0,1),(499,NULL,'2054-02',2054,2,'2054-02-01','2054-02-28',NULL,NULL,40719,0,NULL,1,0,0,1),(500,NULL,'2054-03',2054,3,'2054-03-01','2054-03-31',NULL,NULL,40719,0,NULL,1,0,0,1),(501,NULL,'2054-04',2054,4,'2054-04-01','2054-04-30',NULL,NULL,40719,0,NULL,1,0,0,1),(502,NULL,'2054-05',2054,5,'2054-05-01','2054-05-31',NULL,NULL,40719,0,NULL,1,0,0,1),(503,NULL,'2054-06',2054,6,'2054-06-01','2054-06-30',NULL,NULL,40719,0,NULL,1,0,0,1),(504,NULL,'2054-07',2054,7,'2054-07-01','2054-07-31',NULL,NULL,40719,0,NULL,1,0,0,1),(505,NULL,'2054-08',2054,8,'2054-08-01','2054-08-31',NULL,NULL,40719,0,NULL,1,0,0,1),(506,NULL,'2054-09',2054,9,'2054-09-01','2054-09-30',NULL,NULL,40719,0,NULL,1,0,0,1),(507,NULL,'2054-10',2054,10,'2054-10-01','2054-10-31',NULL,NULL,40719,0,NULL,1,0,0,1),(508,NULL,'2054-11',2054,11,'2054-11-01','2054-11-30',NULL,NULL,40719,0,NULL,1,0,0,1),(509,NULL,'2054-12',2054,12,'2054-12-01','2054-12-31',NULL,NULL,40719,0,NULL,1,0,0,1),(513,NULL,'2055-01',2055,1,'2055-01-01','2055-01-31',NULL,NULL,40719,0,NULL,1,0,0,1),(514,NULL,'2055-02',2055,2,'2055-02-01','2055-02-28',NULL,NULL,40719,0,NULL,1,0,0,1),(515,NULL,'2055-03',2055,3,'2055-03-01','2055-03-31',NULL,NULL,40719,0,NULL,1,0,0,1),(516,NULL,'2055-04',2055,4,'2055-04-01','2055-04-30',NULL,NULL,40719,0,NULL,1,0,0,1),(517,NULL,'2055-05',2055,5,'2055-05-01','2055-05-31',NULL,NULL,40719,0,NULL,1,0,0,1),(518,NULL,'2055-06',2055,6,'2055-06-01','2055-06-30',NULL,NULL,40719,0,NULL,1,0,0,1),(519,NULL,'2055-07',2055,7,'2055-07-01','2055-07-31',NULL,NULL,40719,0,NULL,1,0,0,1),(520,NULL,'2055-08',2055,8,'2055-08-01','2055-08-31',NULL,NULL,40719,0,NULL,1,0,0,1),(521,NULL,'2055-09',2055,9,'2055-09-01','2055-09-30',NULL,NULL,40719,0,NULL,1,0,0,1),(522,NULL,'2055-10',2055,10,'2055-10-01','2055-10-31',NULL,NULL,40719,0,NULL,1,0,0,1),(523,NULL,'2055-11',2055,11,'2055-11-01','2055-11-30',NULL,NULL,40719,0,NULL,1,0,0,1),(524,NULL,'2055-12',2055,12,'2055-12-01','2055-12-31',NULL,NULL,40719,0,NULL,1,0,0,1);
INSERT INTO `periods` VALUES (528,NULL,'2056-01',2056,1,'2056-01-01','2056-01-31',NULL,NULL,40719,0,NULL,1,0,0,1),(529,NULL,'2056-02',2056,2,'2056-02-01','2056-02-28',NULL,NULL,40719,0,NULL,1,0,0,1),(530,NULL,'2056-03',2056,3,'2056-03-01','2056-03-31',NULL,NULL,40719,0,NULL,1,0,0,1),(531,NULL,'2056-04',2056,4,'2056-04-01','2056-04-30',NULL,NULL,40719,0,NULL,1,0,0,1),(532,NULL,'2056-05',2056,5,'2056-05-01','2056-05-31',NULL,NULL,40719,0,NULL,1,0,0,1),(533,NULL,'2056-06',2056,6,'2056-06-01','2056-06-30',NULL,NULL,40719,0,NULL,1,0,0,1),(534,NULL,'2056-07',2056,7,'2056-07-01','2056-07-31',NULL,NULL,40719,0,NULL,1,0,0,1),(535,NULL,'2056-08',2056,8,'2056-08-01','2056-08-31',NULL,NULL,40719,0,NULL,1,0,0,1),(536,NULL,'2056-09',2056,9,'2056-09-01','2056-09-30',NULL,NULL,40719,0,NULL,1,0,0,1),(537,NULL,'2056-10',2056,10,'2056-10-01','2056-10-31',NULL,NULL,40719,0,NULL,1,0,0,1),(538,NULL,'2056-11',2056,11,'2056-11-01','2056-11-30',NULL,NULL,40719,0,NULL,1,0,0,1),(539,NULL,'2056-12',2056,12,'2056-12-01','2056-12-31',NULL,NULL,40719,0,NULL,1,0,0,1),(543,NULL,'2057-01',2057,1,'2057-01-01','2057-01-31',NULL,NULL,40719,0,NULL,1,0,0,1),(544,NULL,'2057-02',2057,2,'2057-02-01','2057-02-28',NULL,NULL,40719,0,NULL,1,0,0,1),(545,NULL,'2057-03',2057,3,'2057-03-01','2057-03-31',NULL,NULL,40719,0,NULL,1,0,0,1),(546,NULL,'2057-04',2057,4,'2057-04-01','2057-04-30',NULL,NULL,40719,0,NULL,1,0,0,1),(547,NULL,'2057-05',2057,5,'2057-05-01','2057-05-31',NULL,NULL,40719,0,NULL,1,0,0,1),(548,NULL,'2057-06',2057,6,'2057-06-01','2057-06-30',NULL,NULL,40719,0,NULL,1,0,0,1),(549,NULL,'2057-07',2057,7,'2057-07-01','2057-07-31',NULL,NULL,40719,0,NULL,1,0,0,1),(550,NULL,'2057-08',2057,8,'2057-08-01','2057-08-31',NULL,NULL,40719,0,NULL,1,0,0,1),(551,NULL,'2057-09',2057,9,'2057-09-01','2057-09-30',NULL,NULL,40719,0,NULL,1,0,0,1),(552,NULL,'2057-10',2057,10,'2057-10-01','2057-10-31',NULL,NULL,40719,0,NULL,1,0,0,1),(553,NULL,'2057-11',2057,11,'2057-11-01','2057-11-30',NULL,NULL,40719,0,NULL,1,0,0,1),(554,NULL,'2057-12',2057,12,'2057-12-01','2057-12-31',NULL,NULL,40719,0,NULL,1,0,0,1),(558,NULL,'2058-01',2058,1,'2058-01-01','2058-01-31',NULL,NULL,40719,0,NULL,1,0,0,1),(559,NULL,'2058-02',2058,2,'2058-02-01','2058-02-28',NULL,NULL,40719,0,NULL,1,0,0,1),(560,NULL,'2058-03',2058,3,'2058-03-01','2058-03-31',NULL,NULL,40719,0,NULL,1,0,0,1),(561,NULL,'2058-04',2058,4,'2058-04-01','2058-04-30',NULL,NULL,40719,0,NULL,1,0,0,1),(562,NULL,'2058-05',2058,5,'2058-05-01','2058-05-31',NULL,NULL,40719,0,NULL,1,0,0,1),(563,NULL,'2058-06',2058,6,'2058-06-01','2058-06-30',NULL,NULL,40719,0,NULL,1,0,0,1),(564,NULL,'2058-07',2058,7,'2058-07-01','2058-07-31',NULL,NULL,40719,0,NULL,1,0,0,1),(565,NULL,'2058-08',2058,8,'2058-08-01','2058-08-31',NULL,NULL,40719,0,NULL,1,0,0,1),(566,NULL,'2058-09',2058,9,'2058-09-01','2058-09-30',NULL,NULL,40719,0,NULL,1,0,0,1),(567,NULL,'2058-10',2058,10,'2058-10-01','2058-10-31',NULL,NULL,40719,0,NULL,1,0,0,1),(568,NULL,'2058-11',2058,11,'2058-11-01','2058-11-30',NULL,NULL,40719,0,NULL,1,0,0,1),(569,NULL,'2058-12',2058,12,'2058-12-01','2058-12-31',NULL,NULL,40719,0,NULL,1,0,0,1),(573,NULL,'2059-01',2059,1,'2059-01-01','2059-01-31',NULL,NULL,40719,0,NULL,1,0,0,1),(574,NULL,'2059-02',2059,2,'2059-02-01','2059-02-28',NULL,NULL,40719,0,NULL,1,0,0,1),(575,NULL,'2059-03',2059,3,'2059-03-01','2059-03-31',NULL,NULL,40719,0,NULL,1,0,0,1),(576,NULL,'2059-04',2059,4,'2059-04-01','2059-04-30',NULL,NULL,40719,0,NULL,1,0,0,1),(577,NULL,'2059-05',2059,5,'2059-05-01','2059-05-31',NULL,NULL,40719,0,NULL,1,0,0,1),(578,NULL,'2059-06',2059,6,'2059-06-01','2059-06-30',NULL,NULL,40719,0,NULL,1,0,0,1),(579,NULL,'2059-07',2059,7,'2059-07-01','2059-07-31',NULL,NULL,40719,0,NULL,1,0,0,1),(580,NULL,'2059-08',2059,8,'2059-08-01','2059-08-31',NULL,NULL,40719,0,NULL,1,0,0,1),(581,NULL,'2059-09',2059,9,'2059-09-01','2059-09-30',NULL,NULL,40719,0,NULL,1,0,0,1),(582,NULL,'2059-10',2059,10,'2059-10-01','2059-10-31',NULL,NULL,40719,0,NULL,1,0,0,1),(583,NULL,'2059-11',2059,11,'2059-11-01','2059-11-30',NULL,NULL,40719,0,NULL,1,0,0,1);
INSERT INTO `periods` VALUES (584,NULL,'2059-12',2059,12,'2059-12-01','2059-12-31',NULL,NULL,40719,0,NULL,1,0,0,1),(588,NULL,'2060-01',2060,1,'2060-01-01','2060-01-31',NULL,NULL,40719,0,NULL,1,0,0,1),(589,NULL,'2060-02',2060,2,'2060-02-01','2060-02-28',NULL,NULL,40719,0,NULL,1,0,0,1),(590,NULL,'2060-03',2060,3,'2060-03-01','2060-03-31',NULL,NULL,40719,0,NULL,1,0,0,1),(591,NULL,'2060-04',2060,4,'2060-04-01','2060-04-30',NULL,NULL,40719,0,NULL,1,0,0,1),(592,NULL,'2060-05',2060,5,'2060-05-01','2060-05-31',NULL,NULL,40719,0,NULL,1,0,0,1),(593,NULL,'2060-06',2060,6,'2060-06-01','2060-06-30',NULL,NULL,40719,0,NULL,1,0,0,1),(594,NULL,'2060-07',2060,7,'2060-07-01','2060-07-31',NULL,NULL,40719,0,NULL,1,0,0,1),(595,NULL,'2060-08',2060,8,'2060-08-01','2060-08-31',NULL,NULL,40719,0,NULL,1,0,0,1),(596,NULL,'2060-09',2060,9,'2060-09-01','2060-09-30',NULL,NULL,40719,0,NULL,1,0,0,1),(597,NULL,'2060-10',2060,10,'2060-10-01','2060-10-31',NULL,NULL,40719,0,NULL,1,0,0,1),(598,NULL,'2060-11',2060,11,'2060-11-01','2060-11-30',NULL,NULL,40719,0,NULL,1,0,0,1),(599,NULL,'2060-12',2060,12,'2060-12-01','2060-12-31',NULL,NULL,40719,0,NULL,1,0,0,1),(603,NULL,'2061-01',2061,1,'2061-01-01','2061-01-31',NULL,NULL,40719,0,NULL,1,0,0,1),(604,NULL,'2061-02',2061,2,'2061-02-01','2061-02-28',NULL,NULL,40719,0,NULL,1,0,0,1),(605,NULL,'2061-03',2061,3,'2061-03-01','2061-03-31',NULL,NULL,40719,0,NULL,1,0,0,1),(606,NULL,'2061-04',2061,4,'2061-04-01','2061-04-30',NULL,NULL,40719,0,NULL,1,0,0,1),(607,NULL,'2061-05',2061,5,'2061-05-01','2061-05-31',NULL,NULL,40719,0,NULL,1,0,0,1),(608,NULL,'2061-06',2061,6,'2061-06-01','2061-06-30',NULL,NULL,40719,0,NULL,1,0,0,1),(609,NULL,'2061-07',2061,7,'2061-07-01','2061-07-31',NULL,NULL,40719,0,NULL,1,0,0,1),(610,NULL,'2061-08',2061,8,'2061-08-01','2061-08-31',NULL,NULL,40719,0,NULL,1,0,0,1),(611,NULL,'2061-09',2061,9,'2061-09-01','2061-09-30',NULL,NULL,40719,0,NULL,1,0,0,1),(612,NULL,'2061-10',2061,10,'2061-10-01','2061-10-31',NULL,NULL,40719,0,NULL,1,0,0,1),(613,NULL,'2061-11',2061,11,'2061-11-01','2061-11-30',NULL,NULL,40719,0,NULL,1,0,0,1),(614,NULL,'2061-12',2061,12,'2061-12-01','2061-12-31',NULL,NULL,40719,0,NULL,1,0,0,1),(618,NULL,'2062-01',2062,1,'2062-01-01','2062-01-31',NULL,NULL,40719,0,NULL,1,0,0,1),(619,NULL,'2062-02',2062,2,'2062-02-01','2062-02-28',NULL,NULL,40719,0,NULL,1,0,0,1),(620,NULL,'2062-03',2062,3,'2062-03-01','2062-03-31',NULL,NULL,40719,0,NULL,1,0,0,1),(621,NULL,'2062-04',2062,4,'2062-04-01','2062-04-30',NULL,NULL,40719,0,NULL,1,0,0,1),(622,NULL,'2062-05',2062,5,'2062-05-01','2062-05-31',NULL,NULL,40719,0,NULL,1,0,0,1),(623,NULL,'2062-06',2062,6,'2062-06-01','2062-06-30',NULL,NULL,40719,0,NULL,1,0,0,1),(624,NULL,'2062-07',2062,7,'2062-07-01','2062-07-31',NULL,NULL,40719,0,NULL,1,0,0,1),(625,NULL,'2062-08',2062,8,'2062-08-01','2062-08-31',NULL,NULL,40719,0,NULL,1,0,0,1),(626,NULL,'2062-09',2062,9,'2062-09-01','2062-09-30',NULL,NULL,40719,0,NULL,1,0,0,1),(627,NULL,'2062-10',2062,10,'2062-10-01','2062-10-31',NULL,NULL,40719,0,NULL,1,0,0,1),(628,NULL,'2062-11',2062,11,'2062-11-01','2062-11-30',NULL,NULL,40719,0,NULL,1,0,0,1),(629,NULL,'2062-12',2062,12,'2062-12-01','2062-12-31',NULL,NULL,40719,0,NULL,1,0,0,1),(633,NULL,'2063-01',2063,1,'2063-01-01','2063-01-31',NULL,NULL,40719,0,NULL,1,0,0,1),(634,NULL,'2063-02',2063,2,'2063-02-01','2063-02-28',NULL,NULL,40719,0,NULL,1,0,0,1),(635,NULL,'2063-03',2063,3,'2063-03-01','2063-03-31',NULL,NULL,40719,0,NULL,1,0,0,1),(636,NULL,'2063-04',2063,4,'2063-04-01','2063-04-30',NULL,NULL,40719,0,NULL,1,0,0,1),(637,NULL,'2063-05',2063,5,'2063-05-01','2063-05-31',NULL,NULL,40719,0,NULL,1,0,0,1),(638,NULL,'2063-06',2063,6,'2063-06-01','2063-06-30',NULL,NULL,40719,0,NULL,1,0,0,1),(639,NULL,'2063-07',2063,7,'2063-07-01','2063-07-31',NULL,NULL,40719,0,NULL,1,0,0,1),(640,NULL,'2063-08',2063,8,'2063-08-01','2063-08-31',NULL,NULL,40719,0,NULL,1,0,0,1),(641,NULL,'2063-09',2063,9,'2063-09-01','2063-09-30',NULL,NULL,40719,0,NULL,1,0,0,1),(642,NULL,'2063-10',2063,10,'2063-10-01','2063-10-31',NULL,NULL,40719,0,NULL,1,0,0,1);
INSERT INTO `periods` VALUES (643,NULL,'2063-11',2063,11,'2063-11-01','2063-11-30',NULL,NULL,40719,0,NULL,1,0,0,1),(644,NULL,'2063-12',2063,12,'2063-12-01','2063-12-31',NULL,NULL,40719,0,NULL,1,0,0,1),(648,NULL,'2064-01',2064,1,'2064-01-01','2064-01-31',NULL,NULL,40719,0,NULL,1,0,0,1),(649,NULL,'2064-02',2064,2,'2064-02-01','2064-02-28',NULL,NULL,40719,0,NULL,1,0,0,1),(650,NULL,'2064-03',2064,3,'2064-03-01','2064-03-31',NULL,NULL,40719,0,NULL,1,0,0,1),(651,NULL,'2064-04',2064,4,'2064-04-01','2064-04-30',NULL,NULL,40719,0,NULL,1,0,0,1),(652,NULL,'2064-05',2064,5,'2064-05-01','2064-05-31',NULL,NULL,40719,0,NULL,1,0,0,1),(653,NULL,'2064-06',2064,6,'2064-06-01','2064-06-30',NULL,NULL,40719,0,NULL,1,0,0,1),(654,NULL,'2064-07',2064,7,'2064-07-01','2064-07-31',NULL,NULL,40719,0,NULL,1,0,0,1),(655,NULL,'2064-08',2064,8,'2064-08-01','2064-08-31',NULL,NULL,40719,0,NULL,1,0,0,1),(656,NULL,'2064-09',2064,9,'2064-09-01','2064-09-30',NULL,NULL,40719,0,NULL,1,0,0,1),(657,NULL,'2064-10',2064,10,'2064-10-01','2064-10-31',NULL,NULL,40719,0,NULL,1,0,0,1),(658,NULL,'2064-11',2064,11,'2064-11-01','2064-11-30',NULL,NULL,40719,0,NULL,1,0,0,1),(659,NULL,'2064-12',2064,12,'2064-12-01','2064-12-31',NULL,NULL,40719,0,NULL,1,0,0,1),(663,NULL,'2065-01',2065,1,'2065-01-01','2065-01-31',NULL,NULL,40719,0,NULL,1,0,0,1),(664,NULL,'2065-02',2065,2,'2065-02-01','2065-02-28',NULL,NULL,40719,0,NULL,1,0,0,1),(665,NULL,'2065-03',2065,3,'2065-03-01','2065-03-31',NULL,NULL,40719,0,NULL,1,0,0,1),(666,NULL,'2065-04',2065,4,'2065-04-01','2065-04-30',NULL,NULL,40719,0,NULL,1,0,0,1),(667,NULL,'2065-05',2065,5,'2065-05-01','2065-05-31',NULL,NULL,40719,0,NULL,1,0,0,1),(668,NULL,'2065-06',2065,6,'2065-06-01','2065-06-30',NULL,NULL,40719,0,NULL,1,0,0,1),(669,NULL,'2065-07',2065,7,'2065-07-01','2065-07-31',NULL,NULL,40719,0,NULL,1,0,0,1),(670,NULL,'2065-08',2065,8,'2065-08-01','2065-08-31',NULL,NULL,40719,0,NULL,1,0,0,1),(671,NULL,'2065-09',2065,9,'2065-09-01','2065-09-30',NULL,NULL,40719,0,NULL,1,0,0,1),(672,NULL,'2065-10',2065,10,'2065-10-01','2065-10-31',NULL,NULL,40719,0,NULL,1,0,0,1),(673,NULL,'2065-11',2065,11,'2065-11-01','2065-11-30',NULL,NULL,40719,0,NULL,1,0,0,1),(674,NULL,'2065-12',2065,12,'2065-12-01','2065-12-31',NULL,NULL,40719,0,NULL,1,0,0,1),(678,NULL,'2066-01',2066,1,'2066-01-01','2066-01-31',NULL,NULL,40719,0,NULL,1,0,0,1),(679,NULL,'2066-02',2066,2,'2066-02-01','2066-02-28',NULL,NULL,40719,0,NULL,1,0,0,1),(680,NULL,'2066-03',2066,3,'2066-03-01','2066-03-31',NULL,NULL,40719,0,NULL,1,0,0,1),(681,NULL,'2066-04',2066,4,'2066-04-01','2066-04-30',NULL,NULL,40719,0,NULL,1,0,0,1),(682,NULL,'2066-05',2066,5,'2066-05-01','2066-05-31',NULL,NULL,40719,0,NULL,1,0,0,1),(683,NULL,'2066-06',2066,6,'2066-06-01','2066-06-30',NULL,NULL,40719,0,NULL,1,0,0,1),(684,NULL,'2066-07',2066,7,'2066-07-01','2066-07-31',NULL,NULL,40719,0,NULL,1,0,0,1),(685,NULL,'2066-08',2066,8,'2066-08-01','2066-08-31',NULL,NULL,40719,0,NULL,1,0,0,1),(686,NULL,'2066-09',2066,9,'2066-09-01','2066-09-30',NULL,NULL,40719,0,NULL,1,0,0,1),(687,NULL,'2066-10',2066,10,'2066-10-01','2066-10-31',NULL,NULL,40719,0,NULL,1,0,0,1),(688,NULL,'2066-11',2066,11,'2066-11-01','2066-11-30',NULL,NULL,40719,0,NULL,1,0,0,1),(689,NULL,'2066-12',2066,12,'2066-12-01','2066-12-31',NULL,NULL,40719,0,NULL,1,0,0,1),(693,NULL,'2067-01',2067,1,'2067-01-01','2067-01-31',NULL,NULL,40719,0,NULL,1,0,0,1),(694,NULL,'2067-02',2067,2,'2067-02-01','2067-02-28',NULL,NULL,40719,0,NULL,1,0,0,1),(695,NULL,'2067-03',2067,3,'2067-03-01','2067-03-31',NULL,NULL,40719,0,NULL,1,0,0,1),(696,NULL,'2067-04',2067,4,'2067-04-01','2067-04-30',NULL,NULL,40719,0,NULL,1,0,0,1),(697,NULL,'2067-05',2067,5,'2067-05-01','2067-05-31',NULL,NULL,40719,0,NULL,1,0,0,1),(698,NULL,'2067-06',2067,6,'2067-06-01','2067-06-30',NULL,NULL,40719,0,NULL,1,0,0,1),(699,NULL,'2067-07',2067,7,'2067-07-01','2067-07-31',NULL,NULL,40719,0,NULL,1,0,0,1),(700,NULL,'2067-08',2067,8,'2067-08-01','2067-08-31',NULL,NULL,40719,0,NULL,1,0,0,1),(701,NULL,'2067-09',2067,9,'2067-09-01','2067-09-30',NULL,NULL,40719,0,NULL,1,0,0,1);
INSERT INTO `periods` VALUES (702,NULL,'2067-10',2067,10,'2067-10-01','2067-10-31',NULL,NULL,40719,0,NULL,1,0,0,1),(703,NULL,'2067-11',2067,11,'2067-11-01','2067-11-30',NULL,NULL,40719,0,NULL,1,0,0,1),(704,NULL,'2067-12',2067,12,'2067-12-01','2067-12-31',NULL,NULL,40719,0,NULL,1,0,0,1),(708,NULL,'2068-01',2068,1,'2068-01-01','2068-01-31',NULL,NULL,40719,0,NULL,1,0,0,1),(709,NULL,'2068-02',2068,2,'2068-02-01','2068-02-28',NULL,NULL,40719,0,NULL,1,0,0,1),(710,NULL,'2068-03',2068,3,'2068-03-01','2068-03-31',NULL,NULL,40719,0,NULL,1,0,0,1),(711,NULL,'2068-04',2068,4,'2068-04-01','2068-04-30',NULL,NULL,40719,0,NULL,1,0,0,1),(712,NULL,'2068-05',2068,5,'2068-05-01','2068-05-31',NULL,NULL,40719,0,NULL,1,0,0,1),(713,NULL,'2068-06',2068,6,'2068-06-01','2068-06-30',NULL,NULL,40719,0,NULL,1,0,0,1),(714,NULL,'2068-07',2068,7,'2068-07-01','2068-07-31',NULL,NULL,40719,0,NULL,1,0,0,1),(715,NULL,'2068-08',2068,8,'2068-08-01','2068-08-31',NULL,NULL,40719,0,NULL,1,0,0,1),(716,NULL,'2068-09',2068,9,'2068-09-01','2068-09-30',NULL,NULL,40719,0,NULL,1,0,0,1),(717,NULL,'2068-10',2068,10,'2068-10-01','2068-10-31',NULL,NULL,40719,0,NULL,1,0,0,1),(718,NULL,'2068-11',2068,11,'2068-11-01','2068-11-30',NULL,NULL,40719,0,NULL,1,0,0,1),(719,NULL,'2068-12',2068,12,'2068-12-01','2068-12-31',NULL,NULL,40719,0,NULL,1,0,0,1),(723,NULL,'2069-01',2069,1,'2069-01-01','2069-01-31',NULL,NULL,40719,0,NULL,1,0,0,1),(724,NULL,'2069-02',2069,2,'2069-02-01','2069-02-28',NULL,NULL,40719,0,NULL,1,0,0,1),(725,NULL,'2069-03',2069,3,'2069-03-01','2069-03-31',NULL,NULL,40719,0,NULL,1,0,0,1),(726,NULL,'2069-04',2069,4,'2069-04-01','2069-04-30',NULL,NULL,40719,0,NULL,1,0,0,1),(727,NULL,'2069-05',2069,5,'2069-05-01','2069-05-31',NULL,NULL,40719,0,NULL,1,0,0,1),(728,NULL,'2069-06',2069,6,'2069-06-01','2069-06-30',NULL,NULL,40719,0,NULL,1,0,0,1),(729,NULL,'2069-07',2069,7,'2069-07-01','2069-07-31',NULL,NULL,40719,0,NULL,1,0,0,1),(730,NULL,'2069-08',2069,8,'2069-08-01','2069-08-31',NULL,NULL,40719,0,NULL,1,0,0,1),(731,NULL,'2069-09',2069,9,'2069-09-01','2069-09-30',NULL,NULL,40719,0,NULL,1,0,0,1),(732,NULL,'2069-10',2069,10,'2069-10-01','2069-10-31',NULL,NULL,40719,0,NULL,1,0,0,1),(733,NULL,'2069-11',2069,11,'2069-11-01','2069-11-30',NULL,NULL,40719,0,NULL,1,0,0,1),(734,NULL,'2069-12',2069,12,'2069-12-01','2069-12-31',NULL,NULL,40719,0,NULL,1,0,0,1),(738,NULL,'2070-01',2070,1,'2070-01-01','2070-01-31',NULL,NULL,40719,0,NULL,1,0,0,1),(739,NULL,'2070-02',2070,2,'2070-02-01','2070-02-28',NULL,NULL,40719,0,NULL,1,0,0,1),(740,NULL,'2070-03',2070,3,'2070-03-01','2070-03-31',NULL,NULL,40719,0,NULL,1,0,0,1),(741,NULL,'2070-04',2070,4,'2070-04-01','2070-04-30',NULL,NULL,40719,0,NULL,1,0,0,1),(742,NULL,'2070-05',2070,5,'2070-05-01','2070-05-31',NULL,NULL,40719,0,NULL,1,0,0,1),(743,NULL,'2070-06',2070,6,'2070-06-01','2070-06-30',NULL,NULL,40719,0,NULL,1,0,0,1),(744,NULL,'2070-07',2070,7,'2070-07-01','2070-07-31',NULL,NULL,40719,0,NULL,1,0,0,1),(745,NULL,'2070-08',2070,8,'2070-08-01','2070-08-31',NULL,NULL,40719,0,NULL,1,0,0,1),(746,NULL,'2070-09',2070,9,'2070-09-01','2070-09-30',NULL,NULL,40719,0,NULL,1,0,0,1),(747,NULL,'2070-10',2070,10,'2070-10-01','2070-10-31',NULL,NULL,40719,0,NULL,1,0,0,1),(748,NULL,'2070-11',2070,11,'2070-11-01','2070-11-30',NULL,NULL,40719,0,NULL,1,0,0,1),(749,NULL,'2070-12',2070,12,'2070-12-01','2070-12-31',NULL,NULL,40719,0,NULL,1,0,0,1),(753,NULL,'2071-01',2071,1,'2071-01-01','2071-01-31',NULL,NULL,40719,0,NULL,1,0,0,1),(754,NULL,'2071-02',2071,2,'2071-02-01','2071-02-28',NULL,NULL,40719,0,NULL,1,0,0,1),(755,NULL,'2071-03',2071,3,'2071-03-01','2071-03-31',NULL,NULL,40719,0,NULL,1,0,0,1),(756,NULL,'2071-04',2071,4,'2071-04-01','2071-04-30',NULL,NULL,40719,0,NULL,1,0,0,1),(757,NULL,'2071-05',2071,5,'2071-05-01','2071-05-31',NULL,NULL,40719,0,NULL,1,0,0,1),(758,NULL,'2071-06',2071,6,'2071-06-01','2071-06-30',NULL,NULL,40719,0,NULL,1,0,0,1),(759,NULL,'2071-07',2071,7,'2071-07-01','2071-07-31',NULL,NULL,40719,0,NULL,1,0,0,1),(760,NULL,'2071-08',2071,8,'2071-08-01','2071-08-31',NULL,NULL,40719,0,NULL,1,0,0,1);
INSERT INTO `periods` VALUES (761,NULL,'2071-09',2071,9,'2071-09-01','2071-09-30',NULL,NULL,40719,0,NULL,1,0,0,1),(762,NULL,'2071-10',2071,10,'2071-10-01','2071-10-31',NULL,NULL,40719,0,NULL,1,0,0,1),(763,NULL,'2071-11',2071,11,'2071-11-01','2071-11-30',NULL,NULL,40719,0,NULL,1,0,0,1),(764,NULL,'2071-12',2071,12,'2071-12-01','2071-12-31',NULL,NULL,40719,0,NULL,1,0,0,1),(768,NULL,'2072-01',2072,1,'2072-01-01','2072-01-31',NULL,NULL,40719,0,NULL,1,0,0,1),(769,NULL,'2072-02',2072,2,'2072-02-01','2072-02-28',NULL,NULL,40719,0,NULL,1,0,0,1),(770,NULL,'2072-03',2072,3,'2072-03-01','2072-03-31',NULL,NULL,40719,0,NULL,1,0,0,1),(771,NULL,'2072-04',2072,4,'2072-04-01','2072-04-30',NULL,NULL,40719,0,NULL,1,0,0,1),(772,NULL,'2072-05',2072,5,'2072-05-01','2072-05-31',NULL,NULL,40719,0,NULL,1,0,0,1),(773,NULL,'2072-06',2072,6,'2072-06-01','2072-06-30',NULL,NULL,40719,0,NULL,1,0,0,1),(774,NULL,'2072-07',2072,7,'2072-07-01','2072-07-31',NULL,NULL,40719,0,NULL,1,0,0,1),(775,NULL,'2072-08',2072,8,'2072-08-01','2072-08-31',NULL,NULL,40719,0,NULL,1,0,0,1),(776,NULL,'2072-09',2072,9,'2072-09-01','2072-09-30',NULL,NULL,40719,0,NULL,1,0,0,1),(777,NULL,'2072-10',2072,10,'2072-10-01','2072-10-31',NULL,NULL,40719,0,NULL,1,0,0,1),(778,NULL,'2072-11',2072,11,'2072-11-01','2072-11-30',NULL,NULL,40719,0,NULL,1,0,0,1),(779,NULL,'2072-12',2072,12,'2072-12-01','2072-12-31',NULL,NULL,40719,0,NULL,1,0,0,1),(783,NULL,'2073-01',2073,1,'2073-01-01','2073-01-31',NULL,NULL,40719,0,NULL,1,0,0,1),(784,NULL,'2073-02',2073,2,'2073-02-01','2073-02-28',NULL,NULL,40719,0,NULL,1,0,0,1),(785,NULL,'2073-03',2073,3,'2073-03-01','2073-03-31',NULL,NULL,40719,0,NULL,1,0,0,1),(786,NULL,'2073-04',2073,4,'2073-04-01','2073-04-30',NULL,NULL,40719,0,NULL,1,0,0,1),(787,NULL,'2073-05',2073,5,'2073-05-01','2073-05-31',NULL,NULL,40719,0,NULL,1,0,0,1),(788,NULL,'2073-06',2073,6,'2073-06-01','2073-06-30',NULL,NULL,40719,0,NULL,1,0,0,1),(789,NULL,'2073-07',2073,7,'2073-07-01','2073-07-31',NULL,NULL,40719,0,NULL,1,0,0,1),(790,NULL,'2073-08',2073,8,'2073-08-01','2073-08-31',NULL,NULL,40719,0,NULL,1,0,0,1),(791,NULL,'2073-09',2073,9,'2073-09-01','2073-09-30',NULL,NULL,40719,0,NULL,1,0,0,1),(792,NULL,'2073-10',2073,10,'2073-10-01','2073-10-31',NULL,NULL,40719,0,NULL,1,0,0,1),(793,NULL,'2073-11',2073,11,'2073-11-01','2073-11-30',NULL,NULL,40719,0,NULL,1,0,0,1),(794,NULL,'2073-12',2073,12,'2073-12-01','2073-12-31',NULL,NULL,40719,0,NULL,1,0,0,1),(798,NULL,'2074-01',2074,1,'2074-01-01','2074-01-31',NULL,NULL,40719,0,NULL,1,0,0,1),(799,NULL,'2074-02',2074,2,'2074-02-01','2074-02-28',NULL,NULL,40719,0,NULL,1,0,0,1),(800,NULL,'2074-03',2074,3,'2074-03-01','2074-03-31',NULL,NULL,40719,0,NULL,1,0,0,1),(801,NULL,'2074-04',2074,4,'2074-04-01','2074-04-30',NULL,NULL,40719,0,NULL,1,0,0,1),(802,NULL,'2074-05',2074,5,'2074-05-01','2074-05-31',NULL,NULL,40719,0,NULL,1,0,0,1),(803,NULL,'2074-06',2074,6,'2074-06-01','2074-06-30',NULL,NULL,40719,0,NULL,1,0,0,1),(804,NULL,'2074-07',2074,7,'2074-07-01','2074-07-31',NULL,NULL,40719,0,NULL,1,0,0,1),(805,NULL,'2074-08',2074,8,'2074-08-01','2074-08-31',NULL,NULL,40719,0,NULL,1,0,0,1),(806,NULL,'2074-09',2074,9,'2074-09-01','2074-09-30',NULL,NULL,40719,0,NULL,1,0,0,1),(807,NULL,'2074-10',2074,10,'2074-10-01','2074-10-31',NULL,NULL,40719,0,NULL,1,0,0,1),(808,NULL,'2074-11',2074,11,'2074-11-01','2074-11-30',NULL,NULL,40719,0,NULL,1,0,0,1),(809,NULL,'2074-12',2074,12,'2074-12-01','2074-12-31',NULL,NULL,40719,0,NULL,1,0,0,1),(813,NULL,'2075-01',2075,1,'2075-01-01','2075-01-31',NULL,NULL,40719,0,NULL,1,0,0,1),(814,NULL,'2075-02',2075,2,'2075-02-01','2075-02-28',NULL,NULL,40719,0,NULL,1,0,0,1),(815,NULL,'2075-03',2075,3,'2075-03-01','2075-03-31',NULL,NULL,40719,0,NULL,1,0,0,1),(816,NULL,'2075-04',2075,4,'2075-04-01','2075-04-30',NULL,NULL,40719,0,NULL,1,0,0,1),(817,NULL,'2075-05',2075,5,'2075-05-01','2075-05-31',NULL,NULL,40719,0,NULL,1,0,0,1),(818,NULL,'2075-06',2075,6,'2075-06-01','2075-06-30',NULL,NULL,40719,0,NULL,1,0,0,1),(819,NULL,'2075-07',2075,7,'2075-07-01','2075-07-31',NULL,NULL,40719,0,NULL,1,0,0,1);
INSERT INTO `periods` VALUES (820,NULL,'2075-08',2075,8,'2075-08-01','2075-08-31',NULL,NULL,40719,0,NULL,1,0,0,1),(821,NULL,'2075-09',2075,9,'2075-09-01','2075-09-30',NULL,NULL,40719,0,NULL,1,0,0,1),(822,NULL,'2075-10',2075,10,'2075-10-01','2075-10-31',NULL,NULL,40719,0,NULL,1,0,0,1),(823,NULL,'2075-11',2075,11,'2075-11-01','2075-11-30',NULL,NULL,40719,0,NULL,1,0,0,1),(824,NULL,'2075-12',2075,12,'2075-12-01','2075-12-31',NULL,NULL,40719,0,NULL,1,0,0,1),(828,NULL,'2076-01',2076,1,'2076-01-01','2076-01-31',NULL,NULL,40719,0,NULL,1,0,0,1),(829,NULL,'2076-02',2076,2,'2076-02-01','2076-02-28',NULL,NULL,40719,0,NULL,1,0,0,1),(830,NULL,'2076-03',2076,3,'2076-03-01','2076-03-31',NULL,NULL,40719,0,NULL,1,0,0,1),(831,NULL,'2076-04',2076,4,'2076-04-01','2076-04-30',NULL,NULL,40719,0,NULL,1,0,0,1),(832,NULL,'2076-05',2076,5,'2076-05-01','2076-05-31',NULL,NULL,40719,0,NULL,1,0,0,1),(833,NULL,'2076-06',2076,6,'2076-06-01','2076-06-30',NULL,NULL,40719,0,NULL,1,0,0,1),(834,NULL,'2076-07',2076,7,'2076-07-01','2076-07-31',NULL,NULL,40719,0,NULL,1,0,0,1),(835,NULL,'2076-08',2076,8,'2076-08-01','2076-08-31',NULL,NULL,40719,0,NULL,1,0,0,1),(836,NULL,'2076-09',2076,9,'2076-09-01','2076-09-30',NULL,NULL,40719,0,NULL,1,0,0,1),(837,NULL,'2076-10',2076,10,'2076-10-01','2076-10-31',NULL,NULL,40719,0,NULL,1,0,0,1),(838,NULL,'2076-11',2076,11,'2076-11-01','2076-11-30',NULL,NULL,40719,0,NULL,1,0,0,1),(839,NULL,'2076-12',2076,12,'2076-12-01','2076-12-31',NULL,NULL,40719,0,NULL,1,0,0,1),(843,NULL,'2077-01',2077,1,'2077-01-01','2077-01-31',NULL,NULL,40719,0,NULL,1,0,0,1),(844,NULL,'2077-02',2077,2,'2077-02-01','2077-02-28',NULL,NULL,40719,0,NULL,1,0,0,1),(845,NULL,'2077-03',2077,3,'2077-03-01','2077-03-31',NULL,NULL,40719,0,NULL,1,0,0,1),(846,NULL,'2077-04',2077,4,'2077-04-01','2077-04-30',NULL,NULL,40719,0,NULL,1,0,0,1),(847,NULL,'2077-05',2077,5,'2077-05-01','2077-05-31',NULL,NULL,40719,0,NULL,1,0,0,1),(848,NULL,'2077-06',2077,6,'2077-06-01','2077-06-30',NULL,NULL,40719,0,NULL,1,0,0,1),(849,NULL,'2077-07',2077,7,'2077-07-01','2077-07-31',NULL,NULL,40719,0,NULL,1,0,0,1),(850,NULL,'2077-08',2077,8,'2077-08-01','2077-08-31',NULL,NULL,40719,0,NULL,1,0,0,1),(851,NULL,'2077-09',2077,9,'2077-09-01','2077-09-30',NULL,NULL,40719,0,NULL,1,0,0,1),(852,NULL,'2077-10',2077,10,'2077-10-01','2077-10-31',NULL,NULL,40719,0,NULL,1,0,0,1),(853,NULL,'2077-11',2077,11,'2077-11-01','2077-11-30',NULL,NULL,40719,0,NULL,1,0,0,1),(854,NULL,'2077-12',2077,12,'2077-12-01','2077-12-31',NULL,NULL,40719,0,NULL,1,0,0,1),(858,NULL,'2078-01',2078,1,'2078-01-01','2078-01-31',NULL,NULL,40719,0,NULL,1,0,0,1),(859,NULL,'2078-02',2078,2,'2078-02-01','2078-02-28',NULL,NULL,40719,0,NULL,1,0,0,1),(860,NULL,'2078-03',2078,3,'2078-03-01','2078-03-31',NULL,NULL,40719,0,NULL,1,0,0,1),(861,NULL,'2078-04',2078,4,'2078-04-01','2078-04-30',NULL,NULL,40719,0,NULL,1,0,0,1),(862,NULL,'2078-05',2078,5,'2078-05-01','2078-05-31',NULL,NULL,40719,0,NULL,1,0,0,1),(863,NULL,'2078-06',2078,6,'2078-06-01','2078-06-30',NULL,NULL,40719,0,NULL,1,0,0,1),(864,NULL,'2078-07',2078,7,'2078-07-01','2078-07-31',NULL,NULL,40719,0,NULL,1,0,0,1),(865,NULL,'2078-08',2078,8,'2078-08-01','2078-08-31',NULL,NULL,40719,0,NULL,1,0,0,1),(866,NULL,'2078-09',2078,9,'2078-09-01','2078-09-30',NULL,NULL,40719,0,NULL,1,0,0,1),(867,NULL,'2078-10',2078,10,'2078-10-01','2078-10-31',NULL,NULL,40719,0,NULL,1,0,0,1),(868,NULL,'2078-11',2078,11,'2078-11-01','2078-11-30',NULL,NULL,40719,0,NULL,1,0,0,1),(869,NULL,'2078-12',2078,12,'2078-12-01','2078-12-31',NULL,NULL,40719,0,NULL,1,0,0,1),(873,NULL,'2079-01',2079,1,'2079-01-01','2079-01-31',NULL,NULL,40719,0,NULL,1,0,0,1),(874,NULL,'2079-02',2079,2,'2079-02-01','2079-02-28',NULL,NULL,40719,0,NULL,1,0,0,1),(875,NULL,'2079-03',2079,3,'2079-03-01','2079-03-31',NULL,NULL,40719,0,NULL,1,0,0,1),(876,NULL,'2079-04',2079,4,'2079-04-01','2079-04-30',NULL,NULL,40719,0,NULL,1,0,0,1),(877,NULL,'2079-05',2079,5,'2079-05-01','2079-05-31',NULL,NULL,40719,0,NULL,1,0,0,1),(878,NULL,'2079-06',2079,6,'2079-06-01','2079-06-30',NULL,NULL,40719,0,NULL,1,0,0,1);
INSERT INTO `periods` VALUES (879,NULL,'2079-07',2079,7,'2079-07-01','2079-07-31',NULL,NULL,40719,0,NULL,1,0,0,1),(880,NULL,'2079-08',2079,8,'2079-08-01','2079-08-31',NULL,NULL,40719,0,NULL,1,0,0,1),(881,NULL,'2079-09',2079,9,'2079-09-01','2079-09-30',NULL,NULL,40719,0,NULL,1,0,0,1),(882,NULL,'2079-10',2079,10,'2079-10-01','2079-10-31',NULL,NULL,40719,0,NULL,1,0,0,1),(883,NULL,'2079-11',2079,11,'2079-11-01','2079-11-30',NULL,NULL,40719,0,NULL,1,0,0,1),(884,NULL,'2079-12',2079,12,'2079-12-01','2079-12-31',NULL,NULL,40719,0,NULL,1,0,0,1),(888,NULL,'2080-01',2080,1,'2080-01-01','2080-01-31',NULL,NULL,40719,0,NULL,1,0,0,1),(889,NULL,'2080-02',2080,2,'2080-02-01','2080-02-28',NULL,NULL,40719,0,NULL,1,0,0,1),(890,NULL,'2080-03',2080,3,'2080-03-01','2080-03-31',NULL,NULL,40719,0,NULL,1,0,0,1),(891,NULL,'2080-04',2080,4,'2080-04-01','2080-04-30',NULL,NULL,40719,0,NULL,1,0,0,1),(892,NULL,'2080-05',2080,5,'2080-05-01','2080-05-31',NULL,NULL,40719,0,NULL,1,0,0,1),(893,NULL,'2080-06',2080,6,'2080-06-01','2080-06-30',NULL,NULL,40719,0,NULL,1,0,0,1),(894,NULL,'2080-07',2080,7,'2080-07-01','2080-07-31',NULL,NULL,40719,0,NULL,1,0,0,1),(895,NULL,'2080-08',2080,8,'2080-08-01','2080-08-31',NULL,NULL,40719,0,NULL,1,0,0,1),(896,NULL,'2080-09',2080,9,'2080-09-01','2080-09-30',NULL,NULL,40719,0,NULL,1,0,0,1),(897,NULL,'2080-10',2080,10,'2080-10-01','2080-10-31',NULL,NULL,40719,0,NULL,1,0,0,1),(898,NULL,'2080-11',2080,11,'2080-11-01','2080-11-30',NULL,NULL,40719,0,NULL,1,0,0,1),(899,NULL,'2080-12',2080,12,'2080-12-01','2080-12-31',NULL,NULL,40719,0,NULL,1,0,0,1),(903,NULL,'2081-01',2081,1,'2081-01-01','2081-01-31',NULL,NULL,40719,0,NULL,1,0,0,1),(904,NULL,'2081-02',2081,2,'2081-02-01','2081-02-28',NULL,NULL,40719,0,NULL,1,0,0,1),(905,NULL,'2081-03',2081,3,'2081-03-01','2081-03-31',NULL,NULL,40719,0,NULL,1,0,0,1),(906,NULL,'2081-04',2081,4,'2081-04-01','2081-04-30',NULL,NULL,40719,0,NULL,1,0,0,1),(907,NULL,'2081-05',2081,5,'2081-05-01','2081-05-31',NULL,NULL,40719,0,NULL,1,0,0,1),(908,NULL,'2081-06',2081,6,'2081-06-01','2081-06-30',NULL,NULL,40719,0,NULL,1,0,0,1),(909,NULL,'2081-07',2081,7,'2081-07-01','2081-07-31',NULL,NULL,40719,0,NULL,1,0,0,1),(910,NULL,'2081-08',2081,8,'2081-08-01','2081-08-31',NULL,NULL,40719,0,NULL,1,0,0,1),(911,NULL,'2081-09',2081,9,'2081-09-01','2081-09-30',NULL,NULL,40719,0,NULL,1,0,0,1),(912,NULL,'2081-10',2081,10,'2081-10-01','2081-10-31',NULL,NULL,40719,0,NULL,1,0,0,1),(913,NULL,'2081-11',2081,11,'2081-11-01','2081-11-30',NULL,NULL,40719,0,NULL,1,0,0,1),(914,NULL,'2081-12',2081,12,'2081-12-01','2081-12-31',NULL,NULL,40719,0,NULL,1,0,0,1),(918,NULL,'2082-01',2082,1,'2082-01-01','2082-01-31',NULL,NULL,40719,0,NULL,1,0,0,1),(919,NULL,'2082-02',2082,2,'2082-02-01','2082-02-28',NULL,NULL,40719,0,NULL,1,0,0,1),(920,NULL,'2082-03',2082,3,'2082-03-01','2082-03-31',NULL,NULL,40719,0,NULL,1,0,0,1),(921,NULL,'2082-04',2082,4,'2082-04-01','2082-04-30',NULL,NULL,40719,0,NULL,1,0,0,1),(922,NULL,'2082-05',2082,5,'2082-05-01','2082-05-31',NULL,NULL,40719,0,NULL,1,0,0,1),(923,NULL,'2082-06',2082,6,'2082-06-01','2082-06-30',NULL,NULL,40719,0,NULL,1,0,0,1),(924,NULL,'2082-07',2082,7,'2082-07-01','2082-07-31',NULL,NULL,40719,0,NULL,1,0,0,1),(925,NULL,'2082-08',2082,8,'2082-08-01','2082-08-31',NULL,NULL,40719,0,NULL,1,0,0,1),(926,NULL,'2082-09',2082,9,'2082-09-01','2082-09-30',NULL,NULL,40719,0,NULL,1,0,0,1),(927,NULL,'2082-10',2082,10,'2082-10-01','2082-10-31',NULL,NULL,40719,0,NULL,1,0,0,1),(928,NULL,'2082-11',2082,11,'2082-11-01','2082-11-30',NULL,NULL,40719,0,NULL,1,0,0,1),(929,NULL,'2082-12',2082,12,'2082-12-01','2082-12-31',NULL,NULL,40719,0,NULL,1,0,0,1),(933,NULL,'2083-01',2083,1,'2083-01-01','2083-01-31',NULL,NULL,40719,0,NULL,1,0,0,1),(934,NULL,'2083-02',2083,2,'2083-02-01','2083-02-28',NULL,NULL,40719,0,NULL,1,0,0,1),(935,NULL,'2083-03',2083,3,'2083-03-01','2083-03-31',NULL,NULL,40719,0,NULL,1,0,0,1),(936,NULL,'2083-04',2083,4,'2083-04-01','2083-04-30',NULL,NULL,40719,0,NULL,1,0,0,1),(937,NULL,'2083-05',2083,5,'2083-05-01','2083-05-31',NULL,NULL,40719,0,NULL,1,0,0,1);
INSERT INTO `periods` VALUES (938,NULL,'2083-06',2083,6,'2083-06-01','2083-06-30',NULL,NULL,40719,0,NULL,1,0,0,1),(939,NULL,'2083-07',2083,7,'2083-07-01','2083-07-31',NULL,NULL,40719,0,NULL,1,0,0,1),(940,NULL,'2083-08',2083,8,'2083-08-01','2083-08-31',NULL,NULL,40719,0,NULL,1,0,0,1),(941,NULL,'2083-09',2083,9,'2083-09-01','2083-09-30',NULL,NULL,40719,0,NULL,1,0,0,1),(942,NULL,'2083-10',2083,10,'2083-10-01','2083-10-31',NULL,NULL,40719,0,NULL,1,0,0,1),(943,NULL,'2083-11',2083,11,'2083-11-01','2083-11-30',NULL,NULL,40719,0,NULL,1,0,0,1),(944,NULL,'2083-12',2083,12,'2083-12-01','2083-12-31',NULL,NULL,40719,0,NULL,1,0,0,1),(948,NULL,'2084-01',2084,1,'2084-01-01','2084-01-31',NULL,NULL,40719,0,NULL,1,0,0,1),(949,NULL,'2084-02',2084,2,'2084-02-01','2084-02-28',NULL,NULL,40719,0,NULL,1,0,0,1),(950,NULL,'2084-03',2084,3,'2084-03-01','2084-03-31',NULL,NULL,40719,0,NULL,1,0,0,1),(951,NULL,'2084-04',2084,4,'2084-04-01','2084-04-30',NULL,NULL,40719,0,NULL,1,0,0,1),(952,NULL,'2084-05',2084,5,'2084-05-01','2084-05-31',NULL,NULL,40719,0,NULL,1,0,0,1),(953,NULL,'2084-06',2084,6,'2084-06-01','2084-06-30',NULL,NULL,40719,0,NULL,1,0,0,1),(954,NULL,'2084-07',2084,7,'2084-07-01','2084-07-31',NULL,NULL,40719,0,NULL,1,0,0,1),(955,NULL,'2084-08',2084,8,'2084-08-01','2084-08-31',NULL,NULL,40719,0,NULL,1,0,0,1),(956,NULL,'2084-09',2084,9,'2084-09-01','2084-09-30',NULL,NULL,40719,0,NULL,1,0,0,1),(957,NULL,'2084-10',2084,10,'2084-10-01','2084-10-31',NULL,NULL,40719,0,NULL,1,0,0,1),(958,NULL,'2084-11',2084,11,'2084-11-01','2084-11-30',NULL,NULL,40719,0,NULL,1,0,0,1),(959,NULL,'2084-12',2084,12,'2084-12-01','2084-12-31',NULL,NULL,40719,0,NULL,1,0,0,1),(963,NULL,'2085-01',2085,1,'2085-01-01','2085-01-31',NULL,NULL,40719,0,NULL,1,0,0,1),(964,NULL,'2085-02',2085,2,'2085-02-01','2085-02-28',NULL,NULL,40719,0,NULL,1,0,0,1),(965,NULL,'2085-03',2085,3,'2085-03-01','2085-03-31',NULL,NULL,40719,0,NULL,1,0,0,1),(966,NULL,'2085-04',2085,4,'2085-04-01','2085-04-30',NULL,NULL,40719,0,NULL,1,0,0,1),(967,NULL,'2085-05',2085,5,'2085-05-01','2085-05-31',NULL,NULL,40719,0,NULL,1,0,0,1),(968,NULL,'2085-06',2085,6,'2085-06-01','2085-06-30',NULL,NULL,40719,0,NULL,1,0,0,1),(969,NULL,'2085-07',2085,7,'2085-07-01','2085-07-31',NULL,NULL,40719,0,NULL,1,0,0,1),(970,NULL,'2085-08',2085,8,'2085-08-01','2085-08-31',NULL,NULL,40719,0,NULL,1,0,0,1),(971,NULL,'2085-09',2085,9,'2085-09-01','2085-09-30',NULL,NULL,40719,0,NULL,1,0,0,1),(972,NULL,'2085-10',2085,10,'2085-10-01','2085-10-31',NULL,NULL,40719,0,NULL,1,0,0,1),(973,NULL,'2085-11',2085,11,'2085-11-01','2085-11-30',NULL,NULL,40719,0,NULL,1,0,0,1),(974,NULL,'2085-12',2085,12,'2085-12-01','2085-12-31',NULL,NULL,40719,0,NULL,1,0,0,1),(978,NULL,'2086-01',2086,1,'2086-01-01','2086-01-31',NULL,NULL,40719,0,NULL,1,0,0,1),(979,NULL,'2086-02',2086,2,'2086-02-01','2086-02-28',NULL,NULL,40719,0,NULL,1,0,0,1),(980,NULL,'2086-03',2086,3,'2086-03-01','2086-03-31',NULL,NULL,40719,0,NULL,1,0,0,1),(981,NULL,'2086-04',2086,4,'2086-04-01','2086-04-30',NULL,NULL,40719,0,NULL,1,0,0,1),(982,NULL,'2086-05',2086,5,'2086-05-01','2086-05-31',NULL,NULL,40719,0,NULL,1,0,0,1),(983,NULL,'2086-06',2086,6,'2086-06-01','2086-06-30',NULL,NULL,40719,0,NULL,1,0,0,1),(984,NULL,'2086-07',2086,7,'2086-07-01','2086-07-31',NULL,NULL,40719,0,NULL,1,0,0,1),(985,NULL,'2086-08',2086,8,'2086-08-01','2086-08-31',NULL,NULL,40719,0,NULL,1,0,0,1),(986,NULL,'2086-09',2086,9,'2086-09-01','2086-09-30',NULL,NULL,40719,0,NULL,1,0,0,1),(987,NULL,'2086-10',2086,10,'2086-10-01','2086-10-31',NULL,NULL,40719,0,NULL,1,0,0,1),(988,NULL,'2086-11',2086,11,'2086-11-01','2086-11-30',NULL,NULL,40719,0,NULL,1,0,0,1),(989,NULL,'2086-12',2086,12,'2086-12-01','2086-12-31',NULL,NULL,40719,0,NULL,1,0,0,1),(993,NULL,'2087-01',2087,1,'2087-01-01','2087-01-31',NULL,NULL,40719,0,NULL,1,0,0,1),(994,NULL,'2087-02',2087,2,'2087-02-01','2087-02-28',NULL,NULL,40719,0,NULL,1,0,0,1),(995,NULL,'2087-03',2087,3,'2087-03-01','2087-03-31',NULL,NULL,40719,0,NULL,1,0,0,1),(996,NULL,'2087-04',2087,4,'2087-04-01','2087-04-30',NULL,NULL,40719,0,NULL,1,0,0,1);
INSERT INTO `periods` VALUES (997,NULL,'2087-05',2087,5,'2087-05-01','2087-05-31',NULL,NULL,40719,0,NULL,1,0,0,1),(998,NULL,'2087-06',2087,6,'2087-06-01','2087-06-30',NULL,NULL,40719,0,NULL,1,0,0,1),(999,NULL,'2087-07',2087,7,'2087-07-01','2087-07-31',NULL,NULL,40719,0,NULL,1,0,0,1),(1000,NULL,'2087-08',2087,8,'2087-08-01','2087-08-31',NULL,NULL,40719,0,NULL,1,0,0,1),(1001,NULL,'2087-09',2087,9,'2087-09-01','2087-09-30',NULL,NULL,40719,0,NULL,1,0,0,1),(1002,NULL,'2087-10',2087,10,'2087-10-01','2087-10-31',NULL,NULL,40719,0,NULL,1,0,0,1),(1003,NULL,'2087-11',2087,11,'2087-11-01','2087-11-30',NULL,NULL,40719,0,NULL,1,0,0,1),(1004,NULL,'2087-12',2087,12,'2087-12-01','2087-12-31',NULL,NULL,40719,0,NULL,1,0,0,1),(1008,NULL,'2088-01',2088,1,'2088-01-01','2088-01-31',NULL,NULL,40719,0,NULL,1,0,0,1),(1009,NULL,'2088-02',2088,2,'2088-02-01','2088-02-28',NULL,NULL,40719,0,NULL,1,0,0,1),(1010,NULL,'2088-03',2088,3,'2088-03-01','2088-03-31',NULL,NULL,40719,0,NULL,1,0,0,1),(1011,NULL,'2088-04',2088,4,'2088-04-01','2088-04-30',NULL,NULL,40719,0,NULL,1,0,0,1),(1012,NULL,'2088-05',2088,5,'2088-05-01','2088-05-31',NULL,NULL,40719,0,NULL,1,0,0,1),(1013,NULL,'2088-06',2088,6,'2088-06-01','2088-06-30',NULL,NULL,40719,0,NULL,1,0,0,1),(1014,NULL,'2088-07',2088,7,'2088-07-01','2088-07-31',NULL,NULL,40719,0,NULL,1,0,0,1),(1015,NULL,'2088-08',2088,8,'2088-08-01','2088-08-31',NULL,NULL,40719,0,NULL,1,0,0,1),(1016,NULL,'2088-09',2088,9,'2088-09-01','2088-09-30',NULL,NULL,40719,0,NULL,1,0,0,1),(1017,NULL,'2088-10',2088,10,'2088-10-01','2088-10-31',NULL,NULL,40719,0,NULL,1,0,0,1),(1018,NULL,'2088-11',2088,11,'2088-11-01','2088-11-30',NULL,NULL,40719,0,NULL,1,0,0,1),(1019,NULL,'2088-12',2088,12,'2088-12-01','2088-12-31',NULL,NULL,40719,0,NULL,1,0,0,1),(1023,NULL,'2089-01',2089,1,'2089-01-01','2089-01-31',NULL,NULL,40719,0,NULL,1,0,0,1),(1024,NULL,'2089-02',2089,2,'2089-02-01','2089-02-28',NULL,NULL,40719,0,NULL,1,0,0,1),(1025,NULL,'2089-03',2089,3,'2089-03-01','2089-03-31',NULL,NULL,40719,0,NULL,1,0,0,1),(1026,NULL,'2089-04',2089,4,'2089-04-01','2089-04-30',NULL,NULL,40719,0,NULL,1,0,0,1),(1027,NULL,'2089-05',2089,5,'2089-05-01','2089-05-31',NULL,NULL,40719,0,NULL,1,0,0,1),(1028,NULL,'2089-06',2089,6,'2089-06-01','2089-06-30',NULL,NULL,40719,0,NULL,1,0,0,1),(1029,NULL,'2089-07',2089,7,'2089-07-01','2089-07-31',NULL,NULL,40719,0,NULL,1,0,0,1),(1030,NULL,'2089-08',2089,8,'2089-08-01','2089-08-31',NULL,NULL,40719,0,NULL,1,0,0,1),(1031,NULL,'2089-09',2089,9,'2089-09-01','2089-09-30',NULL,NULL,40719,0,NULL,1,0,0,1),(1032,NULL,'2089-10',2089,10,'2089-10-01','2089-10-31',NULL,NULL,40719,0,NULL,1,0,0,1),(1033,NULL,'2089-11',2089,11,'2089-11-01','2089-11-30',NULL,NULL,40719,0,NULL,1,0,0,1),(1034,NULL,'2089-12',2089,12,'2089-12-01','2089-12-31',NULL,NULL,40719,0,NULL,1,0,0,1),(1038,NULL,'2090-01',2090,1,'2090-01-01','2090-01-31',NULL,NULL,40719,0,NULL,1,0,0,1),(1039,NULL,'2090-02',2090,2,'2090-02-01','2090-02-28',NULL,NULL,40719,0,NULL,1,0,0,1),(1040,NULL,'2090-03',2090,3,'2090-03-01','2090-03-31',NULL,NULL,40719,0,NULL,1,0,0,1),(1041,NULL,'2090-04',2090,4,'2090-04-01','2090-04-30',NULL,NULL,40719,0,NULL,1,0,0,1),(1042,NULL,'2090-05',2090,5,'2090-05-01','2090-05-31',NULL,NULL,40719,0,NULL,1,0,0,1),(1043,NULL,'2090-06',2090,6,'2090-06-01','2090-06-30',NULL,NULL,40719,0,NULL,1,0,0,1),(1044,NULL,'2090-07',2090,7,'2090-07-01','2090-07-31',NULL,NULL,40719,0,NULL,1,0,0,1),(1045,NULL,'2090-08',2090,8,'2090-08-01','2090-08-31',NULL,NULL,40719,0,NULL,1,0,0,1),(1046,NULL,'2090-09',2090,9,'2090-09-01','2090-09-30',NULL,NULL,40719,0,NULL,1,0,0,1),(1047,NULL,'2090-10',2090,10,'2090-10-01','2090-10-31',NULL,NULL,40719,0,NULL,1,0,0,1),(1048,NULL,'2090-11',2090,11,'2090-11-01','2090-11-30',NULL,NULL,40719,0,NULL,1,0,0,1),(1049,NULL,'2090-12',2090,12,'2090-12-01','2090-12-31',NULL,NULL,40719,0,NULL,1,0,0,1),(1053,NULL,'2091-01',2091,1,'2091-01-01','2091-01-31',NULL,NULL,40719,0,NULL,1,0,0,1),(1054,NULL,'2091-02',2091,2,'2091-02-01','2091-02-28',NULL,NULL,40719,0,NULL,1,0,0,1);
INSERT INTO `periods` VALUES (1055,NULL,'2091-03',2091,3,'2091-03-01','2091-03-31',NULL,NULL,40719,0,NULL,1,0,0,1),(1056,NULL,'2091-04',2091,4,'2091-04-01','2091-04-30',NULL,NULL,40719,0,NULL,1,0,0,1),(1057,NULL,'2091-05',2091,5,'2091-05-01','2091-05-31',NULL,NULL,40719,0,NULL,1,0,0,1),(1058,NULL,'2091-06',2091,6,'2091-06-01','2091-06-30',NULL,NULL,40719,0,NULL,1,0,0,1),(1059,NULL,'2091-07',2091,7,'2091-07-01','2091-07-31',NULL,NULL,40719,0,NULL,1,0,0,1),(1060,NULL,'2091-08',2091,8,'2091-08-01','2091-08-31',NULL,NULL,40719,0,NULL,1,0,0,1),(1061,NULL,'2091-09',2091,9,'2091-09-01','2091-09-30',NULL,NULL,40719,0,NULL,1,0,0,1),(1062,NULL,'2091-10',2091,10,'2091-10-01','2091-10-31',NULL,NULL,40719,0,NULL,1,0,0,1),(1063,NULL,'2091-11',2091,11,'2091-11-01','2091-11-30',NULL,NULL,40719,0,NULL,1,0,0,1),(1064,NULL,'2091-12',2091,12,'2091-12-01','2091-12-31',NULL,NULL,40719,0,NULL,1,0,0,1),(1068,NULL,'2092-01',2092,1,'2092-01-01','2092-01-31',NULL,NULL,40719,0,NULL,1,0,0,1),(1069,NULL,'2092-02',2092,2,'2092-02-01','2092-02-28',NULL,NULL,40719,0,NULL,1,0,0,1),(1070,NULL,'2092-03',2092,3,'2092-03-01','2092-03-31',NULL,NULL,40719,0,NULL,1,0,0,1),(1071,NULL,'2092-04',2092,4,'2092-04-01','2092-04-30',NULL,NULL,40719,0,NULL,1,0,0,1),(1072,NULL,'2092-05',2092,5,'2092-05-01','2092-05-31',NULL,NULL,40719,0,NULL,1,0,0,1),(1073,NULL,'2092-06',2092,6,'2092-06-01','2092-06-30',NULL,NULL,40719,0,NULL,1,0,0,1),(1074,NULL,'2092-07',2092,7,'2092-07-01','2092-07-31',NULL,NULL,40719,0,NULL,1,0,0,1),(1075,NULL,'2092-08',2092,8,'2092-08-01','2092-08-31',NULL,NULL,40719,0,NULL,1,0,0,1),(1076,NULL,'2092-09',2092,9,'2092-09-01','2092-09-30',NULL,NULL,40719,0,NULL,1,0,0,1),(1077,NULL,'2092-10',2092,10,'2092-10-01','2092-10-31',NULL,NULL,40719,0,NULL,1,0,0,1),(1078,NULL,'2092-11',2092,11,'2092-11-01','2092-11-30',NULL,NULL,40719,0,NULL,1,0,0,1),(1079,NULL,'2092-12',2092,12,'2092-12-01','2092-12-31',NULL,NULL,40719,0,NULL,1,0,0,1),(1083,NULL,'2093-01',2093,1,'2093-01-01','2093-01-31',NULL,NULL,40719,0,NULL,1,0,0,1),(1084,NULL,'2093-02',2093,2,'2093-02-01','2093-02-28',NULL,NULL,40719,0,NULL,1,0,0,1),(1085,NULL,'2093-03',2093,3,'2093-03-01','2093-03-31',NULL,NULL,40719,0,NULL,1,0,0,1),(1086,NULL,'2093-04',2093,4,'2093-04-01','2093-04-30',NULL,NULL,40719,0,NULL,1,0,0,1),(1087,NULL,'2093-05',2093,5,'2093-05-01','2093-05-31',NULL,NULL,40719,0,NULL,1,0,0,1),(1088,NULL,'2093-06',2093,6,'2093-06-01','2093-06-30',NULL,NULL,40719,0,NULL,1,0,0,1),(1089,NULL,'2093-07',2093,7,'2093-07-01','2093-07-31',NULL,NULL,40719,0,NULL,1,0,0,1),(1090,NULL,'2093-08',2093,8,'2093-08-01','2093-08-31',NULL,NULL,40719,0,NULL,1,0,0,1),(1091,NULL,'2093-09',2093,9,'2093-09-01','2093-09-30',NULL,NULL,40719,0,NULL,1,0,0,1),(1092,NULL,'2093-10',2093,10,'2093-10-01','2093-10-31',NULL,NULL,40719,0,NULL,1,0,0,1),(1093,NULL,'2093-11',2093,11,'2093-11-01','2093-11-30',NULL,NULL,40719,0,NULL,1,0,0,1),(1094,NULL,'2093-12',2093,12,'2093-12-01','2093-12-31',NULL,NULL,40719,0,NULL,1,0,0,1),(1098,NULL,'2094-01',2094,1,'2094-01-01','2094-01-31',NULL,NULL,40719,0,NULL,1,0,0,1),(1099,NULL,'2094-02',2094,2,'2094-02-01','2094-02-28',NULL,NULL,40719,0,NULL,1,0,0,1),(1100,NULL,'2094-03',2094,3,'2094-03-01','2094-03-31',NULL,NULL,40719,0,NULL,1,0,0,1),(1101,NULL,'2094-04',2094,4,'2094-04-01','2094-04-30',NULL,NULL,40719,0,NULL,1,0,0,1),(1102,NULL,'2094-05',2094,5,'2094-05-01','2094-05-31',NULL,NULL,40719,0,NULL,1,0,0,1),(1103,NULL,'2094-06',2094,6,'2094-06-01','2094-06-30',NULL,NULL,40719,0,NULL,1,0,0,1),(1104,NULL,'2094-07',2094,7,'2094-07-01','2094-07-31',NULL,NULL,40719,0,NULL,1,0,0,1),(1105,NULL,'2094-08',2094,8,'2094-08-01','2094-08-31',NULL,NULL,40719,0,NULL,1,0,0,1),(1106,NULL,'2094-09',2094,9,'2094-09-01','2094-09-30',NULL,NULL,40719,0,NULL,1,0,0,1),(1107,NULL,'2094-10',2094,10,'2094-10-01','2094-10-31',NULL,NULL,40719,0,NULL,1,0,0,1),(1108,NULL,'2094-11',2094,11,'2094-11-01','2094-11-30',NULL,NULL,40719,0,NULL,1,0,0,1),(1109,NULL,'2094-12',2094,12,'2094-12-01','2094-12-31',NULL,NULL,40719,0,NULL,1,0,0,1);
INSERT INTO `periods` VALUES (1113,NULL,'2095-01',2095,1,'2095-01-01','2095-01-31',NULL,NULL,40719,0,NULL,1,0,0,1),(1114,NULL,'2095-02',2095,2,'2095-02-01','2095-02-28',NULL,NULL,40719,0,NULL,1,0,0,1),(1115,NULL,'2095-03',2095,3,'2095-03-01','2095-03-31',NULL,NULL,40719,0,NULL,1,0,0,1),(1116,NULL,'2095-04',2095,4,'2095-04-01','2095-04-30',NULL,NULL,40719,0,NULL,1,0,0,1),(1117,NULL,'2095-05',2095,5,'2095-05-01','2095-05-31',NULL,NULL,40719,0,NULL,1,0,0,1),(1118,NULL,'2095-06',2095,6,'2095-06-01','2095-06-30',NULL,NULL,40719,0,NULL,1,0,0,1),(1119,NULL,'2095-07',2095,7,'2095-07-01','2095-07-31',NULL,NULL,40719,0,NULL,1,0,0,1),(1120,NULL,'2095-08',2095,8,'2095-08-01','2095-08-31',NULL,NULL,40719,0,NULL,1,0,0,1),(1121,NULL,'2095-09',2095,9,'2095-09-01','2095-09-30',NULL,NULL,40719,0,NULL,1,0,0,1),(1122,NULL,'2095-10',2095,10,'2095-10-01','2095-10-31',NULL,NULL,40719,0,NULL,1,0,0,1),(1123,NULL,'2095-11',2095,11,'2095-11-01','2095-11-30',NULL,NULL,40719,0,NULL,1,0,0,1),(1124,NULL,'2095-12',2095,12,'2095-12-01','2095-12-31',NULL,NULL,40719,0,NULL,1,0,0,1),(1128,NULL,'2096-01',2096,1,'2096-01-01','2096-01-31',NULL,NULL,40719,0,NULL,1,0,0,1),(1129,NULL,'2096-02',2096,2,'2096-02-01','2096-02-28',NULL,NULL,40719,0,NULL,1,0,0,1),(1130,NULL,'2096-03',2096,3,'2096-03-01','2096-03-31',NULL,NULL,40719,0,NULL,1,0,0,1),(1131,NULL,'2096-04',2096,4,'2096-04-01','2096-04-30',NULL,NULL,40719,0,NULL,1,0,0,1),(1132,NULL,'2096-05',2096,5,'2096-05-01','2096-05-31',NULL,NULL,40719,0,NULL,1,0,0,1),(1133,NULL,'2096-06',2096,6,'2096-06-01','2096-06-30',NULL,NULL,40719,0,NULL,1,0,0,1),(1134,NULL,'2096-07',2096,7,'2096-07-01','2096-07-31',NULL,NULL,40719,0,NULL,1,0,0,1),(1135,NULL,'2096-08',2096,8,'2096-08-01','2096-08-31',NULL,NULL,40719,0,NULL,1,0,0,1),(1136,NULL,'2096-09',2096,9,'2096-09-01','2096-09-30',NULL,NULL,40719,0,NULL,1,0,0,1),(1137,NULL,'2096-10',2096,10,'2096-10-01','2096-10-31',NULL,NULL,40719,0,NULL,1,0,0,1),(1138,NULL,'2096-11',2096,11,'2096-11-01','2096-11-30',NULL,NULL,40719,0,NULL,1,0,0,1),(1139,NULL,'2096-12',2096,12,'2096-12-01','2096-12-31',NULL,NULL,40719,0,NULL,1,0,0,1),(1143,NULL,'2097-01',2097,1,'2097-01-01','2097-01-31',NULL,NULL,40719,0,NULL,1,0,0,1),(1144,NULL,'2097-02',2097,2,'2097-02-01','2097-02-28',NULL,NULL,40719,0,NULL,1,0,0,1),(1145,NULL,'2097-03',2097,3,'2097-03-01','2097-03-31',NULL,NULL,40719,0,NULL,1,0,0,1),(1146,NULL,'2097-04',2097,4,'2097-04-01','2097-04-30',NULL,NULL,40719,0,NULL,1,0,0,1),(1147,NULL,'2097-05',2097,5,'2097-05-01','2097-05-31',NULL,NULL,40719,0,NULL,1,0,0,1),(1148,NULL,'2097-06',2097,6,'2097-06-01','2097-06-30',NULL,NULL,40719,0,NULL,1,0,0,1),(1149,NULL,'2097-07',2097,7,'2097-07-01','2097-07-31',NULL,NULL,40719,0,NULL,1,0,0,1),(1150,NULL,'2097-08',2097,8,'2097-08-01','2097-08-31',NULL,NULL,40719,0,NULL,1,0,0,1),(1151,NULL,'2097-09',2097,9,'2097-09-01','2097-09-30',NULL,NULL,40719,0,NULL,1,0,0,1),(1152,NULL,'2097-10',2097,10,'2097-10-01','2097-10-31',NULL,NULL,40719,0,NULL,1,0,0,1),(1153,NULL,'2097-11',2097,11,'2097-11-01','2097-11-30',NULL,NULL,40719,0,NULL,1,0,0,1),(1154,NULL,'2097-12',2097,12,'2097-12-01','2097-12-31',NULL,NULL,40719,0,NULL,1,0,0,1),(1158,NULL,'2098-01',2098,1,'2098-01-01','2098-01-31',NULL,NULL,40719,0,NULL,1,0,0,1),(1159,NULL,'2098-02',2098,2,'2098-02-01','2098-02-28',NULL,NULL,40719,0,NULL,1,0,0,1),(1160,NULL,'2098-03',2098,3,'2098-03-01','2098-03-31',NULL,NULL,40719,0,NULL,1,0,0,1),(1161,NULL,'2098-04',2098,4,'2098-04-01','2098-04-30',NULL,NULL,40719,0,NULL,1,0,0,1),(1162,NULL,'2098-05',2098,5,'2098-05-01','2098-05-31',NULL,NULL,40719,0,NULL,1,0,0,1),(1163,NULL,'2098-06',2098,6,'2098-06-01','2098-06-30',NULL,NULL,40719,0,NULL,1,0,0,1),(1164,NULL,'2098-07',2098,7,'2098-07-01','2098-07-31',NULL,NULL,40719,0,NULL,1,0,0,1),(1165,NULL,'2098-08',2098,8,'2098-08-01','2098-08-31',NULL,NULL,40719,0,NULL,1,0,0,1),(1166,NULL,'2098-09',2098,9,'2098-09-01','2098-09-30',NULL,NULL,40719,0,NULL,1,0,0,1),(1167,NULL,'2098-10',2098,10,'2098-10-01','2098-10-31',NULL,NULL,40719,0,NULL,1,0,0,1);
INSERT INTO `periods` VALUES (1168,NULL,'2098-11',2098,11,'2098-11-01','2098-11-30',NULL,NULL,40719,0,NULL,1,0,0,1),(1169,NULL,'2098-12',2098,12,'2098-12-01','2098-12-31',NULL,NULL,40719,0,NULL,1,0,0,1),(1173,NULL,'2099-01',2099,1,'2099-01-01','2099-01-31',NULL,NULL,40719,0,NULL,1,0,0,1),(1174,NULL,'2099-02',2099,2,'2099-02-01','2099-02-28',NULL,NULL,40719,0,NULL,1,0,0,1),(1175,NULL,'2099-03',2099,3,'2099-03-01','2099-03-31',NULL,NULL,40719,0,NULL,1,0,0,1),(1176,NULL,'2099-04',2099,4,'2099-04-01','2099-04-30',NULL,NULL,40719,0,NULL,1,0,0,1),(1177,NULL,'2099-05',2099,5,'2099-05-01','2099-05-31',NULL,NULL,40719,0,NULL,1,0,0,1),(1178,NULL,'2099-06',2099,6,'2099-06-01','2099-06-30',NULL,NULL,40719,0,NULL,1,0,0,1),(1179,NULL,'2099-07',2099,7,'2099-07-01','2099-07-31',NULL,NULL,40719,0,NULL,1,0,0,1),(1180,NULL,'2099-08',2099,8,'2099-08-01','2099-08-31',NULL,NULL,40719,0,NULL,1,0,0,1),(1181,NULL,'2099-09',2099,9,'2099-09-01','2099-09-30',NULL,NULL,40719,0,NULL,1,0,0,1),(1182,NULL,'2099-10',2099,10,'2099-10-01','2099-10-31',NULL,NULL,40719,0,NULL,1,0,0,1),(1183,NULL,'2099-11',2099,11,'2099-11-01','2099-11-30',NULL,NULL,40719,0,NULL,1,0,0,1),(1184,NULL,'2099-12',2099,12,'2099-12-01','2099-12-31',NULL,NULL,40719,0,NULL,1,0,0,1),(1188,NULL,'2100-01',2100,1,'2100-01-01','2100-01-31',NULL,NULL,40719,0,NULL,1,0,0,1),(1189,NULL,'2100-02',2100,2,'2100-02-01','2100-02-28',NULL,NULL,40719,0,NULL,1,0,0,1),(1190,NULL,'2100-03',2100,3,'2100-03-01','2100-03-31',NULL,NULL,40719,0,NULL,1,0,0,1),(1191,NULL,'2100-04',2100,4,'2100-04-01','2100-04-30',NULL,NULL,40719,0,NULL,1,0,0,1),(1192,NULL,'2100-05',2100,5,'2100-05-01','2100-05-31',NULL,NULL,40719,0,NULL,1,0,0,1),(1193,NULL,'2100-06',2100,6,'2100-06-01','2100-06-30',NULL,NULL,40719,0,NULL,1,0,0,1),(1194,NULL,'2100-07',2100,7,'2100-07-01','2100-07-31',NULL,NULL,40719,0,NULL,1,0,0,1),(1195,NULL,'2100-08',2100,8,'2100-08-01','2100-08-31',NULL,NULL,40719,0,NULL,1,0,0,1),(1196,NULL,'2100-09',2100,9,'2100-09-01','2100-09-30',NULL,NULL,40719,0,NULL,1,0,0,1),(1197,NULL,'2100-10',2100,10,'2100-10-01','2100-10-31',NULL,NULL,40719,0,NULL,1,0,0,1),(1198,NULL,'2100-11',2100,11,'2100-11-01','2100-11-30',NULL,NULL,40719,0,NULL,1,0,0,1),(1199,NULL,'2100-12',2100,12,'2100-12-01','2100-12-31',NULL,NULL,40719,0,NULL,1,0,0,1),(1203,NULL,'2101-01',2101,1,'2101-01-01','2101-01-31',NULL,NULL,40719,0,NULL,1,0,0,1),(1204,NULL,'2101-02',2101,2,'2101-02-01','2101-02-28',NULL,NULL,40719,0,NULL,1,0,0,1),(1205,NULL,'2101-03',2101,3,'2101-03-01','2101-03-31',NULL,NULL,40719,0,NULL,1,0,0,1),(1206,NULL,'2101-04',2101,4,'2101-04-01','2101-04-30',NULL,NULL,40719,0,NULL,1,0,0,1),(1207,NULL,'2101-05',2101,5,'2101-05-01','2101-05-31',NULL,NULL,40719,0,NULL,1,0,0,1),(1208,NULL,'2101-06',2101,6,'2101-06-01','2101-06-30',NULL,NULL,40719,0,NULL,1,0,0,1),(1209,NULL,'2101-07',2101,7,'2101-07-01','2101-07-31',NULL,NULL,40719,0,NULL,1,0,0,1),(1210,NULL,'2101-08',2101,8,'2101-08-01','2101-08-31',NULL,NULL,40719,0,NULL,1,0,0,1),(1211,NULL,'2101-09',2101,9,'2101-09-01','2101-09-30',NULL,NULL,40719,0,NULL,1,0,0,1),(1212,NULL,'2101-10',2101,10,'2101-10-01','2101-10-31',NULL,NULL,40719,0,NULL,1,0,0,1),(1213,NULL,'2101-11',2101,11,'2101-11-01','2101-11-30',NULL,NULL,40719,0,NULL,1,0,0,1),(1214,NULL,'2101-12',2101,12,'2101-12-01','2101-12-31',NULL,NULL,40719,0,NULL,1,0,0,1),(1218,NULL,'2102-01',2102,1,'2102-01-01','2102-01-31',NULL,NULL,40719,0,NULL,1,0,0,1),(1219,NULL,'2102-02',2102,2,'2102-02-01','2102-02-28',NULL,NULL,40719,0,NULL,1,0,0,1),(1220,NULL,'2102-03',2102,3,'2102-03-01','2102-03-31',NULL,NULL,40719,0,NULL,1,0,0,1),(1221,NULL,'2102-04',2102,4,'2102-04-01','2102-04-30',NULL,NULL,40719,0,NULL,1,0,0,1),(1222,NULL,'2102-05',2102,5,'2102-05-01','2102-05-31',NULL,NULL,40719,0,NULL,1,0,0,1),(1223,NULL,'2102-06',2102,6,'2102-06-01','2102-06-30',NULL,NULL,40719,0,NULL,1,0,0,1),(1224,NULL,'2102-07',2102,7,'2102-07-01','2102-07-31',NULL,NULL,40719,0,NULL,1,0,0,1),(1225,NULL,'2102-08',2102,8,'2102-08-01','2102-08-31',NULL,NULL,40719,0,NULL,1,0,0,1);
INSERT INTO `periods` VALUES (1226,NULL,'2102-09',2102,9,'2102-09-01','2102-09-30',NULL,NULL,40719,0,NULL,1,0,0,1),(1227,NULL,'2102-10',2102,10,'2102-10-01','2102-10-31',NULL,NULL,40719,0,NULL,1,0,0,1),(1228,NULL,'2102-11',2102,11,'2102-11-01','2102-11-30',NULL,NULL,40719,0,NULL,1,0,0,1),(1229,NULL,'2102-12',2102,12,'2102-12-01','2102-12-31',NULL,NULL,40719,0,NULL,1,0,0,1),(1233,NULL,'2103-01',2103,1,'2103-01-01','2103-01-31',NULL,NULL,40719,0,NULL,1,0,0,1),(1234,NULL,'2103-02',2103,2,'2103-02-01','2103-02-28',NULL,NULL,40719,0,NULL,1,0,0,1),(1235,NULL,'2103-03',2103,3,'2103-03-01','2103-03-31',NULL,NULL,40719,0,NULL,1,0,0,1),(1236,NULL,'2103-04',2103,4,'2103-04-01','2103-04-30',NULL,NULL,40719,0,NULL,1,0,0,1),(1237,NULL,'2103-05',2103,5,'2103-05-01','2103-05-31',NULL,NULL,40719,0,NULL,1,0,0,1),(1238,NULL,'2103-06',2103,6,'2103-06-01','2103-06-30',NULL,NULL,40719,0,NULL,1,0,0,1),(1239,NULL,'2103-07',2103,7,'2103-07-01','2103-07-31',NULL,NULL,40719,0,NULL,1,0,0,1),(1240,NULL,'2103-08',2103,8,'2103-08-01','2103-08-31',NULL,NULL,40719,0,NULL,1,0,0,1),(1241,NULL,'2103-09',2103,9,'2103-09-01','2103-09-30',NULL,NULL,40719,0,NULL,1,0,0,1),(1242,NULL,'2103-10',2103,10,'2103-10-01','2103-10-31',NULL,NULL,40719,0,NULL,1,0,0,1),(1243,NULL,'2103-11',2103,11,'2103-11-01','2103-11-30',NULL,NULL,40719,0,NULL,1,0,0,1),(1244,NULL,'2103-12',2103,12,'2103-12-01','2103-12-31',NULL,NULL,40719,0,NULL,1,0,0,1),(1248,NULL,'2104-01',2104,1,'2104-01-01','2104-01-31',NULL,NULL,40719,0,NULL,1,0,0,1),(1249,NULL,'2104-02',2104,2,'2104-02-01','2104-02-28',NULL,NULL,40719,0,NULL,1,0,0,1),(1250,NULL,'2104-03',2104,3,'2104-03-01','2104-03-31',NULL,NULL,40719,0,NULL,1,0,0,1),(1251,NULL,'2104-04',2104,4,'2104-04-01','2104-04-30',NULL,NULL,40719,0,NULL,1,0,0,1),(1252,NULL,'2104-05',2104,5,'2104-05-01','2104-05-31',NULL,NULL,40719,0,NULL,1,0,0,1),(1253,NULL,'2104-06',2104,6,'2104-06-01','2104-06-30',NULL,NULL,40719,0,NULL,1,0,0,1),(1254,NULL,'2104-07',2104,7,'2104-07-01','2104-07-31',NULL,NULL,40719,0,NULL,1,0,0,1),(1255,NULL,'2104-08',2104,8,'2104-08-01','2104-08-31',NULL,NULL,40719,0,NULL,1,0,0,1),(1256,NULL,'2104-09',2104,9,'2104-09-01','2104-09-30',NULL,NULL,40719,0,NULL,1,0,0,1),(1257,NULL,'2104-10',2104,10,'2104-10-01','2104-10-31',NULL,NULL,40719,0,NULL,1,0,0,1),(1258,NULL,'2104-11',2104,11,'2104-11-01','2104-11-30',NULL,NULL,40719,0,NULL,1,0,0,1),(1259,NULL,'2104-12',2104,12,'2104-12-01','2104-12-31',NULL,NULL,40719,0,NULL,1,0,0,1),(1263,NULL,'2105-01',2105,1,'2105-01-01','2105-01-31',NULL,NULL,40719,0,NULL,1,0,0,1),(1264,NULL,'2105-02',2105,2,'2105-02-01','2105-02-28',NULL,NULL,40719,0,NULL,1,0,0,1),(1265,NULL,'2105-03',2105,3,'2105-03-01','2105-03-31',NULL,NULL,40719,0,NULL,1,0,0,1),(1266,NULL,'2105-04',2105,4,'2105-04-01','2105-04-30',NULL,NULL,40719,0,NULL,1,0,0,1),(1267,NULL,'2105-05',2105,5,'2105-05-01','2105-05-31',NULL,NULL,40719,0,NULL,1,0,0,1),(1268,NULL,'2105-06',2105,6,'2105-06-01','2105-06-30',NULL,NULL,40719,0,NULL,1,0,0,1),(1269,NULL,'2105-07',2105,7,'2105-07-01','2105-07-31',NULL,NULL,40719,0,NULL,1,0,0,1),(1270,NULL,'2105-08',2105,8,'2105-08-01','2105-08-31',NULL,NULL,40719,0,NULL,1,0,0,1),(1271,NULL,'2105-09',2105,9,'2105-09-01','2105-09-30',NULL,NULL,40719,0,NULL,1,0,0,1),(1272,NULL,'2105-10',2105,10,'2105-10-01','2105-10-31',NULL,NULL,40719,0,NULL,1,0,0,1),(1273,NULL,'2105-11',2105,11,'2105-11-01','2105-11-30',NULL,NULL,40719,0,NULL,1,0,0,1),(1274,NULL,'2105-12',2105,12,'2105-12-01','2105-12-31',NULL,NULL,40719,0,NULL,1,0,0,1),(1278,NULL,'2106-01',2106,1,'2106-01-01','2106-01-31',NULL,NULL,40719,0,NULL,1,0,0,1),(1279,NULL,'2106-02',2106,2,'2106-02-01','2106-02-28',NULL,NULL,40719,0,NULL,1,0,0,1),(1280,NULL,'2106-03',2106,3,'2106-03-01','2106-03-31',NULL,NULL,40719,0,NULL,1,0,0,1),(1281,NULL,'2106-04',2106,4,'2106-04-01','2106-04-30',NULL,NULL,40719,0,NULL,1,0,0,1),(1282,NULL,'2106-05',2106,5,'2106-05-01','2106-05-31',NULL,NULL,40719,0,NULL,1,0,0,1),(1283,NULL,'2106-06',2106,6,'2106-06-01','2106-06-30',NULL,NULL,40719,0,NULL,1,0,0,1);
INSERT INTO `periods` VALUES (1284,NULL,'2106-07',2106,7,'2106-07-01','2106-07-31',NULL,NULL,40719,0,NULL,1,0,0,1),(1285,NULL,'2106-08',2106,8,'2106-08-01','2106-08-31',NULL,NULL,40719,0,NULL,1,0,0,1),(1286,NULL,'2106-09',2106,9,'2106-09-01','2106-09-30',NULL,NULL,40719,0,NULL,1,0,0,1),(1287,NULL,'2106-10',2106,10,'2106-10-01','2106-10-31',NULL,NULL,40719,0,NULL,1,0,0,1),(1288,NULL,'2106-11',2106,11,'2106-11-01','2106-11-30',NULL,NULL,40719,0,NULL,1,0,0,1),(1289,NULL,'2106-12',2106,12,'2106-12-01','2106-12-31',NULL,NULL,40719,0,NULL,1,0,0,1),(1293,NULL,'2107-01',2107,1,'2107-01-01','2107-01-31',NULL,NULL,40719,0,NULL,1,0,0,1),(1294,NULL,'2107-02',2107,2,'2107-02-01','2107-02-28',NULL,NULL,40719,0,NULL,1,0,0,1),(1295,NULL,'2107-03',2107,3,'2107-03-01','2107-03-31',NULL,NULL,40719,0,NULL,1,0,0,1),(1296,NULL,'2107-04',2107,4,'2107-04-01','2107-04-30',NULL,NULL,40719,0,NULL,1,0,0,1),(1297,NULL,'2107-05',2107,5,'2107-05-01','2107-05-31',NULL,NULL,40719,0,NULL,1,0,0,1),(1298,NULL,'2107-06',2107,6,'2107-06-01','2107-06-30',NULL,NULL,40719,0,NULL,1,0,0,1),(1299,NULL,'2107-07',2107,7,'2107-07-01','2107-07-31',NULL,NULL,40719,0,NULL,1,0,0,1),(1300,NULL,'2107-08',2107,8,'2107-08-01','2107-08-31',NULL,NULL,40719,0,NULL,1,0,0,1),(1301,NULL,'2107-09',2107,9,'2107-09-01','2107-09-30',NULL,NULL,40719,0,NULL,1,0,0,1),(1302,NULL,'2107-10',2107,10,'2107-10-01','2107-10-31',NULL,NULL,40719,0,NULL,1,0,0,1),(1303,NULL,'2107-11',2107,11,'2107-11-01','2107-11-30',NULL,NULL,40719,0,NULL,1,0,0,1),(1304,NULL,'2107-12',2107,12,'2107-12-01','2107-12-31',NULL,NULL,40719,0,NULL,1,0,0,1),(1308,NULL,'2108-01',2108,1,'2108-01-01','2108-01-31',NULL,NULL,40719,0,NULL,1,0,0,1),(1309,NULL,'2108-02',2108,2,'2108-02-01','2108-02-28',NULL,NULL,40719,0,NULL,1,0,0,1),(1310,NULL,'2108-03',2108,3,'2108-03-01','2108-03-31',NULL,NULL,40719,0,NULL,1,0,0,1),(1311,NULL,'2108-04',2108,4,'2108-04-01','2108-04-30',NULL,NULL,40719,0,NULL,1,0,0,1),(1312,NULL,'2108-05',2108,5,'2108-05-01','2108-05-31',NULL,NULL,40719,0,NULL,1,0,0,1),(1313,NULL,'2108-06',2108,6,'2108-06-01','2108-06-30',NULL,NULL,40719,0,NULL,1,0,0,1),(1314,NULL,'2108-07',2108,7,'2108-07-01','2108-07-31',NULL,NULL,40719,0,NULL,1,0,0,1),(1315,NULL,'2108-08',2108,8,'2108-08-01','2108-08-31',NULL,NULL,40719,0,NULL,1,0,0,1),(1316,NULL,'2108-09',2108,9,'2108-09-01','2108-09-30',NULL,NULL,40719,0,NULL,1,0,0,1),(1317,NULL,'2108-10',2108,10,'2108-10-01','2108-10-31',NULL,NULL,40719,0,NULL,1,0,0,1),(1318,NULL,'2108-11',2108,11,'2108-11-01','2108-11-30',NULL,NULL,40719,0,NULL,1,0,0,1),(1319,NULL,'2108-12',2108,12,'2108-12-01','2108-12-31',NULL,NULL,40719,0,NULL,1,0,0,1),(1323,NULL,'2109-01',2109,1,'2109-01-01','2109-01-31',NULL,NULL,40719,0,NULL,1,0,0,1),(1324,NULL,'2109-02',2109,2,'2109-02-01','2109-02-28',NULL,NULL,40719,0,NULL,1,0,0,1),(1325,NULL,'2109-03',2109,3,'2109-03-01','2109-03-31',NULL,NULL,40719,0,NULL,1,0,0,1),(1326,NULL,'2109-04',2109,4,'2109-04-01','2109-04-30',NULL,NULL,40719,0,NULL,1,0,0,1),(1327,NULL,'2109-05',2109,5,'2109-05-01','2109-05-31',NULL,NULL,40719,0,NULL,1,0,0,1),(1328,NULL,'2109-06',2109,6,'2109-06-01','2109-06-30',NULL,NULL,40719,0,NULL,1,0,0,1),(1329,NULL,'2109-07',2109,7,'2109-07-01','2109-07-31',NULL,NULL,40719,0,NULL,1,0,0,1),(1330,NULL,'2109-08',2109,8,'2109-08-01','2109-08-31',NULL,NULL,40719,0,NULL,1,0,0,1),(1331,NULL,'2109-09',2109,9,'2109-09-01','2109-09-30',NULL,NULL,40719,0,NULL,1,0,0,1),(1332,NULL,'2109-10',2109,10,'2109-10-01','2109-10-31',NULL,NULL,40719,0,NULL,1,0,0,1),(1333,NULL,'2109-11',2109,11,'2109-11-01','2109-11-30',NULL,NULL,40719,0,NULL,1,0,0,1),(1334,NULL,'2109-12',2109,12,'2109-12-01','2109-12-31',NULL,NULL,40719,0,NULL,1,0,0,1),(1338,NULL,'2110-01',2110,1,'2110-01-01','2110-01-31',NULL,NULL,40719,0,NULL,1,0,0,1),(1339,NULL,'2110-02',2110,2,'2110-02-01','2110-02-28',NULL,NULL,40719,0,NULL,1,0,0,1),(1340,NULL,'2110-03',2110,3,'2110-03-01','2110-03-31',NULL,NULL,40719,0,NULL,1,0,0,1),(1341,NULL,'2110-04',2110,4,'2110-04-01','2110-04-30',NULL,NULL,40719,0,NULL,1,0,0,1);
INSERT INTO `periods` VALUES (1342,NULL,'2110-05',2110,5,'2110-05-01','2110-05-31',NULL,NULL,40719,0,NULL,1,0,0,1),(1343,NULL,'2110-06',2110,6,'2110-06-01','2110-06-30',NULL,NULL,40719,0,NULL,1,0,0,1),(1344,NULL,'2110-07',2110,7,'2110-07-01','2110-07-31',NULL,NULL,40719,0,NULL,1,0,0,1),(1345,NULL,'2110-08',2110,8,'2110-08-01','2110-08-31',NULL,NULL,40719,0,NULL,1,0,0,1),(1346,NULL,'2110-09',2110,9,'2110-09-01','2110-09-30',NULL,NULL,40719,0,NULL,1,0,0,1),(1347,NULL,'2110-10',2110,10,'2110-10-01','2110-10-31',NULL,NULL,40719,0,NULL,1,0,0,1),(1348,NULL,'2110-11',2110,11,'2110-11-01','2110-11-30',NULL,NULL,40719,0,NULL,1,0,0,1),(1349,NULL,'2110-12',2110,12,'2110-12-01','2110-12-31',NULL,NULL,40719,0,NULL,1,0,0,1),(1353,NULL,'2111-01',2111,1,'2111-01-01','2111-01-31',NULL,NULL,40719,0,NULL,1,0,0,1),(1354,NULL,'2111-02',2111,2,'2111-02-01','2111-02-28',NULL,NULL,40719,0,NULL,1,0,0,1),(1355,NULL,'2111-03',2111,3,'2111-03-01','2111-03-31',NULL,NULL,40719,0,NULL,1,0,0,1),(1356,NULL,'2111-04',2111,4,'2111-04-01','2111-04-30',NULL,NULL,40719,0,NULL,1,0,0,1),(1357,NULL,'2111-05',2111,5,'2111-05-01','2111-05-31',NULL,NULL,40719,0,NULL,1,0,0,1),(1358,NULL,'2111-06',2111,6,'2111-06-01','2111-06-30',NULL,NULL,40719,0,NULL,1,0,0,1),(1359,NULL,'2111-07',2111,7,'2111-07-01','2111-07-31',NULL,NULL,40719,0,NULL,1,0,0,1),(1360,NULL,'2111-08',2111,8,'2111-08-01','2111-08-31',NULL,NULL,40719,0,NULL,1,0,0,1),(1361,NULL,'2111-09',2111,9,'2111-09-01','2111-09-30',NULL,NULL,40719,0,NULL,1,0,0,1),(1362,NULL,'2111-10',2111,10,'2111-10-01','2111-10-31',NULL,NULL,40719,0,NULL,1,0,0,1),(1363,NULL,'2111-11',2111,11,'2111-11-01','2111-11-30',NULL,NULL,40719,0,NULL,1,0,0,1),(1364,NULL,'2111-12',2111,12,'2111-12-01','2111-12-31',NULL,NULL,40719,0,NULL,1,0,0,1),(1368,NULL,'2112-01',2112,1,'2112-01-01','2112-01-31',NULL,NULL,40719,0,NULL,1,0,0,1),(1369,NULL,'2112-02',2112,2,'2112-02-01','2112-02-28',NULL,NULL,40719,0,NULL,1,0,0,1),(1370,NULL,'2112-03',2112,3,'2112-03-01','2112-03-31',NULL,NULL,40719,0,NULL,1,0,0,1),(1371,NULL,'2112-04',2112,4,'2112-04-01','2112-04-30',NULL,NULL,40719,0,NULL,1,0,0,1),(1372,NULL,'2112-05',2112,5,'2112-05-01','2112-05-31',NULL,NULL,40719,0,NULL,1,0,0,1),(1373,NULL,'2112-06',2112,6,'2112-06-01','2112-06-30',NULL,NULL,40719,0,NULL,1,0,0,1),(1374,NULL,'2112-07',2112,7,'2112-07-01','2112-07-31',NULL,NULL,40719,0,NULL,1,0,0,1),(1375,NULL,'2112-08',2112,8,'2112-08-01','2112-08-31',NULL,NULL,40719,0,NULL,1,0,0,1),(1376,NULL,'2112-09',2112,9,'2112-09-01','2112-09-30',NULL,NULL,40719,0,NULL,1,0,0,1),(1377,NULL,'2112-10',2112,10,'2112-10-01','2112-10-31',NULL,NULL,40719,0,NULL,1,0,0,1),(1378,NULL,'2112-11',2112,11,'2112-11-01','2112-11-30',NULL,NULL,40719,0,NULL,1,0,0,1),(1379,NULL,'2112-12',2112,12,'2112-12-01','2112-12-31',NULL,NULL,40719,0,NULL,1,0,0,1),(1383,NULL,'2113-01',2113,1,'2113-01-01','2113-01-31',NULL,NULL,40719,0,NULL,1,0,0,1),(1384,NULL,'2113-02',2113,2,'2113-02-01','2113-02-28',NULL,NULL,40719,0,NULL,1,0,0,1),(1385,NULL,'2113-03',2113,3,'2113-03-01','2113-03-31',NULL,NULL,40719,0,NULL,1,0,0,1),(1386,NULL,'2113-04',2113,4,'2113-04-01','2113-04-30',NULL,NULL,40719,0,NULL,1,0,0,1),(1387,NULL,'2113-05',2113,5,'2113-05-01','2113-05-31',NULL,NULL,40719,0,NULL,1,0,0,1),(1388,NULL,'2113-06',2113,6,'2113-06-01','2113-06-30',NULL,NULL,40719,0,NULL,1,0,0,1),(1389,NULL,'2113-07',2113,7,'2113-07-01','2113-07-31',NULL,NULL,40719,0,NULL,1,0,0,1),(1390,NULL,'2113-08',2113,8,'2113-08-01','2113-08-31',NULL,NULL,40719,0,NULL,1,0,0,1),(1391,NULL,'2113-09',2113,9,'2113-09-01','2113-09-30',NULL,NULL,40719,0,NULL,1,0,0,1),(1392,NULL,'2113-10',2113,10,'2113-10-01','2113-10-31',NULL,NULL,40719,0,NULL,1,0,0,1),(1393,NULL,'2113-11',2113,11,'2113-11-01','2113-11-30',NULL,NULL,40719,0,NULL,1,0,0,1),(1394,NULL,'2113-12',2113,12,'2113-12-01','2113-12-31',NULL,NULL,40719,0,NULL,1,0,0,1),(1398,NULL,'2114-01',2114,1,'2114-01-01','2114-01-31',NULL,NULL,40719,0,NULL,1,0,0,1),(1399,NULL,'2114-02',2114,2,'2114-02-01','2114-02-28',NULL,NULL,40719,0,NULL,1,0,0,1);
INSERT INTO `periods` VALUES (1400,NULL,'2114-03',2114,3,'2114-03-01','2114-03-31',NULL,NULL,40719,0,NULL,1,0,0,1),(1401,NULL,'2114-04',2114,4,'2114-04-01','2114-04-30',NULL,NULL,40719,0,NULL,1,0,0,1),(1402,NULL,'2114-05',2114,5,'2114-05-01','2114-05-31',NULL,NULL,40719,0,NULL,1,0,0,1),(1403,NULL,'2114-06',2114,6,'2114-06-01','2114-06-30',NULL,NULL,40719,0,NULL,1,0,0,1),(1404,NULL,'2114-07',2114,7,'2114-07-01','2114-07-31',NULL,NULL,40719,0,NULL,1,0,0,1),(1405,NULL,'2114-08',2114,8,'2114-08-01','2114-08-31',NULL,NULL,40719,0,NULL,1,0,0,1),(1406,NULL,'2114-09',2114,9,'2114-09-01','2114-09-30',NULL,NULL,40719,0,NULL,1,0,0,1),(1407,NULL,'2114-10',2114,10,'2114-10-01','2114-10-31',NULL,NULL,40719,0,NULL,1,0,0,1),(1408,NULL,'2114-11',2114,11,'2114-11-01','2114-11-30',NULL,NULL,40719,0,NULL,1,0,0,1),(1409,NULL,'2114-12',2114,12,'2114-12-01','2114-12-31',NULL,NULL,40719,0,NULL,1,0,0,1),(1413,NULL,'2115-01',2115,1,'2115-01-01','2115-01-31',NULL,NULL,40719,0,NULL,1,0,0,1),(1414,NULL,'2115-02',2115,2,'2115-02-01','2115-02-28',NULL,NULL,40719,0,NULL,1,0,0,1),(1415,NULL,'2115-03',2115,3,'2115-03-01','2115-03-31',NULL,NULL,40719,0,NULL,1,0,0,1),(1416,NULL,'2115-04',2115,4,'2115-04-01','2115-04-30',NULL,NULL,40719,0,NULL,1,0,0,1),(1417,NULL,'2115-05',2115,5,'2115-05-01','2115-05-31',NULL,NULL,40719,0,NULL,1,0,0,1),(1418,NULL,'2115-06',2115,6,'2115-06-01','2115-06-30',NULL,NULL,40719,0,NULL,1,0,0,1),(1419,NULL,'2115-07',2115,7,'2115-07-01','2115-07-31',NULL,NULL,40719,0,NULL,1,0,0,1),(1420,NULL,'2115-08',2115,8,'2115-08-01','2115-08-31',NULL,NULL,40719,0,NULL,1,0,0,1),(1421,NULL,'2115-09',2115,9,'2115-09-01','2115-09-30',NULL,NULL,40719,0,NULL,1,0,0,1),(1422,NULL,'2115-10',2115,10,'2115-10-01','2115-10-31',NULL,NULL,40719,0,NULL,1,0,0,1),(1423,NULL,'2115-11',2115,11,'2115-11-01','2115-11-30',NULL,NULL,40719,0,NULL,1,0,0,1),(1424,NULL,'2115-12',2115,12,'2115-12-01','2115-12-31',NULL,NULL,40719,0,NULL,1,0,0,1),(1428,NULL,'2116-01',2116,1,'2116-01-01','2116-01-31',NULL,NULL,40719,0,NULL,1,0,0,1),(1429,NULL,'2116-02',2116,2,'2116-02-01','2116-02-28',NULL,NULL,40719,0,NULL,1,0,0,1),(1430,NULL,'2116-03',2116,3,'2116-03-01','2116-03-31',NULL,NULL,40719,0,NULL,1,0,0,1),(1431,NULL,'2116-04',2116,4,'2116-04-01','2116-04-30',NULL,NULL,40719,0,NULL,1,0,0,1),(1432,NULL,'2116-05',2116,5,'2116-05-01','2116-05-31',NULL,NULL,40719,0,NULL,1,0,0,1),(1433,NULL,'2116-06',2116,6,'2116-06-01','2116-06-30',NULL,NULL,40719,0,NULL,1,0,0,1),(1434,NULL,'2116-07',2116,7,'2116-07-01','2116-07-31',NULL,NULL,40719,0,NULL,1,0,0,1),(1435,NULL,'2116-08',2116,8,'2116-08-01','2116-08-31',NULL,NULL,40719,0,NULL,1,0,0,1),(1436,NULL,'2116-09',2116,9,'2116-09-01','2116-09-30',NULL,NULL,40719,0,NULL,1,0,0,1),(1437,NULL,'2116-10',2116,10,'2116-10-01','2116-10-31',NULL,NULL,40719,0,NULL,1,0,0,1),(1438,NULL,'2116-11',2116,11,'2116-11-01','2116-11-30',NULL,NULL,40719,0,NULL,1,0,0,1),(1439,NULL,'2116-12',2116,12,'2116-12-01','2116-12-31',NULL,NULL,40719,0,NULL,1,0,0,1),(1443,NULL,'2117-01',2117,1,'2117-01-01','2117-01-31',NULL,NULL,40719,0,NULL,1,0,0,1),(1444,NULL,'2117-02',2117,2,'2117-02-01','2117-02-28',NULL,NULL,40719,0,NULL,1,0,0,1),(1445,NULL,'2117-03',2117,3,'2117-03-01','2117-03-31',NULL,NULL,40719,0,NULL,1,0,0,1),(1446,NULL,'2117-04',2117,4,'2117-04-01','2117-04-30',NULL,NULL,40719,0,NULL,1,0,0,1),(1447,NULL,'2117-05',2117,5,'2117-05-01','2117-05-31',NULL,NULL,40719,0,NULL,1,0,0,1),(1448,NULL,'2117-06',2117,6,'2117-06-01','2117-06-30',NULL,NULL,40719,0,NULL,1,0,0,1),(1449,NULL,'2117-07',2117,7,'2117-07-01','2117-07-31',NULL,NULL,40719,0,NULL,1,0,0,1),(1450,NULL,'2117-08',2117,8,'2117-08-01','2117-08-31',NULL,NULL,40719,0,NULL,1,0,0,1),(1451,NULL,'2117-09',2117,9,'2117-09-01','2117-09-30',NULL,NULL,40719,0,NULL,1,0,0,1),(1452,NULL,'2117-10',2117,10,'2117-10-01','2117-10-31',NULL,NULL,40719,0,NULL,1,0,0,1),(1453,NULL,'2117-11',2117,11,'2117-11-01','2117-11-30',NULL,NULL,40719,0,NULL,1,0,0,1),(1454,NULL,'2117-12',2117,12,'2117-12-01','2117-12-31',NULL,NULL,40719,0,NULL,1,0,0,1);
INSERT INTO `periods` VALUES (1458,NULL,'2118-01',2118,1,'2118-01-01','2118-01-31',NULL,NULL,40719,0,NULL,1,0,0,1),(1459,NULL,'2118-02',2118,2,'2118-02-01','2118-02-28',NULL,NULL,40719,0,NULL,1,0,0,1),(1460,NULL,'2118-03',2118,3,'2118-03-01','2118-03-31',NULL,NULL,40719,0,NULL,1,0,0,1),(1461,NULL,'2118-04',2118,4,'2118-04-01','2118-04-30',NULL,NULL,40719,0,NULL,1,0,0,1),(1462,NULL,'2118-05',2118,5,'2118-05-01','2118-05-31',NULL,NULL,40719,0,NULL,1,0,0,1),(1463,NULL,'2118-06',2118,6,'2118-06-01','2118-06-30',NULL,NULL,40719,0,NULL,1,0,0,1),(1464,NULL,'2118-07',2118,7,'2118-07-01','2118-07-31',NULL,NULL,40719,0,NULL,1,0,0,1),(1465,NULL,'2118-08',2118,8,'2118-08-01','2118-08-31',NULL,NULL,40719,0,NULL,1,0,0,1),(1466,NULL,'2118-09',2118,9,'2118-09-01','2118-09-30',NULL,NULL,40719,0,NULL,1,0,0,1),(1467,NULL,'2118-10',2118,10,'2118-10-01','2118-10-31',NULL,NULL,40719,0,NULL,1,0,0,1),(1468,NULL,'2118-11',2118,11,'2118-11-01','2118-11-30',NULL,NULL,40719,0,NULL,1,0,0,1),(1469,NULL,'2118-12',2118,12,'2118-12-01','2118-12-31',NULL,NULL,40719,0,NULL,1,0,0,1),(1473,NULL,'2119-01',2119,1,'2119-01-01','2119-01-31',NULL,NULL,40719,0,NULL,1,0,0,1),(1474,NULL,'2119-02',2119,2,'2119-02-01','2119-02-28',NULL,NULL,40719,0,NULL,1,0,0,1),(1475,NULL,'2119-03',2119,3,'2119-03-01','2119-03-31',NULL,NULL,40719,0,NULL,1,0,0,1),(1476,NULL,'2119-04',2119,4,'2119-04-01','2119-04-30',NULL,NULL,40719,0,NULL,1,0,0,1),(1477,NULL,'2119-05',2119,5,'2119-05-01','2119-05-31',NULL,NULL,40719,0,NULL,1,0,0,1),(1478,NULL,'2119-06',2119,6,'2119-06-01','2119-06-30',NULL,NULL,40719,0,NULL,1,0,0,1),(1479,NULL,'2119-07',2119,7,'2119-07-01','2119-07-31',NULL,NULL,40719,0,NULL,1,0,0,1),(1480,NULL,'2119-08',2119,8,'2119-08-01','2119-08-31',NULL,NULL,40719,0,NULL,1,0,0,1),(1481,NULL,'2119-09',2119,9,'2119-09-01','2119-09-30',NULL,NULL,40719,0,NULL,1,0,0,1),(1482,NULL,'2119-10',2119,10,'2119-10-01','2119-10-31',NULL,NULL,40719,0,NULL,1,0,0,1),(1483,NULL,'2119-11',2119,11,'2119-11-01','2119-11-30',NULL,NULL,40719,0,NULL,1,0,0,1),(1484,NULL,'2119-12',2119,12,'2119-12-01','2119-12-31',NULL,NULL,40719,0,NULL,1,0,0,1),(1488,NULL,'2120-01',2120,1,'2120-01-01','2120-01-31',NULL,NULL,40719,0,NULL,1,0,0,1),(1489,NULL,'2120-02',2120,2,'2120-02-01','2120-02-28',NULL,NULL,40719,0,NULL,1,0,0,1),(1490,NULL,'2120-03',2120,3,'2120-03-01','2120-03-31',NULL,NULL,40719,0,NULL,1,0,0,1),(1491,NULL,'2120-04',2120,4,'2120-04-01','2120-04-30',NULL,NULL,40719,0,NULL,1,0,0,1),(1492,NULL,'2120-05',2120,5,'2120-05-01','2120-05-31',NULL,NULL,40719,0,NULL,1,0,0,1),(1493,NULL,'2120-06',2120,6,'2120-06-01','2120-06-30',NULL,NULL,40719,0,NULL,1,0,0,1),(1494,NULL,'2120-07',2120,7,'2120-07-01','2120-07-31',NULL,NULL,40719,0,NULL,1,0,0,1),(1495,NULL,'2120-08',2120,8,'2120-08-01','2120-08-31',NULL,NULL,40719,0,NULL,1,0,0,1),(1496,NULL,'2120-09',2120,9,'2120-09-01','2120-09-30',NULL,NULL,40719,0,NULL,1,0,0,1),(1497,NULL,'2120-10',2120,10,'2120-10-01','2120-10-31',NULL,NULL,40719,0,NULL,1,0,0,1),(1498,NULL,'2120-11',2120,11,'2120-11-01','2120-11-30',NULL,NULL,40719,0,NULL,1,0,0,1),(1499,NULL,'2120-12',2120,12,'2120-12-01','2120-12-31',NULL,NULL,40719,0,NULL,1,0,0,1),(1503,NULL,'2121-01',2121,1,'2121-01-01','2121-01-31',NULL,NULL,40719,0,NULL,1,0,0,1),(1504,NULL,'2121-02',2121,2,'2121-02-01','2121-02-28',NULL,NULL,40719,0,NULL,1,0,0,1),(1505,NULL,'2121-03',2121,3,'2121-03-01','2121-03-31',NULL,NULL,40719,0,NULL,1,0,0,1),(1506,NULL,'2121-04',2121,4,'2121-04-01','2121-04-30',NULL,NULL,40719,0,NULL,1,0,0,1),(1507,NULL,'2121-05',2121,5,'2121-05-01','2121-05-31',NULL,NULL,40719,0,NULL,1,0,0,1),(1508,NULL,'2121-06',2121,6,'2121-06-01','2121-06-30',NULL,NULL,40719,0,NULL,1,0,0,1),(1509,NULL,'2121-07',2121,7,'2121-07-01','2121-07-31',NULL,NULL,40719,0,NULL,1,0,0,1),(1510,NULL,'2121-08',2121,8,'2121-08-01','2121-08-31',NULL,NULL,40719,0,NULL,1,0,0,1),(1511,NULL,'2121-09',2121,9,'2121-09-01','2121-09-30',NULL,NULL,40719,0,NULL,1,0,0,1),(1512,NULL,'2121-10',2121,10,'2121-10-01','2121-10-31',NULL,NULL,40719,0,NULL,1,0,0,1);
INSERT INTO `periods` VALUES (1513,NULL,'2121-11',2121,11,'2121-11-01','2121-11-30',NULL,NULL,40719,0,NULL,1,0,0,1),(1514,NULL,'2121-12',2121,12,'2121-12-01','2121-12-31',NULL,NULL,40719,0,NULL,1,0,0,1),(1518,NULL,'2020-01',2020,1,'2020-01-01','2020-01-31',NULL,NULL,40719,0,NULL,1,0,0,1),(1519,NULL,'2020-02',2020,2,'2020-02-01','2020-02-28',NULL,NULL,40719,0,NULL,1,0,0,1),(1520,NULL,'2020-03',2020,3,'2020-03-01','2020-03-31',NULL,NULL,40719,0,NULL,1,0,0,1),(1521,NULL,'2020-04',2020,4,'2020-04-01','2020-04-30',NULL,NULL,40719,0,NULL,1,0,0,1),(1522,NULL,'2020-05',2020,5,'2020-05-01','2020-05-31',NULL,NULL,40719,0,NULL,1,0,0,1),(1523,NULL,'2020-06',2020,6,'2020-06-01','2020-06-30',NULL,NULL,40719,0,NULL,1,0,0,1),(1524,NULL,'2020-07',2020,7,'2020-07-01','2020-07-31',NULL,NULL,40719,0,NULL,1,0,0,1),(1525,NULL,'2020-08',2020,8,'2020-08-01','2020-08-31',NULL,NULL,40719,0,NULL,1,0,0,1),(1526,NULL,'2020-09',2020,9,'2020-09-01','2020-09-30',NULL,NULL,40719,0,NULL,1,0,0,1),(1527,NULL,'2020-10',2020,10,'2020-10-01','2020-10-31',NULL,NULL,40719,0,NULL,1,0,0,1),(1528,NULL,'2020-11',2020,11,'2020-11-01','2020-11-30',NULL,NULL,40719,0,NULL,1,0,0,1),(1529,NULL,'2020-12',2020,12,'2020-12-01','2020-12-31',NULL,NULL,40719,0,NULL,1,0,0,1);

--
-- Table structure for table `person_activities`
--

CREATE TABLE `person_activities` (
  `id` int(10) unsigned NOT NULL AUTO_INCREMENT,
  `user_id` int(10) unsigned DEFAULT NULL,
  `person_id` int(10) unsigned NOT NULL,
  `activity_id` int(10) unsigned NOT NULL,
  `is_principal` tinyint(1) NOT NULL DEFAULT '0',
  `created_at` timestamp NULL DEFAULT NULL,
  `updated_at` timestamp NULL DEFAULT NULL,
  `deleted_at` timestamp NULL DEFAULT NULL,
  PRIMARY KEY (`id`),
  KEY `person_activities_person_id_foreign` (`person_id`),
  KEY `person_activities_activity_id_foreign` (`activity_id`),
  CONSTRAINT `person_activities_activity_id_foreign` FOREIGN KEY (`activity_id`) REFERENCES `activities` (`id`),
  CONSTRAINT `person_activities_person_id_foreign` FOREIGN KEY (`person_id`) REFERENCES `persons` (`id`)
) ENGINE=InnoDB AUTO_INCREMENT=23 DEFAULT CHARSET=utf8mb4 COLLATE=utf8mb4_unicode_ci;

--
-- Dumping data for table `person_activities`
--

INSERT INTO `person_activities` VALUES (20,3104,40719,731,1,'2021-12-30 16:55:19','2021-12-30 16:55:19',NULL),(21,3104,40719,741,0,'2021-12-30 16:55:19','2021-12-30 16:55:19',NULL),(22,3104,40719,853,0,'2021-12-30 16:55:19','2021-12-30 16:55:19',NULL);

--
-- Table structure for table `person_configurations`
--

CREATE TABLE `person_configurations` (
  `id` int(10) unsigned NOT NULL AUTO_INCREMENT,
  `user_id` int(10) unsigned DEFAULT NULL,
  `person_id` int(10) unsigned NOT NULL,
  `period_id` int(10) unsigned DEFAULT NULL,
  `zone_id` int(10) unsigned DEFAULT NULL,
  `settle_calc_by_coef` int(11) NOT NULL DEFAULT '0',
  `created_at` timestamp NULL DEFAULT NULL,
  `updated_at` timestamp NULL DEFAULT NULL,
  `active` int(10) unsigned DEFAULT NULL,
  `enviarMail` int(11) DEFAULT '1',
  `honorario` decimal(16,2) DEFAULT '0.00',
  `cta_cte_tesoreria_cuenta_id` int(10) unsigned DEFAULT NULL,
  `month_close` int(10) unsigned DEFAULT NULL,
  `iva_condition_id` int(10) unsigned DEFAULT NULL,
  `obligation_sell` int(10) unsigned DEFAULT NULL,
  `obligation_buy` int(10) unsigned DEFAULT NULL,
  `obligation_iva` int(10) unsigned DEFAULT NULL,
  `obligation_electronic_receipt` int(10) unsigned DEFAULT NULL,
  `obligation_iibb` int(10) unsigned DEFAULT NULL,
  `obligation_other_taxes` int(10) unsigned DEFAULT NULL,
  `liquidation_start_period` varchar(7) COLLATE utf8mb4_unicode_ci DEFAULT NULL,
  `obligation_salaries` int(10) unsigned DEFAULT NULL,
  `empleada_domestica` tinyint(1) NOT NULL DEFAULT '0',
  `prorratear_iva` tinyint(1) NOT NULL DEFAULT '0',
  `is_itc` tinyint(1) NOT NULL DEFAULT '0',
  `priority_order` int(10) unsigned DEFAULT NULL,
  `person_id_administrador` int(11) DEFAULT NULL,
  `person_id_titular` int(11) DEFAULT NULL,
  `logo_path` varchar(180) COLLATE utf8mb4_unicode_ci DEFAULT NULL,
  `certificado_afip_path` varchar(180) COLLATE utf8mb4_unicode_ci DEFAULT NULL,
  `llave_afip_path` varchar(180) COLLATE utf8mb4_unicode_ci DEFAULT NULL,
  `access_electronic_receipt` int(10) unsigned DEFAULT '0',
  `ruta_logo_fa` varchar(100) COLLATE utf8mb4_unicode_ci DEFAULT NULL,
  `inicio_actividades` date DEFAULT NULL,
  `iibb` varchar(191) COLLATE utf8mb4_unicode_ci DEFAULT NULL,
  `fe_leyenda` varchar(191) COLLATE utf8mb4_unicode_ci DEFAULT NULL,
  `atencion_iva` tinyint(1) NOT NULL DEFAULT '0',
  `atencion_iva_comentario` varchar(191) COLLATE utf8mb4_unicode_ci DEFAULT NULL,
  `atencion_iibb` tinyint(1) NOT NULL DEFAULT '0',
  `atencion_iibb_comentario` varchar(191) COLLATE utf8mb4_unicode_ci DEFAULT NULL,
  `deleted_at` timestamp NULL DEFAULT NULL,
  PRIMARY KEY (`id`),
  KEY `person_configurations_person_id_foreign` (`person_id`),
  KEY `person_configurations_period_id_foreign` (`period_id`),
  KEY `person_configurations_zone_id_foreign` (`zone_id`),
  KEY `person_configurations_iva_condition_id_foreign` (`iva_condition_id`),
  KEY `person_configurations_cta_cte_tesoreria_cuenta_id_foreign` (`cta_cte_tesoreria_cuenta_id`),
  CONSTRAINT `person_configurations_cta_cte_tesoreria_cuenta_id_foreign` FOREIGN KEY (`cta_cte_tesoreria_cuenta_id`) REFERENCES `cta_cte_tesoreria_cuentas` (`id`),
  CONSTRAINT `person_configurations_iva_condition_id_foreign` FOREIGN KEY (`iva_condition_id`) REFERENCES `iva_conditions` (`id`),
  CONSTRAINT `person_configurations_period_id_foreign` FOREIGN KEY (`period_id`) REFERENCES `periods` (`id`),
  CONSTRAINT `person_configurations_person_id_foreign` FOREIGN KEY (`person_id`) REFERENCES `persons` (`id`),
  CONSTRAINT `person_configurations_zone_id_foreign` FOREIGN KEY (`zone_id`) REFERENCES `zones` (`id`)
) ENGINE=InnoDB AUTO_INCREMENT=3 DEFAULT CHARSET=utf8mb4 COLLATE=utf8mb4_unicode_ci;

--
-- Dumping data for table `person_configurations`
--

INSERT INTO `person_configurations` VALUES (2,3104,40719,NULL,NULL,0,'2021-03-15 10:27:18','2021-12-30 16:55:19',2,1,0.00,NULL,12,2,0,0,0,0,3,NULL,'2021-3',1,0,0,0,2,40719,40719,NULL,NULL,NULL,0,'img//27127953193/logo.jpg','2001-03-14','27-12795319-3',NULL,0,NULL,0,NULL,NULL);

--
-- Table structure for table `person_liquidators`
--

CREATE TABLE `person_liquidators` (
  `id` int(10) unsigned NOT NULL AUTO_INCREMENT,
  `user_id` int(10) unsigned DEFAULT NULL,
  `person_id` int(10) unsigned NOT NULL,
  `liquidator_id` int(10) unsigned NOT NULL,
  `created_at` timestamp NULL DEFAULT NULL,
  `updated_at` timestamp NULL DEFAULT NULL,
  `deleted_at` timestamp NULL DEFAULT NULL,
  PRIMARY KEY (`id`),
  KEY `person_liquidators_person_id_foreign` (`person_id`),
  KEY `person_liquidators_liquidator_id_foreign` (`liquidator_id`),
  CONSTRAINT `person_liquidators_liquidator_id_foreign` FOREIGN KEY (`liquidator_id`) REFERENCES `liquidators` (`id`),
  CONSTRAINT `person_liquidators_person_id_foreign` FOREIGN KEY (`person_id`) REFERENCES `persons` (`id`)
) ENGINE=InnoDB DEFAULT CHARSET=utf8mb4 COLLATE=utf8mb4_unicode_ci;

--
-- Dumping data for table `person_liquidators`
--


--
-- Table structure for table `person_pay_methods`
--

CREATE TABLE `person_pay_methods` (
  `id` int(10) unsigned NOT NULL AUTO_INCREMENT,
  `user_id` int(10) unsigned DEFAULT NULL,
  `person_id` int(10) unsigned NOT NULL,
  `pay_method_id` int(10) unsigned NOT NULL,
  `created_at` timestamp NULL DEFAULT NULL,
  `updated_at` timestamp NULL DEFAULT NULL,
  `deleted_at` timestamp NULL DEFAULT NULL,
  PRIMARY KEY (`id`),
  KEY `person_pay_methods_person_id_foreign` (`person_id`),
  KEY `person_pay_methods_pay_method_id_foreign` (`pay_method_id`),
  CONSTRAINT `person_pay_methods_pay_method_id_foreign` FOREIGN KEY (`pay_method_id`) REFERENCES `pay_methods` (`id`),
  CONSTRAINT `person_pay_methods_person_id_foreign` FOREIGN KEY (`person_id`) REFERENCES `persons` (`id`)
) ENGINE=InnoDB DEFAULT CHARSET=utf8mb4 COLLATE=utf8mb4_unicode_ci;

--
-- Dumping data for table `person_pay_methods`
--


--
-- Table structure for table `person_types`
--

CREATE TABLE `person_types` (
  `id` int(10) unsigned NOT NULL AUTO_INCREMENT,
  `user_id` int(10) unsigned DEFAULT NULL,
  `description` varchar(180) COLLATE utf8mb4_unicode_ci NOT NULL,
  `created_at` timestamp NULL DEFAULT NULL,
  `updated_at` timestamp NULL DEFAULT NULL,
  `deleted_at` timestamp NULL DEFAULT NULL,
  PRIMARY KEY (`id`),
  UNIQUE KEY `person_types_description_unique` (`description`)
) ENGINE=InnoDB AUTO_INCREMENT=3 DEFAULT CHARSET=utf8mb4 COLLATE=utf8mb4_unicode_ci;

--
-- Dumping data for table `person_types`
--

INSERT INTO `person_types` VALUES (1,NULL,'Persona Humana',NULL,NULL,NULL),(2,NULL,'Persona Juridica',NULL,NULL,NULL);

--
-- Table structure for table `person_zone_actividad`
--

CREATE TABLE `person_zone_actividad` (
  `id` int(10) unsigned NOT NULL AUTO_INCREMENT,
  `user_id` int(10) unsigned DEFAULT NULL,
  `person_id` int(10) unsigned NOT NULL,
  `zone_id` int(10) unsigned NOT NULL,
  `actividad_id` int(10) unsigned NOT NULL,
  `calculo_iibb` int(11) NOT NULL,
  `coef` decimal(16,5) NOT NULL DEFAULT '0.00000',
  `alicuota` decimal(16,5) NOT NULL DEFAULT '0.00000',
  `cm_articulo_regimen_id` int(10) unsigned NOT NULL DEFAULT '1',
  `habilitado` tinyint(1) NOT NULL DEFAULT '1',
  `created_at` timestamp NULL DEFAULT NULL,
  `updated_at` timestamp NULL DEFAULT NULL,
  `deleted_at` timestamp NULL DEFAULT NULL,
  PRIMARY KEY (`id`),
  KEY `person_zone_actividad_person_id_foreign` (`person_id`),
  KEY `person_zone_actividad_zone_id_foreign` (`zone_id`),
  KEY `person_zone_actividad_actividad_id_foreign` (`actividad_id`),
  KEY `person_zone_actividad_cm_articulo_regimen_id_foreign` (`cm_articulo_regimen_id`),
  CONSTRAINT `person_zone_actividad_actividad_id_foreign` FOREIGN KEY (`actividad_id`) REFERENCES `activities` (`id`),
  CONSTRAINT `person_zone_actividad_cm_articulo_regimen_id_foreign` FOREIGN KEY (`cm_articulo_regimen_id`) REFERENCES `cm_articulos_regimenes` (`id`),
  CONSTRAINT `person_zone_actividad_person_id_foreign` FOREIGN KEY (`person_id`) REFERENCES `persons` (`id`),
  CONSTRAINT `person_zone_actividad_zone_id_foreign` FOREIGN KEY (`zone_id`) REFERENCES `zones` (`id`)
) ENGINE=InnoDB AUTO_INCREMENT=20 DEFAULT CHARSET=utf8mb4 COLLATE=utf8mb4_unicode_ci;

--
-- Dumping data for table `person_zone_actividad`
--

INSERT INTO `person_zone_actividad` VALUES (17,3104,40719,23,731,2,0.00000,0.00000,1,1,'2021-12-30 16:55:19','2021-12-30 16:55:19',NULL),(18,3104,40719,23,741,2,0.00000,0.00000,1,1,'2021-12-30 16:55:19','2021-12-30 16:55:19',NULL),(19,3104,40719,23,853,2,0.00000,0.00000,1,1,'2021-12-30 16:55:19','2021-12-30 16:55:19',NULL);

--
-- Table structure for table `person_zones`
--

CREATE TABLE `person_zones` (
  `id` int(10) unsigned NOT NULL AUTO_INCREMENT,
  `user_id` int(10) unsigned DEFAULT NULL,
  `sifere_coef` decimal(8,4) NOT NULL DEFAULT '0.0000',
  `iibb_aliquot` decimal(8,4) NOT NULL DEFAULT '0.0000',
  `zone_id` int(10) unsigned NOT NULL,
  `is_principal` tinyint(1) NOT NULL DEFAULT '0',
  `iibb_perception_id` int(10) unsigned DEFAULT NULL,
  `retention_id` int(10) unsigned DEFAULT NULL,
  `activity_id` int(10) unsigned DEFAULT NULL,
  `created_at` timestamp NULL DEFAULT NULL,
  `updated_at` timestamp NULL DEFAULT NULL,
  `person_id` int(10) unsigned NOT NULL,
  `deleted_at` timestamp NULL DEFAULT NULL,
  PRIMARY KEY (`id`),
  KEY `person_zones_zone_id_foreign` (`zone_id`),
  KEY `person_zones_person_id_foreign` (`person_id`),
  CONSTRAINT `person_zones_person_id_foreign` FOREIGN KEY (`person_id`) REFERENCES `persons` (`id`),
  CONSTRAINT `person_zones_zone_id_foreign` FOREIGN KEY (`zone_id`) REFERENCES `zones` (`id`)
) ENGINE=InnoDB AUTO_INCREMENT=10 DEFAULT CHARSET=utf8mb4 COLLATE=utf8mb4_unicode_ci;

--
-- Dumping data for table `person_zones`
--

INSERT INTO `person_zones` VALUES (9,3104,0.0000,0.0000,23,1,NULL,NULL,NULL,'2021-12-30 16:55:19','2021-12-30 16:55:19',40719,NULL);

--
-- Table structure for table `persons`
--

CREATE TABLE `persons` (
  `id` int(10) unsigned NOT NULL AUTO_INCREMENT,
  `user_id` int(10) unsigned DEFAULT NULL,
  `field_name1` varchar(255) COLLATE utf8mb4_unicode_ci NOT NULL,
  `field_name2` varchar(255) COLLATE utf8mb4_unicode_ci DEFAULT NULL,
  `document_type` varchar(10) COLLATE utf8mb4_unicode_ci NOT NULL,
  `document` varchar(30) COLLATE utf8mb4_unicode_ci NOT NULL,
  `cond_frente_al_iva_id` int(10) unsigned DEFAULT NULL,
  `country_id` int(10) unsigned DEFAULT NULL,
  `state_id` int(10) unsigned DEFAULT NULL,
  `zone_id` int(10) unsigned DEFAULT NULL,
  `plan_cuenta_id` int(10) unsigned DEFAULT NULL,
  `iva_creditos_tipo_id` int(10) unsigned DEFAULT NULL,
  `created_at` timestamp NULL DEFAULT NULL,
  `updated_at` timestamp NULL DEFAULT NULL,
  `activity_id` int(10) unsigned DEFAULT NULL,
  `address` varchar(500) COLLATE utf8mb4_unicode_ci DEFAULT NULL,
  `person_type_id` int(10) unsigned DEFAULT NULL,
  `fa_iva_condition_id` int(10) unsigned DEFAULT NULL,
  `fa_codigo_postal` varchar(180) COLLATE utf8mb4_unicode_ci DEFAULT NULL,
  `email` varchar(180) COLLATE utf8mb4_unicode_ci DEFAULT NULL,
  `deleted_at` timestamp NULL DEFAULT NULL,
  PRIMARY KEY (`id`),
  UNIQUE KEY `document_UNIQUE` (`document`),
  KEY `persons_zone_id_foreign` (`zone_id`),
  KEY `persons_person_type_id_foreign` (`person_type_id`),
  KEY `persons_plan_cuenta_id_foreign` (`plan_cuenta_id`),
  KEY `persons_iva_creditos_tipo_id_foreign` (`iva_creditos_tipo_id`),
  KEY `persons_cond_frente_al_iva_id_foreign` (`cond_frente_al_iva_id`),
  CONSTRAINT `persons_cond_frente_al_iva_id_foreign` FOREIGN KEY (`cond_frente_al_iva_id`) REFERENCES `condicion_frente_al_iva` (`id`),
  CONSTRAINT `persons_iva_creditos_tipo_id_foreign` FOREIGN KEY (`iva_creditos_tipo_id`) REFERENCES `iva_creditos_tipos` (`id`),
  CONSTRAINT `persons_person_type_id_foreign` FOREIGN KEY (`person_type_id`) REFERENCES `person_types` (`id`),
  CONSTRAINT `persons_plan_cuenta_id_foreign` FOREIGN KEY (`plan_cuenta_id`) REFERENCES `conta_plan_cuenta` (`id`),
  CONSTRAINT `persons_zone_id_foreign` FOREIGN KEY (`zone_id`) REFERENCES `zones` (`id`)
) ENGINE=InnoDB AUTO_INCREMENT=40750 DEFAULT CHARSET=utf8mb4 COLLATE=utf8mb4_unicode_ci;

--
-- Dumping data for table `persons`
--

INSERT INTO `persons` VALUES (3,NULL,'Larzabal Hernan',NULL,'cuit','20-28468190-9',NULL,NULL,22,22,NULL,NULL,'2018-05-12 20:55:07','2018-05-14 01:54:15',1,NULL,1,NULL,NULL,NULL,NULL),(40717,NULL,'Taxes Software',NULL,'cuit','30-71625124-8',NULL,NULL,22,22,NULL,NULL,NULL,NULL,NULL,NULL,2,NULL,NULL,NULL,NULL),(40718,NULL,'Consumidor Final',NULL,'cuit','20-11111111-2',NULL,NULL,22,22,NULL,NULL,NULL,NULL,NULL,NULL,NULL,NULL,NULL,NULL,NULL),(40719,3104,'ALVAREDO CRISTINA EMA',NULL,'cuit','27-12795319-3',NULL,NULL,NULL,NULL,NULL,NULL,'2021-03-15 16:27:15','2021-03-15 14:20:04',1,'Ntra Sra del Buen Viaje 810 - Morón',1,NULL,NULL,NULL,NULL),(40720,3104,'CF',NULL,'dni','99999999',NULL,NULL,23,23,96,NULL,'2021-03-17 06:46:15','2021-03-17 06:46:15',NULL,NULL,1,NULL,NULL,NULL,NULL),(40721,3104,'99-99999999-9',NULL,'cuit','99-99999999-9',NULL,NULL,NULL,NULL,NULL,NULL,'2021-03-18 14:25:27','2021-03-18 14:25:27',NULL,NULL,NULL,NULL,NULL,NULL,NULL),(40722,3104,'MUNICIPALIDAD DE MORON',NULL,'cuit','30-99927325-0',NULL,NULL,NULL,NULL,NULL,NULL,'2021-03-18 14:25:27','2021-03-18 14:25:27',NULL,NULL,NULL,NULL,NULL,NULL,NULL),(40723,3104,'BAPRO MEDIOS DE PAGO S A',NULL,'cuit','30-70495034-5',NULL,NULL,NULL,NULL,NULL,NULL,'2021-03-18 14:25:27','2021-03-18 14:25:27',NULL,NULL,NULL,NULL,NULL,NULL,NULL),(40724,3104,'TELEFONICA DE ARGENTINA SA',NULL,'cuit','30-63945397-5',NULL,NULL,NULL,NULL,NULL,NULL,'2021-03-18 14:39:29','2021-03-18 14:39:29',NULL,NULL,NULL,NULL,NULL,NULL,NULL),(40725,3104,'TELEFONICA MOVILES ARGENTINA SOCIEDAD ANONIMA',NULL,'cuit','30-67881435-7',NULL,NULL,NULL,NULL,NULL,NULL,'2021-03-18 14:39:29','2021-03-18 14:39:29',NULL,NULL,NULL,NULL,NULL,NULL,NULL),(40726,3104,'FARMACIA CENTRAL MORON SOCIEDAD DE RESPONSABILIDAD LIMITADA',NULL,'cuit','30-57388674-3',NULL,NULL,NULL,NULL,NULL,NULL,'2021-03-18 14:39:29','2021-03-18 14:39:29',NULL,NULL,NULL,NULL,NULL,NULL,NULL),(40727,3104,'COTO CENTRO INTEGRAL DE COMERCIALIZACION SOCIEDAD ANONIMA',NULL,'cuit','30-54808315-6',NULL,NULL,NULL,NULL,NULL,NULL,'2021-03-18 14:39:29','2021-03-18 14:39:29',NULL,NULL,NULL,NULL,NULL,NULL,NULL),(40728,3104,'NUCERA HERMANOS',NULL,'cuit','30-71627475-2',NULL,NULL,NULL,NULL,NULL,NULL,'2021-03-18 14:39:29','2021-03-18 14:39:29',NULL,NULL,NULL,NULL,NULL,NULL,NULL),(40729,3104,'OSDE ORGANIZACION DE SERVICIOS DIRECTOS EMPRESARIOS',NULL,'cuit','30-54674125-3',NULL,NULL,NULL,NULL,NULL,NULL,'2021-03-18 14:39:29','2021-03-18 14:39:29',NULL,NULL,NULL,NULL,NULL,NULL,NULL),(40730,3104,'TELECOM ARGENTINA SOCIEDAD ANONIMA',NULL,'cuit','30-63945373-8',NULL,NULL,NULL,NULL,NULL,NULL,'2021-03-18 14:39:29','2021-03-18 14:39:29',NULL,NULL,NULL,NULL,NULL,NULL,NULL),(40731,3104,'EQUIFAX ARGENTINA SOCIEDAD ANONIMA',NULL,'cuit','30-51973911-5',NULL,NULL,NULL,NULL,NULL,NULL,'2021-03-18 14:39:29','2021-03-18 14:39:29',NULL,NULL,NULL,NULL,NULL,NULL,NULL),(40732,3104,'EMPRESA DISTRIBUIDORA Y COMERCIALIZACION NORTE S.A.',NULL,'cuit','30-65511620-2',NULL,NULL,NULL,NULL,NULL,NULL,'2021-03-19 00:22:43','2021-03-19 00:22:43',NULL,NULL,1,NULL,NULL,NULL,NULL),(40733,3104,'RESIMPLE S.A',NULL,'cuit','30-71641634-4',NULL,NULL,NULL,NULL,NULL,NULL,'2021-03-20 06:00:56','2021-03-20 06:00:56',NULL,NULL,NULL,NULL,NULL,NULL,NULL),(40734,3104,'DIAMOND SYSTEM S.A.',NULL,'cuit','30-71105076-7',NULL,NULL,23,23,NULL,NULL,'2021-03-21 02:27:35','2021-03-21 02:27:35',NULL,NULL,2,NULL,NULL,NULL,NULL),(40735,3104,'ALVAREZ ORTS ALEJANDRO CLAUDIO',NULL,'cuit','20-14327276-2',NULL,NULL,NULL,NULL,NULL,NULL,'2021-03-21 08:00:52','2021-03-21 08:00:52',NULL,NULL,NULL,NULL,NULL,NULL,NULL),(40736,3104,'SIMON ROBERTO DANIEL',NULL,'cuit','20-17163460-2',NULL,NULL,NULL,NULL,NULL,NULL,'2021-03-21 08:00:52','2021-03-21 08:00:52',NULL,NULL,NULL,NULL,NULL,NULL,NULL),(40737,3104,'RECAUDACIONES ELECTRONICAS S.A.',NULL,'cuit','30-70972584-6',NULL,NULL,NULL,NULL,NULL,NULL,'2021-03-21 08:01:48','2021-03-21 08:01:48',NULL,NULL,NULL,NULL,NULL,NULL,NULL);
INSERT INTO `persons` VALUES (40738,3104,'FRACCAROLLI ENEAS JEREMIAS',NULL,'cuit','20-35087507-8',NULL,NULL,NULL,NULL,NULL,NULL,'2021-04-03 23:40:15','2021-04-03 23:40:15',NULL,NULL,NULL,NULL,NULL,NULL,NULL),(40739,3104,'RUBINSTEIN JAVIER EDGARDO',NULL,'cuit','20-14316530-3',NULL,NULL,NULL,NULL,NULL,NULL,'2021-04-03 23:40:15','2021-04-03 23:40:15',NULL,NULL,NULL,NULL,NULL,NULL,NULL),(40740,3104,'PONSO RUBEN DARIO',NULL,'cuit','20-29118022-2',NULL,NULL,NULL,NULL,NULL,NULL,'2021-05-15 21:46:59','2021-05-15 21:46:59',NULL,NULL,NULL,NULL,NULL,NULL,NULL),(40741,3104,'ARTE GRAFICO EDITORIAL ARGENTINO S A',NULL,'cuit','30-50012415-2',NULL,NULL,NULL,NULL,NULL,NULL,'2021-06-21 02:12:31','2021-06-21 02:12:31',NULL,NULL,NULL,NULL,NULL,NULL,NULL),(40742,3104,'CREDICUOTAS CONSUMO SA',NULL,'cuit','30-71091158-0',NULL,NULL,NULL,NULL,NULL,NULL,'2021-08-22 07:55:24','2021-08-22 07:55:24',NULL,NULL,NULL,NULL,NULL,NULL,NULL),(40743,3104,'ELECTRICIDAD SAN MARTIN SOCIEDAD ANONIMA',NULL,'cuit','30-58905234-6',NULL,NULL,NULL,NULL,NULL,NULL,'2021-09-20 01:13:41','2021-09-20 01:13:41',NULL,NULL,NULL,NULL,NULL,NULL,NULL),(40744,3104,'REPARTOSYA  SA',NULL,'cuit','33-71566736-9',NULL,NULL,NULL,NULL,NULL,NULL,'2021-09-20 01:13:42','2021-09-20 01:13:42',NULL,NULL,NULL,NULL,NULL,NULL,NULL),(40745,3104,'NEO SEGURIDAD S A',NULL,'cuit','30-71025159-9',NULL,NULL,NULL,NULL,NULL,NULL,'2021-09-20 01:23:54','2021-09-20 01:23:54',NULL,NULL,NULL,NULL,NULL,NULL,NULL),(40746,3104,'SUCESION DE LUPARIELLO JUANA RITA CARMELA',NULL,'cuit','27-93212740-2',NULL,NULL,NULL,NULL,NULL,NULL,'2021-09-20 01:23:54','2021-09-20 01:23:54',NULL,NULL,NULL,NULL,NULL,NULL,NULL),(40747,3104,'KEEP IT SIMPLE SRL',NULL,'cuit','30-71497973-2',NULL,NULL,NULL,NULL,NULL,NULL,'2021-09-20 01:23:55','2021-09-20 01:23:55',NULL,NULL,NULL,NULL,NULL,NULL,NULL),(40749,3104,'TOTAL HOME SA',NULL,'cuit','30-71179042-6',NULL,NULL,NULL,NULL,NULL,NULL,'2021-09-20 01:50:34','2021-09-20 01:50:34',NULL,NULL,NULL,NULL,NULL,NULL,NULL);

--
-- Table structure for table `presupuesto_config`
--

CREATE TABLE `presupuesto_config` (
  `id` int(10) unsigned NOT NULL AUTO_INCREMENT,
  `user_id` int(10) unsigned DEFAULT NULL,
  `person_id` int(10) unsigned NOT NULL,
  `num_inicial` int(10) unsigned NOT NULL DEFAULT '0',
  `created_at` timestamp NULL DEFAULT NULL,
  `updated_at` timestamp NULL DEFAULT NULL,
  `deleted_at` timestamp NULL DEFAULT NULL,
  PRIMARY KEY (`id`),
  KEY `presupuesto_config_person_id_foreign` (`person_id`),
  CONSTRAINT `presupuesto_config_person_id_foreign` FOREIGN KEY (`person_id`) REFERENCES `persons` (`id`)
) ENGINE=InnoDB DEFAULT CHARSET=utf8mb4 COLLATE=utf8mb4_unicode_ci;

--
-- Dumping data for table `presupuesto_config`
--


--
-- Table structure for table `presupuestos`
--

CREATE TABLE `presupuestos` (
  `id` int(10) unsigned NOT NULL AUTO_INCREMENT,
  `user_id` int(10) unsigned NOT NULL,
  `fecha` date NOT NULL DEFAULT '2019-12-23',
  `punto_venta_id` int(10) unsigned NOT NULL,
  `system_tax_id` int(10) unsigned NOT NULL DEFAULT '7',
  `numero` int(10) unsigned NOT NULL,
  `person_id` int(10) unsigned NOT NULL,
  `person_id_receptor` int(10) unsigned NOT NULL DEFAULT '3',
  `texto` longtext COLLATE utf8mb4_unicode_ci,
  `iva_si_no` tinyint(1) NOT NULL DEFAULT '0',
  `neto` decimal(16,2) NOT NULL DEFAULT '0.00',
  `iva` decimal(16,2) NOT NULL DEFAULT '0.00',
  `total` decimal(16,2) NOT NULL DEFAULT '0.00',
  `comentario` varchar(191) COLLATE utf8mb4_unicode_ci DEFAULT NULL,
  `created_at` timestamp NULL DEFAULT NULL,
  `updated_at` timestamp NULL DEFAULT NULL,
  `deleted_at` timestamp NULL DEFAULT NULL,
  PRIMARY KEY (`id`),
  KEY `presupuestos_punto_venta_id_foreign` (`punto_venta_id`),
  KEY `presupuestos_person_id_foreign` (`person_id`),
  KEY `presupuestos_person_id_receptor_foreign` (`person_id_receptor`),
  KEY `presupuestos_system_tax_id_foreign` (`system_tax_id`),
  CONSTRAINT `presupuestos_person_id_foreign` FOREIGN KEY (`person_id`) REFERENCES `persons` (`id`),
  CONSTRAINT `presupuestos_person_id_receptor_foreign` FOREIGN KEY (`person_id_receptor`) REFERENCES `persons` (`id`),
  CONSTRAINT `presupuestos_punto_venta_id_foreign` FOREIGN KEY (`punto_venta_id`) REFERENCES `fact_elec_puntos_venta` (`id`),
  CONSTRAINT `presupuestos_system_tax_id_foreign` FOREIGN KEY (`system_tax_id`) REFERENCES `system_taxes` (`id`)
) ENGINE=InnoDB DEFAULT CHARSET=utf8mb4 COLLATE=utf8mb4_unicode_ci;

--
-- Dumping data for table `presupuestos`
--


--
-- Table structure for table `querys`
--

CREATE TABLE `querys` (
  `id` bigint(20) unsigned NOT NULL AUTO_INCREMENT,
  `user_id` int(10) unsigned DEFAULT NULL,
  `descripcion` varchar(191) COLLATE utf8mb4_unicode_ci DEFAULT NULL,
  `habilitado` tinyint(1) NOT NULL DEFAULT '1',
  `created_at` timestamp NULL DEFAULT NULL,
  `updated_at` timestamp NULL DEFAULT NULL,
  `deleted_at` timestamp NULL DEFAULT NULL,
  PRIMARY KEY (`id`)
) ENGINE=InnoDB AUTO_INCREMENT=2 DEFAULT CHARSET=utf8mb4 COLLATE=utf8mb4_unicode_ci;

--
-- Dumping data for table `querys`
--

INSERT INTO `querys` VALUES (1,NULL,'Factura Electronica Masiva Productos',1,'2022-02-01 17:33:42','2022-02-01 17:33:42',NULL);

--
-- Table structure for table `querys_details`
--

CREATE TABLE `querys_details` (
  `id` bigint(20) unsigned NOT NULL AUTO_INCREMENT,
  `user_id` int(10) unsigned DEFAULT NULL,
  `person_id` int(10) unsigned DEFAULT NULL,
  `query_id` bigint(20) unsigned NOT NULL,
  `descripcion` longtext COLLATE utf8mb4_unicode_ci,
  `created_at` timestamp NULL DEFAULT NULL,
  `updated_at` timestamp NULL DEFAULT NULL,
  `deleted_at` timestamp NULL DEFAULT NULL,
  PRIMARY KEY (`id`),
  KEY `querys_details_query_id_foreign` (`query_id`),
  KEY `querys_details_person_id_foreign` (`person_id`),
  CONSTRAINT `querys_details_person_id_foreign` FOREIGN KEY (`person_id`) REFERENCES `persons` (`id`),
  CONSTRAINT `querys_details_query_id_foreign` FOREIGN KEY (`query_id`) REFERENCES `querys` (`id`)
) ENGINE=InnoDB DEFAULT CHARSET=utf8mb4 COLLATE=utf8mb4_unicode_ci;

--
-- Dumping data for table `querys_details`
--


--
-- Table structure for table `queue_proceso_resultado`
--

CREATE TABLE `queue_proceso_resultado` (
  `id` int(10) unsigned NOT NULL AUTO_INCREMENT,
  `user_id` int(10) unsigned DEFAULT NULL,
  `queue_proceso_id` int(10) unsigned DEFAULT NULL,
  `resultado` longtext COLLATE utf8mb4_unicode_ci,
  `created_at` timestamp NULL DEFAULT NULL,
  `updated_at` timestamp NULL DEFAULT NULL,
  `deleted_at` timestamp NULL DEFAULT NULL,
  PRIMARY KEY (`id`),
  KEY `queue_proceso_resultado_queue_proceso_id_foreign` (`queue_proceso_id`),
  CONSTRAINT `queue_proceso_resultado_queue_proceso_id_foreign` FOREIGN KEY (`queue_proceso_id`) REFERENCES `queue_procesos` (`id`)
) ENGINE=InnoDB DEFAULT CHARSET=utf8mb4 COLLATE=utf8mb4_unicode_ci;

--
-- Dumping data for table `queue_proceso_resultado`
--


--
-- Table structure for table `queue_procesos`
--

CREATE TABLE `queue_procesos` (
  `id` int(10) unsigned NOT NULL AUTO_INCREMENT,
  `user_id` int(10) unsigned DEFAULT NULL,
  `descripcion` text COLLATE utf8mb4_unicode_ci NOT NULL,
  `created_at` timestamp NULL DEFAULT NULL,
  `updated_at` timestamp NULL DEFAULT NULL,
  `deleted_at` timestamp NULL DEFAULT NULL,
  PRIMARY KEY (`id`)
) ENGINE=InnoDB AUTO_INCREMENT=5 DEFAULT CHARSET=utf8mb4 COLLATE=utf8mb4_unicode_ci;

--
-- Dumping data for table `queue_procesos`
--

INSERT INTO `queue_procesos` VALUES (1,NULL,'Importar - Excel',NULL,NULL,NULL),(2,NULL,'Importar - Mis Comprobantes',NULL,NULL,NULL),(3,NULL,'Importar - Portal IVA','2022-03-16 00:32:57','2022-03-16 00:32:57',NULL),(4,NULL,'Importar - Archivos PEM F8011','2022-07-10 22:54:49','2022-07-10 22:54:49',NULL);

--
-- Table structure for table `receipt_taxes`
--

CREATE TABLE `receipt_taxes` (
  `id` int(10) unsigned NOT NULL AUTO_INCREMENT,
  `user_id` int(10) unsigned DEFAULT NULL,
  `receipt_id` int(10) unsigned NOT NULL,
  `tax_id` int(10) unsigned DEFAULT NULL,
  `amount` decimal(16,2) NOT NULL,
  `tax_amount` decimal(16,2) NOT NULL DEFAULT '0.00',
  `taxable_iibb` int(11) NOT NULL DEFAULT '0',
  `iva_iibb` int(11) NOT NULL DEFAULT '0',
  `created_at` timestamp NULL DEFAULT NULL,
  `updated_at` timestamp NULL DEFAULT NULL,
  `deleted_at` timestamp NULL DEFAULT NULL,
  PRIMARY KEY (`id`),
  KEY `receipt_taxes_receipt_id_foreign` (`receipt_id`),
  CONSTRAINT `receipt_taxes_receipt_id_foreign` FOREIGN KEY (`receipt_id`) REFERENCES `receipts` (`id`)
) ENGINE=InnoDB AUTO_INCREMENT=715 DEFAULT CHARSET=utf8mb4 COLLATE=utf8mb4_unicode_ci;

--
-- Dumping data for table `receipt_taxes`
--

INSERT INTO `receipt_taxes` VALUES (1,3104,2,2,132.23,27.77,2,1,'2021-03-18 14:25:27','2021-03-18 14:25:27',NULL),(2,3104,3,2,136.36,28.64,2,1,'2021-03-18 14:25:27','2021-03-18 14:25:27',NULL),(4,3104,5,2,111.57,23.43,2,1,'2021-03-18 14:25:27','2021-03-18 14:25:27',NULL),(5,3104,6,2,111.57,23.43,2,1,'2021-03-18 14:25:27','2021-03-18 14:25:27',NULL),(6,3104,7,2,123.97,26.03,2,1,'2021-03-18 14:25:27','2021-03-18 14:25:27',NULL),(7,3104,8,2,173.55,36.45,2,1,'2021-03-18 14:25:27','2021-03-18 14:25:27',NULL),(8,3104,9,2,7167.73,1505.22,2,1,'2021-03-18 14:25:27','2021-03-18 14:25:27',NULL),(9,3104,10,6,0.00,0.00,2,1,'2021-03-18 14:25:27','2021-03-18 14:25:27',NULL),(10,3104,10,8,5420.60,0.00,2,1,'2021-03-18 14:25:27','2021-03-18 14:25:27',NULL),(11,3104,11,2,123.97,26.03,2,1,'2021-03-18 14:25:27','2021-03-18 14:25:27',NULL),(12,3104,12,2,136.36,28.64,2,1,'2021-03-18 14:25:27','2021-03-18 14:25:27',NULL),(13,3104,13,2,123.97,26.03,2,1,'2021-03-18 14:25:27','2021-03-18 14:25:27',NULL),(14,3104,14,2,123.97,26.03,2,1,'2021-03-18 14:25:27','2021-03-18 14:25:27',NULL),(18,3104,17,2,512.40,107.60,2,1,'2021-03-18 14:25:27','2021-03-18 14:25:27',NULL),(19,3104,18,2,90.91,19.09,2,1,'2021-03-18 14:25:27','2021-03-18 14:25:27',NULL),(22,3104,20,3,11.68,3.15,2,1,'2021-03-18 14:39:29','2021-03-18 14:39:29',NULL),(23,3104,21,3,11.66,3.15,2,1,'2021-03-18 14:39:29','2021-03-18 14:39:29',NULL),(24,3104,22,3,11.20,3.02,2,1,'2021-03-18 14:39:29','2021-03-18 14:39:29',NULL),(25,3104,23,3,2.37,0.64,2,1,'2021-03-18 14:39:29','2021-03-18 14:39:29',NULL),(26,3104,24,3,22.77,6.15,2,1,'2021-03-18 14:39:29','2021-03-18 14:39:29',NULL),(27,3104,25,3,43.11,11.64,2,1,'2021-03-18 14:39:29','2021-03-18 14:39:29',NULL),(28,3104,25,7,0.01,0.00,2,1,'2021-03-18 14:39:29','2021-03-18 14:39:29',NULL),(29,3104,26,3,12.84,3.47,2,1,'2021-03-18 14:39:29','2021-03-18 14:39:29',NULL),(30,3104,27,3,15.30,4.13,2,1,'2021-03-18 14:39:29','2021-03-18 14:39:29',NULL),(31,3104,28,3,11.60,3.13,2,1,'2021-03-18 14:39:29','2021-03-18 14:39:29',NULL),(32,3104,29,3,44.94,12.13,2,1,'2021-03-18 14:39:29','2021-03-18 14:39:29',NULL),(33,3104,30,3,44.94,12.14,2,1,'2021-03-18 14:39:29','2021-03-18 14:39:29',NULL),(34,3104,30,7,0.01,0.00,2,1,'2021-03-18 14:39:29','2021-03-18 14:39:29',NULL),(35,3104,31,3,13.38,3.61,2,1,'2021-03-18 14:39:29','2021-03-18 14:39:29',NULL),(38,3104,33,3,88.89,24.00,2,1,'2021-03-18 14:39:29','2021-03-18 14:39:29',NULL),(39,3104,34,3,87.44,23.60,2,1,'2021-03-18 14:39:29','2021-03-18 14:39:29',NULL),(40,3104,34,7,0.01,0.00,2,1,'2021-03-18 14:39:29','2021-03-18 14:39:29',NULL),(41,3104,35,3,67.02,18.10,2,1,'2021-03-18 14:39:29','2021-03-18 14:39:29',NULL),(42,3104,35,7,0.01,0.00,2,1,'2021-03-18 14:39:29','2021-03-18 14:39:29',NULL),(43,3104,36,3,9.67,2.62,2,1,'2021-03-18 14:39:29','2021-03-18 14:39:29',NULL),(44,3104,36,7,0.01,0.00,2,1,'2021-03-18 14:39:29','2021-03-18 14:39:29',NULL),(48,3104,39,2,13000.00,2730.00,2,1,'2021-03-18 14:39:29','2021-03-18 14:39:29',NULL),(52,3104,42,2,158.51,33.29,2,1,'2021-03-18 14:39:29','2021-03-18 14:39:29',NULL),(53,3104,42,7,0.02,0.00,2,1,'2021-03-18 14:39:29','2021-03-18 14:39:29',NULL),(66,3104,19,8,5420.60,0.00,1,1,'2021-03-18 15:36:14','2021-03-18 15:36:14',NULL),(68,3104,4,8,3900.47,0.00,1,1,'2021-03-18 15:37:14','2021-03-18 15:37:14',NULL),(69,3104,15,8,3035.00,0.00,1,1,'2021-03-18 15:40:51','2021-03-18 15:40:51',NULL),(70,3104,46,2,2031.76,426.67,2,1,'2021-03-18 20:08:10','2021-03-18 20:08:10',NULL),(71,3104,46,1000,60.95,0.00,2,1,'2021-03-18 20:08:10','2021-03-18 20:08:10',NULL),(72,3104,46,1005,0.20,0.00,2,2,'2021-03-18 20:08:10','2021-03-18 20:08:10',NULL),(78,3104,41,3,66.58,17.98,2,1,'2021-03-18 23:44:48','2021-03-18 23:44:48',NULL),(79,3104,41,2,3440.00,722.40,2,1,'2021-03-18 23:44:48','2021-03-18 23:44:48',NULL),(80,3104,41,1000,105.20,0.00,2,1,'2021-03-18 23:44:48','2021-03-18 23:44:48',NULL),(81,3104,41,1005,0.35,0.00,2,2,'2021-03-18 23:44:48','2021-03-18 23:44:48',NULL),(85,3104,51,2,3731.20,783.55,2,1,'2021-03-20 06:00:28','2021-03-20 06:00:28',NULL);
INSERT INTO `receipt_taxes` VALUES (87,3104,53,2,5.60,1.18,2,1,'2021-03-20 06:00:56','2021-03-20 06:00:56',NULL),(90,3104,55,2,158.51,33.29,2,1,'2021-03-20 06:00:56','2021-03-20 06:00:56',NULL),(91,3104,55,7,0.02,0.00,2,1,'2021-03-20 06:00:56','2021-03-20 06:00:56',NULL),(96,3104,59,2,4.00,0.84,2,1,'2021-03-20 06:00:56','2021-03-20 06:00:56',NULL),(99,3104,60,2,761.91,160.00,2,1,'2021-03-20 06:21:38','2021-03-20 06:21:38',NULL),(100,3104,60,1005,0.08,0.00,2,2,'2021-03-20 06:21:38','2021-03-20 06:21:38',NULL),(101,3104,52,3,84.84,22.91,2,1,'2021-03-20 06:52:34','2021-03-20 06:52:34',NULL),(102,3104,52,2,360.00,75.60,2,1,'2021-03-20 06:52:34','2021-03-20 06:52:34',NULL),(103,3104,54,3,108.81,29.38,2,1,'2021-03-20 07:22:23','2021-03-20 07:22:23',NULL),(104,3104,54,2,1497.50,314.48,2,1,'2021-03-20 07:22:23','2021-03-20 07:22:23',NULL),(105,3104,54,1005,0.16,0.00,2,2,'2021-03-20 07:22:23','2021-03-20 07:22:23',NULL),(106,3104,57,3,724.56,195.63,2,1,'2021-03-20 07:31:19','2021-03-20 07:31:19',NULL),(107,3104,57,1001,35.55,0.00,2,3,'2021-03-20 07:31:19','2021-03-20 07:31:19',NULL),(108,3104,57,1005,0.08,0.00,2,2,'2021-03-20 07:31:19','2021-03-20 07:31:19',NULL),(109,3104,61,2,360.00,75.60,2,1,'2021-03-21 08:00:52','2021-03-21 08:00:52',NULL),(110,3104,61,7,0.04,0.00,2,1,'2021-03-21 08:00:52','2021-03-21 08:00:52',NULL),(116,3104,65,3,19.85,5.36,2,1,'2021-03-21 08:00:52','2021-03-21 08:00:52',NULL),(117,3104,66,3,5.44,1.47,2,1,'2021-03-21 08:00:52','2021-03-21 08:00:52',NULL),(118,3104,67,3,19.85,5.36,2,1,'2021-03-21 08:00:52','2021-03-21 08:00:52',NULL),(119,3104,68,3,19.85,5.36,2,1,'2021-03-21 08:00:52','2021-03-21 08:00:52',NULL),(120,3104,69,3,19.85,5.36,2,1,'2021-03-21 08:00:52','2021-03-21 08:00:52',NULL),(127,3104,74,2,158.51,33.29,2,1,'2021-03-21 08:00:52','2021-03-21 08:00:52',NULL),(128,3104,74,7,0.02,0.00,2,1,'2021-03-21 08:00:52','2021-03-21 08:00:52',NULL),(129,3104,75,2,13000.00,2730.00,2,1,'2021-03-21 08:00:52','2021-03-21 08:00:52',NULL),(136,3104,79,1,4325.79,454.21,2,1,'2021-03-21 08:00:53','2021-03-21 08:00:53',NULL),(137,3104,79,7,0.43,0.00,2,1,'2021-03-21 08:00:53','2021-03-21 08:00:53',NULL),(139,3104,81,2,975.20,204.80,2,1,'2021-03-21 08:00:53','2021-03-21 08:00:53',NULL),(140,3104,81,7,0.10,0.00,2,1,'2021-03-21 08:00:53','2021-03-21 08:00:53',NULL),(141,3104,82,3,79.75,21.53,2,1,'2021-03-21 08:00:53','2021-03-21 08:00:53',NULL),(142,3104,82,7,0.01,0.00,2,1,'2021-03-21 08:00:53','2021-03-21 08:00:53',NULL),(143,3104,83,3,81.05,21.88,2,1,'2021-03-21 08:00:53','2021-03-21 08:00:53',NULL),(144,3104,83,7,0.01,0.00,2,1,'2021-03-21 08:00:53','2021-03-21 08:00:53',NULL),(145,3104,84,3,25.32,6.84,2,1,'2021-03-21 08:00:53','2021-03-21 08:00:53',NULL),(148,3104,86,6,0.00,0.00,2,1,'2021-03-21 08:01:47','2021-03-21 08:01:47',NULL),(149,3104,86,8,40.00,0.00,2,1,'2021-03-21 08:01:47','2021-03-21 08:01:47',NULL),(150,3104,87,6,0.00,0.00,2,1,'2021-03-21 08:01:47','2021-03-21 08:01:47',NULL),(151,3104,87,8,160.00,0.00,2,1,'2021-03-21 08:01:47','2021-03-21 08:01:47',NULL),(152,3104,88,6,0.00,0.00,2,1,'2021-03-21 08:01:47','2021-03-21 08:01:47',NULL),(153,3104,88,8,40.00,0.00,2,1,'2021-03-21 08:01:47','2021-03-21 08:01:47',NULL),(154,3104,89,6,0.00,0.00,2,1,'2021-03-21 08:01:47','2021-03-21 08:01:47',NULL),(155,3104,89,8,200.00,0.00,2,1,'2021-03-21 08:01:47','2021-03-21 08:01:47',NULL),(156,3104,90,2,6846.83,1437.83,2,1,'2021-03-21 08:01:47','2021-03-21 08:01:47',NULL),(157,3104,91,6,0.00,0.00,2,1,'2021-03-21 08:01:48','2021-03-21 08:01:48',NULL),(158,3104,91,8,1723.60,0.00,2,1,'2021-03-21 08:01:48','2021-03-21 08:01:48',NULL),(160,3104,93,2,396.69,83.31,2,1,'2021-03-21 08:01:48','2021-03-21 08:01:48',NULL),(161,3104,94,6,0.00,0.00,2,1,'2021-03-21 08:01:48','2021-03-21 08:01:48',NULL),(162,3104,94,8,4027.20,0.00,2,1,'2021-03-21 08:01:48','2021-03-21 08:01:48',NULL),(164,3104,96,6,0.00,0.00,2,1,'2021-03-21 08:01:48','2021-03-21 08:01:48',NULL),(165,3104,96,8,5741.80,0.00,2,1,'2021-03-21 08:01:48','2021-03-21 08:01:48',NULL);
INSERT INTO `receipt_taxes` VALUES (166,3104,97,2,998.64,209.71,2,1,'2021-03-21 08:01:48','2021-03-21 08:01:48',NULL),(172,3104,101,2,8264.46,1735.54,2,1,'2021-03-21 08:08:08','2021-03-21 08:08:08',NULL),(173,3104,100,2,8264.46,1735.54,2,1,'2021-03-21 08:08:45','2021-03-21 08:08:45',NULL),(174,3104,98,8,5146.40,0.00,2,1,'2021-03-21 08:09:51','2021-03-21 08:09:51',NULL),(175,3104,99,2,5785.12,1214.88,2,1,'2021-03-21 08:10:33','2021-03-21 08:10:33',NULL),(177,3104,16,2,362.81,76.19,2,1,'2021-03-21 08:14:19','2021-03-21 08:14:19',NULL),(178,3104,95,2,82.64,17.35,2,1,'2021-03-21 08:15:36','2021-03-21 08:15:36',NULL),(179,3104,92,2,115.70,24.30,2,1,'2021-03-21 08:16:16','2021-03-21 08:16:16',NULL),(180,3104,85,2,2539.70,533.34,2,1,'2021-03-21 08:39:53','2021-03-21 08:39:53',NULL),(181,3104,85,1000,76.19,0.00,2,1,'2021-03-21 08:39:53','2021-03-21 08:39:53',NULL),(182,3104,85,1005,0.25,0.00,2,2,'2021-03-21 08:39:53','2021-03-21 08:39:53',NULL),(191,3104,78,3,932.58,251.80,2,1,'2021-03-21 09:00:46','2021-03-21 09:00:46',NULL),(192,3104,78,1001,40.71,0.00,2,3,'2021-03-21 09:00:46','2021-03-21 09:00:46',NULL),(193,3104,78,1005,0.01,0.00,2,2,'2021-03-21 09:00:46','2021-03-21 09:00:46',NULL),(194,3104,45,3,932.58,251.80,2,1,'2021-03-21 09:02:59','2021-03-21 09:02:59',NULL),(195,3104,45,1001,40.71,0.00,2,3,'2021-03-21 09:02:59','2021-03-21 09:02:59',NULL),(196,3104,45,1005,0.01,0.00,2,2,'2021-03-21 09:02:59','2021-03-21 09:02:59',NULL),(199,3104,71,3,48.22,13.02,2,1,'2021-03-21 09:16:26','2021-03-21 09:16:26',NULL),(200,3104,71,2,2995.00,628.95,2,1,'2021-03-21 09:16:26','2021-03-21 09:16:26',NULL),(201,3104,71,1000,91.30,0.00,2,1,'2021-03-21 09:16:26','2021-03-21 09:16:26',NULL),(202,3104,71,1005,0.30,0.00,2,2,'2021-03-21 09:16:26','2021-03-21 09:16:26',NULL),(216,3104,103,3,5698.83,1538.68,2,1,'2021-03-21 10:34:17','2021-03-21 10:34:17',NULL),(217,3104,103,1000,170.96,0.00,2,1,'2021-03-21 10:34:17','2021-03-21 10:34:17',NULL),(218,3104,103,1001,1035.00,0.00,2,3,'2021-03-21 10:34:17','2021-03-21 10:34:17',NULL),(219,3104,104,3,5705.27,1540.42,2,1,'2021-03-21 11:58:21','2021-03-21 11:58:21',NULL),(220,3104,104,1000,171.16,0.00,2,1,'2021-03-21 11:58:21','2021-03-21 11:58:21',NULL),(221,3104,104,1001,1035.96,0.00,2,3,'2021-03-21 11:58:21','2021-03-21 11:58:21',NULL),(222,3104,105,2,111.57,23.43,2,1,'2021-04-03 23:39:32','2021-04-03 23:39:32',NULL),(223,3104,106,2,70.25,14.75,2,1,'2021-04-03 23:39:32','2021-04-03 23:39:32',NULL),(224,3104,107,2,148.76,31.24,2,1,'2021-04-03 23:39:32','2021-04-03 23:39:32',NULL),(225,3104,108,2,45.45,9.55,2,1,'2021-04-03 23:39:32','2021-04-03 23:39:32',NULL),(226,3104,109,2,10102.50,2121.52,2,1,'2021-04-03 23:39:32','2021-04-03 23:39:32',NULL),(227,3104,110,6,0.00,0.00,2,1,'2021-04-03 23:39:32','2021-04-03 23:39:32',NULL),(228,3104,110,8,6965.20,0.00,2,1,'2021-04-03 23:39:32','2021-04-03 23:39:32',NULL),(229,3104,111,2,111.57,23.43,2,1,'2021-04-03 23:39:32','2021-04-03 23:39:32',NULL),(230,3104,112,2,198.35,41.65,2,1,'2021-04-03 23:39:32','2021-04-03 23:39:32',NULL),(231,3104,113,6,0.00,0.00,2,1,'2021-04-03 23:39:32','2021-04-03 23:39:32',NULL),(232,3104,113,8,6157.80,0.00,2,1,'2021-04-03 23:39:32','2021-04-03 23:39:32',NULL),(233,3104,114,2,12.40,2.60,2,1,'2021-04-03 23:39:33','2021-04-03 23:39:33',NULL),(234,3104,115,2,140.50,29.50,2,1,'2021-04-03 23:39:33','2021-04-03 23:39:33',NULL),(235,3104,116,6,0.00,0.00,2,1,'2021-04-03 23:39:33','2021-04-03 23:39:33',NULL),(236,3104,116,8,5701.40,0.00,2,1,'2021-04-03 23:39:33','2021-04-03 23:39:33',NULL),(237,3104,117,6,0.00,0.00,2,1,'2021-04-03 23:39:33','2021-04-03 23:39:33',NULL),(238,3104,117,8,4710.00,0.00,2,1,'2021-04-03 23:39:33','2021-04-03 23:39:33',NULL),(242,3104,120,2,13000.00,2730.00,2,1,'2021-04-03 23:40:15','2021-04-03 23:40:15',NULL),(243,3104,121,2,300.00,63.00,2,1,'2021-04-03 23:40:15','2021-04-03 23:40:15',NULL),(244,3104,121,7,9.03,0.00,2,1,'2021-04-03 23:40:15','2021-04-03 23:40:15',NULL),(245,3104,122,2,300.00,63.00,2,1,'2021-04-03 23:40:15','2021-04-03 23:40:15',NULL);
INSERT INTO `receipt_taxes` VALUES (246,3104,122,7,9.03,0.00,2,1,'2021-04-03 23:40:15','2021-04-03 23:40:15',NULL),(257,3104,128,3,64.40,17.38,2,1,'2021-04-03 23:40:15','2021-04-03 23:40:15',NULL),(258,3104,128,7,3.40,0.00,2,1,'2021-04-03 23:40:15','2021-04-03 23:40:15',NULL),(259,3104,129,3,11.20,3.02,2,1,'2021-04-03 23:40:15','2021-04-03 23:40:15',NULL),(260,3104,129,7,0.59,0.00,2,1,'2021-04-03 23:40:15','2021-04-03 23:40:15',NULL),(262,3104,131,2,909.09,190.91,2,1,'2021-04-03 23:40:15','2021-04-03 23:40:15',NULL),(263,3104,132,2,31.27,6.61,2,1,'2021-04-03 23:40:15','2021-04-03 23:40:15',NULL),(264,3104,132,7,0.94,0.00,2,1,'2021-04-03 23:40:15','2021-04-03 23:40:15',NULL),(286,3104,145,2,4908.70,1030.83,2,1,'2021-04-03 23:54:59','2021-04-03 23:54:59',NULL),(287,3104,145,1000,147.26,0.00,2,1,'2021-04-03 23:54:59','2021-04-03 23:54:59',NULL),(288,3104,145,1005,0.49,0.00,2,2,'2021-04-03 23:54:59','2021-04-03 23:54:59',NULL),(289,3104,142,2,1818.18,381.82,2,1,'2021-04-03 23:58:09','2021-04-03 23:58:09',NULL),(290,3104,140,3,955.86,258.08,2,1,'2021-04-04 00:14:39','2021-04-04 00:14:39',NULL),(291,3104,140,1000,46.17,0.00,2,1,'2021-04-04 00:14:39','2021-04-04 00:14:39',NULL),(292,3104,140,1005,0.10,0.00,2,2,'2021-04-04 00:14:39','2021-04-04 00:14:39',NULL),(304,3104,125,3,131.93,35.62,2,1,'2021-04-04 01:10:13','2021-04-04 01:10:13',NULL),(305,3104,125,2,3440.00,722.40,2,1,'2021-04-04 01:10:13','2021-04-04 01:10:13',NULL),(306,3104,125,1000,107.16,0.00,2,1,'2021-04-04 01:10:13','2021-04-04 01:10:13',NULL),(307,3104,125,1005,0.36,0.00,2,2,'2021-04-04 01:10:13','2021-04-04 01:10:13',NULL),(308,3104,133,2,1801.05,378.22,2,1,'2021-04-04 22:59:41','2021-04-04 22:59:41',NULL),(309,3104,133,1000,54.11,0.00,2,1,'2021-04-04 22:59:41','2021-04-04 22:59:41',NULL),(310,3104,133,1005,0.10,0.00,2,2,'2021-04-04 22:59:41','2021-04-04 22:59:41',NULL),(311,3104,126,2,158.51,33.29,2,1,'2021-04-04 23:01:02','2021-04-04 23:01:02',NULL),(312,3104,126,1000,0.02,0.00,2,1,'2021-04-04 23:01:02','2021-04-04 23:01:02',NULL),(319,3104,124,2,487.60,102.40,2,1,'2021-04-04 23:09:14','2021-04-04 23:09:14',NULL),(320,3104,124,1005,0.05,0.00,2,2,'2021-04-04 23:09:14','2021-04-04 23:09:14',NULL),(322,3104,146,3,7089.19,1914.08,2,1,'2021-04-05 00:14:00','2021-04-05 00:14:00',NULL),(323,3104,146,1000,226.93,0.00,2,1,'2021-04-05 00:14:00','2021-04-05 00:14:00',NULL),(324,3104,146,1001,1082.15,0.00,2,3,'2021-04-05 00:14:00','2021-04-05 00:14:00',NULL),(325,3104,147,2,7438.02,1561.98,2,1,'2021-04-05 01:10:54','2021-04-05 01:10:54',NULL),(326,3104,148,2,7719.01,1620.99,2,1,'2021-04-05 01:14:37','2021-04-05 01:14:37',NULL),(327,3104,149,2,15000.00,3150.00,2,1,'2021-05-15 21:46:59','2021-05-15 21:46:59',NULL),(332,3104,152,2,991.74,208.27,2,1,'2021-05-15 21:46:59','2021-05-15 21:46:59',NULL),(333,3104,153,2,32.04,6.73,2,1,'2021-05-15 21:46:59','2021-05-15 21:46:59',NULL),(338,3104,156,6,0.00,0.00,2,1,'2021-05-15 22:04:42','2021-05-15 22:04:42',NULL),(339,3104,156,8,3012.20,0.00,2,1,'2021-05-15 22:04:42','2021-05-15 22:04:42',NULL),(340,3104,157,2,45.45,9.55,2,1,'2021-05-15 22:04:42','2021-05-15 22:04:42',NULL),(341,3104,158,2,82.64,17.36,2,1,'2021-05-15 22:04:42','2021-05-15 22:04:42',NULL),(342,3104,159,2,9285.50,1949.96,2,1,'2021-05-15 22:04:42','2021-05-15 22:04:42',NULL),(343,3104,160,6,0.00,0.00,2,1,'2021-05-15 22:04:42','2021-05-15 22:04:42',NULL),(344,3104,160,8,3657.20,0.00,2,1,'2021-05-15 22:04:42','2021-05-15 22:04:42',NULL),(345,3104,161,2,107.44,22.56,2,1,'2021-05-15 22:04:42','2021-05-15 22:04:42',NULL),(346,3104,162,2,578.51,121.49,2,1,'2021-05-15 22:04:42','2021-05-15 22:04:42',NULL),(347,3104,163,2,495.87,104.13,2,1,'2021-05-15 22:04:42','2021-05-15 22:04:42',NULL),(348,3104,164,2,86.78,18.22,2,1,'2021-05-15 22:04:42','2021-05-15 22:04:42',NULL),(349,3104,165,2,132.23,27.77,2,1,'2021-05-15 22:04:42','2021-05-15 22:04:42',NULL),(350,3104,166,2,214.88,45.12,2,1,'2021-05-15 22:04:42','2021-05-15 22:04:42',NULL),(351,3104,167,6,0.00,0.00,2,1,'2021-05-15 22:04:42','2021-05-15 22:04:42',NULL);
INSERT INTO `receipt_taxes` VALUES (352,3104,167,8,60.00,0.00,2,1,'2021-05-15 22:04:42','2021-05-15 22:04:42',NULL),(353,3104,150,3,101.16,27.31,2,1,'2021-05-15 22:39:17','2021-05-15 22:39:17',NULL),(354,3104,150,2,1837.23,385.82,2,1,'2021-05-15 22:39:17','2021-05-15 22:39:17',NULL),(355,3104,150,7,0.19,0.00,2,1,'2021-05-15 22:39:17','2021-05-15 22:39:17',NULL),(356,3104,150,1005,0.19,0.00,2,2,'2021-05-15 22:39:17','2021-05-15 22:39:17',NULL),(357,3104,154,3,862.07,232.76,2,1,'2021-05-15 22:44:08','2021-05-15 22:44:08',NULL),(358,3104,154,1001,41.12,0.00,2,3,'2021-05-15 22:44:08','2021-05-15 22:44:08',NULL),(359,3104,154,1005,0.09,0.00,2,2,'2021-05-15 22:44:08','2021-05-15 22:44:08',NULL),(360,3104,155,2,7565.24,1588.70,2,1,'2021-05-15 22:51:16','2021-05-15 22:51:16',NULL),(361,3104,155,1000,226.96,0.00,2,1,'2021-05-15 22:51:16','2021-05-15 22:51:16',NULL),(362,3104,155,1005,0.76,0.00,2,2,'2021-05-15 22:51:16','2021-05-15 22:51:16',NULL),(363,3104,151,2,158.51,33.29,2,1,'2021-05-15 22:52:31','2021-05-15 22:52:31',NULL),(364,3104,151,1005,0.02,0.00,2,2,'2021-05-15 22:52:31','2021-05-15 22:52:31',NULL),(365,3104,168,3,5081.05,1371.88,2,1,'2021-05-15 23:12:09','2021-05-15 23:12:09',NULL),(366,3104,168,2,52.70,11.07,2,1,'2021-05-15 23:12:09','2021-05-15 23:12:09',NULL),(367,3104,168,1000,152.43,0.00,2,1,'2021-05-15 23:12:09','2021-05-15 23:12:09',NULL),(368,3104,168,1001,896.95,0.00,2,3,'2021-05-15 23:12:09','2021-05-15 23:12:09',NULL),(369,3104,169,2,99.17,20.83,2,1,'2021-06-21 02:12:04','2021-06-21 02:12:04',NULL),(370,3104,170,2,8997.20,1889.41,2,1,'2021-06-21 02:12:04','2021-06-21 02:12:04',NULL),(371,3104,171,2,99.17,20.83,2,1,'2021-06-21 02:12:04','2021-06-21 02:12:04',NULL),(372,3104,172,2,132.23,27.77,2,1,'2021-06-21 02:12:04','2021-06-21 02:12:04',NULL),(373,3104,173,2,115.70,24.30,2,1,'2021-06-21 02:12:04','2021-06-21 02:12:04',NULL),(374,3104,174,2,82.64,17.36,2,1,'2021-06-21 02:12:04','2021-06-21 02:12:04',NULL),(375,3104,175,2,280.99,59.01,2,1,'2021-06-21 02:12:04','2021-06-21 02:12:04',NULL),(380,3104,179,2,158.51,33.29,2,1,'2021-06-21 02:12:31','2021-06-21 02:12:31',NULL),(381,3104,179,7,0.02,0.00,2,1,'2021-06-21 02:12:31','2021-06-21 02:12:31',NULL),(382,3104,180,6,0.00,0.00,2,1,'2021-06-21 02:12:31','2021-06-21 02:12:31',NULL),(383,3104,180,8,30.00,0.00,2,1,'2021-06-21 02:12:31','2021-06-21 02:12:31',NULL),(386,3104,182,2,22.40,4.70,2,1,'2021-06-21 02:12:31','2021-06-21 02:12:31',NULL),(395,3104,184,3,1469.19,396.68,2,1,'2021-06-21 03:29:35','2021-06-21 03:29:35',NULL),(396,3104,184,6,94.39,0.00,2,1,'2021-06-21 03:29:35','2021-06-21 03:29:35',NULL),(397,3104,184,7,556.17,0.00,2,1,'2021-06-21 03:29:35','2021-06-21 03:29:35',NULL),(398,3104,183,2,923.89,194.02,2,1,'2021-06-21 20:45:01','2021-06-21 20:45:01',NULL),(399,3104,183,7,0.09,0.00,2,1,'2021-06-21 20:45:01','2021-06-21 20:45:01',NULL),(400,3104,181,3,1044.83,282.10,2,1,'2021-06-21 20:46:15','2021-06-21 20:46:15',NULL),(401,3104,181,1001,49.85,0.00,2,3,'2021-06-21 20:46:15','2021-06-21 20:46:15',NULL),(402,3104,181,1005,0.10,0.00,2,2,'2021-06-21 20:46:15','2021-06-21 20:46:15',NULL),(403,3104,178,3,139.29,37.61,2,1,'2021-06-21 20:47:00','2021-06-21 20:47:00',NULL),(404,3104,178,2,1014.00,212.94,2,1,'2021-06-21 20:47:00','2021-06-21 20:47:00',NULL),(405,3104,178,1005,0.12,0.00,2,2,'2021-06-21 20:47:00','2021-06-21 20:47:00',NULL),(406,3104,177,2,909.09,190.91,2,1,'2021-06-21 20:47:55','2021-06-21 20:47:55',NULL),(407,3104,176,2,15000.00,3150.00,2,1,'2021-06-21 20:48:20','2021-06-21 20:48:20',NULL),(455,3104,213,2,57.85,12.15,2,1,'2021-08-22 07:52:26','2021-08-22 07:52:26',NULL),(456,3104,214,6,0.00,0.00,2,1,'2021-08-22 07:52:26','2021-08-22 07:52:26',NULL),(457,3104,214,8,4834.40,0.00,2,1,'2021-08-22 07:52:26','2021-08-22 07:52:26',NULL),(458,3104,215,2,115.70,24.30,2,1,'2021-08-22 07:52:26','2021-08-22 07:52:26',NULL),(459,3104,216,6,0.00,0.00,2,1,'2021-08-22 07:52:26','2021-08-22 07:52:26',NULL),(460,3104,216,8,4696.40,0.00,2,1,'2021-08-22 07:52:26','2021-08-22 07:52:26',NULL);
INSERT INTO `receipt_taxes` VALUES (461,3104,217,2,8710.50,1829.20,2,1,'2021-08-22 07:52:26','2021-08-22 07:52:26',NULL),(462,3104,218,6,0.00,0.00,2,1,'2021-08-22 07:52:26','2021-08-22 07:52:26',NULL),(463,3104,218,8,4924.60,0.00,2,1,'2021-08-22 07:52:26','2021-08-22 07:52:26',NULL),(464,3104,219,6,0.00,0.00,2,1,'2021-08-22 07:52:26','2021-08-22 07:52:26',NULL),(465,3104,219,8,6489.20,0.00,2,1,'2021-08-22 07:52:26','2021-08-22 07:52:26',NULL),(468,3104,221,2,15000.00,3150.00,2,1,'2021-08-22 07:55:23','2021-08-22 07:55:23',NULL),(477,3104,227,2,158.51,33.29,2,1,'2021-08-22 07:55:23','2021-08-22 07:55:23',NULL),(478,3104,227,7,0.16,0.00,2,1,'2021-08-22 07:55:23','2021-08-22 07:55:23',NULL),(480,3104,229,6,0.00,0.00,2,1,'2021-08-22 07:55:23','2021-08-22 07:55:23',NULL),(481,3104,229,8,30.00,0.00,2,1,'2021-08-22 07:55:23','2021-08-22 07:55:23',NULL),(490,3104,233,2,3811.26,800.36,2,1,'2021-08-22 20:10:04','2021-08-22 20:10:04',NULL),(491,3104,233,1000,114.34,0.00,2,1,'2021-08-22 20:10:04','2021-08-22 20:10:04',NULL),(492,3104,233,1005,3.81,0.00,2,2,'2021-08-22 20:10:04','2021-08-22 20:10:04',NULL),(493,3104,231,3,1102.94,297.79,2,1,'2021-08-22 20:18:38','2021-08-22 20:18:38',NULL),(494,3104,231,1001,54.38,0.00,2,3,'2021-08-22 20:18:38','2021-08-22 20:18:38',NULL),(495,3104,231,1005,1.10,0.00,2,2,'2021-08-22 20:18:38','2021-08-22 20:18:38',NULL),(498,3104,225,3,84.22,22.74,2,1,'2021-08-22 20:25:39','2021-08-22 20:25:39',NULL),(499,3104,225,2,1171.50,246.02,2,1,'2021-08-22 20:25:39','2021-08-22 20:25:39',NULL),(500,3104,225,1005,1.26,0.00,2,2,'2021-08-22 20:25:39','2021-08-22 20:25:39',NULL),(501,3104,235,3,3466.65,936.00,2,1,'2021-08-22 20:55:12','2021-08-22 20:55:12',NULL),(502,3104,235,6,550.82,0.00,2,1,'2021-08-22 20:55:12','2021-08-22 20:55:12',NULL),(503,3104,235,1000,102.93,0.00,2,1,'2021-08-22 20:55:12','2021-08-22 20:55:12',NULL),(504,3104,235,1001,122.73,0.00,2,3,'2021-08-22 20:55:12','2021-08-22 20:55:12',NULL),(586,3104,281,6,0.00,0.00,2,1,'2021-09-20 01:30:44','2021-09-20 01:30:44',NULL),(587,3104,281,8,5691.80,0.00,2,1,'2021-09-20 01:30:44','2021-09-20 01:30:44',NULL),(588,3104,282,6,0.00,0.00,2,1,'2021-09-20 01:30:44','2021-09-20 01:30:44',NULL),(589,3104,282,8,6591.80,0.00,2,1,'2021-09-20 01:30:44','2021-09-20 01:30:44',NULL),(590,3104,283,2,8571.00,1799.91,2,1,'2021-09-20 01:30:44','2021-09-20 01:30:44',NULL),(591,3104,284,2,41.32,8.68,2,1,'2021-09-20 01:30:44','2021-09-20 01:30:44',NULL),(592,3104,285,2,115.70,24.30,2,1,'2021-09-20 01:30:44','2021-09-20 01:30:44',NULL),(593,3104,286,6,0.00,0.00,2,1,'2021-09-20 01:30:44','2021-09-20 01:30:44',NULL),(594,3104,286,8,6793.40,0.00,2,1,'2021-09-20 01:30:44','2021-09-20 01:30:44',NULL),(595,3104,287,2,49.59,10.41,2,1,'2021-09-20 01:30:44','2021-09-20 01:30:44',NULL),(596,3104,288,2,140.50,29.50,2,1,'2021-09-20 01:30:44','2021-09-20 01:30:44',NULL),(597,3104,289,2,371.90,78.10,2,1,'2021-09-20 01:30:44','2021-09-20 01:30:44',NULL),(598,3104,290,6,1800.00,0.00,2,1,'2021-09-20 01:30:44','2021-09-20 01:30:44',NULL),(599,3104,291,2,66.12,13.88,2,1,'2021-09-20 01:30:44','2021-09-20 01:30:44',NULL),(600,3104,292,6,0.00,0.00,2,1,'2021-09-20 01:30:44','2021-09-20 01:30:44',NULL),(601,3104,292,8,4339.60,0.00,2,1,'2021-09-20 01:30:44','2021-09-20 01:30:44',NULL),(602,3104,293,6,0.00,0.00,2,1,'2021-09-20 01:30:44','2021-09-20 01:30:44',NULL),(603,3104,293,8,4121.80,0.00,2,1,'2021-09-20 01:30:44','2021-09-20 01:30:44',NULL),(604,3104,294,2,24.79,5.21,2,1,'2021-09-20 01:30:44','2021-09-20 01:30:44',NULL),(605,3104,295,6,0.00,0.00,2,1,'2021-09-20 01:30:44','2021-09-20 01:30:44',NULL),(606,3104,295,8,7417.80,0.00,2,1,'2021-09-20 01:30:44','2021-09-20 01:30:44',NULL),(622,3104,305,2,15000.00,3150.00,2,1,'2021-09-20 01:50:34','2021-09-20 01:50:34',NULL),(631,3104,311,2,158.51,33.29,2,1,'2021-09-20 01:50:34','2021-09-20 01:50:34',NULL),(632,3104,311,7,0.16,0.00,2,1,'2021-09-20 01:50:34','2021-09-20 01:50:34',NULL),(641,3104,316,6,0.00,0.00,2,1,'2021-09-20 01:50:34','2021-09-20 01:50:34',NULL);
INSERT INTO `receipt_taxes` VALUES (642,3104,316,8,30.00,0.00,2,1,'2021-09-20 01:50:34','2021-09-20 01:50:34',NULL),(643,3104,317,2,1817.36,381.64,2,1,'2021-09-20 01:50:34','2021-09-20 01:50:34',NULL),(644,3104,317,7,1.82,0.00,2,1,'2021-09-20 01:50:34','2021-09-20 01:50:34',NULL),(653,3104,323,2,30.07,6.31,2,1,'2021-09-20 01:50:34','2021-09-20 01:50:34',NULL),(663,3104,324,2,3753.41,788.22,2,1,'2021-09-20 02:08:05','2021-09-20 02:08:05',NULL),(664,3104,324,1000,112.60,0.00,2,1,'2021-09-20 02:08:05','2021-09-20 02:08:05',NULL),(665,3104,324,1005,3.75,0.00,2,2,'2021-09-20 02:08:05','2021-09-20 02:08:05',NULL),(666,3104,309,3,89.82,24.25,2,1,'2021-09-20 04:08:46','2021-09-20 04:08:46',NULL),(667,3104,309,2,1171.50,246.02,2,1,'2021-09-20 04:08:46','2021-09-20 04:08:46',NULL),(668,3104,309,7,1.26,0.00,2,1,'2021-09-20 04:08:46','2021-09-20 04:08:46',NULL),(669,3104,319,3,1066.19,287.87,2,1,'2021-09-20 16:06:00','2021-09-20 16:06:00',NULL),(670,3104,319,1001,51.21,0.00,2,3,'2021-09-20 16:06:00','2021-09-20 16:06:00',NULL),(671,3104,319,1005,1.07,0.00,2,2,'2021-09-20 16:06:00','2021-09-20 16:06:00',NULL),(675,3104,326,3,4738.86,1279.49,2,1,'2021-09-20 19:16:33','2021-09-20 19:16:33',NULL),(676,3104,326,7,1002.80,0.00,2,1,'2021-09-20 19:16:33','2021-09-20 19:16:33',NULL),(677,3104,326,1000,158.08,0.00,2,1,'2021-09-20 19:16:33','2021-09-20 19:16:33',NULL),(678,3104,327,2,15000.00,3150.00,2,1,'2021-11-18 19:02:08','2021-11-18 19:02:08',NULL),(681,3104,329,6,0.00,0.00,2,1,'2021-11-18 19:02:09','2021-11-18 19:02:09',NULL),(682,3104,329,8,510.00,0.00,2,1,'2021-11-18 19:02:09','2021-11-18 19:02:09',NULL),(683,3104,330,2,158.51,33.29,2,1,'2021-11-18 19:02:09','2021-11-18 19:02:09',NULL),(684,3104,330,7,0.16,0.00,2,1,'2021-11-18 19:02:09','2021-11-18 19:02:09',NULL),(689,3104,333,2,2674.37,561.62,2,1,'2021-11-18 19:02:09','2021-11-18 19:02:09',NULL),(690,3104,334,6,0.00,0.00,2,1,'2021-11-18 19:02:50','2021-11-18 19:02:50',NULL),(691,3104,334,8,6077.60,0.00,2,1,'2021-11-18 19:02:50','2021-11-18 19:02:50',NULL),(692,3104,335,6,0.00,0.00,2,1,'2021-11-18 19:02:50','2021-11-18 19:02:50',NULL),(693,3104,335,8,3993.20,0.00,2,1,'2021-11-18 19:02:50','2021-11-18 19:02:50',NULL),(694,3104,336,2,181.82,38.18,2,1,'2021-11-18 19:02:50','2021-11-18 19:02:50',NULL),(695,3104,337,6,0.00,0.00,2,1,'2021-11-18 19:02:50','2021-11-18 19:02:50',NULL),(696,3104,337,8,1684.60,0.00,2,1,'2021-11-18 19:02:50','2021-11-18 19:02:50',NULL),(697,3104,338,2,10108.65,2122.82,2,1,'2021-11-18 19:02:50','2021-11-18 19:02:50',NULL),(698,3104,339,2,1004.13,210.87,2,1,'2021-11-18 19:02:50','2021-11-18 19:02:50',NULL),(699,3104,340,2,1487.60,312.40,2,1,'2021-11-18 19:02:50','2021-11-18 19:02:50',NULL),(700,3104,341,6,0.00,0.00,2,1,'2021-11-18 19:02:51','2021-11-18 19:02:51',NULL),(701,3104,341,8,6886.80,0.00,2,1,'2021-11-18 19:02:51','2021-11-18 19:02:51',NULL),(702,3104,342,2,495.87,104.13,2,1,'2021-11-18 19:02:51','2021-11-18 19:02:51',NULL),(703,3104,332,2,4215.64,885.28,2,1,'2021-11-24 02:28:34','2021-11-24 02:28:34',NULL),(704,3104,332,1000,126.47,0.00,2,1,'2021-11-24 02:28:34','2021-11-24 02:28:34',NULL),(705,3104,332,1005,4.22,0.00,2,2,'2021-11-24 02:28:34','2021-11-24 02:28:34',NULL),(706,3104,331,3,1078.14,291.10,2,1,'2021-11-24 02:33:29','2021-11-24 02:33:29',NULL),(707,3104,331,7,51.21,0.00,2,1,'2021-11-24 02:33:29','2021-11-24 02:33:29',NULL),(708,3104,331,1005,1.08,0.00,2,2,'2021-11-24 02:33:29','2021-11-24 02:33:29',NULL),(709,3104,328,3,95.60,25.81,2,1,'2021-11-24 02:50:50','2021-11-24 02:50:50',NULL),(710,3104,328,2,1264.50,265.55,2,1,'2021-11-24 02:50:50','2021-11-24 02:50:50',NULL),(711,3104,328,1005,1.36,0.00,2,2,'2021-11-24 02:50:50','2021-11-24 02:50:50',NULL),(712,3104,343,3,4025.48,1086.88,2,1,'2021-11-24 03:03:42','2021-11-24 03:03:42',NULL),(713,3104,343,7,895.64,0.00,2,1,'2021-11-24 03:03:42','2021-11-24 03:03:42',NULL),(714,3104,343,1000,133.40,0.00,2,1,'2021-11-24 03:03:42','2021-11-24 03:03:42',NULL);

--
-- Table structure for table `receipt_types`
--

CREATE TABLE `receipt_types` (
  `id` int(10) unsigned NOT NULL AUTO_INCREMENT,
  `user_id` int(10) unsigned DEFAULT NULL,
  `created_at` timestamp NULL DEFAULT NULL,
  `updated_at` timestamp NULL DEFAULT NULL,
  `name` varchar(255) COLLATE utf8mb4_unicode_ci NOT NULL,
  `code` varchar(255) COLLATE utf8mb4_unicode_ci DEFAULT NULL,
  `credit` int(11) DEFAULT '0',
  `agroup_iva_module` int(10) unsigned DEFAULT NULL,
  `sell_no_taxabled` int(11) DEFAULT '0',
  `buy_no_taxabled` int(11) DEFAULT '0',
  `iva_condition_id` int(11) DEFAULT NULL,
  `is_fce_pyme` tinyint(1) NOT NULL DEFAULT '0',
  `afip_comprobante_id` int(11) DEFAULT NULL,
  `tipo` varchar(255) COLLATE utf8mb4_unicode_ci DEFAULT NULL,
  `letra` varchar(255) COLLATE utf8mb4_unicode_ci DEFAULT NULL,
  `facta_electronica` int(10) unsigned NOT NULL DEFAULT '0',
  `is_stock_lpg` tinyint(1) NOT NULL DEFAULT '0',
  `show_from_total` tinyint(1) NOT NULL DEFAULT '0',
  `deleted_at` timestamp NULL DEFAULT NULL,
  PRIMARY KEY (`id`)
) ENGINE=InnoDB AUTO_INCREMENT=62 DEFAULT CHARSET=utf8mb4 COLLATE=utf8mb4_unicode_ci;

--
-- Dumping data for table `receipt_types`
--

INSERT INTO `receipt_types` VALUES (1,NULL,NULL,'2019-07-29 22:19:32','Factura A','1',0,1,0,0,2,0,1,'Factura','A',1,0,0,NULL),(2,NULL,NULL,'2019-07-29 22:19:32','Nota de débito A','2',0,1,0,0,2,0,2,'Nota de Débito','A',1,0,0,NULL),(3,NULL,NULL,'2019-07-29 22:19:32','Nota de crédito A','3',1,NULL,0,0,2,0,3,'Nota de Crédito','A',1,0,0,NULL),(4,NULL,NULL,'2021-03-15 10:27:20','Factura B','6',0,2,0,1,2,0,6,'Factura','B',1,0,1,NULL),(5,NULL,NULL,'2021-03-15 10:27:20','Nota de débito B','7',0,2,0,1,2,0,7,'Nota de Débito','B',1,0,1,NULL),(6,NULL,NULL,'2021-03-15 10:27:20','Nota de crédito B','8',1,NULL,0,1,2,0,8,'Nota de Crédito','B',1,0,1,NULL),(7,NULL,NULL,'2019-07-29 22:19:32','Factura C','11',0,0,1,1,1,0,11,'Factura','C',1,0,0,NULL),(8,NULL,NULL,'2019-07-29 22:19:32','Nota de débito C','12',0,0,1,1,1,0,12,'Nota de Débito','C',1,0,0,NULL),(9,NULL,NULL,'2019-07-29 22:19:32','Nota de crédito C','13',1,NULL,1,1,1,0,13,'Nota de Crédito','C',1,0,0,NULL),(10,NULL,NULL,NULL,'RECIBO A','4',0,1,0,0,2,0,4,'RECIBO','A',0,0,0,NULL),(11,NULL,NULL,'2021-03-15 10:27:20','RECIBO B','9',0,2,0,1,2,0,9,'RECIBO','B',0,0,1,NULL),(12,NULL,NULL,NULL,'RECIBO C','15',0,0,1,1,1,0,15,'RECIBO','C',0,0,0,NULL),(13,NULL,NULL,'2020-02-27 02:46:40','Factura E','19',0,0,1,0,2,0,19,'Factura','E',0,0,0,NULL),(14,NULL,NULL,'2020-02-27 02:46:40','Nota de débito E','20',0,0,1,0,2,0,20,'Nota de Débito','E',0,0,0,NULL),(15,NULL,NULL,'2020-02-27 02:46:40','Nota de Crédito E','21',1,NULL,1,0,2,0,21,'Nota de Crédito','E',0,0,0,NULL),(16,NULL,NULL,'2021-09-16 15:35:08','Factura M','51',0,1,0,0,2,0,51,'Factura','M',1,0,0,NULL),(17,NULL,NULL,'2020-02-27 02:46:40','Despacho de Importacion','66',0,NULL,0,0,0,0,66,NULL,NULL,0,0,0,NULL),(18,NULL,NULL,'2021-09-16 15:35:08','Nota de Credito M','53',1,NULL,0,0,2,0,53,'Nota de Crédito','M',1,0,0,NULL),(19,NULL,NULL,'2021-09-16 15:35:08','Nota de Debito M','52',1,1,0,0,2,0,52,'Nota de Débito','M',1,0,0,NULL),(20,NULL,NULL,NULL,'Recibo M','54',0,1,0,0,2,0,54,'RECIBO','M',0,0,0,NULL),(21,NULL,NULL,NULL,'Recibo E',NULL,1,0,1,0,2,0,NULL,'RECIBO','E',0,0,0,NULL),(22,NULL,'2019-05-14 21:22:16','2021-03-15 10:27:20','Liquidacion Primaria de Granos','33',0,1,0,0,2,0,33,'Liquidacion Primaria de Granos','A',0,1,0,NULL),(23,NULL,'2019-11-05 19:00:05','2019-11-05 19:00:05','FACTURA DE CRÉDITO ELECTRÓNICA MiPyMEs (FCE) A','201',0,1,0,0,2,1,201,'FACTURA DE CRÉDITO ELECTRÓNICA MiPyMEs (FCE)','A',1,0,0,NULL),(24,NULL,'2019-11-05 19:00:05','2019-11-05 19:00:05','NOTA DE DEBITO ELECTRÓNICA MiPyMEs (FCE) A','202',0,1,0,0,2,1,202,'NOTA DEBITO DE CRÉDITO ELECTRÓNICA MiPyMEs (FCE)','A',1,0,0,NULL),(25,NULL,'2019-11-05 19:00:05','2019-11-05 19:00:05','NOTA DE CREDITO ELECTRÓNICA MiPyMEs (FCE) A','203',1,NULL,0,0,2,1,203,'NOTA CREDITO DE CRÉDITO ELECTRÓNICA MiPyMEs (FCE)','A',1,0,0,NULL),(26,NULL,'2019-11-05 19:00:05','2021-03-15 10:27:20','FACTURA DE CRÉDITO ELECTRÓNICA MiPyMEs (FCE) B','206',0,2,0,1,2,1,206,'FACTURA DE CRÉDITO ELECTRÓNICA MiPyMEs (FCE)','B',1,0,1,NULL),(27,NULL,'2019-11-05 19:00:05','2021-03-15 10:27:20','NOTA DE DEBITO ELECTRÓNICA MiPyMEs (FCE) B','207',0,2,0,1,2,1,207,'NOTA DEBITO DE CRÉDITO ELECTRÓNICA MiPyMEs (FCE)','B',1,0,1,NULL),(28,NULL,'2019-11-05 19:00:05','2021-03-15 10:27:20','NOTA DE CREDITO ELECTRÓNICA MiPyMEs (FCE) B','208',1,NULL,0,1,2,1,208,'NOTA CREDITO DE CRÉDITO ELECTRÓNICA MiPyMEs (FCE)','B',1,0,1,NULL),(29,NULL,'2019-11-05 19:00:05','2019-11-05 19:00:05','FACTURA DE CRÉDITO ELECTRÓNICA MiPyMEs (FCE) C','211',0,0,1,1,1,1,211,'FACTURA DE CRÉDITO ELECTRÓNICA MiPyMEs (FCE)','C',1,0,0,NULL),(30,NULL,'2019-11-05 19:00:05','2019-11-05 19:00:05','NOTA DE DEBITO ELECTRÓNICA MiPyMEs (FCE) C','212',0,0,1,1,1,1,212,'NOTA DEBITO DE CRÉDITO ELECTRÓNICA MiPyMEs (FCE)','C',1,0,0,NULL),(31,NULL,'2019-11-05 19:00:05','2019-11-05 19:00:05','NOTA DE CRÉDITO ELECTRÓNICA MiPyMEs (FCE) C','213',1,NULL,1,1,1,1,213,'NOTA CREDITO DE CRÉDITO ELECTRÓNICA MiPyMEs (FCE)','C',1,0,0,NULL);
INSERT INTO `receipt_types` VALUES (32,NULL,'2020-01-28 01:59:55','2021-03-15 10:27:20','Tique (Informe Diario Z)','83',0,2,0,0,2,0,83,'Cierre Diario Informe Z','Z',0,0,1,NULL),(33,NULL,'2020-02-19 04:48:11','2020-02-19 04:48:11','Comprobantes de Compra de Bienes No Registrables a Consumidores Finales','49',0,1,0,0,2,0,49,'Comprobantes de Compra de Bienes No Registrables','a Consumidores Finales',0,0,0,NULL),(34,NULL,'2021-03-15 10:27:19','2021-03-15 10:27:21','Cuentas de Venta y Liquido Producto A','60',0,1,0,0,2,1,60,'Cuentas de Venta y Liquido Producto A','A',1,0,0,NULL),(35,NULL,'2021-03-15 10:27:19','2021-03-15 10:27:21','Cuentas de Venta y Liquido Producto B','61',0,2,0,1,2,1,61,'Cuentas de Venta y Liquido Producto B','B',1,0,1,NULL),(36,NULL,'2021-03-15 10:27:19','2021-03-15 10:27:21','Liquidaciones A','63',0,1,0,0,2,1,63,'Liquidaciones A','A',1,0,0,NULL),(37,NULL,'2021-03-15 10:27:19','2021-03-15 10:27:21','Liquidaciones B','64',0,2,0,1,2,1,64,'Liquidaciones B','B',1,0,1,NULL),(38,NULL,'2021-03-15 10:27:20','2021-03-15 10:27:22','Tique Factura A','81',0,1,0,0,2,1,81,'Tique Factura','A',0,0,0,NULL),(39,NULL,'2021-03-15 10:27:20','2021-03-15 10:27:22','Tique Factura B','82',0,2,0,1,2,1,82,'Tique Factura','B',0,0,1,NULL),(40,NULL,'2021-03-15 10:27:20','2021-03-23 16:09:56','OTROS COMPROBANTES QUE NO CUMPLEN O ESTÁN EXCEPTUADOS DE LA R.G. 1415 Y SUS MODIF','99',0,1,1,1,1,1,99,'OTROS COMPROBANTES QUE NO CUMPLEN O ESTÁN EXCEPTUADOS DE LA R.G. 1415 Y SUS MODIF ','OTROS',0,0,0,NULL),(41,NULL,'2021-03-15 10:27:20','2021-03-15 10:27:20','Liquidacion de Compra A - Sector Pecuario','183',0,1,0,0,2,0,183,'Liquidacion de Compra','A',0,0,0,NULL),(42,NULL,'2021-03-15 10:27:20','2021-03-15 10:27:20','Liquidacion de Compra B - Sector Pecuario','185',0,2,0,1,2,0,185,'Liquidacion de Compra','B',0,0,1,NULL),(43,NULL,'2021-03-15 10:27:21','2021-03-15 10:27:22','Liquidacion de Venta Directa A - Sector Pecuario','190',0,1,0,0,2,1,190,'Liquidacion de Venta Directa','A',0,0,0,NULL),(44,NULL,'2021-03-15 10:27:21','2021-03-15 10:27:22','Liquidacion de Venta Directa B - Sector Pecuario','191',0,2,0,1,2,1,191,'Liquidacion de Venta Directa','B',0,0,0,NULL),(45,NULL,'2021-03-15 10:27:22','2021-03-15 10:27:22','Liquidacion Secundaria de Granos','331',0,1,0,0,2,1,331,'Liquidacion Secundaria de Granos','LSG',0,0,0,NULL),(46,NULL,'2021-03-15 10:27:22','2021-03-15 10:27:22','Certificado de Deposito','332',0,1,0,0,2,1,332,'Certificado de Deposito','CD',0,0,0,NULL),(47,NULL,'2021-03-15 10:27:22','2021-03-15 10:27:22','Liquidacion de Servicios Publicos Clase A','17',0,1,0,0,2,1,17,'Liquidacion de Servicios Publicos Clase A','LSPCA',0,0,0,NULL),(48,NULL,'2021-03-15 10:27:23','2021-03-15 10:27:23','Liquidacion de Servicios Publicos Clase B','18',0,2,0,1,2,1,18,'Liquidacion de Servicios Publicos Clase B','LSPCA',1,0,0,NULL),(49,NULL,NULL,NULL,'Factura Clase T','195',0,1,0,0,2,0,195,'Factura Clase T','T',0,0,0,NULL),(50,NULL,NULL,NULL,'Nota de Debito Clase T','196',0,1,0,0,2,0,196,'Factura Clase T','T',0,0,0,NULL),(51,NULL,NULL,NULL,'Nota de Credito Clase T','197',1,NULL,0,0,2,0,197,'Factura Clase T','T',0,0,0,NULL),(52,NULL,NULL,NULL,'Cuenta de Venta y Líquido Producto A','180',0,1,0,0,2,0,180,'Cuenta de Venta y Líquido Producto A','A',0,0,0,NULL),(53,NULL,NULL,NULL,'Cuenta de Venta y Líquido Producto B','182',0,2,0,1,2,0,182,'Cuenta de Venta y Líquido Producto B','B',0,0,0,NULL),(54,NULL,NULL,NULL,'Liquidación de Compra A','183',0,1,0,0,2,0,183,'Liquidación de Compra A ','A',0,0,0,NULL),(55,NULL,NULL,NULL,'Liquidación de Compra B','185',0,2,0,1,2,0,185,'Liquidación de Compra B ','B',0,0,0,NULL),(56,NULL,NULL,NULL,'Liquidación de Compra Directa A','186',0,1,0,0,2,0,186,'Liquidación de Compra Directa A','A',0,0,0,NULL),(57,NULL,NULL,NULL,'Liquidación de Compra Directa B','188',0,2,0,1,2,0,188,'Liquidación de Compra Directa B ','B',0,0,0,NULL),(58,NULL,NULL,NULL,'Liquidación de Compra Directa C','189',0,0,1,1,1,0,189,'Liquidación de Compra Directa C ','C',0,0,0,NULL);
INSERT INTO `receipt_types` VALUES (59,NULL,NULL,NULL,'Liquidación de Venta Directa A','190',0,1,0,0,2,0,190,'Liquidación de Venta Directa A','A',0,0,0,NULL),(60,NULL,NULL,NULL,'Liquidación de Venta Directa B','191',0,2,0,1,2,0,191,'Liquidación de Venta Directa B ','B',0,0,0,NULL),(61,NULL,NULL,NULL,'Tique Factura C','109',0,0,0,1,1,0,109,NULL,'C',1,0,0,NULL);

--
-- Table structure for table `receipts`
--

CREATE TABLE `receipts` (
  `id` int(10) unsigned NOT NULL AUTO_INCREMENT,
  `user_id` int(10) unsigned DEFAULT NULL,
  `type_id` int(10) unsigned NOT NULL,
  `type_receipt_id` int(10) unsigned DEFAULT NULL,
  `comprobanteAfip` int(11) DEFAULT NULL,
  `fact_elec_receipt_id` int(10) unsigned DEFAULT NULL,
  `period_id` int(10) unsigned NOT NULL,
  `zone_id` int(10) unsigned DEFAULT NULL,
  `plan_cuenta_id` int(10) unsigned DEFAULT NULL,
  `conta_centro_costo_id` bigint(20) unsigned DEFAULT NULL,
  `activity_id` int(10) unsigned DEFAULT NULL,
  `iva_creditos_tipo_id` int(10) unsigned NOT NULL DEFAULT '1',
  `retention_type_id` int(10) unsigned DEFAULT NULL,
  `dc_orden_id` bigint(20) unsigned DEFAULT NULL,
  `person_id_owner` int(10) unsigned NOT NULL,
  `person_id_relationed` int(10) unsigned DEFAULT NULL,
  `number` int(8) unsigned zerofill DEFAULT NULL,
  `hasta` int(8) unsigned zerofill DEFAULT NULL,
  `reference` int(11) DEFAULT NULL,
  `receipt_date` date DEFAULT NULL,
  `expiration_date` date DEFAULT NULL,
  `code_ticket` int(4) unsigned zerofill DEFAULT NULL,
  `status_id` int(10) unsigned DEFAULT NULL,
  `tax_account_id` int(10) unsigned DEFAULT NULL,
  `amount` decimal(16,2) NOT NULL,
  `file` varchar(255) COLLATE utf8mb4_unicode_ci DEFAULT NULL,
  `created_at` timestamp NULL DEFAULT NULL,
  `updated_at` timestamp NULL DEFAULT NULL,
  `deleted_at` timestamp NULL DEFAULT NULL,
  PRIMARY KEY (`id`),
  KEY `receipts_type_id_foreign` (`type_id`),
  KEY `receipts_type_receipt_id_foreign` (`type_receipt_id`),
  KEY `receipts_tax_account_id_foreign` (`tax_account_id`),
  KEY `receipts_zone_id_foreign` (`zone_id`),
  KEY `receipts_activity_id_foreign` (`activity_id`),
  KEY `receipts_retention_type_id_foreign` (`retention_type_id`),
  KEY `receipts_status_id_foreign` (`status_id`),
  KEY `receipts_person_id_owner_foreign` (`person_id_owner`),
  KEY `receipts_person_id_relationed_foreign` (`person_id_relationed`),
  KEY `receipts_period_id_foreign` (`period_id`),
  KEY `receipts_plan_cuenta_id_foreign` (`plan_cuenta_id`),
  KEY `receipts_fact_elec_receipt_id_foreign` (`fact_elec_receipt_id`),
  KEY `receipts_iva_creditos_tipo_id_foreign` (`iva_creditos_tipo_id`),
  KEY `receipts_conta_centro_costo_id_foreign` (`conta_centro_costo_id`),
  KEY `receipts_dc_orden_id_foreign` (`dc_orden_id`),
  CONSTRAINT `receipts_activity_id_foreign` FOREIGN KEY (`activity_id`) REFERENCES `activities` (`id`),
  CONSTRAINT `receipts_conta_centro_costo_id_foreign` FOREIGN KEY (`conta_centro_costo_id`) REFERENCES `conta_centro_costos` (`id`),
  CONSTRAINT `receipts_dc_orden_id_foreign` FOREIGN KEY (`dc_orden_id`) REFERENCES `dc_ordenes` (`id`),
  CONSTRAINT `receipts_fact_elec_receipt_id_foreign` FOREIGN KEY (`fact_elec_receipt_id`) REFERENCES `fact_elec_receipts` (`id`),
  CONSTRAINT `receipts_iva_creditos_tipo_id_foreign` FOREIGN KEY (`iva_creditos_tipo_id`) REFERENCES `iva_creditos_tipos` (`id`),
  CONSTRAINT `receipts_period_id_foreign` FOREIGN KEY (`period_id`) REFERENCES `periods` (`id`),
  CONSTRAINT `receipts_person_id_owner_foreign` FOREIGN KEY (`person_id_owner`) REFERENCES `persons` (`id`),
  CONSTRAINT `receipts_person_id_relationed_foreign` FOREIGN KEY (`person_id_relationed`) REFERENCES `persons` (`id`),
  CONSTRAINT `receipts_plan_cuenta_id_foreign` FOREIGN KEY (`plan_cuenta_id`) REFERENCES `conta_plan_cuenta` (`id`),
  CONSTRAINT `receipts_retention_type_id_foreign` FOREIGN KEY (`retention_type_id`) REFERENCES `retention_types` (`id`),
  CONSTRAINT `receipts_status_id_foreign` FOREIGN KEY (`status_id`) REFERENCES `status` (`id`),
  CONSTRAINT `receipts_tax_account_id_foreign` FOREIGN KEY (`tax_account_id`) REFERENCES `tax_accounts` (`id`),
  CONSTRAINT `receipts_type_id_foreign` FOREIGN KEY (`type_id`) REFERENCES `types` (`id`),
  CONSTRAINT `receipts_type_receipt_id_foreign` FOREIGN KEY (`type_receipt_id`) REFERENCES `receipt_types` (`id`),
  CONSTRAINT `receipts_zone_id_foreign` FOREIGN KEY (`zone_id`) REFERENCES `zones` (`id`)
) ENGINE=InnoDB AUTO_INCREMENT=344 DEFAULT CHARSET=utf8mb4 COLLATE=utf8mb4_unicode_ci;

--
-- Dumping data for table `receipts`
--

INSERT INTO `receipts` VALUES (1,3104,1,4,NULL,NULL,4,23,NULL,NULL,731,1,NULL,NULL,40719,40718,00000018,00000018,NULL,'2021-02-05','2021-02-05',0001,1,NULL,160.00,NULL,'2021-03-17 07:17:16','2021-03-17 07:54:55','2021-03-17 07:54:55'),(2,3104,1,4,NULL,NULL,4,23,NULL,NULL,731,1,NULL,NULL,40719,40721,00000018,00000018,NULL,'2021-02-05','2021-02-05',0005,1,NULL,160.00,NULL,'2021-03-18 14:25:27','2021-03-18 14:25:27',NULL),(3,3104,1,4,NULL,NULL,4,23,NULL,NULL,731,1,NULL,NULL,40719,40721,00000019,00000019,NULL,'2021-02-05','2021-02-05',0005,1,NULL,165.00,NULL,'2021-03-18 14:25:27','2021-03-18 14:25:27',NULL),(4,3104,1,4,NULL,NULL,4,23,NULL,NULL,731,1,NULL,NULL,40719,40722,00000176,00000176,NULL,'2021-02-07','2021-02-07',0003,1,NULL,3900.47,NULL,'2021-03-18 14:25:27','2021-03-18 15:28:26',NULL),(5,3104,1,4,NULL,NULL,4,23,NULL,NULL,731,1,NULL,NULL,40719,40721,00000020,00000020,NULL,'2021-02-09','2021-02-09',0005,1,NULL,135.00,NULL,'2021-03-18 14:25:27','2021-03-18 14:25:27',NULL),(6,3104,1,4,NULL,NULL,4,23,NULL,NULL,731,1,NULL,NULL,40719,40721,00000021,00000021,NULL,'2021-02-11','2021-02-11',0005,1,NULL,135.00,NULL,'2021-03-18 14:25:27','2021-03-18 14:25:27',NULL),(7,3104,1,4,NULL,NULL,4,23,NULL,NULL,731,1,NULL,NULL,40719,40721,00000022,00000022,NULL,'2021-02-12','2021-02-12',0005,1,NULL,150.00,NULL,'2021-03-18 14:25:27','2021-03-18 14:25:27',NULL),(8,3104,1,4,NULL,NULL,4,23,NULL,NULL,731,1,NULL,NULL,40719,40721,00000023,00000023,NULL,'2021-02-12','2021-02-12',0005,1,NULL,210.00,NULL,'2021-03-18 14:25:27','2021-03-18 14:25:27',NULL),(9,3104,1,1,NULL,NULL,4,23,NULL,NULL,731,1,NULL,NULL,40719,40723,00000096,00000096,NULL,'2021-02-17','2021-02-17',0003,1,NULL,8672.95,NULL,'2021-03-18 14:25:27','2021-03-18 14:25:27',NULL),(10,3104,1,4,NULL,NULL,4,23,NULL,NULL,731,1,NULL,NULL,40719,40722,00000177,00000177,NULL,'2021-02-17','2021-02-17',0003,1,NULL,5420.60,NULL,'2021-03-18 14:25:27','2021-03-18 14:25:27',NULL),(11,3104,1,4,NULL,NULL,4,23,NULL,NULL,731,1,NULL,NULL,40719,40721,00000024,00000024,NULL,'2021-02-17','2021-02-17',0005,1,NULL,150.00,NULL,'2021-03-18 14:25:27','2021-03-18 14:25:27',NULL),(12,3104,1,4,NULL,NULL,4,23,NULL,NULL,731,1,NULL,NULL,40719,40721,00000025,00000025,NULL,'2021-02-19','2021-02-19',0005,1,NULL,165.00,NULL,'2021-03-18 14:25:27','2021-03-18 14:25:27',NULL),(13,3104,1,4,NULL,NULL,4,23,NULL,NULL,731,1,NULL,NULL,40719,40721,00000026,00000026,NULL,'2021-02-19','2021-02-19',0005,1,NULL,150.00,NULL,'2021-03-18 14:25:27','2021-03-18 14:25:27',NULL),(14,3104,1,4,NULL,NULL,4,23,NULL,NULL,731,1,NULL,NULL,40719,40721,00000027,00000027,NULL,'2021-02-19','2021-02-19',0005,1,NULL,150.00,NULL,'2021-03-18 14:25:27','2021-03-18 14:25:27',NULL),(15,3104,1,4,NULL,NULL,4,23,NULL,NULL,731,1,NULL,NULL,40719,40722,00000178,00000178,NULL,'2021-02-22','2021-02-22',0003,1,NULL,3035.00,NULL,'2021-03-18 14:25:27','2021-03-18 14:25:27',NULL),(16,3104,1,4,NULL,NULL,4,23,NULL,NULL,731,1,NULL,NULL,40719,40721,00000028,00000028,NULL,'2021-02-22','2021-02-22',0005,1,NULL,439.00,NULL,'2021-03-18 14:25:27','2021-03-18 14:25:27',NULL),(17,3104,1,4,NULL,NULL,4,23,NULL,NULL,731,1,NULL,NULL,40719,40721,00000029,00000029,NULL,'2021-02-25','2021-02-25',0005,1,NULL,620.00,NULL,'2021-03-18 14:25:27','2021-03-18 14:25:27',NULL),(18,3104,1,4,NULL,NULL,4,23,NULL,NULL,731,1,NULL,NULL,40719,40721,00000030,00000030,NULL,'2021-02-26','2021-02-26',0005,1,NULL,110.00,NULL,'2021-03-18 14:25:27','2021-03-18 14:25:27',NULL),(19,3104,1,4,NULL,NULL,4,23,NULL,NULL,731,1,NULL,NULL,40719,40722,00000179,00000179,NULL,'2021-02-28','2021-02-28',0003,1,NULL,5420.60,NULL,'2021-03-18 14:25:27','2021-03-18 14:25:27',NULL),(20,3104,2,3,NULL,NULL,4,23,217,NULL,731,1,NULL,NULL,40719,40724,00213834,00213834,NULL,'2021-02-02','2021-02-02',0956,1,NULL,14.83,NULL,'2021-03-18 14:39:29','2021-03-18 14:39:29',NULL),(21,3104,2,3,NULL,NULL,4,23,217,NULL,731,1,NULL,NULL,40719,40724,00213955,00213955,NULL,'2021-02-02','2021-02-02',0956,1,NULL,14.81,NULL,'2021-03-18 14:39:29','2021-03-18 14:39:29',NULL);
INSERT INTO `receipts` VALUES (22,3104,2,3,NULL,NULL,4,23,217,NULL,731,1,NULL,NULL,40719,40724,00212469,00212469,NULL,'2021-02-02','2021-02-02',0956,1,NULL,14.22,NULL,'2021-03-18 14:39:29','2021-03-18 14:39:29',NULL),(23,3104,2,3,NULL,NULL,4,23,217,NULL,731,1,NULL,NULL,40719,40724,00212471,00212471,NULL,'2021-02-02','2021-02-02',0956,1,NULL,3.01,NULL,'2021-03-18 14:39:29','2021-03-18 14:39:29',NULL),(24,3104,2,3,NULL,NULL,4,23,217,NULL,731,1,NULL,NULL,40719,40724,00212475,00212475,NULL,'2021-02-02','2021-02-02',0956,1,NULL,28.92,NULL,'2021-03-18 14:39:29','2021-03-18 14:39:29',NULL),(25,3104,2,3,NULL,NULL,4,23,217,NULL,731,1,NULL,NULL,40719,40725,00062886,00062886,NULL,'2021-02-02','2021-02-02',2232,1,NULL,54.76,NULL,'2021-03-18 14:39:29','2021-03-18 14:39:29',NULL),(26,3104,2,3,NULL,NULL,4,23,217,NULL,731,1,NULL,NULL,40719,40725,00062880,00062880,NULL,'2021-02-02','2021-02-02',2232,1,NULL,16.31,NULL,'2021-03-18 14:39:29','2021-03-18 14:39:29',NULL),(27,3104,2,3,NULL,NULL,4,23,217,NULL,731,1,NULL,NULL,40719,40725,00062885,00062885,NULL,'2021-02-02','2021-02-02',2232,1,NULL,19.43,NULL,'2021-03-18 14:39:29','2021-03-18 14:39:29',NULL),(28,3104,2,3,NULL,NULL,4,23,217,NULL,731,1,NULL,NULL,40719,40725,00057413,00057413,NULL,'2021-02-02','2021-02-02',2232,1,NULL,14.73,NULL,'2021-03-18 14:39:29','2021-03-18 14:39:29',NULL),(29,3104,2,3,NULL,NULL,4,23,217,NULL,731,1,NULL,NULL,40719,40725,00057414,00057414,NULL,'2021-02-02','2021-02-02',2232,1,NULL,57.07,NULL,'2021-03-18 14:39:29','2021-03-18 14:39:29',NULL),(30,3104,2,3,NULL,NULL,4,23,217,NULL,731,1,NULL,NULL,40719,40725,00057416,00057416,NULL,'2021-02-02','2021-02-02',2232,1,NULL,57.09,NULL,'2021-03-18 14:39:29','2021-03-18 14:39:29',NULL),(31,3104,2,3,NULL,NULL,4,23,217,NULL,731,1,NULL,NULL,40719,40725,00057415,00057415,NULL,'2021-02-02','2021-02-02',2232,1,NULL,16.99,NULL,'2021-03-18 14:39:29','2021-03-18 14:39:29',NULL),(32,3104,2,4,NULL,NULL,4,23,250,NULL,731,1,NULL,NULL,40719,40726,00002504,00002504,NULL,'2021-02-03','2021-02-03',0044,1,NULL,3054.05,NULL,'2021-03-18 14:39:29','2021-03-20 07:32:41','2021-03-20 07:32:41'),(33,3104,2,3,NULL,NULL,4,23,217,NULL,731,1,NULL,NULL,40719,40724,00221322,00221322,NULL,'2021-02-03','2021-02-03',0956,1,NULL,112.89,NULL,'2021-03-18 14:39:29','2021-03-18 14:39:29',NULL),(34,3104,2,3,NULL,NULL,4,23,217,NULL,731,1,NULL,NULL,40719,40724,00221323,00221323,NULL,'2021-02-03','2021-02-03',0956,1,NULL,111.05,NULL,'2021-03-18 14:39:29','2021-03-18 14:39:29',NULL),(35,3104,2,3,NULL,NULL,4,23,217,NULL,731,1,NULL,NULL,40719,40724,00221324,00221324,NULL,'2021-02-03','2021-02-03',0956,1,NULL,85.13,NULL,'2021-03-18 14:39:29','2021-03-18 14:39:29',NULL),(36,3104,2,3,NULL,NULL,4,23,217,NULL,731,1,NULL,NULL,40719,40724,00221325,00221325,NULL,'2021-02-03','2021-02-03',0956,1,NULL,12.30,NULL,'2021-03-18 14:39:29','2021-03-18 14:39:29',NULL),(37,3104,2,4,NULL,NULL,4,23,217,NULL,731,1,NULL,NULL,40719,40727,02343021,02343021,NULL,'2021-02-09','2021-02-09',2219,1,NULL,2955.06,NULL,'2021-03-18 14:39:29','2021-03-20 07:32:56','2021-03-20 07:32:56'),(38,3104,2,4,NULL,NULL,4,23,250,NULL,731,1,NULL,NULL,40719,40726,00003102,00003102,NULL,'2021-02-10','2021-02-10',0044,1,NULL,2092.70,NULL,'2021-03-18 14:39:29','2021-03-20 07:15:16','2021-03-20 07:15:16'),(39,3104,2,1,NULL,NULL,4,23,217,NULL,731,1,NULL,NULL,40719,40728,00000137,00000137,NULL,'2021-02-10','2021-02-10',0001,1,NULL,15730.00,NULL,'2021-03-18 14:39:29','2021-03-18 14:39:29',NULL),(40,3104,2,5,NULL,NULL,4,23,217,NULL,731,1,NULL,NULL,40719,40729,00600101,00600101,NULL,'2021-02-12','2021-02-12',0070,1,NULL,466.55,NULL,'2021-03-18 14:39:29','2021-03-20 07:33:08','2021-03-20 07:33:08'),(41,3104,2,1,NULL,NULL,4,23,217,NULL,731,1,NULL,NULL,40719,40724,00846569,00846569,NULL,'2021-02-12','2021-02-12',0949,1,NULL,4352.51,NULL,'2021-03-18 14:39:29','2021-03-18 14:39:29',NULL),(42,3104,2,1,NULL,NULL,4,23,217,NULL,731,1,NULL,NULL,40719,40730,01353909,01353909,NULL,'2021-02-14','2021-02-14',6723,1,NULL,191.82,NULL,'2021-03-18 14:39:29','2021-03-18 14:39:29',NULL);
INSERT INTO `receipts` VALUES (43,3104,2,4,NULL,NULL,4,23,250,NULL,731,1,NULL,NULL,40719,40726,00003859,00003859,NULL,'2021-02-22','2021-02-22',0044,1,NULL,1131.35,NULL,'2021-03-18 14:39:29','2021-03-20 06:54:35','2021-03-20 06:54:35'),(44,3104,2,4,NULL,NULL,4,23,217,NULL,731,1,NULL,NULL,40719,40729,00657043,00657043,NULL,'2021-02-24','2021-02-24',0077,1,NULL,14004.00,NULL,'2021-03-18 14:39:29','2021-03-20 06:46:48','2021-03-20 06:46:48'),(45,3104,2,1,NULL,NULL,4,23,217,NULL,731,1,NULL,NULL,40719,40725,00370467,00370467,NULL,'2021-02-25','2021-02-25',2470,1,NULL,1225.10,NULL,'2021-03-18 14:39:29','2021-03-21 09:02:59',NULL),(46,3104,2,1,NULL,NULL,4,23,217,NULL,731,1,NULL,NULL,40719,40731,01094026,01094026,NULL,'2021-02-28','2021-02-28',0014,1,NULL,2519.58,NULL,'2021-03-18 14:39:29','2021-03-18 14:39:29',NULL),(47,3104,1,1,NULL,NULL,4,23,NULL,NULL,731,1,NULL,NULL,40719,40732,09883100,09883100,NULL,'2021-01-27','2021-01-27',0014,1,NULL,7773.66,NULL,'2021-03-19 00:28:21','2021-03-20 06:05:05','2021-03-20 06:05:05'),(48,3104,5,NULL,NULL,NULL,4,NULL,NULL,NULL,NULL,1,NULL,NULL,40719,NULL,NULL,NULL,1234,'2021-02-28',NULL,NULL,1,NULL,90.00,NULL,'2021-03-19 01:11:27','2021-03-19 01:14:37','2021-03-19 01:14:37'),(49,3104,5,NULL,NULL,NULL,4,NULL,NULL,NULL,NULL,1,NULL,NULL,40719,NULL,NULL,NULL,1234,'2021-02-28',NULL,NULL,1,NULL,90.00,NULL,'2021-03-19 01:11:42','2021-03-19 01:14:43','2021-03-19 01:14:43'),(50,3104,5,NULL,NULL,NULL,4,NULL,NULL,NULL,NULL,1,NULL,NULL,40719,NULL,NULL,NULL,1234,'2021-02-28',NULL,NULL,1,NULL,166.15,NULL,'2021-03-19 01:12:15','2021-03-19 01:25:26','2021-03-19 01:25:26'),(51,3104,1,1,NULL,NULL,1526,23,NULL,NULL,731,1,NULL,NULL,40719,40723,00000089,00000089,NULL,'2020-09-07','2020-09-07',0003,1,NULL,4514.75,NULL,'2021-03-20 06:00:28','2021-03-20 06:00:28',NULL),(52,3104,2,1,NULL,NULL,1526,23,217,NULL,731,1,NULL,NULL,40719,40724,00236115,00236115,NULL,'2020-09-03','2020-09-03',0943,1,NULL,543.35,NULL,'2021-03-20 06:00:56','2021-03-20 06:00:56',NULL),(53,3104,2,1,NULL,NULL,1526,23,217,NULL,731,1,NULL,NULL,40719,40733,00000420,00000420,NULL,'2020-09-10','2020-09-10',0003,1,NULL,6.78,NULL,'2021-03-20 06:00:56','2021-03-20 06:00:56',NULL),(54,3104,2,1,NULL,NULL,1526,23,217,NULL,731,1,NULL,NULL,40719,40724,00502496,00502496,NULL,'2020-09-12','2020-09-12',0949,1,NULL,1950.32,NULL,'2021-03-20 06:00:56','2021-03-20 06:00:56',NULL),(55,3104,2,1,NULL,NULL,1526,23,217,NULL,731,1,NULL,NULL,40719,40730,00600286,00600286,NULL,'2020-09-16','2020-09-16',6723,1,NULL,191.82,NULL,'2021-03-20 06:00:56','2021-03-20 06:00:56',NULL),(56,3104,2,4,NULL,NULL,1526,23,217,NULL,731,1,NULL,NULL,40719,40729,00528183,00528183,NULL,'2020-09-25','2020-09-25',0083,1,NULL,12731.00,NULL,'2021-03-20 06:00:56','2021-03-20 06:48:56','2021-03-20 06:48:56'),(57,3104,2,1,NULL,NULL,1526,23,217,NULL,731,1,NULL,NULL,40719,40725,00279907,00279907,NULL,'2020-09-25','2020-09-25',2470,1,NULL,955.82,NULL,'2021-03-20 06:00:56','2021-03-20 06:00:56',NULL),(58,3104,2,5,NULL,NULL,1526,23,217,NULL,731,1,NULL,NULL,40719,40729,00537459,00537459,NULL,'2020-09-28','2020-09-28',0071,1,NULL,491.81,NULL,'2021-03-20 06:00:56','2021-03-20 06:48:19','2021-03-20 06:48:19'),(59,3104,2,1,NULL,NULL,1526,23,217,NULL,731,1,NULL,NULL,40719,40733,00000665,00000665,NULL,'2020-09-30','2020-09-30',0003,1,NULL,4.84,NULL,'2021-03-20 06:00:56','2021-03-20 06:00:56',NULL),(60,3104,2,1,NULL,NULL,1526,23,217,NULL,731,1,NULL,NULL,40719,40731,01062221,01062221,NULL,'2020-09-30','2020-09-30',0014,1,NULL,921.99,NULL,'2021-03-20 06:00:56','2021-03-20 06:00:56',NULL),(61,3104,2,1,NULL,NULL,3,23,217,NULL,731,1,NULL,NULL,40719,40724,00418124,00418124,NULL,'2021-01-03','2021-01-03',0943,1,NULL,435.64,NULL,'2021-03-21 08:00:52','2021-03-21 08:00:52',NULL),(62,3104,2,7,NULL,NULL,3,23,250,NULL,731,1,NULL,NULL,40719,40735,00000126,00000126,NULL,'2021-01-05','2021-01-05',0002,1,NULL,1800.00,NULL,'2021-03-21 08:00:52','2021-03-21 09:26:02','2021-03-21 09:26:02');
INSERT INTO `receipts` VALUES (63,3104,2,4,NULL,NULL,3,23,250,NULL,731,1,NULL,NULL,40719,40726,00000284,00000284,NULL,'2021-01-06','2021-01-06',0044,1,NULL,3261.79,NULL,'2021-03-21 08:00:52','2021-03-21 08:46:48','2021-03-21 08:46:48'),(64,3104,2,6,NULL,NULL,3,23,250,NULL,731,1,NULL,NULL,40719,40726,00000041,00000041,NULL,'2021-01-06','2021-01-06',0044,1,NULL,3261.79,NULL,'2021-03-21 08:00:52','2021-03-21 08:46:39','2021-03-21 08:46:39'),(65,3104,2,3,NULL,NULL,3,23,217,NULL,731,1,NULL,NULL,40719,40724,00107291,00107291,NULL,'2021-01-07','2021-01-07',0956,1,NULL,25.21,NULL,'2021-03-21 08:00:52','2021-03-21 08:00:52',NULL),(66,3104,2,3,NULL,NULL,3,23,217,NULL,731,1,NULL,NULL,40719,40724,00107296,00107296,NULL,'2021-01-07','2021-01-07',0956,1,NULL,6.91,NULL,'2021-03-21 08:00:52','2021-03-21 08:00:52',NULL),(67,3104,2,3,NULL,NULL,3,23,217,NULL,731,1,NULL,NULL,40719,40724,00107297,00107297,NULL,'2021-01-07','2021-01-07',0956,1,NULL,25.21,NULL,'2021-03-21 08:00:52','2021-03-21 08:00:52',NULL),(68,3104,2,3,NULL,NULL,3,23,217,NULL,731,1,NULL,NULL,40719,40724,00107298,00107298,NULL,'2021-01-07','2021-01-07',0956,1,NULL,25.21,NULL,'2021-03-21 08:00:52','2021-03-21 08:00:52',NULL),(69,3104,2,3,NULL,NULL,3,23,217,NULL,731,1,NULL,NULL,40719,40724,00107290,00107290,NULL,'2021-01-07','2021-01-07',0956,1,NULL,25.21,NULL,'2021-03-21 08:00:52','2021-03-21 08:00:52',NULL),(70,3104,2,7,NULL,NULL,3,23,250,NULL,731,1,NULL,NULL,40719,40736,00000125,00000125,NULL,'2021-01-08','2021-01-08',0004,1,NULL,1323.00,NULL,'2021-03-21 08:00:52','2021-03-21 09:25:43','2021-03-21 09:25:43'),(71,3104,2,1,NULL,NULL,3,23,217,NULL,731,1,NULL,NULL,40719,40724,00804652,00804652,NULL,'2021-01-12','2021-01-12',0949,1,NULL,3776.79,NULL,'2021-03-21 08:00:52','2021-03-21 09:16:26',NULL),(72,3104,2,4,NULL,NULL,3,23,217,NULL,731,1,NULL,NULL,40719,40726,00001132,00001132,NULL,'2021-01-15','2021-01-15',0044,1,NULL,3290.40,NULL,'2021-03-21 08:00:52','2021-03-21 08:46:20','2021-03-21 08:46:20'),(73,3104,2,5,NULL,NULL,3,23,217,NULL,731,1,NULL,NULL,40719,40729,00602182,00602182,NULL,'2021-01-15','2021-01-15',0071,1,NULL,446.51,NULL,'2021-03-21 08:00:52','2021-03-21 08:46:10','2021-03-21 08:46:10'),(74,3104,2,1,NULL,NULL,3,23,217,NULL,731,1,NULL,NULL,40719,40730,01201405,01201405,NULL,'2021-01-15','2021-01-15',6723,1,NULL,191.82,NULL,'2021-03-21 08:00:52','2021-03-21 08:00:52',NULL),(75,3104,2,1,NULL,NULL,3,23,217,NULL,731,1,NULL,NULL,40719,40728,00000124,00000124,NULL,'2021-01-18','2021-01-18',0001,1,NULL,15730.00,NULL,'2021-03-21 08:00:52','2021-03-21 08:00:52',NULL),(76,3104,2,4,NULL,NULL,3,23,250,NULL,731,1,NULL,NULL,40719,40726,00001807,00001807,NULL,'2021-01-25','2021-01-25',0044,1,NULL,1075.09,NULL,'2021-03-21 08:00:52','2021-03-21 09:04:38','2021-03-21 09:04:38'),(77,3104,2,4,NULL,NULL,3,23,250,NULL,731,1,NULL,NULL,40719,40726,00001808,00001808,NULL,'2021-01-25','2021-01-25',0044,1,NULL,3024.05,NULL,'2021-03-21 08:00:52','2021-03-21 09:04:21','2021-03-21 09:04:21'),(78,3104,2,1,NULL,NULL,3,23,217,NULL,731,1,NULL,NULL,40719,40725,00353083,00353083,NULL,'2021-01-25','2021-01-25',2470,1,NULL,1225.10,NULL,'2021-03-21 08:00:53','2021-03-21 09:00:46',NULL),(79,3104,2,1,NULL,NULL,3,23,217,NULL,731,1,NULL,NULL,40719,40734,00009636,00009636,NULL,'2021-01-25','2021-01-25',0019,1,NULL,4780.43,NULL,'2021-03-21 08:00:53','2021-03-21 08:00:53',NULL),(80,3104,2,4,NULL,NULL,3,23,217,NULL,731,1,NULL,NULL,40719,40729,00625432,00625432,NULL,'2021-01-26','2021-01-26',0073,1,NULL,14004.00,NULL,'2021-03-21 08:00:53','2021-03-21 08:40:21','2021-03-21 08:40:21'),(81,3104,2,1,NULL,NULL,3,23,217,NULL,731,1,NULL,NULL,40719,40734,00009641,00009641,NULL,'2021-01-26','2021-01-26',0019,1,NULL,1180.10,NULL,'2021-03-21 08:00:53','2021-03-21 08:00:53',NULL),(82,3104,2,3,NULL,NULL,3,23,217,NULL,731,1,NULL,NULL,40719,40724,00204164,00204164,NULL,'2021-01-27','2021-01-27',0956,1,NULL,101.29,NULL,'2021-03-21 08:00:53','2021-03-21 08:00:53',NULL);
INSERT INTO `receipts` VALUES (83,3104,2,3,NULL,NULL,3,23,217,NULL,731,1,NULL,NULL,40719,40724,00204165,00204165,NULL,'2021-01-27','2021-01-27',0956,1,NULL,102.94,NULL,'2021-03-21 08:00:53','2021-03-21 08:00:53',NULL),(84,3104,2,3,NULL,NULL,3,23,217,NULL,731,1,NULL,NULL,40719,40724,00204166,00204166,NULL,'2021-01-27','2021-01-27',0956,1,NULL,32.16,NULL,'2021-03-21 08:00:53','2021-03-21 08:00:53',NULL),(85,3104,2,1,NULL,NULL,3,23,217,NULL,731,1,NULL,NULL,40719,40731,01087777,01087777,NULL,'2021-01-31','2021-01-31',0014,1,NULL,3149.48,NULL,'2021-03-21 08:00:53','2021-03-21 08:00:53',NULL),(86,3104,1,4,NULL,NULL,3,23,NULL,NULL,731,1,NULL,NULL,40719,40722,00000166,00000166,NULL,'2021-01-04','2021-01-04',0003,1,NULL,40.00,NULL,'2021-03-21 08:01:47','2021-03-21 08:01:47',NULL),(87,3104,1,4,NULL,NULL,3,23,NULL,NULL,731,1,NULL,NULL,40719,40722,00000167,00000167,NULL,'2021-01-04','2021-01-04',0003,1,NULL,160.00,NULL,'2021-03-21 08:01:47','2021-03-21 08:01:47',NULL),(88,3104,1,4,NULL,NULL,3,23,NULL,NULL,731,1,NULL,NULL,40719,40722,00000168,00000168,NULL,'2021-01-04','2021-01-04',0003,1,NULL,40.00,NULL,'2021-03-21 08:01:47','2021-03-21 08:01:47',NULL),(89,3104,1,5,NULL,NULL,3,23,NULL,NULL,731,1,NULL,NULL,40719,40722,00000001,00000001,NULL,'2021-01-04','2021-01-04',0003,1,NULL,200.00,NULL,'2021-03-21 08:01:47','2021-03-21 08:01:47',NULL),(90,3104,1,1,NULL,NULL,3,23,NULL,NULL,731,1,NULL,NULL,40719,40723,00000094,00000094,NULL,'2021-01-07','2021-01-07',0003,1,NULL,8284.66,NULL,'2021-03-21 08:01:47','2021-03-21 08:01:47',NULL),(91,3104,1,4,NULL,NULL,3,23,NULL,NULL,731,1,NULL,NULL,40719,40722,00000169,00000169,NULL,'2021-01-10','2021-01-10',0003,1,NULL,1723.60,NULL,'2021-03-21 08:01:48','2021-03-21 08:01:48',NULL),(92,3104,1,4,NULL,NULL,3,23,NULL,NULL,731,1,NULL,NULL,40719,40721,00000015,00000015,NULL,'2021-01-12','2021-01-12',0005,1,NULL,140.00,NULL,'2021-03-21 08:01:48','2021-03-21 08:01:48',NULL),(93,3104,1,4,NULL,NULL,3,23,NULL,NULL,731,1,NULL,NULL,40719,40721,00000016,00000016,NULL,'2021-01-13','2021-01-13',0005,1,NULL,480.00,NULL,'2021-03-21 08:01:48','2021-03-21 08:01:48',NULL),(94,3104,1,4,NULL,NULL,3,23,NULL,NULL,731,1,NULL,NULL,40719,40722,00000170,00000170,NULL,'2021-01-18','2021-01-18',0003,1,NULL,4027.20,NULL,'2021-03-21 08:01:48','2021-03-21 08:01:48',NULL),(95,3104,1,4,NULL,NULL,3,23,NULL,NULL,731,1,NULL,NULL,40719,40721,00000017,00000017,NULL,'2021-01-20','2021-01-20',0005,1,NULL,99.99,NULL,'2021-03-21 08:01:48','2021-03-21 08:12:09',NULL),(96,3104,1,4,NULL,NULL,3,23,NULL,NULL,731,1,NULL,NULL,40719,40722,00000171,00000171,NULL,'2021-01-25','2021-01-25',0003,1,NULL,5741.80,NULL,'2021-03-21 08:01:48','2021-03-21 08:01:48',NULL),(97,3104,1,1,NULL,NULL,3,23,NULL,NULL,731,1,NULL,NULL,40719,40737,00000095,00000095,NULL,'2021-01-31','2021-01-31',0003,1,NULL,1208.35,NULL,'2021-03-21 08:01:48','2021-03-21 08:01:48',NULL),(98,3104,1,4,NULL,NULL,3,23,NULL,NULL,731,1,NULL,NULL,40719,40722,00000172,00000172,NULL,'2021-01-31','2021-01-31',0003,1,NULL,5146.40,NULL,'2021-03-21 08:01:48','2021-03-21 08:01:48',NULL),(99,3104,1,4,NULL,NULL,3,23,NULL,NULL,731,1,NULL,NULL,40719,40721,00000173,00000173,NULL,'2021-01-31','2021-01-31',0003,1,NULL,7000.00,NULL,'2021-03-21 08:01:48','2021-03-21 08:01:48',NULL),(100,3104,1,4,NULL,NULL,3,23,NULL,NULL,731,1,NULL,NULL,40719,40721,00000174,00000174,NULL,'2021-01-31','2021-01-31',0003,1,NULL,10000.00,NULL,'2021-03-21 08:01:48','2021-03-21 08:01:48',NULL),(101,3104,1,4,NULL,NULL,3,23,NULL,NULL,731,1,NULL,NULL,40719,40721,00000175,00000175,NULL,'2021-01-31','2021-01-31',0003,1,NULL,10000.00,NULL,'2021-03-21 08:01:48','2021-03-21 08:08:08',NULL),(102,3104,1,1,NULL,NULL,3,23,NULL,NULL,731,1,NULL,NULL,40719,40732,09883100,09883100,NULL,'2021-01-31','2021-01-31',0014,1,NULL,8443.47,NULL,'2021-03-21 09:51:21','2021-03-21 10:20:10','2021-03-21 10:20:10'),(103,3104,2,1,NULL,NULL,3,23,217,NULL,731,1,NULL,NULL,40719,40732,09883100,09883100,NULL,'2021-01-31','2021-01-31',0014,1,NULL,8443.47,NULL,'2021-03-21 10:22:25','2021-03-21 10:33:54',NULL);
INSERT INTO `receipts` VALUES (104,3104,2,1,NULL,NULL,4,23,217,NULL,731,1,NULL,NULL,40719,40732,10011171,10011171,NULL,'2021-02-28','2021-02-28',0014,1,NULL,8452.81,NULL,'2021-03-21 11:58:21','2021-03-21 11:58:21',NULL),(105,3104,1,4,NULL,NULL,5,23,NULL,NULL,731,1,NULL,NULL,40719,40721,00000031,00000031,NULL,'2021-03-03','2021-03-03',0005,1,NULL,135.00,NULL,'2021-04-03 23:39:32','2021-04-03 23:39:32',NULL),(106,3104,1,4,NULL,NULL,5,23,NULL,NULL,731,1,NULL,NULL,40719,40721,00000032,00000032,NULL,'2021-03-03','2021-03-03',0005,1,NULL,85.00,NULL,'2021-04-03 23:39:32','2021-04-03 23:39:32',NULL),(107,3104,1,4,NULL,NULL,5,23,NULL,NULL,731,1,NULL,NULL,40719,40721,00000033,00000033,NULL,'2021-03-04','2021-03-04',0005,1,NULL,180.00,NULL,'2021-04-03 23:39:32','2021-04-03 23:39:32',NULL),(108,3104,1,4,NULL,NULL,5,23,NULL,NULL,731,1,NULL,NULL,40719,40721,00000034,00000034,NULL,'2021-03-05','2021-03-05',0005,1,NULL,55.00,NULL,'2021-04-03 23:39:32','2021-04-03 23:39:32',NULL),(109,3104,1,1,NULL,NULL,5,23,NULL,NULL,731,1,NULL,NULL,40719,40723,00000097,00000097,NULL,'2021-03-06','2021-03-06',0003,1,NULL,12224.02,NULL,'2021-04-03 23:39:32','2021-04-03 23:39:32',NULL),(110,3104,1,4,NULL,NULL,5,23,NULL,NULL,731,1,NULL,NULL,40719,40722,00000180,00000180,NULL,'2021-03-06','2021-03-06',0003,1,NULL,6965.20,NULL,'2021-04-03 23:39:32','2021-04-03 23:39:32',NULL),(111,3104,1,4,NULL,NULL,5,23,NULL,NULL,731,1,NULL,NULL,40719,40721,00000035,00000035,NULL,'2021-03-11','2021-03-11',0005,1,NULL,135.00,NULL,'2021-04-03 23:39:32','2021-04-03 23:39:32',NULL),(112,3104,1,4,NULL,NULL,5,23,NULL,NULL,731,1,NULL,NULL,40719,40721,00000036,00000036,NULL,'2021-03-12','2021-03-12',0005,1,NULL,240.00,NULL,'2021-04-03 23:39:32','2021-04-03 23:39:32',NULL),(113,3104,1,4,NULL,NULL,5,23,NULL,NULL,731,1,NULL,NULL,40719,40722,00000181,00000181,NULL,'2021-03-13','2021-03-13',0003,1,NULL,6157.80,NULL,'2021-04-03 23:39:32','2021-04-03 23:39:32',NULL),(114,3104,1,4,NULL,NULL,5,23,NULL,NULL,731,1,NULL,NULL,40719,40721,00000037,00000037,NULL,'2021-03-15','2021-03-15',0005,1,NULL,15.00,NULL,'2021-04-03 23:39:33','2021-04-03 23:39:33',NULL),(115,3104,1,4,NULL,NULL,5,23,NULL,NULL,731,1,NULL,NULL,40719,40721,00000038,00000038,NULL,'2021-03-19','2021-03-19',0005,1,NULL,170.00,NULL,'2021-04-03 23:39:33','2021-04-03 23:39:33',NULL),(116,3104,1,4,NULL,NULL,5,23,NULL,NULL,731,1,NULL,NULL,40719,40722,00000182,00000182,NULL,'2021-03-22','2021-03-22',0003,1,NULL,5701.40,NULL,'2021-04-03 23:39:33','2021-04-03 23:39:33',NULL),(117,3104,1,4,NULL,NULL,5,23,NULL,NULL,731,1,NULL,NULL,40719,40722,00000183,00000183,NULL,'2021-03-29','2021-03-29',0003,1,NULL,4710.00,NULL,'2021-04-03 23:39:33','2021-04-03 23:39:33',NULL),(118,3104,2,4,NULL,NULL,5,23,217,NULL,731,1,NULL,NULL,40719,40726,00004419,00004419,NULL,'2021-03-02','2021-03-02',0044,1,NULL,3213.05,NULL,'2021-04-03 23:40:15','2021-04-03 23:44:04','2021-04-03 23:44:04'),(119,3104,2,4,NULL,NULL,5,23,217,NULL,731,1,NULL,NULL,40719,40727,02413362,02413362,NULL,'2021-03-04','2021-03-04',2219,1,NULL,3289.26,NULL,'2021-04-03 23:40:15','2021-04-03 23:43:04','2021-04-03 23:43:04'),(120,3104,2,1,NULL,NULL,5,23,217,NULL,731,1,NULL,NULL,40719,40728,00000148,00000148,NULL,'2021-03-04','2021-03-04',0001,1,NULL,15730.00,NULL,'2021-04-03 23:40:15','2021-04-03 23:40:15',NULL),(121,3104,2,3,NULL,NULL,5,23,217,NULL,731,1,NULL,NULL,40719,40724,00316777,00316777,NULL,'2021-03-06','2021-03-06',1144,1,NULL,372.03,NULL,'2021-04-03 23:40:15','2021-04-03 23:40:15',NULL),(122,3104,2,3,NULL,NULL,5,23,217,NULL,731,1,NULL,NULL,40719,40724,00388144,00388144,NULL,'2021-03-06','2021-03-06',1144,1,NULL,372.03,NULL,'2021-04-03 23:40:15','2021-04-03 23:40:15',NULL),(123,3104,2,4,NULL,NULL,5,23,250,NULL,731,1,NULL,NULL,40719,40726,00004923,00004923,NULL,'2021-03-09','2021-03-09',0044,1,NULL,3054.05,NULL,'2021-04-03 23:40:15','2021-04-03 23:43:49','2021-04-03 23:43:49');
INSERT INTO `receipts` VALUES (124,3104,2,4,NULL,NULL,5,23,217,NULL,731,1,NULL,NULL,40719,40734,00008479,00008479,NULL,'2021-03-11','2021-03-11',0019,1,NULL,590.05,NULL,'2021-04-03 23:40:15','2021-04-04 23:09:13',NULL),(125,3104,2,1,NULL,NULL,5,23,217,NULL,731,1,NULL,NULL,40719,40724,00950244,00950244,NULL,'2021-03-12','2021-03-12',0949,1,NULL,4437.47,NULL,'2021-04-03 23:40:15','2021-04-04 01:10:13',NULL),(126,3104,2,1,NULL,NULL,5,23,217,NULL,731,1,NULL,NULL,40719,40730,01506657,01506657,NULL,'2021-03-14','2021-03-14',6723,1,NULL,191.82,NULL,'2021-04-03 23:40:15','2021-04-03 23:40:15',NULL),(127,3104,2,4,NULL,NULL,5,23,250,NULL,731,1,NULL,NULL,40719,40726,00005440,00005440,NULL,'2021-03-16','2021-03-16',0044,1,NULL,3054.05,NULL,'2021-04-03 23:40:15','2021-04-03 23:44:18','2021-04-03 23:44:18'),(128,3104,2,3,NULL,NULL,5,23,217,NULL,731,1,NULL,NULL,40719,40725,00700683,00700683,NULL,'2021-03-17','2021-03-17',2524,1,NULL,85.18,NULL,'2021-04-03 23:40:15','2021-04-03 23:40:15',NULL),(129,3104,2,3,NULL,NULL,5,23,217,NULL,731,1,NULL,NULL,40719,40725,00749500,00749500,NULL,'2021-03-18','2021-03-18',2524,1,NULL,14.81,NULL,'2021-04-03 23:40:15','2021-04-03 23:40:15',NULL),(130,3104,2,4,NULL,NULL,5,23,217,NULL,731,1,NULL,NULL,40719,40738,00027158,00027158,NULL,'2021-03-19','2021-03-19',0003,1,NULL,5900.00,NULL,'2021-04-03 23:40:15','2021-04-05 00:57:22','2021-04-05 00:57:22'),(131,3104,2,1,NULL,NULL,5,23,217,NULL,731,1,NULL,NULL,40719,40739,00002414,00002414,NULL,'2021-03-19','2021-03-19',0004,1,NULL,1100.00,NULL,'2021-04-03 23:40:15','2021-04-03 23:40:15',NULL),(132,3104,2,3,NULL,NULL,5,23,217,NULL,731,1,NULL,NULL,40719,40724,00163318,00163318,NULL,'2021-03-22','2021-03-22',1428,1,NULL,38.82,NULL,'2021-04-03 23:40:15','2021-04-03 23:40:15',NULL),(133,3104,2,3,NULL,NULL,5,23,217,NULL,731,1,NULL,NULL,40719,40724,00163345,00163345,NULL,'2021-03-22','2021-03-22',1428,1,NULL,2233.48,NULL,'2021-04-03 23:40:15','2021-04-04 22:59:41',NULL),(134,3104,2,4,NULL,NULL,5,23,217,NULL,731,1,NULL,NULL,40719,40726,00005994,00005994,NULL,'2021-03-23','2021-03-23',0044,1,NULL,3191.59,NULL,'2021-04-03 23:40:15','2021-04-04 01:03:51','2021-04-04 01:03:51'),(135,3104,2,4,NULL,NULL,5,23,250,NULL,731,1,NULL,NULL,40719,40726,00005992,00005992,NULL,'2021-03-23','2021-03-23',0044,1,NULL,1140.55,NULL,'2021-04-03 23:40:15','2021-04-04 01:03:41','2021-04-04 01:03:41'),(136,3104,2,5,NULL,NULL,5,23,217,NULL,731,1,NULL,NULL,40719,40729,00645394,00645394,NULL,'2021-03-23','2021-03-23',0071,1,NULL,570.24,NULL,'2021-04-03 23:40:15','2021-04-03 23:44:42','2021-04-03 23:44:42'),(137,3104,2,6,NULL,NULL,5,23,217,NULL,731,1,NULL,NULL,40719,40726,00000447,00000447,NULL,'2021-03-23','2021-03-23',0044,1,NULL,3191.59,NULL,'2021-04-03 23:40:15','2021-04-04 01:03:26','2021-04-04 01:03:26'),(138,3104,2,4,NULL,NULL,5,23,250,NULL,731,1,NULL,NULL,40719,40726,00006010,00006010,NULL,'2021-03-23','2021-03-23',0044,1,NULL,3054.05,NULL,'2021-04-03 23:40:15','2021-04-04 01:03:13','2021-04-04 01:03:13'),(139,3104,2,4,NULL,NULL,5,23,217,NULL,731,1,NULL,NULL,40719,40727,02478797,02478797,NULL,'2021-03-25','2021-03-25',2219,1,NULL,3554.62,NULL,'2021-04-03 23:40:15','2021-04-03 23:42:35','2021-04-03 23:42:35'),(140,3104,2,1,NULL,NULL,5,23,217,NULL,731,1,NULL,NULL,40719,40725,00389248,00389248,NULL,'2021-03-25','2021-03-25',2470,1,NULL,1260.21,NULL,'2021-04-03 23:40:15','2021-04-03 23:40:15',NULL),(141,3104,2,4,NULL,NULL,5,23,217,NULL,731,1,NULL,NULL,40719,40729,00677783,00677783,NULL,'2021-03-26','2021-03-26',0075,1,NULL,14494.00,NULL,'2021-04-03 23:40:15','2021-04-03 23:44:35','2021-04-03 23:44:35'),(142,3104,2,1,NULL,NULL,5,23,217,NULL,731,1,NULL,NULL,40719,40739,00002443,00002443,NULL,'2021-03-29','2021-03-29',0004,1,NULL,2200.00,NULL,'2021-04-03 23:40:15','2021-04-03 23:40:15',NULL),(143,3104,2,4,NULL,NULL,5,23,217,NULL,731,1,NULL,NULL,40719,40726,00006589,00006589,NULL,'2021-03-30','2021-03-30',0044,1,NULL,3643.03,NULL,'2021-04-03 23:40:15','2021-04-03 23:46:40','2021-04-03 23:46:40');
INSERT INTO `receipts` VALUES (144,3104,2,4,NULL,NULL,5,23,217,NULL,731,1,NULL,NULL,40719,40726,00006588,00006588,NULL,'2021-03-30','2021-03-30',0044,1,NULL,236.00,NULL,'2021-04-03 23:40:15','2021-04-03 23:46:21','2021-04-03 23:46:21'),(145,3104,2,1,NULL,NULL,5,23,217,NULL,731,1,NULL,NULL,40719,40731,01100329,01100329,NULL,'2021-03-31','2021-03-31',0014,1,NULL,6087.28,NULL,'2021-04-03 23:40:15','2021-04-03 23:40:15',NULL),(146,3104,2,1,NULL,NULL,5,23,217,NULL,731,1,NULL,NULL,40719,40732,10155836,10155836,NULL,'2021-03-26','2021-03-26',0014,1,NULL,10312.35,NULL,'2021-04-05 00:05:58','2021-04-05 00:14:00',NULL),(147,3104,1,4,NULL,NULL,5,23,NULL,NULL,731,1,NULL,NULL,40719,40718,00000184,00000184,NULL,'2021-03-31','2021-03-31',0003,1,NULL,9000.00,NULL,'2021-04-05 01:10:54','2021-04-05 01:10:54',NULL),(148,3104,1,4,NULL,NULL,5,23,NULL,NULL,731,1,NULL,NULL,40719,40718,00000185,00000185,NULL,'2021-03-31','2021-03-31',0003,1,NULL,9340.00,NULL,'2021-04-05 01:14:37','2021-04-05 01:14:37',NULL),(149,3104,2,1,NULL,NULL,6,23,217,NULL,731,1,NULL,NULL,40719,40728,00000158,00000158,NULL,'2021-04-07','2021-04-07',0001,1,NULL,18150.00,NULL,'2021-05-15 21:46:59','2021-05-15 21:46:59',NULL),(150,3104,2,1,NULL,NULL,6,23,217,NULL,731,1,NULL,NULL,40719,40724,01021253,01021253,NULL,'2021-04-12','2021-04-12',0949,1,NULL,2351.90,NULL,'2021-05-15 21:46:59','2021-05-15 22:39:17',NULL),(151,3104,2,1,NULL,NULL,6,23,217,NULL,731,1,NULL,NULL,40719,40730,01661182,01661182,NULL,'2021-04-16','2021-04-16',6723,1,NULL,191.82,NULL,'2021-05-15 21:46:59','2021-05-15 21:46:59',NULL),(152,3104,2,1,NULL,NULL,6,23,217,NULL,731,1,NULL,NULL,40719,40740,00000119,00000119,NULL,'2021-04-20','2021-04-20',0007,1,NULL,1200.01,NULL,'2021-05-15 21:46:59','2021-05-15 21:46:59',NULL),(153,3104,2,3,NULL,NULL,6,23,217,NULL,731,1,NULL,NULL,40719,40724,00454140,00454140,NULL,'2021-04-22','2021-04-22',0956,1,NULL,38.77,NULL,'2021-05-15 21:46:59','2021-05-15 21:46:59',NULL),(154,3104,2,1,NULL,NULL,6,23,217,NULL,731,1,NULL,NULL,40719,40725,00406933,00406933,NULL,'2021-04-25','2021-04-25',2470,1,NULL,1136.04,NULL,'2021-05-15 21:46:59','2021-05-15 21:46:59',NULL),(155,3104,2,1,NULL,NULL,6,23,217,NULL,731,1,NULL,NULL,40719,40731,01106535,01106535,NULL,'2021-04-30','2021-04-30',0014,1,NULL,9381.66,NULL,'2021-05-15 21:46:59','2021-05-15 21:46:59',NULL),(156,3104,1,4,NULL,NULL,6,23,NULL,NULL,731,1,NULL,NULL,40719,40722,00000186,00000186,NULL,'2021-04-03','2021-04-03',0003,1,NULL,3012.20,NULL,'2021-05-15 22:04:42','2021-05-15 22:04:42',NULL),(157,3104,1,4,NULL,NULL,6,23,NULL,NULL,731,1,NULL,NULL,40719,40721,00000039,00000039,NULL,'2021-04-05','2021-04-05',0005,1,NULL,55.00,NULL,'2021-05-15 22:04:42','2021-05-15 22:04:42',NULL),(158,3104,1,4,NULL,NULL,6,23,NULL,NULL,731,1,NULL,NULL,40719,40721,00000040,00000040,NULL,'2021-04-09','2021-04-09',0005,1,NULL,100.00,NULL,'2021-05-15 22:04:42','2021-05-15 22:04:42',NULL),(159,3104,1,1,NULL,NULL,6,23,NULL,NULL,731,1,NULL,NULL,40719,40723,00000098,00000098,NULL,'2021-04-12','2021-04-12',0003,1,NULL,11235.46,NULL,'2021-05-15 22:04:42','2021-05-15 22:04:42',NULL),(160,3104,1,4,NULL,NULL,6,23,NULL,NULL,731,1,NULL,NULL,40719,40722,00000187,00000187,NULL,'2021-04-12','2021-04-12',0003,1,NULL,3657.20,NULL,'2021-05-15 22:04:42','2021-05-15 22:04:42',NULL),(161,3104,1,4,NULL,NULL,6,23,NULL,NULL,731,1,NULL,NULL,40719,40721,00000041,00000041,NULL,'2021-04-13','2021-04-13',0005,1,NULL,130.00,NULL,'2021-05-15 22:04:42','2021-05-15 22:04:42',NULL),(162,3104,1,4,NULL,NULL,6,23,NULL,NULL,731,1,NULL,NULL,40719,40721,00000042,00000042,NULL,'2021-04-15','2021-04-15',0005,1,NULL,700.00,NULL,'2021-05-15 22:04:42','2021-05-15 22:04:42',NULL),(163,3104,1,4,NULL,NULL,6,23,NULL,NULL,731,1,NULL,NULL,40719,40721,00000043,00000043,NULL,'2021-04-21','2021-04-21',0005,1,NULL,600.00,NULL,'2021-05-15 22:04:42','2021-05-15 22:04:42',NULL),(164,3104,1,4,NULL,NULL,6,23,NULL,NULL,731,1,NULL,NULL,40719,40721,00000044,00000044,NULL,'2021-04-22','2021-04-22',0005,1,NULL,105.00,NULL,'2021-05-15 22:04:42','2021-05-15 22:04:42',NULL);
INSERT INTO `receipts` VALUES (165,3104,1,4,NULL,NULL,6,23,NULL,NULL,731,1,NULL,NULL,40719,40721,00000045,00000045,NULL,'2021-04-26','2021-04-26',0005,1,NULL,160.00,NULL,'2021-05-15 22:04:42','2021-05-15 22:04:42',NULL),(166,3104,1,4,NULL,NULL,6,23,NULL,NULL,731,1,NULL,NULL,40719,40721,00000046,00000046,NULL,'2021-04-29','2021-04-29',0005,1,NULL,260.00,NULL,'2021-05-15 22:04:42','2021-05-15 22:04:42',NULL),(167,3104,1,4,NULL,NULL,6,23,NULL,NULL,731,1,NULL,NULL,40719,40722,00000188,00000188,NULL,'2021-04-30','2021-04-30',0003,1,NULL,60.00,NULL,'2021-05-15 22:04:42','2021-05-15 22:04:42',NULL),(168,3104,2,1,NULL,NULL,6,23,217,NULL,731,1,NULL,NULL,40719,40732,10286719,10286719,NULL,'2021-04-23','2021-04-23',0014,1,NULL,7566.08,NULL,'2021-05-15 23:12:09','2021-05-15 23:12:09',NULL),(169,3104,1,4,NULL,NULL,7,23,NULL,NULL,731,1,NULL,NULL,40719,40721,00000047,00000047,NULL,'2021-05-10','2021-05-10',0005,1,NULL,120.00,NULL,'2021-06-21 02:12:04','2021-06-21 02:12:04',NULL),(170,3104,1,1,NULL,NULL,7,23,NULL,NULL,731,1,NULL,NULL,40719,40723,00000099,00000099,NULL,'2021-05-11','2021-05-11',0003,1,NULL,10886.61,NULL,'2021-06-21 02:12:04','2021-06-21 02:12:04',NULL),(171,3104,1,4,NULL,NULL,7,23,NULL,NULL,731,1,NULL,NULL,40719,40721,00000048,00000048,NULL,'2021-05-14','2021-05-14',0005,1,NULL,120.00,NULL,'2021-06-21 02:12:04','2021-06-21 02:12:04',NULL),(172,3104,1,4,NULL,NULL,7,23,NULL,NULL,731,1,NULL,NULL,40719,40721,00000049,00000049,NULL,'2021-05-18','2021-05-18',0005,1,NULL,160.00,NULL,'2021-06-21 02:12:04','2021-06-21 02:12:04',NULL),(173,3104,1,4,NULL,NULL,7,23,NULL,NULL,731,1,NULL,NULL,40719,40721,00000050,00000050,NULL,'2021-05-21','2021-05-21',0005,1,NULL,140.00,NULL,'2021-06-21 02:12:04','2021-06-21 02:12:04',NULL),(174,3104,1,4,NULL,NULL,7,23,NULL,NULL,731,1,NULL,NULL,40719,40721,00000051,00000051,NULL,'2021-05-31','2021-05-31',0005,1,NULL,100.00,NULL,'2021-06-21 02:12:04','2021-06-21 02:12:04',NULL),(175,3104,1,4,NULL,NULL,7,23,NULL,NULL,731,1,NULL,NULL,40719,40721,00000052,00000052,NULL,'2021-05-31','2021-05-31',0005,1,NULL,340.00,NULL,'2021-06-21 02:12:04','2021-06-21 02:12:04',NULL),(176,3104,2,1,NULL,NULL,7,23,217,NULL,731,1,NULL,NULL,40719,40728,00000174,00000174,NULL,'2021-05-03','2021-05-03',0001,1,NULL,18150.00,NULL,'2021-06-21 02:12:31','2021-06-21 02:12:31',NULL),(177,3104,2,1,NULL,NULL,7,23,217,NULL,731,1,NULL,NULL,40719,40739,00002606,00002606,NULL,'2021-05-12','2021-05-12',0004,1,NULL,1100.00,NULL,'2021-06-21 02:12:31','2021-06-21 02:12:31',NULL),(178,3104,2,1,NULL,NULL,7,23,217,NULL,731,1,NULL,NULL,40719,40724,01094184,01094184,NULL,'2021-05-12','2021-05-12',0949,1,NULL,1403.96,NULL,'2021-06-21 02:12:31','2021-06-21 02:12:31',NULL),(179,3104,2,1,NULL,NULL,7,23,217,NULL,731,1,NULL,NULL,40719,40730,01816196,01816196,NULL,'2021-05-19','2021-05-19',6723,1,NULL,191.82,NULL,'2021-06-21 02:12:31','2021-06-21 02:12:31',NULL),(180,3104,2,4,NULL,NULL,7,23,250,NULL,731,1,NULL,NULL,40719,40741,57810673,57810673,NULL,'2021-05-21','2021-05-21',0157,1,NULL,30.00,NULL,'2021-06-21 02:12:31','2021-06-21 02:12:31',NULL),(181,3104,2,1,NULL,NULL,7,23,217,NULL,731,1,NULL,NULL,40719,40725,00424939,00424939,NULL,'2021-05-25','2021-05-25',2470,1,NULL,1376.88,NULL,'2021-06-21 02:12:31','2021-06-21 02:12:31',NULL),(182,3104,2,1,NULL,NULL,7,23,217,NULL,731,1,NULL,NULL,40719,40733,00002001,00002001,NULL,'2021-05-31','2021-05-31',0003,1,NULL,27.10,NULL,'2021-06-21 02:12:31','2021-06-21 02:12:31',NULL),(183,3104,2,1,NULL,NULL,7,23,217,NULL,731,1,NULL,NULL,40719,40731,01112654,01112654,NULL,'2021-05-31','2021-05-31',0014,1,NULL,1118.00,NULL,'2021-06-21 02:12:31','2021-06-21 02:12:31',NULL),(184,3104,2,1,NULL,NULL,7,23,217,NULL,731,1,NULL,NULL,40719,40732,10460294,10460294,NULL,'2021-05-31','2021-05-31',0014,1,NULL,2516.43,NULL,'2021-06-21 03:29:35','2021-06-21 03:29:35',NULL),(199,3104,2,4,NULL,NULL,9,23,217,NULL,731,1,NULL,NULL,40719,40721,00000055,NULL,NULL,'2021-07-01','2021-07-01',0005,1,NULL,70.00,NULL,'2021-08-22 07:45:25','2021-08-22 07:54:26','2021-08-22 07:54:26');
INSERT INTO `receipts` VALUES (200,3104,2,4,NULL,NULL,9,23,250,NULL,731,1,NULL,NULL,40719,40722,00000190,NULL,NULL,'2021-07-04','2021-07-04',0003,1,NULL,4834.40,NULL,'2021-08-22 07:45:26','2021-08-22 07:54:13','2021-08-22 07:54:13'),(201,3104,2,4,NULL,NULL,9,23,217,NULL,731,1,NULL,NULL,40719,40721,00000056,NULL,NULL,'2021-07-06','2021-07-06',0005,1,NULL,140.00,NULL,'2021-08-22 07:45:26','2021-08-22 07:54:03','2021-08-22 07:54:03'),(202,3104,2,4,NULL,NULL,9,23,250,NULL,731,1,NULL,NULL,40719,40722,00000191,NULL,NULL,'2021-07-11','2021-07-11',0003,1,NULL,4696.40,NULL,'2021-08-22 07:45:26','2021-08-22 07:53:52','2021-08-22 07:53:52'),(203,3104,2,1,NULL,NULL,9,23,217,NULL,731,1,NULL,NULL,40719,40723,00000101,NULL,NULL,'2021-07-16','2021-07-16',0003,1,NULL,10539.70,NULL,'2021-08-22 07:45:26','2021-08-22 07:53:41','2021-08-22 07:53:41'),(204,3104,2,4,NULL,NULL,9,23,250,NULL,731,1,NULL,NULL,40719,40722,00000192,NULL,NULL,'2021-07-16','2021-07-16',0003,1,NULL,4924.60,NULL,'2021-08-22 07:45:26','2021-08-22 07:53:30','2021-08-22 07:53:30'),(205,3104,2,4,NULL,NULL,9,23,250,NULL,731,1,NULL,NULL,40719,40722,00000193,NULL,NULL,'2021-07-26','2021-07-26',0003,1,NULL,6489.20,NULL,'2021-08-22 07:45:26','2021-08-22 07:53:18','2021-08-22 07:53:18'),(213,3104,1,4,NULL,NULL,9,23,NULL,NULL,731,1,NULL,NULL,40719,40721,00000055,NULL,NULL,'2021-07-01','2021-07-01',0005,1,NULL,70.00,NULL,'2021-08-22 07:52:26','2021-08-22 07:52:26',NULL),(214,3104,1,4,NULL,NULL,9,23,NULL,NULL,731,1,NULL,NULL,40719,40722,00000190,NULL,NULL,'2021-07-04','2021-07-04',0003,1,NULL,4834.40,NULL,'2021-08-22 07:52:26','2021-08-22 07:52:26',NULL),(215,3104,1,4,NULL,NULL,9,23,NULL,NULL,731,1,NULL,NULL,40719,40721,00000056,NULL,NULL,'2021-07-06','2021-07-06',0005,1,NULL,140.00,NULL,'2021-08-22 07:52:26','2021-08-22 07:52:26',NULL),(216,3104,1,4,NULL,NULL,9,23,NULL,NULL,731,1,NULL,NULL,40719,40722,00000191,NULL,NULL,'2021-07-11','2021-07-11',0003,1,NULL,4696.40,NULL,'2021-08-22 07:52:26','2021-08-22 07:52:26',NULL),(217,3104,1,1,NULL,NULL,9,23,NULL,NULL,731,1,NULL,NULL,40719,40723,00000101,NULL,NULL,'2021-07-16','2021-07-16',0003,1,NULL,10539.70,NULL,'2021-08-22 07:52:26','2021-08-22 07:52:26',NULL),(218,3104,1,4,NULL,NULL,9,23,NULL,NULL,731,1,NULL,NULL,40719,40722,00000192,NULL,NULL,'2021-07-16','2021-07-16',0003,1,NULL,4924.60,NULL,'2021-08-22 07:52:26','2021-08-22 07:52:26',NULL),(219,3104,1,4,NULL,NULL,9,23,NULL,NULL,731,1,NULL,NULL,40719,40722,00000193,NULL,NULL,'2021-07-26','2021-07-26',0003,1,NULL,6489.20,NULL,'2021-08-22 07:52:26','2021-08-22 07:52:26',NULL),(220,3104,2,4,NULL,NULL,9,23,250,NULL,731,1,NULL,NULL,40719,40726,00014939,NULL,NULL,'2021-07-05','2021-07-05',0044,1,NULL,3469.10,NULL,'2021-08-22 07:55:23','2021-08-22 07:58:20','2021-08-22 07:58:20'),(221,3104,2,1,NULL,NULL,9,23,217,NULL,731,1,NULL,NULL,40719,40728,00000194,NULL,NULL,'2021-07-05','2021-07-05',0001,1,NULL,18150.00,NULL,'2021-08-22 07:55:23','2021-08-22 07:55:23',NULL),(222,3104,2,5,NULL,NULL,9,23,217,NULL,731,1,NULL,NULL,40719,40729,00713446,NULL,NULL,'2021-07-08','2021-07-08',0071,1,NULL,130.11,NULL,'2021-08-22 07:55:23','2021-08-22 07:58:03','2021-08-22 07:58:03'),(223,3104,2,4,NULL,NULL,9,23,250,NULL,731,1,NULL,NULL,40719,40726,00015486,NULL,NULL,'2021-07-10','2021-07-10',0044,1,NULL,2391.55,NULL,'2021-08-22 07:55:23','2021-08-22 07:57:49','2021-08-22 07:57:49'),(224,3104,2,5,NULL,NULL,9,23,217,NULL,731,1,NULL,NULL,40719,40729,00695679,NULL,NULL,'2021-07-12','2021-07-12',0070,1,NULL,453.48,NULL,'2021-08-22 07:55:23','2021-08-22 07:57:34','2021-08-22 07:57:34'),(225,3104,2,1,NULL,NULL,9,23,217,NULL,731,1,NULL,NULL,40719,40724,01241986,01241986,NULL,'2021-07-12','2021-07-12',0949,1,NULL,1525.73,NULL,'2021-08-22 07:55:23','2021-08-22 20:25:39',NULL),(226,3104,2,4,NULL,NULL,9,23,250,NULL,731,1,NULL,NULL,40719,40726,00015977,NULL,NULL,'2021-07-15','2021-07-15',0044,1,NULL,3469.10,NULL,'2021-08-22 07:55:23','2021-08-22 07:57:18','2021-08-22 07:57:18');
INSERT INTO `receipts` VALUES (227,3104,2,1,NULL,NULL,9,23,217,NULL,731,1,NULL,NULL,40719,40730,02133543,NULL,NULL,'2021-07-15','2021-07-15',6723,1,NULL,191.96,NULL,'2021-08-22 07:55:23','2021-08-22 07:55:23',NULL),(228,3104,2,4,NULL,NULL,9,23,217,NULL,731,1,NULL,NULL,40719,40727,02817784,NULL,NULL,'2021-07-20','2021-07-20',2219,1,NULL,3026.04,NULL,'2021-08-22 07:55:23','2021-08-22 07:56:53','2021-08-22 07:56:53'),(229,3104,2,4,NULL,NULL,9,23,250,NULL,731,1,NULL,NULL,40719,40741,58904099,NULL,NULL,'2021-07-20','2021-07-20',0157,1,NULL,30.00,NULL,'2021-08-22 07:55:23','2021-08-22 07:55:23',NULL),(230,3104,2,4,NULL,NULL,9,23,250,NULL,731,1,NULL,NULL,40719,40726,00016714,NULL,NULL,'2021-07-23','2021-07-23',0044,1,NULL,3469.10,NULL,'2021-08-22 07:55:23','2021-08-22 07:56:39','2021-08-22 07:56:39'),(231,3104,2,1,NULL,NULL,9,23,217,NULL,731,1,NULL,NULL,40719,40725,00460148,00460148,NULL,'2021-07-25','2021-07-25',2470,1,NULL,1456.21,NULL,'2021-08-22 07:55:23','2021-08-22 20:18:38',NULL),(232,3104,2,4,NULL,NULL,9,23,217,NULL,731,1,NULL,NULL,40719,40729,00759187,NULL,NULL,'2021-07-26','2021-07-26',0079,1,NULL,15979.00,NULL,'2021-08-22 07:55:23','2021-08-22 07:56:25','2021-08-22 07:56:25'),(233,3104,2,1,NULL,NULL,9,23,217,NULL,731,1,NULL,NULL,40719,40731,01125733,01125733,NULL,'2021-07-31','2021-07-31',0014,1,NULL,4729.77,NULL,'2021-08-22 07:55:24','2021-08-22 20:10:04',NULL),(234,3104,2,4,NULL,NULL,9,23,217,NULL,731,1,NULL,NULL,40719,40742,03465257,NULL,NULL,'2021-07-31','2021-07-31',0005,1,NULL,3781.13,NULL,'2021-08-22 07:55:24','2021-08-22 07:56:13','2021-08-22 07:56:13'),(235,3104,2,1,NULL,NULL,9,23,217,NULL,731,1,NULL,NULL,40719,40732,10591059,10591059,NULL,'2021-07-12','2021-07-12',0014,1,NULL,5179.13,NULL,'2021-08-22 20:55:12','2021-08-22 20:55:12',NULL),(236,3104,1,7,NULL,NULL,10,23,NULL,NULL,731,1,NULL,NULL,40719,40743,00000081,NULL,NULL,'2021-08-10','2021-08-10',0001,1,NULL,2436.00,NULL,'2021-09-20 01:13:41','2021-09-20 01:15:46','2021-09-20 01:15:46'),(237,3104,1,7,NULL,NULL,10,23,NULL,NULL,731,1,NULL,NULL,40719,40744,00000082,NULL,NULL,'2021-08-17','2021-08-17',0001,1,NULL,19764.09,NULL,'2021-09-20 01:13:42','2021-09-20 01:15:34','2021-09-20 01:15:34'),(238,3104,1,7,NULL,NULL,10,23,NULL,NULL,731,1,NULL,NULL,40719,40743,00000083,NULL,NULL,'2021-08-23','2021-08-23',0001,1,NULL,6750.00,NULL,'2021-09-20 01:13:42','2021-09-20 01:15:24','2021-09-20 01:15:24'),(259,3104,2,1,NULL,NULL,10,23,217,NULL,731,1,NULL,NULL,40719,40745,00009089,NULL,NULL,'2019-08-01','2019-08-01',0002,1,NULL,1571.12,NULL,'2021-09-20 01:23:54','2021-09-20 01:40:01','2021-09-20 01:40:01'),(260,3104,2,1,NULL,NULL,10,23,217,NULL,731,1,NULL,NULL,40719,40746,00000356,NULL,NULL,'2019-08-06','2019-08-06',0002,1,NULL,12100.00,NULL,'2021-09-20 01:23:54','2021-09-20 01:39:50','2021-09-20 01:39:50'),(261,3104,2,1,NULL,NULL,10,23,217,NULL,731,1,NULL,NULL,40719,40734,00006949,NULL,NULL,'2019-08-06','2019-08-06',0019,1,NULL,568.56,NULL,'2021-09-20 01:23:54','2021-09-20 01:39:37','2021-09-20 01:39:37'),(262,3104,2,5,NULL,NULL,10,23,217,NULL,731,1,NULL,NULL,40719,40729,00248045,NULL,NULL,'2019-08-08','2019-08-08',0071,1,NULL,342.85,NULL,'2021-09-20 01:23:54','2021-09-20 01:37:30','2021-09-20 01:37:30'),(263,3104,2,1,NULL,NULL,10,23,217,NULL,731,1,NULL,NULL,40719,40724,00072776,NULL,NULL,'2019-08-12','2019-08-12',1410,1,NULL,1460.65,NULL,'2021-09-20 01:23:55','2021-09-20 01:39:28','2021-09-20 01:39:28'),(264,3104,2,1,NULL,NULL,10,23,217,NULL,731,1,NULL,NULL,40719,40730,02779692,NULL,NULL,'2019-08-15','2019-08-15',8340,1,NULL,198.14,NULL,'2021-09-20 01:23:55','2021-09-20 01:39:08','2021-09-20 01:39:08'),(265,3104,2,4,NULL,NULL,10,23,217,NULL,731,1,NULL,NULL,40719,40729,00240885,NULL,NULL,'2019-08-23','2019-08-23',0072,1,NULL,9973.00,NULL,'2021-09-20 01:23:55','2021-09-20 01:37:17','2021-09-20 01:37:17'),(266,3104,2,1,NULL,NULL,10,23,217,NULL,731,1,NULL,NULL,40719,40734,00007019,NULL,NULL,'2019-08-23','2019-08-23',0019,1,NULL,640.49,NULL,'2021-09-20 01:23:55','2021-09-20 01:38:45','2021-09-20 01:38:45');
INSERT INTO `receipts` VALUES (267,3104,2,1,NULL,NULL,10,23,217,NULL,731,1,NULL,NULL,40719,40725,00057438,NULL,NULL,'2019-08-25','2019-08-25',2470,1,NULL,1984.68,NULL,'2021-09-20 01:23:55','2021-09-20 01:38:35','2021-09-20 01:38:35'),(268,3104,2,7,NULL,NULL,10,23,250,NULL,731,1,NULL,NULL,40719,40736,00000066,NULL,NULL,'2019-08-27','2019-08-27',0004,1,NULL,870.00,NULL,'2021-09-20 01:23:55','2021-09-20 01:36:54','2021-09-20 01:36:54'),(269,3104,2,1,NULL,NULL,10,23,217,NULL,731,1,NULL,NULL,40719,40747,00020830,NULL,NULL,'2019-08-31','2019-08-31',0004,1,NULL,200.00,NULL,'2021-09-20 01:23:55','2021-09-20 01:38:25','2021-09-20 01:38:25'),(270,3104,2,1,NULL,NULL,10,23,217,NULL,731,1,NULL,NULL,40719,40731,00969112,NULL,NULL,'2019-08-31','2019-08-31',0014,1,NULL,8777.21,NULL,'2021-09-20 01:23:55','2021-09-20 01:37:51','2021-09-20 01:37:51'),(281,3104,1,4,NULL,NULL,10,23,NULL,NULL,731,1,NULL,NULL,40719,40722,00000194,NULL,NULL,'2021-08-02','2021-08-02',0003,1,NULL,5691.80,NULL,'2021-09-20 01:30:44','2021-09-20 01:30:44',NULL),(282,3104,1,4,NULL,NULL,10,23,NULL,NULL,731,1,NULL,NULL,40719,40722,00000195,NULL,NULL,'2021-08-02','2021-08-02',0003,1,NULL,6591.80,NULL,'2021-09-20 01:30:44','2021-09-20 01:30:44',NULL),(283,3104,1,1,NULL,NULL,10,23,NULL,NULL,731,1,NULL,NULL,40719,40723,00000102,NULL,NULL,'2021-08-05','2021-08-05',0003,1,NULL,10370.91,NULL,'2021-09-20 01:30:44','2021-09-20 01:30:44',NULL),(284,3104,1,4,NULL,NULL,10,23,NULL,NULL,731,1,NULL,NULL,40719,40721,00000057,NULL,NULL,'2021-08-05','2021-08-05',0005,1,NULL,50.00,NULL,'2021-09-20 01:30:44','2021-09-20 01:30:44',NULL),(285,3104,1,4,NULL,NULL,10,23,NULL,NULL,731,1,NULL,NULL,40719,40721,00000058,NULL,NULL,'2021-08-06','2021-08-06',0005,1,NULL,140.00,NULL,'2021-09-20 01:30:44','2021-09-20 01:30:44',NULL),(286,3104,1,4,NULL,NULL,10,23,NULL,NULL,731,1,NULL,NULL,40719,40722,00000196,NULL,NULL,'2021-08-09','2021-08-09',0003,1,NULL,6793.40,NULL,'2021-09-20 01:30:44','2021-09-20 01:30:44',NULL),(287,3104,1,4,NULL,NULL,10,23,NULL,NULL,731,1,NULL,NULL,40719,40721,00000059,NULL,NULL,'2021-08-11','2021-08-11',0005,1,NULL,60.00,NULL,'2021-09-20 01:30:44','2021-09-20 01:30:44',NULL),(288,3104,1,4,NULL,NULL,10,23,NULL,NULL,731,1,NULL,NULL,40719,40721,00000060,NULL,NULL,'2021-08-11','2021-08-11',0005,1,NULL,170.00,NULL,'2021-09-20 01:30:44','2021-09-20 01:30:44',NULL),(289,3104,1,4,NULL,NULL,10,23,NULL,NULL,731,1,NULL,NULL,40719,40721,00000061,NULL,NULL,'2021-08-12','2021-08-12',0005,1,NULL,450.00,NULL,'2021-09-20 01:30:44','2021-09-20 01:30:44',NULL),(290,3104,1,4,NULL,NULL,10,23,NULL,NULL,731,1,NULL,NULL,40719,40721,00000062,NULL,NULL,'2021-08-17','2021-08-17',0005,1,NULL,1800.00,NULL,'2021-09-20 01:30:44','2021-09-20 01:30:44',NULL),(291,3104,1,4,NULL,NULL,10,23,NULL,NULL,731,1,NULL,NULL,40719,40721,00000063,NULL,NULL,'2021-08-17','2021-08-17',0005,1,NULL,80.00,NULL,'2021-09-20 01:30:44','2021-09-20 01:30:44',NULL),(292,3104,1,4,NULL,NULL,10,23,NULL,NULL,731,1,NULL,NULL,40719,40722,00000197,NULL,NULL,'2021-08-18','2021-08-18',0003,1,NULL,4339.60,NULL,'2021-09-20 01:30:44','2021-09-20 01:30:44',NULL),(293,3104,1,4,NULL,NULL,10,23,NULL,NULL,731,1,NULL,NULL,40719,40722,00000198,NULL,NULL,'2021-08-21','2021-08-21',0003,1,NULL,4121.80,NULL,'2021-09-20 01:30:44','2021-09-20 01:30:44',NULL),(294,3104,1,4,NULL,NULL,10,23,NULL,NULL,731,1,NULL,NULL,40719,40721,00000064,NULL,NULL,'2021-08-21','2021-08-21',0005,1,NULL,30.00,NULL,'2021-09-20 01:30:44','2021-09-20 01:30:44',NULL),(295,3104,1,4,NULL,NULL,10,23,NULL,NULL,731,1,NULL,NULL,40719,40722,00000199,NULL,NULL,'2021-08-30','2021-08-30',0003,1,NULL,7417.80,NULL,'2021-09-20 01:30:44','2021-09-20 01:30:44',NULL),(305,3104,2,1,NULL,NULL,10,23,217,NULL,731,1,NULL,NULL,40719,40728,00000209,NULL,NULL,'2021-08-02','2021-08-02',0001,1,NULL,18150.00,NULL,'2021-09-20 01:50:34','2021-09-20 01:50:34',NULL),(306,3104,2,4,NULL,NULL,10,23,250,NULL,731,1,NULL,NULL,40719,40726,00017597,NULL,NULL,'2021-08-03','2021-08-03',0044,1,NULL,906.51,NULL,'2021-09-20 01:50:34','2021-09-20 01:57:12','2021-09-20 01:57:12');
INSERT INTO `receipts` VALUES (307,3104,2,4,NULL,NULL,10,23,250,NULL,731,1,NULL,NULL,40719,40726,00017896,NULL,NULL,'2021-08-07','2021-08-07',0044,1,NULL,3665.45,NULL,'2021-09-20 01:50:34','2021-09-20 01:57:33','2021-09-20 01:57:33'),(308,3104,2,4,NULL,NULL,10,23,217,NULL,731,1,NULL,NULL,40719,40727,02876235,NULL,NULL,'2021-08-10','2021-08-10',2219,1,NULL,3427.20,NULL,'2021-09-20 01:50:34','2021-09-20 01:56:43','2021-09-20 01:56:43'),(309,3104,2,1,NULL,NULL,10,23,217,NULL,731,1,NULL,NULL,40719,40724,01317684,01317684,NULL,'2021-08-12','2021-08-12',0949,1,NULL,1532.84,NULL,'2021-09-20 01:50:34','2021-09-20 04:08:46',NULL),(310,3104,2,5,NULL,NULL,10,23,217,NULL,731,1,NULL,NULL,40719,40729,00716951,NULL,NULL,'2021-08-13','2021-08-13',0070,1,NULL,552.07,NULL,'2021-09-20 01:50:34','2021-09-20 01:56:13','2021-09-20 01:56:13'),(311,3104,2,1,NULL,NULL,10,23,217,NULL,731,1,NULL,NULL,40719,40730,02300904,NULL,NULL,'2021-08-15','2021-08-15',6723,1,NULL,191.96,NULL,'2021-09-20 01:50:34','2021-09-20 01:50:34',NULL),(312,3104,2,4,NULL,NULL,10,23,250,NULL,731,1,NULL,NULL,40719,40726,00018791,NULL,NULL,'2021-08-17','2021-08-17',0044,1,NULL,200.00,NULL,'2021-09-20 01:50:34','2021-09-20 01:55:56','2021-09-20 01:55:56'),(313,3104,2,4,NULL,NULL,10,23,250,NULL,731,1,NULL,NULL,40719,40726,00018790,NULL,NULL,'2021-08-17','2021-08-17',0044,1,NULL,7308.52,NULL,'2021-09-20 01:50:34','2021-09-20 01:55:38','2021-09-20 01:55:38'),(314,3104,2,4,NULL,NULL,10,23,250,NULL,731,1,NULL,NULL,40719,40726,00018884,NULL,NULL,'2021-08-18','2021-08-18',0044,1,NULL,2510.30,NULL,'2021-09-20 01:50:34','2021-09-20 01:54:40','2021-09-20 01:54:40'),(315,3104,2,4,NULL,NULL,10,23,250,NULL,731,1,NULL,NULL,40719,40726,00018883,NULL,NULL,'2021-08-18','2021-08-18',0044,1,NULL,1383.95,NULL,'2021-09-20 01:50:34','2021-09-20 01:54:28','2021-09-20 01:54:28'),(316,3104,2,4,NULL,NULL,10,23,250,NULL,731,1,NULL,NULL,40719,40741,59166107,NULL,NULL,'2021-08-20','2021-08-20',0157,1,NULL,30.00,NULL,'2021-09-20 01:50:34','2021-09-20 01:50:34',NULL),(317,3104,2,1,NULL,NULL,10,23,217,NULL,731,1,NULL,NULL,40719,40749,00001670,NULL,NULL,'2021-08-23','2021-08-23',0008,1,NULL,2200.82,NULL,'2021-09-20 01:50:34','2021-09-20 01:50:34',NULL),(318,3104,2,4,NULL,NULL,10,23,250,NULL,731,1,NULL,NULL,40719,40726,00019399,NULL,NULL,'2021-08-24','2021-08-24',0044,1,NULL,2510.30,NULL,'2021-09-20 01:50:34','2021-09-20 01:54:15','2021-09-20 01:54:15'),(319,3104,2,1,NULL,NULL,10,23,217,NULL,731,1,NULL,NULL,40719,40725,00477537,00477537,NULL,'2021-08-25','2021-08-25',2470,1,NULL,1406.34,NULL,'2021-09-20 01:50:34','2021-09-20 16:06:00',NULL),(320,3104,2,4,NULL,NULL,10,23,217,NULL,731,1,NULL,NULL,40719,40729,00786139,NULL,NULL,'2021-08-26','2021-08-26',0072,1,NULL,17417.00,NULL,'2021-09-20 01:50:34','2021-09-20 01:54:03','2021-09-20 01:54:03'),(321,3104,2,4,NULL,NULL,10,23,250,NULL,731,1,NULL,NULL,40719,40726,00020009,NULL,NULL,'2021-08-30','2021-08-30',0044,1,NULL,3665.45,NULL,'2021-09-20 01:50:34','2021-09-20 01:53:53','2021-09-20 01:53:53'),(322,3104,2,4,NULL,NULL,10,23,217,NULL,731,1,NULL,NULL,40719,40727,02934856,NULL,NULL,'2021-08-31','2021-08-31',2219,1,NULL,4684.81,NULL,'2021-09-20 01:50:34','2021-09-20 01:53:42','2021-09-20 01:53:42'),(323,3104,2,1,NULL,NULL,10,23,217,NULL,731,1,NULL,NULL,40719,40733,00002507,NULL,NULL,'2021-08-31','2021-08-31',0003,1,NULL,36.38,NULL,'2021-09-20 01:50:34','2021-09-20 01:50:34',NULL),(324,3104,2,1,NULL,NULL,10,23,217,NULL,731,1,NULL,NULL,40719,40731,01132598,01132598,NULL,'2021-08-31','2021-08-31',0014,1,NULL,4657.98,NULL,'2021-09-20 01:50:34','2021-09-20 02:08:05',NULL),(325,3104,2,4,NULL,NULL,10,23,217,NULL,731,1,NULL,NULL,40719,40742,03526935,NULL,NULL,'2021-08-31','2021-08-31',0005,1,NULL,3623.72,NULL,'2021-09-20 01:50:34','2021-09-20 01:53:31','2021-09-20 01:53:31'),(326,3104,2,1,NULL,NULL,10,23,217,NULL,731,1,NULL,NULL,40719,40732,04117203,04117203,NULL,'2021-08-31','2021-08-31',2014,1,NULL,7179.23,NULL,'2021-09-20 16:29:03','2021-09-20 16:29:03',NULL);
INSERT INTO `receipts` VALUES (327,3104,2,1,NULL,NULL,12,23,217,NULL,731,1,NULL,NULL,40719,40728,00000236,NULL,NULL,'2021-10-01','2021-10-01',0001,1,NULL,18150.00,NULL,'2021-11-18 19:02:08','2021-11-18 19:02:08',NULL),(328,3104,2,1,NULL,NULL,12,23,217,NULL,731,1,NULL,NULL,40719,40724,01474344,01474344,NULL,'2021-10-12','2021-10-12',0949,1,NULL,1652.82,NULL,'2021-11-18 19:02:09','2021-11-24 02:50:50',NULL),(329,3104,2,4,NULL,NULL,12,23,250,NULL,731,1,NULL,NULL,40719,40741,60152689,NULL,NULL,'2021-10-14','2021-10-14',0157,1,NULL,510.00,NULL,'2021-11-18 19:02:09','2021-11-18 19:02:09',NULL),(330,3104,2,1,NULL,NULL,12,23,217,NULL,731,1,NULL,NULL,40719,40730,02639755,NULL,NULL,'2021-10-16','2021-10-16',6723,1,NULL,191.96,NULL,'2021-11-18 19:02:09','2021-11-18 19:02:09',NULL),(331,3104,2,1,NULL,NULL,12,23,217,NULL,731,1,NULL,NULL,40719,40725,00511925,00511925,NULL,'2021-10-25','2021-10-25',2470,1,NULL,1421.53,NULL,'2021-11-18 19:02:09','2021-11-24 02:33:29',NULL),(332,3104,2,1,NULL,NULL,12,23,217,NULL,731,1,NULL,NULL,40719,40731,01146214,01146214,NULL,'2021-10-31','2021-10-31',0014,1,NULL,5231.61,NULL,'2021-11-18 19:02:09','2021-11-24 02:28:34',NULL),(333,3104,2,4,NULL,NULL,12,23,217,NULL,731,1,NULL,NULL,40719,40742,03660320,NULL,NULL,'2021-10-31','2021-10-31',0005,1,NULL,3235.99,NULL,'2021-11-18 19:02:09','2021-11-18 19:02:09',NULL),(334,3104,1,4,NULL,NULL,12,23,NULL,NULL,731,1,NULL,NULL,40719,40722,00000204,NULL,NULL,'2021-10-04','2021-10-04',0003,1,NULL,6077.60,NULL,'2021-11-18 19:02:50','2021-11-18 19:02:50',NULL),(335,3104,1,4,NULL,NULL,12,23,NULL,NULL,731,1,NULL,NULL,40719,40722,00000205,NULL,NULL,'2021-10-12','2021-10-12',0003,1,NULL,3993.20,NULL,'2021-11-18 19:02:50','2021-11-18 19:02:50',NULL),(336,3104,1,4,NULL,NULL,12,23,NULL,NULL,731,1,NULL,NULL,40719,40721,00000073,NULL,NULL,'2021-10-12','2021-10-12',0005,1,NULL,220.00,NULL,'2021-11-18 19:02:50','2021-11-18 19:02:50',NULL),(337,3104,1,4,NULL,NULL,12,23,NULL,NULL,731,1,NULL,NULL,40719,40722,00000206,NULL,NULL,'2021-10-18','2021-10-18',0003,1,NULL,1684.60,NULL,'2021-11-18 19:02:50','2021-11-18 19:02:50',NULL),(338,3104,1,1,NULL,NULL,12,23,NULL,NULL,731,1,NULL,NULL,40719,40723,00000104,NULL,NULL,'2021-10-20','2021-10-20',0003,1,NULL,12231.47,NULL,'2021-11-18 19:02:50','2021-11-18 19:02:50',NULL),(339,3104,1,4,NULL,NULL,12,23,NULL,NULL,731,1,NULL,NULL,40719,40721,00000074,NULL,NULL,'2021-10-20','2021-10-20',0005,1,NULL,1215.00,NULL,'2021-11-18 19:02:50','2021-11-18 19:02:50',NULL),(340,3104,1,4,NULL,NULL,12,23,NULL,NULL,731,1,NULL,NULL,40719,40721,00000075,NULL,NULL,'2021-10-22','2021-10-22',0005,1,NULL,1800.00,NULL,'2021-11-18 19:02:50','2021-11-18 19:02:50',NULL),(341,3104,1,4,NULL,NULL,12,23,NULL,NULL,731,1,NULL,NULL,40719,40722,00000207,NULL,NULL,'2021-10-25','2021-10-25',0003,1,NULL,6886.80,NULL,'2021-11-18 19:02:51','2021-11-18 19:02:51',NULL),(342,3104,1,4,NULL,NULL,12,23,NULL,NULL,731,1,NULL,NULL,40719,40721,00000076,NULL,NULL,'2021-10-28','2021-10-28',0005,1,NULL,600.00,NULL,'2021-11-18 19:02:51','2021-11-18 19:02:51',NULL),(343,3104,2,1,NULL,NULL,12,23,217,NULL,731,1,NULL,NULL,40719,40732,11335200,11335200,NULL,'2021-10-22','2021-10-22',0014,1,NULL,6141.40,NULL,'2021-11-24 03:03:42','2021-11-24 03:03:42',NULL);

--
-- Table structure for table `recibo_config`
--

