INSERT INTO `syj_conceptos` VALUES (8423,3104,86,'Asig. No Remunerativa  Ac 04-22',2000,2100,62,3,NULL,1,1,1,1,NULL,NULL,NULL,NULL,1,NULL,NULL,1,1,1,1.00,NULL,NULL,1,1,1,NULL,NULL,1,1,0.00,1,3996.00,NULL,NULL,NULL,NULL,1,1,1,NULL,NULL,1,1,0.00,6,0.00,NULL,0.00,2,1,1,1,0.00,0.00,1,1,0.00,0.00,1,1,1,NULL,NULL,1,NULL,NULL,1,'2020-05-07 10:26:24','2022-06-06 05:55:15',NULL),(8424,3104,86,'FAECYS',4050,40500,NULL,5,NULL,1,1,1,5,NULL,NULL,NULL,NULL,1,NULL,NULL,0,0,1,0.50,NULL,NULL,1,1,1,NULL,NULL,1,1,0.00,5,0.00,NULL,NULL,NULL,NULL,2,2,2,2,4,1,NULL,0.00,6,0.00,NULL,0.00,3,1,1,1,0.00,0.00,1,1,0.00,0.00,1,1,1,NULL,NULL,1,NULL,NULL,0,'2020-05-13 08:20:52','2021-03-22 14:21:06',NULL),(8425,3104,86,'Plus Feriado',1115,11150,NULL,2,NULL,1,1,1,1,NULL,NULL,NULL,NULL,1,NULL,NULL,1,1,3,0.00,NULL,NULL,1,1,1,NULL,NULL,1,NULL,0.00,2,0.00,NULL,NULL,48,NULL,1,1,1,NULL,NULL,1,NULL,0.00,6,0.00,NULL,0.00,2,1,1,1,0.00,0.00,1,1,0.00,0.00,1,1,1,NULL,NULL,1,NULL,NULL,1,'2021-03-16 04:27:19','2021-03-16 04:27:19',NULL),(8426,3104,86,'Prest no remun Dec 397/2020 MTEy SS c/aportes',115,1150,62,3,NULL,1,1,1,1,NULL,NULL,NULL,NULL,1,NULL,NULL,1,1,1,1.00,NULL,NULL,1,1,1,NULL,NULL,1,1,0.00,3,35720.80,NULL,NULL,NULL,NULL,1,1,1,NULL,NULL,1,1,0.00,6,0.00,NULL,0.00,2,1,1,1,0.00,0.00,1,1,0.00,0.00,1,1,1,NULL,NULL,1,NULL,NULL,1,'2020-05-07 13:26:24','2022-05-04 21:42:31',NULL),(8427,3104,86,'Presentismo Suspensión 223 bis LCT',240,2400,62,1,NULL,1,1,1,1,NULL,NULL,NULL,NULL,1,NULL,NULL,0,1,1,0.00,NULL,NULL,1,1,1,NULL,NULL,1,NULL,0.00,5,0.00,NULL,NULL,NULL,NULL,3,1,1,2,4,1,NULL,0.00,6,0.00,NULL,0.00,3,1,1,1,0.00,0.00,1,1,0.00,0.00,1,1,1,NULL,NULL,1,NULL,NULL,1,'2020-04-09 10:22:54','2021-03-28 17:58:01',NULL),(8428,3104,86,'Asig. No Remunerativa revisión Ac 01-21',200,2200,62,3,NULL,1,1,1,1,NULL,NULL,NULL,NULL,1,NULL,NULL,1,1,1,1.00,NULL,NULL,1,1,1,NULL,NULL,1,1,0.00,1,5274.20,NULL,NULL,NULL,NULL,1,1,1,NULL,NULL,1,22,0.00,6,0.00,NULL,0.00,2,1,1,1,0.00,0.00,1,1,0.00,0.00,1,1,1,NULL,NULL,1,NULL,NULL,0,'2020-05-07 13:26:24','2021-05-05 16:53:14',NULL),(8429,3104,86,'Obra Social Asig  Ac 04-22',4035,40350,67,5,NULL,1,1,1,3,0,1,0,0,1,NULL,NULL,0,1,2,0.00,3,NULL,1,1,1,NULL,NULL,1,NULL,0.00,5,0.00,NULL,NULL,NULL,NULL,3,2,2,2,4,1,1,0.00,6,0.00,NULL,0.00,3,1,1,1,0.00,0.00,1,1,0.00,0.00,1,1,1,NULL,NULL,1,NULL,NULL,1,'2020-04-08 00:05:36','2022-05-04 21:57:27',NULL),(8430,3104,86,'Obra Social Prest no remun Dec 397/2020 MTEy SS c/aportes',5040,50400,76,6,NULL,1,1,1,1,0,0,0,0,1,NULL,NULL,1,1,2,0.00,3,NULL,1,1,1,NULL,NULL,1,NULL,0.00,5,0.00,NULL,NULL,NULL,NULL,3,1,1,2,4,1,NULL,0.00,6,0.00,NULL,0.00,2,1,1,1,0.00,0.00,1,1,0.00,0.00,1,1,1,NULL,NULL,1,NULL,NULL,1,'2020-04-08 00:05:36','2021-05-05 18:32:14',NULL),(8431,3104,86,'Obra Social Prest no remun Dec 397/2020 MTEy SS c/aportes',4030,40300,67,5,NULL,1,1,1,3,0,1,0,0,1,NULL,NULL,0,1,2,0.00,3,NULL,1,1,1,NULL,NULL,1,NULL,0.00,5,0.00,NULL,NULL,NULL,NULL,3,2,2,2,4,1,1,0.00,6,0.00,NULL,0.00,3,1,1,1,0.00,0.00,1,1,0.00,0.00,1,1,1,NULL,NULL,1,NULL,NULL,1,'2020-04-08 00:05:36','2021-05-05 18:33:48',NULL),(8432,3104,86,'Sindicato Recr y Turismo Prest no remun Dec 397/2020 MTEy SS c/aportes',4041,40410,69,5,NULL,2,1,1,2,0,1,0,0,1,NULL,NULL,0,1,1,1.00,NULL,NULL,1,1,1,NULL,NULL,1,NULL,0.00,5,0.00,NULL,NULL,NULL,NULL,3,2,2,2,4,1,NULL,0.00,6,0.00,NULL,0.00,3,1,1,1,0.00,0.00,1,1,0.00,0.00,1,1,1,NULL,NULL,1,NULL,NULL,1,'2020-04-08 00:05:36','2021-05-09 10:52:51',NULL),(8433,3104,86,'Sindicato Seg Sepelio Prest no remun Dec 397/2020 MTEy SS c/aportes',4042,40420,69,5,NULL,2,1,1,2,0,1,0,0,1,NULL,NULL,0,1,1,1.00,NULL,NULL,1,1,1,NULL,NULL,1,NULL,0.00,5,0.00,NULL,NULL,NULL,NULL,3,2,2,2,4,1,NULL,0.00,6,0.00,NULL,0.00,3,1,1,1,0.00,0.00,1,1,0.00,0.00,1,1,1,NULL,NULL,1,NULL,NULL,1,'2020-04-08 03:05:36','2021-05-09 09:02:20',NULL);
INSERT INTO `syj_conceptos` VALUES (8434,3104,86,'Sindicato Prest no remun Dec 397/2020 MTEy SS c/aportes',4038,40380,69,5,NULL,1,1,1,5,0,1,0,0,1,NULL,NULL,0,1,1,2.00,NULL,NULL,1,1,1,NULL,NULL,1,NULL,0.00,5,0.00,NULL,NULL,NULL,NULL,3,2,2,2,4,1,NULL,0.00,6,0.00,NULL,0.00,3,1,1,1,0.00,0.00,1,1,0.00,0.00,1,1,1,NULL,NULL,1,NULL,NULL,1,'2020-04-08 00:05:36','2021-05-09 08:53:37',NULL),(8435,3104,86,'FAECYS Prest no remun Dec 397/2020 MTEy SS c/aportes',4050,40500,76,5,NULL,1,1,1,5,NULL,NULL,NULL,NULL,1,NULL,NULL,0,0,1,0.50,NULL,NULL,1,1,1,NULL,NULL,1,1,0.00,5,0.00,NULL,NULL,NULL,NULL,3,2,2,2,4,1,NULL,0.00,6,0.00,NULL,0.00,3,1,1,1,0.00,0.00,1,1,0.00,0.00,1,1,1,NULL,NULL,1,NULL,NULL,1,'2020-05-13 11:20:52','2021-05-05 16:57:02',NULL),(8436,3104,86,'Aporte O Social $100',4055,40550,67,5,NULL,1,1,1,5,0,1,0,0,1,NULL,NULL,0,1,1,1.00,3,NULL,1,1,1,NULL,NULL,1,NULL,0.00,1,100.00,NULL,NULL,NULL,NULL,3,2,2,2,4,1,1,0.00,6,0.00,NULL,0.00,2,1,1,1,0.00,0.00,1,1,0.00,0.00,1,1,1,NULL,NULL,1,NULL,NULL,1,'2020-04-08 03:05:36','2021-03-28 18:24:27',NULL),(8437,3104,86,'Obra Social  Asign Ac 10-20 + Asig 01-21',5041,50410,67,6,NULL,1,1,1,1,0,0,0,0,1,NULL,NULL,1,1,2,0.00,3,NULL,1,1,1,NULL,NULL,1,NULL,0.00,5,0.00,NULL,NULL,NULL,NULL,3,1,1,2,4,1,NULL,0.00,6,0.00,NULL,0.00,2,1,1,1,0.00,0.00,1,1,0.00,0.00,1,1,1,NULL,NULL,1,NULL,NULL,1,'2020-04-08 03:05:36','2021-03-28 18:04:49',NULL),(8438,3104,86,'Sindicato Asig  Ac 04-22',4043,40430,69,5,NULL,1,1,1,5,0,1,0,0,1,NULL,NULL,0,1,1,2.00,3,NULL,1,1,1,NULL,NULL,1,NULL,0.00,5,0.00,NULL,NULL,NULL,NULL,3,2,2,2,4,1,1,0.00,6,0.00,NULL,0.00,3,1,1,1,0.00,0.00,1,1,0.00,0.00,1,1,1,NULL,NULL,1,NULL,NULL,1,'2020-04-08 03:05:36','2022-05-04 22:02:25',NULL),(8439,3104,86,'FAECYS Asig Ac 04-22',4051,40510,76,5,NULL,1,1,1,5,NULL,NULL,NULL,NULL,1,NULL,NULL,0,0,1,0.50,NULL,NULL,1,1,1,NULL,NULL,1,1,0.00,5,0.00,NULL,NULL,NULL,NULL,3,2,2,2,4,1,NULL,0.00,6,0.00,NULL,0.00,3,1,1,1,0.00,0.00,1,1,0.00,0.00,1,1,1,NULL,NULL,1,NULL,NULL,1,'2020-05-13 14:20:52','2022-05-04 22:03:57',NULL),(8440,3104,86,'Beneficio REPRO II',6000,60000,76,5,NULL,1,1,1,1,NULL,NULL,NULL,NULL,1,NULL,NULL,1,1,1,1.00,NULL,NULL,1,1,1,NULL,NULL,1,1,0.00,3,9000.00,NULL,NULL,NULL,NULL,1,1,1,NULL,NULL,1,1,0.00,6,0.00,NULL,0.00,2,1,1,1,0.00,0.00,1,1,0.00,0.00,1,1,1,NULL,NULL,1,NULL,NULL,0,'2020-05-07 16:26:24','2022-05-04 23:16:20',NULL),(8441,3104,86,'Copia de Obra Social Asig  Ac 04-22',4031,40310,67,1,NULL,1,1,1,3,0,1,0,0,1,NULL,NULL,0,1,1,1.00,3,NULL,1,1,1,NULL,NULL,1,NULL,0.00,5,0.00,NULL,NULL,NULL,NULL,3,2,2,2,4,1,1,0.00,6,0.00,NULL,0.00,2,1,1,1,0.00,0.00,1,1,0.00,0.00,1,1,1,NULL,NULL,1,NULL,NULL,1,'2020-04-08 03:05:36','2022-05-04 21:56:45',NULL),(8442,3104,86,'Copia de Ad Familiar a cargo Obra Social Ac 04-21',3920,39200,74,1,NULL,2,1,1,1,0,0,1,0,1,NULL,NULL,1,1,1,1.00,1,NULL,1,1,1,NULL,NULL,1,NULL,0.00,5,0.00,224,1,NULL,NULL,3,1,1,2,4,1,NULL,0.00,6,0.00,NULL,0.00,2,1,1,1,0.00,0.00,1,1,0.00,0.00,1,1,1,NULL,NULL,1,NULL,NULL,1,'2020-04-08 03:05:36','2021-06-07 21:07:41',NULL),(8443,3104,86,'Sindicato Seguro Sepeñio Ac 04-22',4044,40440,69,5,NULL,2,1,1,2,0,1,0,0,1,NULL,NULL,0,1,1,1.00,NULL,NULL,1,1,1,NULL,NULL,1,NULL,0.00,5,0.00,NULL,NULL,NULL,NULL,3,2,2,2,4,1,NULL,0.00,6,0.00,NULL,0.00,3,1,1,1,0.00,0.00,1,1,0.00,0.00,1,1,1,NULL,NULL,1,NULL,NULL,1,'2020-04-08 06:05:36','2022-05-04 22:01:22',NULL),(8444,3104,86,'Sindicato Recreación y Turismo Ac 04-22',4045,40450,69,5,NULL,2,1,1,2,0,1,0,0,1,NULL,NULL,0,1,1,1.00,NULL,NULL,1,1,1,NULL,NULL,1,NULL,0.00,5,0.00,NULL,NULL,NULL,NULL,3,2,2,2,4,1,NULL,0.00,6,0.00,NULL,0.00,3,1,1,1,0.00,0.00,1,1,0.00,0.00,1,1,1,NULL,NULL,1,NULL,NULL,1,'2020-04-08 09:05:36','2022-05-04 22:00:48',NULL),(8445,3104,86,'Copia de Prest no remun Dec 397/2020 MTEy SS c/aportes',116,1160,62,1,NULL,1,1,1,1,NULL,NULL,NULL,NULL,1,NULL,NULL,1,1,1,1.00,NULL,NULL,1,1,1,NULL,NULL,1,1,0.00,3,35720.80,NULL,NULL,NULL,NULL,1,1,1,NULL,NULL,1,1,0.00,6,0.00,NULL,0.00,2,1,1,1,0.00,0.00,1,1,0.00,0.00,1,1,1,NULL,NULL,1,NULL,NULL,1,'2020-05-07 16:26:24','2022-05-04 21:41:40',NULL);
INSERT INTO `syj_conceptos` VALUES (8446,3104,86,'Adicional Fam a cargo Obra Soc. Ac 04-22',4037,40370,74,5,NULL,2,1,1,1,0,0,1,0,1,NULL,NULL,1,1,2,0.00,1,NULL,1,1,1,NULL,NULL,1,NULL,0.00,5,0.00,224,1,NULL,NULL,3,1,1,2,4,1,NULL,0.00,6,0.00,NULL,0.00,3,1,1,1,0.00,0.00,1,1,0.00,0.00,1,1,1,NULL,NULL,1,NULL,NULL,1,'2020-04-08 00:05:36','2022-05-04 21:58:29',NULL),(8447,3104,86,'Copia de Asig. No Remunerativa r Ac 04-22',211,2110,62,1,NULL,1,1,1,1,NULL,NULL,NULL,NULL,1,NULL,NULL,1,1,1,1.00,NULL,NULL,1,1,1,NULL,NULL,1,1,0.00,1,3966.00,NULL,NULL,NULL,NULL,1,1,1,NULL,NULL,1,1,0.00,6,0.00,NULL,0.00,2,1,1,1,0.00,0.00,1,1,0.00,0.00,1,1,1,NULL,NULL,1,NULL,NULL,1,'2020-05-07 13:26:24','2022-06-06 05:56:56',NULL),(8448,3104,86,'Copia de Sindicato Prest no remun Dec 397/2020 MTEy SS c/aportes',4039,40390,69,1,NULL,2,1,1,5,0,1,0,0,1,NULL,NULL,0,1,1,2.00,NULL,NULL,1,1,1,NULL,NULL,1,NULL,0.00,5,0.00,NULL,NULL,NULL,NULL,3,2,2,2,4,1,NULL,0.00,6,0.00,NULL,0.00,3,1,1,1,0.00,0.00,1,1,0.00,0.00,1,1,1,NULL,NULL,1,NULL,NULL,1,'2020-04-08 03:05:36','2021-05-09 08:54:48',NULL),(8449,3104,87,'Comisiones de venta',1220,12200,NULL,2,NULL,2,1,1,1,0,1,1,0,1,NULL,NULL,0,1,1,1.00,NULL,NULL,1,1,1,NULL,NULL,1,NULL,0.00,1,0.00,NULL,NULL,NULL,NULL,1,1,1,NULL,NULL,1,NULL,0.00,6,0.00,NULL,0.00,2,1,1,1,0.00,0.00,1,1,0.00,0.00,1,1,1,NULL,NULL,1,NULL,NULL,1,'2020-04-07 15:05:35','2022-06-09 20:44:32','2022-06-09 20:44:32'),(8450,3104,87,'Reintegro Ganancias Renta 4ta Categoría',2800,43700,NULL,3,NULL,1,1,1,1,0,0,0,0,1,NULL,NULL,0,1,1,1.00,NULL,NULL,1,1,1,NULL,NULL,1,NULL,0.00,1,0.00,NULL,NULL,NULL,NULL,1,1,1,NULL,NULL,1,7,0.00,6,0.00,9,0.00,2,1,1,1,0.00,0.00,1,1,0.00,0.00,1,1,1,NULL,NULL,1,NULL,NULL,0,'2020-04-07 15:05:35','2022-06-09 20:44:32','2022-06-09 20:44:32'),(8451,3104,87,'Redondeo',2900,43800,NULL,3,NULL,1,1,1,1,0,1,0,0,1,NULL,NULL,0,1,1,1.00,NULL,NULL,1,1,1,NULL,NULL,1,NULL,0.00,1,0.00,NULL,NULL,NULL,NULL,1,1,1,NULL,NULL,1,NULL,0.00,2,0.00,11,0.00,1,1,1,1,0.00,0.00,1,1,0.00,0.00,1,1,1,NULL,NULL,1,NULL,NULL,0,'2020-04-07 15:05:35','2022-06-09 20:44:32','2022-06-09 20:44:32'),(8452,3104,87,'Retención Ganancias Renta 4ta Categoría',4330,43600,NULL,5,NULL,1,1,1,7,0,0,0,0,1,NULL,NULL,1,1,1,1.00,NULL,NULL,1,1,1,NULL,NULL,1,NULL,0.00,3,0.00,NULL,NULL,NULL,NULL,1,1,1,NULL,NULL,1,NULL,0.00,6,0.00,NULL,0.00,2,1,1,1,0.00,0.00,1,1,0.00,0.00,1,1,1,NULL,NULL,1,NULL,'Se puede ingresar a mano o lo calcula Taxes, creando un detalle de liquidacion en el empleado',1,'2020-04-07 15:05:35','2022-06-09 20:44:32','2022-06-09 20:44:32'),(8453,3104,87,'Adicional voluntario',1210,12100,NULL,2,NULL,2,1,1,1,1,1,1,0,1,NULL,NULL,0,1,3,1.00,NULL,NULL,1,1,1,NULL,NULL,1,NULL,0.00,3,0.00,NULL,NULL,NULL,NULL,1,1,1,NULL,NULL,1,NULL,0.00,6,0.00,NULL,0.00,2,1,1,1,0.00,0.00,1,1,0.00,0.00,1,1,1,NULL,NULL,1,NULL,NULL,1,'2020-04-07 15:05:35','2022-06-09 20:44:32','2022-06-09 20:44:32'),(8454,3104,87,'Vacaciones',1045,11000,NULL,2,NULL,1,1,1,1,0,1,1,0,1,NULL,NULL,0,1,2,0.00,33,NULL,1,1,1,NULL,NULL,1,NULL,0.00,2,0.00,NULL,NULL,18,NULL,1,1,1,NULL,NULL,1,NULL,0.00,6,0.00,NULL,0.00,2,1,1,1,0.00,0.00,1,1,0.00,0.00,1,1,1,NULL,NULL,1,NULL,NULL,1,'2020-04-07 15:05:35','2022-06-09 20:44:32','2022-06-09 20:44:32'),(8455,3104,87,'A cuenta futuros aumentos',1230,12300,NULL,2,NULL,2,1,1,1,1,1,1,0,1,NULL,NULL,0,1,3,1.00,NULL,NULL,1,1,1,NULL,NULL,1,NULL,0.00,3,0.00,NULL,NULL,NULL,NULL,1,1,1,NULL,NULL,1,NULL,0.00,6,0.00,NULL,0.00,2,1,1,1,0.00,0.00,1,1,0.00,0.00,1,1,1,NULL,NULL,1,NULL,NULL,1,'2020-04-07 15:05:35','2022-06-09 20:44:32','2022-06-09 20:44:32'),(8456,3104,87,'Aumento solidario Decreto 14/2020',1240,12400,NULL,2,NULL,1,1,1,1,0,1,1,0,1,NULL,NULL,0,1,3,1.00,NULL,NULL,1,1,1,NULL,NULL,1,NULL,0.00,3,4000.00,NULL,NULL,NULL,NULL,1,1,1,NULL,NULL,1,NULL,0.00,6,0.00,NULL,0.00,2,1,1,1,0.00,0.00,1,1,0.00,0.00,1,1,1,NULL,NULL,1,NULL,'Valido hasta...',0,'2020-04-07 15:05:35','2022-06-09 20:44:32','2022-06-09 20:44:32');
INSERT INTO `syj_conceptos` VALUES (8457,3104,87,'Suma no Remunerativa',2920,29200,NULL,3,NULL,1,1,1,1,1,1,0,0,1,NULL,NULL,0,1,1,0.00,NULL,NULL,1,1,1,NULL,NULL,1,NULL,0.00,1,0.00,NULL,NULL,NULL,NULL,1,1,1,NULL,NULL,1,NULL,0.00,6,0.00,NULL,0.00,2,1,1,1,0.00,0.00,1,1,0.00,0.00,1,1,1,NULL,NULL,1,NULL,NULL,1,'2020-04-07 15:05:35','2022-06-09 20:44:32','2022-06-09 20:44:32'),(8458,3104,87,'SAC Indemnización sustitutiva Mes de Preaviso',2030,29400,NULL,3,NULL,1,1,1,1,0,1,0,0,1,NULL,NULL,0,1,1,1.00,NULL,NULL,1,1,1,NULL,NULL,1,NULL,0.00,5,0.00,NULL,NULL,NULL,NULL,3,1,1,2,4,1,NULL,0.00,6,0.00,NULL,0.00,2,1,1,1,0.00,0.00,1,1,0.00,0.00,1,1,1,NULL,NULL,1,NULL,NULL,1,'2020-04-07 15:05:36','2022-06-09 20:44:32','2022-06-09 20:44:32'),(8459,3104,87,'Indemnización Por Antigüedad ART 247',2950,29500,NULL,3,NULL,1,1,1,1,0,0,0,0,1,NULL,NULL,0,1,1,0.00,NULL,NULL,1,1,1,NULL,NULL,1,NULL,0.00,1,0.00,NULL,NULL,NULL,NULL,1,1,1,NULL,NULL,1,NULL,0.00,6,0.00,NULL,0.00,2,1,1,1,0.00,0.00,1,1,0.00,0.00,1,1,1,NULL,NULL,1,NULL,NULL,1,'2020-04-07 15:05:36','2022-06-09 20:44:32','2022-06-09 20:44:32'),(8460,3104,87,'Gratificación por egreso',2100,21000,NULL,3,NULL,1,1,1,1,0,1,0,0,1,NULL,NULL,0,1,1,1.00,NULL,NULL,1,1,1,NULL,NULL,1,NULL,0.00,3,0.00,NULL,NULL,NULL,NULL,1,1,1,NULL,NULL,1,NULL,0.00,6,0.00,NULL,0.00,2,1,1,1,0.00,0.00,1,1,0.00,0.00,1,1,1,NULL,NULL,1,NULL,NULL,1,'2020-04-07 15:05:36','2022-06-09 20:44:32','2022-06-09 20:44:32'),(8461,3104,87,'Inasistencia por Suspensión',1060,11114,NULL,2,NULL,1,1,1,1,0,0,1,0,1,NULL,NULL,0,1,3,0.00,NULL,NULL,1,1,1,NULL,NULL,1,NULL,0.00,5,0.00,NULL,NULL,15,NULL,3,1,1,2,4,1,5,0.00,6,0.00,NULL,0.00,2,1,1,1,0.00,0.00,1,1,0.00,0.00,1,1,1,NULL,NULL,1,NULL,'Cargar la cantidad de Dias en Negativo',1,'2020-04-07 15:05:36','2022-06-09 20:44:32','2022-06-09 20:44:32'),(8462,3104,87,'Presentismo',1070,11115,NULL,2,NULL,1,1,1,1,0,0,1,0,1,NULL,NULL,1,1,1,8.33,NULL,NULL,1,1,1,NULL,NULL,1,NULL,0.00,5,0.00,NULL,NULL,NULL,NULL,3,1,1,2,4,1,NULL,0.00,6,0.00,NULL,0.00,3,2,4,2,-2.00,0.00,1,1,0.00,0.00,3,1,1,2,2,1,NULL,NULL,1,'2020-04-07 15:05:36','2022-06-09 20:44:32','2022-06-09 20:44:32'),(8463,3104,87,'Horas Extras al 50%',1080,11121,NULL,2,NULL,1,1,1,1,1,1,1,0,1,NULL,NULL,0,1,3,0.00,NULL,NULL,1,1,1,NULL,NULL,1,NULL,0.00,2,0.00,NULL,NULL,30,NULL,3,1,1,2,4,1,1,0.00,6,0.00,NULL,0.00,2,1,1,1,0.00,0.00,1,1,0.00,0.00,1,1,1,NULL,NULL,1,NULL,NULL,1,'2020-04-07 15:05:36','2022-06-09 20:44:32','2022-06-09 20:44:32'),(8464,3104,87,'Horas Extras al 100%',1090,11122,NULL,2,NULL,1,1,1,1,1,1,1,0,1,NULL,NULL,0,1,3,0.00,NULL,NULL,1,1,1,NULL,NULL,1,NULL,0.00,2,0.00,NULL,NULL,29,NULL,3,1,1,2,4,1,1,0.00,6,0.00,NULL,0.00,2,1,1,1,0.00,0.00,1,1,0.00,0.00,1,1,1,NULL,NULL,1,NULL,NULL,1,'2020-04-07 15:05:36','2022-06-09 20:44:32','2022-06-09 20:44:32'),(8465,3104,87,'Feriados Nacionales  Trabajados',1112,11110,NULL,2,NULL,1,1,1,1,0,1,1,0,1,NULL,NULL,0,1,3,0.00,NULL,NULL,1,1,1,NULL,NULL,1,NULL,0.00,2,0.00,NULL,NULL,18,NULL,3,1,1,2,3,1,NULL,0.00,6,0.00,NULL,0.00,2,1,1,1,0.00,0.00,1,1,0.00,0.00,1,1,1,NULL,NULL,1,NULL,'Se deberá informar por las novedades la cantidad de dias Feriados Nac.Trabajados\r\nDicho concepto retorna como Valor, la suma del Básico /30 + Básico/25.',1,'2020-04-07 15:05:36','2022-06-09 20:44:32','2022-06-09 20:44:32'),(8466,3104,87,'PRV s/Vacaciones',1130,11050,NULL,2,NULL,1,1,1,1,0,1,0,0,1,NULL,NULL,0,1,1,0.00,NULL,NULL,1,1,1,NULL,NULL,1,3,0.00,5,0.00,NULL,NULL,NULL,NULL,2,2,3,2,4,3,NULL,0.00,6,0.00,NULL,0.00,2,1,1,1,0.00,0.00,1,1,0.00,0.00,1,1,1,NULL,NULL,1,NULL,NULL,0,'2020-04-07 15:05:36','2022-06-09 20:44:32','2022-06-09 20:44:32');
INSERT INTO `syj_conceptos` VALUES (8467,3104,87,'Licencia por Maternidad',1190,11900,NULL,2,NULL,1,1,1,1,0,1,1,0,1,NULL,NULL,0,1,3,0.00,NULL,NULL,1,1,1,NULL,NULL,1,NULL,0.00,5,0.00,NULL,NULL,NULL,NULL,3,1,1,2,4,1,NULL,0.00,1,0.00,NULL,0.00,NULL,1,1,1,0.00,0.00,1,1,0.00,0.00,1,1,1,NULL,NULL,1,NULL,'Si la empleada estuvo el mes completo de Licencia se liquidará por medio del tipo de liquidación ”Licencia por Maternidad”  informando los 30 días.\r\nCaso contrario se liquidará a través de la',1,'2020-04-07 15:05:36','2022-06-09 20:44:32','2022-06-09 20:44:32'),(8468,3104,87,'Descuento Licencia por Maternidad',1200,12000,NULL,2,NULL,1,1,1,1,0,1,1,0,1,NULL,NULL,0,1,1,1.00,NULL,NULL,1,1,1,NULL,NULL,1,NULL,0.00,5,0.00,NULL,NULL,NULL,NULL,3,1,1,2,4,1,NULL,0.00,6,-1.00,NULL,0.00,6,1,1,1,0.00,0.00,1,1,0.00,0.00,1,1,1,NULL,NULL,1,NULL,NULL,1,'2020-04-07 15:05:36','2022-06-09 20:44:32','2022-06-09 20:44:32'),(8469,3104,87,'Indemnización Integración Mes de Despido',2010,20100,NULL,3,NULL,1,1,1,1,0,1,0,0,1,NULL,NULL,0,1,1,1.00,NULL,NULL,1,1,1,NULL,NULL,1,5,0.00,5,0.00,NULL,NULL,NULL,NULL,3,1,1,2,4,1,NULL,0.00,6,0.00,NULL,0.00,2,1,1,1,0.00,0.00,1,1,0.00,0.00,1,1,1,NULL,NULL,1,NULL,NULL,1,'2020-04-07 15:05:36','2022-06-09 20:44:32','2022-06-09 20:44:32'),(8470,3104,87,'PRV s/Integracion Mes de Despido',2060,20600,NULL,3,NULL,1,1,1,1,0,1,0,0,1,NULL,NULL,0,1,1,0.00,NULL,NULL,1,1,1,NULL,NULL,1,6,0.00,5,0.00,NULL,NULL,NULL,NULL,2,2,2,2,4,3,4,0.00,6,0.00,NULL,0.00,2,1,1,1,0.00,0.00,1,1,0.00,0.00,1,1,1,NULL,NULL,1,NULL,NULL,1,'2020-04-07 15:05:36','2022-06-09 20:44:32','2022-06-09 20:44:32'),(8471,3104,87,'Indemnización sustitutiva Mes de Preaviso',2025,20250,NULL,3,NULL,1,1,1,1,0,1,0,0,1,NULL,NULL,0,1,3,1.00,NULL,NULL,1,1,1,NULL,NULL,1,NULL,0.00,2,0.00,NULL,NULL,38,NULL,1,1,1,NULL,NULL,1,NULL,0.00,6,0.00,NULL,0.00,2,1,1,1,0.00,0.00,1,1,0.00,0.00,1,1,1,NULL,NULL,1,NULL,NULL,1,'2020-04-07 15:05:36','2022-06-09 20:44:32','2022-06-09 20:44:32'),(8472,3104,87,'PRV s/Mes de Preaviso',2060,20600,NULL,3,NULL,1,1,1,1,0,1,0,0,1,NULL,NULL,0,1,1,0.00,NULL,NULL,1,1,1,NULL,NULL,1,NULL,0.00,1,0.00,NULL,NULL,NULL,NULL,1,1,1,NULL,NULL,1,NULL,0.00,2,0.00,NULL,0.00,NULL,1,1,1,0.00,0.00,1,1,0.00,0.00,1,1,1,NULL,NULL,1,NULL,NULL,0,'2020-04-07 15:05:36','2022-06-09 20:44:32','2022-06-09 20:44:32'),(8473,3104,87,'Vacaciones No Gozadas',2100,20000,NULL,3,NULL,1,1,1,1,0,1,0,0,1,NULL,NULL,0,1,1,0.00,NULL,NULL,1,1,1,NULL,NULL,1,8,0.00,5,0.00,NULL,NULL,NULL,NULL,3,1,1,2,4,1,6,0.00,6,0.00,NULL,0.00,2,1,1,1,0.00,0.00,1,1,0.00,0.00,1,1,1,NULL,NULL,1,NULL,'En caso de Liquidar Final sin contar con Liquidaciones de meses anteriores, se deberá cambiar la configuración de la solapa valor unitario por Orgien del Valor: A INGRESAR.',1,'2020-04-07 15:05:36','2022-06-09 20:44:32','2022-06-09 20:44:32'),(8474,3104,87,'PRV s/Vacaciones No Gozadas',2060,20600,NULL,3,NULL,1,1,1,1,0,1,0,0,1,NULL,NULL,0,1,5,0.00,NULL,NULL,3,1,1,2,2,1,NULL,0.00,5,0.00,NULL,NULL,NULL,NULL,2,2,3,2,4,3,4,0.00,6,0.00,NULL,0.00,2,1,1,1,0.00,0.00,1,1,0.00,0.00,1,1,1,NULL,NULL,1,NULL,NULL,0,'2020-04-07 15:05:36','2022-06-09 20:44:32','2022-06-09 20:44:32'),(8475,3104,87,'Feriados Nacionales No Trab. No Rem',2350,23500,NULL,3,NULL,1,1,1,1,0,1,0,0,1,NULL,NULL,0,1,1,0.00,NULL,NULL,1,1,1,NULL,NULL,1,NULL,0.00,1,0.00,NULL,NULL,NULL,NULL,1,1,1,NULL,NULL,1,NULL,0.00,2,0.00,NULL,0.00,NULL,1,1,1,0.00,0.00,1,1,0.00,0.00,1,1,1,NULL,NULL,1,NULL,NULL,1,'2020-04-07 15:05:36','2022-06-09 20:44:32','2022-06-09 20:44:32'),(8476,3104,87,'Feriados Nacionales Trabajados No Rem',2400,24000,NULL,3,NULL,1,1,1,1,0,1,0,0,1,NULL,NULL,0,1,1,0.00,NULL,NULL,1,1,1,NULL,NULL,1,NULL,0.00,1,0.00,NULL,NULL,NULL,NULL,1,1,1,NULL,NULL,1,NULL,0.00,2,0.00,NULL,0.00,NULL,1,1,1,0.00,0.00,1,1,0.00,0.00,1,1,1,NULL,NULL,1,NULL,NULL,1,'2020-04-07 15:05:36','2022-06-09 20:44:32','2022-06-09 20:44:32');
INSERT INTO `syj_conceptos` VALUES (8477,3104,87,'SAC Vacaciones No Gozadas',2120,21200,NULL,3,NULL,1,1,1,1,0,1,0,0,1,NULL,NULL,0,1,1,1.00,NULL,NULL,1,1,1,NULL,NULL,1,NULL,0.00,5,0.00,NULL,NULL,NULL,NULL,3,1,1,2,4,1,3,0.00,6,0.00,NULL,0.00,2,1,1,1,0.00,0.00,1,1,0.00,0.00,1,1,1,NULL,NULL,1,NULL,NULL,1,'2020-04-07 15:05:36','2022-06-09 20:44:32','2022-06-09 20:44:32'),(8478,3104,87,'Antigüedad No Remunerativo',2500,25000,NULL,3,NULL,1,1,1,1,0,1,0,0,1,NULL,NULL,0,1,2,0.00,12,NULL,1,1,1,NULL,NULL,1,NULL,0.00,5,0.00,NULL,NULL,NULL,NULL,3,1,1,2,4,1,NULL,0.00,6,0.00,NULL,0.00,3,1,1,1,0.00,0.00,1,1,0.00,0.00,1,1,1,NULL,NULL,1,NULL,NULL,0,'2020-04-07 15:05:36','2022-06-09 20:44:32','2022-06-09 20:44:32'),(8479,3104,87,'Presentismo No Remunerativo',2550,27501,NULL,3,NULL,1,1,1,1,0,1,0,0,1,NULL,NULL,0,1,1,8.33,NULL,NULL,1,1,1,NULL,NULL,1,NULL,0.00,5,0.00,NULL,NULL,NULL,NULL,3,1,1,2,4,1,NULL,0.00,6,0.00,NULL,0.00,3,2,4,2,-2.00,0.00,1,1,0.00,0.00,3,1,1,2,4,1,NULL,NULL,0,'2020-04-07 15:05:36','2022-06-09 20:44:32','2022-06-09 20:44:32'),(8480,3104,87,'1º SAC No Rem',2600,26000,NULL,3,NULL,1,1,1,1,0,1,0,0,1,NULL,NULL,0,1,5,0.00,NULL,NULL,3,1,1,2,2,1,NULL,0.00,5,0.00,NULL,NULL,NULL,NULL,3,1,1,2,4,1,NULL,0.00,6,0.00,NULL,0.00,2,1,1,1,0.00,0.00,1,1,0.00,0.00,1,1,1,NULL,NULL,1,NULL,NULL,1,'2020-04-07 15:05:36','2022-06-09 20:44:32','2022-06-09 20:44:32'),(8481,3104,87,'Horas Extras al 50% s/ No Rem',2650,26500,NULL,3,NULL,1,1,1,1,0,1,0,0,1,NULL,NULL,0,1,5,0.00,NULL,NULL,3,1,1,2,2,1,NULL,0.00,5,0.00,NULL,NULL,NULL,NULL,3,1,1,2,4,1,13,0.00,6,0.00,NULL,0.00,2,1,1,1,0.00,0.00,1,1,0.00,0.00,1,1,1,NULL,NULL,1,NULL,NULL,0,'2020-04-07 15:05:36','2022-06-09 20:44:32','2022-06-09 20:44:32'),(8482,3104,87,'Horas Extras al 100% s/ No Rem',2700,27000,NULL,3,NULL,1,1,1,1,0,1,0,0,1,NULL,NULL,0,1,5,0.00,NULL,NULL,3,1,1,2,2,1,NULL,0.00,5,0.00,NULL,NULL,NULL,NULL,3,1,1,2,4,1,14,0.00,6,0.00,NULL,0.00,2,1,1,1,0.00,0.00,1,1,0.00,0.00,1,1,1,NULL,NULL,1,NULL,NULL,0,'2020-04-07 15:05:36','2022-06-09 20:44:32','2022-06-09 20:44:32'),(8483,3104,87,'Inasistencias Injustificadas No Rem',2750,27500,NULL,3,NULL,1,1,1,1,0,1,0,0,1,NULL,NULL,0,1,5,0.00,NULL,NULL,3,1,1,2,2,1,NULL,0.00,5,0.00,NULL,NULL,NULL,NULL,3,1,1,2,4,1,5,0.00,6,0.00,NULL,0.00,2,1,1,1,0.00,0.00,1,1,0.00,0.00,1,1,1,NULL,NULL,1,NULL,'Cargar la cantidad de Días en negativo.',1,'2020-04-07 15:05:36','2022-06-09 20:44:32','2022-06-09 20:44:32'),(8484,3104,87,'2º SAC No Rem',2610,26100,NULL,3,NULL,1,1,1,1,0,1,0,0,1,NULL,NULL,0,1,5,0.00,NULL,NULL,3,1,1,2,2,1,NULL,0.00,5,0.00,NULL,NULL,NULL,NULL,3,1,1,2,4,1,NULL,0.00,6,0.00,NULL,0.00,2,1,1,1,0.00,0.00,1,1,0.00,0.00,1,1,1,NULL,NULL,1,NULL,NULL,1,'2020-04-07 15:05:36','2022-06-09 20:44:32','2022-06-09 20:44:32'),(8485,3104,87,'SAC No Remunerativo',2620,26200,NULL,3,NULL,1,1,1,1,0,1,0,0,1,NULL,NULL,0,1,2,0.00,36,NULL,1,1,1,NULL,NULL,1,NULL,0.00,5,0.00,NULL,NULL,NULL,NULL,3,1,1,2,4,1,NULL,0.00,6,0.00,NULL,0.00,2,1,1,1,0.00,0.00,1,1,0.00,0.00,1,1,1,NULL,NULL,1,NULL,NULL,1,'2020-04-07 15:05:36','2022-06-09 20:44:32','2022-06-09 20:44:32'),(8486,3104,87,'Jubilación',4010,40100,NULL,5,NULL,1,3,1,4,0,1,0,0,1,NULL,NULL,1,1,2,0.00,4,NULL,1,1,1,NULL,NULL,1,NULL,0.00,5,0.00,NULL,NULL,NULL,NULL,3,2,2,2,4,1,NULL,0.00,6,0.00,NULL,0.00,3,1,1,1,0.00,0.00,1,1,0.00,0.00,1,1,1,NULL,NULL,1,NULL,NULL,1,'2020-04-07 15:05:36','2022-06-09 20:44:32','2022-06-09 20:44:32'),(8487,3104,87,'INSSJP (Ley 19.032)',4020,40200,NULL,5,NULL,1,3,1,6,0,1,0,0,1,NULL,NULL,1,1,2,0.00,2,NULL,1,1,1,NULL,NULL,1,NULL,0.00,5,0.00,NULL,NULL,NULL,NULL,3,2,2,2,4,1,NULL,0.00,6,0.00,NULL,0.00,3,1,1,1,0.00,0.00,1,1,0.00,0.00,1,1,1,NULL,NULL,1,NULL,NULL,1,'2020-04-07 15:05:36','2022-06-09 20:44:32','2022-06-09 20:44:32'),(8488,3104,87,'Obra Social',4030,40300,NULL,5,NULL,1,2,1,3,0,1,0,0,1,NULL,NULL,1,1,2,0.00,3,NULL,1,1,1,NULL,NULL,1,NULL,0.00,5,0.00,NULL,NULL,NULL,NULL,3,2,2,2,4,1,21,0.00,6,0.00,NULL,0.00,3,1,1,1,0.00,0.00,1,1,0.00,0.00,1,1,1,NULL,NULL,1,NULL,NULL,1,'2020-04-07 15:05:36','2022-06-09 20:44:32','2022-06-09 20:44:32');
INSERT INTO `syj_conceptos` VALUES (8489,3104,87,'Sindicato',4040,40400,NULL,5,NULL,1,1,1,5,0,1,0,0,1,NULL,NULL,1,1,1,2.00,NULL,NULL,1,1,1,NULL,NULL,1,NULL,0.00,5,0.00,NULL,NULL,NULL,NULL,3,2,2,2,4,1,NULL,0.00,6,0.00,NULL,0.00,3,1,1,1,0.00,0.00,1,1,0.00,0.00,1,1,1,NULL,NULL,1,NULL,NULL,1,'2020-04-07 15:05:36','2022-06-09 20:44:32','2022-06-09 20:44:32'),(8490,3104,87,'Obra Social s/ No Rem',4100,41000,NULL,4,NULL,1,1,1,1,0,1,0,0,1,NULL,NULL,0,1,2,0.00,3,NULL,1,1,1,NULL,NULL,1,NULL,0.00,5,0.00,NULL,NULL,NULL,NULL,3,1,1,2,4,1,NULL,0.00,6,0.00,NULL,0.00,3,1,1,1,0.00,0.00,1,1,0.00,0.00,1,1,1,NULL,NULL,1,NULL,NULL,1,'2020-04-07 15:05:36','2022-06-09 20:44:32','2022-06-09 20:44:32'),(8491,3104,87,'Sindicato s/ No Rem',4150,41500,NULL,4,NULL,1,1,1,1,0,1,0,0,1,NULL,NULL,0,1,1,0.00,NULL,NULL,1,1,1,NULL,NULL,1,NULL,0.00,1,0.00,NULL,NULL,NULL,NULL,1,1,1,NULL,NULL,1,NULL,0.00,2,0.00,NULL,0.00,NULL,1,1,1,0.00,0.00,1,1,0.00,0.00,1,1,1,NULL,NULL,1,NULL,NULL,1,'2020-04-07 15:05:36','2022-06-09 20:44:32','2022-06-09 20:44:32'),(8492,3104,87,'Adicional Fam a cargo Obra Soc.',4036,40360,74,5,NULL,2,1,1,1,0,0,1,0,1,NULL,NULL,1,1,2,0.00,1,NULL,1,1,1,NULL,NULL,1,NULL,0.00,5,0.00,224,1,NULL,NULL,3,1,1,2,4,1,NULL,0.00,6,0.00,NULL,0.00,3,1,1,1,0.00,0.00,1,1,0.00,0.00,1,1,1,NULL,NULL,1,NULL,NULL,1,'2020-04-07 15:05:36','2022-06-09 20:44:32','2022-06-09 20:44:32'),(8493,3104,87,'Embargo',4060,40600,NULL,5,NULL,2,1,1,1,0,1,0,0,1,NULL,NULL,0,1,1,0.00,NULL,NULL,1,1,1,NULL,NULL,1,NULL,0.00,1,0.00,NULL,NULL,NULL,NULL,1,1,1,NULL,NULL,1,NULL,0.00,2,0.00,NULL,0.00,NULL,1,1,1,0.00,0.00,1,1,0.00,0.00,1,1,1,NULL,NULL,1,NULL,NULL,1,'2020-04-07 15:05:36','2022-06-09 20:44:32','2022-06-09 20:44:32'),(8494,3104,87,'Beneficio Dto 561/19',4370,43700,NULL,4,NULL,1,1,1,1,0,1,0,0,1,NULL,NULL,0,1,1,0.00,NULL,NULL,1,1,1,NULL,NULL,1,NULL,0.00,1,0.00,NULL,NULL,NULL,NULL,1,1,1,NULL,NULL,1,NULL,0.00,2,0.00,NULL,0.00,NULL,1,1,1,0.00,0.00,1,1,0.00,0.00,1,1,1,NULL,NULL,1,NULL,NULL,1,'2020-04-07 15:05:36','2022-06-09 20:44:32','2022-06-09 20:44:32'),(8495,3104,87,'Jubilación',5010,50100,NULL,6,NULL,1,1,1,1,0,0,0,0,1,NULL,NULL,0,1,1,0.00,NULL,NULL,1,1,1,NULL,NULL,1,NULL,0.00,1,0.00,NULL,NULL,NULL,NULL,1,1,1,NULL,NULL,1,NULL,0.00,2,0.00,NULL,0.00,NULL,1,1,1,0.00,0.00,1,1,0.00,0.00,1,1,1,NULL,NULL,1,NULL,NULL,1,'2020-04-07 15:05:36','2022-06-09 20:44:32','2022-06-09 20:44:32'),(8496,3104,87,'Fondo Nacional de Empleo',5020,50200,NULL,6,NULL,1,1,1,1,0,0,0,0,1,NULL,NULL,0,1,1,0.00,NULL,NULL,1,1,1,NULL,NULL,1,NULL,0.00,1,0.00,NULL,NULL,NULL,NULL,1,1,1,NULL,NULL,1,NULL,0.00,2,0.00,NULL,0.00,NULL,1,1,1,0.00,0.00,1,1,0.00,0.00,1,1,1,NULL,NULL,1,NULL,NULL,1,'2020-04-07 15:05:36','2022-06-09 20:44:32','2022-06-09 20:44:32'),(8497,3104,87,'INSSJP(Ley 19.032)',5030,50300,NULL,6,NULL,1,1,1,1,0,0,0,0,1,NULL,NULL,0,1,1,0.00,NULL,NULL,1,1,1,NULL,NULL,1,NULL,0.00,1,0.00,NULL,NULL,NULL,NULL,1,1,1,NULL,NULL,1,NULL,0.00,2,0.00,NULL,0.00,NULL,1,1,1,0.00,0.00,1,1,0.00,0.00,1,1,1,NULL,NULL,1,NULL,NULL,0,'2020-04-07 15:05:36','2022-06-09 20:44:33','2022-06-09 20:44:33'),(8498,3104,87,'Obra Social',5040,50400,NULL,6,NULL,1,1,1,1,0,0,0,0,1,NULL,NULL,0,1,1,0.00,NULL,NULL,1,1,1,NULL,NULL,1,NULL,0.00,1,0.00,NULL,NULL,NULL,NULL,1,1,1,NULL,NULL,1,NULL,0.00,2,0.00,NULL,0.00,NULL,1,1,1,0.00,0.00,1,1,0.00,0.00,1,1,1,NULL,NULL,1,NULL,NULL,0,'2020-04-07 15:05:36','2022-06-09 20:44:33','2022-06-09 20:44:33'),(8499,3104,87,'Asigs Familiares',5060,50600,NULL,6,NULL,1,1,1,1,0,0,0,0,1,NULL,NULL,0,1,1,0.00,NULL,NULL,1,1,1,NULL,NULL,1,NULL,0.00,1,0.00,NULL,NULL,NULL,NULL,1,1,1,NULL,NULL,1,NULL,0.00,2,0.00,NULL,0.00,NULL,1,1,1,0.00,0.00,1,1,0.00,0.00,1,1,1,NULL,NULL,1,NULL,NULL,1,'2020-04-07 15:05:36','2022-06-09 20:44:33','2022-06-09 20:44:33'),(8500,3104,87,'Porcentaje ART',5080,50800,NULL,6,NULL,1,1,1,1,0,0,0,0,1,NULL,NULL,0,1,1,0.00,NULL,NULL,1,1,1,NULL,NULL,1,NULL,0.00,1,0.00,NULL,NULL,NULL,NULL,1,1,1,NULL,NULL,1,NULL,0.00,2,0.00,NULL,0.00,NULL,1,1,1,0.00,0.00,1,1,0.00,0.00,1,1,1,NULL,NULL,1,NULL,NULL,1,'2020-04-07 15:05:36','2022-06-09 20:44:33','2022-06-09 20:44:33');
INSERT INTO `syj_conceptos` VALUES (8501,3104,87,'Obra Social s/ No Rem',5100,51000,NULL,6,NULL,1,1,1,1,0,0,0,0,1,NULL,NULL,0,1,1,0.00,NULL,NULL,1,1,1,NULL,NULL,1,NULL,0.00,1,0.00,NULL,NULL,NULL,NULL,1,1,1,NULL,NULL,1,NULL,0.00,2,0.00,NULL,0.00,NULL,1,1,1,0.00,0.00,1,1,0.00,0.00,1,1,1,NULL,NULL,1,NULL,NULL,1,'2020-04-07 15:05:36','2022-06-09 20:44:33','2022-06-09 20:44:33'),(8502,3104,87,'Inasistencias Por Enfermedad',1010,10100,NULL,2,NULL,1,1,1,1,0,1,1,0,1,NULL,NULL,0,1,3,0.00,NULL,NULL,1,1,1,NULL,NULL,1,NULL,0.00,2,0.00,NULL,NULL,17,NULL,1,1,1,NULL,NULL,1,NULL,0.00,6,0.00,NULL,0.00,2,1,1,1,0.00,0.00,1,1,0.00,0.00,1,1,1,NULL,NULL,1,NULL,NULL,1,'2020-04-07 15:05:36','2022-06-09 20:44:33','2022-06-09 20:44:33'),(8503,3104,87,'Inasistencias por Accidente de Trabajo',1020,10200,NULL,2,NULL,1,1,1,1,0,1,1,0,1,NULL,NULL,0,1,3,0.00,NULL,NULL,1,1,1,NULL,NULL,1,NULL,0.00,2,0.00,NULL,NULL,17,NULL,1,1,1,NULL,NULL,1,NULL,0.00,6,0.00,NULL,0.00,2,1,1,1,0.00,0.00,1,1,0.00,0.00,1,1,1,NULL,NULL,1,NULL,NULL,1,'2020-04-07 15:05:36','2022-06-09 20:44:33','2022-06-09 20:44:33'),(8504,3104,87,'BÁSICO',1040,10400,NULL,2,NULL,1,1,1,1,0,0,1,0,1,NULL,NULL,1,1,1,1.00,34,NULL,2,2,3,NULL,NULL,1,NULL,0.00,3,28718.08,NULL,NULL,17,NULL,1,1,1,NULL,NULL,1,NULL,0.00,6,0.00,8,0.00,2,1,1,1,0.00,0.00,1,1,0.00,0.00,1,1,1,NULL,NULL,1,NULL,NULL,1,'2020-04-07 15:05:36','2022-06-09 20:44:33','2022-06-09 20:44:33'),(8505,3104,87,'Día del Gremio',1110,11100,NULL,2,NULL,1,1,1,1,0,1,1,0,1,NULL,NULL,0,1,1,0.00,NULL,NULL,1,1,1,NULL,NULL,1,NULL,0.00,2,0.00,NULL,NULL,18,NULL,1,1,1,NULL,NULL,1,NULL,0.00,6,0.00,NULL,0.00,2,1,1,1,0.00,0.00,1,1,0.00,0.00,1,1,1,NULL,NULL,1,NULL,'En mes Septiembre, cuando se liquide dicho concepto se deberá ingresar manualmente en Dias Trabajados 29 dias.',1,'2020-04-07 15:05:36','2022-06-09 20:44:33','2022-06-09 20:44:33'),(8506,3104,87,'Feriados Nacionales No Trabajados',1111,11109,NULL,2,NULL,1,1,1,1,0,1,1,0,1,NULL,NULL,0,1,3,0.00,NULL,NULL,1,1,1,NULL,NULL,1,NULL,0.00,2,0.00,NULL,NULL,18,NULL,1,1,1,NULL,NULL,1,NULL,0.00,6,0.00,NULL,0.00,2,1,1,1,0.00,0.00,1,1,0.00,0.00,1,1,1,NULL,NULL,1,NULL,'Se deberá informar por las novedades la cantidad de dias Feriados Nac. No Trabajados\r\nDicho concepto retorna como Valor, el Básico Diario.',1,'2020-04-07 15:05:36','2022-06-09 20:44:33','2022-06-09 20:44:33'),(8507,3104,87,'SAC',1120,11200,NULL,2,NULL,1,1,1,1,0,1,1,0,1,NULL,NULL,0,1,2,0.00,36,NULL,1,1,1,NULL,NULL,1,NULL,0.00,2,0.00,NULL,NULL,38,NULL,1,1,1,NULL,NULL,1,2,0.00,6,0.00,NULL,0.00,2,1,1,1,0.00,0.00,1,1,0.00,0.00,1,1,1,NULL,NULL,1,NULL,NULL,1,'2020-04-07 15:05:36','2022-06-09 20:44:33','2022-06-09 20:44:33'),(8508,3104,87,'Cuota Fija ART',5070,50700,NULL,6,NULL,1,1,1,1,0,0,0,0,1,NULL,NULL,0,1,1,0.00,NULL,NULL,1,1,1,NULL,NULL,1,NULL,0.00,1,0.00,NULL,NULL,NULL,NULL,1,1,1,NULL,NULL,1,NULL,0.00,2,0.00,NULL,0.00,NULL,1,1,1,0.00,0.00,1,1,0.00,0.00,1,1,1,NULL,NULL,1,NULL,NULL,1,'2020-04-07 15:05:36','2022-06-09 20:44:33','2022-06-09 20:44:33'),(8509,3104,87,'Basico',90,900,NULL,1,NULL,1,1,1,1,NULL,NULL,NULL,NULL,1,NULL,NULL,0,1,1,30.00,NULL,NULL,1,1,1,NULL,NULL,1,NULL,0.00,2,0.00,NULL,NULL,17,NULL,1,1,1,NULL,NULL,1,1,0.00,6,0.00,1,0.00,2,1,1,1,0.00,0.00,1,1,0.00,0.00,1,1,1,NULL,NULL,1,NULL,'Retorna el Basico Completo = 30 * Basico Diario',1,'2020-04-08 03:08:12','2022-06-09 20:44:33','2022-06-09 20:44:33'),(8510,3104,87,'Antigüedad',95,950,NULL,1,NULL,1,1,1,1,NULL,NULL,NULL,NULL,1,NULL,NULL,0,1,2,0.00,12,NULL,1,1,1,NULL,NULL,1,NULL,0.00,5,0.00,NULL,NULL,NULL,NULL,3,1,1,2,4,1,NULL,0.00,6,0.00,NULL,0.00,3,1,1,1,0.00,0.00,1,1,0.00,0.00,1,1,1,NULL,NULL,1,NULL,NULL,1,'2020-04-08 03:09:41','2022-06-09 20:44:33','2022-06-09 20:44:33'),(8511,3104,87,'Basico Diario Vacaciones',120,1200,NULL,1,NULL,1,1,1,1,NULL,NULL,NULL,NULL,1,NULL,NULL,0,1,1,1.00,NULL,NULL,1,1,1,NULL,NULL,1,NULL,0.00,2,0.00,NULL,NULL,17,NULL,1,1,1,NULL,NULL,1,NULL,0.00,6,0.00,NULL,0.00,2,1,1,1,0.00,0.00,1,1,0.00,0.00,1,1,1,NULL,NULL,1,NULL,NULL,1,'2020-04-09 01:09:47','2022-06-09 20:44:33','2022-06-09 20:44:33');
INSERT INTO `syj_conceptos` VALUES (8512,3104,87,'Sueldo Conformado Rem',110,1100,NULL,1,NULL,1,1,1,1,NULL,NULL,NULL,NULL,1,NULL,NULL,0,1,1,1.00,NULL,NULL,1,1,1,NULL,NULL,1,NULL,0.00,5,0.00,NULL,NULL,NULL,NULL,3,1,1,2,4,1,NULL,0.00,6,0.00,NULL,0.00,2,1,1,1,0.00,0.00,1,1,0.00,0.00,1,1,1,NULL,NULL,1,NULL,'Sumatoria de los conceptos de Control 80+90+100',1,'2020-04-09 01:21:05','2022-06-09 20:44:33','2022-06-09 20:44:33'),(8513,3104,87,'Presentismo',240,2400,NULL,1,NULL,1,1,1,1,NULL,NULL,NULL,NULL,1,NULL,NULL,1,1,1,8.33,NULL,NULL,1,1,1,NULL,NULL,1,NULL,0.00,5,0.00,NULL,NULL,NULL,NULL,3,1,1,2,4,1,NULL,0.00,6,0.00,NULL,0.00,3,1,1,1,0.00,0.00,1,1,0.00,0.00,1,1,1,NULL,NULL,1,NULL,NULL,1,'2020-04-09 01:22:54','2022-06-09 20:44:33','2022-06-09 20:44:33'),(8514,3104,87,'Antiguedad',1050,11113,NULL,2,NULL,1,1,1,1,1,1,1,NULL,1,NULL,NULL,1,1,2,0.00,12,NULL,1,1,1,NULL,NULL,1,NULL,0.00,5,0.00,NULL,NULL,NULL,NULL,3,2,2,2,4,1,NULL,0.00,6,0.00,NULL,0.00,3,1,1,1,0.00,0.00,1,1,0.00,0.00,1,1,1,NULL,NULL,1,NULL,NULL,1,'2020-04-16 22:57:29','2022-06-09 20:44:33','2022-06-09 20:44:33'),(8515,3104,87,'Acuerdo CCT 130/75 febrero/2020',1241,12410,NULL,2,NULL,1,1,1,1,NULL,NULL,NULL,NULL,1,NULL,NULL,0,1,1,1.00,NULL,NULL,1,1,1,NULL,NULL,1,NULL,0.00,3,2000.00,NULL,NULL,NULL,NULL,1,1,1,NULL,NULL,1,NULL,0.00,6,0.00,NULL,0.00,2,1,1,1,0.00,0.00,1,1,0.00,0.00,1,1,1,NULL,NULL,1,NULL,NULL,0,'2020-04-17 00:21:14','2022-06-09 20:44:33','2022-06-09 20:44:33'),(8516,3104,87,'Horas Extras comunes',1075,11120,NULL,2,NULL,1,1,1,1,NULL,NULL,NULL,NULL,1,NULL,NULL,1,1,3,0.00,NULL,NULL,1,1,1,NULL,NULL,1,NULL,0.00,2,0.00,NULL,NULL,31,NULL,3,1,1,2,4,1,1,0.00,6,0.00,NULL,0.00,2,1,1,1,0.00,0.00,1,1,0.00,0.00,1,1,1,NULL,NULL,1,NULL,NULL,1,'2020-04-17 20:52:46','2022-06-09 20:44:33','2022-06-09 20:44:33'),(8517,3104,87,'Sueldo Conformado No Rem',201,2010,NULL,1,NULL,1,1,1,1,NULL,NULL,NULL,NULL,1,NULL,NULL,0,1,1,1.00,NULL,NULL,1,1,1,NULL,NULL,1,NULL,0.00,5,0.00,NULL,NULL,NULL,NULL,3,1,1,2,4,1,NULL,0.00,6,0.00,NULL,0.00,2,1,1,1,0.00,0.00,1,1,0.00,0.00,1,1,1,NULL,NULL,1,NULL,NULL,1,'2020-04-19 19:08:56','2022-06-09 20:44:33','2022-06-09 20:44:33'),(8518,3104,87,'Antigüedad No Rem Ac 10-20',2125,2125,62,3,NULL,1,1,1,1,NULL,NULL,NULL,NULL,1,NULL,NULL,1,1,2,0.00,12,NULL,1,1,1,NULL,NULL,1,NULL,0.00,5,0.00,NULL,NULL,NULL,NULL,3,3,3,2,4,1,NULL,0.00,6,0.00,NULL,0.00,3,1,1,2,0.00,0.00,1,1,0.00,0.00,3,1,1,2,2,1,NULL,NULL,0,'2020-04-19 19:13:32','2022-06-09 20:44:33','2022-06-09 20:44:33'),(8519,3104,87,'SAC Indemnización Integración Mes de Despido',2015,20150,NULL,3,NULL,1,1,1,1,NULL,NULL,NULL,NULL,1,NULL,NULL,0,1,3,0.00,NULL,NULL,1,1,1,NULL,NULL,1,NULL,0.00,5,1.00,NULL,NULL,NULL,NULL,3,1,1,2,4,1,3,0.00,6,0.00,NULL,0.00,2,1,1,1,0.00,0.00,1,1,0.00,0.00,1,1,1,NULL,NULL,1,NULL,NULL,1,'2020-04-25 02:49:56','2022-06-09 20:44:33','2022-06-09 20:44:33'),(8520,3104,87,'Indemnizacion por Antigüedad',2130,21300,NULL,3,NULL,1,1,1,1,NULL,NULL,NULL,NULL,1,NULL,NULL,0,1,2,0.00,14,NULL,1,1,1,NULL,NULL,1,NULL,0.00,2,0.00,NULL,NULL,39,NULL,1,1,1,NULL,NULL,1,28,0.00,6,0.00,NULL,0.00,2,1,1,1,0.00,0.00,1,1,0.00,0.00,1,1,1,NULL,NULL,1,NULL,NULL,1,'2020-04-25 05:24:27','2022-06-09 20:44:33','2022-06-09 20:44:33'),(8521,3104,87,'Presentismo No Rem Ac 10-20',2150,2150,62,3,NULL,1,1,1,1,NULL,NULL,NULL,NULL,1,NULL,NULL,1,1,1,8.33,12,NULL,1,1,1,NULL,NULL,1,1,0.00,5,0.00,NULL,NULL,43,NULL,3,1,1,2,4,1,1,0.00,6,0.00,1,0.00,3,1,1,1,0.00,0.00,1,1,0.00,0.00,1,1,1,NULL,NULL,1,NULL,NULL,0,'2020-05-07 00:50:49','2022-06-09 20:44:33','2022-06-09 20:44:33'),(8522,3104,87,'Asig. No Remunerativa  Ac 04-22',2000,2100,62,3,NULL,1,1,1,1,NULL,NULL,NULL,NULL,1,NULL,NULL,1,1,1,1.00,NULL,NULL,1,1,1,NULL,NULL,1,1,0.00,1,2655.00,NULL,NULL,NULL,NULL,1,1,1,NULL,NULL,1,22,0.00,6,0.00,NULL,0.00,2,1,1,1,0.00,0.00,1,1,0.00,0.00,1,1,1,NULL,NULL,1,NULL,NULL,1,'2020-05-07 04:26:24','2022-06-09 20:44:33','2022-06-09 20:44:33');
INSERT INTO `syj_conceptos` VALUES (8523,3104,87,'FAECYS',4050,40500,NULL,5,NULL,1,1,1,5,NULL,NULL,NULL,NULL,1,NULL,NULL,0,0,1,0.50,NULL,NULL,1,1,1,NULL,NULL,1,1,0.00,5,0.00,NULL,NULL,NULL,NULL,3,2,2,2,4,1,NULL,0.00,6,0.00,NULL,0.00,3,1,1,1,0.00,0.00,1,1,0.00,0.00,1,1,1,NULL,NULL,1,NULL,NULL,1,'2020-05-13 02:20:52','2022-06-09 20:44:33','2022-06-09 20:44:33'),(8524,3104,87,'Plus Feriado',1115,11150,NULL,2,NULL,1,1,1,1,NULL,NULL,NULL,NULL,1,NULL,NULL,1,1,3,0.00,NULL,NULL,1,1,1,NULL,NULL,1,NULL,0.00,2,0.00,NULL,NULL,48,NULL,1,1,1,NULL,NULL,1,NULL,0.00,6,0.00,NULL,0.00,2,1,1,1,0.00,0.00,1,1,0.00,0.00,1,1,1,NULL,NULL,1,NULL,NULL,1,'2021-03-15 22:27:19','2022-06-09 20:44:33','2022-06-09 20:44:33'),(8525,3104,87,'Prest no remun Dec 397/2020 MTEy SS c/aportes',115,1150,62,3,NULL,1,1,1,1,NULL,NULL,NULL,NULL,1,NULL,NULL,1,1,1,1.00,NULL,NULL,1,1,1,NULL,NULL,1,1,0.00,3,0.00,NULL,NULL,NULL,NULL,1,1,1,NULL,NULL,1,1,0.00,6,0.00,NULL,0.00,2,1,1,1,0.00,0.00,1,1,0.00,0.00,1,1,1,NULL,NULL,1,NULL,NULL,0,'2020-05-07 07:26:24','2022-06-09 20:44:33','2022-06-09 20:44:33'),(8526,3104,87,'Presentismo Suspensión 223 bis LCT',240,2400,62,1,NULL,1,1,1,1,NULL,NULL,NULL,NULL,1,NULL,NULL,0,1,1,0.00,NULL,NULL,1,1,1,NULL,NULL,1,NULL,0.00,5,0.00,NULL,NULL,NULL,NULL,3,1,1,2,4,1,NULL,0.00,6,0.00,NULL,0.00,3,1,1,1,0.00,0.00,1,1,0.00,0.00,1,1,1,NULL,NULL,1,NULL,NULL,1,'2020-04-09 04:22:54','2022-06-09 20:44:33','2022-06-09 20:44:33'),(8527,3104,87,'Asig. No Remunerativa revisión Ac 01-21',200,2200,62,3,NULL,1,1,1,1,NULL,NULL,NULL,NULL,1,NULL,NULL,1,1,1,1.00,NULL,NULL,1,1,1,NULL,NULL,1,1,0.00,1,5274.20,NULL,NULL,NULL,NULL,1,1,1,NULL,NULL,1,22,0.00,6,0.00,NULL,0.00,2,1,1,1,0.00,0.00,1,1,0.00,0.00,1,1,1,NULL,NULL,1,NULL,NULL,0,'2020-05-07 07:26:24','2022-06-09 20:44:33','2022-06-09 20:44:33'),(8528,3104,87,'Obra Social Asig  Ac 04-21',4035,40350,67,5,NULL,1,1,1,3,0,1,0,0,1,NULL,NULL,0,1,2,0.00,3,NULL,1,1,1,NULL,NULL,1,NULL,0.00,5,0.00,NULL,NULL,NULL,NULL,3,2,2,2,4,1,1,0.00,6,0.00,NULL,0.00,3,1,1,1,0.00,0.00,1,1,0.00,0.00,1,1,1,NULL,NULL,1,NULL,NULL,1,'2020-04-07 18:05:36','2022-06-09 20:44:33','2022-06-09 20:44:33'),(8529,3104,87,'Obra Social Prest no remun Dec 397/2020 MTEy SS c/aportes',5040,50400,76,6,NULL,1,1,1,1,0,0,0,0,1,NULL,NULL,1,1,2,0.00,3,NULL,1,1,1,NULL,NULL,1,NULL,0.00,5,0.00,NULL,NULL,NULL,NULL,3,1,1,2,4,1,NULL,0.00,6,0.00,NULL,0.00,2,1,1,1,0.00,0.00,1,1,0.00,0.00,1,1,1,NULL,NULL,1,NULL,NULL,1,'2020-04-07 18:05:36','2022-06-09 20:44:33','2022-06-09 20:44:33'),(8530,3104,87,'Obra Social Prest no remun Dec 397/2020 MTEy SS c/aportes',4030,40300,67,5,NULL,1,1,1,3,0,1,0,0,1,NULL,NULL,0,1,2,0.00,3,NULL,1,1,1,NULL,NULL,1,NULL,0.00,5,0.00,NULL,NULL,NULL,NULL,3,2,2,2,4,1,1,0.00,6,0.00,NULL,0.00,3,1,1,1,0.00,0.00,1,1,0.00,0.00,1,1,1,NULL,NULL,1,NULL,NULL,0,'2020-04-07 18:05:36','2022-06-09 20:44:33','2022-06-09 20:44:33'),(8531,3104,87,'Sindicato Recr y Turismo',4041,40410,69,5,NULL,2,1,1,2,0,1,0,0,1,NULL,NULL,0,1,1,1.00,NULL,NULL,1,1,1,NULL,NULL,1,NULL,0.00,5,0.00,NULL,NULL,NULL,NULL,3,2,2,2,4,1,NULL,0.00,6,0.00,NULL,0.00,3,1,1,1,0.00,0.00,1,1,0.00,0.00,1,1,1,NULL,NULL,1,NULL,NULL,1,'2020-04-07 18:05:36','2022-06-09 20:44:33','2022-06-09 20:44:33'),(8532,3104,87,'Sindicato Seg Sepelio',4042,40420,69,5,NULL,2,1,1,2,0,1,0,0,1,NULL,NULL,0,1,1,1.00,NULL,NULL,1,1,1,NULL,NULL,1,NULL,0.00,5,0.00,NULL,NULL,NULL,NULL,3,2,2,2,4,1,NULL,0.00,6,0.00,NULL,0.00,3,1,1,1,0.00,0.00,1,1,0.00,0.00,1,1,1,NULL,NULL,1,NULL,NULL,1,'2020-04-07 21:05:36','2022-06-09 20:44:33','2022-06-09 20:44:33'),(8533,3104,87,'Sindicato Prest no remun Dec 397/2020 MTEy SS c/aportes',4038,40380,69,5,NULL,1,1,1,5,0,1,0,0,1,NULL,NULL,0,1,1,2.00,NULL,NULL,1,1,1,NULL,NULL,1,NULL,0.00,5,0.00,NULL,NULL,NULL,NULL,3,2,2,2,4,1,NULL,0.00,6,0.00,NULL,0.00,3,1,1,1,0.00,0.00,1,1,0.00,0.00,1,1,1,NULL,NULL,1,NULL,NULL,0,'2020-04-07 18:05:36','2022-06-09 20:44:33','2022-06-09 20:44:33');
INSERT INTO `syj_conceptos` VALUES (8534,3104,87,'FAECYS Prest no remun Dec 397/2020 MTEy SS c/aportes',4050,40500,76,5,NULL,1,1,1,5,NULL,NULL,NULL,NULL,1,NULL,NULL,0,0,1,0.50,NULL,NULL,1,1,1,NULL,NULL,1,1,0.00,5,0.00,NULL,NULL,NULL,NULL,3,2,2,2,4,1,NULL,0.00,6,0.00,NULL,0.00,3,1,1,1,0.00,0.00,1,1,0.00,0.00,1,1,1,NULL,NULL,1,NULL,NULL,0,'2020-05-13 05:20:52','2022-06-09 20:44:33','2022-06-09 20:44:33'),(8535,3104,87,'Aporte O Social $100',4055,40550,67,5,NULL,1,1,1,5,0,1,0,0,1,NULL,NULL,0,1,1,1.00,3,NULL,1,1,1,NULL,NULL,1,NULL,0.00,1,100.00,NULL,NULL,NULL,NULL,3,2,2,2,4,1,1,0.00,6,0.00,NULL,0.00,2,1,1,1,0.00,0.00,1,1,0.00,0.00,1,1,1,NULL,NULL,1,NULL,NULL,1,'2020-04-07 21:05:36','2022-06-09 20:44:33','2022-06-09 20:44:33'),(8536,3104,87,'Obra Social  Asign Ac 10-20 + Asig 01-21',5041,50410,67,6,NULL,1,1,1,1,0,0,0,0,1,NULL,NULL,1,1,2,0.00,3,NULL,1,1,1,NULL,NULL,1,NULL,0.00,5,0.00,NULL,NULL,NULL,NULL,3,1,1,2,4,1,NULL,0.00,6,0.00,NULL,0.00,2,1,1,1,0.00,0.00,1,1,0.00,0.00,1,1,1,NULL,NULL,1,NULL,NULL,1,'2020-04-07 21:05:36','2022-06-09 20:44:33','2022-06-09 20:44:33'),(8537,3104,87,'Sindicato Asig  Ac 04-21',4043,40430,69,5,NULL,1,1,1,5,0,1,0,0,1,NULL,NULL,0,1,1,2.00,3,NULL,1,1,1,NULL,NULL,1,NULL,0.00,5,0.00,NULL,NULL,NULL,NULL,3,2,2,2,4,1,1,0.00,6,0.00,NULL,0.00,3,1,1,1,0.00,0.00,1,1,0.00,0.00,1,1,1,NULL,NULL,1,NULL,NULL,1,'2020-04-07 21:05:36','2022-06-09 20:44:33','2022-06-09 20:44:33'),(8538,3104,87,'FAECYS Asig Ac 04-21',4051,40510,76,5,NULL,1,1,1,5,NULL,NULL,NULL,NULL,1,NULL,NULL,0,0,1,0.50,NULL,NULL,1,1,1,NULL,NULL,1,1,0.00,5,0.00,NULL,NULL,NULL,NULL,3,2,2,2,4,1,NULL,0.00,6,0.00,NULL,0.00,3,1,1,1,0.00,0.00,1,1,0.00,0.00,1,1,1,NULL,NULL,1,NULL,NULL,1,'2020-05-13 08:20:52','2022-06-09 20:44:33','2022-06-09 20:44:33'),(8539,3104,87,'Beneficio REPRO II',6000,60000,76,5,NULL,1,1,1,1,NULL,NULL,NULL,NULL,1,NULL,NULL,1,1,1,1.00,NULL,NULL,1,1,1,NULL,NULL,1,1,0.00,3,9000.00,NULL,NULL,NULL,NULL,1,1,1,NULL,NULL,1,1,0.00,6,0.00,NULL,0.00,2,1,1,1,0.00,0.00,1,1,0.00,0.00,1,1,1,NULL,NULL,1,NULL,NULL,0,'2020-05-07 10:26:24','2022-06-09 20:44:33','2022-06-09 20:44:33'),(8540,3104,87,'Copia de Obra Social Asig  Ac 04-21',4031,40310,67,1,NULL,1,1,1,3,0,1,0,0,1,NULL,NULL,0,1,1,1.00,3,NULL,1,1,1,NULL,NULL,1,NULL,0.00,5,0.00,NULL,NULL,NULL,NULL,3,2,2,2,4,1,1,0.00,6,0.00,NULL,0.00,2,1,1,1,0.00,0.00,1,1,0.00,0.00,1,1,1,NULL,NULL,1,NULL,NULL,1,'2020-04-07 21:05:36','2022-06-09 20:44:33','2022-06-09 20:44:33'),(8541,3104,87,'Copia de Ad Familiar a cargo Obra Social Ac 04-21',3920,39200,74,1,NULL,2,1,1,1,0,0,1,0,1,NULL,NULL,1,1,1,1.00,1,NULL,1,1,1,NULL,NULL,1,NULL,0.00,5,0.00,224,1,NULL,NULL,3,1,1,2,4,1,NULL,0.00,6,0.00,NULL,0.00,2,1,1,1,0.00,0.00,1,1,0.00,0.00,1,1,1,NULL,NULL,1,NULL,NULL,1,'2020-04-07 21:05:36','2022-06-09 20:44:33','2022-06-09 20:44:33'),(8542,3104,87,'Sindicato Seguro Sepelio Ac 04-21',4044,40440,69,5,NULL,2,1,1,2,0,1,0,0,1,NULL,NULL,0,1,1,1.00,NULL,NULL,1,1,1,NULL,NULL,1,NULL,0.00,5,0.00,NULL,NULL,NULL,NULL,3,2,2,2,4,1,NULL,0.00,6,0.00,NULL,0.00,3,1,1,1,0.00,0.00,1,1,0.00,0.00,1,1,1,NULL,NULL,1,NULL,NULL,1,'2020-04-08 00:05:36','2022-06-09 20:44:33','2022-06-09 20:44:33'),(8543,3104,87,'Sindicato Recreación y Turismo Ac 04-21',4045,40450,69,5,NULL,2,1,1,2,0,1,0,0,1,NULL,NULL,0,1,1,1.00,NULL,NULL,1,1,1,NULL,NULL,1,NULL,0.00,5,0.00,NULL,NULL,NULL,NULL,3,2,2,2,4,1,NULL,0.00,6,0.00,NULL,0.00,3,1,1,1,0.00,0.00,1,1,0.00,0.00,1,1,1,NULL,NULL,1,NULL,NULL,1,'2020-04-08 03:05:36','2022-06-09 20:44:33','2022-06-09 20:44:33'),(8544,3104,87,'Copia de Prest no remun Dec 397/2020 MTEy SS c/aportes',116,1160,62,1,NULL,1,1,1,1,NULL,NULL,NULL,NULL,1,NULL,NULL,0,1,1,1.00,NULL,NULL,1,1,1,NULL,NULL,1,1,0.00,3,0.00,NULL,NULL,NULL,NULL,1,1,1,NULL,NULL,1,1,0.00,6,0.00,NULL,0.00,2,1,1,1,0.00,0.00,1,1,0.00,0.00,1,1,1,NULL,NULL,1,NULL,NULL,0,'2020-05-07 10:26:24','2022-06-09 20:44:33','2022-06-09 20:44:33');
INSERT INTO `syj_conceptos` VALUES (8545,3104,87,'Adicional Fam a cargo Obra Soc. Ac 04-21',4037,40370,74,5,NULL,2,1,1,1,0,0,1,0,1,NULL,NULL,1,1,2,0.00,1,NULL,1,1,1,NULL,NULL,1,NULL,0.00,5,0.00,224,1,NULL,NULL,3,1,1,2,4,1,NULL,0.00,6,0.00,NULL,0.00,3,1,1,1,0.00,0.00,1,1,0.00,0.00,1,1,1,NULL,NULL,1,NULL,NULL,1,'2020-04-07 18:05:36','2022-06-09 20:44:33','2022-06-09 20:44:33'),(8546,3104,87,'Copia de Sindicato Prest no remun Dec 397/2020 MTEy SS c/aportes',4039,40390,69,1,NULL,2,1,1,5,0,1,0,0,1,NULL,NULL,0,1,1,2.00,NULL,NULL,1,1,1,NULL,NULL,1,NULL,0.00,5,0.00,NULL,NULL,NULL,NULL,3,2,2,2,4,1,NULL,0.00,6,0.00,NULL,0.00,3,1,1,1,0.00,0.00,1,1,0.00,0.00,1,1,1,NULL,NULL,1,NULL,NULL,1,'2020-04-07 21:05:36','2022-06-09 20:44:33','2022-06-09 20:44:33'),(8547,3104,87,'Copia de Días Trabajados',1041,10410,NULL,1,NULL,1,1,1,1,0,0,1,0,1,NULL,NULL,1,1,1,1.00,34,NULL,2,2,3,NULL,NULL,1,NULL,0.00,3,28718.08,NULL,NULL,17,NULL,1,1,1,NULL,NULL,1,NULL,0.00,6,0.00,8,0.00,2,1,1,1,0.00,0.00,1,1,0.00,0.00,1,1,1,NULL,NULL,1,NULL,NULL,1,'2020-04-07 18:05:36','2022-06-09 20:44:33','2022-06-09 20:44:33'),(8548,3104,87,'Copia de Sindicato Asig  Ac 04-21',4046,40460,69,5,NULL,1,1,1,5,0,1,0,0,1,NULL,NULL,1,1,1,2.00,3,NULL,1,1,1,NULL,NULL,1,NULL,0.00,5,0.00,NULL,NULL,NULL,NULL,3,2,2,2,4,1,1,0.00,6,0.00,NULL,0.00,3,1,1,1,0.00,0.00,1,1,0.00,0.00,1,1,1,NULL,NULL,1,NULL,NULL,0,'2020-04-08 00:05:36','2022-06-09 20:44:33','2022-06-09 20:44:33'),(8549,3104,87,'Copia de Asig. No Remunerativa  Ac 04-22',211,2110,62,1,NULL,1,1,1,1,NULL,NULL,NULL,NULL,1,NULL,NULL,1,1,1,1.00,NULL,NULL,1,1,1,NULL,NULL,1,1,0.00,1,2655.00,NULL,NULL,NULL,NULL,1,1,1,NULL,NULL,1,1,0.00,6,0.00,NULL,0.00,2,1,1,1,0.00,0.00,1,1,0.00,0.00,1,1,1,NULL,NULL,1,NULL,NULL,1,'2020-05-07 07:26:24','2022-06-09 20:44:33','2022-06-09 20:44:33'),(8550,3104,87,'Copia de Presentismo',1071,11116,NULL,1,NULL,1,1,1,1,0,1,1,0,1,NULL,NULL,1,1,1,8.33,NULL,NULL,1,1,1,NULL,NULL,1,NULL,0.00,5,0.00,NULL,NULL,NULL,NULL,3,1,1,2,4,1,NULL,0.00,6,0.00,NULL,0.00,3,2,4,2,-2.00,0.00,1,1,0.00,0.00,3,1,1,2,2,1,NULL,NULL,1,'2020-04-07 18:05:36','2022-06-09 20:44:33','2022-06-09 20:44:33'),(8551,3104,87,'Copia de Antiguedad',1051,11112,NULL,1,NULL,1,1,1,1,1,1,1,NULL,1,NULL,NULL,1,1,2,0.00,12,NULL,1,1,1,NULL,NULL,1,NULL,0.00,5,0.00,NULL,NULL,NULL,NULL,3,2,2,2,4,1,NULL,0.00,6,0.00,NULL,0.00,3,1,1,1,0.00,0.00,1,1,0.00,0.00,1,1,1,NULL,NULL,1,NULL,NULL,1,'2020-04-17 01:57:29','2022-06-09 20:44:33','2022-06-09 20:44:33'),(8552,3104,88,'Comisiones de venta',1220,12200,NULL,2,NULL,2,1,1,1,0,1,1,0,1,NULL,NULL,0,1,1,1.00,NULL,NULL,1,1,1,NULL,NULL,1,NULL,0.00,1,0.00,NULL,NULL,NULL,NULL,1,1,1,NULL,NULL,1,NULL,0.00,6,0.00,NULL,0.00,2,1,1,1,0.00,0.00,1,1,0.00,0.00,1,1,1,NULL,NULL,1,NULL,NULL,1,'2020-04-08 00:05:35','2020-04-10 18:56:08',NULL),(8553,3104,88,'Reintegro Ganancias Renta 4ta Categoría',2800,43700,NULL,3,NULL,1,1,1,1,0,0,0,0,1,NULL,NULL,0,1,1,1.00,NULL,NULL,1,1,1,NULL,NULL,1,NULL,0.00,1,0.00,NULL,NULL,NULL,NULL,1,1,1,NULL,NULL,1,7,0.00,6,0.00,9,0.00,2,1,1,1,0.00,0.00,1,1,0.00,0.00,1,1,1,NULL,NULL,1,NULL,NULL,0,'2020-04-08 00:05:35','2020-05-07 11:17:25',NULL),(8554,3104,88,'Redondeo',2900,43800,NULL,3,NULL,1,1,1,1,0,1,0,0,1,NULL,NULL,0,1,1,1.00,NULL,NULL,1,1,1,NULL,NULL,1,NULL,0.00,1,0.00,NULL,NULL,NULL,NULL,1,1,1,NULL,NULL,1,NULL,0.00,2,0.00,11,0.00,1,1,1,1,0.00,0.00,1,1,0.00,0.00,1,1,1,NULL,NULL,1,NULL,NULL,0,'2020-04-08 00:05:35','2021-03-23 04:23:58',NULL),(8555,3104,88,'Retención Ganancias Renta 4ta Categoría',4330,43600,NULL,5,NULL,1,1,1,7,0,0,0,0,1,NULL,NULL,1,1,1,1.00,NULL,NULL,1,1,1,NULL,NULL,1,NULL,0.00,3,0.00,NULL,NULL,NULL,NULL,1,1,1,NULL,NULL,1,NULL,0.00,6,0.00,NULL,0.00,2,1,1,1,0.00,0.00,1,1,0.00,0.00,1,1,1,NULL,NULL,1,NULL,'Se puede ingresar a mano o lo calcula Taxes, creando un detalle de liquidacion en el empleado',1,'2020-04-08 00:05:35','2020-04-08 00:05:35',NULL);
INSERT INTO `syj_conceptos` VALUES (8556,3104,88,'Adicional voluntario',1210,12100,NULL,2,NULL,2,1,1,1,1,1,1,0,1,NULL,NULL,0,1,3,1.00,NULL,NULL,1,1,1,NULL,NULL,1,NULL,0.00,3,0.00,NULL,NULL,NULL,NULL,1,1,1,NULL,NULL,1,NULL,0.00,6,0.00,NULL,0.00,2,1,1,1,0.00,0.00,1,1,0.00,0.00,1,1,1,NULL,NULL,1,NULL,NULL,1,'2020-04-08 00:05:35','2020-04-17 09:28:01',NULL),(8557,3104,88,'Vacaciones',1045,11000,NULL,2,NULL,1,1,1,1,0,1,1,0,1,NULL,NULL,0,1,2,0.00,33,NULL,1,1,1,NULL,NULL,1,NULL,0.00,2,0.00,NULL,NULL,18,NULL,1,1,1,NULL,NULL,1,NULL,0.00,6,0.00,NULL,0.00,2,1,1,1,0.00,0.00,1,1,0.00,0.00,1,1,1,NULL,NULL,1,NULL,NULL,1,'2020-04-08 00:05:35','2020-05-01 08:48:21',NULL),(8558,3104,88,'A cuenta futuros aumentos',1230,12300,NULL,2,NULL,2,1,1,1,1,1,1,0,1,NULL,NULL,0,1,3,1.00,NULL,NULL,1,1,1,NULL,NULL,1,NULL,0.00,3,0.00,NULL,NULL,NULL,NULL,1,1,1,NULL,NULL,1,NULL,0.00,6,0.00,NULL,0.00,2,1,1,1,0.00,0.00,1,1,0.00,0.00,1,1,1,NULL,NULL,1,NULL,NULL,1,'2020-04-08 00:05:35','2020-05-07 09:00:11',NULL),(8559,3104,88,'Aumento solidario Decreto 14/2020',1240,12400,NULL,2,NULL,1,1,1,1,0,1,1,0,1,NULL,NULL,0,1,3,1.00,NULL,NULL,1,1,1,NULL,NULL,1,NULL,0.00,3,4000.00,NULL,NULL,NULL,NULL,1,1,1,NULL,NULL,1,NULL,0.00,6,0.00,NULL,0.00,2,1,1,1,0.00,0.00,1,1,0.00,0.00,1,1,1,NULL,NULL,1,NULL,'Valido hasta...',0,'2020-04-08 00:05:35','2021-03-17 05:29:34',NULL),(8560,3104,88,'Suma no Remunerativa',2920,29200,NULL,3,NULL,1,1,1,1,1,1,0,0,1,NULL,NULL,0,1,1,0.00,NULL,NULL,1,1,1,NULL,NULL,1,NULL,0.00,1,0.00,NULL,NULL,NULL,NULL,1,1,1,NULL,NULL,1,NULL,0.00,6,0.00,NULL,0.00,2,1,1,1,0.00,0.00,1,1,0.00,0.00,1,1,1,NULL,NULL,1,NULL,NULL,1,'2020-04-08 00:05:35','2020-05-07 09:58:25',NULL),(8561,3104,88,'SAC Indemnización sustitutiva Mes de Preaviso',2030,29400,NULL,3,NULL,1,1,1,1,0,1,0,0,1,NULL,NULL,0,1,1,1.00,NULL,NULL,1,1,1,NULL,NULL,1,NULL,0.00,5,0.00,NULL,NULL,NULL,NULL,3,1,1,2,4,1,NULL,0.00,6,0.00,NULL,0.00,2,1,1,1,0.00,0.00,1,1,0.00,0.00,1,1,1,NULL,NULL,1,NULL,NULL,1,'2020-04-08 00:05:36','2020-04-25 14:16:58',NULL),(8562,3104,88,'Indemnización Por Antigüedad ART 247',2950,29500,NULL,3,NULL,1,1,1,1,0,0,0,0,1,NULL,NULL,0,1,1,0.00,NULL,NULL,1,1,1,NULL,NULL,1,NULL,0.00,1,0.00,NULL,NULL,NULL,NULL,1,1,1,NULL,NULL,1,NULL,0.00,6,0.00,NULL,0.00,2,1,1,1,0.00,0.00,1,1,0.00,0.00,1,1,1,NULL,NULL,1,NULL,NULL,1,'2020-04-08 00:05:36','2020-05-07 09:59:56',NULL),(8563,3104,88,'Gratificación por egreso',2100,21000,NULL,3,NULL,1,1,1,1,0,1,0,0,1,NULL,NULL,0,1,1,1.00,NULL,NULL,1,1,1,NULL,NULL,1,NULL,0.00,3,0.00,NULL,NULL,NULL,NULL,1,1,1,NULL,NULL,1,NULL,0.00,6,0.00,NULL,0.00,2,1,1,1,0.00,0.00,1,1,0.00,0.00,1,1,1,NULL,NULL,1,NULL,NULL,1,'2020-04-08 00:05:36','2020-05-07 09:15:09',NULL),(8564,3104,88,'Inasistencia por Suspensión',1060,11114,NULL,2,NULL,1,1,1,1,0,0,1,0,1,NULL,NULL,0,1,3,0.00,NULL,NULL,1,1,1,NULL,NULL,1,NULL,0.00,5,0.00,NULL,NULL,15,NULL,3,1,1,2,4,1,5,0.00,6,0.00,NULL,0.00,2,1,1,1,0.00,0.00,1,1,0.00,0.00,1,1,1,NULL,NULL,1,NULL,'Cargar la cantidad de Dias en Negativo',1,'2020-04-08 00:05:36','2021-03-22 14:10:43',NULL),(8565,3104,88,'Presentismo',1070,11115,NULL,2,NULL,1,1,1,1,0,1,1,0,1,NULL,NULL,1,1,1,8.33,NULL,NULL,1,1,1,NULL,NULL,1,NULL,0.00,5,0.00,NULL,NULL,NULL,NULL,3,1,1,2,4,1,NULL,0.00,6,0.00,NULL,0.00,3,2,4,2,-2.00,0.00,1,1,0.00,0.00,3,1,1,2,2,1,NULL,NULL,1,'2020-04-08 00:05:36','2022-06-09 22:58:03',NULL),(8566,3104,88,'Horas Extras al 50%',1080,11121,NULL,2,NULL,1,1,1,1,1,1,1,0,1,NULL,NULL,0,1,3,0.00,NULL,NULL,1,1,1,NULL,NULL,1,NULL,0.00,2,0.00,NULL,NULL,30,NULL,3,1,1,2,4,1,1,0.00,6,0.00,NULL,0.00,2,1,1,1,0.00,0.00,1,1,0.00,0.00,1,1,1,NULL,NULL,1,NULL,NULL,1,'2020-04-08 00:05:36','2020-04-25 13:56:05',NULL),(8567,3104,88,'Horas Extras al 100%',1090,11122,NULL,2,NULL,1,1,1,1,1,1,1,0,1,NULL,NULL,0,1,3,0.00,NULL,NULL,1,1,1,NULL,NULL,1,NULL,0.00,2,0.00,NULL,NULL,29,NULL,3,1,1,2,4,1,1,0.00,6,0.00,NULL,0.00,2,1,1,1,0.00,0.00,1,1,0.00,0.00,1,1,1,NULL,NULL,1,NULL,NULL,1,'2020-04-08 00:05:36','2020-04-25 13:56:47',NULL);
INSERT INTO `syj_conceptos` VALUES (8568,3104,88,'Feriados Nacionales  Trabajados',1112,11110,NULL,2,NULL,1,1,1,1,0,1,1,0,1,NULL,NULL,0,1,3,0.00,NULL,NULL,1,1,1,NULL,NULL,1,NULL,0.00,2,0.00,NULL,NULL,18,NULL,3,1,1,2,3,1,NULL,0.00,6,0.00,NULL,0.00,2,1,1,1,0.00,0.00,1,1,0.00,0.00,1,1,1,NULL,NULL,1,NULL,'Se deberá informar por las novedades la cantidad de dias Feriados Nac.Trabajados\r\nDicho concepto retorna como Valor, la suma del Básico /30 + Básico/25.',1,'2020-04-08 00:05:36','2020-05-01 06:17:04',NULL),(8569,3104,88,'PRV s/Vacaciones',1130,11050,NULL,2,NULL,1,1,1,1,0,1,0,0,1,NULL,NULL,0,1,1,0.00,NULL,NULL,1,1,1,NULL,NULL,1,3,0.00,5,0.00,NULL,NULL,NULL,NULL,2,2,3,2,4,3,NULL,0.00,6,0.00,NULL,0.00,2,1,1,1,0.00,0.00,1,1,0.00,0.00,1,1,1,NULL,NULL,1,NULL,NULL,0,'2020-04-08 00:05:36','2020-05-09 07:30:32',NULL),(8570,3104,88,'Licencia por Maternidad',1190,11900,NULL,2,NULL,1,1,1,1,0,1,1,0,1,NULL,NULL,0,1,3,0.00,NULL,NULL,1,1,1,NULL,NULL,1,NULL,0.00,5,0.00,NULL,NULL,NULL,NULL,3,1,1,2,4,1,NULL,0.00,1,0.00,NULL,0.00,NULL,1,1,1,0.00,0.00,1,1,0.00,0.00,1,1,1,NULL,NULL,1,NULL,'Si la empleada estuvo el mes completo de Licencia se liquidará por medio del tipo de liquidación ”Licencia por Maternidad”  informando los 30 días.\r\nCaso contrario se liquidará a través de la',1,'2020-04-08 00:05:36','2020-05-07 08:56:02',NULL),(8571,3104,88,'Descuento Licencia por Maternidad',1200,12000,NULL,2,NULL,1,1,1,1,0,1,1,0,1,NULL,NULL,0,1,1,1.00,NULL,NULL,1,1,1,NULL,NULL,1,NULL,0.00,5,0.00,NULL,NULL,NULL,NULL,3,1,1,2,4,1,NULL,0.00,6,-1.00,NULL,0.00,6,1,1,1,0.00,0.00,1,1,0.00,0.00,1,1,1,NULL,NULL,1,NULL,NULL,1,'2020-04-08 00:05:36','2020-05-07 08:58:40',NULL),(8572,3104,88,'Indemnización Integración Mes de Despido',2010,20100,NULL,3,NULL,1,1,1,1,0,1,0,0,1,NULL,NULL,0,1,1,1.00,NULL,NULL,1,1,1,NULL,NULL,1,5,0.00,5,0.00,NULL,NULL,NULL,NULL,3,1,1,2,4,1,NULL,0.00,6,0.00,NULL,0.00,2,1,1,1,0.00,0.00,1,1,0.00,0.00,1,1,1,NULL,NULL,1,NULL,NULL,1,'2020-04-08 00:05:36','2020-04-25 11:28:21',NULL),(8573,3104,88,'PRV s/Integracion Mes de Despido',2060,20600,NULL,3,NULL,1,1,1,1,0,1,0,0,1,NULL,NULL,0,1,1,0.00,NULL,NULL,1,1,1,NULL,NULL,1,6,0.00,5,0.00,NULL,NULL,NULL,NULL,2,2,2,2,4,3,4,0.00,6,0.00,NULL,0.00,2,1,1,1,0.00,0.00,1,1,0.00,0.00,1,1,1,NULL,NULL,1,NULL,NULL,1,'2020-04-08 00:05:36','2020-05-07 09:06:44',NULL),(8574,3104,88,'Indemnización sustitutiva Mes de Preaviso',2025,20250,NULL,3,NULL,1,1,1,1,0,1,0,0,1,NULL,NULL,0,1,3,1.00,NULL,NULL,1,1,1,NULL,NULL,1,NULL,0.00,2,0.00,NULL,NULL,38,NULL,1,1,1,NULL,NULL,1,NULL,0.00,6,0.00,NULL,0.00,2,1,1,1,0.00,0.00,1,1,0.00,0.00,1,1,1,NULL,NULL,1,NULL,NULL,1,'2020-04-08 00:05:36','2020-05-01 08:59:57',NULL),(8575,3104,88,'PRV s/Mes de Preaviso',2060,20600,NULL,3,NULL,1,1,1,1,0,1,0,0,1,NULL,NULL,0,1,1,0.00,NULL,NULL,1,1,1,NULL,NULL,1,NULL,0.00,1,0.00,NULL,NULL,NULL,NULL,1,1,1,NULL,NULL,1,NULL,0.00,2,0.00,NULL,0.00,NULL,1,1,1,0.00,0.00,1,1,0.00,0.00,1,1,1,NULL,NULL,1,NULL,NULL,0,'2020-04-08 00:05:36','2020-05-07 09:10:39',NULL),(8576,3104,88,'Vacaciones No Gozadas',2100,20000,NULL,3,NULL,1,1,1,1,0,1,0,0,1,NULL,NULL,0,1,1,0.00,NULL,NULL,1,1,1,NULL,NULL,1,8,0.00,5,0.00,NULL,NULL,NULL,NULL,3,1,1,2,4,1,6,0.00,6,0.00,NULL,0.00,2,1,1,1,0.00,0.00,1,1,0.00,0.00,1,1,1,NULL,NULL,1,NULL,'En caso de Liquidar Final sin contar con Liquidaciones de meses anteriores, se deberá cambiar la configuración de la solapa valor unitario por Orgien del Valor: A INGRESAR.',1,'2020-04-08 00:05:36','2020-04-26 06:34:22',NULL),(8577,3104,88,'PRV s/Vacaciones No Gozadas',2060,20600,NULL,3,NULL,1,1,1,1,0,1,0,0,1,NULL,NULL,0,1,5,0.00,NULL,NULL,3,1,1,2,2,1,NULL,0.00,5,0.00,NULL,NULL,NULL,NULL,2,2,3,2,4,3,4,0.00,6,0.00,NULL,0.00,2,1,1,1,0.00,0.00,1,1,0.00,0.00,1,1,1,NULL,NULL,1,NULL,NULL,0,'2020-04-08 00:05:36','2020-05-07 09:12:32',NULL);
INSERT INTO `syj_conceptos` VALUES (8578,3104,88,'Feriados Nacionales No Trab. No Rem',2350,23500,NULL,3,NULL,1,1,1,1,0,1,0,0,1,NULL,NULL,0,1,1,0.00,NULL,NULL,1,1,1,NULL,NULL,1,NULL,0.00,1,0.00,NULL,NULL,NULL,NULL,1,1,1,NULL,NULL,1,NULL,0.00,2,0.00,NULL,0.00,NULL,1,1,1,0.00,0.00,1,1,0.00,0.00,1,1,1,NULL,NULL,1,NULL,NULL,1,'2020-04-08 00:05:36','2020-05-07 09:17:23',NULL),(8579,3104,88,'Feriados Nacionales Trabajados No Rem',2400,24000,NULL,3,NULL,1,1,1,1,0,1,0,0,1,NULL,NULL,0,1,1,0.00,NULL,NULL,1,1,1,NULL,NULL,1,NULL,0.00,1,0.00,NULL,NULL,NULL,NULL,1,1,1,NULL,NULL,1,NULL,0.00,2,0.00,NULL,0.00,NULL,1,1,1,0.00,0.00,1,1,0.00,0.00,1,1,1,NULL,NULL,1,NULL,NULL,1,'2020-04-08 00:05:36','2020-05-07 09:17:59',NULL),(8580,3104,88,'SAC Vacaciones No Gozadas',2120,21200,NULL,3,NULL,1,1,1,1,0,1,0,0,1,NULL,NULL,0,1,1,1.00,NULL,NULL,1,1,1,NULL,NULL,1,NULL,0.00,5,0.00,NULL,NULL,NULL,NULL,3,1,1,2,4,1,3,0.00,6,0.00,NULL,0.00,2,1,1,1,0.00,0.00,1,1,0.00,0.00,1,1,1,NULL,NULL,1,NULL,NULL,1,'2020-04-08 00:05:36','2020-04-26 14:24:19',NULL),(8581,3104,88,'Antigüedad No Remunerativo',2500,25000,NULL,3,NULL,1,1,1,1,0,1,0,0,1,NULL,NULL,0,1,2,0.00,12,NULL,1,1,1,NULL,NULL,1,NULL,0.00,5,0.00,NULL,NULL,NULL,NULL,3,1,1,2,4,1,NULL,0.00,6,0.00,NULL,0.00,3,1,1,1,0.00,0.00,1,1,0.00,0.00,1,1,1,NULL,NULL,1,NULL,NULL,0,'2020-04-08 00:05:36','2020-05-09 07:11:41',NULL),(8582,3104,88,'Presentismo No Remunerativo',2550,27501,NULL,3,NULL,1,1,1,1,0,1,0,0,1,NULL,NULL,0,1,1,8.33,NULL,NULL,1,1,1,NULL,NULL,1,NULL,0.00,5,0.00,NULL,NULL,NULL,NULL,3,1,1,2,4,1,NULL,0.00,6,0.00,NULL,0.00,3,2,4,2,-2.00,0.00,1,1,0.00,0.00,3,1,1,2,4,1,NULL,NULL,0,'2020-04-08 00:05:36','2020-05-09 07:21:31',NULL),(8583,3104,88,'1º SAC No Rem',2600,26000,NULL,3,NULL,1,1,1,1,0,1,0,0,1,NULL,NULL,0,1,5,0.00,NULL,NULL,3,1,1,2,2,1,NULL,0.00,5,0.00,NULL,NULL,NULL,NULL,3,1,1,2,4,1,NULL,0.00,6,0.00,NULL,0.00,2,1,1,1,0.00,0.00,1,1,0.00,0.00,1,1,1,NULL,NULL,1,NULL,NULL,1,'2020-04-08 00:05:36','2020-05-07 09:32:28',NULL),(8584,3104,88,'Horas Extras al 50% s/ No Rem',2650,26500,NULL,3,NULL,1,1,1,1,0,1,0,0,1,NULL,NULL,0,1,5,0.00,NULL,NULL,3,1,1,2,2,1,NULL,0.00,5,0.00,NULL,NULL,NULL,NULL,3,1,1,2,4,1,13,0.00,6,0.00,NULL,0.00,2,1,1,1,0.00,0.00,1,1,0.00,0.00,1,1,1,NULL,NULL,1,NULL,NULL,0,'2020-04-08 00:05:36','2020-05-09 07:15:05',NULL),(8585,3104,88,'Horas Extras al 100% s/ No Rem',2700,27000,NULL,3,NULL,1,1,1,1,0,1,0,0,1,NULL,NULL,0,1,5,0.00,NULL,NULL,3,1,1,2,2,1,NULL,0.00,5,0.00,NULL,NULL,NULL,NULL,3,1,1,2,4,1,14,0.00,6,0.00,NULL,0.00,2,1,1,1,0.00,0.00,1,1,0.00,0.00,1,1,1,NULL,NULL,1,NULL,NULL,0,'2020-04-08 00:05:36','2020-05-09 07:15:45',NULL),(8586,3104,88,'Inasistencias Injustificadas No Rem',2750,27500,NULL,3,NULL,1,1,1,1,0,1,0,0,1,NULL,NULL,0,1,5,0.00,NULL,NULL,3,1,1,2,2,1,NULL,0.00,5,0.00,NULL,NULL,NULL,NULL,3,1,1,2,4,1,5,0.00,6,0.00,NULL,0.00,2,1,1,1,0.00,0.00,1,1,0.00,0.00,1,1,1,NULL,NULL,1,NULL,'Cargar la cantidad de Días en negativo.',1,'2020-04-08 00:05:36','2020-05-07 09:51:31',NULL),(8587,3104,88,'2º SAC No Rem',2610,26100,NULL,3,NULL,1,1,1,1,0,1,0,0,1,NULL,NULL,0,1,5,0.00,NULL,NULL,3,1,1,2,2,1,NULL,0.00,5,0.00,NULL,NULL,NULL,NULL,3,1,1,2,4,1,NULL,0.00,6,0.00,NULL,0.00,2,1,1,1,0.00,0.00,1,1,0.00,0.00,1,1,1,NULL,NULL,1,NULL,NULL,1,'2020-04-08 00:05:36','2020-05-07 09:35:45',NULL),(8588,3104,88,'SAC No Remunerativo',2620,26200,NULL,3,NULL,1,1,1,1,0,1,0,0,1,NULL,NULL,0,1,2,0.00,36,NULL,1,1,1,NULL,NULL,1,NULL,0.00,5,0.00,NULL,NULL,NULL,NULL,3,1,1,2,4,1,NULL,0.00,6,0.00,NULL,0.00,2,1,1,1,0.00,0.00,1,1,0.00,0.00,1,1,1,NULL,NULL,1,NULL,NULL,1,'2020-04-08 00:05:36','2020-05-07 09:38:23',NULL),(8589,3104,88,'Jubilación',4010,40100,NULL,5,NULL,1,3,1,4,0,1,0,0,1,NULL,NULL,1,1,2,0.00,4,NULL,1,1,1,NULL,NULL,1,NULL,0.00,5,0.00,NULL,NULL,NULL,NULL,3,2,2,2,4,1,NULL,0.00,6,0.00,NULL,0.00,3,1,1,1,0.00,0.00,1,1,0.00,0.00,1,1,1,NULL,NULL,1,NULL,NULL,1,'2020-04-08 00:05:36','2022-06-09 23:29:53',NULL);
INSERT INTO `syj_conceptos` VALUES (8590,3104,88,'INSSJP (Ley 19.032)',4020,40200,NULL,5,NULL,1,3,1,6,0,1,0,0,1,NULL,NULL,1,1,2,0.00,2,NULL,1,1,1,NULL,NULL,1,NULL,0.00,5,0.00,NULL,NULL,NULL,NULL,3,2,2,2,4,1,NULL,0.00,6,0.00,NULL,0.00,3,1,1,1,0.00,0.00,1,1,0.00,0.00,1,1,1,NULL,NULL,1,NULL,NULL,1,'2020-04-08 00:05:36','2022-06-09 23:40:38',NULL),(8591,3104,88,'Obra Social',4030,40300,NULL,5,NULL,1,2,1,3,0,1,0,0,1,NULL,NULL,1,1,2,0.00,3,NULL,1,1,1,NULL,NULL,1,NULL,0.00,5,0.00,NULL,NULL,NULL,NULL,3,2,2,2,4,1,21,0.00,6,0.00,NULL,0.00,3,1,1,1,0.00,0.00,1,1,0.00,0.00,1,1,1,NULL,NULL,1,NULL,NULL,1,'2020-04-08 00:05:36','2022-06-09 23:44:02',NULL),(8592,3104,88,'Sindicato',4040,40400,NULL,5,NULL,1,1,1,5,0,1,0,0,1,NULL,NULL,1,1,1,2.00,NULL,NULL,1,1,1,NULL,NULL,1,NULL,0.00,5,0.00,NULL,NULL,NULL,NULL,3,2,2,2,4,1,1,0.00,6,0.00,NULL,0.00,3,1,1,1,0.00,0.00,1,1,0.00,0.00,1,1,1,NULL,NULL,1,NULL,NULL,1,'2020-04-08 00:05:36','2022-06-10 01:24:51',NULL),(8593,3104,88,'Obra Social s/ No Rem',4100,41000,NULL,4,NULL,1,1,1,1,0,1,0,0,1,NULL,NULL,0,1,2,0.00,3,NULL,1,1,1,NULL,NULL,1,NULL,0.00,5,0.00,NULL,NULL,NULL,NULL,3,1,1,2,4,1,NULL,0.00,6,0.00,NULL,0.00,3,1,1,1,0.00,0.00,1,1,0.00,0.00,1,1,1,NULL,NULL,1,NULL,NULL,1,'2020-04-08 00:05:36','2021-03-22 15:05:09',NULL),(8594,3104,88,'Sindicato s/ No Rem',4150,41500,NULL,4,NULL,1,1,1,1,0,1,0,0,1,NULL,NULL,0,1,1,0.00,NULL,NULL,1,1,1,NULL,NULL,1,NULL,0.00,1,0.00,NULL,NULL,NULL,NULL,1,1,1,NULL,NULL,1,NULL,0.00,2,0.00,NULL,0.00,NULL,1,1,1,0.00,0.00,1,1,0.00,0.00,1,1,1,NULL,NULL,1,NULL,NULL,1,'2020-04-08 00:05:36','2020-04-08 00:05:36',NULL),(8595,3104,88,'Adicional Fam a cargo Obra Soc. Prest. no remun Dec 397/2020 MTEySS c/aportes',4036,40360,74,5,NULL,2,1,1,1,0,0,1,0,1,NULL,NULL,1,1,2,0.00,1,NULL,1,1,1,NULL,NULL,1,NULL,0.00,5,0.00,224,1,NULL,NULL,3,1,1,2,4,1,NULL,0.00,6,0.00,NULL,0.00,3,1,1,1,0.00,0.00,1,1,0.00,0.00,1,1,1,NULL,NULL,1,NULL,NULL,1,'2020-04-08 00:05:36','2021-10-04 13:06:12',NULL),(8596,3104,88,'Embargo',4060,40600,NULL,5,NULL,2,1,1,1,0,1,0,0,1,NULL,NULL,0,1,1,0.00,NULL,NULL,1,1,1,NULL,NULL,1,NULL,0.00,1,0.00,NULL,NULL,NULL,NULL,1,1,1,NULL,NULL,1,NULL,0.00,2,0.00,NULL,0.00,NULL,1,1,1,0.00,0.00,1,1,0.00,0.00,1,1,1,NULL,NULL,1,NULL,NULL,1,'2020-04-08 00:05:36','2021-03-22 16:53:23',NULL),(8597,3104,88,'Beneficio Dto 561/19',4370,43700,NULL,4,NULL,1,1,1,1,0,1,0,0,1,NULL,NULL,0,1,1,0.00,NULL,NULL,1,1,1,NULL,NULL,1,NULL,0.00,1,0.00,NULL,NULL,NULL,NULL,1,1,1,NULL,NULL,1,NULL,0.00,2,0.00,NULL,0.00,NULL,1,1,1,0.00,0.00,1,1,0.00,0.00,1,1,1,NULL,NULL,1,NULL,NULL,1,'2020-04-08 00:05:36','2020-04-08 00:05:36',NULL),(8598,3104,88,'Jubilación',5010,50100,NULL,5,NULL,1,1,1,1,0,0,0,0,1,NULL,NULL,1,1,1,11.00,NULL,NULL,1,1,1,NULL,NULL,1,NULL,0.00,5,0.00,NULL,NULL,NULL,NULL,3,1,1,2,4,1,NULL,0.00,6,0.00,NULL,0.00,5,1,1,1,0.00,0.00,1,1,0.00,0.00,1,1,1,NULL,NULL,1,NULL,NULL,1,'2020-04-08 00:05:36','2022-06-09 23:25:24',NULL),(8599,3104,88,'Fondo Nacional de Empleo',5020,50200,NULL,6,NULL,1,1,1,1,0,0,0,0,1,NULL,NULL,0,1,1,0.00,NULL,NULL,1,1,1,NULL,NULL,1,NULL,0.00,1,0.00,NULL,NULL,NULL,NULL,1,1,1,NULL,NULL,1,NULL,0.00,2,0.00,NULL,0.00,NULL,1,1,1,0.00,0.00,1,1,0.00,0.00,1,1,1,NULL,NULL,1,NULL,NULL,1,'2020-04-08 00:05:36','2020-05-07 10:16:34',NULL),(8600,3104,88,'INSSJP(Ley 19.032)',5031,50310,NULL,5,NULL,1,1,1,1,0,0,0,0,1,NULL,NULL,0,1,1,0.00,NULL,NULL,1,1,1,NULL,NULL,1,NULL,0.00,1,0.00,NULL,NULL,NULL,NULL,1,1,1,NULL,NULL,1,NULL,0.00,2,0.00,NULL,0.00,NULL,1,1,1,0.00,0.00,1,1,0.00,0.00,1,1,1,NULL,NULL,1,NULL,NULL,1,'2020-04-08 00:05:36','2022-06-09 23:15:19',NULL),(8601,3104,88,'Obra Social',5040,50400,NULL,6,NULL,1,1,1,1,0,0,0,0,1,NULL,NULL,0,1,1,0.00,NULL,NULL,1,1,1,NULL,NULL,1,NULL,0.00,1,0.00,NULL,NULL,NULL,NULL,1,1,1,NULL,NULL,1,NULL,0.00,2,0.00,NULL,0.00,NULL,1,1,1,0.00,0.00,1,1,0.00,0.00,1,1,1,NULL,NULL,1,NULL,NULL,0,'2020-04-08 00:05:36','2021-03-22 15:31:41',NULL);
INSERT INTO `syj_conceptos` VALUES (8602,3104,88,'Asigs Familiares',5060,50600,NULL,6,NULL,1,1,1,1,0,0,0,0,1,NULL,NULL,0,1,1,0.00,NULL,NULL,1,1,1,NULL,NULL,1,NULL,0.00,1,0.00,NULL,NULL,NULL,NULL,1,1,1,NULL,NULL,1,NULL,0.00,2,0.00,NULL,0.00,NULL,1,1,1,0.00,0.00,1,1,0.00,0.00,1,1,1,NULL,NULL,1,NULL,NULL,1,'2020-04-08 00:05:36','2020-05-07 10:17:38',NULL),(8603,3104,88,'Porcentaje ART',5080,50800,NULL,6,NULL,1,1,1,1,0,0,0,0,1,NULL,NULL,0,1,1,0.00,NULL,NULL,1,1,1,NULL,NULL,1,NULL,0.00,1,0.00,NULL,NULL,NULL,NULL,1,1,1,NULL,NULL,1,NULL,0.00,2,0.00,NULL,0.00,NULL,1,1,1,0.00,0.00,1,1,0.00,0.00,1,1,1,NULL,NULL,1,NULL,NULL,1,'2020-04-08 00:05:36','2020-05-07 10:18:32',NULL),(8604,3104,88,'Obra Social s/ No Rem',5100,51000,NULL,6,NULL,1,1,1,1,0,0,0,0,1,NULL,NULL,0,1,1,0.00,NULL,NULL,1,1,1,NULL,NULL,1,NULL,0.00,1,0.00,NULL,NULL,NULL,NULL,1,1,1,NULL,NULL,1,NULL,0.00,2,0.00,NULL,0.00,NULL,1,1,1,0.00,0.00,1,1,0.00,0.00,1,1,1,NULL,NULL,1,NULL,NULL,1,'2020-04-08 00:05:36','2020-05-07 10:18:56',NULL),(8605,3104,88,'Inasistencias Por Enfermedad',1010,10100,NULL,2,NULL,1,1,1,1,0,1,1,0,1,NULL,NULL,0,1,3,0.00,NULL,NULL,1,1,1,NULL,NULL,1,NULL,0.00,2,0.00,NULL,NULL,17,NULL,1,1,1,NULL,NULL,1,NULL,0.00,6,0.00,NULL,0.00,2,1,1,1,0.00,0.00,1,1,0.00,0.00,1,1,1,NULL,NULL,1,NULL,NULL,1,'2020-04-08 00:05:36','2020-04-09 10:00:06',NULL),(8606,3104,88,'Inasistencias por Accidente de Trabajo',1020,10200,NULL,2,NULL,1,1,1,1,0,1,1,0,1,NULL,NULL,0,1,3,0.00,NULL,NULL,1,1,1,NULL,NULL,1,NULL,0.00,2,0.00,NULL,NULL,17,NULL,1,1,1,NULL,NULL,1,NULL,0.00,6,0.00,NULL,0.00,2,1,1,1,0.00,0.00,1,1,0.00,0.00,1,1,1,NULL,NULL,1,NULL,NULL,1,'2020-04-08 00:05:36','2020-04-09 10:01:25',NULL),(8607,3104,88,'BÁSICO CONVENIO',1040,10400,NULL,2,NULL,1,1,1,1,0,1,1,0,1,NULL,NULL,0,1,2,0.00,34,NULL,2,2,3,NULL,NULL,1,NULL,0.00,2,0.00,NULL,NULL,17,NULL,1,1,1,NULL,NULL,1,NULL,0.00,1,0.00,8,0.00,NULL,1,1,1,0.00,0.00,1,1,0.00,0.00,1,1,1,NULL,NULL,1,NULL,NULL,1,'2020-04-08 00:05:36','2022-06-09 23:02:24',NULL),(8608,3104,88,'Día del Gremio',1110,11100,NULL,2,NULL,1,1,1,1,0,1,1,0,1,NULL,NULL,0,1,1,0.00,NULL,NULL,1,1,1,NULL,NULL,1,NULL,0.00,2,0.00,NULL,NULL,18,NULL,1,1,1,NULL,NULL,1,NULL,0.00,6,0.00,NULL,0.00,2,1,1,1,0.00,0.00,1,1,0.00,0.00,1,1,1,NULL,NULL,1,NULL,'En mes Septiembre, cuando se liquide dicho concepto se deberá ingresar manualmente en Dias Trabajados 29 dias.',1,'2020-04-08 00:05:36','2020-04-16 10:40:23',NULL),(8609,3104,88,'Feriados Nacionales No Trabajados',1111,11109,NULL,2,NULL,1,1,1,1,0,1,1,0,1,NULL,NULL,0,1,3,0.00,NULL,NULL,1,1,1,NULL,NULL,1,NULL,0.00,2,0.00,NULL,NULL,18,NULL,1,1,1,NULL,NULL,1,NULL,0.00,6,0.00,NULL,0.00,2,1,1,1,0.00,0.00,1,1,0.00,0.00,1,1,1,NULL,NULL,1,NULL,'Se deberá informar por las novedades la cantidad de dias Feriados Nac. No Trabajados\r\nDicho concepto retorna como Valor, el Básico Diario.',1,'2020-04-08 00:05:36','2020-04-09 10:05:03',NULL),(8610,3104,88,'SAC',1120,11200,NULL,2,NULL,1,1,1,1,0,1,1,0,1,NULL,NULL,0,1,2,0.00,36,NULL,1,1,1,NULL,NULL,1,NULL,0.00,2,0.00,NULL,NULL,38,NULL,1,1,1,NULL,NULL,1,2,0.00,6,0.00,NULL,0.00,2,1,1,1,0.00,0.00,1,1,0.00,0.00,1,1,1,NULL,NULL,1,NULL,NULL,1,'2020-04-08 00:05:36','2021-03-16 07:27:19',NULL),(8611,3104,88,'Cuota Fija ART',5070,50700,NULL,6,NULL,1,1,1,1,0,0,0,0,1,NULL,NULL,0,1,1,0.00,NULL,NULL,1,1,1,NULL,NULL,1,NULL,0.00,1,0.00,NULL,NULL,NULL,NULL,1,1,1,NULL,NULL,1,NULL,0.00,2,0.00,NULL,0.00,NULL,1,1,1,0.00,0.00,1,1,0.00,0.00,1,1,1,NULL,NULL,1,NULL,NULL,1,'2020-04-08 00:05:36','2020-05-07 10:18:04',NULL),(8612,3104,88,'Basico',90,900,NULL,1,NULL,1,1,1,1,NULL,NULL,NULL,NULL,1,NULL,NULL,0,1,1,30.00,NULL,NULL,1,1,1,NULL,NULL,1,NULL,0.00,2,0.00,NULL,NULL,17,NULL,1,1,1,NULL,NULL,1,1,0.00,6,0.00,1,0.00,2,1,1,1,0.00,0.00,1,1,0.00,0.00,1,1,1,NULL,NULL,1,NULL,'Retorna el Basico Completo = 30 * Basico Diario',1,'2020-04-08 12:08:12','2021-03-22 14:36:59',NULL);
INSERT INTO `syj_conceptos` VALUES (8613,3104,88,'Antigüedad',95,950,NULL,1,NULL,1,1,1,1,NULL,NULL,NULL,NULL,1,NULL,NULL,0,1,2,0.00,12,NULL,1,1,1,NULL,NULL,1,NULL,0.00,5,0.00,NULL,NULL,NULL,NULL,3,1,1,2,4,1,NULL,0.00,6,0.00,NULL,0.00,3,1,1,1,0.00,0.00,1,1,0.00,0.00,1,1,1,NULL,NULL,1,NULL,NULL,1,'2020-04-08 12:09:41','2020-04-24 09:52:08',NULL),(8614,3104,88,'Basico Diario Vacaciones',120,1200,NULL,1,NULL,1,1,1,1,NULL,NULL,NULL,NULL,1,NULL,NULL,0,1,1,1.00,NULL,NULL,1,1,1,NULL,NULL,1,NULL,0.00,2,0.00,NULL,NULL,17,NULL,1,1,1,NULL,NULL,1,NULL,0.00,6,0.00,NULL,0.00,2,1,1,1,0.00,0.00,1,1,0.00,0.00,1,1,1,NULL,NULL,1,NULL,NULL,1,'2020-04-09 10:09:47','2020-04-09 10:09:47',NULL),(8615,3104,88,'Sueldo Conformado Rem',110,1100,NULL,1,NULL,1,1,1,1,NULL,NULL,NULL,NULL,1,NULL,NULL,0,1,1,1.00,NULL,NULL,1,1,1,NULL,NULL,1,NULL,0.00,5,0.00,NULL,NULL,NULL,NULL,3,1,1,2,4,1,NULL,0.00,6,0.00,NULL,0.00,2,1,1,1,0.00,0.00,1,1,0.00,0.00,1,1,1,NULL,NULL,1,NULL,'Sumatoria de los conceptos de Control 80+90+100',1,'2020-04-09 10:21:05','2020-04-25 13:39:03',NULL),(8616,3104,88,'Presentismo',240,2400,NULL,1,NULL,1,1,1,1,NULL,NULL,NULL,NULL,1,NULL,NULL,1,1,1,8.33,NULL,NULL,1,1,1,NULL,NULL,1,NULL,0.00,5,0.00,NULL,NULL,NULL,NULL,3,1,1,2,4,1,NULL,0.00,6,0.00,NULL,0.00,3,1,1,1,0.00,0.00,1,1,0.00,0.00,1,1,1,NULL,NULL,1,NULL,NULL,0,'2020-04-09 10:22:54','2021-03-22 14:13:12',NULL),(8617,3104,88,'Antiguedad',1050,11113,NULL,2,NULL,1,1,1,1,1,1,1,NULL,1,NULL,NULL,0,1,2,0.00,12,NULL,1,1,1,NULL,NULL,1,NULL,0.00,5,0.00,NULL,NULL,NULL,NULL,3,2,2,2,4,1,NULL,0.00,6,0.00,NULL,0.00,3,1,1,1,0.00,0.00,1,1,0.00,0.00,1,1,1,NULL,NULL,1,NULL,NULL,1,'2020-04-17 07:57:29','2020-05-09 07:36:53',NULL),(8618,3104,88,'Acuerdo CCT 130/75 febrero/2020',1241,12410,NULL,2,NULL,1,1,1,1,NULL,NULL,NULL,NULL,1,NULL,NULL,0,1,1,1.00,NULL,NULL,1,1,1,NULL,NULL,1,NULL,0.00,3,2000.00,NULL,NULL,NULL,NULL,1,1,1,NULL,NULL,1,NULL,0.00,6,0.00,NULL,0.00,2,1,1,1,0.00,0.00,1,1,0.00,0.00,1,1,1,NULL,NULL,1,NULL,NULL,0,'2020-04-17 09:21:14','2021-03-17 05:30:31',NULL),(8619,3104,88,'Horas Extras comunes',1075,11120,NULL,2,NULL,1,1,1,1,NULL,NULL,NULL,NULL,1,NULL,NULL,1,1,3,0.00,NULL,NULL,1,1,1,NULL,NULL,1,NULL,0.00,2,0.00,NULL,NULL,31,NULL,3,1,1,2,4,1,1,0.00,6,0.00,NULL,0.00,2,1,1,1,0.00,0.00,1,1,0.00,0.00,1,1,1,NULL,NULL,1,NULL,NULL,1,'2020-04-18 05:52:46','2020-04-25 13:54:47',NULL),(8620,3104,88,'Sueldo Conformado No Rem',201,2010,NULL,1,NULL,1,1,1,1,NULL,NULL,NULL,NULL,1,NULL,NULL,0,1,1,1.00,NULL,NULL,1,1,1,NULL,NULL,1,NULL,0.00,5,0.00,NULL,NULL,NULL,NULL,3,1,1,2,4,1,NULL,0.00,6,0.00,NULL,0.00,2,1,1,1,0.00,0.00,1,1,0.00,0.00,1,1,1,NULL,NULL,1,NULL,NULL,1,'2020-04-20 04:08:56','2021-03-17 15:24:23',NULL),(8621,3104,88,'Antigüedad No Rem Ac 10-20',2125,2125,62,3,NULL,1,1,1,1,NULL,NULL,NULL,NULL,1,NULL,NULL,1,1,2,0.00,12,NULL,1,1,1,NULL,NULL,1,NULL,0.00,5,0.00,NULL,NULL,NULL,NULL,3,3,3,2,4,1,NULL,0.00,6,0.00,NULL,0.00,3,1,1,2,0.00,0.00,1,1,0.00,0.00,3,1,1,2,2,1,NULL,NULL,0,'2020-04-20 04:13:32','2021-06-07 22:54:53',NULL),(8622,3104,88,'SAC Indemnización Integración Mes de Despido',2015,20150,NULL,3,NULL,1,1,1,1,NULL,NULL,NULL,NULL,1,NULL,NULL,0,1,3,0.00,NULL,NULL,1,1,1,NULL,NULL,1,NULL,0.00,5,1.00,NULL,NULL,NULL,NULL,3,1,1,2,4,1,3,0.00,6,0.00,NULL,0.00,2,1,1,1,0.00,0.00,1,1,0.00,0.00,1,1,1,NULL,NULL,1,NULL,NULL,1,'2020-04-25 11:49:56','2020-05-01 06:52:11',NULL),(8623,3104,88,'Indemnizacion por Antigüedad',2130,21300,NULL,3,NULL,1,1,1,1,NULL,NULL,NULL,NULL,1,NULL,NULL,0,1,2,0.00,14,NULL,1,1,1,NULL,NULL,1,NULL,0.00,2,0.00,NULL,NULL,39,NULL,1,1,1,NULL,NULL,1,28,0.00,6,0.00,NULL,0.00,2,1,1,1,0.00,0.00,1,1,0.00,0.00,1,1,1,NULL,NULL,1,NULL,NULL,1,'2020-04-25 14:24:27','2020-05-01 09:12:54',NULL),(8624,3104,88,'Presentismo No Rem Ac 10-20',2150,2150,62,3,NULL,1,1,1,1,NULL,NULL,NULL,NULL,1,NULL,NULL,1,1,1,8.33,12,NULL,1,1,1,NULL,NULL,1,1,0.00,5,0.00,NULL,NULL,43,NULL,3,1,1,2,4,1,1,0.00,6,0.00,1,0.00,3,1,1,1,0.00,0.00,1,1,0.00,0.00,1,1,1,NULL,NULL,1,NULL,NULL,0,'2020-05-07 09:50:49','2021-06-07 23:05:26',NULL);
INSERT INTO `syj_conceptos` VALUES (8625,3104,88,'Asig. No Remunerativa  Ac 04-22',2000,2100,62,3,NULL,1,1,1,1,NULL,NULL,NULL,NULL,1,NULL,NULL,1,1,1,1.00,NULL,NULL,1,1,1,NULL,NULL,1,1,0.00,1,5307.00,NULL,NULL,NULL,NULL,1,1,1,NULL,NULL,1,1,0.00,6,0.00,NULL,0.00,2,1,1,1,0.00,0.00,1,1,0.00,0.00,1,1,1,NULL,NULL,1,NULL,NULL,1,'2020-05-07 13:26:24','2022-06-09 23:08:24',NULL),(8626,3104,88,'FAECYS',4050,40500,NULL,5,NULL,1,1,1,5,NULL,NULL,NULL,NULL,1,NULL,NULL,0,0,1,0.50,NULL,NULL,1,1,1,NULL,NULL,1,1,0.00,5,0.00,NULL,NULL,NULL,NULL,3,2,2,2,4,1,NULL,0.00,6,0.00,NULL,0.00,3,1,1,1,0.00,0.00,1,1,0.00,0.00,1,1,1,NULL,NULL,1,NULL,NULL,1,'2020-05-13 11:20:52','2022-06-10 01:33:03',NULL),(8627,3104,88,'Plus Feriado',1115,11150,NULL,2,NULL,1,1,1,1,NULL,NULL,NULL,NULL,1,NULL,NULL,1,1,3,0.00,NULL,NULL,1,1,1,NULL,NULL,1,NULL,0.00,2,0.00,NULL,NULL,48,NULL,1,1,1,NULL,NULL,1,NULL,0.00,6,0.00,NULL,0.00,2,1,1,1,0.00,0.00,1,1,0.00,0.00,1,1,1,NULL,NULL,1,NULL,NULL,1,'2021-03-16 07:27:19','2021-03-16 07:27:19',NULL),(8628,3104,88,'Prest no remun Dec 397/2020 MTEy SS c/aportes',115,1150,62,3,NULL,1,1,1,1,NULL,NULL,NULL,NULL,1,NULL,NULL,1,1,1,1.00,NULL,NULL,1,1,1,NULL,NULL,1,1,0.00,3,35720.80,NULL,NULL,NULL,NULL,1,1,1,NULL,NULL,1,1,0.00,6,0.00,NULL,0.00,2,1,1,1,0.00,0.00,1,1,0.00,0.00,1,1,1,NULL,NULL,1,NULL,NULL,0,'2020-05-07 16:26:24','2022-06-09 20:46:43',NULL),(8629,3104,88,'Presentismo Suspensión 223 bis LCT',240,2400,62,1,NULL,1,1,1,1,NULL,NULL,NULL,NULL,1,NULL,NULL,0,1,1,0.00,NULL,NULL,1,1,1,NULL,NULL,1,NULL,0.00,5,0.00,NULL,NULL,NULL,NULL,3,1,1,2,4,1,NULL,0.00,6,0.00,NULL,0.00,3,1,1,1,0.00,0.00,1,1,0.00,0.00,1,1,1,NULL,NULL,1,NULL,NULL,1,'2020-04-09 13:22:54','2021-03-28 20:58:01',NULL),(8630,3104,88,'Asig. No Remunerativa revisión Ac 01-21',200,2200,62,3,NULL,1,1,1,1,NULL,NULL,NULL,NULL,1,NULL,NULL,1,1,1,1.00,NULL,NULL,1,1,1,NULL,NULL,1,1,0.00,1,5274.20,NULL,NULL,NULL,NULL,1,1,1,NULL,NULL,1,22,0.00,6,0.00,NULL,0.00,2,1,1,1,0.00,0.00,1,1,0.00,0.00,1,1,1,NULL,NULL,1,NULL,NULL,0,'2020-05-07 16:26:24','2021-05-05 19:53:14',NULL),(8631,3104,88,'Obra Social Asig  Ac 04-22',4035,40350,67,5,NULL,1,1,1,3,0,1,0,0,1,NULL,NULL,0,1,2,0.00,3,NULL,1,1,1,NULL,NULL,1,NULL,0.00,5,0.00,NULL,NULL,NULL,NULL,3,2,2,2,4,1,1,0.00,6,0.00,NULL,0.00,3,1,1,1,0.00,0.00,1,1,0.00,0.00,1,1,1,NULL,NULL,1,NULL,NULL,1,'2020-04-08 03:05:36','2022-05-05 00:57:27',NULL),(8632,3104,88,'Obra Social Prest no remun Dec 397/2020 MTEy SS c/aportes',5040,50400,76,6,NULL,1,1,1,1,0,0,0,0,1,NULL,NULL,1,1,2,0.00,3,NULL,1,1,1,NULL,NULL,1,NULL,0.00,5,0.00,NULL,NULL,NULL,NULL,3,1,1,2,4,1,NULL,0.00,6,0.00,NULL,0.00,2,1,1,1,0.00,0.00,1,1,0.00,0.00,1,1,1,NULL,NULL,1,NULL,NULL,1,'2020-04-08 03:05:36','2021-05-05 21:32:14',NULL),(8633,3104,88,'Obra Social Prest no remun Dec 397/2020 MTEy SS c/aportes',4030,40300,67,5,NULL,1,1,1,3,0,1,0,0,1,NULL,NULL,0,0,2,0.00,3,NULL,1,1,1,NULL,NULL,1,NULL,0.00,5,0.00,NULL,NULL,NULL,NULL,3,2,2,2,4,1,1,0.00,6,0.00,NULL,0.00,3,1,1,1,0.00,0.00,1,1,0.00,0.00,1,1,1,NULL,NULL,1,NULL,NULL,0,'2020-04-08 03:05:36','2022-06-09 23:32:35',NULL),(8634,3104,88,'Sindicato Recr y Turismo',4041,40410,69,5,NULL,2,1,1,2,0,1,0,0,1,NULL,NULL,0,1,1,1.00,NULL,NULL,1,1,1,NULL,NULL,1,NULL,0.00,5,0.00,NULL,NULL,NULL,NULL,3,2,2,2,4,1,NULL,0.00,6,0.00,NULL,0.00,3,1,1,1,0.00,0.00,1,1,0.00,0.00,1,1,1,NULL,NULL,1,NULL,NULL,1,'2020-04-08 03:05:36','2022-06-10 01:03:24',NULL),(8635,3104,88,'Sindicato Seg Sepelio',4042,40420,69,5,NULL,2,1,1,2,0,1,0,0,1,NULL,NULL,0,1,1,1.00,NULL,NULL,1,1,1,NULL,NULL,1,NULL,0.00,5,0.00,NULL,NULL,NULL,NULL,3,2,2,2,4,1,NULL,0.00,6,0.00,NULL,0.00,3,1,1,1,0.00,0.00,1,1,0.00,0.00,1,1,1,NULL,NULL,1,NULL,NULL,1,'2020-04-08 06:05:36','2022-06-10 01:29:45',NULL),(8636,3104,88,'Sindicato Prest no remun Dec 397/2020 MTEy SS c/aportes',4038,40380,69,5,NULL,1,1,1,5,0,1,0,0,1,NULL,NULL,0,1,1,2.00,NULL,NULL,1,1,1,NULL,NULL,1,NULL,0.00,5,0.00,NULL,NULL,NULL,NULL,3,2,2,2,4,1,NULL,0.00,6,0.00,NULL,0.00,3,1,1,1,0.00,0.00,1,1,0.00,0.00,1,1,1,NULL,NULL,1,NULL,NULL,0,'2020-04-08 03:05:36','2022-06-10 01:17:51',NULL);
INSERT INTO `syj_conceptos` VALUES (8637,3104,88,'FAECYS Prest no remun Dec 397/2020 MTEy SS c/aportes',4050,40500,76,5,NULL,1,1,1,5,NULL,NULL,NULL,NULL,1,NULL,NULL,0,0,1,0.50,NULL,NULL,1,1,1,NULL,NULL,1,1,0.00,5,0.00,NULL,NULL,NULL,NULL,3,2,2,2,4,1,NULL,0.00,6,0.00,NULL,0.00,3,1,1,1,0.00,0.00,1,1,0.00,0.00,1,1,1,NULL,NULL,1,NULL,NULL,0,'2020-05-13 14:20:52','2022-06-10 01:31:25',NULL),(8638,3104,88,'Aporte O Social $100',4055,40550,67,5,NULL,1,1,1,5,0,1,0,0,1,NULL,NULL,0,1,1,1.00,3,NULL,1,1,1,NULL,NULL,1,NULL,0.00,1,100.00,NULL,NULL,NULL,NULL,3,2,2,2,4,1,1,0.00,6,0.00,NULL,0.00,2,1,1,1,0.00,0.00,1,1,0.00,0.00,1,1,1,NULL,NULL,1,NULL,NULL,1,'2020-04-08 06:05:36','2021-03-28 21:24:27',NULL),(8639,3104,88,'Obra Social  Asign Ac 10-20 + Asig 01-21',5041,50410,67,6,NULL,1,1,1,1,0,0,0,0,1,NULL,NULL,1,1,2,0.00,3,NULL,1,1,1,NULL,NULL,1,NULL,0.00,5,0.00,NULL,NULL,NULL,NULL,3,1,1,2,4,1,NULL,0.00,6,0.00,NULL,0.00,2,1,1,1,0.00,0.00,1,1,0.00,0.00,1,1,1,NULL,NULL,1,NULL,NULL,1,'2020-04-08 06:05:36','2021-03-28 21:04:49',NULL),(8640,3104,88,'Sindicato Asig  Ac 04-22',4043,40430,69,5,NULL,1,1,1,5,0,1,0,0,1,NULL,NULL,0,1,1,2.00,3,NULL,1,1,1,NULL,NULL,1,NULL,0.00,5,0.00,NULL,NULL,NULL,NULL,3,2,2,2,4,1,1,0.00,6,0.00,NULL,0.00,3,1,1,1,0.00,0.00,1,1,0.00,0.00,1,1,1,NULL,NULL,1,NULL,NULL,1,'2020-04-08 06:05:36','2022-05-05 01:02:25',NULL),(8641,3104,88,'FAECYS Asig Ac 04-22',4051,40510,76,5,NULL,1,1,1,5,NULL,NULL,NULL,NULL,1,NULL,NULL,0,0,1,0.50,NULL,NULL,1,1,1,NULL,NULL,1,1,0.00,5,0.00,NULL,NULL,NULL,NULL,3,2,2,2,4,1,NULL,0.00,6,0.00,NULL,0.00,3,1,1,1,0.00,0.00,1,1,0.00,0.00,1,1,1,NULL,NULL,1,NULL,NULL,1,'2020-05-13 17:20:52','2022-05-05 01:03:57',NULL),(8642,3104,88,'Beneficio REPRO II',6000,60000,76,5,NULL,1,1,1,1,NULL,NULL,NULL,NULL,1,NULL,NULL,1,1,1,1.00,NULL,NULL,1,1,1,NULL,NULL,1,1,0.00,3,9000.00,NULL,NULL,NULL,NULL,1,1,1,NULL,NULL,1,1,0.00,6,0.00,NULL,0.00,2,1,1,1,0.00,0.00,1,1,0.00,0.00,1,1,1,NULL,NULL,1,NULL,NULL,0,'2020-05-07 19:26:24','2022-05-05 02:16:20',NULL),(8643,3104,88,'Copia de Obra Social Asig  Ac 04-22',4031,40310,67,1,NULL,1,1,1,3,0,1,0,0,1,NULL,NULL,0,1,1,1.00,3,NULL,1,1,1,NULL,NULL,1,NULL,0.00,5,0.00,NULL,NULL,NULL,NULL,3,2,2,2,4,1,1,0.00,6,0.00,NULL,0.00,2,1,1,1,0.00,0.00,1,1,0.00,0.00,1,1,1,NULL,NULL,1,NULL,NULL,1,'2020-04-08 06:05:36','2022-05-05 00:56:45',NULL),(8644,3104,88,'Copia de Ad Familiar a cargo Obra Social Ac 04-21',3920,39200,74,1,NULL,2,1,1,1,0,0,1,0,1,NULL,NULL,1,1,1,1.00,1,NULL,1,1,1,NULL,NULL,1,NULL,0.00,5,0.00,224,1,NULL,NULL,3,1,1,2,4,1,NULL,0.00,6,0.00,NULL,0.00,2,1,1,1,0.00,0.00,1,1,0.00,0.00,1,1,1,NULL,NULL,1,NULL,NULL,1,'2020-04-08 06:05:36','2021-06-08 00:07:41',NULL),(8645,3104,88,'Sindicato Seguro Sepeñio Ac 04-22',4044,40440,69,5,NULL,2,1,1,2,0,1,0,0,1,NULL,NULL,0,1,1,1.00,NULL,NULL,1,1,1,NULL,NULL,1,NULL,0.00,5,0.00,NULL,NULL,NULL,NULL,3,2,2,2,4,1,NULL,0.00,6,0.00,NULL,0.00,3,1,1,1,0.00,0.00,1,1,0.00,0.00,1,1,1,NULL,NULL,1,NULL,NULL,1,'2020-04-08 09:05:36','2022-05-05 01:01:22',NULL),(8646,3104,88,'Sindicato Recreación y Turismo Ac 04-22',4045,40450,69,5,NULL,2,1,1,2,0,1,0,0,1,NULL,NULL,0,1,1,1.00,NULL,NULL,1,1,1,NULL,NULL,1,NULL,0.00,5,0.00,NULL,NULL,NULL,NULL,3,2,2,2,4,1,NULL,0.00,6,0.00,NULL,0.00,3,1,1,1,0.00,0.00,1,1,0.00,0.00,1,1,1,NULL,NULL,1,NULL,NULL,1,'2020-04-08 12:05:36','2022-05-05 01:00:48',NULL),(8647,3104,88,'Copia de Prest no remun Dec 397/2020 MTEy SS c/aportes',116,1160,62,1,NULL,1,1,1,1,NULL,NULL,NULL,NULL,1,NULL,NULL,1,1,1,1.00,NULL,NULL,1,1,1,NULL,NULL,1,1,0.00,3,35720.80,NULL,NULL,NULL,NULL,1,1,1,NULL,NULL,1,1,0.00,6,0.00,NULL,0.00,2,1,1,1,0.00,0.00,1,1,0.00,0.00,1,1,1,NULL,NULL,1,NULL,NULL,0,'2020-05-07 19:26:24','2022-06-09 20:47:26',NULL),(8648,3104,88,'Adicional Fam a cargo Obra Soc. Ac 04-22',4037,40370,74,5,NULL,2,1,1,1,0,0,1,0,1,NULL,NULL,1,1,2,0.00,1,NULL,1,1,1,NULL,NULL,1,NULL,0.00,5,0.00,224,1,NULL,NULL,3,1,1,2,4,1,NULL,0.00,6,0.00,NULL,0.00,3,1,1,1,0.00,0.00,1,1,0.00,0.00,1,1,1,NULL,NULL,1,NULL,NULL,1,'2020-04-08 03:05:36','2022-05-05 00:58:29',NULL);
INSERT INTO `syj_conceptos` VALUES (8649,3104,88,'Copia de Asig. No Remunerativa r Ac 04-22',211,2110,62,1,NULL,1,1,1,1,NULL,NULL,NULL,NULL,1,NULL,NULL,1,1,1,1.00,NULL,NULL,1,1,1,NULL,NULL,1,1,0.00,1,5307.00,NULL,NULL,NULL,NULL,1,1,1,NULL,NULL,1,1,0.00,6,0.00,NULL,0.00,2,1,1,1,0.00,0.00,1,1,0.00,0.00,1,1,1,NULL,NULL,1,NULL,NULL,1,'2020-05-07 16:26:24','2022-06-09 23:09:12',NULL),(8650,3104,88,'Copia de Sindicato Prest no remun Dec 397/2020 MTEy SS c/aportes',4039,40390,69,1,NULL,2,1,1,5,0,1,0,0,1,NULL,NULL,0,1,1,2.00,NULL,NULL,1,1,1,NULL,NULL,1,NULL,0.00,5,0.00,NULL,NULL,NULL,NULL,3,2,2,2,4,1,NULL,0.00,6,0.00,NULL,0.00,3,1,1,1,0.00,0.00,1,1,0.00,0.00,1,1,1,NULL,NULL,1,NULL,NULL,0,'2020-04-08 06:05:36','2022-06-10 00:59:20',NULL),(8651,3104,89,'Comisiones de venta',1220,12200,NULL,2,NULL,2,1,1,1,0,1,1,0,1,NULL,NULL,0,1,1,1.00,NULL,NULL,1,1,1,NULL,NULL,1,NULL,0.00,1,0.00,NULL,NULL,NULL,NULL,1,1,1,NULL,NULL,1,NULL,0.00,6,0.00,NULL,0.00,2,1,1,1,0.00,0.00,1,1,0.00,0.00,1,1,1,NULL,NULL,1,NULL,NULL,1,'2020-04-07 06:05:35','2022-06-09 22:53:50','2022-06-09 22:53:50'),(8652,3104,89,'Reintegro Ganancias Renta 4ta Categoría',2800,43700,NULL,3,NULL,1,1,1,1,0,0,0,0,1,NULL,NULL,0,1,1,1.00,NULL,NULL,1,1,1,NULL,NULL,1,NULL,0.00,1,0.00,NULL,NULL,NULL,NULL,1,1,1,NULL,NULL,1,7,0.00,6,0.00,9,0.00,2,1,1,1,0.00,0.00,1,1,0.00,0.00,1,1,1,NULL,NULL,1,NULL,NULL,0,'2020-04-07 06:05:35','2022-06-09 22:53:50','2022-06-09 22:53:50'),(8653,3104,89,'Redondeo',2900,43800,NULL,3,NULL,1,1,1,1,0,1,0,0,1,NULL,NULL,0,1,1,1.00,NULL,NULL,1,1,1,NULL,NULL,1,NULL,0.00,1,0.00,NULL,NULL,NULL,NULL,1,1,1,NULL,NULL,1,NULL,0.00,2,0.00,11,0.00,1,1,1,1,0.00,0.00,1,1,0.00,0.00,1,1,1,NULL,NULL,1,NULL,NULL,1,'2020-04-07 06:05:35','2022-06-09 22:53:50','2022-06-09 22:53:50'),(8654,3104,89,'Retención Ganancias Renta 4ta Categoría',4330,43600,NULL,5,NULL,1,1,1,7,0,0,0,0,1,NULL,NULL,1,1,1,1.00,NULL,NULL,1,1,1,NULL,NULL,1,NULL,0.00,3,0.00,NULL,NULL,NULL,NULL,1,1,1,NULL,NULL,1,NULL,0.00,6,0.00,NULL,0.00,2,1,1,1,0.00,0.00,1,1,0.00,0.00,1,1,1,NULL,NULL,1,NULL,'Se puede ingresar a mano o lo calcula Taxes, creando un detalle de liquidacion en el empleado',1,'2020-04-07 06:05:35','2022-06-09 22:53:50','2022-06-09 22:53:50'),(8655,3104,89,'Adicional voluntario',1210,12100,NULL,2,NULL,2,1,1,1,1,1,1,0,1,NULL,NULL,0,1,3,1.00,NULL,NULL,1,1,1,NULL,NULL,1,NULL,0.00,3,0.00,NULL,NULL,NULL,NULL,1,1,1,NULL,NULL,1,NULL,0.00,6,0.00,NULL,0.00,2,1,1,1,0.00,0.00,1,1,0.00,0.00,1,1,1,NULL,NULL,1,NULL,NULL,1,'2020-04-07 06:05:35','2022-06-09 22:53:50','2022-06-09 22:53:50'),(8656,3104,89,'Vacaciones',1045,11000,NULL,2,NULL,1,1,1,1,0,1,1,0,1,NULL,NULL,0,1,2,0.00,33,NULL,1,1,1,NULL,NULL,1,NULL,0.00,2,0.00,NULL,NULL,18,NULL,1,1,1,NULL,NULL,1,NULL,0.00,6,0.00,NULL,0.00,2,1,1,1,0.00,0.00,1,1,0.00,0.00,1,1,1,NULL,NULL,1,NULL,NULL,1,'2020-04-07 06:05:35','2022-06-09 22:53:50','2022-06-09 22:53:50'),(8657,3104,89,'A cuenta futuros aumentos',1230,12300,NULL,2,NULL,2,1,1,1,1,1,1,0,1,NULL,NULL,0,1,3,1.00,NULL,NULL,1,1,1,NULL,NULL,1,NULL,0.00,3,0.00,NULL,NULL,NULL,NULL,1,1,1,NULL,NULL,1,NULL,0.00,6,0.00,NULL,0.00,2,1,1,1,0.00,0.00,1,1,0.00,0.00,1,1,1,NULL,NULL,1,NULL,NULL,1,'2020-04-07 06:05:35','2022-06-09 22:53:50','2022-06-09 22:53:50'),(8658,3104,89,'Aumento solidario Decreto 14/2020',1240,12400,NULL,2,NULL,1,1,1,1,0,1,1,0,1,NULL,NULL,0,1,3,1.00,NULL,NULL,1,1,1,NULL,NULL,1,NULL,0.00,3,4000.00,NULL,NULL,NULL,NULL,1,1,1,NULL,NULL,1,NULL,0.00,6,0.00,NULL,0.00,2,1,1,1,0.00,0.00,1,1,0.00,0.00,1,1,1,NULL,NULL,1,NULL,'Valido hasta...',0,'2020-04-07 06:05:35','2022-06-09 22:53:50','2022-06-09 22:53:50'),(8659,3104,89,'Suma no Remunerativa',2920,29200,NULL,3,NULL,1,1,1,1,1,1,0,0,1,NULL,NULL,0,1,1,0.00,NULL,NULL,1,1,1,NULL,NULL,1,NULL,0.00,1,0.00,NULL,NULL,NULL,NULL,1,1,1,NULL,NULL,1,NULL,0.00,6,0.00,NULL,0.00,2,1,1,1,0.00,0.00,1,1,0.00,0.00,1,1,1,NULL,NULL,1,NULL,NULL,1,'2020-04-07 06:05:35','2022-06-09 22:53:50','2022-06-09 22:53:50');
INSERT INTO `syj_conceptos` VALUES (8660,3104,89,'SAC Indemnización sustitutiva Mes de Preaviso',2030,29400,NULL,3,NULL,1,1,1,1,0,1,0,0,1,NULL,NULL,0,1,1,1.00,NULL,NULL,1,1,1,NULL,NULL,1,NULL,0.00,5,0.00,NULL,NULL,NULL,NULL,3,1,1,2,4,1,NULL,0.00,6,0.00,NULL,0.00,2,1,1,1,0.00,0.00,1,1,0.00,0.00,1,1,1,NULL,NULL,1,NULL,NULL,1,'2020-04-07 06:05:36','2022-06-09 22:53:50','2022-06-09 22:53:50'),(8661,3104,89,'Indemnización Por Antigüedad ART 247',2950,29500,NULL,3,NULL,1,1,1,1,0,0,0,0,1,NULL,NULL,0,1,1,0.00,NULL,NULL,1,1,1,NULL,NULL,1,NULL,0.00,1,0.00,NULL,NULL,NULL,NULL,1,1,1,NULL,NULL,1,NULL,0.00,6,0.00,NULL,0.00,2,1,1,1,0.00,0.00,1,1,0.00,0.00,1,1,1,NULL,NULL,1,NULL,NULL,1,'2020-04-07 06:05:36','2022-06-09 22:53:50','2022-06-09 22:53:50'),(8662,3104,89,'Gratificación por egreso',2100,21000,NULL,3,NULL,1,1,1,1,0,1,0,0,1,NULL,NULL,0,1,1,1.00,NULL,NULL,1,1,1,NULL,NULL,1,NULL,0.00,3,0.00,NULL,NULL,NULL,NULL,1,1,1,NULL,NULL,1,NULL,0.00,6,0.00,NULL,0.00,2,1,1,1,0.00,0.00,1,1,0.00,0.00,1,1,1,NULL,NULL,1,NULL,NULL,1,'2020-04-07 06:05:36','2022-06-09 22:53:50','2022-06-09 22:53:50'),(8663,3104,89,'Inasistencia por Suspensión',1060,11114,NULL,2,NULL,1,1,1,1,0,0,1,0,1,NULL,NULL,0,1,3,0.00,NULL,NULL,1,1,1,NULL,NULL,1,NULL,0.00,5,0.00,NULL,NULL,15,NULL,3,1,1,2,4,1,5,0.00,6,0.00,NULL,0.00,2,1,1,1,0.00,0.00,1,1,0.00,0.00,1,1,1,NULL,NULL,1,NULL,'Cargar la cantidad de Dias en Negativo',1,'2020-04-07 06:05:36','2022-06-09 22:53:50','2022-06-09 22:53:50'),(8664,3104,89,'Presentismo',1070,11115,NULL,2,NULL,1,1,1,1,0,1,1,0,1,NULL,NULL,0,1,1,8.33,NULL,NULL,1,1,1,NULL,NULL,1,NULL,0.00,5,0.00,NULL,NULL,NULL,NULL,3,1,1,2,4,1,NULL,0.00,6,0.00,NULL,0.00,3,2,4,2,-2.00,0.00,1,1,0.00,0.00,3,1,1,2,2,1,NULL,NULL,1,'2020-04-07 06:05:36','2022-06-09 22:53:50','2022-06-09 22:53:50'),(8665,3104,89,'Horas Extras al 50%',1080,11121,NULL,2,NULL,1,1,1,1,1,1,1,0,1,NULL,NULL,0,1,3,0.00,NULL,NULL,1,1,1,NULL,NULL,1,NULL,0.00,2,0.00,NULL,NULL,30,NULL,3,1,1,2,4,1,1,0.00,6,0.00,NULL,0.00,2,1,1,1,0.00,0.00,1,1,0.00,0.00,1,1,1,NULL,NULL,1,NULL,NULL,1,'2020-04-07 06:05:36','2022-06-09 22:53:50','2022-06-09 22:53:50'),(8666,3104,89,'Horas Extras al 100%',1090,11122,NULL,2,NULL,1,1,1,1,1,1,1,0,1,NULL,NULL,0,1,3,0.00,NULL,NULL,1,1,1,NULL,NULL,1,NULL,0.00,2,0.00,NULL,NULL,29,NULL,3,1,1,2,4,1,1,0.00,6,0.00,NULL,0.00,2,1,1,1,0.00,0.00,1,1,0.00,0.00,1,1,1,NULL,NULL,1,NULL,NULL,1,'2020-04-07 06:05:36','2022-06-09 22:53:50','2022-06-09 22:53:50'),(8667,3104,89,'Feriados Nacionales  Trabajados',1112,11110,NULL,2,NULL,1,1,1,1,0,1,1,0,1,NULL,NULL,0,1,3,0.00,NULL,NULL,1,1,1,NULL,NULL,1,NULL,0.00,2,0.00,NULL,NULL,18,NULL,3,1,1,2,3,1,NULL,0.00,6,0.00,NULL,0.00,2,1,1,1,0.00,0.00,1,1,0.00,0.00,1,1,1,NULL,NULL,1,NULL,'Se deberá informar por las novedades la cantidad de dias Feriados Nac.Trabajados\r\nDicho concepto retorna como Valor, la suma del Básico /30 + Básico/25.',1,'2020-04-07 06:05:36','2022-06-09 22:53:50','2022-06-09 22:53:50'),(8668,3104,89,'PRV s/Vacaciones',1130,11050,NULL,2,NULL,1,1,1,1,0,1,0,0,1,NULL,NULL,0,1,1,0.00,NULL,NULL,1,1,1,NULL,NULL,1,3,0.00,5,0.00,NULL,NULL,NULL,NULL,2,2,3,2,4,3,NULL,0.00,6,0.00,NULL,0.00,2,1,1,1,0.00,0.00,1,1,0.00,0.00,1,1,1,NULL,NULL,1,NULL,NULL,0,'2020-04-07 06:05:36','2022-06-09 22:53:50','2022-06-09 22:53:50'),(8669,3104,89,'Licencia por Maternidad',1190,11900,NULL,2,NULL,1,1,1,1,0,1,1,0,1,NULL,NULL,0,1,3,0.00,NULL,NULL,1,1,1,NULL,NULL,1,NULL,0.00,5,0.00,NULL,NULL,NULL,NULL,3,1,1,2,4,1,NULL,0.00,1,0.00,NULL,0.00,NULL,1,1,1,0.00,0.00,1,1,0.00,0.00,1,1,1,NULL,NULL,1,NULL,'Si la empleada estuvo el mes completo de Licencia se liquidará por medio del tipo de liquidación ”Licencia por Maternidad”  informando los 30 días.\r\nCaso contrario se liquidará a través de la',1,'2020-04-07 06:05:36','2022-06-09 22:53:50','2022-06-09 22:53:50');
INSERT INTO `syj_conceptos` VALUES (8670,3104,89,'Descuento Licencia por Maternidad',1200,12000,NULL,2,NULL,1,1,1,1,0,1,1,0,1,NULL,NULL,0,1,1,1.00,NULL,NULL,1,1,1,NULL,NULL,1,NULL,0.00,5,0.00,NULL,NULL,NULL,NULL,3,1,1,2,4,1,NULL,0.00,6,-1.00,NULL,0.00,6,1,1,1,0.00,0.00,1,1,0.00,0.00,1,1,1,NULL,NULL,1,NULL,NULL,1,'2020-04-07 06:05:36','2022-06-09 22:53:50','2022-06-09 22:53:50'),(8671,3104,89,'Indemnización Integración Mes de Despido',2010,20100,NULL,3,NULL,1,1,1,1,0,1,0,0,1,NULL,NULL,0,1,1,1.00,NULL,NULL,1,1,1,NULL,NULL,1,5,0.00,5,0.00,NULL,NULL,NULL,NULL,3,1,1,2,4,1,NULL,0.00,6,0.00,NULL,0.00,2,1,1,1,0.00,0.00,1,1,0.00,0.00,1,1,1,NULL,NULL,1,NULL,NULL,1,'2020-04-07 06:05:36','2022-06-09 22:53:50','2022-06-09 22:53:50'),(8672,3104,89,'PRV s/Integracion Mes de Despido',2060,20600,NULL,3,NULL,1,1,1,1,0,1,0,0,1,NULL,NULL,0,1,1,0.00,NULL,NULL,1,1,1,NULL,NULL,1,6,0.00,5,0.00,NULL,NULL,NULL,NULL,2,2,2,2,4,3,4,0.00,6,0.00,NULL,0.00,2,1,1,1,0.00,0.00,1,1,0.00,0.00,1,1,1,NULL,NULL,1,NULL,NULL,1,'2020-04-07 06:05:36','2022-06-09 22:53:50','2022-06-09 22:53:50'),(8673,3104,89,'Indemnización sustitutiva Mes de Preaviso',2025,20250,NULL,3,NULL,1,1,1,1,0,1,0,0,1,NULL,NULL,0,1,3,1.00,NULL,NULL,1,1,1,NULL,NULL,1,NULL,0.00,2,0.00,NULL,NULL,38,NULL,1,1,1,NULL,NULL,1,NULL,0.00,6,0.00,NULL,0.00,2,1,1,1,0.00,0.00,1,1,0.00,0.00,1,1,1,NULL,NULL,1,NULL,NULL,1,'2020-04-07 06:05:36','2022-06-09 22:53:50','2022-06-09 22:53:50'),(8674,3104,89,'PRV s/Mes de Preaviso',2060,20600,NULL,3,NULL,1,1,1,1,0,1,0,0,1,NULL,NULL,0,1,1,0.00,NULL,NULL,1,1,1,NULL,NULL,1,NULL,0.00,1,0.00,NULL,NULL,NULL,NULL,1,1,1,NULL,NULL,1,NULL,0.00,2,0.00,NULL,0.00,NULL,1,1,1,0.00,0.00,1,1,0.00,0.00,1,1,1,NULL,NULL,1,NULL,NULL,0,'2020-04-07 06:05:36','2022-06-09 22:53:50','2022-06-09 22:53:50'),(8675,3104,89,'Vacaciones No Gozadas',2100,20000,NULL,3,NULL,1,1,1,1,0,1,0,0,1,NULL,NULL,0,1,1,0.00,NULL,NULL,1,1,1,NULL,NULL,1,8,0.00,5,0.00,NULL,NULL,NULL,NULL,3,1,1,2,4,1,6,0.00,6,0.00,NULL,0.00,2,1,1,1,0.00,0.00,1,1,0.00,0.00,1,1,1,NULL,NULL,1,NULL,'En caso de Liquidar Final sin contar con Liquidaciones de meses anteriores, se deberá cambiar la configuración de la solapa valor unitario por Orgien del Valor: A INGRESAR.',1,'2020-04-07 06:05:36','2022-06-09 22:53:50','2022-06-09 22:53:50'),(8676,3104,89,'PRV s/Vacaciones No Gozadas',2060,20600,NULL,3,NULL,1,1,1,1,0,1,0,0,1,NULL,NULL,0,1,5,0.00,NULL,NULL,3,1,1,2,2,1,NULL,0.00,5,0.00,NULL,NULL,NULL,NULL,2,2,3,2,4,3,4,0.00,6,0.00,NULL,0.00,2,1,1,1,0.00,0.00,1,1,0.00,0.00,1,1,1,NULL,NULL,1,NULL,NULL,0,'2020-04-07 06:05:36','2022-06-09 22:53:50','2022-06-09 22:53:50'),(8677,3104,89,'Feriados Nacionales No Trab. No Rem',2350,23500,NULL,3,NULL,1,1,1,1,0,1,0,0,1,NULL,NULL,0,1,1,0.00,NULL,NULL,1,1,1,NULL,NULL,1,NULL,0.00,1,0.00,NULL,NULL,NULL,NULL,1,1,1,NULL,NULL,1,NULL,0.00,2,0.00,NULL,0.00,NULL,1,1,1,0.00,0.00,1,1,0.00,0.00,1,1,1,NULL,NULL,1,NULL,NULL,1,'2020-04-07 06:05:36','2022-06-09 22:53:50','2022-06-09 22:53:50'),(8678,3104,89,'Feriados Nacionales Trabajados No Rem',2400,24000,NULL,3,NULL,1,1,1,1,0,1,0,0,1,NULL,NULL,0,1,1,0.00,NULL,NULL,1,1,1,NULL,NULL,1,NULL,0.00,1,0.00,NULL,NULL,NULL,NULL,1,1,1,NULL,NULL,1,NULL,0.00,2,0.00,NULL,0.00,NULL,1,1,1,0.00,0.00,1,1,0.00,0.00,1,1,1,NULL,NULL,1,NULL,NULL,1,'2020-04-07 06:05:36','2022-06-09 22:53:50','2022-06-09 22:53:50'),(8679,3104,89,'SAC Vacaciones No Gozadas',2120,21200,NULL,3,NULL,1,1,1,1,0,1,0,0,1,NULL,NULL,0,1,1,1.00,NULL,NULL,1,1,1,NULL,NULL,1,NULL,0.00,5,0.00,NULL,NULL,NULL,NULL,3,1,1,2,4,1,3,0.00,6,0.00,NULL,0.00,2,1,1,1,0.00,0.00,1,1,0.00,0.00,1,1,1,NULL,NULL,1,NULL,NULL,1,'2020-04-07 06:05:36','2022-06-09 22:53:50','2022-06-09 22:53:50'),(8680,3104,89,'Antigüedad No Remunerativo',2500,25000,NULL,3,NULL,1,1,1,1,0,1,0,0,1,NULL,NULL,0,1,2,0.00,12,NULL,1,1,1,NULL,NULL,1,NULL,0.00,5,0.00,NULL,NULL,NULL,NULL,3,1,1,2,4,1,NULL,0.00,6,0.00,NULL,0.00,3,1,1,1,0.00,0.00,1,1,0.00,0.00,1,1,1,NULL,NULL,1,NULL,NULL,0,'2020-04-07 06:05:36','2022-06-09 22:53:50','2022-06-09 22:53:50');
INSERT INTO `syj_conceptos` VALUES (8681,3104,89,'Presentismo No Remunerativo',2550,27501,NULL,3,NULL,1,1,1,1,0,1,0,0,1,NULL,NULL,0,1,1,8.33,NULL,NULL,1,1,1,NULL,NULL,1,NULL,0.00,5,0.00,NULL,NULL,NULL,NULL,3,1,1,2,4,1,NULL,0.00,6,0.00,NULL,0.00,3,2,4,2,-2.00,0.00,1,1,0.00,0.00,3,1,1,2,4,1,NULL,NULL,0,'2020-04-07 06:05:36','2022-06-09 22:53:50','2022-06-09 22:53:50'),(8682,3104,89,'1º SAC No Rem',2600,26000,NULL,3,NULL,1,1,1,1,0,1,0,0,1,NULL,NULL,0,1,5,0.00,NULL,NULL,3,1,1,2,2,1,NULL,0.00,5,0.00,NULL,NULL,NULL,NULL,3,1,1,2,4,1,NULL,0.00,6,0.00,NULL,0.00,2,1,1,1,0.00,0.00,1,1,0.00,0.00,1,1,1,NULL,NULL,1,NULL,NULL,1,'2020-04-07 06:05:36','2022-06-09 22:53:50','2022-06-09 22:53:50'),(8683,3104,89,'Horas Extras al 50% s/ No Rem',2650,26500,NULL,3,NULL,1,1,1,1,0,1,0,0,1,NULL,NULL,0,1,5,0.00,NULL,NULL,3,1,1,2,2,1,NULL,0.00,5,0.00,NULL,NULL,NULL,NULL,3,1,1,2,4,1,13,0.00,6,0.00,NULL,0.00,2,1,1,1,0.00,0.00,1,1,0.00,0.00,1,1,1,NULL,NULL,1,NULL,NULL,0,'2020-04-07 06:05:36','2022-06-09 22:53:50','2022-06-09 22:53:50'),(8684,3104,89,'Horas Extras al 100% s/ No Rem',2700,27000,NULL,3,NULL,1,1,1,1,0,1,0,0,1,NULL,NULL,0,1,5,0.00,NULL,NULL,3,1,1,2,2,1,NULL,0.00,5,0.00,NULL,NULL,NULL,NULL,3,1,1,2,4,1,14,0.00,6,0.00,NULL,0.00,2,1,1,1,0.00,0.00,1,1,0.00,0.00,1,1,1,NULL,NULL,1,NULL,NULL,0,'2020-04-07 06:05:36','2022-06-09 22:53:50','2022-06-09 22:53:50'),(8685,3104,89,'Inasistencias Injustificadas No Rem',2750,27500,NULL,3,NULL,1,1,1,1,0,1,0,0,1,NULL,NULL,0,1,5,0.00,NULL,NULL,3,1,1,2,2,1,NULL,0.00,5,0.00,NULL,NULL,NULL,NULL,3,1,1,2,4,1,5,0.00,6,0.00,NULL,0.00,2,1,1,1,0.00,0.00,1,1,0.00,0.00,1,1,1,NULL,NULL,1,NULL,'Cargar la cantidad de Días en negativo.',1,'2020-04-07 06:05:36','2022-06-09 22:53:50','2022-06-09 22:53:50'),(8686,3104,89,'2º SAC No Rem',2610,26100,NULL,3,NULL,1,1,1,1,0,1,0,0,1,NULL,NULL,0,1,5,0.00,NULL,NULL,3,1,1,2,2,1,NULL,0.00,5,0.00,NULL,NULL,NULL,NULL,3,1,1,2,4,1,NULL,0.00,6,0.00,NULL,0.00,2,1,1,1,0.00,0.00,1,1,0.00,0.00,1,1,1,NULL,NULL,1,NULL,NULL,1,'2020-04-07 06:05:36','2022-06-09 22:53:50','2022-06-09 22:53:50'),(8687,3104,89,'SAC No Remunerativo',2620,26200,NULL,3,NULL,1,1,1,1,0,1,0,0,1,NULL,NULL,0,1,2,0.00,36,NULL,1,1,1,NULL,NULL,1,NULL,0.00,5,0.00,NULL,NULL,NULL,NULL,3,1,1,2,4,1,NULL,0.00,6,0.00,NULL,0.00,2,1,1,1,0.00,0.00,1,1,0.00,0.00,1,1,1,NULL,NULL,1,NULL,NULL,1,'2020-04-07 06:05:36','2022-06-09 22:53:50','2022-06-09 22:53:50'),(8688,3104,89,'Jubilación',4010,40100,NULL,5,NULL,1,3,1,4,0,1,0,0,1,NULL,NULL,0,1,2,0.00,4,NULL,1,1,1,NULL,NULL,1,NULL,0.00,5,0.00,NULL,NULL,NULL,NULL,2,2,2,2,4,1,NULL,0.00,6,0.00,NULL,0.00,3,1,1,1,0.00,0.00,1,1,0.00,0.00,1,1,1,NULL,NULL,1,NULL,NULL,1,'2020-04-07 06:05:36','2022-06-09 22:53:50','2022-06-09 22:53:50'),(8689,3104,89,'INSSJP (Ley 19.032)',4020,40200,NULL,5,NULL,1,3,1,6,0,1,0,0,1,NULL,NULL,0,1,2,0.00,2,NULL,1,1,1,NULL,NULL,1,NULL,0.00,5,0.00,NULL,NULL,NULL,NULL,2,2,2,2,4,1,NULL,0.00,6,0.00,NULL,0.00,3,1,1,1,0.00,0.00,1,1,0.00,0.00,1,1,1,NULL,NULL,1,NULL,NULL,1,'2020-04-07 06:05:36','2022-06-09 22:53:50','2022-06-09 22:53:50'),(8690,3104,89,'Obra Social',4030,40300,NULL,5,NULL,1,2,1,3,0,1,0,0,1,NULL,NULL,0,1,2,0.00,3,NULL,1,1,1,NULL,NULL,1,NULL,0.00,5,0.00,NULL,NULL,NULL,NULL,2,2,2,2,4,1,21,0.00,6,0.00,NULL,0.00,3,1,1,1,0.00,0.00,1,1,0.00,0.00,1,1,1,NULL,NULL,1,NULL,NULL,1,'2020-04-07 06:05:36','2022-06-09 22:53:50','2022-06-09 22:53:50'),(8691,3104,89,'Sindicato',4040,40400,NULL,5,NULL,1,1,1,5,0,1,0,0,1,NULL,NULL,0,1,1,2.00,NULL,NULL,1,1,1,NULL,NULL,1,NULL,0.00,5,0.00,NULL,NULL,NULL,NULL,2,2,2,2,4,1,NULL,0.00,6,0.00,NULL,0.00,3,1,1,1,0.00,0.00,1,1,0.00,0.00,1,1,1,NULL,NULL,1,NULL,NULL,1,'2020-04-07 06:05:36','2022-06-09 22:53:50','2022-06-09 22:53:50'),(8692,3104,89,'Obra Social s/ No Rem',4100,41000,NULL,4,NULL,1,1,1,1,0,1,0,0,1,NULL,NULL,0,1,1,0.00,NULL,NULL,1,1,1,NULL,NULL,1,NULL,0.00,1,0.00,NULL,NULL,NULL,NULL,1,1,1,NULL,NULL,1,NULL,0.00,2,0.00,NULL,0.00,NULL,1,1,1,0.00,0.00,1,1,0.00,0.00,1,1,1,NULL,NULL,1,NULL,NULL,1,'2020-04-07 06:05:36','2022-06-09 22:53:50','2022-06-09 22:53:50');
INSERT INTO `syj_conceptos` VALUES (8693,3104,89,'Sindicato s/ No Rem',4150,41500,NULL,4,NULL,1,1,1,1,0,1,0,0,1,NULL,NULL,0,1,1,0.00,NULL,NULL,1,1,1,NULL,NULL,1,NULL,0.00,1,0.00,NULL,NULL,NULL,NULL,1,1,1,NULL,NULL,1,NULL,0.00,2,0.00,NULL,0.00,NULL,1,1,1,0.00,0.00,1,1,0.00,0.00,1,1,1,NULL,NULL,1,NULL,NULL,1,'2020-04-07 06:05:36','2022-06-09 22:53:50','2022-06-09 22:53:50'),(8694,3104,89,'Adicional Familiar a cargo Obra Social',4320,43200,NULL,4,NULL,1,1,1,1,0,1,0,0,1,NULL,NULL,0,1,1,0.00,NULL,NULL,1,1,1,NULL,NULL,1,NULL,0.00,1,0.00,NULL,NULL,NULL,NULL,1,1,1,NULL,NULL,1,NULL,0.00,2,0.00,NULL,0.00,NULL,1,1,1,0.00,0.00,1,1,0.00,0.00,1,1,1,NULL,NULL,1,NULL,NULL,1,'2020-04-07 06:05:36','2022-06-09 22:53:50','2022-06-09 22:53:50'),(8695,3104,89,'Embargo',4060,40600,NULL,5,NULL,2,1,1,1,0,1,0,0,1,NULL,NULL,0,1,1,0.00,NULL,NULL,1,1,1,NULL,NULL,1,NULL,0.00,1,0.00,NULL,NULL,NULL,NULL,1,1,1,NULL,NULL,1,NULL,0.00,2,0.00,NULL,0.00,NULL,1,1,1,0.00,0.00,1,1,0.00,0.00,1,1,1,NULL,NULL,1,NULL,NULL,1,'2020-04-07 06:05:36','2022-06-09 22:53:50','2022-06-09 22:53:50'),(8696,3104,89,'Beneficio Dto 561/19',4370,43700,NULL,4,NULL,1,1,1,1,0,1,0,0,1,NULL,NULL,0,1,1,0.00,NULL,NULL,1,1,1,NULL,NULL,1,NULL,0.00,1,0.00,NULL,NULL,NULL,NULL,1,1,1,NULL,NULL,1,NULL,0.00,2,0.00,NULL,0.00,NULL,1,1,1,0.00,0.00,1,1,0.00,0.00,1,1,1,NULL,NULL,1,NULL,NULL,1,'2020-04-07 06:05:36','2022-06-09 22:53:50','2022-06-09 22:53:50'),(8697,3104,89,'Jubilación',5010,50100,NULL,6,NULL,1,1,1,1,0,0,0,0,1,NULL,NULL,0,1,1,0.00,NULL,NULL,1,1,1,NULL,NULL,1,NULL,0.00,1,0.00,NULL,NULL,NULL,NULL,1,1,1,NULL,NULL,1,NULL,0.00,2,0.00,NULL,0.00,NULL,1,1,1,0.00,0.00,1,1,0.00,0.00,1,1,1,NULL,NULL,1,NULL,NULL,1,'2020-04-07 06:05:36','2022-06-09 22:53:50','2022-06-09 22:53:50'),(8698,3104,89,'Fondo Nacional de Empleo',5020,50200,NULL,6,NULL,1,1,1,1,0,0,0,0,1,NULL,NULL,0,1,1,0.00,NULL,NULL,1,1,1,NULL,NULL,1,NULL,0.00,1,0.00,NULL,NULL,NULL,NULL,1,1,1,NULL,NULL,1,NULL,0.00,2,0.00,NULL,0.00,NULL,1,1,1,0.00,0.00,1,1,0.00,0.00,1,1,1,NULL,NULL,1,NULL,NULL,1,'2020-04-07 06:05:36','2022-06-09 22:53:50','2022-06-09 22:53:50'),(8699,3104,89,'INSSJP(Ley 19.032)',5030,50300,NULL,6,NULL,1,1,1,1,0,0,0,0,1,NULL,NULL,0,1,1,0.00,NULL,NULL,1,1,1,NULL,NULL,1,NULL,0.00,1,0.00,NULL,NULL,NULL,NULL,1,1,1,NULL,NULL,1,NULL,0.00,2,0.00,NULL,0.00,NULL,1,1,1,0.00,0.00,1,1,0.00,0.00,1,1,1,NULL,NULL,1,NULL,NULL,1,'2020-04-07 06:05:36','2022-06-09 22:53:50','2022-06-09 22:53:50'),(8700,3104,89,'Obra Social',5040,50400,NULL,6,NULL,1,1,1,1,0,0,0,0,1,NULL,NULL,0,1,1,0.00,NULL,NULL,1,1,1,NULL,NULL,1,NULL,0.00,1,0.00,NULL,NULL,NULL,NULL,1,1,1,NULL,NULL,1,NULL,0.00,2,0.00,NULL,0.00,NULL,1,1,1,0.00,0.00,1,1,0.00,0.00,1,1,1,NULL,NULL,1,NULL,NULL,1,'2020-04-07 06:05:36','2022-06-09 22:53:50','2022-06-09 22:53:50'),(8701,3104,89,'Asigs Familiares',5060,50600,NULL,6,NULL,1,1,1,1,0,0,0,0,1,NULL,NULL,0,1,1,0.00,NULL,NULL,1,1,1,NULL,NULL,1,NULL,0.00,1,0.00,NULL,NULL,NULL,NULL,1,1,1,NULL,NULL,1,NULL,0.00,2,0.00,NULL,0.00,NULL,1,1,1,0.00,0.00,1,1,0.00,0.00,1,1,1,NULL,NULL,1,NULL,NULL,1,'2020-04-07 06:05:36','2022-06-09 22:53:50','2022-06-09 22:53:50'),(8702,3104,89,'Porcentaje ART',5080,50800,NULL,6,NULL,1,1,1,1,0,0,0,0,1,NULL,NULL,0,1,1,0.00,NULL,NULL,1,1,1,NULL,NULL,1,NULL,0.00,1,0.00,NULL,NULL,NULL,NULL,1,1,1,NULL,NULL,1,NULL,0.00,2,0.00,NULL,0.00,NULL,1,1,1,0.00,0.00,1,1,0.00,0.00,1,1,1,NULL,NULL,1,NULL,NULL,1,'2020-04-07 06:05:36','2022-06-09 22:53:50','2022-06-09 22:53:50'),(8703,3104,89,'Obra Social s/ No Rem',5100,51000,NULL,6,NULL,1,1,1,1,0,0,0,0,1,NULL,NULL,0,1,1,0.00,NULL,NULL,1,1,1,NULL,NULL,1,NULL,0.00,1,0.00,NULL,NULL,NULL,NULL,1,1,1,NULL,NULL,1,NULL,0.00,2,0.00,NULL,0.00,NULL,1,1,1,0.00,0.00,1,1,0.00,0.00,1,1,1,NULL,NULL,1,NULL,NULL,1,'2020-04-07 06:05:36','2022-06-09 22:53:50','2022-06-09 22:53:50');
INSERT INTO `syj_conceptos` VALUES (8704,3104,89,'Inasistencias Por Enfermedad',1010,10100,NULL,2,NULL,1,1,1,1,0,1,1,0,1,NULL,NULL,0,1,3,0.00,NULL,NULL,1,1,1,NULL,NULL,1,NULL,0.00,2,0.00,NULL,NULL,17,NULL,1,1,1,NULL,NULL,1,NULL,0.00,6,0.00,NULL,0.00,2,1,1,1,0.00,0.00,1,1,0.00,0.00,1,1,1,NULL,NULL,1,NULL,NULL,1,'2020-04-07 06:05:36','2022-06-09 22:53:50','2022-06-09 22:53:50'),(8705,3104,89,'Inasistencias por Accidente de Trabajo',1020,10200,NULL,2,NULL,1,1,1,1,0,1,1,0,1,NULL,NULL,0,1,3,0.00,NULL,NULL,1,1,1,NULL,NULL,1,NULL,0.00,2,0.00,NULL,NULL,17,NULL,1,1,1,NULL,NULL,1,NULL,0.00,6,0.00,NULL,0.00,2,1,1,1,0.00,0.00,1,1,0.00,0.00,1,1,1,NULL,NULL,1,NULL,NULL,1,'2020-04-07 06:05:36','2022-06-09 22:53:50','2022-06-09 22:53:50'),(8706,3104,89,'Días Trabajados',1040,10400,NULL,2,NULL,1,1,1,1,0,1,1,0,1,NULL,NULL,0,1,2,0.00,34,NULL,2,2,3,NULL,NULL,1,NULL,0.00,2,0.00,NULL,NULL,17,NULL,1,1,1,NULL,NULL,1,NULL,0.00,1,0.00,8,0.00,NULL,1,1,1,0.00,0.00,1,1,0.00,0.00,1,1,1,NULL,NULL,1,NULL,NULL,1,'2020-04-07 06:05:36','2022-06-09 22:53:50','2022-06-09 22:53:50'),(8707,3104,89,'Día del Gremio',1110,11100,NULL,2,NULL,1,1,1,1,0,1,1,0,1,NULL,NULL,0,1,1,0.00,NULL,NULL,1,1,1,NULL,NULL,1,NULL,0.00,2,0.00,NULL,NULL,18,NULL,1,1,1,NULL,NULL,1,NULL,0.00,6,0.00,NULL,0.00,2,1,1,1,0.00,0.00,1,1,0.00,0.00,1,1,1,NULL,NULL,1,NULL,'En mes Septiembre, cuando se liquide dicho concepto se deberá ingresar manualmente en Dias Trabajados 29 dias.',1,'2020-04-07 06:05:36','2022-06-09 22:53:50','2022-06-09 22:53:50'),(8708,3104,89,'Feriados Nacionales No Trabajados',1111,11109,NULL,2,NULL,1,1,1,1,0,1,1,0,1,NULL,NULL,0,1,3,0.00,NULL,NULL,1,1,1,NULL,NULL,1,NULL,0.00,2,0.00,NULL,NULL,18,NULL,1,1,1,NULL,NULL,1,NULL,0.00,6,0.00,NULL,0.00,2,1,1,1,0.00,0.00,1,1,0.00,0.00,1,1,1,NULL,NULL,1,NULL,'Se deberá informar por las novedades la cantidad de dias Feriados Nac. No Trabajados\r\nDicho concepto retorna como Valor, el Básico Diario.',1,'2020-04-07 06:05:36','2022-06-09 22:53:50','2022-06-09 22:53:50'),(8709,3104,89,'SAC',1120,11200,NULL,2,NULL,1,1,1,1,0,1,1,0,1,NULL,NULL,0,1,2,0.00,36,NULL,1,1,1,NULL,NULL,1,NULL,0.00,2,0.00,NULL,NULL,38,NULL,1,1,1,NULL,NULL,1,2,0.00,6,0.00,NULL,0.00,2,1,1,1,0.00,0.00,1,1,0.00,0.00,1,1,1,NULL,NULL,1,NULL,NULL,1,'2020-04-07 06:05:36','2022-06-09 22:53:51','2022-06-09 22:53:51'),(8710,3104,89,'Cuota Fija ART',5070,50700,NULL,6,NULL,1,1,1,1,0,0,0,0,1,NULL,NULL,0,1,1,0.00,NULL,NULL,1,1,1,NULL,NULL,1,NULL,0.00,1,0.00,NULL,NULL,NULL,NULL,1,1,1,NULL,NULL,1,NULL,0.00,2,0.00,NULL,0.00,NULL,1,1,1,0.00,0.00,1,1,0.00,0.00,1,1,1,NULL,NULL,1,NULL,NULL,1,'2020-04-07 06:05:36','2022-06-09 22:53:51','2022-06-09 22:53:51'),(8711,3104,89,'Basico',90,900,NULL,1,NULL,1,1,1,1,NULL,NULL,NULL,NULL,1,NULL,NULL,0,1,1,30.00,NULL,NULL,1,1,1,NULL,NULL,1,NULL,0.00,2,0.00,NULL,NULL,17,NULL,1,1,1,NULL,NULL,1,1,0.00,6,0.00,1,0.00,2,1,1,1,0.00,0.00,1,1,0.00,0.00,1,1,1,NULL,NULL,1,NULL,'Retorna el Basico Completo = 30 * Basico Diario',1,'2020-04-07 18:08:12','2022-06-09 22:53:51','2022-06-09 22:53:51'),(8712,3104,89,'Antigüedad',95,950,NULL,1,NULL,1,1,1,1,NULL,NULL,NULL,NULL,1,NULL,NULL,0,1,2,0.00,12,NULL,1,1,1,NULL,NULL,1,NULL,0.00,5,0.00,NULL,NULL,NULL,NULL,3,1,1,2,4,1,NULL,0.00,6,0.00,NULL,0.00,3,1,1,1,0.00,0.00,1,1,0.00,0.00,1,1,1,NULL,NULL,1,NULL,NULL,1,'2020-04-07 18:09:41','2022-06-09 22:53:51','2022-06-09 22:53:51'),(8713,3104,89,'Basico Diario Vacaciones',120,1200,NULL,1,NULL,1,1,1,1,NULL,NULL,NULL,NULL,1,NULL,NULL,0,1,1,1.00,NULL,NULL,1,1,1,NULL,NULL,1,NULL,0.00,2,0.00,NULL,NULL,17,NULL,1,1,1,NULL,NULL,1,NULL,0.00,6,0.00,NULL,0.00,2,1,1,1,0.00,0.00,1,1,0.00,0.00,1,1,1,NULL,NULL,1,NULL,NULL,1,'2020-04-08 16:09:47','2022-06-09 22:53:51','2022-06-09 22:53:51'),(8714,3104,89,'Sueldo Conformado Rem',110,1100,NULL,1,NULL,1,1,1,1,NULL,NULL,NULL,NULL,1,NULL,NULL,0,1,1,1.00,NULL,NULL,1,1,1,NULL,NULL,1,NULL,0.00,5,0.00,NULL,NULL,NULL,NULL,3,1,1,2,4,1,NULL,0.00,6,0.00,NULL,0.00,2,1,1,1,0.00,0.00,1,1,0.00,0.00,1,1,1,NULL,NULL,1,NULL,'Sumatoria de los conceptos de Control 80+90+100',1,'2020-04-08 16:21:05','2022-06-09 22:53:51','2022-06-09 22:53:51');
INSERT INTO `syj_conceptos` VALUES (8715,3104,89,'Presentismo',240,2400,NULL,1,NULL,1,1,1,1,NULL,NULL,NULL,NULL,1,NULL,NULL,0,1,1,8.33,NULL,NULL,1,1,1,NULL,NULL,1,NULL,0.00,5,0.00,NULL,NULL,NULL,NULL,3,1,1,2,4,1,NULL,0.00,6,0.00,NULL,0.00,3,1,1,1,0.00,0.00,1,1,0.00,0.00,1,1,1,NULL,NULL,1,NULL,NULL,1,'2020-04-08 16:22:54','2022-06-09 22:53:51','2022-06-09 22:53:51'),(8716,3104,89,'Antiguedad',1050,11113,NULL,2,NULL,1,1,1,1,1,1,1,NULL,1,NULL,NULL,0,1,2,0.00,12,NULL,1,1,1,NULL,NULL,1,NULL,0.00,5,0.00,NULL,NULL,NULL,NULL,3,2,2,2,4,1,NULL,0.00,6,0.00,NULL,0.00,3,1,1,1,0.00,0.00,1,1,0.00,0.00,1,1,1,NULL,NULL,1,NULL,NULL,1,'2020-04-16 13:57:29','2022-06-09 22:53:51','2022-06-09 22:53:51'),(8717,3104,89,'Acuerdo CCT 130/75 febrero/2020',1241,12410,NULL,2,NULL,1,1,1,1,NULL,NULL,NULL,NULL,1,NULL,NULL,0,1,1,1.00,NULL,NULL,1,1,1,NULL,NULL,1,NULL,0.00,3,2000.00,NULL,NULL,NULL,NULL,1,1,1,NULL,NULL,1,NULL,0.00,6,0.00,NULL,0.00,2,1,1,1,0.00,0.00,1,1,0.00,0.00,1,1,1,NULL,NULL,1,NULL,NULL,0,'2020-04-16 15:21:14','2022-06-09 22:53:51','2022-06-09 22:53:51'),(8718,3104,89,'Horas Extras comunes',1075,11120,NULL,2,NULL,1,1,1,1,NULL,NULL,NULL,NULL,1,NULL,NULL,1,1,3,0.00,NULL,NULL,1,1,1,NULL,NULL,1,NULL,0.00,2,0.00,NULL,NULL,31,NULL,3,1,1,2,4,1,1,0.00,6,0.00,NULL,0.00,2,1,1,1,0.00,0.00,1,1,0.00,0.00,1,1,1,NULL,NULL,1,NULL,NULL,1,'2020-04-17 11:52:46','2022-06-09 22:53:51','2022-06-09 22:53:51'),(8719,3104,89,'Sueldo Conformado No Rem',201,2010,NULL,1,NULL,1,1,1,1,NULL,NULL,NULL,NULL,1,NULL,NULL,0,1,1,1.00,NULL,NULL,1,1,1,NULL,NULL,1,NULL,0.00,5,0.00,NULL,NULL,NULL,NULL,3,1,1,2,4,1,NULL,0.00,6,0.00,NULL,0.00,2,1,1,1,0.00,0.00,1,1,0.00,0.00,1,1,1,NULL,NULL,1,NULL,NULL,1,'2020-04-19 10:08:56','2022-06-09 22:53:51','2022-06-09 22:53:51'),(8720,3104,89,'Antigüedad No Rem',2125,2125,62,3,NULL,1,1,1,1,NULL,NULL,NULL,NULL,1,NULL,NULL,1,1,2,0.00,12,NULL,1,1,1,NULL,NULL,1,NULL,0.00,5,0.00,NULL,NULL,NULL,NULL,3,3,3,2,4,1,NULL,0.00,6,0.00,NULL,0.00,3,2,4,2,-2.00,0.00,1,1,0.00,0.00,3,1,1,2,2,1,NULL,NULL,1,'2020-04-19 10:13:32','2022-06-09 22:53:51','2022-06-09 22:53:51'),(8721,3104,89,'SAC Indemnización Integración Mes de Despido',2015,20150,NULL,3,NULL,1,1,1,1,NULL,NULL,NULL,NULL,1,NULL,NULL,0,1,3,0.00,NULL,NULL,1,1,1,NULL,NULL,1,NULL,0.00,5,1.00,NULL,NULL,NULL,NULL,3,1,1,2,4,1,3,0.00,6,0.00,NULL,0.00,2,1,1,1,0.00,0.00,1,1,0.00,0.00,1,1,1,NULL,NULL,1,NULL,NULL,1,'2020-04-24 17:49:56','2022-06-09 22:53:51','2022-06-09 22:53:51'),(8722,3104,89,'Indemnizacion por Antigüedad',2130,21300,NULL,3,NULL,1,1,1,1,NULL,NULL,NULL,NULL,1,NULL,NULL,0,1,2,0.00,14,NULL,1,1,1,NULL,NULL,1,NULL,0.00,2,0.00,NULL,NULL,39,NULL,1,1,1,NULL,NULL,1,28,0.00,6,0.00,NULL,0.00,2,1,1,1,0.00,0.00,1,1,0.00,0.00,1,1,1,NULL,NULL,1,NULL,NULL,1,'2020-04-24 20:24:27','2022-06-09 22:53:51','2022-06-09 22:53:51'),(8723,3104,89,'Presentismo No Rem',2150,2150,62,3,NULL,1,1,1,1,NULL,NULL,NULL,NULL,1,NULL,NULL,1,1,1,8.33,12,NULL,1,1,1,NULL,NULL,1,1,0.00,5,1.00,NULL,NULL,43,NULL,3,1,1,2,4,1,22,0.00,6,0.00,1,0.00,3,1,1,1,0.00,0.00,1,1,0.00,0.00,1,1,1,NULL,NULL,1,NULL,NULL,1,'2020-05-06 15:50:49','2022-06-09 22:53:51','2022-06-09 22:53:51'),(8724,3104,89,'Concepto No Remunerativo',2000,2100,62,3,NULL,1,1,1,1,NULL,NULL,NULL,NULL,1,NULL,NULL,1,1,1,1.00,NULL,NULL,1,1,1,NULL,NULL,1,1,0.00,3,5000.00,NULL,NULL,NULL,NULL,1,1,1,NULL,NULL,1,22,0.00,6,0.00,NULL,0.00,2,1,1,1,0.00,0.00,1,1,0.00,0.00,1,1,1,NULL,NULL,1,NULL,NULL,1,'2020-05-06 19:26:24','2022-06-09 22:53:51','2022-06-09 22:53:51'),(8725,3104,89,'FAECYS',4050,40500,NULL,5,NULL,1,1,1,5,NULL,NULL,NULL,NULL,1,NULL,NULL,0,0,1,0.50,NULL,NULL,1,1,1,NULL,NULL,1,1,0.00,5,0.00,NULL,NULL,NULL,NULL,2,2,2,2,4,1,NULL,0.00,6,0.00,NULL,0.00,3,1,1,1,0.00,0.00,1,1,0.00,0.00,1,1,1,NULL,NULL,1,NULL,NULL,1,'2020-05-12 17:20:52','2022-06-09 22:53:51','2022-06-09 22:53:51');
INSERT INTO `syj_conceptos` VALUES (8726,3104,89,'Plus Feriado',1115,11150,NULL,2,NULL,1,1,1,1,NULL,NULL,NULL,NULL,1,NULL,NULL,1,1,3,0.00,NULL,NULL,1,1,1,NULL,NULL,1,NULL,0.00,2,0.00,NULL,NULL,48,NULL,1,1,1,NULL,NULL,1,NULL,0.00,6,0.00,NULL,0.00,2,1,1,1,0.00,0.00,1,1,0.00,0.00,1,1,1,NULL,NULL,1,NULL,NULL,1,'2021-03-15 13:27:19','2022-06-09 22:53:51','2022-06-09 22:53:51'),(8727,3104,88,'INSSJP(Ley 19.032)',5030,50300,NULL,6,NULL,1,1,1,1,0,0,0,0,1,NULL,NULL,0,1,1,0.00,NULL,NULL,1,1,1,NULL,NULL,1,NULL,0.00,1,0.00,NULL,NULL,NULL,NULL,1,1,1,NULL,NULL,1,NULL,0.00,2,0.00,NULL,0.00,NULL,1,1,1,0.00,0.00,1,1,0.00,0.00,1,1,1,NULL,NULL,1,NULL,NULL,0,'2020-04-08 03:05:36','2021-03-22 20:38:59',NULL),(8728,3104,88,'JUBILACION',5010,50100,NULL,6,NULL,1,1,1,1,0,0,0,0,1,NULL,NULL,0,1,1,0.00,NULL,NULL,1,1,1,NULL,NULL,1,NULL,0.00,1,0.00,NULL,NULL,NULL,NULL,1,1,1,NULL,NULL,1,NULL,0.00,2,0.00,NULL,0.00,NULL,1,1,1,0.00,0.00,1,1,0.00,0.00,1,1,1,NULL,NULL,1,NULL,NULL,1,'2020-04-08 03:05:36','2020-04-08 16:22:45',NULL),(8729,3104,88,'Adicional Fam a cargo Obra Soc.',4034,40340,74,5,NULL,2,1,1,1,0,0,1,0,1,NULL,NULL,1,1,1,3.00,1,NULL,1,1,1,NULL,NULL,1,NULL,0.00,5,0.00,224,1,NULL,NULL,3,1,1,2,4,1,NULL,0.00,6,0.00,1,0.00,5,1,1,1,0.00,0.00,1,1,0.00,0.00,1,1,1,NULL,NULL,1,NULL,NULL,1,'2020-04-08 03:05:36','2022-06-10 00:34:22','2022-06-10 00:34:22'),(8730,3104,88,'Adicional Fam a cargo Obra Soc',4034,40340,74,5,NULL,2,1,1,1,0,0,1,0,1,NULL,NULL,1,1,2,0.00,1,NULL,1,1,1,NULL,NULL,1,NULL,0.00,5,0.00,224,1,NULL,NULL,3,1,1,2,4,1,NULL,0.00,6,0.00,1,0.00,3,1,1,1,0.00,0.00,1,1,0.00,0.00,1,1,1,NULL,NULL,1,NULL,NULL,1,'2020-04-08 06:05:36','2022-06-10 00:55:04',NULL),(8731,3104,88,'Copia de BÁSICO CONVENIO',1041,10410,NULL,1,NULL,1,1,1,1,0,1,1,0,1,NULL,NULL,0,1,2,0.00,34,NULL,2,2,3,NULL,NULL,1,NULL,0.00,2,0.00,NULL,NULL,17,NULL,1,1,1,NULL,NULL,1,NULL,0.00,1,0.00,8,0.00,NULL,1,1,1,0.00,0.00,1,1,0.00,0.00,1,1,1,NULL,NULL,1,NULL,NULL,1,'2020-04-08 03:05:36','2022-06-10 00:50:15',NULL),(8732,3104,88,'Copia de Antiguedad',1050,11112,NULL,1,NULL,1,1,1,1,1,1,1,NULL,1,NULL,NULL,0,1,2,0.00,12,NULL,1,1,1,NULL,NULL,1,NULL,0.00,5,0.00,NULL,NULL,NULL,NULL,3,2,2,2,4,1,NULL,0.00,6,0.00,NULL,0.00,3,1,1,1,0.00,0.00,1,1,0.00,0.00,1,1,1,NULL,NULL,1,NULL,NULL,1,'2020-04-17 10:57:29','2022-06-10 00:51:53',NULL),(8733,3104,88,'Copia de Presentismo',1070,11116,NULL,1,NULL,1,1,1,1,0,1,1,0,1,NULL,NULL,1,1,1,8.33,NULL,NULL,1,1,1,NULL,NULL,1,NULL,0.00,5,0.00,NULL,NULL,NULL,NULL,3,1,1,2,4,1,NULL,0.00,6,0.00,NULL,0.00,3,2,4,2,-2.00,0.00,1,1,0.00,0.00,3,1,1,2,2,1,NULL,NULL,1,'2020-04-08 03:05:36','2022-06-10 00:53:21',NULL);

--
-- Table structure for table `syj_conceptos_afip`
--

CREATE TABLE `syj_conceptos_afip` (
  `id` int(10) unsigned NOT NULL AUTO_INCREMENT,
  `codigo` varchar(191) COLLATE utf8mb4_unicode_ci NOT NULL,
  `descripcion` varchar(191) COLLATE utf8mb4_unicode_ci NOT NULL,
  `tipo` varchar(191) COLLATE utf8mb4_unicode_ci NOT NULL,
  `habilitado` tinyint(1) NOT NULL DEFAULT '1',
  `marca_repet` int(11) NOT NULL,
  `sipa_apor` int(11) NOT NULL,
  `sipa_cont` int(11) NOT NULL,
  `inssjyp_apor` int(11) NOT NULL,
  `inssjyp_cont` int(11) NOT NULL,
  `ooss_apor` int(11) NOT NULL,
  `ooss_cont` int(11) NOT NULL,
  `fondo_sol_red_apor` int(11) NOT NULL,
  `fondo_sol_red_cont` int(11) NOT NULL,
  `renatea_apor` int(11) NOT NULL,
  `renatea_cont` int(11) NOT NULL,
  `libre_1` int(11) NOT NULL,
  `asig_fam_con` int(11) NOT NULL,
  `libre_2` int(11) NOT NULL,
  `fondo_nac_emp_cont` int(11) NOT NULL,
  `libre_3` int(11) NOT NULL,
  `lrt_cont` int(11) NOT NULL,
  `regim_dif_aport` int(11) NOT NULL,
  `libre_4` int(11) NOT NULL,
  `regim_esp_apor` int(11) NOT NULL,
  `libre_5` int(11) NOT NULL,
  `created_at` timestamp NULL DEFAULT NULL,
  `updated_at` timestamp NULL DEFAULT NULL,
  `deleted_at` timestamp NULL DEFAULT NULL,
  PRIMARY KEY (`id`)
) ENGINE=InnoDB AUTO_INCREMENT=77 DEFAULT CHARSET=utf8mb4 COLLATE=utf8mb4_unicode_ci;

--
-- Dumping data for table `syj_conceptos_afip`
--

INSERT INTO `syj_conceptos_afip` VALUES (1,'110000','Sueldo','Remunerativos',1,0,1,1,1,1,1,1,1,1,1,1,0,1,0,1,0,1,0,1,0,0,NULL,'2021-03-15 10:27:22',NULL),(2,'110001','Preaviso','Remunerativos',1,0,1,1,1,1,1,1,1,1,1,1,0,1,0,1,0,1,0,1,0,0,NULL,'2021-03-15 10:27:22',NULL),(3,'110002','Remuneraciones en especie','Remunerativos',1,0,1,1,1,1,1,1,1,1,1,1,0,1,0,1,0,1,0,1,0,0,NULL,'2021-03-15 10:27:22',NULL),(4,'110003','Comida','Remunerativos',1,0,1,1,1,1,1,1,1,1,1,1,0,1,0,1,0,1,0,1,0,0,NULL,'2021-03-15 10:27:22',NULL),(5,'110004','Habitación','Remunerativos',1,0,1,1,1,1,1,1,1,1,1,1,0,1,0,1,0,1,0,1,0,0,NULL,'2021-03-15 10:27:22',NULL),(6,'110005','Licencias por estudio','Remunerativos',1,0,1,1,1,1,1,1,1,1,1,1,0,1,0,1,0,1,0,1,0,0,NULL,'2021-03-15 10:27:22',NULL),(7,'110006','Donación de sangre','Remunerativos',1,0,1,1,1,1,1,1,1,1,1,1,0,1,0,1,0,1,0,1,0,0,NULL,'2021-03-15 10:27:22',NULL),(8,'110007','Feriado','Remunerativos',1,0,1,1,1,1,1,1,1,1,1,1,0,1,0,1,0,1,0,1,0,0,NULL,'2021-03-15 10:27:22',NULL),(9,'110008','Prest. Dineraria Ley 24577 (primeros 10d)','Remunerativos',1,0,1,1,1,1,1,1,1,1,1,1,0,1,0,1,0,1,0,1,0,0,NULL,'2021-03-15 10:27:22',NULL),(10,'110009','Prest. Dineraria Ley 24577 (a cargo de ART)','Remunerativos',1,0,1,1,1,1,1,1,1,1,1,1,0,1,0,1,0,1,0,1,0,0,NULL,'2021-03-15 10:27:22',NULL),(11,'120000','Sueldo anual complementario','Remunerativos',1,0,1,1,1,1,1,1,1,1,1,1,0,1,0,1,0,1,0,1,0,0,NULL,'2021-03-15 10:27:22',NULL),(12,'120001','SAC 1er semestre','Remunerativos',1,0,1,1,1,1,1,1,1,1,1,1,0,1,0,1,0,1,0,1,0,0,NULL,'2021-03-15 10:27:22',NULL),(13,'120002','SAC 2do semestre','Remunerativos',1,0,1,1,1,1,1,1,1,1,1,1,0,1,0,1,0,1,0,1,0,0,NULL,'2021-03-15 10:27:22',NULL),(14,'120003','SAC proporcional','Remunerativos',1,0,1,1,1,1,1,1,1,1,1,1,0,1,0,1,0,1,0,1,0,0,NULL,'2021-03-15 10:27:22',NULL),(15,'130000','Horas extras','Remunerativos',1,0,1,1,1,1,1,1,1,1,1,1,0,1,0,1,0,1,0,1,0,0,NULL,'2021-03-15 10:27:22',NULL),(16,'130001','Horas extras al 50 %','Remunerativos',1,0,1,1,1,1,1,1,1,1,1,1,0,1,0,1,0,1,0,1,0,0,NULL,'2021-03-15 10:27:22',NULL),(17,'130002','Horas extras al 100 %','Remunerativos',1,0,1,1,1,1,1,1,1,1,1,1,0,1,0,1,0,1,0,1,0,0,NULL,'2021-03-15 10:27:22',NULL),(18,'130003','Horas extras al 200 %','Remunerativos',1,0,1,1,1,1,1,1,1,1,1,1,0,1,0,1,0,1,0,1,0,0,NULL,'2021-03-15 10:27:22',NULL),(19,'140000','Zona desfavorable','Remunerativos',1,0,1,1,1,1,1,1,1,1,1,1,0,1,0,1,0,1,0,1,0,0,NULL,'2021-03-15 10:27:22',NULL),(20,'150000','Adelanto vacacional','Remunerativos',1,0,1,1,1,1,1,1,1,1,1,1,0,1,0,1,0,1,0,1,0,0,NULL,'2021-03-15 10:27:22',NULL),(21,'160000','Adicionales','Remunerativos',1,0,1,1,1,1,1,1,1,1,1,1,0,1,0,1,0,1,0,1,0,0,NULL,'2021-03-15 10:27:22',NULL),(22,'160001','Adicional por antigüedad','Remunerativos',1,0,1,1,1,1,1,1,1,1,1,1,0,1,0,1,0,1,0,1,0,0,NULL,'2021-03-15 10:27:22',NULL),(23,'160002','Adicional por título','Remunerativos',1,0,1,1,1,1,1,1,1,1,1,1,0,1,0,1,0,1,0,1,0,0,NULL,'2021-03-15 10:27:22',NULL),(24,'160003','Adicional por tarea','Remunerativos',1,0,1,1,1,1,1,1,1,1,1,1,0,1,0,1,0,1,0,1,0,0,NULL,'2021-03-15 10:27:22',NULL),(25,'160004','Adicional por desarraigo','Remunerativos',1,0,1,1,1,1,1,1,1,1,1,1,0,1,0,1,0,1,0,1,0,0,NULL,'2021-03-15 10:27:22',NULL),(26,'170000','Gratificaciones y/o Premios','Remunerativos',1,0,1,1,1,1,1,1,1,1,1,1,0,1,0,1,0,1,0,1,0,0,NULL,'2021-03-15 10:27:22',NULL),(27,'170001','Premio por presentismo','Remunerativos',1,0,1,1,1,1,1,1,1,1,1,1,0,1,0,1,0,1,0,1,0,0,NULL,'2021-03-15 10:27:22',NULL),(28,'170002','Premio por producción','Remunerativos',1,0,1,1,1,1,1,1,1,1,1,1,0,1,0,1,0,1,0,1,0,0,NULL,'2021-03-15 10:27:22',NULL),(29,'170003','Comisiones','Remunerativos',1,0,1,1,1,1,1,1,1,1,1,1,0,1,0,1,0,1,0,1,0,0,NULL,'2021-03-15 10:27:22',NULL),(30,'170004','Accesorios','Remunerativos',1,0,1,1,1,1,1,1,1,1,1,1,0,1,0,1,0,1,0,1,0,0,NULL,'2021-03-15 10:27:22',NULL),(31,'170005','Viáticos sin comprobante','Remunerativos',1,0,1,1,1,1,1,1,1,1,1,1,0,1,0,1,0,1,0,1,0,0,NULL,'2021-03-15 10:27:22',NULL);
INSERT INTO `syj_conceptos_afip` VALUES (32,'170006','Propinas habituales no prohibidas','Remunerativos',1,0,1,1,1,1,1,1,1,1,1,1,0,1,0,1,0,1,0,1,0,0,NULL,'2021-03-15 10:27:22',NULL),(33,'499999','Redondeo (Remunerativo)','Remunerativos',1,0,1,1,1,1,1,1,1,1,1,1,0,1,0,1,0,1,0,1,0,0,NULL,'2021-03-15 10:27:22',NULL),(34,'510000','Asignaciones Familiares','No remunerativos',1,0,0,0,0,0,0,0,0,0,0,0,0,0,0,0,0,0,0,0,0,0,NULL,NULL,NULL),(35,'510001','Ayuda escolar','No remunerativos',1,0,0,0,0,0,0,0,0,0,0,0,0,0,0,0,0,0,0,0,0,0,NULL,NULL,NULL),(36,'510002','Asignación por hijo/hijo con discapacidad','No remunerativos',1,0,0,0,0,0,0,0,0,0,0,0,0,0,0,0,0,0,0,0,0,0,NULL,NULL,NULL),(37,'510003','Asignación por maternidad','No remunerativos',1,0,0,0,0,0,0,0,0,0,0,0,0,0,0,0,0,0,0,0,0,0,NULL,NULL,NULL),(38,'510004','Asignación por maternidad down','No remunerativos',1,0,0,0,0,0,0,0,0,0,0,0,0,0,0,0,0,0,0,0,0,0,NULL,NULL,NULL),(39,'510005','Asignación por matrimonio','No remunerativos',1,0,0,0,0,0,0,0,0,0,0,0,0,0,0,0,0,0,0,0,0,0,NULL,NULL,NULL),(40,'510006','Asignación por nacimiento / adopción','No remunerativos',1,0,0,0,0,0,0,0,0,0,0,0,0,0,0,0,0,0,0,0,0,0,NULL,NULL,NULL),(41,'510007','Asignación por prenatal','No remunerativos',1,0,0,0,0,0,0,0,0,0,0,0,0,0,0,0,0,0,0,0,0,0,NULL,NULL,NULL),(42,'520000','Beneficios sociales','No remunerativos',1,0,0,0,0,0,0,0,0,0,0,0,0,0,0,0,0,0,0,0,0,0,NULL,NULL,NULL),(43,'520001','Servicio de comedor','No remunerativos',1,0,0,0,0,0,0,0,0,0,0,0,0,0,0,0,0,0,0,0,0,0,NULL,NULL,NULL),(44,'520002','Gastos médicos','No remunerativos',1,0,0,0,0,0,0,0,0,0,0,0,0,0,0,0,0,0,0,0,0,0,NULL,NULL,NULL),(45,'520003','Provisión de ropa de trabajo','No remunerativos',1,0,0,0,0,0,0,0,0,0,0,0,0,0,0,0,0,0,0,0,0,0,NULL,NULL,NULL),(46,'520004','Guardería','No remunerativos',1,0,0,0,0,0,0,0,0,0,0,0,0,0,0,0,0,0,0,0,0,0,NULL,NULL,NULL),(47,'520005','Provisión de útiles escolares','No remunerativos',1,0,0,0,0,0,0,0,0,0,0,0,0,0,0,0,0,0,0,0,0,0,NULL,NULL,NULL),(48,'520006','Gastos de sepelio','No remunerativos',1,0,0,0,0,0,0,0,0,0,0,0,0,0,0,0,0,0,0,0,0,0,NULL,NULL,NULL),(49,'520007','Cursos de capacitación','No remunerativos',1,0,0,0,0,0,0,0,0,0,0,0,0,0,0,0,0,0,0,0,0,0,NULL,NULL,NULL),(50,'520008','Becas (art. 7 Ley 24.241 y modif.)','No remunerativos',1,0,0,0,0,0,0,0,0,0,0,0,0,0,0,0,0,0,0,0,0,0,NULL,NULL,NULL),(51,'520009','Desempleo (art. 7 Ley 24.241 y modif.)','No remunerativos',1,0,0,0,0,0,0,0,0,0,0,0,0,0,0,0,0,0,0,0,0,0,NULL,NULL,NULL),(52,'520010','Gratificación por cese laboral (art. 7 Ley 24.241 y modif.)','No remunerativos',1,0,0,0,0,0,0,0,0,0,0,0,0,0,0,0,0,0,0,0,0,0,NULL,NULL,NULL),(53,'520011','Indemnización por extinción del contrato de trabajo (art. 7 Ley 24.241 y modif.)','No remunerativos',1,0,0,0,0,0,0,0,0,0,0,0,0,0,0,0,0,0,0,0,0,0,NULL,NULL,NULL),(54,'520012','Vacaciones no gozadas (art. 7 Ley 24.241 y modif.)','No remunerativos',1,0,0,0,0,0,0,0,0,0,0,0,0,0,0,0,0,0,0,0,0,0,NULL,NULL,NULL),(55,'520013','Incapacidad permanente (art. 7 Ley 24.241 y modif.)','No remunerativos',1,0,0,0,0,0,0,0,0,0,0,0,0,0,0,0,0,0,0,0,0,0,NULL,NULL,NULL),(56,'520014','Indemización por despido','No remunerativos',1,0,0,0,0,0,0,0,0,0,0,0,0,0,0,0,0,0,0,0,0,0,NULL,NULL,NULL),(57,'520015','Indemización sustitutiva del preaviso','No remunerativos',1,0,0,0,0,0,0,0,0,0,0,0,0,0,0,0,0,0,0,0,0,0,NULL,NULL,NULL),(58,'520016','Integración mes de despido','No remunerativos',1,0,0,0,0,0,0,0,0,0,0,0,0,0,0,0,0,0,0,0,0,0,NULL,NULL,NULL),(59,'520017','SAC sobre integración o preaviso','No remunerativos',1,0,0,0,0,0,0,0,0,0,0,0,0,0,0,0,0,0,0,0,0,0,NULL,NULL,NULL),(60,'520018','SAC sobre vacaciones no gozadas','No remunerativos',1,0,0,0,0,0,0,0,0,0,0,0,0,0,0,0,0,0,0,0,0,0,NULL,NULL,NULL),(61,'530000','Incrementos no remunerativos (con aportes OS)','No remunerativos',1,0,0,0,0,0,1,0,1,0,0,0,0,0,0,0,0,0,0,0,0,0,NULL,'2021-06-10 17:38:13',NULL),(62,'540000','Incrementos no remunerativos (con aportes y contribuciones OS)','No remunerativos',1,0,0,0,0,0,1,1,1,1,0,0,0,0,0,0,0,0,0,0,0,0,NULL,NULL,NULL);
INSERT INTO `syj_conceptos_afip` VALUES (63,'550000','Importes no remunerativos especiales','No remunerativos',1,0,1,1,1,1,1,1,1,1,1,1,0,1,0,1,0,1,0,1,1,0,NULL,'2021-03-15 10:27:22',NULL),(64,'799999','Redondeo (No Remunerativo)','No remunerativos',1,0,0,0,0,0,0,0,0,0,0,0,0,0,0,0,0,0,0,0,0,0,NULL,NULL,NULL),(65,'810000','Sistema previsional','Descuentos',1,0,0,0,0,0,0,0,0,0,0,0,0,0,0,0,0,0,0,0,0,0,NULL,NULL,NULL),(66,'810001','INSSJyP','Descuentos',1,0,0,0,0,0,0,0,0,0,0,0,0,0,0,0,0,0,0,0,0,0,NULL,NULL,NULL),(67,'810002','Obra Social','Descuentos',1,0,0,0,0,0,0,0,0,0,0,0,0,0,0,0,0,0,0,0,0,0,NULL,NULL,NULL),(68,'810003','Fondo Solidario de Redistribución (ex ANSSAL)','Descuentos',1,0,0,0,0,0,0,0,0,0,0,0,0,0,0,0,0,0,0,0,0,0,NULL,NULL,NULL),(69,'810004','Cuota Sindical','Descuentos',1,0,0,0,0,0,0,0,0,0,0,0,0,0,0,0,0,0,0,0,0,0,NULL,NULL,NULL),(70,'810005','Seguro de Vida','Descuentos',1,0,0,0,0,0,0,0,0,0,0,0,0,0,0,0,0,0,0,0,0,0,NULL,NULL,NULL),(71,'810006','RENATEA (ex RENATRE)','Descuentos',1,0,0,0,0,0,0,0,0,0,0,0,0,0,0,0,0,0,0,0,0,0,NULL,NULL,NULL),(72,'810007','Préstamos','Descuentos',1,0,0,0,0,0,0,0,0,0,0,0,0,0,0,0,0,0,0,0,0,0,NULL,NULL,NULL),(73,'810008','Impuesto a las Ganancias','Descuentos',1,0,0,0,0,0,0,0,0,0,0,0,0,0,0,0,0,0,0,0,0,0,NULL,NULL,NULL),(74,'810009','Obra Social - Adherentes','Descuentos',1,0,0,0,0,0,0,0,0,0,0,0,0,0,0,0,0,0,0,0,0,0,NULL,NULL,NULL),(75,'810010','Fondo Solidario de Redistribución (ex ANSSAL) - Adherentes','Descuentos',1,0,0,0,0,0,0,0,0,0,0,0,0,0,0,0,0,0,0,0,0,0,NULL,NULL,NULL),(76,'820000','Otros descuentos','Descuentos',1,0,0,0,0,0,0,0,0,0,0,0,0,0,0,0,0,0,0,0,0,0,NULL,NULL,NULL);

--
-- Table structure for table `syj_config`
--

CREATE TABLE `syj_config` (
  `id` int(10) unsigned NOT NULL AUTO_INCREMENT,
  `user_id` int(10) unsigned DEFAULT NULL,
  `person_id` int(10) unsigned NOT NULL,
  `tipo_empleador_id` int(10) unsigned NOT NULL,
  `alic_aporte_contri_id` int(10) unsigned NOT NULL,
  `actividad_id` int(10) unsigned NOT NULL,
  `obra_social_id` int(10) unsigned NOT NULL,
  `zonageografica_id` int(10) unsigned NOT NULL,
  `reduccion_zona_geografica` tinyint(1) DEFAULT '0',
  `aplica_art_4_dto_814` tinyint(1) DEFAULT '0',
  `recupero_iva_suss` decimal(20,2) DEFAULT '0.00',
  `art_alicuota_porc` decimal(20,4) DEFAULT '0.0000',
  `art_alicuota_fija` decimal(20,2) DEFAULT '0.00',
  `prima_individual` decimal(20,2) DEFAULT '0.00',
  `prox_nro_rec` int(11) DEFAULT NULL,
  `syj_recibos_modelo_id` int(10) unsigned DEFAULT '1',
  `prox_nro_folio` int(11) DEFAULT NULL,
  `nro_tomo` int(11) DEFAULT NULL,
  `tituloley20744_id` int(10) unsigned DEFAULT NULL,
  `nro_inscr_min_trabajo` int(11) DEFAULT NULL,
  `logo` varchar(191) COLLATE utf8mb4_unicode_ci DEFAULT NULL,
  `firma` varchar(191) COLLATE utf8mb4_unicode_ci DEFAULT NULL,
  `habilitado` tinyint(1) NOT NULL DEFAULT '1',
  `created_at` timestamp NULL DEFAULT NULL,
  `updated_at` timestamp NULL DEFAULT NULL,
  `deleted_at` timestamp NULL DEFAULT NULL,
  PRIMARY KEY (`id`),
  KEY `syj_config_person_id_foreign` (`person_id`),
  KEY `syj_config_tipo_empleador_id_foreign` (`tipo_empleador_id`),
  KEY `syj_config_alic_aporte_contri_id_foreign` (`alic_aporte_contri_id`),
  KEY `syj_config_actividad_id_foreign` (`actividad_id`),
  KEY `syj_config_obra_social_id_foreign` (`obra_social_id`),
  KEY `syj_config_zonageografica_id_foreign` (`zonageografica_id`),
  KEY `syj_config_tituloley20744_id_foreign` (`tituloley20744_id`),
  KEY `syj_config_syj_recibos_modelo_id_foreign` (`syj_recibos_modelo_id`),
  CONSTRAINT `syj_config_actividad_id_foreign` FOREIGN KEY (`actividad_id`) REFERENCES `syj_actividad` (`id`),
  CONSTRAINT `syj_config_alic_aporte_contri_id_foreign` FOREIGN KEY (`alic_aporte_contri_id`) REFERENCES `syj_alicuota_aporte_contribucion` (`id`),
  CONSTRAINT `syj_config_obra_social_id_foreign` FOREIGN KEY (`obra_social_id`) REFERENCES `syj_obra_social` (`id`),
  CONSTRAINT `syj_config_person_id_foreign` FOREIGN KEY (`person_id`) REFERENCES `persons` (`id`),
  CONSTRAINT `syj_config_syj_recibos_modelo_id_foreign` FOREIGN KEY (`syj_recibos_modelo_id`) REFERENCES `syj_recibos_modelos` (`id`),
  CONSTRAINT `syj_config_tipo_empleador_id_foreign` FOREIGN KEY (`tipo_empleador_id`) REFERENCES `syj_tipo_empleador` (`id`),
  CONSTRAINT `syj_config_tituloley20744_id_foreign` FOREIGN KEY (`tituloley20744_id`) REFERENCES `syj_tituloley20744` (`id`),
  CONSTRAINT `syj_config_zonageografica_id_foreign` FOREIGN KEY (`zonageografica_id`) REFERENCES `syj_zonageografica` (`id`)
) ENGINE=InnoDB AUTO_INCREMENT=2 DEFAULT CHARSET=utf8mb4 COLLATE=utf8mb4_unicode_ci;

--
-- Dumping data for table `syj_config`
--

INSERT INTO `syj_config` VALUES (1,3104,40719,2,2,50,227,2,0,0,0.00,1.7900,0.60,0.00,1,5,1,0,4,0,'','',1,'2021-03-15 15:17:55','2021-03-15 15:17:55',NULL);

--
-- Table structure for table `syj_convenio_categoria_columnas`
--

CREATE TABLE `syj_convenio_categoria_columnas` (
  `id` int(10) unsigned NOT NULL AUTO_INCREMENT,
  `user_id` int(10) unsigned DEFAULT NULL,
  `descripcion` varchar(191) COLLATE utf8mb4_unicode_ci DEFAULT NULL,
  `funcion` varchar(191) COLLATE utf8mb4_unicode_ci DEFAULT NULL,
  `habilitado` tinyint(1) NOT NULL DEFAULT '1',
  `created_at` timestamp NULL DEFAULT NULL,
  `updated_at` timestamp NULL DEFAULT NULL,
  `deleted_at` timestamp NULL DEFAULT NULL,
  PRIMARY KEY (`id`)
) ENGINE=InnoDB AUTO_INCREMENT=9 DEFAULT CHARSET=utf8mb4 COLLATE=utf8mb4_unicode_ci;

--
-- Dumping data for table `syj_convenio_categoria_columnas`
--

INSERT INTO `syj_convenio_categoria_columnas` VALUES (1,NULL,'Basico','basico',1,'2020-05-28 20:55:25','2020-05-28 20:55:25',NULL),(2,NULL,'Total Hs Mensuales','total_hs_mens',1,'2020-05-28 20:55:25','2020-05-28 20:55:25',NULL),(3,NULL,'Horas Jornada Completa','hs_jor_compl',1,'2020-05-28 20:55:25','2020-05-28 20:55:25',NULL),(4,NULL,'Adicional 1','adicional_1',1,'2020-05-28 20:55:25','2020-05-28 20:55:25',NULL),(5,NULL,'Adicional 2','adicional_2',1,'2020-05-28 20:55:25','2020-05-28 20:55:25',NULL),(6,NULL,'Adicional 3','adicional_3',1,'2020-05-28 20:55:25','2020-05-28 20:55:25',NULL),(7,NULL,'Adicional 4','adicional_4',1,'2020-05-28 20:55:25','2020-05-28 20:55:25',NULL),(8,NULL,'Adicional 5','adicional_5',1,'2020-05-28 20:55:25','2020-05-28 20:55:25',NULL);

--
-- Table structure for table `syj_convenio_categorias`
--

CREATE TABLE `syj_convenio_categorias` (
  `id` int(10) unsigned NOT NULL AUTO_INCREMENT,
  `user_id` int(10) unsigned DEFAULT NULL,
  `syj_convenio_id` int(10) unsigned NOT NULL,
  `descripcion` varchar(191) COLLATE utf8mb4_unicode_ci DEFAULT NULL,
  `basico` decimal(16,2) NOT NULL,
  `total_hs_mens` decimal(16,2) NOT NULL,
  `hs_jor_compl` decimal(16,2) NOT NULL,
  `adicional_1` decimal(16,2) NOT NULL,
  `adicional_2` decimal(16,2) NOT NULL,
  `adicional_3` decimal(16,2) NOT NULL,
  `adicional_4` decimal(16,2) NOT NULL,
  `adicional_5` decimal(16,2) NOT NULL,
  `habilitado` tinyint(1) NOT NULL DEFAULT '1',
  `created_at` timestamp NULL DEFAULT NULL,
  `updated_at` timestamp NULL DEFAULT NULL,
  `deleted_at` timestamp NULL DEFAULT NULL,
  PRIMARY KEY (`id`),
  KEY `syj_convenio_categorias_syj_convenio_id_foreign` (`syj_convenio_id`),
  CONSTRAINT `syj_convenio_categorias_syj_convenio_id_foreign` FOREIGN KEY (`syj_convenio_id`) REFERENCES `syj_convenios` (`id`)
) ENGINE=InnoDB AUTO_INCREMENT=692 DEFAULT CHARSET=utf8mb4 COLLATE=utf8mb4_unicode_ci;

--
-- Dumping data for table `syj_convenio_categorias`
--

INSERT INTO `syj_convenio_categorias` VALUES (25,1,5,'Administrativa A',35395.20,192.00,8.00,0.00,0.00,0.00,0.00,0.00,1,'2020-04-07 03:01:58','2020-05-06 16:30:07',NULL),(26,1,5,'Auxiliar B',35891.01,192.00,8.00,0.00,0.00,0.00,0.00,0.00,1,'2020-04-07 03:01:58','2020-05-06 16:31:59',NULL),(27,1,5,'Auxiliar Especializado A',18482.38,200.00,8.00,0.00,0.00,0.00,0.00,0.00,1,'2020-04-07 03:01:58','2020-05-06 16:32:01',NULL),(28,1,5,'Auxiliar Especializado B',18448.32,200.00,8.00,0.00,0.00,0.00,0.00,0.00,1,'2020-04-07 03:01:58','2020-05-06 16:32:07',NULL),(29,1,5,'Cajeros B',18397.39,200.00,8.00,0.00,0.00,0.00,0.00,0.00,1,'2020-04-07 03:01:58','2020-05-06 16:33:25',NULL),(30,1,5,'Maestranza A',17938.64,200.00,8.00,0.00,0.00,0.00,0.00,0.00,1,'2020-04-07 03:01:58','2020-05-06 16:32:12',NULL),(31,1,5,'Personal Auxilar A',18278.39,200.00,8.00,0.00,0.00,0.00,0.00,0.00,1,'2020-04-07 03:01:58','2020-05-06 16:32:18',NULL),(32,1,5,'Vendedores B',36552.38,192.00,8.00,0.00,0.00,0.00,0.00,0.00,1,'2020-04-07 03:01:58','2020-05-06 16:32:24',NULL),(33,3104,6,'Administrativa A',42467.90,96.00,4.00,0.00,0.00,0.00,0.00,0.00,1,'2020-04-07 03:01:58','2021-03-15 16:33:54',NULL),(34,1,6,'Auxiliar B',35891.01,192.00,8.00,0.00,0.00,0.00,0.00,0.00,1,'2020-04-07 03:01:58','2020-05-06 16:31:59',NULL),(35,1,6,'Auxiliar Especializado A',18482.38,200.00,8.00,0.00,0.00,0.00,0.00,0.00,1,'2020-04-07 03:01:58','2020-05-06 16:32:01',NULL),(36,1,6,'Auxiliar Especializado B',18448.32,200.00,8.00,0.00,0.00,0.00,0.00,0.00,1,'2020-04-07 03:01:58','2020-05-06 16:32:07',NULL),(37,1,6,'Cajeros B',18397.39,200.00,8.00,0.00,0.00,0.00,0.00,0.00,1,'2020-04-07 03:01:58','2020-05-06 16:33:25',NULL),(38,1,6,'Maestranza A',17938.64,200.00,8.00,0.00,0.00,0.00,0.00,0.00,1,'2020-04-07 03:01:58','2020-05-06 16:32:12',NULL),(39,1,6,'Personal Auxilar A',18278.39,200.00,8.00,0.00,0.00,0.00,0.00,0.00,1,'2020-04-07 03:01:58','2020-05-06 16:32:18',NULL),(40,3104,6,'Vendedores B',42467.90,96.00,4.00,0.00,0.00,0.00,0.00,0.00,1,'2020-04-07 03:01:58','2021-03-15 16:34:56',NULL),(41,1,7,'Director',0.00,192.00,8.00,0.00,0.00,0.00,0.00,0.00,1,'2020-04-07 03:01:58','2020-05-12 12:37:52',NULL),(42,1,7,'Gerente',0.00,192.00,8.00,0.00,0.00,0.00,0.00,0.00,1,'2020-04-07 03:01:58','2020-05-12 12:38:07',NULL),(95,88,13,'CATEGORIA 1',127.01,192.00,8.00,0.00,0.00,0.00,0.00,0.00,1,'2020-04-07 03:01:58','2020-05-13 10:33:33',NULL),(96,88,13,'CATEGORIA 2',500.00,192.00,8.00,0.00,0.00,0.00,0.00,0.00,1,'2020-04-07 03:01:58','2020-05-13 10:33:52',NULL),(104,88,14,'2da CATEGORIA',38681.74,192.00,8.00,0.00,0.00,0.00,0.00,0.00,1,'2020-04-07 03:01:58','2020-05-13 15:18:05',NULL),(105,88,14,'4ta. CATEGORIA',35160.69,192.00,8.00,0.00,0.00,0.00,0.00,0.00,1,'2020-05-13 12:33:41','2020-05-13 12:33:41',NULL),(106,88,14,'ADMINISTRATIVA DE 3ra. CATEGORIA',0.00,192.00,8.00,0.00,0.00,0.00,0.00,0.00,1,'2020-05-13 12:34:18','2020-05-13 12:34:18',NULL),(107,88,14,'INSTRUMENTADORA 3ra. CATEGORIA',0.00,192.00,8.00,0.00,0.00,0.00,0.00,0.00,1,'2020-05-13 12:34:47','2020-05-13 12:34:47',NULL),(110,88,15,'ASISTENTE GERIATRICA',35762.82,200.00,8.00,0.00,0.00,0.00,0.00,0.00,1,'2020-05-13 12:34:18','2020-05-13 15:46:16',NULL),(112,88,15,'PERSONAL DE LAVADERO Y ROPERIA',34987.49,200.00,8.00,0.00,0.00,0.00,0.00,0.00,1,'2020-05-13 15:46:58','2020-05-13 15:46:58',NULL),(113,88,15,'MUCAMA DE PISO, CONSULTORIO EXTERNO Y GERIATRICO',34793.74,200.00,8.00,0.00,0.00,0.00,0.00,0.00,1,'2020-05-13 15:48:01','2020-05-13 15:48:01',NULL),(114,88,15,'OFICIAL MANTENIMIENTO',39994.89,200.00,8.00,0.00,0.00,0.00,0.00,0.00,1,'2020-05-13 15:48:48','2020-05-13 15:48:48',NULL),(115,88,15,'MEDIO OFICIAL MANTENIMIENTO',37668.62,200.00,8.00,0.00,0.00,0.00,0.00,0.00,1,'2020-05-13 15:49:23','2020-05-13 15:49:23',NULL),(116,88,15,'PRIMER COCINERO/A',39994.89,200.00,8.00,0.00,0.00,0.00,0.00,0.00,1,'2020-05-13 15:51:12','2020-05-13 15:51:12',NULL),(117,88,15,'SEGUNDO COCINERO/A',37798.01,200.00,8.00,0.00,0.00,0.00,0.00,0.00,1,'2020-05-13 15:51:47','2020-05-13 15:51:47',NULL);
INSERT INTO `syj_convenio_categorias` VALUES (118,88,15,'AYUDANTE DE COCINA Y CACEROLERO',37022.75,200.00,8.00,0.00,0.00,0.00,0.00,0.00,1,'2020-05-13 15:52:40','2020-05-13 15:52:40',NULL),(119,88,15,'PEONES DE COCINA',34793.74,200.00,8.00,0.00,0.00,0.00,0.00,0.00,1,'2020-05-13 15:53:19','2020-05-13 15:53:19',NULL),(120,88,15,'ADMINISTRATIVO 3RA CATEGORIA',36667.37,200.00,8.00,0.00,0.00,0.00,0.00,0.00,1,'2020-05-13 15:54:04','2020-05-13 15:54:04',NULL),(121,88,15,'CADETE',32693.59,200.00,8.00,0.00,0.00,0.00,0.00,0.00,1,'2020-05-13 15:54:30','2020-05-13 15:54:30',NULL),(122,88,15,'AUXILIAR DE ENFERMERIA',37281.06,200.00,8.00,0.00,0.00,0.00,0.00,0.00,1,'2020-05-13 15:55:06','2020-05-13 15:55:06',NULL),(123,88,16,'OFICIAL',175.06,176.00,9.00,0.00,0.00,0.00,0.00,0.00,1,'2020-04-07 03:01:58','2020-05-19 11:05:40',NULL),(124,88,16,'PEON / AYUDANTE',148.17,176.00,9.00,0.00,0.00,0.00,0.00,0.00,1,'2020-04-07 03:01:58','2020-05-28 14:27:23',NULL),(125,88,17,'1RA CATEGORIA: JEFE',40000.00,192.00,8.00,0.00,0.00,0.00,0.00,0.00,1,'2020-04-07 03:01:58','2020-05-19 11:21:34',NULL),(126,88,17,'2DA CATEGORIA: ADM. POLIVALENTE A',35891.01,192.00,8.00,0.00,0.00,0.00,0.00,0.00,1,'2020-04-07 03:01:58','2020-05-19 11:22:03',NULL),(127,88,17,'3RA CATEGORIA: ADM. POLIVALENTE B',18482.38,200.00,8.00,0.00,0.00,0.00,0.00,0.00,1,'2020-04-07 03:01:58','2020-05-19 11:22:26',NULL),(128,88,17,'4TA CATEGORIA: ADM. POLIVALENTE C',37370.26,200.00,8.00,0.00,0.00,0.00,0.00,0.00,1,'2020-04-07 03:01:58','2020-05-19 14:11:06',NULL),(129,88,17,'5TA. CATEGORIA: CADETE',18397.39,200.00,8.00,0.00,0.00,0.00,0.00,0.00,1,'2020-04-07 03:01:58','2020-05-19 11:23:26',NULL),(133,88,18,'MEZCLADOR',137.53,176.00,8.00,0.00,0.00,0.00,0.00,0.00,1,'2020-04-07 03:01:58','2020-05-19 14:28:33',NULL),(134,88,18,'PRENSERO',129.62,176.00,8.00,0.00,0.00,0.00,0.00,0.00,1,'2020-04-07 03:01:58','2020-05-19 14:28:42',NULL),(135,88,19,'CATEGORIA E',120.57,180.00,8.00,0.00,0.00,0.00,0.00,0.00,1,'2020-04-07 03:01:58','2020-05-19 15:26:59',NULL),(136,88,19,'CATEGORIA C',500.00,180.00,8.00,0.00,0.00,0.00,0.00,0.00,1,'2020-04-07 03:01:58','2020-05-19 15:27:16',NULL),(142,88,20,'BARMAN',17938.64,192.00,8.00,0.00,0.00,0.00,0.00,0.00,1,'2020-04-07 03:01:58','2020-05-20 09:11:49',NULL),(143,88,20,'COCINERO',18278.39,192.00,8.00,0.00,0.00,0.00,0.00,0.00,1,'2020-04-07 03:01:58','2020-05-20 09:12:01',NULL),(144,88,20,'MOZO',24840.00,192.00,8.00,0.00,0.00,0.00,0.00,0.00,1,'2020-04-07 03:01:58','2020-05-20 09:12:27',NULL),(152,88,21,'OFICIAL',26800.00,192.00,8.00,0.00,0.00,0.00,0.00,0.00,1,'2020-04-07 03:01:58','2020-05-28 11:58:12',NULL),(159,88,22,'Conductor de 1ra Categoria',40921.80,240.00,8.00,0.00,0.00,0.00,0.00,0.00,1,'2020-04-07 03:01:58','2020-05-20 14:30:18',NULL),(160,88,22,'Peon especializado',37734.60,240.00,8.00,0.00,0.00,0.00,0.00,0.00,1,'2020-04-07 03:01:58','2020-05-20 14:30:49',NULL),(172,88,24,'CATEGORIA A',18448.32,192.00,8.00,0.00,0.00,0.00,0.00,0.00,1,'2020-04-07 03:01:58','2020-05-22 10:04:13',NULL),(174,88,24,'CATEGORIA B',17938.64,192.00,8.00,0.00,0.00,0.00,0.00,0.00,1,'2020-04-07 03:01:58','2020-05-22 10:04:26',NULL),(175,88,24,'CATEGORIA C',18278.39,192.00,8.00,0.00,0.00,0.00,0.00,0.00,1,'2020-04-07 03:01:58','2020-05-22 10:04:41',NULL),(176,88,24,'CATEGORIA D',57530.00,192.00,8.00,0.00,0.00,0.00,0.00,0.00,1,'2020-04-07 03:01:58','2020-05-22 10:04:59',NULL),(204,1,34,'VIGILADOR GENERAL',25500.00,200.00,8.00,0.00,0.00,0.00,0.00,0.00,1,'2020-04-07 03:01:58','2020-05-22 11:40:59',NULL),(205,1,34,'VIGILADOR PRINCIPAL',29821.00,200.00,8.00,0.00,0.00,0.00,0.00,0.00,1,'2020-04-07 03:01:58','2020-05-22 11:41:29',NULL),(206,1,34,'ADMINISTRATIVO',28742.00,200.00,8.00,0.00,0.00,0.00,0.00,0.00,1,'2020-04-07 03:01:58','2020-05-22 11:41:56',NULL),(207,3104,35,'Administrativa A',42467.90,96.00,4.00,0.00,0.00,0.00,0.00,0.00,1,'2020-04-07 06:01:58','2021-03-16 11:29:39','2021-03-16 11:29:39'),(208,3104,35,'Auxiliar B',35891.01,192.00,8.00,0.00,0.00,0.00,0.00,0.00,1,'2020-04-07 06:01:58','2021-03-16 11:29:39','2021-03-16 11:29:39');
INSERT INTO `syj_convenio_categorias` VALUES (209,3104,35,'Auxiliar Especializado A',18482.38,200.00,8.00,0.00,0.00,0.00,0.00,0.00,1,'2020-04-07 06:01:58','2021-03-16 11:29:39','2021-03-16 11:29:39'),(210,3104,35,'Auxiliar Especializado B',18448.32,200.00,8.00,0.00,0.00,0.00,0.00,0.00,1,'2020-04-07 06:01:58','2021-03-16 11:29:39','2021-03-16 11:29:39'),(211,3104,35,'Cajeros B',18397.39,200.00,8.00,0.00,0.00,0.00,0.00,0.00,1,'2020-04-07 06:01:58','2021-03-16 11:29:39','2021-03-16 11:29:39'),(212,3104,35,'Maestranza A',17938.64,200.00,8.00,0.00,0.00,0.00,0.00,0.00,1,'2020-04-07 06:01:58','2021-03-16 11:29:39','2021-03-16 11:29:39'),(213,3104,35,'Personal Auxilar A',18278.39,200.00,8.00,0.00,0.00,0.00,0.00,0.00,1,'2020-04-07 06:01:58','2021-03-16 11:29:39','2021-03-16 11:29:39'),(214,3104,35,'Vendedores B',42467.90,96.00,4.00,0.00,0.00,0.00,0.00,0.00,1,'2020-04-07 06:01:58','2021-03-16 11:29:39','2021-03-16 11:29:39'),(215,3104,36,'Administrativa A',42467.90,96.00,4.00,0.00,0.00,0.00,0.00,0.00,1,'2020-04-07 06:01:58','2021-03-18 01:16:03','2021-03-18 01:16:03'),(216,3104,36,'Auxiliar B',35891.01,192.00,8.00,0.00,0.00,0.00,0.00,0.00,1,'2020-04-07 06:01:58','2021-03-18 01:16:03','2021-03-18 01:16:03'),(217,3104,36,'Auxiliar Especializado A',18482.38,200.00,8.00,0.00,0.00,0.00,0.00,0.00,1,'2020-04-07 06:01:58','2021-03-18 01:16:03','2021-03-18 01:16:03'),(218,3104,36,'Auxiliar Especializado B',18448.32,200.00,8.00,0.00,0.00,0.00,0.00,0.00,1,'2020-04-07 06:01:58','2021-03-18 01:16:03','2021-03-18 01:16:03'),(219,3104,36,'Cajeros B',18397.39,200.00,8.00,0.00,0.00,0.00,0.00,0.00,1,'2020-04-07 06:01:58','2021-03-18 01:16:03','2021-03-18 01:16:03'),(220,3104,36,'Maestranza A',17938.64,200.00,8.00,0.00,0.00,0.00,0.00,0.00,1,'2020-04-07 06:01:58','2021-03-18 01:16:03','2021-03-18 01:16:03'),(221,3104,36,'Personal Auxilar A',18278.39,200.00,8.00,0.00,0.00,0.00,0.00,0.00,1,'2020-04-07 06:01:58','2021-03-18 01:16:03','2021-03-18 01:16:03'),(222,3104,36,'Vendedores B',42467.90,192.00,8.00,0.00,0.00,0.00,0.00,0.00,1,'2020-04-07 06:01:58','2021-03-18 01:16:03','2021-03-18 01:16:03'),(223,3104,36,'VENDEDOR A',42467.90,96.00,4.00,0.00,0.00,0.00,0.00,0.00,1,'2021-03-17 01:51:05','2021-03-18 01:16:03','2021-03-18 01:16:03'),(224,3104,37,'Administrativa A',42467.90,96.00,4.00,0.00,0.00,0.00,0.00,0.00,1,'2020-04-07 06:01:58','2021-03-15 19:33:54',NULL),(225,3104,37,'Auxiliar B',35891.01,192.00,8.00,0.00,0.00,0.00,0.00,0.00,1,'2020-04-07 06:01:58','2020-05-06 19:31:59',NULL),(226,3104,37,'Auxiliar Especializado A',18482.38,200.00,8.00,0.00,0.00,0.00,0.00,0.00,1,'2020-04-07 06:01:58','2020-05-06 19:32:01',NULL),(227,3104,37,'Auxiliar Especializado B',18448.32,200.00,8.00,0.00,0.00,0.00,0.00,0.00,1,'2020-04-07 06:01:58','2020-05-06 19:32:07',NULL),(228,3104,37,'Cajeros B',18397.39,200.00,8.00,0.00,0.00,0.00,0.00,0.00,1,'2020-04-07 06:01:58','2020-05-06 19:33:25',NULL),(229,3104,37,'Maestranza A',17938.64,200.00,8.00,0.00,0.00,0.00,0.00,0.00,1,'2020-04-07 06:01:58','2020-05-06 19:32:12',NULL),(230,3104,37,'Personal Auxilar A',18278.39,200.00,8.00,0.00,0.00,0.00,0.00,0.00,1,'2020-04-07 06:01:58','2020-05-06 19:32:18',NULL),(231,3104,37,'Vendedores B',42467.90,96.00,4.00,0.00,0.00,0.00,0.00,0.00,1,'2020-04-07 06:01:58','2021-03-15 19:34:56',NULL),(232,3104,37,'VENDEDOR A',42467.90,192.00,8.00,0.00,0.00,0.00,0.00,0.00,1,'2021-03-18 01:47:44','2021-03-18 01:47:44',NULL),(233,3104,38,'Administrativa A',42467.90,96.00,4.00,0.00,0.00,0.00,0.00,0.00,1,'2020-04-07 09:01:58','2021-03-27 18:28:47','2021-03-27 18:28:47'),(234,3104,38,'Auxiliar B',35891.01,192.00,8.00,0.00,0.00,0.00,0.00,0.00,1,'2020-04-07 09:01:58','2021-03-27 18:28:47','2021-03-27 18:28:47'),(235,3104,38,'Auxiliar Especializado A',18482.38,200.00,8.00,0.00,0.00,0.00,0.00,0.00,1,'2020-04-07 09:01:58','2021-03-27 18:28:47','2021-03-27 18:28:47'),(236,3104,38,'Auxiliar Especializado B',18448.32,200.00,8.00,0.00,0.00,0.00,0.00,0.00,1,'2020-04-07 09:01:58','2021-03-27 18:28:47','2021-03-27 18:28:47');
INSERT INTO `syj_convenio_categorias` VALUES (237,3104,38,'Cajeros B',18397.39,200.00,8.00,0.00,0.00,0.00,0.00,0.00,1,'2020-04-07 09:01:58','2021-03-27 18:28:47','2021-03-27 18:28:47'),(238,3104,38,'Maestranza A',17938.64,200.00,8.00,0.00,0.00,0.00,0.00,0.00,1,'2020-04-07 09:01:58','2021-03-27 18:28:47','2021-03-27 18:28:47'),(239,3104,38,'Personal Auxilar A',18278.39,200.00,8.00,0.00,0.00,0.00,0.00,0.00,1,'2020-04-07 09:01:58','2021-03-27 18:28:47','2021-03-27 18:28:47'),(240,3104,38,'Vendedores B',42467.90,96.00,4.00,0.00,0.00,0.00,0.00,0.00,1,'2020-04-07 09:01:58','2021-03-27 18:28:47','2021-03-27 18:28:47'),(241,3104,38,'VENDEDOR A',42467.90,192.00,8.00,0.00,0.00,0.00,0.00,0.00,1,'2021-03-18 04:47:44','2021-03-27 18:28:47','2021-03-27 18:28:47'),(242,3104,39,'Administrativa A',42467.90,96.00,4.00,0.00,0.00,0.00,0.00,0.00,1,'2020-04-07 09:01:58','2021-06-08 06:42:37','2021-06-08 06:42:37'),(243,3104,39,'Auxiliar B',35891.01,192.00,8.00,0.00,0.00,0.00,0.00,0.00,1,'2020-04-07 09:01:58','2021-06-08 06:42:37','2021-06-08 06:42:37'),(244,3104,39,'Auxiliar Especializado A',18482.38,200.00,8.00,0.00,0.00,0.00,0.00,0.00,1,'2020-04-07 09:01:58','2021-06-08 06:42:37','2021-06-08 06:42:37'),(245,3104,39,'Auxiliar Especializado B',18448.32,200.00,8.00,0.00,0.00,0.00,0.00,0.00,1,'2020-04-07 09:01:58','2021-06-08 06:42:37','2021-06-08 06:42:37'),(246,3104,39,'Cajeros B',18397.39,200.00,8.00,0.00,0.00,0.00,0.00,0.00,1,'2020-04-07 09:01:58','2021-06-08 06:42:37','2021-06-08 06:42:37'),(247,3104,39,'Maestranza A',17938.64,200.00,8.00,0.00,0.00,0.00,0.00,0.00,1,'2020-04-07 09:01:58','2021-06-08 06:42:37','2021-06-08 06:42:37'),(248,3104,39,'Personal Auxilar A',18278.39,200.00,8.00,0.00,0.00,0.00,0.00,0.00,1,'2020-04-07 09:01:58','2021-06-08 06:42:37','2021-06-08 06:42:37'),(249,3104,39,'Vendedores B',42467.90,96.00,4.00,0.00,0.00,0.00,0.00,0.00,1,'2020-04-07 09:01:58','2021-06-08 06:42:37','2021-06-08 06:42:37'),(250,3104,39,'VENDEDOR A',42467.90,192.00,8.00,0.00,0.00,0.00,0.00,0.00,1,'2021-03-18 04:47:44','2021-06-08 06:42:37','2021-06-08 06:42:37'),(251,3104,40,'Administrativa A',42467.90,96.00,4.00,0.00,0.00,0.00,0.00,0.00,1,'2020-04-07 09:01:58','2021-03-15 22:33:54',NULL),(252,3104,40,'Auxiliar B',35891.01,192.00,8.00,0.00,0.00,0.00,0.00,0.00,1,'2020-04-07 09:01:58','2020-05-06 22:31:59',NULL),(253,3104,40,'Auxiliar Especializado A',18482.38,200.00,8.00,0.00,0.00,0.00,0.00,0.00,1,'2020-04-07 09:01:58','2020-05-06 22:32:01',NULL),(254,3104,40,'Auxiliar Especializado B',18448.32,200.00,8.00,0.00,0.00,0.00,0.00,0.00,1,'2020-04-07 09:01:58','2020-05-06 22:32:07',NULL),(255,3104,40,'Cajeros B',18397.39,200.00,8.00,0.00,0.00,0.00,0.00,0.00,1,'2020-04-07 09:01:58','2020-05-06 22:33:25',NULL),(256,3104,40,'Maestranza A',17938.64,200.00,8.00,0.00,0.00,0.00,0.00,0.00,1,'2020-04-07 09:01:58','2020-05-06 22:32:12',NULL),(257,3104,40,'Personal Auxilar A',18278.39,200.00,8.00,0.00,0.00,0.00,0.00,0.00,1,'2020-04-07 09:01:58','2020-05-06 22:32:18',NULL),(258,3104,40,'Vendedores B',42467.90,96.00,4.00,0.00,0.00,0.00,0.00,0.00,1,'2020-04-07 09:01:58','2021-03-15 22:34:56',NULL),(259,3104,40,'VENDEDOR A',42467.90,192.00,8.00,0.00,0.00,0.00,0.00,0.00,1,'2021-03-18 04:47:44','2021-03-18 04:47:44',NULL),(260,3104,41,'Administrativa A',42467.90,96.00,4.00,0.00,0.00,0.00,0.00,0.00,1,'2020-04-07 12:01:58','2021-05-09 19:06:55','2021-05-09 19:06:55'),(261,3104,41,'Auxiliar B',35891.01,192.00,8.00,0.00,0.00,0.00,0.00,0.00,1,'2020-04-07 12:01:58','2021-05-09 19:06:55','2021-05-09 19:06:55'),(262,3104,41,'Auxiliar Especializado A',18482.38,200.00,8.00,0.00,0.00,0.00,0.00,0.00,1,'2020-04-07 12:01:58','2021-05-09 19:06:55','2021-05-09 19:06:55'),(263,3104,41,'Auxiliar Especializado B',18448.32,200.00,8.00,0.00,0.00,0.00,0.00,0.00,1,'2020-04-07 12:01:58','2021-05-09 19:06:55','2021-05-09 19:06:55'),(264,3104,41,'Cajeros B',18397.39,200.00,8.00,0.00,0.00,0.00,0.00,0.00,1,'2020-04-07 12:01:58','2021-05-09 19:06:55','2021-05-09 19:06:55');
INSERT INTO `syj_convenio_categorias` VALUES (265,3104,41,'Maestranza A',17938.64,200.00,8.00,0.00,0.00,0.00,0.00,0.00,1,'2020-04-07 12:01:58','2021-05-09 19:06:55','2021-05-09 19:06:55'),(266,3104,41,'Personal Auxilar A',18278.39,200.00,8.00,0.00,0.00,0.00,0.00,0.00,1,'2020-04-07 12:01:58','2021-05-09 19:06:55','2021-05-09 19:06:55'),(267,3104,41,'Vendedores B',42467.90,96.00,4.00,0.00,0.00,0.00,0.00,0.00,1,'2020-04-07 12:01:58','2021-05-09 19:06:55','2021-05-09 19:06:55'),(268,3104,41,'VENDEDOR A',42467.90,192.00,8.00,0.00,0.00,0.00,0.00,0.00,1,'2021-03-18 07:47:44','2021-05-09 19:06:55','2021-05-09 19:06:55'),(269,3104,42,'Administrativa A',42467.90,96.00,4.00,0.00,0.00,0.00,0.00,0.00,1,'2020-04-07 12:01:58','2021-06-08 06:08:29','2021-06-08 06:08:29'),(270,3104,42,'Auxiliar B',35891.01,192.00,8.00,0.00,0.00,0.00,0.00,0.00,1,'2020-04-07 12:01:58','2021-06-08 06:08:29','2021-06-08 06:08:29'),(271,3104,42,'Auxiliar Especializado A',18482.38,200.00,8.00,0.00,0.00,0.00,0.00,0.00,1,'2020-04-07 12:01:58','2021-06-08 06:08:29','2021-06-08 06:08:29'),(272,3104,42,'Auxiliar Especializado B',18448.32,200.00,8.00,0.00,0.00,0.00,0.00,0.00,1,'2020-04-07 12:01:58','2021-06-08 06:08:29','2021-06-08 06:08:29'),(273,3104,42,'Cajeros B',18397.39,200.00,8.00,0.00,0.00,0.00,0.00,0.00,1,'2020-04-07 12:01:58','2021-06-08 06:08:29','2021-06-08 06:08:29'),(274,3104,42,'Maestranza A',17938.64,200.00,8.00,0.00,0.00,0.00,0.00,0.00,1,'2020-04-07 12:01:58','2021-06-08 06:08:29','2021-06-08 06:08:29'),(275,3104,42,'Personal Auxilar A',18278.39,200.00,8.00,0.00,0.00,0.00,0.00,0.00,1,'2020-04-07 12:01:58','2021-06-08 06:08:29','2021-06-08 06:08:29'),(276,3104,42,'Vendedores B',42467.90,96.00,4.00,0.00,0.00,0.00,0.00,0.00,1,'2020-04-07 12:01:58','2021-06-08 06:08:29','2021-06-08 06:08:29'),(277,3104,42,'VENDEDOR A',42467.90,192.00,8.00,0.00,0.00,0.00,0.00,0.00,1,'2021-03-18 07:47:44','2021-06-08 06:08:29','2021-06-08 06:08:29'),(278,3104,43,'Administrativa A',42467.90,96.00,4.00,0.00,0.00,0.00,0.00,0.00,1,'2020-04-07 12:01:58','2021-06-08 06:45:54','2021-06-08 06:45:54'),(279,3104,43,'Auxiliar B',35891.01,192.00,8.00,0.00,0.00,0.00,0.00,0.00,1,'2020-04-07 12:01:58','2021-06-08 06:45:54','2021-06-08 06:45:54'),(280,3104,43,'Auxiliar Especializado A',18482.38,200.00,8.00,0.00,0.00,0.00,0.00,0.00,1,'2020-04-07 12:01:58','2021-06-08 06:45:54','2021-06-08 06:45:54'),(281,3104,43,'Auxiliar Especializado B',18448.32,200.00,8.00,0.00,0.00,0.00,0.00,0.00,1,'2020-04-07 12:01:58','2021-06-08 06:45:54','2021-06-08 06:45:54'),(282,3104,43,'Cajeros B',18397.39,200.00,8.00,0.00,0.00,0.00,0.00,0.00,1,'2020-04-07 12:01:58','2021-06-08 06:45:54','2021-06-08 06:45:54'),(283,3104,43,'Maestranza A',17938.64,200.00,8.00,0.00,0.00,0.00,0.00,0.00,1,'2020-04-07 12:01:58','2021-06-08 06:45:54','2021-06-08 06:45:54'),(284,3104,43,'Personal Auxilar A',18278.39,200.00,8.00,0.00,0.00,0.00,0.00,0.00,1,'2020-04-07 12:01:58','2021-06-08 06:45:54','2021-06-08 06:45:54'),(285,3104,43,'Vendedores B',42467.90,96.00,4.00,0.00,0.00,0.00,0.00,0.00,1,'2020-04-07 12:01:58','2021-06-08 06:45:54','2021-06-08 06:45:54'),(286,3104,43,'VENDEDOR A',42467.90,192.00,8.00,0.00,0.00,0.00,0.00,0.00,1,'2021-03-18 07:47:44','2021-06-08 06:45:54','2021-06-08 06:45:54'),(287,3104,44,'Administrativa A',42467.90,96.00,4.00,0.00,0.00,0.00,0.00,0.00,1,'2020-04-07 09:01:58','2021-03-15 22:33:54',NULL),(288,3104,44,'Auxiliar B',35891.01,192.00,8.00,0.00,0.00,0.00,0.00,0.00,1,'2020-04-07 09:01:58','2020-05-06 22:31:59',NULL),(289,3104,44,'Auxiliar Especializado A',18482.38,200.00,8.00,0.00,0.00,0.00,0.00,0.00,1,'2020-04-07 09:01:58','2020-05-06 22:32:01',NULL),(290,3104,44,'Auxiliar Especializado B',18448.32,200.00,8.00,0.00,0.00,0.00,0.00,0.00,1,'2020-04-07 09:01:58','2020-05-06 22:32:07',NULL),(291,3104,44,'Cajeros B',18397.39,200.00,8.00,0.00,0.00,0.00,0.00,0.00,1,'2020-04-07 09:01:58','2020-05-06 22:33:25',NULL),(292,3104,44,'Maestranza A',17938.64,200.00,8.00,0.00,0.00,0.00,0.00,0.00,1,'2020-04-07 09:01:58','2020-05-06 22:32:12',NULL);
INSERT INTO `syj_convenio_categorias` VALUES (293,3104,44,'Personal Auxilar A',18278.39,200.00,8.00,0.00,0.00,0.00,0.00,0.00,1,'2020-04-07 09:01:58','2020-05-06 22:32:18',NULL),(294,3104,44,'Vendedores B',42467.90,96.00,4.00,0.00,0.00,0.00,0.00,0.00,1,'2020-04-07 09:01:58','2021-03-15 22:34:56',NULL),(295,3104,44,'VENDEDOR A',42467.90,192.00,8.00,0.00,0.00,0.00,0.00,0.00,1,'2021-03-18 04:47:44','2021-03-18 04:47:44',NULL),(296,3104,45,'Administrativa A',42467.90,96.00,4.00,0.00,0.00,0.00,0.00,0.00,1,'2020-04-07 09:01:58','2021-06-07 04:03:03','2021-06-07 04:03:03'),(297,3104,45,'Auxiliar B',35891.01,192.00,8.00,0.00,0.00,0.00,0.00,0.00,1,'2020-04-07 09:01:58','2021-06-07 04:03:03','2021-06-07 04:03:03'),(298,3104,45,'Auxiliar Especializado A',18482.38,200.00,8.00,0.00,0.00,0.00,0.00,0.00,1,'2020-04-07 09:01:58','2021-06-07 04:03:03','2021-06-07 04:03:03'),(299,3104,45,'Auxiliar Especializado B',18448.32,200.00,8.00,0.00,0.00,0.00,0.00,0.00,1,'2020-04-07 09:01:58','2021-06-07 04:03:03','2021-06-07 04:03:03'),(300,3104,45,'Cajeros B',18397.39,200.00,8.00,0.00,0.00,0.00,0.00,0.00,1,'2020-04-07 09:01:58','2021-06-07 04:03:03','2021-06-07 04:03:03'),(301,3104,45,'Maestranza A',17938.64,200.00,8.00,0.00,0.00,0.00,0.00,0.00,1,'2020-04-07 09:01:58','2021-06-07 04:03:03','2021-06-07 04:03:03'),(302,3104,45,'Personal Auxilar A',18278.39,200.00,8.00,0.00,0.00,0.00,0.00,0.00,1,'2020-04-07 09:01:58','2021-06-07 04:03:03','2021-06-07 04:03:03'),(303,3104,45,'Vendedores B',42467.90,96.00,4.00,0.00,0.00,0.00,0.00,0.00,1,'2020-04-07 09:01:58','2021-06-07 04:03:03','2021-06-07 04:03:03'),(304,3104,45,'VENDEDOR A',42467.90,192.00,8.00,0.00,0.00,0.00,0.00,0.00,1,'2021-03-18 04:47:44','2021-06-07 04:03:03','2021-06-07 04:03:03'),(305,3104,46,'Administrativa A',42467.90,96.00,4.00,0.00,0.00,0.00,0.00,0.00,1,'2020-04-07 12:01:58','2021-06-08 05:53:32','2021-06-08 05:53:32'),(306,3104,46,'Auxiliar B',35891.01,192.00,8.00,0.00,0.00,0.00,0.00,0.00,1,'2020-04-07 12:01:58','2021-06-08 05:53:32','2021-06-08 05:53:32'),(307,3104,46,'Auxiliar Especializado A',18482.38,200.00,8.00,0.00,0.00,0.00,0.00,0.00,1,'2020-04-07 12:01:58','2021-06-08 05:53:32','2021-06-08 05:53:32'),(308,3104,46,'Auxiliar Especializado B',18448.32,200.00,8.00,0.00,0.00,0.00,0.00,0.00,1,'2020-04-07 12:01:58','2021-06-08 05:53:32','2021-06-08 05:53:32'),(309,3104,46,'Cajeros B',18397.39,200.00,8.00,0.00,0.00,0.00,0.00,0.00,1,'2020-04-07 12:01:58','2021-06-08 05:53:32','2021-06-08 05:53:32'),(310,3104,46,'Maestranza A',17938.64,200.00,8.00,0.00,0.00,0.00,0.00,0.00,1,'2020-04-07 12:01:58','2021-06-08 05:53:32','2021-06-08 05:53:32'),(311,3104,46,'Personal Auxilar A',18278.39,200.00,8.00,0.00,0.00,0.00,0.00,0.00,1,'2020-04-07 12:01:58','2021-06-08 05:53:32','2021-06-08 05:53:32'),(312,3104,46,'Vendedores B',42467.90,96.00,4.00,0.00,0.00,0.00,0.00,0.00,1,'2020-04-07 12:01:58','2021-06-08 05:53:32','2021-06-08 05:53:32'),(313,3104,46,'VENDEDOR A',42467.90,192.00,8.00,0.00,0.00,0.00,0.00,0.00,1,'2021-03-18 07:47:44','2021-06-08 05:53:32','2021-06-08 05:53:32'),(314,3104,47,'Administrativa A',42467.90,96.00,4.00,0.00,0.00,0.00,0.00,0.00,1,'2020-04-07 12:01:58','2021-06-07 04:04:02','2021-06-07 04:04:02'),(315,3104,47,'Auxiliar B',35891.01,192.00,8.00,0.00,0.00,0.00,0.00,0.00,1,'2020-04-07 12:01:58','2021-06-07 04:04:02','2021-06-07 04:04:02'),(316,3104,47,'Auxiliar Especializado A',18482.38,200.00,8.00,0.00,0.00,0.00,0.00,0.00,1,'2020-04-07 12:01:58','2021-06-07 04:04:02','2021-06-07 04:04:02'),(317,3104,47,'Auxiliar Especializado B',18448.32,200.00,8.00,0.00,0.00,0.00,0.00,0.00,1,'2020-04-07 12:01:58','2021-06-07 04:04:02','2021-06-07 04:04:02'),(318,3104,47,'Cajeros B',18397.39,200.00,8.00,0.00,0.00,0.00,0.00,0.00,1,'2020-04-07 12:01:58','2021-06-07 04:04:02','2021-06-07 04:04:02'),(319,3104,47,'Maestranza A',17938.64,200.00,8.00,0.00,0.00,0.00,0.00,0.00,1,'2020-04-07 12:01:58','2021-06-07 04:04:02','2021-06-07 04:04:02');
INSERT INTO `syj_convenio_categorias` VALUES (320,3104,47,'Personal Auxilar A',18278.39,200.00,8.00,0.00,0.00,0.00,0.00,0.00,1,'2020-04-07 12:01:58','2021-06-07 04:04:02','2021-06-07 04:04:02'),(321,3104,47,'Vendedores B',42467.90,96.00,4.00,0.00,0.00,0.00,0.00,0.00,1,'2020-04-07 12:01:58','2021-06-07 04:04:02','2021-06-07 04:04:02'),(322,3104,47,'VENDEDOR A',42467.90,192.00,8.00,0.00,0.00,0.00,0.00,0.00,1,'2021-03-18 07:47:44','2021-06-07 04:04:02','2021-06-07 04:04:02'),(323,3104,48,'Administrativa A',42467.90,96.00,4.00,0.00,0.00,0.00,0.00,0.00,1,'2020-04-07 09:01:58','2021-06-07 10:57:48','2021-06-07 10:57:48'),(324,3104,48,'Auxiliar B',35891.01,192.00,8.00,0.00,0.00,0.00,0.00,0.00,1,'2020-04-07 09:01:58','2021-06-07 10:57:48','2021-06-07 10:57:48'),(325,3104,48,'Auxiliar Especializado A',18482.38,200.00,8.00,0.00,0.00,0.00,0.00,0.00,1,'2020-04-07 09:01:58','2021-06-07 10:57:48','2021-06-07 10:57:48'),(326,3104,48,'Auxiliar Especializado B',18448.32,200.00,8.00,0.00,0.00,0.00,0.00,0.00,1,'2020-04-07 09:01:58','2021-06-07 10:57:48','2021-06-07 10:57:48'),(327,3104,48,'Cajeros B',18397.39,200.00,8.00,0.00,0.00,0.00,0.00,0.00,1,'2020-04-07 09:01:58','2021-06-07 10:57:48','2021-06-07 10:57:48'),(328,3104,48,'Maestranza A',17938.64,200.00,8.00,0.00,0.00,0.00,0.00,0.00,1,'2020-04-07 09:01:58','2021-06-07 10:57:48','2021-06-07 10:57:48'),(329,3104,48,'Personal Auxilar A',18278.39,200.00,8.00,0.00,0.00,0.00,0.00,0.00,1,'2020-04-07 09:01:58','2021-06-07 10:57:48','2021-06-07 10:57:48'),(330,3104,48,'Vendedores B',42467.90,96.00,4.00,0.00,0.00,0.00,0.00,0.00,1,'2020-04-07 09:01:58','2021-06-07 10:57:48','2021-06-07 10:57:48'),(331,3104,48,'VENDEDOR A',42467.90,192.00,8.00,0.00,0.00,0.00,0.00,0.00,1,'2021-03-18 04:47:44','2021-06-07 10:57:48','2021-06-07 10:57:48'),(332,3104,49,'Administrativa A',42467.90,96.00,4.00,0.00,0.00,0.00,0.00,0.00,1,'2020-04-07 12:01:58','2021-03-16 01:33:54',NULL),(333,3104,49,'Auxiliar B',35891.01,192.00,8.00,0.00,0.00,0.00,0.00,0.00,1,'2020-04-07 12:01:58','2020-05-07 01:31:59',NULL),(334,3104,49,'Auxiliar Especializado A',18482.38,200.00,8.00,0.00,0.00,0.00,0.00,0.00,1,'2020-04-07 12:01:58','2020-05-07 01:32:01',NULL),(335,3104,49,'Auxiliar Especializado B',18448.32,200.00,8.00,0.00,0.00,0.00,0.00,0.00,1,'2020-04-07 12:01:58','2020-05-07 01:32:07',NULL),(336,3104,49,'Cajeros B',18397.39,200.00,8.00,0.00,0.00,0.00,0.00,0.00,1,'2020-04-07 12:01:58','2020-05-07 01:33:25',NULL),(337,3104,49,'Maestranza A',17938.64,200.00,8.00,0.00,0.00,0.00,0.00,0.00,1,'2020-04-07 12:01:58','2020-05-07 01:32:12',NULL),(338,3104,49,'Personal Auxilar A',18278.39,200.00,8.00,0.00,0.00,0.00,0.00,0.00,1,'2020-04-07 12:01:58','2020-05-07 01:32:18',NULL),(339,3104,49,'Vendedores B',42467.90,96.00,4.00,0.00,0.00,0.00,0.00,0.00,1,'2020-04-07 12:01:58','2021-03-16 01:34:56',NULL),(340,3104,49,'VENDEDOR A',42467.90,192.00,8.00,0.00,0.00,0.00,0.00,0.00,1,'2021-03-18 07:47:44','2021-03-18 07:47:44',NULL),(341,3104,50,'Administrativa A',42467.90,96.00,4.00,0.00,0.00,0.00,0.00,0.00,1,'2020-04-07 12:01:58','2021-06-08 05:54:39','2021-06-08 05:54:39'),(342,3104,50,'Auxiliar B',35891.01,192.00,8.00,0.00,0.00,0.00,0.00,0.00,1,'2020-04-07 12:01:58','2021-06-08 05:54:39','2021-06-08 05:54:39'),(343,3104,50,'Auxiliar Especializado A',18482.38,200.00,8.00,0.00,0.00,0.00,0.00,0.00,1,'2020-04-07 12:01:58','2021-06-08 05:54:39','2021-06-08 05:54:39'),(344,3104,50,'Auxiliar Especializado B',18448.32,200.00,8.00,0.00,0.00,0.00,0.00,0.00,1,'2020-04-07 12:01:58','2021-06-08 05:54:39','2021-06-08 05:54:39'),(345,3104,50,'Cajeros B',18397.39,200.00,8.00,0.00,0.00,0.00,0.00,0.00,1,'2020-04-07 12:01:58','2021-06-08 05:54:39','2021-06-08 05:54:39'),(346,3104,50,'Maestranza A',17938.64,200.00,8.00,0.00,0.00,0.00,0.00,0.00,1,'2020-04-07 12:01:58','2021-06-08 05:54:39','2021-06-08 05:54:39'),(347,3104,50,'Personal Auxilar A',18278.39,200.00,8.00,0.00,0.00,0.00,0.00,0.00,1,'2020-04-07 12:01:58','2021-06-08 05:54:39','2021-06-08 05:54:39');
INSERT INTO `syj_convenio_categorias` VALUES (348,3104,50,'Vendedores B',42467.90,96.00,4.00,0.00,0.00,0.00,0.00,0.00,1,'2020-04-07 12:01:58','2021-06-08 05:54:39','2021-06-08 05:54:39'),(349,3104,50,'VENDEDOR A',42467.90,192.00,8.00,0.00,0.00,0.00,0.00,0.00,1,'2021-03-18 07:47:44','2021-06-08 05:54:39','2021-06-08 05:54:39'),(350,3104,51,'Administrativa A',42467.90,96.00,4.00,0.00,0.00,0.00,0.00,0.00,1,'2020-04-07 12:01:58','2021-08-08 22:46:56','2021-08-08 22:46:56'),(351,3104,51,'Auxiliar B',35891.01,192.00,8.00,0.00,0.00,0.00,0.00,0.00,1,'2020-04-07 12:01:58','2021-08-08 22:46:56','2021-08-08 22:46:56'),(352,3104,51,'Auxiliar Especializado A',18482.38,200.00,8.00,0.00,0.00,0.00,0.00,0.00,1,'2020-04-07 12:01:58','2021-08-08 22:46:56','2021-08-08 22:46:56'),(353,3104,51,'Auxiliar Especializado B',18448.32,200.00,8.00,0.00,0.00,0.00,0.00,0.00,1,'2020-04-07 12:01:58','2021-08-08 22:46:56','2021-08-08 22:46:56'),(354,3104,51,'Cajeros B',18397.39,200.00,8.00,0.00,0.00,0.00,0.00,0.00,1,'2020-04-07 12:01:58','2021-08-08 22:46:56','2021-08-08 22:46:56'),(355,3104,51,'Maestranza A',17938.64,200.00,8.00,0.00,0.00,0.00,0.00,0.00,1,'2020-04-07 12:01:58','2021-08-08 22:46:56','2021-08-08 22:46:56'),(356,3104,51,'Personal Auxilar A',18278.39,200.00,8.00,0.00,0.00,0.00,0.00,0.00,1,'2020-04-07 12:01:58','2021-08-08 22:46:56','2021-08-08 22:46:56'),(357,3104,51,'Vendedores B',42467.90,96.00,4.00,0.00,0.00,0.00,0.00,0.00,1,'2020-04-07 12:01:58','2021-08-08 22:46:56','2021-08-08 22:46:56'),(358,3104,51,'VENDEDOR A',42467.90,192.00,8.00,0.00,0.00,0.00,0.00,0.00,1,'2021-03-18 07:47:44','2021-08-08 22:46:56','2021-08-08 22:46:56'),(359,3104,52,'Administrativa A',42467.90,96.00,4.00,0.00,0.00,0.00,0.00,0.00,1,'2020-04-07 12:01:58','2021-03-16 01:33:54',NULL),(360,3104,52,'Auxiliar B',35891.01,192.00,8.00,0.00,0.00,0.00,0.00,0.00,1,'2020-04-07 12:01:58','2020-05-07 01:31:59',NULL),(361,3104,52,'Auxiliar Especializado A',18482.38,200.00,8.00,0.00,0.00,0.00,0.00,0.00,1,'2020-04-07 12:01:58','2020-05-07 01:32:01',NULL),(362,3104,52,'Auxiliar Especializado B',18448.32,200.00,8.00,0.00,0.00,0.00,0.00,0.00,1,'2020-04-07 12:01:58','2020-05-07 01:32:07',NULL),(363,3104,52,'Cajeros B',18397.39,200.00,8.00,0.00,0.00,0.00,0.00,0.00,1,'2020-04-07 12:01:58','2020-05-07 01:33:25',NULL),(364,3104,52,'Maestranza A',17938.64,200.00,8.00,0.00,0.00,0.00,0.00,0.00,1,'2020-04-07 12:01:58','2020-05-07 01:32:12',NULL),(365,3104,52,'Personal Auxilar A',18278.39,200.00,8.00,0.00,0.00,0.00,0.00,0.00,1,'2020-04-07 12:01:58','2020-05-07 01:32:18',NULL),(366,3104,52,'Vendedores B',42467.90,96.00,4.00,0.00,0.00,0.00,0.00,0.00,1,'2020-04-07 12:01:58','2021-03-16 01:34:56',NULL),(367,3104,52,'VENDEDOR A',42467.90,192.00,8.00,0.00,0.00,0.00,0.00,0.00,1,'2021-03-18 07:47:44','2021-03-18 07:47:44',NULL),(368,3104,53,'Administrativa A',42467.90,96.00,4.00,0.00,0.00,0.00,0.00,0.00,1,'2020-04-07 15:01:58','2021-08-08 10:25:30','2021-08-08 10:25:30'),(369,3104,53,'Auxiliar B',35891.01,192.00,8.00,0.00,0.00,0.00,0.00,0.00,1,'2020-04-07 15:01:58','2021-08-08 10:25:30','2021-08-08 10:25:30'),(370,3104,53,'Auxiliar Especializado A',18482.38,200.00,8.00,0.00,0.00,0.00,0.00,0.00,1,'2020-04-07 15:01:58','2021-08-08 10:25:30','2021-08-08 10:25:30'),(371,3104,53,'Auxiliar Especializado B',18448.32,200.00,8.00,0.00,0.00,0.00,0.00,0.00,1,'2020-04-07 15:01:58','2021-08-08 10:25:30','2021-08-08 10:25:30'),(372,3104,53,'Cajeros B',18397.39,200.00,8.00,0.00,0.00,0.00,0.00,0.00,1,'2020-04-07 15:01:58','2021-08-08 10:25:30','2021-08-08 10:25:30'),(373,3104,53,'Maestranza A',17938.64,200.00,8.00,0.00,0.00,0.00,0.00,0.00,1,'2020-04-07 15:01:58','2021-08-08 10:25:30','2021-08-08 10:25:30'),(374,3104,53,'Personal Auxilar A',18278.39,200.00,8.00,0.00,0.00,0.00,0.00,0.00,1,'2020-04-07 15:01:58','2021-08-08 10:25:30','2021-08-08 10:25:30'),(375,3104,53,'Vendedores B',42467.90,96.00,4.00,0.00,0.00,0.00,0.00,0.00,1,'2020-04-07 15:01:58','2021-08-08 10:25:30','2021-08-08 10:25:30');
INSERT INTO `syj_convenio_categorias` VALUES (376,3104,53,'VENDEDOR A',42467.90,192.00,8.00,0.00,0.00,0.00,0.00,0.00,1,'2021-03-18 10:47:44','2021-08-08 10:25:30','2021-08-08 10:25:30'),(377,3104,54,'Administrativa A',42467.90,96.00,4.00,0.00,0.00,0.00,0.00,0.00,1,'2020-04-07 15:01:58','2021-08-08 10:26:56','2021-08-08 10:26:56'),(378,3104,54,'Auxiliar B',35891.01,192.00,8.00,0.00,0.00,0.00,0.00,0.00,1,'2020-04-07 15:01:58','2021-08-08 10:26:56','2021-08-08 10:26:56'),(379,3104,54,'Auxiliar Especializado A',18482.38,200.00,8.00,0.00,0.00,0.00,0.00,0.00,1,'2020-04-07 15:01:58','2021-08-08 10:26:56','2021-08-08 10:26:56'),(380,3104,54,'Auxiliar Especializado B',18448.32,200.00,8.00,0.00,0.00,0.00,0.00,0.00,1,'2020-04-07 15:01:58','2021-08-08 10:26:56','2021-08-08 10:26:56'),(381,3104,54,'Cajeros B',18397.39,200.00,8.00,0.00,0.00,0.00,0.00,0.00,1,'2020-04-07 15:01:58','2021-08-08 10:26:56','2021-08-08 10:26:56'),(382,3104,54,'Maestranza A',17938.64,200.00,8.00,0.00,0.00,0.00,0.00,0.00,1,'2020-04-07 15:01:58','2021-08-08 10:26:56','2021-08-08 10:26:56'),(383,3104,54,'Personal Auxilar A',18278.39,200.00,8.00,0.00,0.00,0.00,0.00,0.00,1,'2020-04-07 15:01:58','2021-08-08 10:26:56','2021-08-08 10:26:56'),(384,3104,54,'Vendedores B',42467.90,96.00,4.00,0.00,0.00,0.00,0.00,0.00,1,'2020-04-07 15:01:58','2021-08-08 10:26:56','2021-08-08 10:26:56'),(385,3104,54,'VENDEDOR A',42467.90,192.00,8.00,0.00,0.00,0.00,0.00,0.00,1,'2021-03-18 10:47:44','2021-08-08 10:26:56','2021-08-08 10:26:56'),(386,3104,55,'Administrativa A',42467.90,96.00,4.00,0.00,0.00,0.00,0.00,0.00,1,'2020-04-07 15:01:58','2021-08-08 10:28:06','2021-08-08 10:28:06'),(387,3104,55,'Auxiliar B',35891.01,192.00,8.00,0.00,0.00,0.00,0.00,0.00,1,'2020-04-07 15:01:58','2021-08-08 10:28:06','2021-08-08 10:28:06'),(388,3104,55,'Auxiliar Especializado A',18482.38,200.00,8.00,0.00,0.00,0.00,0.00,0.00,1,'2020-04-07 15:01:58','2021-08-08 10:28:06','2021-08-08 10:28:06'),(389,3104,55,'Auxiliar Especializado B',18448.32,200.00,8.00,0.00,0.00,0.00,0.00,0.00,1,'2020-04-07 15:01:58','2021-08-08 10:28:06','2021-08-08 10:28:06'),(390,3104,55,'Cajeros B',18397.39,200.00,8.00,0.00,0.00,0.00,0.00,0.00,1,'2020-04-07 15:01:58','2021-08-08 10:28:06','2021-08-08 10:28:06'),(391,3104,55,'Maestranza A',17938.64,200.00,8.00,0.00,0.00,0.00,0.00,0.00,1,'2020-04-07 15:01:58','2021-08-08 10:28:06','2021-08-08 10:28:06'),(392,3104,55,'Personal Auxilar A',18278.39,200.00,8.00,0.00,0.00,0.00,0.00,0.00,1,'2020-04-07 15:01:58','2021-08-08 10:28:06','2021-08-08 10:28:06'),(393,3104,55,'Vendedores B',42467.90,96.00,4.00,0.00,0.00,0.00,0.00,0.00,1,'2020-04-07 15:01:58','2021-08-08 10:28:06','2021-08-08 10:28:06'),(394,3104,55,'VENDEDOR A',42467.90,192.00,8.00,0.00,0.00,0.00,0.00,0.00,1,'2021-03-18 10:47:44','2021-08-08 10:28:06','2021-08-08 10:28:06'),(395,3104,56,'Administrativa A',42467.90,96.00,4.00,0.00,0.00,0.00,0.00,0.00,1,'2020-04-07 15:01:58','2021-08-08 19:04:58','2021-08-08 19:04:58'),(396,3104,56,'Auxiliar B',35891.01,192.00,8.00,0.00,0.00,0.00,0.00,0.00,1,'2020-04-07 15:01:58','2021-08-08 19:04:58','2021-08-08 19:04:58'),(397,3104,56,'Auxiliar Especializado A',18482.38,200.00,8.00,0.00,0.00,0.00,0.00,0.00,1,'2020-04-07 15:01:58','2021-08-08 19:04:58','2021-08-08 19:04:58'),(398,3104,56,'Auxiliar Especializado B',18448.32,200.00,8.00,0.00,0.00,0.00,0.00,0.00,1,'2020-04-07 15:01:58','2021-08-08 19:04:58','2021-08-08 19:04:58'),(399,3104,56,'Cajeros B',18397.39,200.00,8.00,0.00,0.00,0.00,0.00,0.00,1,'2020-04-07 15:01:58','2021-08-08 19:04:58','2021-08-08 19:04:58'),(400,3104,56,'Maestranza A',17938.64,200.00,8.00,0.00,0.00,0.00,0.00,0.00,1,'2020-04-07 15:01:58','2021-08-08 19:04:58','2021-08-08 19:04:58'),(401,3104,56,'Personal Auxilar A',18278.39,200.00,8.00,0.00,0.00,0.00,0.00,0.00,1,'2020-04-07 15:01:58','2021-08-08 19:04:58','2021-08-08 19:04:58'),(402,3104,56,'Vendedores B',42467.90,96.00,4.00,0.00,0.00,0.00,0.00,0.00,1,'2020-04-07 15:01:58','2021-08-08 19:04:58','2021-08-08 19:04:58');
INSERT INTO `syj_convenio_categorias` VALUES (403,3104,56,'VENDEDOR A',42467.90,192.00,8.00,0.00,0.00,0.00,0.00,0.00,1,'2021-03-18 10:47:44','2021-08-08 19:04:58','2021-08-08 19:04:58'),(404,3104,57,'Administrativa A',42467.90,96.00,4.00,0.00,0.00,0.00,0.00,0.00,1,'2020-04-07 15:01:58','2021-03-16 04:33:54',NULL),(405,3104,57,'Auxiliar B',35891.01,192.00,8.00,0.00,0.00,0.00,0.00,0.00,1,'2020-04-07 15:01:58','2020-05-07 04:31:59',NULL),(406,3104,57,'Auxiliar Especializado A',18482.38,200.00,8.00,0.00,0.00,0.00,0.00,0.00,1,'2020-04-07 15:01:58','2020-05-07 04:32:01',NULL),(407,3104,57,'Auxiliar Especializado B',18448.32,200.00,8.00,0.00,0.00,0.00,0.00,0.00,1,'2020-04-07 15:01:58','2020-05-07 04:32:07',NULL),(408,3104,57,'Cajeros B',18397.39,200.00,8.00,0.00,0.00,0.00,0.00,0.00,1,'2020-04-07 15:01:58','2020-05-07 04:33:25',NULL),(409,3104,57,'Maestranza A',17938.64,200.00,8.00,0.00,0.00,0.00,0.00,0.00,1,'2020-04-07 15:01:58','2020-05-07 04:32:12',NULL),(410,3104,57,'Personal Auxilar A',18278.39,200.00,8.00,0.00,0.00,0.00,0.00,0.00,1,'2020-04-07 15:01:58','2020-05-07 04:32:18',NULL),(411,3104,57,'Vendedores B',42467.90,96.00,4.00,0.00,0.00,0.00,0.00,0.00,1,'2020-04-07 15:01:58','2021-03-16 04:34:56',NULL),(412,3104,57,'VENDEDOR A',42467.90,192.00,8.00,0.00,0.00,0.00,0.00,0.00,1,'2021-03-18 10:47:44','2021-03-18 10:47:44',NULL),(413,3104,58,'Administrativa A',42467.90,96.00,4.00,0.00,0.00,0.00,0.00,0.00,1,'2020-04-07 15:01:58','2021-08-08 20:15:06','2021-08-08 20:15:06'),(414,3104,58,'Auxiliar B',35891.01,192.00,8.00,0.00,0.00,0.00,0.00,0.00,1,'2020-04-07 15:01:58','2021-08-08 20:15:06','2021-08-08 20:15:06'),(415,3104,58,'Auxiliar Especializado A',18482.38,200.00,8.00,0.00,0.00,0.00,0.00,0.00,1,'2020-04-07 15:01:58','2021-08-08 20:15:06','2021-08-08 20:15:06'),(416,3104,58,'Auxiliar Especializado B',18448.32,200.00,8.00,0.00,0.00,0.00,0.00,0.00,1,'2020-04-07 15:01:58','2021-08-08 20:15:06','2021-08-08 20:15:06'),(417,3104,58,'Cajeros B',18397.39,200.00,8.00,0.00,0.00,0.00,0.00,0.00,1,'2020-04-07 15:01:58','2021-08-08 20:15:06','2021-08-08 20:15:06'),(418,3104,58,'Maestranza A',17938.64,200.00,8.00,0.00,0.00,0.00,0.00,0.00,1,'2020-04-07 15:01:58','2021-08-08 20:15:06','2021-08-08 20:15:06'),(419,3104,58,'Personal Auxilar A',18278.39,200.00,8.00,0.00,0.00,0.00,0.00,0.00,1,'2020-04-07 15:01:58','2021-08-08 20:15:06','2021-08-08 20:15:06'),(420,3104,58,'Vendedores B',42467.90,96.00,4.00,0.00,0.00,0.00,0.00,0.00,1,'2020-04-07 15:01:58','2021-08-08 20:15:06','2021-08-08 20:15:06'),(421,3104,58,'VENDEDOR A',42467.90,192.00,8.00,0.00,0.00,0.00,0.00,0.00,1,'2021-03-18 10:47:44','2021-08-08 20:15:06','2021-08-08 20:15:06'),(422,3104,59,'Administrativa A',42467.90,96.00,4.00,0.00,0.00,0.00,0.00,0.00,1,'2020-04-07 15:01:58','2021-03-16 04:33:54',NULL),(423,3104,59,'Auxiliar B',35891.01,192.00,8.00,0.00,0.00,0.00,0.00,0.00,1,'2020-04-07 15:01:58','2020-05-07 04:31:59',NULL),(424,3104,59,'Auxiliar Especializado A',18482.38,200.00,8.00,0.00,0.00,0.00,0.00,0.00,1,'2020-04-07 15:01:58','2020-05-07 04:32:01',NULL),(425,3104,59,'Auxiliar Especializado B',18448.32,200.00,8.00,0.00,0.00,0.00,0.00,0.00,1,'2020-04-07 15:01:58','2020-05-07 04:32:07',NULL),(426,3104,59,'Cajeros B',18397.39,200.00,8.00,0.00,0.00,0.00,0.00,0.00,1,'2020-04-07 15:01:58','2020-05-07 04:33:25',NULL),(427,3104,59,'Maestranza A',17938.64,200.00,8.00,0.00,0.00,0.00,0.00,0.00,1,'2020-04-07 15:01:58','2020-05-07 04:32:12',NULL),(428,3104,59,'Personal Auxilar A',18278.39,200.00,8.00,0.00,0.00,0.00,0.00,0.00,1,'2020-04-07 15:01:58','2020-05-07 04:32:18',NULL),(429,3104,59,'Vendedores B',42467.90,96.00,4.00,0.00,0.00,0.00,0.00,0.00,1,'2020-04-07 15:01:58','2021-03-16 04:34:56',NULL),(430,3104,59,'VENDEDOR A',42467.90,192.00,8.00,0.00,0.00,0.00,0.00,0.00,1,'2021-03-18 10:47:44','2021-03-18 10:47:44',NULL),(431,3104,60,'Administrativa A',42467.90,96.00,4.00,0.00,0.00,0.00,0.00,0.00,1,'2020-04-07 15:01:58','2021-03-16 04:33:54',NULL);
INSERT INTO `syj_convenio_categorias` VALUES (432,3104,60,'Auxiliar B',35891.01,192.00,8.00,0.00,0.00,0.00,0.00,0.00,1,'2020-04-07 15:01:58','2020-05-07 04:31:59',NULL),(433,3104,60,'Auxiliar Especializado A',18482.38,200.00,8.00,0.00,0.00,0.00,0.00,0.00,1,'2020-04-07 15:01:58','2020-05-07 04:32:01',NULL),(434,3104,60,'Auxiliar Especializado B',18448.32,200.00,8.00,0.00,0.00,0.00,0.00,0.00,1,'2020-04-07 15:01:58','2020-05-07 04:32:07',NULL),(435,3104,60,'Cajeros B',18397.39,200.00,8.00,0.00,0.00,0.00,0.00,0.00,1,'2020-04-07 15:01:58','2020-05-07 04:33:25',NULL),(436,3104,60,'Maestranza A',17938.64,200.00,8.00,0.00,0.00,0.00,0.00,0.00,1,'2020-04-07 15:01:58','2020-05-07 04:32:12',NULL),(437,3104,60,'Personal Auxilar A',18278.39,200.00,8.00,0.00,0.00,0.00,0.00,0.00,1,'2020-04-07 15:01:58','2020-05-07 04:32:18',NULL),(438,3104,60,'Vendedores B',42467.90,96.00,4.00,0.00,0.00,0.00,0.00,0.00,1,'2020-04-07 15:01:58','2021-03-16 04:34:56',NULL),(439,3104,60,'VENDEDOR A',42467.90,192.00,8.00,0.00,0.00,0.00,0.00,0.00,1,'2021-03-18 10:47:44','2021-03-18 10:47:44',NULL),(440,3104,61,'Administrativa A',42467.90,96.00,4.00,0.00,0.00,0.00,0.00,0.00,1,'2020-04-07 15:01:58','2021-08-30 06:08:55','2021-08-30 06:08:55'),(441,3104,61,'Auxiliar B',35891.01,192.00,8.00,0.00,0.00,0.00,0.00,0.00,1,'2020-04-07 15:01:58','2021-08-30 06:08:55','2021-08-30 06:08:55'),(442,3104,61,'Auxiliar Especializado A',18482.38,200.00,8.00,0.00,0.00,0.00,0.00,0.00,1,'2020-04-07 15:01:58','2021-08-30 06:08:55','2021-08-30 06:08:55'),(443,3104,61,'Auxiliar Especializado B',18448.32,200.00,8.00,0.00,0.00,0.00,0.00,0.00,1,'2020-04-07 15:01:58','2021-08-30 06:08:55','2021-08-30 06:08:55'),(444,3104,61,'Cajeros B',18397.39,200.00,8.00,0.00,0.00,0.00,0.00,0.00,1,'2020-04-07 15:01:58','2021-08-30 06:08:55','2021-08-30 06:08:55'),(445,3104,61,'Maestranza A',17938.64,200.00,8.00,0.00,0.00,0.00,0.00,0.00,1,'2020-04-07 15:01:58','2021-08-30 06:08:55','2021-08-30 06:08:55'),(446,3104,61,'Personal Auxilar A',18278.39,200.00,8.00,0.00,0.00,0.00,0.00,0.00,1,'2020-04-07 15:01:58','2021-08-30 06:08:55','2021-08-30 06:08:55'),(447,3104,61,'Vendedores B',42467.90,96.00,4.00,0.00,0.00,0.00,0.00,0.00,1,'2020-04-07 15:01:58','2021-08-30 06:08:55','2021-08-30 06:08:55'),(448,3104,61,'VENDEDOR A',42467.90,192.00,8.00,0.00,0.00,0.00,0.00,0.00,1,'2021-03-18 10:47:44','2021-08-30 06:08:55','2021-08-30 06:08:55'),(449,3104,62,'Administrativa A',42467.90,96.00,4.00,0.00,0.00,0.00,0.00,0.00,1,'2020-04-07 12:01:58','2021-09-06 10:57:42','2021-09-06 10:57:42'),(450,3104,62,'Auxiliar B',35891.01,192.00,8.00,0.00,0.00,0.00,0.00,0.00,1,'2020-04-07 12:01:58','2021-09-06 10:57:42','2021-09-06 10:57:42'),(451,3104,62,'Auxiliar Especializado A',18482.38,200.00,8.00,0.00,0.00,0.00,0.00,0.00,1,'2020-04-07 12:01:58','2021-09-06 10:57:42','2021-09-06 10:57:42'),(452,3104,62,'Auxiliar Especializado B',18448.32,200.00,8.00,0.00,0.00,0.00,0.00,0.00,1,'2020-04-07 12:01:58','2021-09-06 10:57:42','2021-09-06 10:57:42'),(453,3104,62,'Cajeros B',18397.39,200.00,8.00,0.00,0.00,0.00,0.00,0.00,1,'2020-04-07 12:01:58','2021-09-06 10:57:42','2021-09-06 10:57:42'),(454,3104,62,'Maestranza A',17938.64,200.00,8.00,0.00,0.00,0.00,0.00,0.00,1,'2020-04-07 12:01:58','2021-09-06 10:57:42','2021-09-06 10:57:42'),(455,3104,62,'Personal Auxilar A',18278.39,200.00,8.00,0.00,0.00,0.00,0.00,0.00,1,'2020-04-07 12:01:58','2021-09-06 10:57:42','2021-09-06 10:57:42'),(456,3104,62,'Vendedores B',42467.90,96.00,4.00,0.00,0.00,0.00,0.00,0.00,1,'2020-04-07 12:01:58','2021-09-06 10:57:42','2021-09-06 10:57:42'),(457,3104,62,'VENDEDOR A',42467.90,192.00,8.00,0.00,0.00,0.00,0.00,0.00,1,'2021-03-18 07:47:44','2021-09-06 10:57:42','2021-09-06 10:57:42'),(458,3104,63,'Administrativa A',42467.90,96.00,4.00,0.00,0.00,0.00,0.00,0.00,1,'2020-04-07 12:01:58','2021-03-16 01:33:54',NULL),(459,3104,63,'Auxiliar B',35891.01,192.00,8.00,0.00,0.00,0.00,0.00,0.00,1,'2020-04-07 12:01:58','2020-05-07 01:31:59',NULL);
INSERT INTO `syj_convenio_categorias` VALUES (460,3104,63,'Auxiliar Especializado A',18482.38,200.00,8.00,0.00,0.00,0.00,0.00,0.00,1,'2020-04-07 12:01:58','2020-05-07 01:32:01',NULL),(461,3104,63,'Auxiliar Especializado B',18448.32,200.00,8.00,0.00,0.00,0.00,0.00,0.00,1,'2020-04-07 12:01:58','2020-05-07 01:32:07',NULL),(462,3104,63,'Cajeros B',18397.39,200.00,8.00,0.00,0.00,0.00,0.00,0.00,1,'2020-04-07 12:01:58','2020-05-07 01:33:25',NULL),(463,3104,63,'Maestranza A',17938.64,200.00,8.00,0.00,0.00,0.00,0.00,0.00,1,'2020-04-07 12:01:58','2020-05-07 01:32:12',NULL),(464,3104,63,'Personal Auxilar A',18278.39,200.00,8.00,0.00,0.00,0.00,0.00,0.00,1,'2020-04-07 12:01:58','2020-05-07 01:32:18',NULL),(465,3104,63,'Vendedores B',42467.90,96.00,4.00,0.00,0.00,0.00,0.00,0.00,1,'2020-04-07 12:01:58','2021-03-16 01:34:56',NULL),(466,3104,63,'VENDEDOR A',42467.90,192.00,8.00,0.00,0.00,0.00,0.00,0.00,1,'2021-03-18 07:47:44','2021-03-18 07:47:44',NULL),(467,3104,64,'Administrativa A',42467.90,96.00,4.00,0.00,0.00,0.00,0.00,0.00,1,'2020-04-07 15:01:58','2021-09-06 10:58:43','2021-09-06 10:58:43'),(468,3104,64,'Auxiliar B',35891.01,192.00,8.00,0.00,0.00,0.00,0.00,0.00,1,'2020-04-07 15:01:58','2021-09-06 10:58:43','2021-09-06 10:58:43'),(469,3104,64,'Auxiliar Especializado A',18482.38,200.00,8.00,0.00,0.00,0.00,0.00,0.00,1,'2020-04-07 15:01:58','2021-09-06 10:58:43','2021-09-06 10:58:43'),(470,3104,64,'Auxiliar Especializado B',18448.32,200.00,8.00,0.00,0.00,0.00,0.00,0.00,1,'2020-04-07 15:01:58','2021-09-06 10:58:43','2021-09-06 10:58:43'),(471,3104,64,'Cajeros B',18397.39,200.00,8.00,0.00,0.00,0.00,0.00,0.00,1,'2020-04-07 15:01:58','2021-09-06 10:58:43','2021-09-06 10:58:43'),(472,3104,64,'Maestranza A',17938.64,200.00,8.00,0.00,0.00,0.00,0.00,0.00,1,'2020-04-07 15:01:58','2021-09-06 10:58:43','2021-09-06 10:58:43'),(473,3104,64,'Personal Auxilar A',18278.39,200.00,8.00,0.00,0.00,0.00,0.00,0.00,1,'2020-04-07 15:01:58','2021-09-06 10:58:43','2021-09-06 10:58:43'),(474,3104,64,'Vendedores B',42467.90,96.00,4.00,0.00,0.00,0.00,0.00,0.00,1,'2020-04-07 15:01:58','2021-09-06 10:58:43','2021-09-06 10:58:43'),(475,3104,64,'VENDEDOR A',42467.90,192.00,8.00,0.00,0.00,0.00,0.00,0.00,1,'2021-03-18 10:47:44','2021-09-06 10:58:43','2021-09-06 10:58:43'),(476,3104,65,'Administrativa A',42467.90,96.00,4.00,0.00,0.00,0.00,0.00,0.00,1,'2020-04-07 15:01:58','2021-03-16 04:33:54',NULL),(477,3104,65,'Auxiliar B',35891.01,192.00,8.00,0.00,0.00,0.00,0.00,0.00,1,'2020-04-07 15:01:58','2020-05-07 04:31:59',NULL),(478,3104,65,'Auxiliar Especializado A',18482.38,200.00,8.00,0.00,0.00,0.00,0.00,0.00,1,'2020-04-07 15:01:58','2020-05-07 04:32:01',NULL),(479,3104,65,'Auxiliar Especializado B',18448.32,200.00,8.00,0.00,0.00,0.00,0.00,0.00,1,'2020-04-07 15:01:58','2020-05-07 04:32:07',NULL),(480,3104,65,'Cajeros B',18397.39,200.00,8.00,0.00,0.00,0.00,0.00,0.00,1,'2020-04-07 15:01:58','2020-05-07 04:33:25',NULL),(481,3104,65,'Maestranza A',17938.64,200.00,8.00,0.00,0.00,0.00,0.00,0.00,1,'2020-04-07 15:01:58','2020-05-07 04:32:12',NULL),(482,3104,65,'Personal Auxilar A',18278.39,200.00,8.00,0.00,0.00,0.00,0.00,0.00,1,'2020-04-07 15:01:58','2020-05-07 04:32:18',NULL),(483,3104,65,'Vendedores B',42467.90,96.00,4.00,0.00,0.00,0.00,0.00,0.00,1,'2020-04-07 15:01:58','2021-03-16 04:34:56',NULL),(484,3104,65,'VENDEDOR A',42467.90,192.00,8.00,0.00,0.00,0.00,0.00,0.00,1,'2021-03-18 10:47:44','2021-03-18 10:47:44',NULL),(485,3104,66,'Administrativa A',42467.90,96.00,4.00,0.00,0.00,0.00,0.00,0.00,1,'2020-04-07 15:01:58','2021-03-16 04:33:54',NULL),(486,3104,66,'Auxiliar B',35891.01,192.00,8.00,0.00,0.00,0.00,0.00,0.00,1,'2020-04-07 15:01:58','2020-05-07 04:31:59',NULL),(487,3104,66,'Auxiliar Especializado A',18482.38,200.00,8.00,0.00,0.00,0.00,0.00,0.00,1,'2020-04-07 15:01:58','2020-05-07 04:32:01',NULL),(488,3104,66,'Auxiliar Especializado B',18448.32,200.00,8.00,0.00,0.00,0.00,0.00,0.00,1,'2020-04-07 15:01:58','2020-05-07 04:32:07',NULL);
INSERT INTO `syj_convenio_categorias` VALUES (489,3104,66,'Cajeros B',18397.39,200.00,8.00,0.00,0.00,0.00,0.00,0.00,1,'2020-04-07 15:01:58','2020-05-07 04:33:25',NULL),(490,3104,66,'Maestranza A',17938.64,200.00,8.00,0.00,0.00,0.00,0.00,0.00,1,'2020-04-07 15:01:58','2020-05-07 04:32:12',NULL),(491,3104,66,'Personal Auxilar A',18278.39,200.00,8.00,0.00,0.00,0.00,0.00,0.00,1,'2020-04-07 15:01:58','2020-05-07 04:32:18',NULL),(492,3104,66,'Vendedores B',42467.90,96.00,4.00,0.00,0.00,0.00,0.00,0.00,1,'2020-04-07 15:01:58','2021-03-16 04:34:56',NULL),(493,3104,66,'VENDEDOR A',42467.90,192.00,8.00,0.00,0.00,0.00,0.00,0.00,1,'2021-03-18 10:47:44','2021-03-18 10:47:44',NULL),(494,3104,67,'Administrativa A',42467.90,96.00,4.00,0.00,0.00,0.00,0.00,0.00,1,'2020-04-07 18:01:58','2021-03-16 07:33:54',NULL),(495,3104,67,'Auxiliar B',35891.01,192.00,8.00,0.00,0.00,0.00,0.00,0.00,1,'2020-04-07 18:01:58','2020-05-07 07:31:59',NULL),(496,3104,67,'Auxiliar Especializado A',18482.38,200.00,8.00,0.00,0.00,0.00,0.00,0.00,1,'2020-04-07 18:01:58','2020-05-07 07:32:01',NULL),(497,3104,67,'Auxiliar Especializado B',18448.32,200.00,8.00,0.00,0.00,0.00,0.00,0.00,1,'2020-04-07 18:01:58','2020-05-07 07:32:07',NULL),(498,3104,67,'Cajeros B',18397.39,200.00,8.00,0.00,0.00,0.00,0.00,0.00,1,'2020-04-07 18:01:58','2020-05-07 07:33:25',NULL),(499,3104,67,'Maestranza A',17938.64,200.00,8.00,0.00,0.00,0.00,0.00,0.00,1,'2020-04-07 18:01:58','2020-05-07 07:32:12',NULL),(500,3104,67,'Personal Auxilar A',18278.39,200.00,8.00,0.00,0.00,0.00,0.00,0.00,1,'2020-04-07 18:01:58','2020-05-07 07:32:18',NULL),(501,3104,67,'Vendedores B',42467.90,96.00,4.00,0.00,0.00,0.00,0.00,0.00,1,'2020-04-07 18:01:58','2021-03-16 07:34:56',NULL),(502,3104,67,'VENDEDOR A',42467.90,192.00,8.00,0.00,0.00,0.00,0.00,0.00,1,'2021-03-18 13:47:44','2021-03-18 13:47:44',NULL),(503,3104,68,'Administrativa A',42467.90,96.00,4.00,0.00,0.00,0.00,0.00,0.00,1,'2020-04-07 18:01:58','2021-03-16 07:33:54',NULL),(504,3104,68,'Auxiliar B',35891.01,192.00,8.00,0.00,0.00,0.00,0.00,0.00,1,'2020-04-07 18:01:58','2020-05-07 07:31:59',NULL),(505,3104,68,'Auxiliar Especializado A',18482.38,200.00,8.00,0.00,0.00,0.00,0.00,0.00,1,'2020-04-07 18:01:58','2020-05-07 07:32:01',NULL),(506,3104,68,'Auxiliar Especializado B',18448.32,200.00,8.00,0.00,0.00,0.00,0.00,0.00,1,'2020-04-07 18:01:58','2020-05-07 07:32:07',NULL),(507,3104,68,'Cajeros B',18397.39,200.00,8.00,0.00,0.00,0.00,0.00,0.00,1,'2020-04-07 18:01:58','2020-05-07 07:33:25',NULL),(508,3104,68,'Maestranza A',17938.64,200.00,8.00,0.00,0.00,0.00,0.00,0.00,1,'2020-04-07 18:01:58','2020-05-07 07:32:12',NULL),(509,3104,68,'Personal Auxilar A',18278.39,200.00,8.00,0.00,0.00,0.00,0.00,0.00,1,'2020-04-07 18:01:58','2020-05-07 07:32:18',NULL),(510,3104,68,'Vendedores B',42467.90,96.00,4.00,0.00,0.00,0.00,0.00,0.00,1,'2020-04-07 18:01:58','2021-03-16 07:34:56',NULL),(511,3104,68,'VENDEDOR A',42467.90,192.00,8.00,0.00,0.00,0.00,0.00,0.00,1,'2021-03-18 13:47:44','2021-03-18 13:47:44',NULL),(512,3104,69,'Administrativa A',42467.90,96.00,4.00,0.00,0.00,0.00,0.00,0.00,1,'2020-04-07 12:01:58','2021-09-27 05:41:29','2021-09-27 05:41:29'),(513,3104,69,'Auxiliar B',35891.01,192.00,8.00,0.00,0.00,0.00,0.00,0.00,1,'2020-04-07 12:01:58','2021-09-27 05:41:29','2021-09-27 05:41:29'),(514,3104,69,'Auxiliar Especializado A',18482.38,200.00,8.00,0.00,0.00,0.00,0.00,0.00,1,'2020-04-07 12:01:58','2021-09-27 05:41:29','2021-09-27 05:41:29'),(515,3104,69,'Auxiliar Especializado B',18448.32,200.00,8.00,0.00,0.00,0.00,0.00,0.00,1,'2020-04-07 12:01:58','2021-09-27 05:41:29','2021-09-27 05:41:29'),(516,3104,69,'Cajeros B',18397.39,200.00,8.00,0.00,0.00,0.00,0.00,0.00,1,'2020-04-07 12:01:58','2021-09-27 05:41:29','2021-09-27 05:41:29'),(517,3104,69,'Maestranza A',17938.64,200.00,8.00,0.00,0.00,0.00,0.00,0.00,1,'2020-04-07 12:01:58','2021-09-27 05:41:29','2021-09-27 05:41:29'),(518,3104,69,'Personal Auxilar A',18278.39,200.00,8.00,0.00,0.00,0.00,0.00,0.00,1,'2020-04-07 12:01:58','2021-09-27 05:41:29','2021-09-27 05:41:29');
INSERT INTO `syj_convenio_categorias` VALUES (519,3104,69,'Vendedores B',42467.90,96.00,4.00,0.00,0.00,0.00,0.00,0.00,1,'2020-04-07 12:01:58','2021-09-27 05:41:29','2021-09-27 05:41:29'),(520,3104,69,'VENDEDOR A',42467.90,192.00,8.00,0.00,0.00,0.00,0.00,0.00,1,'2021-03-18 07:47:44','2021-09-27 05:41:29','2021-09-27 05:41:29'),(521,3104,70,'Administrativa A',42467.90,96.00,4.00,0.00,0.00,0.00,0.00,0.00,1,'2020-04-07 12:01:58','2021-03-16 01:33:54',NULL),(522,3104,70,'Auxiliar B',35891.01,192.00,8.00,0.00,0.00,0.00,0.00,0.00,1,'2020-04-07 12:01:58','2020-05-07 01:31:59',NULL),(523,3104,70,'Auxiliar Especializado A',18482.38,200.00,8.00,0.00,0.00,0.00,0.00,0.00,1,'2020-04-07 12:01:58','2020-05-07 01:32:01',NULL),(524,3104,70,'Auxiliar Especializado B',18448.32,200.00,8.00,0.00,0.00,0.00,0.00,0.00,1,'2020-04-07 12:01:58','2020-05-07 01:32:07',NULL),(525,3104,70,'Cajeros B',18397.39,200.00,8.00,0.00,0.00,0.00,0.00,0.00,1,'2020-04-07 12:01:58','2020-05-07 01:33:25',NULL),(526,3104,70,'Maestranza A',17938.64,200.00,8.00,0.00,0.00,0.00,0.00,0.00,1,'2020-04-07 12:01:58','2020-05-07 01:32:12',NULL),(527,3104,70,'Personal Auxilar A',18278.39,200.00,8.00,0.00,0.00,0.00,0.00,0.00,1,'2020-04-07 12:01:58','2020-05-07 01:32:18',NULL),(528,3104,70,'Vendedores B',42467.90,96.00,4.00,0.00,0.00,0.00,0.00,0.00,1,'2020-04-07 12:01:58','2021-03-16 01:34:56',NULL),(529,3104,70,'VENDEDOR A',42467.90,192.00,8.00,0.00,0.00,0.00,0.00,0.00,1,'2021-03-18 07:47:44','2021-03-18 07:47:44',NULL),(530,3104,71,'Administrativa A',42467.90,96.00,4.00,0.00,0.00,0.00,0.00,0.00,1,'2020-04-07 12:01:58','2021-10-04 00:27:04','2021-10-04 00:27:04'),(531,3104,71,'Auxiliar B',35891.01,192.00,8.00,0.00,0.00,0.00,0.00,0.00,1,'2020-04-07 12:01:58','2021-10-04 00:27:04','2021-10-04 00:27:04'),(532,3104,71,'Auxiliar Especializado A',18482.38,200.00,8.00,0.00,0.00,0.00,0.00,0.00,1,'2020-04-07 12:01:58','2021-10-04 00:27:04','2021-10-04 00:27:04'),(533,3104,71,'Auxiliar Especializado B',18448.32,200.00,8.00,0.00,0.00,0.00,0.00,0.00,1,'2020-04-07 12:01:58','2021-10-04 00:27:04','2021-10-04 00:27:04'),(534,3104,71,'Cajeros B',18397.39,200.00,8.00,0.00,0.00,0.00,0.00,0.00,1,'2020-04-07 12:01:58','2021-10-04 00:27:04','2021-10-04 00:27:04'),(535,3104,71,'Maestranza A',17938.64,200.00,8.00,0.00,0.00,0.00,0.00,0.00,1,'2020-04-07 12:01:58','2021-10-04 00:27:04','2021-10-04 00:27:04'),(536,3104,71,'Personal Auxilar A',18278.39,200.00,8.00,0.00,0.00,0.00,0.00,0.00,1,'2020-04-07 12:01:58','2021-10-04 00:27:04','2021-10-04 00:27:04'),(537,3104,71,'Vendedores B',42467.90,96.00,4.00,0.00,0.00,0.00,0.00,0.00,1,'2020-04-07 12:01:58','2021-10-04 00:27:04','2021-10-04 00:27:04'),(538,3104,71,'VENDEDOR A',42467.90,192.00,8.00,0.00,0.00,0.00,0.00,0.00,1,'2021-03-18 07:47:44','2021-10-04 00:27:05','2021-10-04 00:27:05'),(539,3104,72,'Administrativa A',42467.90,96.00,4.00,0.00,0.00,0.00,0.00,0.00,1,'2020-04-07 15:01:58','2021-03-16 04:33:54',NULL),(540,3104,72,'Auxiliar B',35891.01,192.00,8.00,0.00,0.00,0.00,0.00,0.00,1,'2020-04-07 15:01:58','2020-05-07 04:31:59',NULL),(541,3104,72,'Auxiliar Especializado A',18482.38,200.00,8.00,0.00,0.00,0.00,0.00,0.00,1,'2020-04-07 15:01:58','2020-05-07 04:32:01',NULL),(542,3104,72,'Auxiliar Especializado B',18448.32,200.00,8.00,0.00,0.00,0.00,0.00,0.00,1,'2020-04-07 15:01:58','2020-05-07 04:32:07',NULL),(543,3104,72,'Cajeros B',18397.39,200.00,8.00,0.00,0.00,0.00,0.00,0.00,1,'2020-04-07 15:01:58','2020-05-07 04:33:25',NULL),(544,3104,72,'Maestranza A',17938.64,200.00,8.00,0.00,0.00,0.00,0.00,0.00,1,'2020-04-07 15:01:58','2020-05-07 04:32:12',NULL),(545,3104,72,'Personal Auxilar A',18278.39,200.00,8.00,0.00,0.00,0.00,0.00,0.00,1,'2020-04-07 15:01:58','2020-05-07 04:32:18',NULL),(546,3104,72,'Vendedores B',42467.90,96.00,4.00,0.00,0.00,0.00,0.00,0.00,1,'2020-04-07 15:01:58','2021-03-16 04:34:56',NULL),(547,3104,72,'VENDEDOR A',42467.90,192.00,8.00,0.00,0.00,0.00,0.00,0.00,1,'2021-03-18 10:47:44','2021-03-18 10:47:44',NULL);
INSERT INTO `syj_convenio_categorias` VALUES (548,3104,73,'Administrativa A',42467.90,96.00,4.00,0.00,0.00,0.00,0.00,0.00,1,'2020-04-07 15:01:58','2021-10-04 00:26:54','2021-10-04 00:26:54'),(549,3104,73,'Auxiliar B',35891.01,192.00,8.00,0.00,0.00,0.00,0.00,0.00,1,'2020-04-07 15:01:58','2021-10-04 00:26:54','2021-10-04 00:26:54'),(550,3104,73,'Auxiliar Especializado A',18482.38,200.00,8.00,0.00,0.00,0.00,0.00,0.00,1,'2020-04-07 15:01:58','2021-10-04 00:26:54','2021-10-04 00:26:54'),(551,3104,73,'Auxiliar Especializado B',18448.32,200.00,8.00,0.00,0.00,0.00,0.00,0.00,1,'2020-04-07 15:01:58','2021-10-04 00:26:54','2021-10-04 00:26:54'),(552,3104,73,'Cajeros B',18397.39,200.00,8.00,0.00,0.00,0.00,0.00,0.00,1,'2020-04-07 15:01:58','2021-10-04 00:26:54','2021-10-04 00:26:54'),(553,3104,73,'Maestranza A',17938.64,200.00,8.00,0.00,0.00,0.00,0.00,0.00,1,'2020-04-07 15:01:58','2021-10-04 00:26:54','2021-10-04 00:26:54'),(554,3104,73,'Personal Auxilar A',18278.39,200.00,8.00,0.00,0.00,0.00,0.00,0.00,1,'2020-04-07 15:01:58','2021-10-04 00:26:54','2021-10-04 00:26:54'),(555,3104,73,'Vendedores B',42467.90,96.00,4.00,0.00,0.00,0.00,0.00,0.00,1,'2020-04-07 15:01:58','2021-10-04 00:26:54','2021-10-04 00:26:54'),(556,3104,73,'VENDEDOR A',42467.90,192.00,8.00,0.00,0.00,0.00,0.00,0.00,1,'2021-03-18 10:47:44','2021-10-04 00:26:54','2021-10-04 00:26:54'),(557,3104,74,'Administrativa A',42467.90,96.00,4.00,0.00,0.00,0.00,0.00,0.00,1,'2020-04-07 18:01:58','2021-03-16 07:33:54',NULL),(558,3104,74,'Auxiliar B',35891.01,192.00,8.00,0.00,0.00,0.00,0.00,0.00,1,'2020-04-07 18:01:58','2020-05-07 07:31:59',NULL),(559,3104,74,'Auxiliar Especializado A',18482.38,200.00,8.00,0.00,0.00,0.00,0.00,0.00,1,'2020-04-07 18:01:58','2020-05-07 07:32:01',NULL),(560,3104,74,'Auxiliar Especializado B',18448.32,200.00,8.00,0.00,0.00,0.00,0.00,0.00,1,'2020-04-07 18:01:58','2020-05-07 07:32:07',NULL),(561,3104,74,'Cajeros B',18397.39,200.00,8.00,0.00,0.00,0.00,0.00,0.00,1,'2020-04-07 18:01:58','2020-05-07 07:33:25',NULL),(562,3104,74,'Maestranza A',17938.64,200.00,8.00,0.00,0.00,0.00,0.00,0.00,1,'2020-04-07 18:01:58','2020-05-07 07:32:12',NULL),(563,3104,74,'Personal Auxilar A',18278.39,200.00,8.00,0.00,0.00,0.00,0.00,0.00,1,'2020-04-07 18:01:58','2020-05-07 07:32:18',NULL),(564,3104,74,'Vendedores B',42467.90,96.00,4.00,0.00,0.00,0.00,0.00,0.00,1,'2020-04-07 18:01:58','2021-03-16 07:34:56',NULL),(565,3104,74,'VENDEDOR A',42467.90,192.00,8.00,0.00,0.00,0.00,0.00,0.00,1,'2021-03-18 13:47:44','2021-03-18 13:47:44',NULL),(566,3104,75,'Administrativa A',42467.90,96.00,4.00,0.00,0.00,0.00,0.00,0.00,1,'2020-04-07 18:01:58','2021-10-04 00:26:43','2021-10-04 00:26:43'),(567,3104,75,'Auxiliar B',35891.01,192.00,8.00,0.00,0.00,0.00,0.00,0.00,1,'2020-04-07 18:01:58','2021-10-04 00:26:43','2021-10-04 00:26:43'),(568,3104,75,'Auxiliar Especializado A',18482.38,200.00,8.00,0.00,0.00,0.00,0.00,0.00,1,'2020-04-07 18:01:58','2021-10-04 00:26:43','2021-10-04 00:26:43'),(569,3104,75,'Auxiliar Especializado B',18448.32,200.00,8.00,0.00,0.00,0.00,0.00,0.00,1,'2020-04-07 18:01:58','2021-10-04 00:26:43','2021-10-04 00:26:43'),(570,3104,75,'Cajeros B',18397.39,200.00,8.00,0.00,0.00,0.00,0.00,0.00,1,'2020-04-07 18:01:58','2021-10-04 00:26:43','2021-10-04 00:26:43'),(571,3104,75,'Maestranza A',17938.64,200.00,8.00,0.00,0.00,0.00,0.00,0.00,1,'2020-04-07 18:01:58','2021-10-04 00:26:43','2021-10-04 00:26:43'),(572,3104,75,'Personal Auxilar A',18278.39,200.00,8.00,0.00,0.00,0.00,0.00,0.00,1,'2020-04-07 18:01:58','2021-10-04 00:26:43','2021-10-04 00:26:43'),(573,3104,75,'Vendedores B',42467.90,96.00,4.00,0.00,0.00,0.00,0.00,0.00,1,'2020-04-07 18:01:58','2021-10-04 00:26:43','2021-10-04 00:26:43'),(574,3104,75,'VENDEDOR A',42467.90,192.00,8.00,0.00,0.00,0.00,0.00,0.00,1,'2021-03-18 13:47:44','2021-10-04 00:26:43','2021-10-04 00:26:43'),(575,3104,76,'Administrativa A',42467.90,96.00,4.00,0.00,0.00,0.00,0.00,0.00,1,'2020-04-07 12:01:58','2021-03-16 01:33:54',NULL);
INSERT INTO `syj_convenio_categorias` VALUES (576,3104,76,'Auxiliar B',35891.01,192.00,8.00,0.00,0.00,0.00,0.00,0.00,1,'2020-04-07 12:01:58','2020-05-07 01:31:59',NULL),(577,3104,76,'Auxiliar Especializado A',18482.38,200.00,8.00,0.00,0.00,0.00,0.00,0.00,1,'2020-04-07 12:01:58','2020-05-07 01:32:01',NULL),(578,3104,76,'Auxiliar Especializado B',18448.32,200.00,8.00,0.00,0.00,0.00,0.00,0.00,1,'2020-04-07 12:01:58','2020-05-07 01:32:07',NULL),(579,3104,76,'Cajeros B',18397.39,200.00,8.00,0.00,0.00,0.00,0.00,0.00,1,'2020-04-07 12:01:58','2020-05-07 01:33:25',NULL),(580,3104,76,'Maestranza A',17938.64,200.00,8.00,0.00,0.00,0.00,0.00,0.00,1,'2020-04-07 12:01:58','2020-05-07 01:32:12',NULL),(581,3104,76,'Personal Auxilar A',18278.39,200.00,8.00,0.00,0.00,0.00,0.00,0.00,1,'2020-04-07 12:01:58','2020-05-07 01:32:18',NULL),(582,3104,76,'Vendedores B',42467.90,96.00,4.00,0.00,0.00,0.00,0.00,0.00,1,'2020-04-07 12:01:58','2021-03-16 01:34:56',NULL),(583,3104,76,'VENDEDOR A',42467.90,192.00,8.00,0.00,0.00,0.00,0.00,0.00,1,'2021-03-18 07:47:44','2021-03-18 07:47:44',NULL),(584,3104,77,'Administrativa A',42467.90,96.00,4.00,0.00,0.00,0.00,0.00,0.00,1,'2020-04-07 15:01:58','2021-03-16 04:33:54',NULL),(585,3104,77,'Auxiliar B',35891.01,192.00,8.00,0.00,0.00,0.00,0.00,0.00,1,'2020-04-07 15:01:58','2020-05-07 04:31:59',NULL),(586,3104,77,'Auxiliar Especializado A',18482.38,200.00,8.00,0.00,0.00,0.00,0.00,0.00,1,'2020-04-07 15:01:58','2020-05-07 04:32:01',NULL),(587,3104,77,'Auxiliar Especializado B',18448.32,200.00,8.00,0.00,0.00,0.00,0.00,0.00,1,'2020-04-07 15:01:58','2020-05-07 04:32:07',NULL),(588,3104,77,'Cajeros B',18397.39,200.00,8.00,0.00,0.00,0.00,0.00,0.00,1,'2020-04-07 15:01:58','2020-05-07 04:33:25',NULL),(589,3104,77,'Maestranza A',17938.64,200.00,8.00,0.00,0.00,0.00,0.00,0.00,1,'2020-04-07 15:01:58','2020-05-07 04:32:12',NULL),(590,3104,77,'Personal Auxilar A',18278.39,200.00,8.00,0.00,0.00,0.00,0.00,0.00,1,'2020-04-07 15:01:58','2020-05-07 04:32:18',NULL),(591,3104,77,'Vendedores B',42467.90,96.00,4.00,0.00,0.00,0.00,0.00,0.00,1,'2020-04-07 15:01:58','2021-03-16 04:34:56',NULL),(592,3104,77,'VENDEDOR A',42467.90,192.00,8.00,0.00,0.00,0.00,0.00,0.00,1,'2021-03-18 10:47:44','2021-03-18 10:47:44',NULL),(593,3104,78,'Administrativa A',42467.90,96.00,4.00,0.00,0.00,0.00,0.00,0.00,1,'2020-04-07 18:01:58','2021-03-16 07:33:54',NULL),(594,3104,78,'Auxiliar B',35891.01,192.00,8.00,0.00,0.00,0.00,0.00,0.00,1,'2020-04-07 18:01:58','2020-05-07 07:31:59',NULL),(595,3104,78,'Auxiliar Especializado A',18482.38,200.00,8.00,0.00,0.00,0.00,0.00,0.00,1,'2020-04-07 18:01:58','2020-05-07 07:32:01',NULL),(596,3104,78,'Auxiliar Especializado B',18448.32,200.00,8.00,0.00,0.00,0.00,0.00,0.00,1,'2020-04-07 18:01:58','2020-05-07 07:32:07',NULL),(597,3104,78,'Cajeros B',18397.39,200.00,8.00,0.00,0.00,0.00,0.00,0.00,1,'2020-04-07 18:01:58','2020-05-07 07:33:25',NULL),(598,3104,78,'Maestranza A',17938.64,200.00,8.00,0.00,0.00,0.00,0.00,0.00,1,'2020-04-07 18:01:58','2020-05-07 07:32:12',NULL),(599,3104,78,'Personal Auxilar A',18278.39,200.00,8.00,0.00,0.00,0.00,0.00,0.00,1,'2020-04-07 18:01:58','2020-05-07 07:32:18',NULL),(600,3104,78,'Vendedores B',42467.90,96.00,4.00,0.00,0.00,0.00,0.00,0.00,1,'2020-04-07 18:01:58','2021-03-16 07:34:56',NULL),(601,3104,78,'VENDEDOR A',42467.90,192.00,8.00,0.00,0.00,0.00,0.00,0.00,1,'2021-03-18 13:47:44','2021-03-18 13:47:44',NULL),(602,NULL,79,'Generica',1.00,1.00,1.00,0.00,0.00,0.00,0.00,0.00,1,'2021-10-23 08:45:02','2021-10-26 09:27:29',NULL),(603,3104,80,'Administrativa A',42467.90,96.00,4.00,0.00,0.00,0.00,0.00,0.00,1,'2020-04-07 12:01:58','2021-03-16 01:33:54',NULL),(604,3104,80,'Auxiliar B',35891.01,192.00,8.00,0.00,0.00,0.00,0.00,0.00,1,'2020-04-07 12:01:58','2020-05-07 01:31:59',NULL),(605,3104,80,'Auxiliar Especializado A',18482.38,200.00,8.00,0.00,0.00,0.00,0.00,0.00,1,'2020-04-07 12:01:58','2020-05-07 01:32:01',NULL),(606,3104,80,'Auxiliar Especializado B',18448.32,200.00,8.00,0.00,0.00,0.00,0.00,0.00,1,'2020-04-07 12:01:58','2020-05-07 01:32:07',NULL);
INSERT INTO `syj_convenio_categorias` VALUES (607,3104,80,'Cajeros B',18397.39,200.00,8.00,0.00,0.00,0.00,0.00,0.00,1,'2020-04-07 12:01:58','2020-05-07 01:33:25',NULL),(608,3104,80,'Maestranza A',17938.64,200.00,8.00,0.00,0.00,0.00,0.00,0.00,1,'2020-04-07 12:01:58','2020-05-07 01:32:12',NULL),(609,3104,80,'Personal Auxilar A',18278.39,200.00,8.00,0.00,0.00,0.00,0.00,0.00,1,'2020-04-07 12:01:58','2020-05-07 01:32:18',NULL),(610,3104,80,'Vendedores B',42467.90,96.00,4.00,0.00,0.00,0.00,0.00,0.00,1,'2020-04-07 12:01:58','2021-03-16 01:34:56',NULL),(611,3104,80,'VENDEDOR A',42467.90,192.00,8.00,0.00,0.00,0.00,0.00,0.00,1,'2021-03-18 07:47:44','2021-03-18 07:47:44',NULL),(612,3104,81,'Administrativa A',42467.90,96.00,4.00,0.00,0.00,0.00,0.00,0.00,1,'2020-04-07 15:01:58','2021-03-16 04:33:54',NULL),(613,3104,81,'Auxiliar B',35891.01,192.00,8.00,0.00,0.00,0.00,0.00,0.00,1,'2020-04-07 15:01:58','2020-05-07 04:31:59',NULL),(614,3104,81,'Auxiliar Especializado A',18482.38,200.00,8.00,0.00,0.00,0.00,0.00,0.00,1,'2020-04-07 15:01:58','2020-05-07 04:32:01',NULL),(615,3104,81,'Auxiliar Especializado B',18448.32,200.00,8.00,0.00,0.00,0.00,0.00,0.00,1,'2020-04-07 15:01:58','2020-05-07 04:32:07',NULL),(616,3104,81,'Cajeros B',18397.39,200.00,8.00,0.00,0.00,0.00,0.00,0.00,1,'2020-04-07 15:01:58','2020-05-07 04:33:25',NULL),(617,3104,81,'Maestranza A',17938.64,200.00,8.00,0.00,0.00,0.00,0.00,0.00,1,'2020-04-07 15:01:58','2020-05-07 04:32:12',NULL),(618,3104,81,'Personal Auxilar A',18278.39,200.00,8.00,0.00,0.00,0.00,0.00,0.00,1,'2020-04-07 15:01:58','2020-05-07 04:32:18',NULL),(619,3104,81,'Vendedores B',42467.90,96.00,4.00,0.00,0.00,0.00,0.00,0.00,1,'2020-04-07 15:01:58','2021-03-16 04:34:56',NULL),(620,3104,81,'VENDEDOR A',42467.90,192.00,8.00,0.00,0.00,0.00,0.00,0.00,1,'2021-03-18 10:47:44','2021-03-18 10:47:44',NULL),(621,3104,82,'Administrativa A',42467.90,96.00,4.00,0.00,0.00,0.00,0.00,0.00,1,'2020-04-07 18:01:58','2021-03-16 07:33:54',NULL),(622,3104,82,'Auxiliar B',35891.01,192.00,8.00,0.00,0.00,0.00,0.00,0.00,1,'2020-04-07 18:01:58','2020-05-07 07:31:59',NULL),(623,3104,82,'Auxiliar Especializado A',18482.38,200.00,8.00,0.00,0.00,0.00,0.00,0.00,1,'2020-04-07 18:01:58','2020-05-07 07:32:01',NULL),(624,3104,82,'Auxiliar Especializado B',18448.32,200.00,8.00,0.00,0.00,0.00,0.00,0.00,1,'2020-04-07 18:01:58','2020-05-07 07:32:07',NULL),(625,3104,82,'Cajeros B',18397.39,200.00,8.00,0.00,0.00,0.00,0.00,0.00,1,'2020-04-07 18:01:58','2020-05-07 07:33:25',NULL),(626,3104,82,'Maestranza A',17938.64,200.00,8.00,0.00,0.00,0.00,0.00,0.00,1,'2020-04-07 18:01:58','2020-05-07 07:32:12',NULL),(627,3104,82,'Personal Auxilar A',18278.39,200.00,8.00,0.00,0.00,0.00,0.00,0.00,1,'2020-04-07 18:01:58','2020-05-07 07:32:18',NULL),(628,3104,82,'Vendedores B',42467.90,96.00,4.00,0.00,0.00,0.00,0.00,0.00,1,'2020-04-07 18:01:58','2021-03-16 07:34:56',NULL),(629,3104,82,'VENDEDOR A',42467.90,192.00,8.00,0.00,0.00,0.00,0.00,0.00,1,'2021-03-18 13:47:44','2021-03-18 13:47:44',NULL),(630,3104,83,'Administrativa A',42467.90,96.00,4.00,0.00,0.00,0.00,0.00,0.00,1,'2020-04-07 21:01:58','2021-03-16 10:33:54',NULL),(631,3104,83,'Auxiliar B',35891.01,192.00,8.00,0.00,0.00,0.00,0.00,0.00,1,'2020-04-07 21:01:58','2020-05-07 10:31:59',NULL),(632,3104,83,'Auxiliar Especializado A',18482.38,200.00,8.00,0.00,0.00,0.00,0.00,0.00,1,'2020-04-07 21:01:58','2020-05-07 10:32:01',NULL),(633,3104,83,'Auxiliar Especializado B',18448.32,200.00,8.00,0.00,0.00,0.00,0.00,0.00,1,'2020-04-07 21:01:58','2020-05-07 10:32:07',NULL),(634,3104,83,'Cajeros B',18397.39,200.00,8.00,0.00,0.00,0.00,0.00,0.00,1,'2020-04-07 21:01:58','2020-05-07 10:33:25',NULL),(635,3104,83,'Maestranza A',17938.64,200.00,8.00,0.00,0.00,0.00,0.00,0.00,1,'2020-04-07 21:01:58','2020-05-07 10:32:12',NULL),(636,3104,83,'Personal Auxilar A',18278.39,200.00,8.00,0.00,0.00,0.00,0.00,0.00,1,'2020-04-07 21:01:58','2020-05-07 10:32:18',NULL),(637,3104,83,'Vendedores B',42467.90,96.00,4.00,0.00,0.00,0.00,0.00,0.00,1,'2020-04-07 21:01:58','2021-03-16 10:34:56',NULL);
INSERT INTO `syj_convenio_categorias` VALUES (638,3104,83,'VENDEDOR A',42467.90,192.00,8.00,0.00,0.00,0.00,0.00,0.00,1,'2021-03-18 16:47:44','2021-03-18 16:47:44',NULL),(639,3104,84,'Administrativa A',42467.90,96.00,4.00,0.00,0.00,0.00,0.00,0.00,1,'2020-04-07 21:01:58','2022-06-06 05:52:58','2022-06-06 05:52:58'),(640,3104,84,'Auxiliar B',35891.01,192.00,8.00,0.00,0.00,0.00,0.00,0.00,1,'2020-04-07 21:01:58','2022-06-06 05:52:58','2022-06-06 05:52:58'),(641,3104,84,'Auxiliar Especializado A',18482.38,200.00,8.00,0.00,0.00,0.00,0.00,0.00,1,'2020-04-07 21:01:58','2022-06-06 05:52:58','2022-06-06 05:52:58'),(642,3104,84,'Auxiliar Especializado B',18448.32,200.00,8.00,0.00,0.00,0.00,0.00,0.00,1,'2020-04-07 21:01:58','2022-06-06 05:52:58','2022-06-06 05:52:58'),(643,3104,84,'Cajeros B',18397.39,200.00,8.00,0.00,0.00,0.00,0.00,0.00,1,'2020-04-07 21:01:58','2022-06-06 05:52:58','2022-06-06 05:52:58'),(644,3104,84,'Maestranza A',17938.64,200.00,8.00,0.00,0.00,0.00,0.00,0.00,1,'2020-04-07 21:01:58','2022-06-06 05:52:58','2022-06-06 05:52:58'),(645,3104,84,'Personal Auxilar A',18278.39,200.00,8.00,0.00,0.00,0.00,0.00,0.00,1,'2020-04-07 21:01:58','2022-06-06 05:52:58','2022-06-06 05:52:58'),(646,3104,84,'Vendedores B',42467.90,96.00,4.00,0.00,0.00,0.00,0.00,0.00,1,'2020-04-07 21:01:58','2022-06-06 05:52:58','2022-06-06 05:52:58'),(647,3104,84,'VENDEDOR A',42467.90,192.00,8.00,0.00,0.00,0.00,0.00,0.00,1,'2021-03-18 16:47:44','2022-06-06 05:52:58','2022-06-06 05:52:58'),(648,3104,85,'Administrativa A',42467.90,96.00,4.00,0.00,0.00,0.00,0.00,0.00,1,'2020-04-08 00:01:58','2021-03-16 13:33:54',NULL),(649,3104,85,'Auxiliar B',35891.01,192.00,8.00,0.00,0.00,0.00,0.00,0.00,1,'2020-04-08 00:01:58','2020-05-07 13:31:59',NULL),(650,3104,85,'Auxiliar Especializado A',18482.38,200.00,8.00,0.00,0.00,0.00,0.00,0.00,1,'2020-04-08 00:01:58','2020-05-07 13:32:01',NULL),(651,3104,85,'Auxiliar Especializado B',18448.32,200.00,8.00,0.00,0.00,0.00,0.00,0.00,1,'2020-04-08 00:01:58','2020-05-07 13:32:07',NULL),(652,3104,85,'Cajeros B',18397.39,200.00,8.00,0.00,0.00,0.00,0.00,0.00,1,'2020-04-08 00:01:58','2020-05-07 13:33:25',NULL),(653,3104,85,'Maestranza A',17938.64,200.00,8.00,0.00,0.00,0.00,0.00,0.00,1,'2020-04-08 00:01:58','2020-05-07 13:32:12',NULL),(654,3104,85,'Personal Auxilar A',18278.39,200.00,8.00,0.00,0.00,0.00,0.00,0.00,1,'2020-04-08 00:01:58','2020-05-07 13:32:18',NULL),(655,3104,85,'Vendedores B',42467.90,96.00,4.00,0.00,0.00,0.00,0.00,0.00,1,'2020-04-08 00:01:58','2021-03-16 13:34:56',NULL),(656,3104,85,'VENDEDOR A',42467.90,192.00,8.00,0.00,0.00,0.00,0.00,0.00,1,'2021-03-18 19:47:44','2021-03-18 19:47:44',NULL),(657,3104,86,'Administrativa A',42467.90,96.00,4.00,0.00,0.00,0.00,0.00,0.00,1,'2020-04-07 21:01:58','2021-03-16 10:33:54',NULL),(658,3104,86,'Auxiliar B',35891.01,192.00,8.00,0.00,0.00,0.00,0.00,0.00,1,'2020-04-07 21:01:58','2020-05-07 10:31:59',NULL),(659,3104,86,'Auxiliar Especializado A',18482.38,200.00,8.00,0.00,0.00,0.00,0.00,0.00,1,'2020-04-07 21:01:58','2020-05-07 10:32:01',NULL),(660,3104,86,'Auxiliar Especializado B',18448.32,200.00,8.00,0.00,0.00,0.00,0.00,0.00,1,'2020-04-07 21:01:58','2020-05-07 10:32:07',NULL),(661,3104,86,'Cajeros B',18397.39,200.00,8.00,0.00,0.00,0.00,0.00,0.00,1,'2020-04-07 21:01:58','2020-05-07 10:33:25',NULL),(662,3104,86,'Maestranza A',17938.64,200.00,8.00,0.00,0.00,0.00,0.00,0.00,1,'2020-04-07 21:01:58','2020-05-07 10:32:12',NULL),(663,3104,86,'Personal Auxilar A',18278.39,200.00,8.00,0.00,0.00,0.00,0.00,0.00,1,'2020-04-07 21:01:58','2020-05-07 10:32:18',NULL),(664,3104,86,'Vendedores B',42467.90,96.00,4.00,0.00,0.00,0.00,0.00,0.00,1,'2020-04-07 21:01:58','2021-03-16 10:34:56',NULL),(665,3104,86,'VENDEDOR A',42467.90,192.00,8.00,0.00,0.00,0.00,0.00,0.00,1,'2021-03-18 16:47:44','2021-03-18 16:47:44',NULL),(666,3104,87,'Administrativa A',42467.90,96.00,4.00,0.00,0.00,0.00,0.00,0.00,1,'2020-04-07 15:01:58','2022-06-09 20:44:33','2022-06-09 20:44:33');
INSERT INTO `syj_convenio_categorias` VALUES (667,3104,87,'Auxiliar B',35891.01,192.00,8.00,0.00,0.00,0.00,0.00,0.00,1,'2020-04-07 15:01:58','2022-06-09 20:44:33','2022-06-09 20:44:33'),(668,3104,87,'Auxiliar Especializado A',18482.38,200.00,8.00,0.00,0.00,0.00,0.00,0.00,1,'2020-04-07 15:01:58','2022-06-09 20:44:33','2022-06-09 20:44:33'),(669,3104,87,'Auxiliar Especializado B',18448.32,200.00,8.00,0.00,0.00,0.00,0.00,0.00,1,'2020-04-07 15:01:58','2022-06-09 20:44:33','2022-06-09 20:44:33'),(670,3104,87,'Cajeros B',18397.39,200.00,8.00,0.00,0.00,0.00,0.00,0.00,1,'2020-04-07 15:01:58','2022-06-09 20:44:33','2022-06-09 20:44:33'),(671,3104,87,'Maestranza A',17938.64,200.00,8.00,0.00,0.00,0.00,0.00,0.00,1,'2020-04-07 15:01:58','2022-06-09 20:44:33','2022-06-09 20:44:33'),(672,3104,87,'Personal Auxilar A',18278.39,200.00,8.00,0.00,0.00,0.00,0.00,0.00,1,'2020-04-07 15:01:58','2022-06-09 20:44:33','2022-06-09 20:44:33'),(673,3104,87,'Vendedores B',42467.90,96.00,4.00,0.00,0.00,0.00,0.00,0.00,1,'2020-04-07 15:01:58','2022-06-09 20:44:33','2022-06-09 20:44:33'),(674,3104,87,'VENDEDOR A',42467.90,192.00,8.00,0.00,0.00,0.00,0.00,0.00,1,'2021-03-18 10:47:44','2022-06-09 20:44:33','2022-06-09 20:44:33'),(675,3104,88,'Administrativa A',42467.90,96.00,4.00,0.00,0.00,0.00,0.00,0.00,1,'2020-04-08 00:01:58','2021-03-16 13:33:54',NULL),(676,3104,88,'Auxiliar B',35891.01,192.00,8.00,0.00,0.00,0.00,0.00,0.00,1,'2020-04-08 00:01:58','2020-05-07 13:31:59',NULL),(677,3104,88,'Auxiliar Especializado A',18482.38,200.00,8.00,0.00,0.00,0.00,0.00,0.00,1,'2020-04-08 00:01:58','2020-05-07 13:32:01',NULL),(678,3104,88,'Auxiliar Especializado B',18448.32,200.00,8.00,0.00,0.00,0.00,0.00,0.00,1,'2020-04-08 00:01:58','2020-05-07 13:32:07',NULL),(679,3104,88,'Cajeros B',18397.39,200.00,8.00,0.00,0.00,0.00,0.00,0.00,1,'2020-04-08 00:01:58','2020-05-07 13:33:25',NULL),(680,3104,88,'Maestranza A',17938.64,200.00,8.00,0.00,0.00,0.00,0.00,0.00,1,'2020-04-08 00:01:58','2020-05-07 13:32:12',NULL),(681,3104,88,'Personal Auxilar A',18278.39,200.00,8.00,0.00,0.00,0.00,0.00,0.00,1,'2020-04-08 00:01:58','2020-05-07 13:32:18',NULL),(682,3104,88,'Vendedores B',42467.90,96.00,4.00,0.00,0.00,0.00,0.00,0.00,1,'2020-04-08 00:01:58','2021-03-16 13:34:56',NULL),(683,3104,88,'VENDEDOR A',42467.90,192.00,8.00,0.00,0.00,0.00,0.00,0.00,1,'2021-03-18 19:47:44','2021-03-18 19:47:44',NULL),(684,3104,89,'Administrativa A',42467.90,96.00,4.00,0.00,0.00,0.00,0.00,0.00,1,'2020-04-07 06:01:58','2022-06-09 22:53:51','2022-06-09 22:53:51'),(685,3104,89,'Auxiliar B',35891.01,192.00,8.00,0.00,0.00,0.00,0.00,0.00,1,'2020-04-07 06:01:58','2022-06-09 22:53:51','2022-06-09 22:53:51'),(686,3104,89,'Auxiliar Especializado A',18482.38,200.00,8.00,0.00,0.00,0.00,0.00,0.00,1,'2020-04-07 06:01:58','2022-06-09 22:53:51','2022-06-09 22:53:51'),(687,3104,89,'Auxiliar Especializado B',18448.32,200.00,8.00,0.00,0.00,0.00,0.00,0.00,1,'2020-04-07 06:01:58','2022-06-09 22:53:51','2022-06-09 22:53:51'),(688,3104,89,'Cajeros B',18397.39,200.00,8.00,0.00,0.00,0.00,0.00,0.00,1,'2020-04-07 06:01:58','2022-06-09 22:53:51','2022-06-09 22:53:51'),(689,3104,89,'Maestranza A',17938.64,200.00,8.00,0.00,0.00,0.00,0.00,0.00,1,'2020-04-07 06:01:58','2022-06-09 22:53:51','2022-06-09 22:53:51'),(690,3104,89,'Personal Auxilar A',18278.39,200.00,8.00,0.00,0.00,0.00,0.00,0.00,1,'2020-04-07 06:01:58','2022-06-09 22:53:51','2022-06-09 22:53:51'),(691,3104,89,'Vendedores B',42467.90,96.00,4.00,0.00,0.00,0.00,0.00,0.00,1,'2020-04-07 06:01:58','2022-06-09 22:53:51','2022-06-09 22:53:51');

--
-- Table structure for table `syj_convenio_formatosicoss`
--

CREATE TABLE `syj_convenio_formatosicoss` (
  `user_id` int(10) unsigned DEFAULT NULL,
  `syj_convenio_id` int(10) unsigned DEFAULT NULL,
  `syj_formato_sicoss_id` int(10) unsigned DEFAULT NULL,
  `created_at` timestamp NULL DEFAULT NULL,
  `updated_at` timestamp NULL DEFAULT NULL,
  `deleted_at` timestamp NULL DEFAULT NULL,
  KEY `syj_convenio_formatosicoss_syj_convenio_id_foreign` (`syj_convenio_id`),
  KEY `syj_convenio_formatosicoss_syj_formato_sicoss_id_foreign` (`syj_formato_sicoss_id`),
  CONSTRAINT `syj_convenio_formatosicoss_syj_convenio_id_foreign` FOREIGN KEY (`syj_convenio_id`) REFERENCES `syj_convenios` (`id`),
  CONSTRAINT `syj_convenio_formatosicoss_syj_formato_sicoss_id_foreign` FOREIGN KEY (`syj_formato_sicoss_id`) REFERENCES `syj_formato_sicoss` (`id`)
) ENGINE=InnoDB DEFAULT CHARSET=utf8mb4 COLLATE=utf8mb4_unicode_ci;

--
-- Dumping data for table `syj_convenio_formatosicoss`
--

INSERT INTO `syj_convenio_formatosicoss` VALUES (NULL,5,1,NULL,NULL,NULL),(1,6,1,NULL,NULL,NULL),(1,7,1,NULL,NULL,NULL),(88,13,1,NULL,NULL,NULL),(88,14,1,NULL,NULL,NULL),(88,15,1,NULL,NULL,NULL),(88,16,1,NULL,NULL,NULL),(88,17,1,NULL,NULL,NULL),(88,18,1,NULL,NULL,NULL),(88,19,1,NULL,NULL,NULL),(88,20,1,NULL,NULL,NULL),(88,21,1,NULL,NULL,NULL),(88,22,1,NULL,NULL,NULL),(88,24,1,NULL,NULL,NULL),(1,34,1,NULL,NULL,NULL),(NULL,5,2,'2021-03-15 10:27:22','2021-03-15 10:27:22',NULL),(NULL,6,2,'2021-03-15 10:27:22','2021-03-15 10:27:22',NULL),(NULL,7,2,'2021-03-15 10:27:22','2021-03-15 10:27:22',NULL),(NULL,13,2,'2021-03-15 10:27:22','2021-03-15 10:27:22',NULL),(NULL,14,2,'2021-03-15 10:27:22','2021-03-15 10:27:22',NULL),(NULL,15,2,'2021-03-15 10:27:22','2021-03-15 10:27:22',NULL),(NULL,16,2,'2021-03-15 10:27:22','2021-03-15 10:27:22',NULL),(NULL,17,2,'2021-03-15 10:27:22','2021-03-15 10:27:22',NULL),(NULL,18,2,'2021-03-15 10:27:22','2021-03-15 10:27:22',NULL),(NULL,19,2,'2021-03-15 10:27:22','2021-03-15 10:27:22',NULL),(NULL,20,2,'2021-03-15 10:27:22','2021-03-15 10:27:22',NULL),(NULL,21,2,'2021-03-15 10:27:22','2021-03-15 10:27:22',NULL),(NULL,22,2,'2021-03-15 10:27:22','2021-03-15 10:27:22',NULL),(NULL,24,2,'2021-03-15 10:27:22','2021-03-15 10:27:22',NULL),(NULL,34,2,'2021-03-15 10:27:22','2021-03-15 10:27:22',NULL),(3104,37,1,NULL,NULL,NULL),(3104,37,2,'2021-03-15 13:27:22','2021-03-15 13:27:22',NULL),(3104,40,1,NULL,NULL,NULL),(3104,40,2,'2021-03-15 16:27:22','2021-03-15 16:27:22',NULL),(3104,44,1,NULL,NULL,NULL),(3104,44,2,'2021-03-15 16:27:22','2021-03-15 16:27:22',NULL),(3104,49,1,NULL,NULL,NULL),(3104,49,2,'2021-03-15 19:27:22','2021-03-15 19:27:22',NULL),(3104,52,1,NULL,NULL,NULL),(3104,52,2,'2021-03-15 19:27:22','2021-03-15 19:27:22',NULL),(3104,57,1,NULL,NULL,NULL),(3104,57,2,'2021-03-15 22:27:22','2021-03-15 22:27:22',NULL),(3104,59,1,NULL,NULL,NULL),(3104,59,2,'2021-03-15 22:27:22','2021-03-15 22:27:22',NULL),(3104,60,1,NULL,NULL,NULL),(3104,60,2,'2021-03-15 22:27:22','2021-03-15 22:27:22',NULL),(3104,61,1,NULL,'2021-08-30 06:08:56','2021-08-30 06:08:56'),(3104,61,2,'2021-03-15 22:27:22','2021-08-30 06:08:56','2021-08-30 06:08:56'),(3104,62,1,NULL,'2021-09-06 10:57:42','2021-09-06 10:57:42'),(3104,62,2,'2021-03-15 19:27:22','2021-09-06 10:57:42','2021-09-06 10:57:42'),(3104,63,1,NULL,NULL,NULL),(3104,63,2,'2021-03-15 19:27:22','2021-03-15 19:27:22',NULL),(3104,64,1,NULL,'2021-09-06 10:58:43','2021-09-06 10:58:43'),(3104,64,2,'2021-03-15 22:27:22','2021-09-06 10:58:43','2021-09-06 10:58:43'),(3104,65,1,NULL,NULL,NULL),(3104,65,2,'2021-03-15 22:27:22','2021-03-15 22:27:22',NULL),(3104,66,1,NULL,NULL,NULL),(3104,66,2,'2021-03-15 22:27:22','2021-03-15 22:27:22',NULL),(3104,67,1,NULL,NULL,NULL),(3104,67,2,'2021-03-16 01:27:22','2021-03-16 01:27:22',NULL),(3104,68,1,NULL,NULL,NULL),(3104,68,2,'2021-03-16 01:27:22','2021-03-16 01:27:22',NULL),(3104,69,1,NULL,'2021-09-27 05:41:29','2021-09-27 05:41:29'),(3104,69,2,'2021-03-15 19:27:22','2021-09-27 05:41:29','2021-09-27 05:41:29'),(3104,70,1,NULL,NULL,NULL),(3104,70,2,'2021-03-15 19:27:22','2021-03-15 19:27:22',NULL),(3104,71,1,NULL,'2021-10-04 00:27:05','2021-10-04 00:27:05'),(3104,71,2,'2021-03-15 19:27:22','2021-10-04 00:27:05','2021-10-04 00:27:05'),(3104,72,1,NULL,NULL,NULL),(3104,72,2,'2021-03-15 22:27:22','2021-03-15 22:27:22',NULL),(3104,73,1,NULL,'2021-10-04 00:26:54','2021-10-04 00:26:54'),(3104,73,2,'2021-03-15 22:27:22','2021-10-04 00:26:54','2021-10-04 00:26:54'),(3104,74,1,NULL,NULL,NULL),(3104,74,2,'2021-03-16 01:27:22','2021-03-16 01:27:22',NULL),(3104,75,1,NULL,'2021-10-04 00:26:44','2021-10-04 00:26:44'),(3104,75,2,'2021-03-16 01:27:22','2021-10-04 00:26:44','2021-10-04 00:26:44'),(3104,76,1,NULL,NULL,NULL),(3104,76,2,'2021-03-15 19:27:22','2021-03-15 19:27:22',NULL),(3104,77,1,NULL,NULL,NULL),(3104,77,2,'2021-03-15 22:27:22','2021-03-15 22:27:22',NULL),(3104,78,1,NULL,NULL,NULL),(3104,78,2,'2021-03-16 01:27:22','2021-03-16 01:27:22',NULL),(NULL,79,1,NULL,NULL,NULL);
INSERT INTO `syj_convenio_formatosicoss` VALUES (NULL,79,2,NULL,NULL,NULL),(3104,80,1,NULL,NULL,NULL),(3104,80,2,'2021-03-15 19:27:22','2021-03-15 19:27:22',NULL),(3104,81,1,NULL,NULL,NULL),(3104,81,2,'2021-03-15 22:27:22','2021-03-15 22:27:22',NULL),(3104,82,1,NULL,NULL,NULL),(3104,82,2,'2021-03-16 01:27:22','2021-03-16 01:27:22',NULL),(3104,83,1,NULL,NULL,NULL),(3104,83,2,'2021-03-16 04:27:22','2021-03-16 04:27:22',NULL),(3104,84,1,NULL,'2022-06-06 05:52:58','2022-06-06 05:52:58'),(3104,84,2,'2021-03-16 04:27:22','2022-06-06 05:52:58','2022-06-06 05:52:58'),(3104,85,1,NULL,NULL,NULL),(3104,85,2,'2021-03-16 07:27:22','2021-03-16 07:27:22',NULL),(3104,86,1,NULL,NULL,NULL),(3104,86,2,'2021-03-16 04:27:22','2021-03-16 04:27:22',NULL),(3104,87,1,NULL,'2022-06-09 20:44:33','2022-06-09 20:44:33'),(3104,87,2,'2021-03-15 22:27:22','2022-06-09 20:44:33','2022-06-09 20:44:33'),(3104,88,1,NULL,NULL,NULL),(3104,88,2,'2021-03-16 07:27:22','2021-03-16 07:27:22',NULL),(3104,89,1,NULL,'2022-06-09 22:53:51','2022-06-09 22:53:51'),(3104,89,2,'2021-03-15 13:27:22','2022-06-09 22:53:51','2022-06-09 22:53:51');

--
-- Table structure for table `syj_convenios`
--

CREATE TABLE `syj_convenios` (
  `id` int(10) unsigned NOT NULL AUTO_INCREMENT,
  `user_id` int(10) unsigned DEFAULT NULL,
  `descripcion` varchar(191) COLLATE utf8mb4_unicode_ci DEFAULT NULL,
  `syj_emp_afecta_id` int(10) unsigned NOT NULL,
  `habilitado` tinyint(1) NOT NULL DEFAULT '1',
  `created_at` timestamp NULL DEFAULT NULL,
  `updated_at` timestamp NULL DEFAULT NULL,
  `deleted_at` timestamp NULL DEFAULT NULL,
  PRIMARY KEY (`id`),
  KEY `syj_convenios_syj_emp_afecta_id_foreign` (`syj_emp_afecta_id`),
  CONSTRAINT `syj_convenios_syj_emp_afecta_id_foreign` FOREIGN KEY (`syj_emp_afecta_id`) REFERENCES `syj_emp_afecta` (`id`)
) ENGINE=InnoDB AUTO_INCREMENT=90 DEFAULT CHARSET=utf8mb4 COLLATE=utf8mb4_unicode_ci;

--
-- Dumping data for table `syj_convenios`
--

INSERT INTO `syj_convenios` VALUES (5,88,'CONVENIO GENERICO',2,1,'2020-04-07 03:01:58','2021-03-15 10:27:20',NULL),(6,3104,'COMERCIO 130/75',2,1,'2020-05-11 15:11:16','2021-03-15 10:48:07',NULL),(7,1,'DIRECTORES - GERENTES',2,1,'2020-05-12 12:36:54','2021-03-15 10:27:20',NULL),(13,88,'TINTOREROS 0526/08',3,1,'2020-05-13 10:17:46','2020-05-13 10:48:47',NULL),(14,88,'SANIDAD 108/75',2,1,'2020-05-13 12:21:02','2020-05-13 12:21:26',NULL),(15,88,'SANIDAD 122/75',2,1,'2020-05-13 15:40:51','2020-05-13 15:40:51',NULL),(16,88,'UOCRA 76/75',3,1,'2020-05-19 09:56:17','2020-05-19 09:56:17',NULL),(17,88,'SOECRA - COCHERIAS 749/18',2,1,'2020-05-19 11:20:07','2021-03-15 10:27:20',NULL),(18,88,'SOCAYA 179/75',3,1,'2020-05-19 14:24:18','2020-05-19 14:24:18',NULL),(19,88,'AOTRA 500/07',3,1,'2020-05-19 15:21:50','2020-05-19 15:21:50',NULL),(20,88,'UTHGRA 389/04',2,1,'2020-05-20 08:56:34','2021-03-15 10:27:20',NULL),(21,88,'SOMRA 281/96',2,1,'2020-05-20 11:46:24','2021-03-15 10:27:20',NULL),(22,88,'CAMIONEROS 40/89',2,1,'2020-05-20 13:28:57','2021-03-15 10:27:20',NULL),(24,88,'ATILRA 02/88',2,1,'2020-05-21 20:24:45','2021-03-15 10:27:20',NULL),(34,88,'UPSRA - Seguridad 507/07',2,1,'2020-05-22 12:48:31','2021-03-15 10:27:20',NULL),(35,3104,'Copia de COMERCIO 130/75',2,1,'2021-03-16 11:28:43','2021-03-16 11:29:39','2021-03-16 11:29:39'),(36,3104,'Copia de COMERCIO 130/75 -guillermo',2,1,'2021-03-17 01:47:47','2021-03-18 01:16:03','2021-03-18 01:16:03'),(37,3104,'Copia de COMERCIO 130/75 - guillermo',2,1,'2021-03-18 01:16:35','2021-03-18 01:16:35',NULL),(38,3104,'Copia de Copia de COMERCIO 130/75 -  martin',2,1,'2021-03-22 10:36:25','2021-03-27 18:28:47','2021-03-27 18:28:47'),(39,3104,'Copia de Copia de COMERCIO 130/75 - martin',2,1,'2021-03-27 18:29:12','2021-06-08 06:42:37','2021-06-08 06:42:37'),(40,3104,'Copia de Copia de COMERCIO 130/75 - damian',2,1,'2021-03-27 23:49:25','2021-03-27 23:49:25',NULL),(41,3104,'Copia  de COMERCIO 130/75 - martin 1',2,1,'2021-05-09 18:38:55','2021-05-09 19:06:55','2021-05-09 19:06:55'),(42,3104,'Copia de Copia de Copia de COMERCIO 130/75 - martin',2,1,'2021-06-07 03:33:07','2021-06-08 06:08:29','2021-06-08 06:08:29'),(43,3104,'Copia de COMERCIO 130/75 - martin- mayo21',2,1,'2021-06-07 03:33:10','2021-06-08 06:45:54','2021-06-08 06:45:54'),(44,3104,'Copia de COMERCIO 130/75 - guillermo -mayo21',2,1,'2021-06-07 04:02:41','2021-06-07 04:02:41',NULL),(45,3104,'Copia de COMERCIO 130/75 - guillermo -mayo21',2,1,'2021-06-07 04:02:44','2021-06-07 04:03:03','2021-06-07 04:03:03'),(46,3104,'Copia de COMERCIO 130/75 - damian - mayo21',2,1,'2021-06-07 04:03:46','2021-06-08 05:53:32','2021-06-08 05:53:32'),(47,3104,'Copia de COMERCIO 130/75 - damian - mayo21',2,1,'2021-06-07 04:03:49','2021-06-07 04:04:02','2021-06-07 04:04:02'),(48,3104,'Copia de Copia de COMERCIO 130/75 - guillermo - mayo',2,1,'2021-06-07 10:13:20','2021-06-07 10:57:48','2021-06-07 10:57:48'),(49,3104,'Copia de COMERCIO 130/75 - damian -mayo21',2,1,'2021-06-08 05:54:15','2021-06-08 05:54:15',NULL),(50,3104,'Copia de COMERCIO 130/75 - damian -mayo21',2,1,'2021-06-08 05:54:18','2021-06-08 05:54:39','2021-06-08 05:54:39'),(51,3104,'Copia de COMERCIO 130/75 - martin -mayo21',2,1,'2021-06-08 06:09:48','2021-08-08 22:46:56','2021-08-08 22:46:56'),(52,3104,'Copia de COMERCIO 130/75 - guillermo -julio21',2,1,'2021-08-05 04:49:00','2021-08-05 04:49:00',NULL),(53,3104,'Copia de COMERCIO 130/75 - martin -julio 21',2,1,'2021-08-08 10:24:58','2021-08-08 10:25:30','2021-08-08 10:25:30'),(54,3104,'Copia de COMERCIO 130/75 - martin -julio 21',2,1,'2021-08-08 10:25:00','2021-08-08 10:26:56','2021-08-08 10:26:56'),(55,3104,'Copia de COMERCIO 130/75 - martin -julio21',2,1,'2021-08-08 10:27:38','2021-08-08 10:28:06','2021-08-08 10:28:06'),(56,3104,'Copia de COMERCIO 130/75 - martin -julio21',2,1,'2021-08-08 10:27:41','2021-08-08 19:04:58','2021-08-08 19:04:58'),(57,3104,'Copia de COMERCIO 130/75 - martin -julio21',2,1,'2021-08-08 19:06:07','2021-08-08 19:06:07',NULL);
INSERT INTO `syj_convenios` VALUES (58,3104,'Copia de COMERCIO 130/75 - martin- julio21',2,1,'2021-08-08 20:13:52','2021-08-08 20:15:06','2021-08-08 20:15:06'),(59,3104,'Copia de COMERCIO 130/75 - damian -julio21',2,1,'2021-08-08 22:46:29','2021-08-08 22:46:29',NULL),(60,3104,'Copia de COMERCIO 130/75 - martin -mayo21',2,1,'2021-08-30 06:08:09','2021-08-30 06:08:09',NULL),(61,3104,'Copia de COMERCIO 130/75 - martin -mayo21',2,1,'2021-08-30 06:08:14','2021-08-30 06:08:56','2021-08-30 06:08:56'),(62,3104,'Copia  de COMERCIO 130/75 - guillermo -jul21',2,1,'2021-09-06 10:57:13','2021-09-06 10:57:42','2021-09-06 10:57:42'),(63,3104,'Copia  de COMERCIO 130/75 - guillermo -jul21',2,1,'2021-09-06 10:57:18','2021-09-06 10:57:18',NULL),(64,3104,'Copia  COMERCIO 130/75 - damian -jul21',2,1,'2021-09-06 10:58:17','2021-09-06 10:58:43','2021-09-06 10:58:43'),(65,3104,'Copia  COMERCIO 130/75 - damian -jul21',2,1,'2021-09-06 10:58:18','2021-09-06 10:58:18',NULL),(66,3104,'Copia  de COMERCIO 130/75 - guillermo -agosto21',2,1,'2021-09-06 13:21:51','2021-09-06 13:21:51',NULL),(67,3104,'Copia  COMERCIO 130/75 - damian -agosto 21',2,1,'2021-09-06 15:31:18','2021-09-06 15:31:18',NULL),(68,3104,'Copia de COMERCIO 130/75 - martin -agosto 21',2,1,'2021-09-07 12:49:15','2021-09-07 12:49:15',NULL),(69,3104,'Copia de COMERCIO 130/75 - guillermo -septiembre 21',2,1,'2021-09-27 05:40:47','2021-09-27 05:41:29','2021-09-27 05:41:29'),(70,3104,'Copia de COMERCIO 130/75 - guillermo -septiembre 21',2,1,'2021-09-27 05:40:53','2021-09-27 05:40:53',NULL),(71,3104,'Copia de COMERCIO 130/75 - guillermo  septiembre 21',2,1,'2021-10-04 00:24:20','2021-10-04 00:27:05','2021-10-04 00:27:05'),(72,3104,'Copia de COMERCIO 130/75 - damian  septiembre21',2,1,'2021-10-04 00:25:25','2021-10-04 00:25:25',NULL),(73,3104,'Copia de COMERCIO 130/75 - damian  septiembre21',2,1,'2021-10-04 00:25:31','2021-10-04 00:26:54','2021-10-04 00:26:54'),(74,3104,'Copia de COMERCIO 130/75 - martin  septiembre 21',2,1,'2021-10-04 00:26:12','2021-10-04 00:26:12',NULL),(75,3104,'Copia de COMERCIO 130/75 - martin  septiembre 21',2,1,'2021-10-04 00:26:17','2021-10-04 00:26:44','2021-10-04 00:26:44'),(76,3104,'Copia de COMERCIO 130/75 - guillermo -junio21',2,1,'2021-10-04 04:22:08','2021-10-04 04:22:08',NULL),(77,3104,'Copia de COMERCIO 130/75 - damian -junio21',2,1,'2021-10-04 04:22:45','2021-10-04 04:22:45',NULL),(78,3104,'Copia de COMERCIO 130/75 - martin -junio21',2,1,'2021-10-04 04:24:03','2021-10-04 04:24:03',NULL),(79,NULL,'Empleado Eventual',1,1,'2021-10-23 08:45:02','2021-10-23 08:45:02',NULL),(80,3104,'Copia de Copia de COMERCIO 130/75 - guillermo -NOviembre21',2,1,'2021-12-30 15:34:50','2021-12-30 15:34:50',NULL),(81,3104,'Copia de Copia de COMERCIO 130/75 - guillermo -NOV 21',2,1,'2021-12-30 19:01:36','2021-12-30 19:01:36',NULL),(82,3104,'Copia de COMERCIO 130/75 - guillermo - ABRIL 22',2,1,'2022-05-04 18:26:53','2022-05-04 18:27:51',NULL),(83,3104,'Copia de COMERCIO 130/75 - MARTIN - ABRIL 22',2,1,'2022-05-04 21:06:44','2022-05-04 21:07:52',NULL),(84,3104,'Copia de COMERCIO 130/75 - guillermo - MAYO 22',2,1,'2022-06-06 01:14:04','2022-06-06 05:52:58','2022-06-06 05:52:58'),(85,3104,'Copia de Copia de COMERCIO 130/75 - MARTIN - MAYO  22',2,1,'2022-06-06 01:15:55','2022-06-06 01:15:55',NULL),(86,3104,'Copia de Copia de COMERCIO 130/75 - guillermo - mayo 22',2,1,'2022-06-06 05:36:54','2022-06-06 05:36:54',NULL),(87,3104,'Copia de Copia de Copia de COMERCIO 130/75 - guillermo -MAY 22',2,1,'2022-06-09 19:10:45','2022-06-09 20:44:33','2022-06-09 20:44:33'),(88,3104,'Copia de Copia de Copia de COMERCIO 130/75 - guillermo - may 22',2,1,'2022-06-09 20:44:58','2022-06-09 20:44:58',NULL),(89,3104,'Copia de COMERCIO 130/75  MAY1 GUILLERMO',2,1,'2022-06-09 22:53:20','2022-06-09 22:53:51','2022-06-09 22:53:51');

--
-- Table structure for table `syj_domicilios`
--

CREATE TABLE `syj_domicilios` (
  `id` int(10) unsigned NOT NULL AUTO_INCREMENT,
  `user_id` int(10) unsigned DEFAULT NULL,
  `person_id` int(10) unsigned NOT NULL,
  `pais_id` int(10) unsigned NOT NULL,
  `zone_id` int(10) unsigned NOT NULL,
  `localidad_id` int(10) unsigned NOT NULL,
  `calle` varchar(191) COLLATE utf8mb4_unicode_ci DEFAULT NULL,
  `numero` int(11) DEFAULT NULL,
  `piso` varchar(191) COLLATE utf8mb4_unicode_ci DEFAULT NULL,
  `depto` varchar(191) COLLATE utf8mb4_unicode_ci DEFAULT NULL,
  `cod_postal` int(11) DEFAULT NULL,
  `sucursal` varchar(191) COLLATE utf8mb4_unicode_ci DEFAULT NULL,
  `is_legal` tinyint(1) NOT NULL DEFAULT '0',
  `habilitado` tinyint(1) NOT NULL DEFAULT '1',
  `created_at` timestamp NULL DEFAULT NULL,
  `updated_at` timestamp NULL DEFAULT NULL,
  `deleted_at` timestamp NULL DEFAULT NULL,
  PRIMARY KEY (`id`),
  KEY `syj_domicilios_person_id_foreign` (`person_id`),
  KEY `syj_domicilios_pais_id_foreign` (`pais_id`),
  KEY `syj_domicilios_zone_id_foreign` (`zone_id`),
  KEY `syj_domicilios_localidad_id_foreign` (`localidad_id`),
  CONSTRAINT `syj_domicilios_localidad_id_foreign` FOREIGN KEY (`localidad_id`) REFERENCES `localidad` (`id`),
  CONSTRAINT `syj_domicilios_pais_id_foreign` FOREIGN KEY (`pais_id`) REFERENCES `pais` (`id`),
  CONSTRAINT `syj_domicilios_person_id_foreign` FOREIGN KEY (`person_id`) REFERENCES `persons` (`id`),
  CONSTRAINT `syj_domicilios_zone_id_foreign` FOREIGN KEY (`zone_id`) REFERENCES `zones` (`id`)
) ENGINE=InnoDB AUTO_INCREMENT=2 DEFAULT CHARSET=utf8mb4 COLLATE=utf8mb4_unicode_ci;

--
-- Dumping data for table `syj_domicilios`
--

INSERT INTO `syj_domicilios` VALUES (1,3104,40719,1,23,8,'NTRA SRA DEL BUEN VIAJE',810,'-','-',1708,'1',1,1,'2021-03-15 15:11:41','2021-03-15 15:11:41',NULL);

--
-- Table structure for table `syj_emp_afecta`
--

CREATE TABLE `syj_emp_afecta` (
  `id` int(10) unsigned NOT NULL AUTO_INCREMENT,
  `user_id` int(10) unsigned DEFAULT NULL,
  `descripcion` varchar(191) COLLATE utf8mb4_unicode_ci NOT NULL,
  `habilitado` tinyint(1) NOT NULL DEFAULT '1',
  `created_at` timestamp NULL DEFAULT NULL,
  `updated_at` timestamp NULL DEFAULT NULL,
  `deleted_at` timestamp NULL DEFAULT NULL,
  PRIMARY KEY (`id`),
  UNIQUE KEY `syj_emp_afecta_descripcion_unique` (`descripcion`)
) ENGINE=InnoDB AUTO_INCREMENT=4 DEFAULT CHARSET=utf8mb4 COLLATE=utf8mb4_unicode_ci;

--
-- Dumping data for table `syj_emp_afecta`
--

INSERT INTO `syj_emp_afecta` VALUES (1,NULL,'Todos',1,'2020-05-28 20:55:23','2020-05-28 20:55:23',NULL),(2,NULL,'Mensual/Jornal',1,'2020-05-28 20:55:23','2020-05-28 20:55:23',NULL),(3,NULL,'Quincenal',1,'2020-05-28 20:55:23','2020-05-28 20:55:23',NULL);

--
-- Table structure for table `syj_emp_alcance`
--

CREATE TABLE `syj_emp_alcance` (
  `id` int(10) unsigned NOT NULL AUTO_INCREMENT,
  `user_id` int(10) unsigned DEFAULT NULL,
  `descripcion` varchar(191) COLLATE utf8mb4_unicode_ci NOT NULL,
  `habilitado` tinyint(1) NOT NULL DEFAULT '1',
  `created_at` timestamp NULL DEFAULT NULL,
  `updated_at` timestamp NULL DEFAULT NULL,
  `deleted_at` timestamp NULL DEFAULT NULL,
  PRIMARY KEY (`id`),
  UNIQUE KEY `syj_emp_alcance_descripcion_unique` (`descripcion`)
) ENGINE=InnoDB AUTO_INCREMENT=3 DEFAULT CHARSET=utf8mb4 COLLATE=utf8mb4_unicode_ci;

--
-- Dumping data for table `syj_emp_alcance`
--

INSERT INTO `syj_emp_alcance` VALUES (1,NULL,'General',1,'2020-05-28 20:55:23','2020-05-28 20:55:23',NULL),(2,NULL,'Por Empleado',1,'2020-05-28 20:55:23','2020-05-28 20:55:23',NULL);

--
-- Table structure for table `syj_emp_cod_siniestro`
--

CREATE TABLE `syj_emp_cod_siniestro` (
  `id` int(10) unsigned NOT NULL AUTO_INCREMENT,
  `user_id` int(10) unsigned DEFAULT NULL,
  `codigo_afip` varchar(191) COLLATE utf8mb4_unicode_ci NOT NULL,
  `descripcion` varchar(191) COLLATE utf8mb4_unicode_ci NOT NULL,
  `habilitado` tinyint(1) NOT NULL DEFAULT '1',
  `created_at` timestamp NULL DEFAULT NULL,
  `updated_at` timestamp NULL DEFAULT NULL,
  `deleted_at` timestamp NULL DEFAULT NULL,
  PRIMARY KEY (`id`),
  UNIQUE KEY `syj_emp_cod_siniestro_codigo_afip_unique` (`codigo_afip`)
) ENGINE=InnoDB AUTO_INCREMENT=15 DEFAULT CHARSET=utf8mb4 COLLATE=utf8mb4_unicode_ci;

--
-- Dumping data for table `syj_emp_cod_siniestro`
--

INSERT INTO `syj_emp_cod_siniestro` VALUES (1,NULL,'0','No Incapacitado',1,'2020-05-28 20:55:24','2020-05-28 20:55:24',NULL),(2,NULL,'1','ILT Incapacidad Laboral Temporaria',1,'2020-05-28 20:55:24','2020-05-28 20:55:24',NULL),(3,NULL,'2','ILPPP Incap Lab Perman Parcial Provisoria',1,'2020-05-28 20:55:24','2020-05-28 20:55:24',NULL),(4,NULL,'3','ILPPD Incap Lab Perman Parcial Definitiva',1,'2020-05-28 20:55:24','2020-05-28 20:55:24',NULL),(5,NULL,'4','ILPTP Incap Lab Perman Total Provisoria',1,'2020-05-28 20:55:24','2020-05-28 20:55:24',NULL),(6,NULL,'5','Capital de recomp Art 15,ap 3 Ley 24557',1,'2020-05-28 20:55:24','2020-05-28 20:55:24',NULL),(7,NULL,'6','Ajuste Definitivo ILPPD de pago mensual',1,'2020-05-28 20:55:24','2020-05-28 20:55:24',NULL),(8,NULL,'7','RENTA PERIOD ILPPD Inc Lab Perm Parc Def>50%',1,'2020-05-28 20:55:24','2020-05-28 20:55:24',NULL),(9,NULL,'8','SRT/SSN F Garantia/F Res ILT Incap Lab Temp',1,'2020-05-28 20:55:24','2020-05-28 20:55:24',NULL),(10,NULL,'9','SRT/SSN F Gtia/F Res ILPPP Inc Lab Perm Parc',1,'2020-05-28 20:55:24','2020-05-28 20:55:24',NULL),(11,NULL,'10','SRT/SSN F Gtia/F Res ILPTP Inc Lab Perm Total',1,'2020-05-28 20:55:24','2020-05-28 20:55:24',NULL),(12,NULL,'11','SRT/SSN F Gtia/F Res ILPPD Inc Lab Perm Par D',1,'2020-05-28 20:55:24','2020-05-28 20:55:24',NULL),(13,NULL,'12','ILPPD Beneficios devengados art 11 p.4',1,'2020-05-28 20:55:24','2020-05-28 20:55:24',NULL),(14,NULL,'13','INFORME Incr salarial de trabaj siniest a ART',1,'2020-05-28 20:55:24','2020-05-28 20:55:24',NULL);

--
-- Table structure for table `syj_emp_condicion`
--

CREATE TABLE `syj_emp_condicion` (
  `id` int(10) unsigned NOT NULL AUTO_INCREMENT,
  `user_id` int(10) unsigned DEFAULT NULL,
  `descripcion` varchar(191) COLLATE utf8mb4_unicode_ci NOT NULL,
  `codigo_afip` int(10) unsigned NOT NULL,
  `habilitado` tinyint(1) NOT NULL DEFAULT '1',
  `created_at` timestamp NULL DEFAULT NULL,
  `updated_at` timestamp NULL DEFAULT NULL,
  `deleted_at` timestamp NULL DEFAULT NULL,
  PRIMARY KEY (`id`),
  UNIQUE KEY `syj_emp_condicion_descripcion_unique` (`descripcion`)
) ENGINE=InnoDB AUTO_INCREMENT=15 DEFAULT CHARSET=utf8mb4 COLLATE=utf8mb4_unicode_ci;

--
-- Dumping data for table `syj_emp_condicion`
--

INSERT INTO `syj_emp_condicion` VALUES (1,NULL,'Jubilado Decreto Nº 894/01 y/o Dec 2288/02',0,1,'2020-05-28 20:55:24','2020-05-28 20:55:24',NULL),(2,NULL,'SERVICIOS COMUNES Mayor de 18 años',1,1,'2020-05-28 20:55:24','2020-05-28 20:55:34',NULL),(3,NULL,'Jubilado',2,1,'2020-05-28 20:55:24','2020-05-28 20:55:34',NULL),(4,NULL,'Menor',3,1,'2020-05-28 20:55:24','2020-05-28 20:55:34',NULL),(5,NULL,'Menor Anterior',4,0,'2020-05-28 20:55:24','2021-09-16 15:35:08',NULL),(6,NULL,'SERVICIOS DIFERENCIADOS Mayor de 18 años',5,1,'2020-05-28 20:55:24','2020-05-28 20:55:34',NULL),(7,NULL,'Pre-Jubilables Sin relacion de dependencia-s/',6,1,'2020-05-28 20:55:24','2020-05-28 20:55:34',NULL),(8,NULL,'MEDIDA DE NO INNOVAR SERV COMUNES',7,0,'2020-05-28 20:55:24','2021-09-16 15:35:08',NULL),(9,NULL,'MEDIDA DE NO INNOVAR SERV DIFERENCIADOS',8,0,'2020-05-28 20:55:24','2021-09-16 15:35:08',NULL),(10,NULL,'Jubilado Decreto Nº 206/00 y/o Decreto 894/01',9,1,'2020-05-28 20:55:24','2020-05-28 20:55:34',NULL),(11,NULL,'Pensión (NO SIPA)',10,1,'2020-05-28 20:55:24','2020-05-28 20:55:34',NULL),(12,NULL,'Pensión no contributiva (NO SIPA)',11,1,'2020-05-28 20:55:24','2020-05-28 20:55:34',NULL),(13,NULL,'Art. 8º Ley Nº 27426',12,1,'2021-09-16 15:35:08','2021-09-16 15:35:08',NULL),(14,NULL,'Servicios Diferenciados no alcanzados por el Dto. 633/2018',13,1,'2021-09-16 15:35:08','2021-09-16 15:35:08',NULL);

--
-- Table structure for table `syj_emp_estado`
--

CREATE TABLE `syj_emp_estado` (
  `id` int(10) unsigned NOT NULL AUTO_INCREMENT,
  `user_id` int(10) unsigned DEFAULT NULL,
  `descripcion` varchar(191) COLLATE utf8mb4_unicode_ci NOT NULL,
  `habilitado` tinyint(1) NOT NULL DEFAULT '1',
  `created_at` timestamp NULL DEFAULT NULL,
  `updated_at` timestamp NULL DEFAULT NULL,
  `deleted_at` timestamp NULL DEFAULT NULL,
  PRIMARY KEY (`id`),
  UNIQUE KEY `syj_emp_estado_descripcion_unique` (`descripcion`)
) ENGINE=InnoDB AUTO_INCREMENT=4 DEFAULT CHARSET=utf8mb4 COLLATE=utf8mb4_unicode_ci;

--
-- Dumping data for table `syj_emp_estado`
--

INSERT INTO `syj_emp_estado` VALUES (1,NULL,'Habilitado',1,'2020-05-28 20:55:23','2020-05-28 20:55:23',NULL),(2,NULL,'Inhabilitado',1,'2020-05-28 20:55:23','2020-05-28 20:55:23',NULL),(3,NULL,'Baja',1,'2020-05-28 20:55:23','2020-05-28 20:55:23',NULL);

--
-- Table structure for table `syj_emp_mod_contratacion`
--

CREATE TABLE `syj_emp_mod_contratacion` (
  `id` int(10) unsigned NOT NULL AUTO_INCREMENT,
  `user_id` int(10) unsigned DEFAULT NULL,
  `codigo_afip` varchar(191) COLLATE utf8mb4_unicode_ci NOT NULL,
  `descripcion` varchar(191) COLLATE utf8mb4_unicode_ci NOT NULL,
  `habilitado` tinyint(1) NOT NULL DEFAULT '1',
  `created_at` timestamp NULL DEFAULT NULL,
  `updated_at` timestamp NULL DEFAULT NULL,
  `deleted_at` timestamp NULL DEFAULT NULL,
  PRIMARY KEY (`id`),
  UNIQUE KEY `syj_emp_mod_contratacion_codigo_afip_unique` (`codigo_afip`)
) ENGINE=InnoDB AUTO_INCREMENT=92 DEFAULT CHARSET=utf8mb4 COLLATE=utf8mb4_unicode_ci;

--
-- Dumping data for table `syj_emp_mod_contratacion`
--

INSERT INTO `syj_emp_mod_contratacion` VALUES (1,3104,'1','A tiempo parcial:Indeterminado/permanente',1,'2020-05-28 20:55:24','2021-03-17 05:57:38',NULL),(2,NULL,'2','Becarios/Residencias medicas Ley 22127',1,'2020-05-28 20:55:24','2020-05-28 20:55:24',NULL),(3,NULL,'3','De aprendizaje l.25013',1,'2020-05-28 20:55:24','2020-05-28 20:55:24',NULL),(4,NULL,'8','A tiempo completo indet/Trabajo permanente',1,'2020-05-28 20:55:24','2020-05-28 20:55:24',NULL),(5,NULL,'10','Pasantias-sin obra social',1,'2020-05-28 20:55:24','2020-05-28 20:55:24',NULL),(6,NULL,'11','Trabajo de temporada',1,'2020-05-28 20:55:24','2020-05-28 20:55:24',NULL),(7,NULL,'12','Trabajo eventual',1,'2020-05-28 20:55:24','2020-05-28 20:55:24',NULL),(8,NULL,'14','Nuevo Periodo de Prueba',1,'2020-05-28 20:55:24','2020-05-28 20:55:24',NULL),(9,NULL,'15','Pto Nuevo Varones y Mujeres de 25 a 44 años',1,'2020-05-28 20:55:24','2020-05-28 20:55:24',NULL),(10,NULL,'16','Nuevo Periodo de Prueba Trab Disc Art 34',1,'2020-05-28 20:55:24','2020-05-28 20:55:24',NULL),(11,NULL,'17','Pto Nuevo Menor de 25 años, Varones y Mujeres',1,'2020-05-28 20:55:24','2020-05-28 20:55:24',NULL),(12,NULL,'18','Trabajador Discapacitado Art 34 Ley 24147',1,'2020-05-28 20:55:24','2020-05-28 20:55:24',NULL),(13,NULL,'19','Puesto Nuevo. Varones y Mujeres 25 a 44 años',1,'2020-05-28 20:55:24','2020-05-28 20:55:24',NULL),(14,NULL,'20','Pto Nuevo Menor de 25 años, Varones y Mujeres',1,'2020-05-28 20:55:24','2020-05-28 20:55:24',NULL),(15,NULL,'21','A tiempo parcial det(contrato a plazo fijo)',1,'2020-05-28 20:55:24','2020-05-28 20:55:24',NULL),(16,NULL,'22','A Tiempo completo det(contrato a plazo fijo)',1,'2020-05-28 20:55:24','2020-05-28 20:55:24',NULL),(17,NULL,'23','Personal no permanente L 22248',1,'2020-05-28 20:55:24','2020-05-28 20:55:24',NULL),(18,NULL,'24','Personal de la Construccion L 22250',1,'2020-05-28 20:55:24','2020-05-28 20:55:24',NULL),(19,NULL,'25','Empleo publico provincial',1,'2020-05-28 20:55:24','2020-05-28 20:55:24',NULL),(20,NULL,'26','Benef de programa de empleo, capacit y recup',1,'2020-05-28 20:55:24','2020-05-28 20:55:24',NULL),(21,NULL,'27','Pasantias Ley 26427-con obra social-',1,'2020-05-28 20:55:24','2020-05-28 20:55:24',NULL),(22,NULL,'28','Programas Jefes y Jefas de Hogar',1,'2020-05-28 20:55:24','2020-05-28 20:55:24',NULL),(23,NULL,'29','Decreto Nº 1212/03 Aportante Autonomo',1,'2020-05-28 20:55:24','2020-05-28 20:55:24',NULL),(24,NULL,'30','Nuevo Periodo de Prueba Trabaj Discap Art 87',1,'2020-05-28 20:55:24','2020-05-28 20:55:24',NULL),(25,NULL,'31','Trabajador Discapacitado Art 87 L 24013',1,'2020-05-28 20:55:24','2020-05-28 20:55:24',NULL),(26,NULL,'44','Changa Solidaria CCT 62/75',1,'2020-05-28 20:55:24','2020-05-28 20:55:24',NULL),(27,NULL,'45','Personal no permanente hoteles CCT 362/03',1,'2020-05-28 20:55:24','2020-05-28 20:55:24',NULL),(28,NULL,'46','Planta transitoria Adm Pub Nac,Prov y/o Munic',1,'2020-05-28 20:55:24','2020-05-28 20:55:24',NULL),(29,NULL,'47','Representacion Gremial',1,'2020-05-28 20:55:24','2020-05-28 20:55:24',NULL),(30,NULL,'48','Art 4 L 24241 Traslado temp desde el exterior',1,'2020-05-28 20:55:24','2020-05-28 20:55:24',NULL),(31,NULL,'49','Directores-empleado SA con OS y LRT',1,'2020-05-28 20:55:24','2020-05-28 20:55:24',NULL),(32,NULL,'51','Pasantias Ley 26247-con OS- benef pens de dis',1,'2020-05-28 20:55:24','2020-05-28 20:55:24',NULL),(33,NULL,'95','Planes Ministerio de Trabajo',1,'2020-05-28 20:55:24','2020-05-28 20:55:24',NULL),(34,NULL,'96','Plan Trabajo por San Luis Ley 5411/03',1,'2020-05-28 20:55:24','2020-05-28 20:55:24',NULL),(35,NULL,'97','Programa Trabajo para jovenes tucumanos',1,'2020-05-28 20:55:24','2020-05-28 20:55:24',NULL),(36,NULL,'98','BONUS 2da oportunidad',1,'2020-05-28 20:55:24','2020-05-28 20:55:24',NULL),(37,NULL,'99','LRT(Directores SA,municipios,org cent y desc',1,'2020-05-28 20:55:24','2020-05-28 20:55:24',NULL),(38,NULL,'110','Trabajo Permanente Prest.Continua Ley 26727',1,'2020-05-28 20:55:24','2020-05-28 20:55:24',NULL);
INSERT INTO `syj_emp_mod_contratacion` VALUES (39,NULL,'111','Trabajo Temporario Ley 26727',1,'2020-05-28 20:55:24','2020-05-28 20:55:24',NULL),(40,NULL,'112','Trabajo Permanente Discontinuo Ley 26727',1,'2020-05-28 20:55:24','2020-05-28 20:55:24',NULL),(41,NULL,'113','Trabajo por eq.o cuadrilla familiar Ley 26727',1,'2020-05-28 20:55:24','2020-05-28 20:55:24',NULL),(42,NULL,'114','Trabajo temporario con Reducción Ley 26727',0,'2020-05-28 20:55:24','2021-09-16 15:35:08',NULL),(43,NULL,'115','Trabajo permanente disc con reducción ley 267',0,'2020-05-28 20:55:24','2021-09-16 15:35:08',NULL),(44,NULL,'201','Puesto Nuevo art 16 Ley 26467 benef prim 12m',0,'2020-05-28 20:55:24','2021-09-16 15:35:08',NULL),(45,NULL,'202','Pto Nuevo art 16 Ley 26467 trab discap Art 34',0,'2020-05-28 20:55:24','2021-09-16 15:35:08',NULL),(46,NULL,'203','Pto nuevo art 16 Ley 26467 trab disc Art 87',0,'2020-05-28 20:55:24','2021-09-16 15:35:08',NULL),(47,NULL,'204','Pto nuevo art 16 L 26467-meses 13 a 24-benef',0,'2020-05-28 20:55:24','2021-09-16 15:35:08',NULL),(48,NULL,'205','Pto nuevo art 16 L 26467 trab disc Art 34 L24',0,'2020-05-28 20:55:24','2021-09-16 15:35:08',NULL),(49,NULL,'206','Pto nuevo art 16 L 26467 trab disc Art 87 L28',0,'2020-05-28 20:55:24','2021-09-16 15:35:08',NULL),(50,NULL,'301','Art.19 Ley 26940. Tiempo indeterminado',1,'2020-05-28 20:55:24','2020-05-28 20:55:24',NULL),(51,NULL,'302','Art.19 L 26940- Trab. disc. art.34 L 24147 TI',1,'2020-05-28 20:55:24','2020-05-28 20:55:24',NULL),(52,NULL,'303','Art.19 L 26940- Trab. disc. art.34 L 24013 TI',1,'2020-05-28 20:55:24','2020-05-28 20:55:24',NULL),(53,NULL,'304','Art.19 L 26940. Tiempo parcial. Art. 92 LCT',1,'2020-05-28 20:55:24','2020-05-28 20:55:24',NULL),(54,NULL,'305','Art.19 L 26940.Trab. disc. art. 34 L 24147 TP',1,'2020-05-28 20:55:24','2020-05-28 20:55:24',NULL),(55,NULL,'306','Art.19 L 26940.Trab. disc. art. 87 L 24013 TP',1,'2020-05-28 20:55:24','2020-05-28 20:55:24',NULL),(56,NULL,'307','Art.24 L 26940. Hta 15 emp. Prim. 12 meses',0,'2020-05-28 20:55:24','2021-09-16 15:35:08',NULL),(57,NULL,'308','Art24 L 26940 Hta 15 emp. Prim. 12 mes TD A34',0,'2020-05-28 20:55:24','2021-09-16 15:35:08',NULL),(58,NULL,'309','Art24 L 26940 Hta 15 emp. Prim. 12 mes TD A87',0,'2020-05-28 20:55:24','2021-09-16 15:35:08',NULL),(59,NULL,'310','Art 24 L 26940 Hta 15 emp. 2dos12 meses',0,'2020-05-28 20:55:24','2021-09-16 15:35:08',NULL),(60,NULL,'311','Art 24 L 26940 Hta 15 emp. 2dos12 meses',0,'2020-05-28 20:55:24','2021-09-16 15:35:08',NULL),(61,NULL,'312','Art 24 L 26940 Hta 15 emp. 2dos12 meses',0,'2020-05-28 20:55:24','2021-09-16 15:35:08',NULL),(62,NULL,'313','Art 24 L 26940 Hta 16 a 80 emp. Tiempo indet',0,'2020-05-28 20:55:24','2021-09-16 15:35:08',NULL),(63,NULL,'314','Art 24 L 26940 Hta 16 a 80 emp. Tiempo indet',0,'2020-05-28 20:55:24','2021-09-16 15:35:08',NULL),(64,NULL,'315','Art 24 L 26940 Hta 16 a 80 emp. Tiempo indet',0,'2020-05-28 20:55:24','2021-09-16 15:35:08',NULL),(65,NULL,'989','CCG Tabaco Salta',1,'2020-05-28 20:55:24','2020-05-28 20:55:24',NULL),(66,NULL,'990','CCG Tabaco Jujuy',1,'2020-05-28 20:55:24','2020-05-28 20:55:24',NULL),(67,NULL,'991','CCG Vitivinicola de Rio Negro',0,'2020-05-28 20:55:24','2021-09-16 15:35:08',NULL),(68,NULL,'992','CCG Multiproducto del Chaco',1,'2020-05-28 20:55:24','2020-05-28 20:55:24',NULL),(69,NULL,'993','CCG Frutihortícola de San Juan',1,'2020-05-28 20:55:24','2020-05-28 20:55:24',NULL),(70,NULL,'994','CCG Yerba Mate Misiones',1,'2020-05-28 20:55:24','2020-05-28 20:55:24',NULL),(71,NULL,'995','CCG Vitivinícola de San Juan',0,'2020-05-28 20:55:24','2021-09-16 15:35:08',NULL),(72,NULL,'996','CCG Vitivinícola de Mendoza',1,'2020-05-28 20:55:24','2021-12-09 12:36:07',NULL),(73,NULL,'997','CCG forestal del Chaco',1,'2020-05-28 20:55:24','2020-05-28 20:55:24',NULL),(74,NULL,'998','CCG tabaco Virginia del Chaco',1,'2020-05-28 20:55:24','2020-05-28 20:55:24',NULL),(75,NULL,'999','Art11 L 26476 Trabajador registrado Rect. FI',0,'2020-05-28 20:55:24','2021-09-16 15:35:08',NULL);
INSERT INTO `syj_emp_mod_contratacion` VALUES (76,NULL,'59','Taller Protegido de Producción Ley 26816, art. 2º punto 2',1,'2021-09-16 15:35:08','2021-09-16 15:35:08',NULL),(77,NULL,'60','Taller Protegido Especial para el Empleo (TPEE) Ley 26816, art. 2º punto1',1,'2021-09-16 15:35:08','2021-09-16 15:35:08',NULL),(78,NULL,'61','Actor - Interprete en Empleador Contratante Ley 27.203- c/Obra Social',1,'2021-09-16 15:35:08','2021-09-16 15:35:08',NULL),(79,NULL,'62','Actor - Interprete en Empleador Contratante Ley 27.203- s/Obra Social',1,'2021-09-16 15:35:08','2021-09-16 15:35:08',NULL),(80,NULL,'102','Personal permanente discontinuo con ART(para uso de la EU Decreto Nro 762/14)',1,'2021-09-16 15:35:08','2021-09-16 15:35:08',NULL),(81,NULL,'103','Retiro Voluntario - Decreto 263/2018 y otros',1,'2021-09-16 15:35:08','2021-09-16 15:35:08',NULL),(82,NULL,'401','Puesto nuevo Art 2 inc. a Decreto 191/ 2021. Primeros 12 meses',1,'2021-09-16 15:35:08','2021-09-16 15:35:08',NULL),(83,NULL,'404','Puesto nuevo Art 2 inc. d Decreto 191/ 2021. Primeros 12 meses',1,'2021-09-16 15:35:08','2021-09-16 15:35:08',NULL),(84,NULL,'407','Tiempo parcial. Puesto nuevo Art 2 inc. a Decreto 191/ 2021. Primeros 12 meses',1,'2021-09-16 15:35:08','2021-09-16 15:35:08',NULL),(85,NULL,'410','Tiempo parcial. Puesto nuevo Art 2 inc. d Decreto 191/ 2021. Primeros 12 meses',1,'2021-09-16 15:35:08','2021-09-16 15:35:08',NULL),(86,NULL,'413','Discapacitado Ley 24.013 y Puesto nuevo Art 2 inc. a Decreto 191/ 2021',1,'2021-09-16 15:35:08','2021-09-16 15:35:08',NULL),(87,NULL,'414','Discapacitado Ley 24.013 y Puesto nuevo Art 2 inc. d Decreto 191/ 2021',1,'2021-09-16 15:35:08','2021-09-16 15:35:08',NULL),(88,NULL,'415','Discapacitado Ley 24.013 y Tiempo parcial Puesto nuevo Art 2 inc. a Decreto 191/ 2021',1,'2021-09-16 15:35:08','2021-09-16 15:35:08',NULL),(89,NULL,'416','Discapacitado Ley 24.013 y Tiempo parcial Puesto nuevo Art 2 inc. d Decreto 191/ 2021',1,'2021-09-16 15:35:08','2021-09-16 15:35:08',NULL),(90,NULL,'984','CCG foresto industrial del Chaco',1,'2021-09-16 15:35:08','2021-09-16 15:35:08',NULL),(91,NULL,'988','CCG limón Tucumán, Salta y Jujuy',1,'2021-09-16 15:35:08','2021-09-16 15:35:08',NULL);

--
-- Table structure for table `syj_emp_parentesco`
--

CREATE TABLE `syj_emp_parentesco` (
  `id` int(10) unsigned NOT NULL AUTO_INCREMENT,
  `user_id` int(10) unsigned DEFAULT NULL,
  `descripcion` varchar(191) COLLATE utf8mb4_unicode_ci NOT NULL,
  `habilitado` tinyint(1) NOT NULL DEFAULT '1',
  `created_at` timestamp NULL DEFAULT NULL,
  `updated_at` timestamp NULL DEFAULT NULL,
  `deleted_at` timestamp NULL DEFAULT NULL,
  PRIMARY KEY (`id`)
) ENGINE=InnoDB AUTO_INCREMENT=10 DEFAULT CHARSET=utf8mb4 COLLATE=utf8mb4_unicode_ci;

--
-- Dumping data for table `syj_emp_parentesco`
--

INSERT INTO `syj_emp_parentesco` VALUES (1,NULL,'Cónyuge',1,'2020-05-28 20:55:24','2020-05-28 20:55:24',NULL),(2,NULL,'Concubino/a',1,'2020-05-28 20:55:24','2020-05-28 20:55:24',NULL),(3,NULL,'Hijo soltero menor de 21 años',1,'2020-05-28 20:55:24','2020-05-28 20:55:24',NULL),(4,NULL,'Hijo soltereo de 21 a 25 años cursando est.re',1,'2020-05-28 20:55:24','2020-05-28 20:55:24',NULL),(5,NULL,'Hijo del cónyuge menor de 21 años',1,'2020-05-28 20:55:24','2020-05-28 20:55:24',NULL),(6,NULL,'Hijo de cónyuge soltero de 21 a 25  cursando',1,'2020-05-28 20:55:24','2020-05-28 20:55:24',NULL),(7,NULL,'Menor bajo guarda o tutela',1,'2020-05-28 20:55:24','2020-05-28 20:55:24',NULL),(8,NULL,'Familiar a cargo',1,'2020-05-28 20:55:24','2020-05-28 20:55:24',NULL),(9,NULL,'Mayor de 25 años discapacitado',1,'2020-05-28 20:55:24','2020-05-28 20:55:24',NULL);

--
-- Table structure for table `syj_emp_situacion_revista`
--

CREATE TABLE `syj_emp_situacion_revista` (
  `id` int(10) unsigned NOT NULL AUTO_INCREMENT,
  `user_id` int(10) unsigned DEFAULT NULL,
  `descripcion` varchar(191) COLLATE utf8mb4_unicode_ci NOT NULL,
  `codigo_afip` int(10) unsigned NOT NULL,
  `habilitado` tinyint(1) NOT NULL DEFAULT '1',
  `created_at` timestamp NULL DEFAULT NULL,
  `updated_at` timestamp NULL DEFAULT NULL,
  `deleted_at` timestamp NULL DEFAULT NULL,
  PRIMARY KEY (`id`),
  UNIQUE KEY `syj_emp_situacion_revista_descripcion_unique` (`descripcion`)
) ENGINE=InnoDB AUTO_INCREMENT=36 DEFAULT CHARSET=utf8mb4 COLLATE=utf8mb4_unicode_ci;

--
-- Dumping data for table `syj_emp_situacion_revista`
--

INSERT INTO `syj_emp_situacion_revista` VALUES (1,NULL,'Baja por Fallecimiento',0,1,'2020-05-28 20:55:24','2020-05-28 20:55:24',NULL),(2,NULL,'Activo',1,1,'2020-05-28 20:55:24','2020-05-28 20:55:34',NULL),(3,NULL,'Bajas otras Causales',2,0,'2020-05-28 20:55:24','2021-09-16 15:35:08',NULL),(4,NULL,'Activo Decreto Nº796/97',3,0,'2020-05-28 20:55:24','2021-09-16 15:35:08',NULL),(5,NULL,'Baja otras causales Decreto Nº796/97',4,0,'2020-05-28 20:55:24','2021-09-16 15:35:08',NULL),(6,NULL,'Licencia por Maternidad',5,1,'2020-05-28 20:55:24','2020-05-28 20:55:34',NULL),(7,NULL,'Suspensiones otras Causales',6,1,'2020-05-28 20:55:24','2020-05-28 20:55:34',NULL),(8,NULL,'Baja por Despido',7,0,'2020-05-28 20:55:24','2021-09-16 15:35:08',NULL),(9,NULL,'Baja por Despido Decreto Nº796/97',8,0,'2020-05-28 20:55:24','2021-09-16 15:35:08',NULL),(10,NULL,'Suspendido Ley 20744 art 223 bis',9,1,'2020-05-28 20:55:24','2020-05-28 20:55:34',NULL),(11,NULL,'Licencia por excedencia',10,1,'2020-05-28 20:55:24','2020-05-28 20:55:34',NULL),(12,NULL,'Licencia por Maternidad Down',11,1,'2020-05-28 20:55:24','2020-05-28 20:55:34',NULL),(13,NULL,'Licencia por Vacaciones',12,1,'2020-05-28 20:55:24','2020-05-28 20:55:34',NULL),(14,NULL,'Licencia sin goce de haberes',13,1,'2020-05-28 20:55:24','2020-05-28 20:55:34',NULL),(15,NULL,'Reserva de puesto',14,1,'2020-05-28 20:55:24','2020-05-28 20:55:34',NULL),(16,NULL,'ESE Cese transitorio de serv(art6,inc6y7 D34',15,1,'2020-05-28 20:55:24','2020-05-28 20:55:34',NULL),(17,NULL,'Personal Siniestrado de terc uso por la ART',16,1,'2020-05-28 20:55:24','2020-05-28 20:55:34',NULL),(18,NULL,'Reingreso por disposicion judicial',17,1,'2020-05-28 20:55:24','2020-05-28 20:55:34',NULL),(19,NULL,'ILT primeros 10 dias',18,1,'2020-05-28 20:55:24','2020-05-28 20:55:34',NULL),(20,NULL,'ILT dias 11 y siguientes',19,1,'2020-05-28 20:55:24','2020-05-28 20:55:34',NULL),(21,NULL,'Trabajador siniestrado en nomina de ART',20,1,'2020-05-28 20:55:24','2020-05-28 20:55:34',NULL),(22,NULL,'Trabajador de temporada Reserva de puesto',21,1,'2020-05-28 20:55:24','2020-05-28 20:55:34',NULL),(23,NULL,'Activo- Funciones en el exterior',31,1,'2020-05-28 20:55:24','2020-05-28 20:55:34',NULL),(24,NULL,'Licencia por paternidad',32,1,'2020-05-28 20:55:24','2020-05-28 20:55:34',NULL),(25,NULL,'Licencia por fuerza mayor (Art. 221 LCT)',33,1,'2020-05-28 20:55:24','2020-05-28 20:55:34',NULL),(26,NULL,'Empleado event. en EU (p/su uso ESE) mes com',42,1,'2020-05-28 20:55:24','2020-05-28 20:55:34',NULL),(27,NULL,'Empleado event. en EU (p/su uso ESE) mes inc',43,1,'2020-05-28 20:55:24','2020-05-28 20:55:34',NULL),(28,NULL,'Conservación del emp. p/accidente o enf.incu',44,1,'2020-05-28 20:55:24','2020-05-28 20:55:34',NULL),(29,NULL,'Suspenciones por causas disciplinarias',45,1,'2020-05-28 20:55:24','2020-05-28 20:55:34',NULL),(30,3104,'Suspendido Res 397/2020  MTEySS c/Aportes OS',48,1,'2021-03-29 00:24:42','2021-03-29 00:24:42',NULL),(31,3104,'nada',0,1,'2021-03-29 00:30:50','2021-03-29 00:32:18',NULL),(32,NULL,'Activo - LSD (sin remuneracion)',30,1,'2021-09-16 15:35:08','2021-09-16 15:35:08',NULL),(33,NULL,'Suspendido. Res. 397/2020 MTEySS c/Aportes OS',48,1,'2021-09-16 15:35:08','2021-09-16 15:35:08',NULL),(34,NULL,'Susp. período parcial L 20744 art.223bis / Res. 397 MTEySS',49,1,'2021-09-16 15:35:08','2021-09-16 15:35:08',NULL),(35,NULL,'Dto 792/20 - Mayores 60 años, embarazadas, grupo de riesgo',50,1,'2021-09-16 15:35:08','2021-09-16 15:35:08',NULL);

--
-- Table structure for table `syj_empleado_concepto`
--

CREATE TABLE `syj_empleado_concepto` (
  `user_id` int(10) unsigned DEFAULT NULL,
  `syj_empleado_id` int(10) unsigned DEFAULT NULL,
  `syj_concepto_id` int(10) unsigned DEFAULT NULL,
  `pers_descripcion` tinyint(1) NOT NULL DEFAULT '0',
  `descripcion` varchar(191) COLLATE utf8mb4_unicode_ci DEFAULT NULL,
  `pers_cantidad` tinyint(1) NOT NULL DEFAULT '0',
  `cantidad` decimal(16,2) NOT NULL DEFAULT '0.00',
  `pers_valor` tinyint(1) NOT NULL DEFAULT '0',
  `valor` decimal(16,2) NOT NULL DEFAULT '0.00',
  `pers_importe` tinyint(1) NOT NULL DEFAULT '0',
  `importe` decimal(16,2) NOT NULL DEFAULT '0.00',
  `created_at` timestamp NULL DEFAULT NULL,
  `updated_at` timestamp NULL DEFAULT NULL,
  KEY `syj_empleado_concepto_syj_empleado_id_foreign` (`syj_empleado_id`),
  KEY `syj_empleado_concepto_syj_concepto_id_foreign` (`syj_concepto_id`),
  CONSTRAINT `syj_empleado_concepto_syj_concepto_id_foreign` FOREIGN KEY (`syj_concepto_id`) REFERENCES `syj_conceptos` (`id`),
  CONSTRAINT `syj_empleado_concepto_syj_empleado_id_foreign` FOREIGN KEY (`syj_empleado_id`) REFERENCES `syj_empleados` (`id`)
) ENGINE=InnoDB DEFAULT CHARSET=utf8mb4 COLLATE=utf8mb4_unicode_ci;

--
-- Dumping data for table `syj_empleado_concepto`
--

INSERT INTO `syj_empleado_concepto` VALUES (3104,2,8645,0,'Sindicato Seguro Sepeñio Ac 04-22',0,1.00,0,0.00,0,0.00,'2022-06-10 01:14:34','2022-06-10 01:14:34'),(3104,2,8646,0,'Sindicato Recreación y Turismo Ac 04-22',0,1.00,0,0.00,0,0.00,'2022-06-10 01:14:34','2022-06-10 01:14:34'),(3104,2,8648,0,'Adicional Fam a cargo Obra Soc. Ac 04-22',0,0.00,0,0.00,0,0.00,'2022-06-10 01:14:34','2022-06-10 01:14:34'),(3104,2,8730,0,'Adicional Fam a cargo Obra Soc',0,0.00,0,0.00,0,0.00,'2022-06-10 01:14:34','2022-06-10 01:14:34'),(3104,2,8634,0,'Sindicato Recr y Turismo',0,1.00,0,0.00,0,0.00,'2022-06-10 01:14:34','2022-06-10 01:14:34'),(3104,2,8635,0,'Sindicato Seg Sepelio',0,1.00,0,0.00,0,0.00,'2022-06-10 01:14:34','2022-06-10 01:14:34');

--
-- Table structure for table `syj_empleado_excluir_concepto`
--

CREATE TABLE `syj_empleado_excluir_concepto` (
  `user_id` int(10) unsigned DEFAULT NULL,
  `syj_empleado_id` int(10) unsigned DEFAULT NULL,
  `syj_concepto_id` int(10) unsigned DEFAULT NULL,
  `created_at` timestamp NULL DEFAULT NULL,
  `updated_at` timestamp NULL DEFAULT NULL,
  KEY `syj_empleado_excluir_concepto_syj_empleado_id_foreign` (`syj_empleado_id`),
  KEY `syj_empleado_excluir_concepto_syj_concepto_id_foreign` (`syj_concepto_id`),
  CONSTRAINT `syj_empleado_excluir_concepto_syj_concepto_id_foreign` FOREIGN KEY (`syj_concepto_id`) REFERENCES `syj_conceptos` (`id`),
  CONSTRAINT `syj_empleado_excluir_concepto_syj_empleado_id_foreign` FOREIGN KEY (`syj_empleado_id`) REFERENCES `syj_empleados` (`id`)
) ENGINE=InnoDB DEFAULT CHARSET=utf8mb4 COLLATE=utf8mb4_unicode_ci;

--
-- Dumping data for table `syj_empleado_excluir_concepto`
--


--
-- Table structure for table `syj_empleados`
--

CREATE TABLE `syj_empleados` (
  `id` int(10) unsigned NOT NULL AUTO_INCREMENT,
  `user_id` int(10) unsigned DEFAULT NULL,
  `person_id` int(10) unsigned NOT NULL,
  `has_user` tinyint(1) NOT NULL DEFAULT '0',
  `legajo` int(11) DEFAULT NULL,
  `apeynombre` varchar(191) COLLATE utf8mb4_unicode_ci NOT NULL,
  `apecasado` varchar(191) COLLATE utf8mb4_unicode_ci DEFAULT NULL,
  `fecha_nacimiento` date DEFAULT NULL,
  `sexo_id` int(10) unsigned DEFAULT NULL,
  `nacionalidad_id` int(10) unsigned DEFAULT NULL,
  `estado_civil_id` int(10) unsigned DEFAULT NULL,
  `pais_id` int(10) unsigned DEFAULT NULL,
  `zone_id` int(10) unsigned DEFAULT NULL,
  `localidad_id` int(10) unsigned DEFAULT NULL,
  `domicilio` varchar(191) COLLATE utf8mb4_unicode_ci DEFAULT NULL,
  `altnumero` varchar(191) COLLATE utf8mb4_unicode_ci DEFAULT NULL,
  `piso` varchar(191) COLLATE utf8mb4_unicode_ci DEFAULT NULL,
  `depto` varchar(191) COLLATE utf8mb4_unicode_ci DEFAULT NULL,
  `cod_postal` varchar(191) COLLATE utf8mb4_unicode_ci DEFAULT NULL,
  `telefono` varchar(191) COLLATE utf8mb4_unicode_ci DEFAULT NULL,
  `movil` varchar(191) COLLATE utf8mb4_unicode_ci DEFAULT NULL,
  `email` varchar(191) COLLATE utf8mb4_unicode_ci DEFAULT NULL,
  `tipo_documento_id` int(10) unsigned DEFAULT NULL,
  `num_documento` varchar(191) COLLATE utf8mb4_unicode_ci DEFAULT NULL,
  `cuil` varchar(191) COLLATE utf8mb4_unicode_ci DEFAULT NULL,
  `syj_emp_estado_id` int(10) unsigned DEFAULT NULL,
  `foto` text COLLATE utf8mb4_unicode_ci,
  `syj_obra_social_id` int(10) unsigned DEFAULT NULL,
  `syj_obra_social_plan_id` int(10) unsigned DEFAULT NULL,
  `syj_forma_pago_id` int(10) unsigned DEFAULT NULL,
  `ctacte_banco_id` int(10) unsigned DEFAULT NULL,
  `num_cta_banco` varchar(191) COLLATE utf8mb4_unicode_ci DEFAULT NULL,
  `cbu` varchar(191) COLLATE utf8mb4_unicode_ci DEFAULT NULL,
  `syj_domicilio_id_laboral` int(10) unsigned DEFAULT NULL,
  `syj_domicilio_id_pago` int(10) unsigned DEFAULT NULL,
  `afiliado_sindicato` tinyint(1) NOT NULL DEFAULT '0',
  `is_pers_temp` tinyint(1) NOT NULL DEFAULT '0',
  `is_zona_patagonica` tinyint(1) NOT NULL DEFAULT '0',
  `is_syj_empleado_event` tinyint(1) unsigned NOT NULL DEFAULT '0',
  `syj_empleado_event_id` int(10) unsigned NOT NULL DEFAULT '1',
  `num_construccion` varchar(191) COLLATE utf8mb4_unicode_ci DEFAULT NULL,
  `num_fondo_cese_desemp` varchar(191) COLLATE utf8mb4_unicode_ci DEFAULT NULL,
  `syj_convenio_id` int(10) unsigned DEFAULT NULL,
  `syj_convenio_categoria_id` int(10) unsigned DEFAULT NULL,
  `syj_clase_tipo_liquidacion_id` int(10) unsigned DEFAULT NULL,
  `basico` decimal(16,2) NOT NULL DEFAULT '0.00',
  `basico_person` tinyint(1) NOT NULL DEFAULT '0',
  `adic_fijo` decimal(16,2) NOT NULL DEFAULT '0.00',
  `hs_jornada` decimal(16,2) NOT NULL DEFAULT '0.00',
  `syj_seccion_id` int(10) unsigned DEFAULT NULL,
  `syj_cargo_id` int(10) unsigned DEFAULT NULL,
  `syj_centro_costo_id` int(10) unsigned DEFAULT NULL,
  `fecha_ingreso` date DEFAULT NULL,
  `fecha_recon_ing` date DEFAULT NULL,
  `fecha_baja` date DEFAULT NULL,
  `syj_motivo_egreso_id` int(10) unsigned DEFAULT NULL,
  `liq_en_cero` tinyint(1) NOT NULL DEFAULT '0',
  `syj_tipo_empleador_id` int(10) unsigned DEFAULT NULL,
  `syj_alicuota_apor_cont_id` int(10) unsigned DEFAULT NULL,
  `syj_emp_situacion_revista_id` int(10) unsigned DEFAULT NULL,
  `syj_emp_condicion_id` int(10) unsigned DEFAULT NULL,
  `syj_actividad_id` int(10) unsigned DEFAULT NULL,
  `syj_emp_mod_contratacion_id` int(10) unsigned DEFAULT NULL,
  `syj_emp_cod_siniestro_id` int(10) unsigned DEFAULT NULL,
  `syj_zonageografica_id` int(10) unsigned DEFAULT NULL,
  `syj_regimen_id` int(10) unsigned DEFAULT NULL,
  `is_asignaciones_fami` tinyint(1) NOT NULL DEFAULT '0',
  `is_trabajador_cct` tinyint(1) NOT NULL DEFAULT '0',
  `cant_adherentes` int(10) unsigned DEFAULT '0',
  `cant_hijos` int(10) unsigned DEFAULT '0',
  `is_conyuge` int(10) unsigned DEFAULT '0',
  `art_porcentaje` decimal(20,4) DEFAULT '0.0000',
  `art_fijo` decimal(16,2) NOT NULL DEFAULT '0.00',
  `is_seg_colec_vida_obl` tinyint(1) NOT NULL DEFAULT '0',
  `prima_individual` decimal(16,2) NOT NULL DEFAULT '0.00',
  `syj_emp_sit_revista_1_id` int(10) unsigned DEFAULT NULL,
  `dia_inicio_1` varchar(191) COLLATE utf8mb4_unicode_ci DEFAULT NULL,
  `syj_emp_sit_revista_2_id` int(10) unsigned DEFAULT NULL,
  `dia_inicio_2` varchar(191) COLLATE utf8mb4_unicode_ci DEFAULT NULL,
  `syj_emp_sit_revista_3_id` int(10) unsigned DEFAULT NULL,
  `dia_inicio_3` varchar(191) COLLATE utf8mb4_unicode_ci DEFAULT NULL,
  `dias_propor_tope` varchar(191) COLLATE utf8mb4_unicode_ci DEFAULT '0',
  `nota` text COLLATE utf8mb4_unicode_ci,
  `observaciones_del_recibo` text COLLATE utf8mb4_unicode_ci,
  `habilitado` tinyint(1) NOT NULL DEFAULT '1',
  `created_at` timestamp NULL DEFAULT NULL,
  `updated_at` timestamp NULL DEFAULT NULL,
  `deleted_at` timestamp NULL DEFAULT NULL,
  PRIMARY KEY (`id`),
  KEY `syj_empleados_person_id_foreign` (`person_id`),
  KEY `syj_empleados_sexo_id_foreign` (`sexo_id`),
  KEY `syj_empleados_nacionalidad_id_foreign` (`nacionalidad_id`),
  KEY `syj_empleados_estado_civil_id_foreign` (`estado_civil_id`),
  KEY `syj_empleados_pais_id_foreign` (`pais_id`),
  KEY `syj_empleados_zone_id_foreign` (`zone_id`),
  KEY `syj_empleados_localidad_id_foreign` (`localidad_id`),
  KEY `syj_empleados_tipo_documento_id_foreign` (`tipo_documento_id`),
  KEY `syj_empleados_syj_emp_estado_id_foreign` (`syj_emp_estado_id`),
  KEY `syj_empleados_syj_convenio_id_foreign` (`syj_convenio_id`),
  KEY `syj_empleados_syj_convenio_categoria_id_foreign` (`syj_convenio_categoria_id`),
  KEY `syj_empleados_syj_seccion_id_foreign` (`syj_seccion_id`),
  KEY `syj_empleados_syj_cargo_id_foreign` (`syj_cargo_id`),
  KEY `syj_empleados_syj_centro_costo_id_foreign` (`syj_centro_costo_id`),
  KEY `syj_empleados_syj_motivo_egreso_id_foreign` (`syj_motivo_egreso_id`),
  KEY `syj_empleados_syj_tipo_empleador_id_foreign` (`syj_tipo_empleador_id`),
  KEY `syj_empleados_syj_alicuota_apor_cont_id_foreign` (`syj_alicuota_apor_cont_id`),
  KEY `syj_empleados_syj_obra_social_id_foreign` (`syj_obra_social_id`),
  KEY `syj_empleados_syj_obra_social_plan_id_foreign` (`syj_obra_social_plan_id`),
  KEY `syj_empleados_syj_clase_tipo_liquidacion_id_foreign` (`syj_clase_tipo_liquidacion_id`),
  KEY `syj_empleados_syj_forma_pago_id_foreign` (`syj_forma_pago_id`),
  KEY `syj_empleados_ctacte_banco_id_foreign` (`ctacte_banco_id`),
  KEY `syj_empleados_syj_domicilio_id_laboral_foreign` (`syj_domicilio_id_laboral`),
  KEY `syj_empleados_syj_domicilio_id_pago_foreign` (`syj_domicilio_id_pago`),
  KEY `syj_empleados_syj_emp_situacion_revista_id_foreign` (`syj_emp_situacion_revista_id`),
  KEY `syj_empleados_syj_emp_condicion_id_foreign` (`syj_emp_condicion_id`),
  KEY `syj_empleados_syj_actividad_id_foreign` (`syj_actividad_id`),
  KEY `syj_empleados_syj_emp_mod_contratacion_id_foreign` (`syj_emp_mod_contratacion_id`),
  KEY `syj_empleados_syj_emp_cod_siniestro_id_foreign` (`syj_emp_cod_siniestro_id`),
  KEY `syj_empleados_syj_zonageografica_id_foreign` (`syj_zonageografica_id`),
  KEY `syj_empleados_syj_regimen_id_foreign` (`syj_regimen_id`),
  KEY `syj_empleados_syj_emp_sit_revista_1_id_foreign` (`syj_emp_sit_revista_1_id`),
  KEY `syj_empleados_syj_emp_sit_revista_2_id_foreign` (`syj_emp_sit_revista_2_id`),
  KEY `syj_empleados_syj_emp_sit_revista_3_id_foreign` (`syj_emp_sit_revista_3_id`),
  KEY `syj_empleados_syj_empleado_event_id_foreign` (`syj_empleado_event_id`),
  CONSTRAINT `syj_empleados_ctacte_banco_id_foreign` FOREIGN KEY (`ctacte_banco_id`) REFERENCES `ctacte_bancos` (`id`),
  CONSTRAINT `syj_empleados_estado_civil_id_foreign` FOREIGN KEY (`estado_civil_id`) REFERENCES `estado_civil` (`id`),
  CONSTRAINT `syj_empleados_localidad_id_foreign` FOREIGN KEY (`localidad_id`) REFERENCES `localidad` (`id`),
  CONSTRAINT `syj_empleados_nacionalidad_id_foreign` FOREIGN KEY (`nacionalidad_id`) REFERENCES `nacionalidad` (`id`),
  CONSTRAINT `syj_empleados_pais_id_foreign` FOREIGN KEY (`pais_id`) REFERENCES `pais` (`id`),
  CONSTRAINT `syj_empleados_person_id_foreign` FOREIGN KEY (`person_id`) REFERENCES `persons` (`id`),
  CONSTRAINT `syj_empleados_sexo_id_foreign` FOREIGN KEY (`sexo_id`) REFERENCES `sexo` (`id`),
  CONSTRAINT `syj_empleados_syj_actividad_id_foreign` FOREIGN KEY (`syj_actividad_id`) REFERENCES `syj_actividad` (`id`),
  CONSTRAINT `syj_empleados_syj_alicuota_apor_cont_id_foreign` FOREIGN KEY (`syj_alicuota_apor_cont_id`) REFERENCES `syj_alicuota_aporte_contribucion` (`id`),
  CONSTRAINT `syj_empleados_syj_cargo_id_foreign` FOREIGN KEY (`syj_cargo_id`) REFERENCES `syj_cargos` (`id`),
  CONSTRAINT `syj_empleados_syj_centro_costo_id_foreign` FOREIGN KEY (`syj_centro_costo_id`) REFERENCES `syj_centros_costos` (`id`),
  CONSTRAINT `syj_empleados_syj_clase_tipo_liquidacion_id_foreign` FOREIGN KEY (`syj_clase_tipo_liquidacion_id`) REFERENCES `syj_clase_tipo_liquidacion` (`id`),
  CONSTRAINT `syj_empleados_syj_convenio_categoria_id_foreign` FOREIGN KEY (`syj_convenio_categoria_id`) REFERENCES `syj_convenio_categorias` (`id`),
  CONSTRAINT `syj_empleados_syj_convenio_id_foreign` FOREIGN KEY (`syj_convenio_id`) REFERENCES `syj_convenios` (`id`),
  CONSTRAINT `syj_empleados_syj_domicilio_id_laboral_foreign` FOREIGN KEY (`syj_domicilio_id_laboral`) REFERENCES `syj_domicilios` (`id`),
  CONSTRAINT `syj_empleados_syj_domicilio_id_pago_foreign` FOREIGN KEY (`syj_domicilio_id_pago`) REFERENCES `syj_domicilios` (`id`),
  CONSTRAINT `syj_empleados_syj_emp_cod_siniestro_id_foreign` FOREIGN KEY (`syj_emp_cod_siniestro_id`) REFERENCES `syj_emp_cod_siniestro` (`id`),
  CONSTRAINT `syj_empleados_syj_emp_condicion_id_foreign` FOREIGN KEY (`syj_emp_condicion_id`) REFERENCES `syj_emp_condicion` (`id`),
  CONSTRAINT `syj_empleados_syj_emp_estado_id_foreign` FOREIGN KEY (`syj_emp_estado_id`) REFERENCES `syj_emp_estado` (`id`),
  CONSTRAINT `syj_empleados_syj_emp_mod_contratacion_id_foreign` FOREIGN KEY (`syj_emp_mod_contratacion_id`) REFERENCES `syj_emp_mod_contratacion` (`id`),
  CONSTRAINT `syj_empleados_syj_emp_sit_revista_1_id_foreign` FOREIGN KEY (`syj_emp_sit_revista_1_id`) REFERENCES `syj_emp_situacion_revista` (`id`),
  CONSTRAINT `syj_empleados_syj_emp_sit_revista_2_id_foreign` FOREIGN KEY (`syj_emp_sit_revista_2_id`) REFERENCES `syj_emp_situacion_revista` (`id`),
  CONSTRAINT `syj_empleados_syj_emp_sit_revista_3_id_foreign` FOREIGN KEY (`syj_emp_sit_revista_3_id`) REFERENCES `syj_emp_situacion_revista` (`id`),
  CONSTRAINT `syj_empleados_syj_emp_situacion_revista_id_foreign` FOREIGN KEY (`syj_emp_situacion_revista_id`) REFERENCES `syj_emp_situacion_revista` (`id`),
  CONSTRAINT `syj_empleados_syj_empleado_event_id_foreign` FOREIGN KEY (`syj_empleado_event_id`) REFERENCES `syj_empleados_event` (`id`),
  CONSTRAINT `syj_empleados_syj_forma_pago_id_foreign` FOREIGN KEY (`syj_forma_pago_id`) REFERENCES `syj_forma_pago` (`id`),
  CONSTRAINT `syj_empleados_syj_motivo_egreso_id_foreign` FOREIGN KEY (`syj_motivo_egreso_id`) REFERENCES `syj_motivo_egreso` (`id`),
  CONSTRAINT `syj_empleados_syj_obra_social_id_foreign` FOREIGN KEY (`syj_obra_social_id`) REFERENCES `syj_obra_social` (`id`),
  CONSTRAINT `syj_empleados_syj_obra_social_plan_id_foreign` FOREIGN KEY (`syj_obra_social_plan_id`) REFERENCES `syj_obra_social_planes` (`id`),
  CONSTRAINT `syj_empleados_syj_regimen_id_foreign` FOREIGN KEY (`syj_regimen_id`) REFERENCES `syj_regimen` (`id`),
  CONSTRAINT `syj_empleados_syj_seccion_id_foreign` FOREIGN KEY (`syj_seccion_id`) REFERENCES `syj_secciones` (`id`),
  CONSTRAINT `syj_empleados_syj_tipo_empleador_id_foreign` FOREIGN KEY (`syj_tipo_empleador_id`) REFERENCES `syj_tipo_empleador` (`id`),
  CONSTRAINT `syj_empleados_syj_zonageografica_id_foreign` FOREIGN KEY (`syj_zonageografica_id`) REFERENCES `syj_zonageografica` (`id`),
  CONSTRAINT `syj_empleados_tipo_documento_id_foreign` FOREIGN KEY (`tipo_documento_id`) REFERENCES `tipo_documento` (`id`),
  CONSTRAINT `syj_empleados_zone_id_foreign` FOREIGN KEY (`zone_id`) REFERENCES `zones` (`id`)
) ENGINE=InnoDB AUTO_INCREMENT=4 DEFAULT CHARSET=utf8mb4 COLLATE=utf8mb4_unicode_ci;

--
