-- Table structure for table `lpg_granos`
--

CREATE TABLE `lpg_granos` (
  `id` int(10) unsigned NOT NULL AUTO_INCREMENT,
  `user_id` int(10) unsigned NOT NULL,
  `descripcion` varchar(191) COLLATE utf8mb4_unicode_ci DEFAULT NULL,
  `codigo_afip` int(10) unsigned NOT NULL,
  `habilitado` tinyint(1) NOT NULL DEFAULT '1',
  `created_at` timestamp NULL DEFAULT NULL,
  `updated_at` timestamp NULL DEFAULT NULL,
  `deleted_at` timestamp NULL DEFAULT NULL,
  PRIMARY KEY (`id`)
) ENGINE=InnoDB AUTO_INCREMENT=40 DEFAULT CHARSET=utf8mb4 COLLATE=utf8mb4_unicode_ci;

--
-- Dumping data for table `lpg_granos`
--

INSERT INTO `lpg_granos` VALUES (1,0,'Lino',1,1,NULL,NULL,NULL),(2,0,'Girasol',2,1,NULL,NULL,NULL),(3,0,'Maní en caja',3,1,NULL,NULL,NULL),(4,0,'Girasol Descascarado',4,1,NULL,NULL,NULL),(5,0,'Maní para industria de selección',5,1,NULL,NULL,NULL),(6,0,'Maní para industria aceitera',6,1,NULL,NULL,NULL),(7,0,'Maní tipo confitería',7,1,NULL,NULL,NULL),(8,0,'Colza',8,1,NULL,NULL,NULL),(9,0,'Colza “00”/Canola',9,1,NULL,NULL,NULL),(10,0,'Trigo forrajero',10,1,NULL,NULL,NULL),(11,0,'Cebada forrajera',11,1,NULL,NULL,NULL),(12,0,'Cebada apta para maltería',12,1,NULL,NULL,NULL),(13,0,'Trigo candeal',14,1,NULL,NULL,NULL),(14,0,'Trigo pan',15,1,NULL,NULL,NULL),(15,0,'Avena',16,1,NULL,NULL,NULL),(16,0,'Cebada cervecera',17,1,NULL,NULL,NULL),(17,0,'Centeno',18,1,NULL,NULL,NULL),(18,0,'Maíz',19,1,NULL,NULL,NULL),(19,0,'Mijo',20,1,NULL,NULL,NULL),(20,0,'Arroz cáscara',21,1,NULL,NULL,NULL),(21,0,'Sorgo granífero',22,1,NULL,NULL,NULL),(22,0,'Soja',23,1,NULL,NULL,NULL),(23,0,'Trigo blando',24,1,NULL,NULL,NULL),(24,0,'Trigo plata',25,1,NULL,NULL,NULL),(25,0,'Maíz flynt o plata',26,1,NULL,NULL,NULL),(26,0,'Maíz pisingallo',27,1,NULL,NULL,NULL),(27,0,'Triticale',28,1,NULL,NULL,NULL),(28,0,'Alpiste',30,1,NULL,NULL,NULL),(29,0,'Algodón',31,1,NULL,NULL,NULL),(30,0,'Cártamo',32,1,NULL,NULL,NULL),(31,0,'Poroto blanco natural oval y alubia',33,1,NULL,NULL,NULL),(32,0,'Poroto distinto del blanco oval y alubia',34,1,NULL,NULL,NULL),(33,0,'Arroz',35,1,NULL,NULL,NULL),(34,0,'Lenteja',46,1,NULL,NULL,NULL),(35,0,'Arveja',47,1,NULL,NULL,NULL),(36,0,'Poroto blanco seleccionado oval y alubia',48,1,NULL,NULL,NULL),(37,0,'Otras legumbres',49,1,NULL,NULL,NULL),(38,0,'Otros granos',50,1,NULL,NULL,NULL),(39,0,'Garbanzo',59,1,NULL,NULL,NULL);

--
-- Table structure for table `lpg_receipt_detail`
--

CREATE TABLE `lpg_receipt_detail` (
  `id` int(10) unsigned NOT NULL AUTO_INCREMENT,
  `user_id` int(10) unsigned NOT NULL,
  `lpg_receipt_id` int(10) unsigned NOT NULL,
  `saldo_id` int(10) unsigned NOT NULL,
  `concepto` varchar(191) COLLATE utf8mb4_unicode_ci DEFAULT NULL,
  `lpg_grano_id` int(10) unsigned NOT NULL,
  `cantidad` decimal(16,2) NOT NULL DEFAULT '0.00',
  `fac_elec_unidad_medida_id` int(10) unsigned NOT NULL,
  `precio` decimal(16,2) NOT NULL DEFAULT '0.00',
  `subtotal` decimal(16,2) NOT NULL DEFAULT '0.00',
  `created_at` timestamp NULL DEFAULT NULL,
  `updated_at` timestamp NULL DEFAULT NULL,
  `deleted_at` timestamp NULL DEFAULT NULL,
  PRIMARY KEY (`id`),
  KEY `lpg_receipt_detail_lpg_receipt_id_foreign` (`lpg_receipt_id`),
  KEY `lpg_receipt_detail_saldo_id_foreign` (`saldo_id`),
  KEY `lpg_receipt_detail_lpg_grano_id_foreign` (`lpg_grano_id`),
  KEY `lpg_receipt_detail_fac_elec_unidad_medida_id_foreign` (`fac_elec_unidad_medida_id`),
  CONSTRAINT `lpg_receipt_detail_fac_elec_unidad_medida_id_foreign` FOREIGN KEY (`fac_elec_unidad_medida_id`) REFERENCES `fac_elec_unidad_medidas` (`id`),
  CONSTRAINT `lpg_receipt_detail_lpg_grano_id_foreign` FOREIGN KEY (`lpg_grano_id`) REFERENCES `lpg_granos` (`id`),
  CONSTRAINT `lpg_receipt_detail_lpg_receipt_id_foreign` FOREIGN KEY (`lpg_receipt_id`) REFERENCES `lpg_receipts` (`id`),
  CONSTRAINT `lpg_receipt_detail_saldo_id_foreign` FOREIGN KEY (`saldo_id`) REFERENCES `conta_tipo_saldos` (`id`)
) ENGINE=InnoDB DEFAULT CHARSET=utf8mb4 COLLATE=utf8mb4_unicode_ci;

--
-- Dumping data for table `lpg_receipt_detail`
--


--
-- Table structure for table `lpg_receipts`
--

CREATE TABLE `lpg_receipts` (
  `id` int(10) unsigned NOT NULL AUTO_INCREMENT,
  `user_id` int(10) unsigned NOT NULL,
  `person_id` int(10) unsigned NOT NULL,
  `receipt_id` int(10) unsigned DEFAULT NULL,
  `fecha` date DEFAULT NULL,
  `num_comprobante` varchar(191) COLLATE utf8mb4_unicode_ci DEFAULT NULL,
  `created_at` timestamp NULL DEFAULT NULL,
  `updated_at` timestamp NULL DEFAULT NULL,
  `deleted_at` timestamp NULL DEFAULT NULL,
  PRIMARY KEY (`id`),
  KEY `lpg_receipts_person_id_foreign` (`person_id`),
  KEY `lpg_receipts_receipt_id_foreign` (`receipt_id`),
  CONSTRAINT `lpg_receipts_person_id_foreign` FOREIGN KEY (`person_id`) REFERENCES `persons` (`id`),
  CONSTRAINT `lpg_receipts_receipt_id_foreign` FOREIGN KEY (`receipt_id`) REFERENCES `receipts` (`id`)
) ENGINE=InnoDB DEFAULT CHARSET=utf8mb4 COLLATE=utf8mb4_unicode_ci;

--
-- Dumping data for table `lpg_receipts`
--


--
-- Table structure for table `mails`
--

CREATE TABLE `mails` (
  `id` int(10) unsigned NOT NULL AUTO_INCREMENT,
  `user_id` int(10) unsigned DEFAULT NULL,
  `name` varchar(255) COLLATE utf8mb4_unicode_ci NOT NULL,
  `created_at` timestamp NULL DEFAULT NULL,
  `updated_at` timestamp NULL DEFAULT NULL,
  `deleted_at` timestamp NULL DEFAULT NULL,
  PRIMARY KEY (`id`)
) ENGINE=InnoDB AUTO_INCREMENT=12 DEFAULT CHARSET=utf8mb4 COLLATE=utf8mb4_unicode_ci;

--
-- Dumping data for table `mails`
--

INSERT INTO `mails` VALUES (1,NULL,'Principal',NULL,NULL,NULL),(2,NULL,'Segundo',NULL,NULL,NULL),(3,NULL,'Tercero',NULL,NULL,NULL),(4,NULL,'Cuarto',NULL,NULL,NULL),(5,NULL,'Quinto',NULL,NULL,NULL),(6,NULL,'Sexto',NULL,NULL,NULL),(7,NULL,'Septimo',NULL,NULL,NULL),(8,NULL,'Octavo',NULL,NULL,NULL),(9,NULL,'Noveno',NULL,NULL,NULL),(10,NULL,'Decimo',NULL,NULL,NULL),(11,NULL,'Otro',NULL,NULL,NULL);

--
-- Table structure for table `mails_details`
--

CREATE TABLE `mails_details` (
  `id` int(10) unsigned NOT NULL AUTO_INCREMENT,
  `user_id` int(10) unsigned DEFAULT NULL,
  `mail` varchar(255) COLLATE utf8mb4_unicode_ci DEFAULT NULL,
  `telefono` varchar(255) COLLATE utf8mb4_unicode_ci DEFAULT NULL,
  `comentario` varchar(255) COLLATE utf8mb4_unicode_ci DEFAULT NULL,
  `mail_id` int(10) unsigned NOT NULL,
  `person_id` int(10) unsigned NOT NULL,
  `status` int(10) unsigned NOT NULL DEFAULT '1',
  `created_at` timestamp NULL DEFAULT NULL,
  `updated_at` timestamp NULL DEFAULT NULL,
  `deleted_at` timestamp NULL DEFAULT NULL,
  PRIMARY KEY (`id`),
  KEY `mails_details_mail_id_foreign` (`mail_id`),
  KEY `mails_details_person_id_foreign` (`person_id`),
  CONSTRAINT `mails_details_mail_id_foreign` FOREIGN KEY (`mail_id`) REFERENCES `mails` (`id`),
  CONSTRAINT `mails_details_person_id_foreign` FOREIGN KEY (`person_id`) REFERENCES `persons` (`id`)
) ENGINE=InnoDB AUTO_INCREMENT=46 DEFAULT CHARSET=utf8mb4 COLLATE=utf8mb4_unicode_ci;

--
-- Dumping data for table `mails_details`
--

INSERT INTO `mails_details` VALUES (8,8081,'laura8548@hotmail.com','1163653274','',1,40719,1,'2022-11-23 00:48:42','2022-11-23 00:48:42',NULL),(12,8081,'reynosolucas.cea@gmail.com',NULL,'lab',1,40771,1,'2022-11-27 18:14:43','2022-11-27 18:14:43',NULL),(13,8081,'zulma6643@gmail.com',NULL,'lab',1,40866,1,'2022-11-28 21:06:13','2022-11-28 21:06:13',NULL),(16,8081,'zinguerianueve@gmail.com',NULL,'',1,40943,1,'2022-11-28 23:47:30','2022-11-28 23:47:30',NULL),(28,8081,'luanaaferreyra18@gmail.com',NULL,'',1,41147,1,'2022-12-09 19:15:03','2022-12-09 19:15:03',NULL),(29,8081,'christianquantin95@gmail.com',NULL,'lab',1,40918,1,'2022-12-11 22:11:30','2022-12-11 22:11:30',NULL),(30,8081,'marco_76_1@hotmail.com',NULL,NULL,1,41068,1,'2022-12-11 23:16:40','2022-12-11 23:16:40',NULL),(35,8081,'pabloelcuervo-29@hotmail.com',NULL,'lab',1,40731,1,'2023-01-15 19:11:58','2023-01-15 19:11:58',NULL),(38,8081,'diegoromanellisoluciones@hotmail.com',NULL,'',1,41360,1,'2023-01-31 01:21:59','2023-01-31 01:21:59',NULL),(39,8081,'techadosgerman@gmail.com',NULL,'lab',1,40720,1,'2023-02-20 00:43:27','2023-02-20 00:43:27',NULL),(40,8081,'german-8@live.com.ar',NULL,'pers.',2,40720,1,'2023-02-20 00:43:27','2023-02-20 00:43:27',NULL),(44,8081,'melina.velasco.s@gmail.com',NULL,'PERS',1,41123,1,'2023-02-21 16:50:07','2023-02-21 16:50:07',NULL),(45,8081,'seramista2011@hotmail.com',NULL,'lab',1,41120,1,'2023-03-21 21:18:08','2023-03-21 21:18:08',NULL);
DELIMITER ;;
/*!50003 CREATE*/ /*!50017 DEFINER=`forge`@`%`*/ /*!50003 TRIGGER `MailsDetail_BD` BEFORE DELETE ON `mails_details` FOR EACH ROW insert into back_up_mails_details (mail,telefono,comentario,mail_id,person_id,modificado)
values(old.mail,old.telefono,old.comentario,old.mail_id,old.person_id,now()) */;;
DELIMITER ;

--
-- Table structure for table `migrations`
--

CREATE TABLE `migrations` (
  `id` int(10) unsigned NOT NULL AUTO_INCREMENT,
  `migration` varchar(255) COLLATE utf8mb4_unicode_ci NOT NULL,
  `batch` int(11) NOT NULL,
  PRIMARY KEY (`id`)
) ENGINE=InnoDB AUTO_INCREMENT=1042 DEFAULT CHARSET=utf8mb4 COLLATE=utf8mb4_unicode_ci;

--
-- Dumping data for table `migrations`
--

INSERT INTO `migrations` VALUES (1,'2014_10_12_000000_create_users_table',1),(2,'2014_10_12_100000_create_password_resets_table',1),(3,'2017_09_15_000000_CreateCountrysTable',1),(4,'2017_09_15_100000_CreateStatesTable',1),(5,'2017_09_15_221521_create_modules_table',1),(6,'2017_09_15_224048_create_usermodules_table',1),(7,'2017_12_04_172644_CreateTableActivitites',1),(8,'2017_12_04_181801_CreateTableReceiptTypes',1),(9,'2017_12_04_182416_CreateTableRetentionType',1),(10,'2017_12_04_190828_CreateTableTypes',1),(11,'2017_12_04_191413_CreateTableRetentions',1),(12,'2017_12_04_191537_CreateTableIIBBRetentions',1),(13,'2017_12_04_192126_CreateTableSystemTaxes',1),(14,'2017_12_04_202132_CreateTableZones',1),(15,'2017_12_04_210000_CreateTableOtherTaxes',1),(16,'2017_12_07_200000_CreateTableTaxAccounts',1),(17,'2017_12_07_202200_CreateTableStatus',1),(18,'2017_12_07_204438_CreateTablePersons',1),(19,'2017_12_07_204500_CreateTablePersonZones',1),(20,'2017_12_07_205029_CreateTablePeriods',1),(21,'2017_12_07_205700_CreateTableReceipts',1),(22,'2017_12_07_205819_CreateTableReceiptTaxes',1),(23,'2017_12_16_025744_CreateTableUserPersons',1),(24,'2018_02_01_205100_CreateTablePeriodLiquidation',1),(25,'2018_02_02_150420_ModPeriodLiq_CreateDetail',1),(26,'2018_02_06_162435_CreateTablePersonConfigurations',1),(27,'2018_03_07_162435_CreateTablesLiqIVA',1),(28,'2018_03_18_000010_IVAGroups',1),(29,'2018_03_20_000010_InsertsRT',1),(30,'2018_03_21_000010_UpdateRT',1),(31,'2018_03_26_232558_InsertsModules',1),(32,'2018_03_28_151014_CreateTablesBusinessModule',1),(33,'2018_04_11_124200_ModBusinessModule',1),(34,'2018_04_17_153900_ModBusinessModule2',1),(35,'2018_04_20_115000_TableBaseMonthsForPeriods',1),(36,'2018_04_24_155000_ModAddUsersBusiness',1),(37,'2018_04_27_162700_BusinessFieldsEmpresaMadre',1),(38,'2018_05_04_144100_BusinessViewValidateSave',1),(39,'2018_05_18_110400_FileUplodsBase_XLS',2),(40,'2018_05_30_183700_alter__system_taxes_to_system_taxese',3),(41,'2018_05_30_220512_alter__system_taxes__add__status',3),(42,'2018_05_31_221821_update_data_types',4),(43,'2018_06_03_1341_ProcedureAssingPeriodsTo',5),(44,'2018_06_04_001420_create_reportes_table',5),(45,'2018_06_04_2159_ProcedureReportesComprobantes',5),(46,'2018_06_05_104818_update_receipt_types__column__code',5),(47,'2018_06_05_171044_update__system__taxes__gravado0',5),(48,'2018_06_06_010459_create_procedure_creacion_empresa_usuario',5),(49,'2018_06_06_110700_UpdateReportesRutas',6),(50,'2018_06_07_011985_create_procedure_eliminasion_masiva_comprobantes',7),(51,'2018_06_09_141500_UpdateReportesRutasTableroAndModules',8),(52,'2018_06_10_203200_CreateViewReceiptsReports',9),(53,'2018_06_11_114580_UpdateTypesEliminacionMasiva',9),(54,'2018_06_19_110400_TableControlGeneral',10),(57,'2018_06_19_158985_InsertsModules_Control_General',11),(58,'2018_06_22_203200_CreateViewLiquidacionesIVA',12),(61,'2018_06_27_204440_alter_Table_Person_Configuration',13),(70,'2018_07_01_110401_InsertsModules_ClavesYMails',17),(71,'2018_07_01_110400_TableClavesYMails',18),(72,'2018_06_27_204436_CreateTableMails',19),(73,'2018_06_27_204437_CreateTableMailsDetails',19),(74,'2018_06_27_204438_CreateTableClaves',19),(75,'2018_06_27_204439_CreateTableClavesDetails',19),(76,'2018_07_07_011985_alter_procedure_eliminasion_masiva_comprobantes',20),(77,'2018_07_08_110400_UpdateTableClavesYMails',21),(78,'2018_07_11_011985_alter_procedure_eliminasion_masiva_comprobantes',22),(79,'2018_07_11_010459_alter_procedure_creacion_empresa_usuario',23),(80,'2018_07_15_110401_InsertsModules_Informacion',24),(81,'2018_07_17_110400_AddRegistroClavesYMails',25),(82,'2018_07_17_204439_CreateTableCharlasDetails',25),(83,'2018_07_11_011985_alter_procedure_eliminasion_masiva_comprobantes2',26),(90,'2018_07_18_110410_AddRegistroControlGeneral',26),(92,'2018_07_19_110404_SP_LiquidacionesHijas',26),(95,'2018_07_18_110400_TableVtoImpuestos',27),(96,'2018_07_18_110401_TableVtoFinCuit',27),(97,'2018_07_18_110402_TableImpuestoFinCuit',27);
INSERT INTO `migrations` VALUES (98,'2018_07_18_110403_TableVtoVencimiento',27),(99,'2018_07_18_110405_TableCategoriaImpuesto',27),(100,'2018_07_18_110409_TablePerson_Impuesto',27),(102,'2018_07_18_110412_CreateView_VencimientosAnuales',27),(103,'2018_07_18_110412_CreateView_liquidaciones_iibb',28),(104,'2018_07_18_110413_AddRegistroControlGeneral2',28),(105,'2018_07_18_110414_AddColumnTablePerson_Impuesto',28),(107,'2018_07_27_110400_InsertsModules_Impuestos',30),(115,'2018_07_29_110405_AddTypesAsientoSueldos',32),(116,'2018_07_29_110398_TableContaTipoCuentas',33),(117,'2018_07_29_110399_TableContaTipoSaldos',33),(118,'2018_07_29_110400_TableContaPlanCuenta',33),(119,'2018_07_29_110401_TableContaTipoDeAsientos',33),(126,'2018_08_06_110400_CreateTableEjerciciosAnteriores',36),(127,'2018_08_06_110400_AddTypesExportar',37),(128,'2018_08_12_110404_SP_LiquidacionesHijasActualizadas',38),(129,'2018_08_16_110400_AddReporteIVA',39),(130,'2018_08_16_110401_EditReporteLiquidacionesIIBB',39),(135,'2018_08_26_110400_InsertsModules_MonotributoIIBB',41),(136,'2018_08_66_110401_CreateTableCategoriasMonotributo',41),(139,'2018_08_22_093000_SP_LiquidacionesHijasFiltrosCorregidos',42),(140,'2018_08_30_110400_SP_DeleteLiquidationStatus1',43),(141,'2018_09_02_110400_SP_AsientoSueldo',44),(142,'2018_09_02_110401_SP_IIBBGasto',44),(143,'2018_09_02_110402_SP_ProyecGanancias',44),(144,'2018_09_02_110403_SP_RetencionesGanancias',44),(145,'2018_09_02_110404_SP_AnticiposGanancias',44),(146,'2018_09_03_110400_CreateViewLiquidacionesIVACorregida',45),(147,'2018_09_03_110401_CreateView_liquidaciones_iibbCorregida',45),(148,'2018_06_29_114600_CreateView_Proyeccion_Ganancias',46),(149,'2018_08_01_110401_CreateView_IIBB_Gasto',46),(150,'2018_08_05_110401_CreateView_AntGanan_SIRCREB_Compen',46),(151,'2018_08_01_110400_CreateView_Asientos',47),(152,'2018_08_05_110400_CreateView_RetencionesGanancias',47),(153,'2018_08_27_110400_CreateView_ProyecGananciasAll',48),(154,'2018_08_31_161300_TablesFacturaElectronica',49),(155,'2018_09_06_110400_InsertsModules_CtasCtes',50),(160,'2018_09_15_110400_AddColumnTablePersonConfiguration',50),(161,'2018_09_18_110400_InsertsModules_Bancos',50),(162,'2018_09_19_110400_SP_assingFromPeriodsPerson',51),(169,'2018_07_29_110402_TableContaAsientos',53),(170,'2018_07_29_110404_TableContaAsientosDetails',53),(171,'2018_09_10_110402_CreateView_CtaCteAsientos',53),(172,'2018_09_13_110400_AddColumnTableContaAsientos',53),(173,'2018_09_10_110400_CreateView_CtaCteSaldosCajas',54),(174,'2018_09_21_110400_AddColumnTableContaAsientosDebeHaber',54),(175,'2018_09_23_110400_InsertsModules_Gastos',54),(176,'2018_09_23_110401_TableCtaCteTiposDeGastos',54),(177,'2018_09_23_110402_TableCtaCteCuentaTipo',54),(178,'2018_09_23_110403_TableCtaCteCentrosCostos',54),(179,'2018_09_24_110400_TableCtaCteGastosMensuales',54),(180,'2018_09_27_110400_AddColumnTableContaAsientosPagado',54),(181,'2018_10_05_110400_InsertsModules_TableroControl',54),(183,'2018_10_09_110400_AddColumnTablePersonConfigurationBanco',56),(184,'2018_09_10_110401_CreateView_CtaCteClientes',57),(185,'2018_10_15_110400_TableCtaCteBancos',58),(186,'2018_10_15_110401_TableCtaCteCheques',58),(187,'2018_10_16_110400_CreateView_CtaCteCheques',58),(188,'2018_10_18_110400_CreateView_ConsultaComprobantes',59),(189,'2018_07_18_110411_CreateView_VencimientoImpuestos',60),(190,'2018_10_22_110400_TableCtaCteBancosDatos',61),(191,'2018_11_02_110400_AddColumnTableReceiptComprobanteAFIP',62),(192,'2018_11_04_110400_CreateTableClavesDetailsBackUp',62),(193,'2018_11_04_110401_CreateTableMailsDetailsBackUp',62),(194,'2018_11_04_110402_CreateTableCharlasDetailsBackUp',62),(195,'2018_11_04_110403_TriggerClaves',62),(196,'2018_11_04_110404_TriggerMails',62),(197,'2018_11_04_110405_TriggerCharla',62),(198,'2018_11_08_010400_modify_procedure_creacion_empresa_usuario',62),(199,'2018_11_10_110400_AddColumnTableChequesFoto',62),(200,'2018_11_19_110400_ModifyView_VencimientoImpuestos',62);
INSERT INTO `migrations` VALUES (201,'2018_11_23_110400_DeleteForeignKeyCtaCteCheques',62),(202,'2018_11_26_110400_AddColumnTableVto_categoria_imp',62),(203,'2018_11_26_110401_CreateSPMonotributistas',62),(204,'2018_11_28_110400_CreateTableCategoriasIIBB',62),(205,'2018_11_28_110401_UpdateTableVto_categoria_imp',62),(206,'2018_11_28_110402_CreateView_IIBBRegSimpl',62),(207,'2018_12_05_110400_CreateView_PDF_ConsultaComprobantes',62),(208,'2018_12_06_110400_Add_data_types_libros',62),(209,'2018_12_07_110400_ViewLiquidacionesIVALiquidador',62),(210,'2018_12_07_110401_View_liquidaciones_iibbLiquidador',62),(211,'2018_12_09_110400_AddColumnFileReceipts',62),(212,'2018_12_11_110400_InsertsModules_Contabilidad',62),(213,'2018_12_12_110400_TableBalanceLibro',62),(214,'2018_12_12_110401_TableBalanceLibroDetails',62),(215,'2018_12_12_110402_AddContaTipoDeAsientos',62),(216,'2018_12_13_110400_UpdateTableContaPlanCuenta',62),(217,'2018_12_26_110400_CreateSPAsientosContables',62),(218,'2019_01_01_110400_AddColumnContaPlanCuenta',62),(219,'2019_01_02_110400_InsertsModules_ContabilidadPlanCuenta',62),(220,'2019_01_02_110401_AddCuentasTableContaPlanCuenta',62),(221,'2019_01_02_110402_ModifyRubroContaPlanCuenta',62),(222,'2019_01_03_11040_ModifyVentasPlanCuenta',62),(223,'2019_01_03_11041_ModifyPlanCuentasNiveles',62),(224,'2019_01_04_110400_AddColumnContaPlanCuentaNoEditable',62),(225,'2019_01_04_110401_ModifyColumnBalanceLibro',62),(226,'2019_01_04_110402_ModifySPAsientosContables',62),(227,'2019_01_04_110403_ModifyPlanCuentasNiveles5',62),(228,'2019_01_04_110404_InsertsModules_ContabilidadReportes',62),(229,'2019_01_06_110400_ModifyTableCategoriasMonotributo',62),(230,'2019_01_06_110401_ModiyfyContaPlanCuentaNivel5',62),(231,'2019_01_06_110402_SPSumasYSaldos',62),(232,'2019_01_07_110400_ModifyView_CtaCteClientes',62),(233,'2019_01_08_110400_ModiyfyOtraVezContaPlanCuentaNivel5',62),(234,'2019_01_08_110401_ModifySPAsientosContablesV1',62),(235,'2019_01_08_110402_UpdateTableVtoVencimiento2019',62),(236,'2019_01_08_110403_UpdateTableCategoriasMonotributo',62),(237,'2019_01_08_1104043_UpdateTableCategoriasIIBB',62),(238,'2019_01_09_110400_AddColumnconta_tipo_asientosOrderBy',62),(239,'2019_01_09_110401_ModifySPAsientosContablesOrderBy',62),(240,'2019_01_09_110402_UpdateValores2019vto_categoria_imp',62),(241,'2019_01_09_135600_SPAsignacionPeriodosEntreFechas',62),(242,'2019_01_16_110400_ModifySPAsientosContablesV2',62),(243,'2019_01_17_110400_InsertsModules_ContabilidadLibros',62),(244,'2019_01_17_110401_Delete_data_types_libros',62),(245,'2019_01_18_110400_ModifySPAsientosContablesV3',62),(246,'2019_01_19_110400_ModifySPAsientosContablesMensuales',62),(247,'2019_01_20_110400_InsertsModules_Administracion',62),(248,'2019_01_21_110400_CreateTableDbAbuelas',62),(249,'2019_01_21_110400_SP_AsientoSueldoV1',62),(250,'2019_01_24_110400_ModifySPAsientosContablesMensualesV1',62),(251,'2019_01_24_110401_ModiyfyContaPlanCuentaNivelV1',62),(252,'2019_01_24_110402_Modify_CtaCteSaldosCajasV1',62),(253,'2019_02_08_110400_InsertsModules_Mails',62),(254,'2019_02_10_183012_create_jobs_table',62),(255,'2019_02_11_110400_AddColumnTdbAbuelasLocalidad',62),(256,'2019_02_11_110401_ModifyPlanCuentasNiveles6',62),(257,'2019_02_11_110401_SP_VtoImpuestosMail',62),(258,'2019_02_12_110400_UpdateValores2019vto_categoria_impV1',62),(259,'2019_02_12_110401_SP_VtoImpuestosMailV1',63),(260,'2019_02_12_110402_AddColumnTablePersonConfigurationEnviarMail',63),(261,'2019_02_15_011342_create_failed_jobs_table',63),(262,'2019_02_15_110400_AddHonorarioToTableVtoVencimiento',63),(263,'2019_02_17_110400_AddTypeUserOperador',63),(264,'2019_02_22_110400_CreateTableVto_person_impuestos_creados',63),(265,'2019_03_06_110400_UpdateTableCategoriasMonotributoV1',64),(266,'2018_09_17_115300_UpdateConDatosTablesFacturaElectronica',65),(267,'2018_09_21_110401_CreateView_CtaCteClientes',65),(268,'2018_09_27_154000_ModifyTablesFacturaElectronica',65),(269,'2019_01_12_090909_ModifyTablesFacturaElectronicaPuntoVenta',65);
INSERT INTO `migrations` VALUES (270,'2019_03_13_110400_CreateView_CtaCteClientesV2',66),(271,'2019_03_13_110401_AddColumnContaAsiento',67),(272,'2019_03_20_110400_UpdateValores2019vto_categoria_impAutonomosMarzo',68),(273,'2019_03_20_110400_UpdateValores2019vto_categoria_impAutonomosMarzoV1',69),(274,'2019_03_20_110401_CreateTablePruebaGratis',70),(275,'2019_03_27_110400_AddColumnTableBalanceLibro',71),(276,'2019_03_29_110400_SP_VtoImpuestosMailV2',72),(277,'2019_04_04_110400_ModifyPlanCuentasNiveles7',73),(278,'2019_04_09_110400_AddColumnPersonPlanCuentaId',74),(279,'2019_04_09_110401_AddColumnReceiptPlanCuentaId',74),(280,'2019_04_05_110400_AddColumnTableReceiptTypes',75),(281,'2019_04_14_110400_Insert_data_typesMisComprobantes',75),(282,'2019_04_28_110400_DeleteRegisterReportes',76),(283,'2019_04_30_110400_CorreccionTableVtoVencimiento2019',77),(284,'2019_04_22_110400_AddColumnAndUpdateCuenta_idInTablesImpuestos',78),(285,'2019_04_23_110400_AddRegisterTableSystemTaxes',78),(286,'2019_04_25_110400_AddColumnTableOtherTaxes',78),(287,'2019_05_02_110400_SPExportarComprobantes',78),(288,'2019_05_14_110400_AddRegisterReceiptTypes',79),(289,'2019_05_24_110400_UpdatePersons',80),(292,'2019_06_07_110400_AddColumnUser',81),(294,'2019_06_21_110400_TableActas',82),(295,'2019_06_27_110400_SPExportarComprobantes',83),(296,'2019_06_28_110400_AddRegisterTActas',84),(297,'2019_03_04_110400_UpdateSystemTaxesAfipAlicuota',85),(298,'2019_04_01_100000_ModificacionesFADetallesCondicionesVenta',85),(299,'2019_04_19_100000_TablasFacturaElectronicaMasiva',85),(300,'2019_06_27_110400_SPUpdateHonorario',86),(301,'2019_07_09_110400_AddColumnFacEleRecDetail',86),(302,'2019_07_10_110400_AddColumnPersonConfig',87),(303,'2019_07_11_110400_ModifySPproyecGanancias',87),(304,'2019_07_11_110401_ModifySPAsientoSueldo',87),(305,'2019_07_11_110402_ModifySPiibb_gasto',87),(306,'2019_07_11_110403_ModifySPRetenciones',87),(307,'2019_07_11_110404_ModifySPAnticipoGanancias',87),(308,'2019_07_11_110405_ModifySPIIBB_Gasto',88),(309,'2019_07_11_110406_SPLiquidacionesIVA',88),(310,'2019_07_11_110407_SPLiquidacionesIIBB',88),(311,'2019_07_11_110408_ModifySPMonotributistas',89),(312,'2019_07_11_110409_ModifySPIIBB_GastoV1',90),(313,'2019_07_11_110410_SPReceipts',91),(314,'2019_07_11_110411_SPReceiptsForExporTXT',92),(315,'2019_07_14_110400_TableFEUnidadMedida',93),(316,'2019_07_14_110401_TableCondicionFrenteIVA',93),(317,'2019_07_14_110402_AddColumnCondFrenteIVAFE',93),(318,'2019_07_15_110401_ModifySPMonotributistasV1',93),(319,'2019_07_215_110400_DeleteRegisterSystemTaxes',93),(320,'2019_07_18_110400_ModifySPIIBB_GastoV2',94),(321,'2019_07_18_110401_ModifySPLiquidacionesIIBB',94),(322,'2019_07_18_110403_ModifySPLiquidacionesIVA',94),(323,'2019_07_23_110400_AddColumnFEMasivaDetalle',95),(324,'2019_07_29_110400_AddColumnReceiptType_FE',96),(325,'2019_08_05_110400_DeleteForeingKeyTableReceiptFactElec',97),(327,'2019_08_07_110400_UpdateValores2019vto_categoria_impAutonomosJunio',98),(328,'2019_08_07_110401_InsertsModules_Configuracion',99),(329,'2019_08_11_110401_InsertsModules_CerrarPeriodosContabilidad',100),(330,'2019_08_20_110400_AddColumnFEPuntoVenta',101),(331,'2019_08_20_110401_AddModuleFEConfiguracion',101),(332,'2019_08_23_110400_DeleteCuentaPlanCuenta',102),(333,'2019_08_28_110400_ModifyActasModelos',103),(334,'2019_09_26_110400_ModifyView_IIBBRegSimpl',104),(335,'2019_10_01_110400_UpdateTableCategoriasIIBBV2',105),(336,'2019_10_01_110401_UpdateValores2019vto_categoria_impAutonomosSeptiembre',106),(337,'2019_09_17_110400_TableCtaCteClientes',107),(338,'2019_09_17_110401_AddModuleCtaCteCliente',107),(339,'2019_09_19_110400_SPCtaCteCliente',107),(340,'2019_09_22_110400_AddColumnBalanceLibroCtaCteCliente',107),(341,'2019_09_23_110400_ModifySPAsientosContablesV2',107),(342,'2019_09_24_110400_TableCtaCtePivotReceipt',107),(343,'2019_09_25_110400_ModifyCuentasContablesRetenciones',107),(344,'2019_09_2_110401_AddRegisterContaTipoAsientos',107);
INSERT INTO `migrations` VALUES (345,'2019_10_04_110398_AddColumnPlanCuenta',108),(346,'2019_10_04_110399_DeleteColumnBalanceLibro',108),(347,'2019_10_04_110400_TableCtaCteTesoreriaCuentas',108),(348,'2019_10_04_110401_TableCtaCteTesoreriaCtaCte',108),(349,'2019_10_04_110402_AddColumnBalanceLibroCtaCteTesoreria',108),(350,'2019_10_04_110404_ModifyTableCtaCteCheques',108),(351,'2019_10_05_110404_ModifyTableCtaCteCcliente',108),(352,'2019_10_06_110400_AddModuleTesoreria',108),(353,'2019_10_09_110400_SPCtaCteClienteUpdate',108),(354,'2019_10_16_11040_AddRegisterContaTipoAsientos22',108),(355,'2019_10_24_110400_AddModuleNoFiscal',109),(356,'2019_10_24_110401_TablesNoFiscal',109),(357,'2019_10_30_110400_ModifySPAsientosContablesV3',109),(358,'2019_29_10_110400_ModifyTablesNFRelashionship',109),(359,'2019_11_03_110400_AddFacturaElectronicaPyme',110),(360,'2019_11_08_110400_TablesGanancias',111),(361,'2019_11_08_110401_AddModuleGanancias',111),(362,'2019_11_18_110400_AddModuleBienesPersonales',112),(363,'2019_11_18_110400_TablesBienesPersonales',112),(364,'2019_11_20_110400_UpdateDataTypeLibroIvaDigital',113),(365,'2019_11_21_110400_AddColumnPersonConfFELeyenda',114),(366,'2019_11_24_110400_TablesAsientosModelos',115),(367,'2019_11_27_110400_TablesObligacionesAnuales',116),(368,'2019_11_27_110401_AddModuleObligacionesAnuales',116),(369,'2019_12_06_110400_UpdateDataTypeAFIP',117),(370,'2019_12_06_110401_AddModuleControlAfip',118),(371,'2019_12_06_110402_TableControlCuitsAfip',118),(372,'2019_12_08_110400_AddColumnJobs',118),(373,'2019_12_09_110401_TablesRecibos',119),(374,'2019_12_09_11040_AddModuleRecibo_Presupuesto',119),(375,'2019_12_14_110400_DeleteTableFE',120),(376,'2019_12_16_110400_TablesDeudasImpositivas',121),(377,'2019_12_16_110401_AddModuleDeudasImpositivas',121),(378,'2019_12_18_110400_AddUserFirma',121),(379,'2019_12_23_110400_TablesPresupuestos',122),(380,'2019_12_24_110400_UpdateTableBalanceAddUser',123),(381,'2020_01_07_110400_ModifyForeingConstrainBalanceLibro',124),(382,'2020_01_08_110400_AddIIBBCordoba',125),(383,'2020_01_09_110399_AddIIBBCordobaRegSimp',126),(384,'2020_01_09_110400_UpdateTableVtoVencimiento2020',126),(385,'2020_01_09_110401_UpdateTableCategoriasMonotributo2020',126),(386,'2020_01_09_110402_UpdateTableCategoriasIIBB2020',126),(387,'2020_01_09_110403_UpdateValores2020vto_categoria_imp',126),(388,'2020_01_09_110404_UpdateVencimientosPerson2020',126),(389,'2020_01_12_110400_ModifySPMonotributistasV2',127),(390,'2020_01_13_110400_AddSoftDeletePeriodLiquidations',128),(391,'2020_01_14_110400_SPExportarComprobantesV2',129),(392,'2020_01_14_110401_ModifySPRetencionesV1',129),(393,'2020_01_14_110402_ModifySPAnticipoGananciasV1',129),(394,'2020_01_16_110400_ModifySPMonotributistasV3',130),(395,'2020_01_16_110401_UpdateValores2020vto_categoria_impV1',131),(396,'2020_01_16_110402_UpdateVencimientosPerson2020V1',131),(397,'2020_01_15_110400_TableTUser_Persons',132),(398,'2020_01_15_110401_TablesNotificaciones',132),(399,'2020_01_27_110400_AddReceiptTypeCierreZ',133),(400,'2020_01_28_110400_TablesGananciasV1',134),(401,'2020_01_28_110401_TablesGanancias2020',135),(402,'2020_01_30_110400_DeleteRegisterNoFicalContabilidad',136),(403,'2020_01_30_110400_ModifySPAsientosContablesMensualesV2',137),(404,'2020_01_30_110401_ModifySPAsientosContablesV4',138),(405,'2020_01_30_110402_DeleteSPAsientosContablesMensuales',139),(406,'2020_01_31_110400_AddUserIdVariasTables',140),(407,'2020_01_29_110400_AddColumnCtasTesoreriaContaAsientos',141),(408,'2020_02_06_110400_View_CtaCteClientesV3',141),(409,'2020_02_06_110401_AddCuentasMiasTesoreria',141),(410,'2020_02_07_110400_AddColumnPersonConfigLiqEsp',142),(411,'2020_02_08_110400_AddColumnPersonConfigLiqEspV1',143),(412,'2020_02_08_110401_AddColumnCtaCteCuentasTesoreriaCtaCteGastos',144),(413,'2020_02_09_110400_DeleteColumnPlanCuenta',145),(414,'2020_02_10_110400_ModifySPAsientoSueldo2020',146),(415,'2020_02_11_110400_ModifyView_CtaCteChequesV1',147),(416,'2020_02_13_110400_SPSumasYSaldosV1',148);
INSERT INTO `migrations` VALUES (417,'2020_02_13_110401_AddSoftDeleteCtaCteCheques',149),(418,'2020_02_19_110400_AddReceiptTypeCompraBsUsados',150),(419,'2020_02_19_110401_AddColumnTusersTypesUsers',151),(420,'2020_02_19_110402_DeleteSPNoUsoMas',152),(421,'2020_02_20_110400_AddColumnReceiptToFacEleReceitp',153),(422,'2020_02_25_110400_DeleteSPNoUsoMasV2',154),(423,'2020_02_26_110400_AddMonotributoSocial',155),(424,'2020_02_26_110401_UpdateReceiptTypeLetra',155),(425,'2020_02_27_110400_UpdateGananciasArt90',156),(426,'2020_02_28_110400_TableAjPorInflacionIndices',157),(427,'2020_03_02_110400_AddColumnPersonConfigCtaCteTesCuenta',158),(428,'2020_03_08_110400_AddModuleVentanillaElect',159),(429,'2020_03_08_110400_TablesVentanillaElec',160),(430,'2020_03_20_110400_UpdateReceiptTiquetZ',161),(431,'2020_04_16_110400_UpdateSystemTaxes',162),(432,'2020_05_18_110400_View_PdfConsultaComprobantes',163),(433,'2020_05_24_110400_TablesRemitos',164),(434,'2020_05_27_110400_AddImpuestoSegHigiene',165),(435,'2019_08_12_110400_AddColumnsTModules',166),(436,'2019_08_13_110399_InsertsModulesSueldo',167),(437,'2019_08_13_110400_TableSueldosSyJTipoEmpleador',167),(438,'2019_08_13_110401_TableSueldosSyJAlicuotaAporteContribucion',167),(439,'2019_08_13_110402_TableSueldosSyJActividad',167),(440,'2019_08_13_110403_TableSueldosSyJObraSocial',167),(441,'2019_08_13_110404_TableSueldosSyJZonaGeografica',167),(442,'2019_08_13_110405_TableSueldosSyJTituloLey20744',167),(443,'2019_08_13_110406_TablePais',167),(444,'2019_08_13_110407_TableLocalidad',167),(445,'2019_08_13_110408_TableCalle',167),(446,'2019_08_13_110408_TableSueldosSyJEmpAfecta',167),(447,'2019_08_13_110409_TableSueldosSyJTipoLiquidacion',167),(448,'2019_08_13_110412_TableSueldosSyJEmpAlcance',167),(449,'2019_08_13_110413_TableSexo',167),(450,'2019_08_13_110414_TableNacionalidad',167),(451,'2019_08_13_110415_TableEstadoCivil',167),(452,'2019_08_13_110416_TableTipoDocumento',167),(453,'2019_08_13_110417_TableSyJEmpEstado',167),(454,'2019_08_13_110418_TableSyJObraSocPlanes',167),(455,'2019_08_13_110419_TableSyJFormaPago',167),(456,'2019_08_13_110421_TableSyJEmpSituacionRevista',167),(457,'2019_08_13_110422_TableSyJEmpCondicion',167),(458,'2019_08_13_110423_TableSyJEmpModalidadContratacion',167),(459,'2019_08_13_110424_TableSyJEmpCodSiniestro',167),(460,'2019_08_13_110425_TableSyJRegimen',167),(461,'2019_08_13_110426_TableSyJEmpParentesco',167),(462,'2019_08_13_110427_TableSyJConfig',167),(463,'2019_08_13_110428_TableSyJDomiclioExplotacion',167),(464,'2020_03_17_110399_TableSeccionesCargoCCosto',167),(465,'2020_03_17_110400_TableConvenios',167),(466,'2020_03_17_110401_TableReferencias',167),(467,'2020_03_17_110402_SYJFunciones',167),(468,'2020_03_17_110402_TableAntesConceptos',167),(469,'2020_03_17_110402_TableConceptos',167),(470,'2020_03_17_110402_TablePivotConceptoCategoria',167),(471,'2020_03_17_110402_TablePivotConceptoTipoLiquidaciones',167),(472,'2020_03_17_110410_TableEmpleados',167),(473,'2020_03_17_110411_TablePivotEmpleadoConcepto',167),(474,'2020_03_19_110400_SYJPeriods',167),(475,'2020_03_19_110401_SYJLiquidaciones',167),(476,'2020_03_29_110400_SYJLiquidacionEmpleado',167),(477,'2020_04_03_110400_TablePivotConceptoCantidadValor',167),(478,'2020_04_07_110400_TablePivotConceptoEscala',167),(479,'2020_04_19_110400_AddColumnConceptosFiltrosAsoc',167),(480,'2020_04_19_110401_TableSyJEmpleadoFamiliar',167),(481,'2020_04_19_110402_TableSyJEmpleadoVacaciones',167),(482,'2020_04_26_110400_TableSyJReportes',167),(483,'2020_04_26_110401_TableSyJTablasdelSistema',167),(484,'2020_04_27_110400_AddColumnEmpleados',167),(485,'2020_04_27_110401_AddColumnCodigosAfip',167),(486,'2020_04_28_110399_TableSICOSSFormatValor',167),(487,'2020_04_28_110400_TableSICOSS',167),(488,'2020_04_28_110401_TablePivotConvenioFormatoSicoss',167),(489,'2020_04_28_110402_AddColumnPivotFormatoSicossConv',167),(490,'2020_04_29_110400_AddColumnFormatoSicossDetalleV1',167),(491,'2020_04_29_110401_AddColumnFormatoSicossDetalle',167);
INSERT INTO `migrations` VALUES (492,'2020_04_30_110400_AddColumnDomicilios',167),(493,'2020_05_02_110400_AddColumnControlaTopes',167),(494,'2020_05_05_110400_TableSindicatos',167),(495,'2020_05_07_110400_SYJPeriodsAddColumn',167),(496,'2020_05_07_110401_AddColumnBalanceLibroSueldos',167),(497,'2020_05_10_110400_AddColumnTablasFunciones',167),(498,'2020_05_11_110400_AddColumnTablaMasterEmpDomestica',167),(499,'2020_05_19_110400_TablePivotEmpleadoExcluirConcepto',167),(500,'2020_05_22_110400_InsertsModulesBlog',167),(501,'2020_05_22_110400_SYJPeriodsEmpDomestica',167),(502,'2020_05_25_110399_AddImpuestoSegHigiene',167),(503,'2020_05_25_110400_AddColumnVtoImpuestos',167),(504,'2020_05_26_110400_AddColumnSyJLiquidaciones',167),(505,'2020_05_26_110402_AddColumnSyJFormatoSicossDetalle',167),(506,'2020_12_31_110400_CopyDatoFromDBTaxes',167),(507,'2020_05_31_110400_InsertsModulesConfigUser',168),(508,'2020_06_03_110400_UpdateVtoImpuestos',169),(509,'2020_01_04_110401_UpdateTableCategoriasIIBB2021',170),(510,'2020_06_07_110400_InsertsModulesConfigAltaAbuela',170),(511,'2020_06_09_110400_AlterTableSyJConfig',170),(512,'2020_06_09_110400_InsertTablaReferencia',170),(513,'2020_06_11_000000_create_blogs_table',170),(514,'2020_06_14_110400_TableContactos',170),(515,'2020_06_14_110400_TablePlanesSuscripcion',170),(516,'2020_06_14_110401_TablePlanesSuscripcionV1',170),(517,'2020_06_19_110400_TableAjPorInflacionIndicesV1',170),(518,'2020_06_22_110400_AddColumnUsers',170),(519,'2020_06_22_110401_TableUserCtaCte',170),(520,'2020_06_25_110400_TableSyJG4OtrosEmpleos',170),(521,'2020_06_25_110401_TableSyJG4Deducciones',170),(522,'2020_06_25_110402_TableSyJG4DeducPersonales',170),(523,'2020_06_25_110403_TableSyJG4Art90',170),(524,'2020_07_01_110400_AddColumnDeletedAtConceptoPivot',170),(525,'2020_07_02_110400_InsertsGravImpGcias',170),(526,'2020_07_02_110401_TableSyJG4Detail',170),(527,'2020_07_04_110402_AddColumnSyJG4TipoDeducPers',170),(528,'2020_07_05_110401_TableSyJG4F1357',170),(529,'2020_07_06_110400_AddReceiptTypeCuentaVenta',170),(530,'2020_07_07_110400_AddImpuestoIIBBCorrientes',170),(531,'2020_07_07_110400_InsertConceptoReferencia',170),(532,'2020_07_09_110400_AddColumnDeducGenerales',170),(533,'2020_07_10_110400_AddColumnDBAbuela',170),(534,'2020_07_12_110400_UpdateTableTesoreriaCtas',170),(535,'2020_07_13_110400_AddImpuestoIIBBSantaFe',170),(536,'2020_07_13_110401_AddImpuestoDREISantaFe',170),(537,'2020_07_14_110400_TablesLPG',170),(538,'2020_07_17_110400_AddColumnReceiptTypeLPG',170),(539,'2020_07_17_110401_AddColumnReceiptLPG',170),(540,'2020_07_19_110400_AddRegisterUserPersonDbAbuela',170),(541,'2020_07_20_110400_UpdateBsPersonales',170),(542,'2020_07_25_110400_AddReceiptTypeTiquet',170),(543,'2020_07_25_1104041_AddReceiptTypeColumnShowFromTotal',170),(544,'2020_07_31_110400_TablesAfipServicios',170),(545,'2020_08_06_1104001_UpdateImpuestosSegunTablas',170),(546,'2020_08_06_110400_UpdateAutonomos',170),(547,'2020_08_08_110400_UpdateConveniosEmpAfecta',170),(548,'2020_08_12_110400_TablesDebitosAutomaticos',170),(549,'2020_08_18_110400_AddReceiptTypeSectorPecuario',170),(550,'2020_08_19_110400_UpdateSectorPecuario',170),(551,'2020_08_23_110400_AddColumnReceiptIVAApertura',170),(552,'2020_08_24_110400_AddColumnLiqIvaDetail',170),(553,'2020_08_24_110401_TablesIVAAgrupacion',170),(554,'2020_08_24_110401_UpdateReceiptsCredit',170),(555,'2020_08_25_110400_AddColumnIVACreditosTipos',170),(556,'2020_08_26_110400_AddOperaciones',170),(557,'2020_08_27_110400_TableFaq',170),(558,'2020_08_27_110400_UpdateFuncionesCantidad',170),(559,'2020_08_29_110400_TableSyJRecibosModelo',170),(560,'2020_08_30_110400_UpdateReciboModelo',170),(561,'2020_08_30_110401_UpdatePeriodLiquidationDetail',170),(562,'2020_08_31_110400_UpdateOperacionesImporte',170),(563,'2020_09_01_110400_AddActivities',170),(564,'2020_09_01_110401_TableZoneActivities',170),(565,'2020_09_01_110402_AddColumnPeriodLiqDetail',170),(566,'2020_09_01_110403_TablePeriodLiquidationIIBB',170);
INSERT INTO `migrations` VALUES (567,'2020_09_05_110400_AddRecibosModelo',170),(568,'2020_09_06_110400_AddColumnPersonActivities',170),(569,'2020_09_06_110401_AddColumnFAMasivaActivity',170),(570,'2020_09_09_110400_UpdateRetenciones',170),(571,'2020_09_18_110402_AddSyJReciboModelo',170),(572,'2020_09_23_110400_AddColumnUserCtaCte',170),(573,'2020_09_24_110400_AddImpuestoIIBBEntreRios',170),(574,'2020_09_25_110400_AddColumnUserCtaCteIngEgr',170),(575,'2020_09_25_110400_AddImpuestoProfesionalesLiberalesEntreRios',170),(576,'2020_09_26_110400_AlterColumnFactElecReceipt',170),(577,'2020_09_27_110400_AddColumnMonth',170),(578,'2020_09_28_110400_AddColumnSyJConfig',170),(579,'2020_10_04_110400_CorrecionPersons',170),(580,'2020_10_05_110403_TableCursos',170),(581,'2020_10_05_110403_TableCursosDetail',170),(582,'2020_10_14_110400_AddReceiptTypeSectorPecuario2',170),(583,'2020_10_15_110400_AddFuncionesDeValor',170),(584,'2020_10_15_110401_UpdateReceiptsCredit2',170),(585,'2020_10_19_110400_TableSyJConceptosAfip',170),(586,'2020_10_19_110401_AddColumnSyJConceptos',170),(587,'2020_10_20_110400_TableSyJLsdImpConc',170),(588,'2020_10_20_110401_AddFuncionesFormatoSicoss',170),(589,'2020_10_20_110401_TableSyjLsdReg',170),(590,'2020_10_20_110402_AddFormatoSicoss',170),(591,'2020_10_23_110400_InsertsModulesContConfig',170),(592,'2020_10_27_110400_AddColumnConceptos',170),(593,'2020_10_27_110401_AddFuncionesDeCantidad1',170),(594,'2020_10_27_110401_AddFuncionesDeImporte1',170),(595,'2020_10_27_110401_AddFuncionesDeValor1',170),(596,'2020_11_02_110400_InsertTablaReferencia1',170),(597,'2020_11_03_110400_TableUsersPersonsBlock',170),(598,'2020_11_04_110400_ViewLiquidacionesIVA',170),(599,'2020_11_05_110400_AddReceiptType1',170),(600,'2020_11_11_110400_AddImpuestoIIBBRioNegro',170),(601,'2020_11_13_110400_AddColumnPersonConfigProIVA',170),(602,'2020_11_13_110400_AddImpuestoIIBBNeuquen',170),(603,'2020_11_19_110400_UpdateReceiptsType',170),(604,'2020_11_20_110400_AddIndicesAxI',170),(605,'2020_11_24_110400_AddColumnSyJFromatoSICOSS',170),(606,'2020_11_26_110400_ModifyConceptosAFIP',170),(607,'2020_11_28_110400_AddColumnCtaCteCliente',170),(608,'2020_12_02_110400_TableUsersLogged',170),(609,'2020_12_03_110399_UpdateTarjetaTaxes',170),(610,'2020_12_03_110400_TableTarjetaTXT',170),(611,'2020_12_04_110400_AddImpuestoIIBBCorrientes2',170),(612,'2020_12_04_110400_AddImpuestoManifestacionDeGanado',170),(613,'2020_12_07_110400_AddColumnSyjLiqEmpleado',170),(614,'2020_12_22_110400_UpdateArt90',170),(615,'2021_01_03_110400_UpdateTableVtoVencimiento2021',170),(616,'2021_01_04_110400_UpdateAutonomos2021',170),(617,'2021_01_04_110402_UpdateVencimientosPerson2021',170),(618,'2021_01_06_110400_ModifyIvaCredFiscal',170),(619,'2021_01_08_110400_CheckPeriods2021',170),(620,'2021_01_11_110404_UpdateTableVtoVencimiento2022V1',170),(621,'2021_01_14_110400_TableSyJG4Art902021',170),(622,'2021_01_14_110401_TableSyJG4Deducciones2021',170),(623,'2021_01_14_110402_TableSyJG4DeducPersonales2021',170),(624,'2021_01_14_110403_TablesGanancias2021',170),(625,'2021_01_28_110400_AddImpuestoUTEDYC',170),(626,'2021_02_01_110400_ModifyNameTableReferencia',170),(627,'2021_02_02_110400_AddColumnMaterialCurso',170),(628,'2021_02_03_110400_ChangeCampoAsientoModelo',170),(629,'2021_02_04_110400_UpdateTopesJubilatorios',170),(630,'2021_02_04_110401_AddTablaReferencia',170),(631,'2021_02_10_110400_AddColumnDelSistema',170),(632,'2021_02_11_110400_AddColumnLiqIVA',170),(633,'2021_02_11_110401_AddColumnLiqITCPersonConfig',170),(634,'2021_02_16_110400_AddColumnIsZonaPatagonica',170),(635,'2021_02_16_110401_AddColumnFactElecTotal',170),(636,'2021_02_17_110400_SPSumasYSaldosV2',170),(637,'2021_02_17_110401_AddContaPlanCuentaITC',170),(638,'2021_02_21_110400_ModuloConvenioMultilateral',170),(639,'2021_02_21_110401_AddColumnZoneCodCM',170),(640,'2021_02_23_110400_TableSolicitantesCertificado',170),(641,'2021_02_23_110401_AddColumnsCursos',170),(642,'2021_02_25_110400_UpdateTableVtoVencimiento2021V1',170);
INSERT INTO `migrations` VALUES (643,'2021_02_8_110400_AddImpuestoSIRADIG',170),(644,'2021_02_9_110400_AddImpuestoIIBBSantaFeRegSimplificado',170),(645,'2021_03_02_110400_TablePathOfFile',170),(646,'2021_03_03_110400_AddReceiptType2',170),(647,'2021_03_04_110400_AddColumnPeriodLiquidationIIBB',170),(648,'2021_03_05_110400_AddPathOfFileName',170),(649,'2021_03_15_110400_AddColumnPeriodLiquidationIVA',170),(650,'2021_03_15_110401_AddColumnFEReceiptCompAsoc',170),(651,'2021_03_17_110400_ChangeFEReceiptCAENull',170),(652,'2021_03_19_110400_TableTdbAbuelasEstados',170),(653,'2021_03_19_110401_AddColumnTdbAbuelasEstado',170),(654,'2021_03_19_110402_TableTdbAbuelasCharlas',170),(655,'2021_03_23_110400_ModifyReceiptTypeOtrosCompr',170),(656,'2021_03_24_110400_TDAbuelaHost',170),(657,'2021_03_26_110400_UpdateAutonomos2021Abril',170),(658,'2021_03_30_110400_UpdateTopesJubilatoriosMar2021',170),(659,'2021_04_06_110400_AddContaPlanCuenta',170),(660,'2021_04_09_110400_UpdateEstadosAbuelas',170),(661,'2021_04_14_110400_AddColumnEstadoId',170),(662,'2021_04_14_110400_AddColumnFEReceiptOp',170),(663,'2021_04_15_110400_UpdateEstadosAbuelasRollBack',170),(664,'2021_04_16_110400_UpdateEstadosAbuelasV1',170),(665,'2021_04_16_110401_UpdateEstadosAbuelasRollBackV1',170),(666,'2021_04_16_110402_UpdateEstadosAbuelasV2',170),(667,'2021_04_21_110400_TableQueueProcesos',170),(668,'2021_04_23_110400_TableReporteSUSS',170),(669,'2021_04_23_110400_UpdateEstadosAbuelasV3',170),(670,'2021_04_27_110400_AddFieldEscracharTdbabuela',170),(671,'2021_04_27_110400_UpdateArba2021',170),(672,'2021_04_30_110400_ModifyIvaCredFiscalV1',170),(673,'2021_05_14_110400_AddSyJReciboModeloV2',170),(674,'2021_05_17_110400_TableUsersEmpleados',170),(675,'2021_05_25_110400_TablesPortalEmpleados',170),(676,'2021_05_25_110401_TablesTaxesServicios',170),(677,'2021_05_25_110402_TablesEmpleadosFiles',170),(678,'2021_05_27_110400_AddColumnImagenUser',170),(679,'2021_05_27_110400_UpdateEstadosAbuelasV4',170),(680,'2021_05_29_110400_AddColumnTablesPortalEmpleados',170),(681,'2021_06_02_110400_AddColumnLiqEmpFirmado',170),(682,'2021_06_02_110401_AddColumnLiqEmpFirmadoFecha',170),(683,'2021_06_03_110400_UpdateEstadosAbuelasV5',170),(684,'2021_06_04_110401_UpdateMonotributos2021',170),(685,'2021_06_06_110401_TablesEmpleadosFilesMasivos',170),(686,'2021_06_06_11040_AddColumnEmpFile',170),(687,'2021_06_10_110401_UpdateConceptosAFIP',170),(688,'2021_06_14_110400_TablePLSubdomain',170),(689,'2021_06_15_110400_TablesBienesPersonalesV2021',170),(690,'2021_06_16_11040_AddRegistroPathOfFileName',170),(691,'2021_06_28_110400_UpdateTopesJubilatoriosJun2021',170),(692,'2021_06_30_110400_UpdatePerAlicuotas',170),(693,'2021_07_06_11040_AddColumnMetodoPago',170),(694,'2021_07_08_110400_UpdateAutonomos2021Julio',170),(695,'2021_07_09_110400_AddColumnPathFileName',170),(696,'2021_07_11_110400_TablesAuxiliar',170),(697,'2021_07_17_110400_ModuloPermisos',170),(698,'2021_07_18_110400_AddColumnPeriodLiquidation',170),(699,'2021_07_22_110400_AddColumnPeriodLiquidationAuxiliarId',170),(700,'2021_07_22_110401_AddColumnActividadCodigoCM',170),(701,'2021_07_22_110402_TablesCMArticulosRegimenes',170),(702,'2021_07_22_110403_AddColumnPersonActivitiesCMID',170),(703,'2021_07_26_110400_AddImpuestoIIBBLaRioja',170),(704,'2021_07_27_110400_AddColumnLiquidacionIIBB',170),(705,'2021_07_29_110400_AddColumnCMArticuloRegimen',170),(706,'2021_07_29_110401_UpdateMonotributos2021V2',170),(707,'2021_07_7_11040_AddRegistroPathOfFileNameV1',170),(708,'2021_08_08_11040_AddColumnReceiptHasta',170),(709,'2021_08_10_110400_FechasEnContabilidad',170),(710,'2021_08_14_11040_AddColumnFormatoSicoss',170),(711,'2021_08_18_110400_AddRegistroSyjActividad',170),(712,'2021_08_23_11040_AddColumnPersonsIVACreditoTipo',170),(713,'2021_09_02_110400_UpdateTableVtoVencimientoIIBBRioNegro',170),(714,'2021_09_08_11040_UpdateSituacionRevista',170),(715,'2021_09_09_11040_UpdateEmpleadoCondicion',170),(716,'2021_09_09_11040_UpdateModalidadContratacion',170);
INSERT INTO `migrations` VALUES (717,'2021_09_14_11040_UpdateEstadoCompsM',170),(718,'2021_09_16_110400_TablesTaxesAdminNotif',170),(719,'2021_09_16_110400_UpdateTopesJubilatoriosSept2021',170),(720,'2021_09_21_110400_UpdateModContratacion',170),(721,'2021_09_24_110400_AddColumnEmpleadoCBU',170),(722,'2021_09_24_110400_TableTaxesAdmTours',170),(723,'2021_09_24_110401_AddColumnEmpleadoDiasPropTope',170),(724,'2021_09_24_110402_AddRegistroFuncionesSicoss20210924',170),(725,'2021_09_26_110400_TablesConsultasAux',170),(726,'2021_10_18_110400_TablesEmpleadosEventuales',170),(727,'2021_10_18_110401_AddRegistrosLSDReg5',170),(728,'2021_10_18_110402_AddRegistroFuncionesSicoss',170),(729,'2021_10_18_110403_AddConvenioEventual',170),(730,'2021_10_18_110404_ModifyConvenioEventual',170),(731,'2021_10_31_110400_TablesPeriodLiquidationFiles',170),(732,'2021_12_03_110400_UpdateModContratacionV1',170),(733,'2021_12_09_110400_UpdateTopesJubilatoriosDic2021',170),(734,'2021_12_13_110400_UpdateAutonomosSept2021',170),(735,'2021_12_14_110400_AddColumnSyJReportes',170),(736,'2021_12_21_110400_AddFuncionesDeValorV2',170),(737,'2021_12_21_110400_AddTablaReferenciaV1',170),(738,'2021_12_29_110401_UpdateMonotributos2022',170),(739,'2022_01_05_110400_UpdateAutonomosDic2021',170),(740,'2022_01_05_110400_UpdateTableVtoVencimientoMonyAut2022',170),(741,'2022_01_11_110400_TableSyJG4Art902022',170),(742,'2022_01_11_110401_TableSyJG4DeduccionesGrales2022',170),(743,'2022_01_11_110402_TableSyJG4DeducPersonales2022',170),(744,'2022_01_11_110403_TablesGanancias2022',170),(745,'2022_01_17_110400_TablesInventarios',170),(746,'2022_01_24_110400_TableInvProductReceipt',170),(747,'2022_01_26_110400_AddTaxesServicios',170),(748,'2022_01_26_110401_TablesGestionDeEmpresa',170),(749,'2022_02_01_110400_TablesQuerys',170),(750,'2022_02_01_110400_UpdateVencimientosPerson2022',170),(751,'2022_02_06_110400_UpdateGananciasArt902022V1',170),(752,'2022_02_09_110400_TablesSicore',170),(753,'2022_02_09_110401_AddModuleSicore',170),(754,'2022_02_10_110400_AddColumnZoneCodigoAfip',170),(755,'2022_02_10_110400_UpdateTableVtoVencimiento2022V2',170),(756,'2022_02_11_110400_AddImpuestoIIBBSantaCruz',170),(757,'2022_02_12_110400_AddSyJOperacionesImporte',170),(758,'2022_02_15_110400_AddFieldEstadoOrden',170),(759,'2022_02_15_110400_AddReceiptTypeT',170),(760,'2022_02_15_110401_AddColumnQueryPersonID',170),(761,'2022_02_15_110402_TablesFEMasivaStock',170),(762,'2022_03_04_110400_AddFieldProximoContactoAbuela',170),(763,'2022_03_06_110400_AddFieldProductoCombo',170),(764,'2022_03_15_110400_AddRegisterQueePortalIVA',170),(765,'2022_03_17_110400_TablesCondicionFrenteIVA',170),(766,'2022_03_17_110401_AddRegisterIVAAgrupacionMonos',170),(767,'2022_03_21_110400_AddModuleMercadoLibre',170),(768,'2022_03_21_110401_TableMercadoLibre',170),(769,'2022_03_30_110400_AddFuncionesDeValorV3',170),(770,'2022_03_31_110400_UpdateTopesJubilatoriosMarzo2022',170),(771,'2022_04_02_110400_AddModuleOrdenDeTrabajo',170),(772,'2022_04_02_110401_TablesOrdenesDeTrabajo',170),(773,'2022_04_07_110400_AddImpuestoIIBBMendoza',170),(774,'2022_04_07_110401_UpdateImpuestoIIBBCorrientes',170),(775,'2022_04_12_110400_AddFieldPruebaGratisCursoId',170),(776,'2022_04_13_110400_AddFieldInvProductReceipt',170),(777,'2022_04_18_110400_TablesOrdenesDeTrabajoFacturadas',170),(778,'2022_04_22_110400_AddFAMasivaDetalleGravaIIBB',170),(779,'2022_04_22_110400_TablesContaCentroDeCostos',170),(780,'2022_04_22_110401_AddFieldReceiptCentroCosto',170),(781,'2022_04_24_110400_AddFieldSKU',170),(782,'2022_04_25_110400_UpdateTableAjPorInflacionIndices',170),(783,'2022_04_26_110400_AddFieldBalanceLibroInvOrdenId',170),(784,'2022_04_26_110400_TablesOrdenesTrabajoCC',170),(785,'2022_04_29_110400_AddFieldPuntoVentaFEHabilitado',170),(786,'2022_05_02_110400_AddModuleTicket',170),(787,'2022_05_02_110400_TablesTickets',170),(788,'2022_05_06_110400_AddFieldTicketsCaeVencimiento',170),(789,'2022_05_06_110401_AddFieldGestionDeEmpresa',170);
INSERT INTO `migrations` VALUES (790,'2022_05_07_110400_TablesTaxesServiciosDetails',170),(791,'2022_05_07_110400_UpdateAutonomosMarzo2022',170),(792,'2022_05_08_110400_RemoveTablesGestionEmpresa',170),(793,'2022_05_09_110400_AddFieldInvOrdenTrabajoConfigCc',170),(794,'2022_05_09_110401_AddFieldOrdenDeTrabajoStatus',170),(795,'2022_05_09_110402_MLSetFacturacion',170),(796,'2022_05_11_110400_TableMLOrdersFacturada',170),(797,'2022_05_11_110401_CorreccionCondicionFrenteAlIva',170),(798,'2022_05_12_110400_AddFieldInvRegistradoraUsaProductos',170),(799,'2022_05_13_110400_AddFieldTicketDetailPolimorfica',170),(800,'2022_05_15_110400_AddFieldInvProductReceiptPolimorfica',170),(801,'2022_05_16_110400_TableInvIndicadores',170),(802,'2022_05_17_110400_TablesBienesPersonalesV2022',170),(803,'2022_05_18_110400_AddIdFacturaEnviada',170),(804,'2022_05_19_110400_AddFieldInvIndicadoresOrder',170),(805,'2022_05_22_110400_TablesTaxesSubDomain',170),(806,'2022_05_24_110400_UpdateTopesJubilatoriosJunio2022',170),(807,'2022_05_28_110400_TableMLItemProducto',170),(808,'2022_05_30_110400_AddFieldSyJEmpleadosLiqEnCero',170),(809,'2022_06_06_110400_TableSyJUsarloComo',170),(810,'2022_06_06_110400_UpdateGananciasArt902022V2',170),(811,'2022_06_08_110400_AddTablaReferenciaV2',170),(812,'2022_06_08_110401_AddFieldTaxesServiciosDiasDePrueba',170),(813,'2022_06_08_110402_AddFieldContactanos',170),(814,'2022_06_12_110400_TableMonedas',170),(815,'2022_06_12_110401_TablesTaxesCotizaciones',170),(816,'2022_06_15_110400_AddModuleDocumentosComerciales',170),(817,'2022_06_15_110401_TablesDocumentosComerciales',170),(818,'2022_06_16_110401_UpdateTablesGanancias2021',170),(819,'2022_06_21_110400_AddFieldReceiptsDcOrdenId',170),(820,'2022_06_24_110400_UpdateOS3900',170),(821,'2022_06_24_110401_TablesNoFiscalInvoice',170),(822,'2022_07_01_110400_AddFieldCtaCteClientePivotReceiptImporte',170),(823,'2022_07_06_110401_UpdateFacturacionMonotributos072022',170),(824,'2022_07_07_110400_AddEmpresasToTaxesServiciosDetails',170),(825,'2022_07_07_110400_UpdateAutonomosJunio2022',170),(826,'2022_07_07_110401_AddModuleTaxesEmpresas',170),(827,'2022_07_07_110402_AddFieldTaxesServiciosDetails',170),(828,'2022_07_07_110403_AddFieldTUserCtasCtesPersonId',170),(829,'2022_07_08_110400_AddReceiptTypeVacunos',170),(830,'2022_07_10_110400_AddRegisterQueeArchivosPem',170),(831,'2022_07_11_110400_AddColumnBlog',170),(832,'2022_07_17_110400_AddReceiptTypeTiqueC',170),(833,'2022_07_19_110400_AddIsTaxesEmpresas',170),(834,'2022_08_10_110400_AddColumnClaveTipos',170),(835,'2022_08_16_110400_AddInvHsTipos',170),(836,'2022_08_16_110400_AddModuleAltas',170),(837,'2022_08_16_110401_AddModuleServicios',170),(838,'2022_08_17_110400_UpdateReceiptTypesCuentaDeVenta',170),(839,'2022_08_21_110400_AddModulosTMS',170),(840,'2022_08_25_110400_TdbabuelaFacturacion',170),(841,'2022_08_30_110400_AddMoneda',170),(842,'2022_09_08_110400_AddRegisterOtherTaxes',170),(843,'2022_09_08_110401_TablesRetPercFE',170),(844,'2022_09_09_110400_AddOrdenTipo',170),(845,'2022_09_13_110400_TUsersTarjetas',170),(846,'2022_09_13_110400_UpdateImpuestoIIBBCorrientesV2',170),(847,'2022_09_16_110400_AddRegisterPathFileNameSicoss',170),(848,'2022_09_19_110000_TablesEncuestas',170),(849,'2022_09_27_110400_AddReceiptTypeTiqueNotadeDebitoA',170),(850,'2022_10_03_110400_UpdateAutonomosSept2022',170),(851,'2022_10_13_110400_UpdateRegSimpAGIP2022',170),(852,'2022_10_13_110401_UpdateTopesJubilatoriosSept2022',170),(853,'2022_10_17_110400_UpdateCategoriasIIBB2022',170),(854,'2022_10_23_110400_AddModuleConfigTesoreria',170),(855,'2022_10_23_110401_TablePersonRelationeds',170),(856,'2022_10_25_110400_AddModuleCtaCteUnificadoTesoreria',170),(857,'2022_10_19_110400_TablesEmpleadosPdfAuto',171),(858,'2022_10_26_110400_TablesEmpleadosPdfAuto2',171),(859,'2022_11_14_110400_UpdateFacturacionMonoSocial',172),(860,'2022_11_17_11000_AddRegistroPathOfFileNameV2',173),(861,'2022_11_23_110400_TableTdbAbuelaEstadoLog',173),(862,'2022_12_03_110400_ModulosMobile',173);
INSERT INTO `migrations` VALUES (863,'2022_12_05_110400_TablesDcOrdenesFacturadas',173),(864,'2022_12_11_110400_ModulosMobileTableroDeControl',174),(865,'2022_12_13_110400_RemoveColumnTarjetaTdbabuela',174),(866,'2022_12_22_110400_TablesPersonsDatos',174),(867,'2022_12_22_110401_AddModuleConfigEmpresa',174),(868,'2022_12_22_110402_AddModuleEmpresaCertificados',174),(869,'2022_12_26_110400_UpdateModalidadContratacion22',175),(870,'2022_12_26_110401_TablesGanancias2023',175),(871,'2022_12_26_110402_TableSyJG4Art902023',175),(872,'2022_12_28_110401_TableSyJG4DeduccionesGrales2023',175),(873,'2022_12_28_110402_TableSyJG4DeducPersonales2023',175),(874,'2022_12_28_110403_UpdateTopesJubilatoriosDic2022',175),(875,'2022_01_03_110402_UpdateTableVtoVencimientoMonyAut2023',176),(876,'2023_01_03_110400_UpdateMonotributos2023',176),(877,'2023_01_03_110401_AddMonotributoCategorias',176),(878,'2023_01_04_110400_UpdateAutonomosDic2022',177),(879,'2023_01_04_110401_UpdateTableVtoVencimiento2023',177),(880,'2023_01_04_110402_AddVencimientosImpuestos',177),(881,'2023_01_04_110403_UpdateTableVtoVencimientoIIBB2023',177),(882,'2023_01_03_110402_AddModuleNovedades',178),(883,'2023_01_03_110403_TablesSyJNovedades',178),(884,'2023_01_18_110400_AddFieldTablesCurso',179),(885,'2023_01_18_110401_AddFieldTaxesServiciosDetailsFechaComentario',179),(886,'2023_01_20_110400_AddReceiptTypeTiqueNotaDeCreditoC',179),(887,'2023_01_23_110400_AddFieldFacturaElecReferencia',180),(888,'2023_01_25_110400_UpdateFacturacionMonoSocial2023',181),(889,'2023_01_27_110400_UpdateTableVtoVencimientoIIBBVarios',182),(890,'2023_02_03_110400_UpdateTableAjPorInflacionIndices',183),(891,'2023_02_03_110400_UpdateTableAjPorInflacionIndicesV20230208',184),(892,'2023_02_17_110400_AddFieldEmpleadoSueldoNetoPactado',185),(893,'2023_02_17_110401_AddModuleSueldoNetoPactado',185),(894,'2023_01_19_110400_RemoveEstadoColumnTdbabuelas',186),(895,'2023_01_24_110401_AddColumnTdbabuelasEstadosType',186),(896,'2023_01_24_110402_UpdateTdabuelasEstadosTable',186),(897,'2023_02_25_110402_AddModuleTAReportes',186),(898,'2023_03_06_110400_UpdateTableVtoVencimientoIIBBCorrientes',186),(899,'2023_03_08_110400_AddRegisterConsultas',187),(900,'2023_03_11_110400_AddFieldsCheques',187),(901,'2023_03_15_110400_MonedasHabilitadoId4',188),(902,'2023_03_13_110400_AddModulosTMS2',189),(903,'2023_03_14_110400_TableInvDescargas',189),(904,'2023_03_14_110401_TableInvDescargas2',189),(905,'2023_03_16_110400_AlterColumnPivotReceipt',190),(906,'2023_03_20_110400_ModifyRegisterTesoreriaCuentasV1',191),(907,'2023_03_22_110400_ModifyRegisterTesoreriaCuentasV2',192),(908,'2023_03_22_110401_TableChequesTransferEmitidas',192),(909,'2023_03_27_110400_AddModuleConciliaciones',193),(910,'2023_03_27_110401_AddColumnIsConciliadoCtaCteTesDetail',193),(911,'2023_03_28_110400_AddModuleCobranzas',193),(912,'2023_03_28_110401_AddModulePagos',193),(913,'2023_03_20_110400_TableCobradores',194),(914,'2023_03_20_110401_TablePersonCobrador',194),(915,'2023_03_20_110402_AddModuloCobrador',194),(916,'2023_03_20_110403_AddColumnHabilitadoCobradores',194),(917,'2023_04_10_110400_UpdateAutonomosMarzo2023',195),(918,'2023_04_10_110401_UpdateTopesJubilatoriosMarzo2023',195),(919,'2023_04_12_110400_CreatePersonsSicoreTable',196),(920,'2023_04_12_110401_UpdateTableSicoreDetails',196),(921,'2023_04_12_110402_RenameTableSicoreDetailsNetoGrav',196),(922,'2023_04_10_110400_AddDocumentoComercialRequerimiento',197),(923,'2023_04_11_110400_AddDCOrdenCompraRequerimiento',197),(924,'2023_04_14_110400_AddModulosTMS3',198),(925,'2023_04_15_11400_AddRegistroPathOfFileNameV3',198),(926,'2023_04_18_11400_ModifyColumnsMonedaCotizacion',199),(927,'2023_04_18_11401_ModifyColumnsMonedaCotizacionV2',199),(928,'2023_04_25_11400_AddColumnPersonConfigMultimoneda',199),(929,'2023_05_04_11400_AddColumnReceiptPendiente',200),(930,'2023_05_14_11400_AddColumnPeriodLiquidationIVAReducMonos',201),(931,'2023_05_15_110400_AddFieldTaxesSubDomainEcommerce',202);
INSERT INTO `migrations` VALUES (932,'2023_05_16_11400_AddColumnInvProductoDepositos',202),(933,'2023_05_17_110400_AddFieldTaxesSubDomainLayout',203),(934,'2023_05_21_11400_AddColumnPersonConfigAgPerRet',203),(935,'2023_05_22_11400_AddColumnInvProductoShowInCatalogo',203),(936,'2023_05_23_110400_TableInvProductoFotos',204),(937,'2023_05_30_110400_TablesBienesPersonalesV2023',205),(938,'2023_05_24_11400_AddColumnRetentions',206),(939,'2023_05_29_110400_AddModuleTesoreriaReportes',206),(940,'2023_05_30_110401_AddModulosTMSCobranzas',207),(941,'2023_06_01_11400_ModifyRegistersTesoreriaCuentas',207),(942,'2023_06_03_110400_AddDocumentoComercialRemito',208),(943,'2023_06_04_110400_ModifyColumnSubdomainIsCatalogo',208),(944,'2023_06_05_110400_AddModulosTaxesSubdomain',209),(945,'2023_06_08_110400_UpdateSicoreRegimenes',209),(946,'2023_06_08_110401_UpdateVencimientosPerson2023',209),(947,'2023_06_08_110400_AddModuleSubdominio',210),(948,'2023_06_08_110401_AddRegisterTaxesServicioLanding',210),(949,'2023_06_10_110400_TableDcOrdenOrigenDestino',210),(950,'2023_06_12_110400_AddDocumentoComercialRemitoEgreso',210),(951,'2023_06_12_110401_AddColumnInvOtProductoDcOrdenId',210),(952,'2023_06_15_110400_TableDcOrdenesFiles',211),(953,'2023_06_17_110400_AddColumnTdbAbuelaContactado',212),(954,'2023_06_21_110400_UpdateMonotributosJulio2023',212),(955,'2023_06_21_110401_AddDocumentoComercialRemitoInterno',213),(956,'2023_06_21_114002_AddColumnDcOrdenesDetailsInvProductoDestino',213),(957,'2023_06_21_11400_AddColumnInvProductoPrioridad',213),(958,'2023_06_25_110400_AddModulosTMSRemitos',214),(959,'2023_06_27_110402_UpdateGananciasArt90Tope',214),(960,'2023_06_27_114000_AddColumnInvOrdenTrabajosResponsable',214),(961,'2023_06_27_114001_AddColumnInvOrdenTrabajosFechaCierre',214),(962,'2023_06_21_110401_UpdatePlanesJulio2023',215),(963,'2023_06_29_114000_AddColumnTicketsClienteId',215),(964,'2023_06_30_110400_AddColumnDcOrdenIsCompletado',216),(965,'2023_07_01_110400_AddDCOrdenIngresoCompra',216),(966,'2023_07_02_110400_AddDocumentoComercialRemitoIngresoFromOc',216),(967,'2023_07_03_110400_ModifyRegisterDCOrdenesOrigenTipo',217),(968,'2023_07_03_114001_AddColumnDcOrdenesTitulo',217),(969,'2023_07_04_110400_AddImpuestoRegSimpNequen',218),(970,'2023_07_04_110401_AddImpuestoRegSimpRioNegro',218),(971,'2023_07_04_110402_AddReceiptTypeOtroCompA',218),(972,'2023_07_07_114000_AddColumnPersonFantasyName',219),(973,'2023_04_10_110401_UpdateTopesJubilatoriosJunio2023',220),(974,'2023_07_07_110400_UpdateAutonomosJunio2023',220),(975,'2023_07_09_110400_TableTaxesSubdomainTipos',220),(976,'2023_07_10_110402_AddReceiptTypeTiqueNotaDeCreditoA',220),(977,'2023_07_11_110400_UpdateImportePlanesJulio2023',220),(978,'2023_07_12_110400_AddColumnDcOrdenMoneda',221),(979,'2023_07_12_110401_AddMonedaEuro',221),(980,'2023_08_01_110400_TableDcOrdenesFirmas',222),(981,'2023_08_01_110401_AddModulosTMSFirmarRemitos',222),(982,'2023_08_05_110400_TableDcFirmasReglas',222),(983,'2023_08_05_110401_AddFieldsDcFirmas',222),(984,'2023_08_07_110400_AddModulosTMSFirmarOc',223),(985,'2023_08_08_110400_AddDcEstadoEliminado',223),(986,'2023_08_11_110400_AddModulosTMSProduccionReq',223),(987,'2023_08_13_110400_AddColumnStockMovimientoDetalle',223),(988,'2023_08_13_110401_TableInvOrdenTrabajoServicios',224),(989,'2023_08_13_110402_AddDCRemitoServicioOT',224),(990,'2023_08_13_110403_TableDCOrdenServicioCompra',224),(991,'2023_08_15_110400_CorreccionesTableInvHoras',225),(992,'2023_08_16_110400_AddColumnOTProductoImporte',226),(993,'2023_08_22_110400_AddColumnHorasDisponibles',226),(994,'2023_08_22_110401_AddModulosTMSFirmarHoras',226),(995,'2023_08_22_110402_AddColumnHorasDispoType',226),(996,'2023_08_24_110400_ModifyColumnDcOrdenNumeroATexto',227),(997,'2023_08_25_110400_AddColumnOtClasificacion',227),(998,'2023_08_27_110400_ModifyColumnDcOrdenNumeroANumero',227),(999,'2023_08_29_110400_AddColumnDcOrdenMultiplesOt',228),(1000,'2023_08_31_110400_AddColumnNFCtaCteCompensado',228);
INSERT INTO `migrations` VALUES (1001,'2023_09_01_110400_ModifyIOrigenDestinoHorasTipos',229),(1002,'2023_09_04_110400_AddModulosTMSFirmarProductos',229),(1003,'2023_09_11_110400_AddColumnHorasTiposImporte',229),(1004,'2023_09_12_110400_AddColumnOtClasificacion',229),(1005,'2023_09_12_110400_AddFirmarRemitosDeIngreso',229),(1006,'2023_09_12_110401_AddColumnInvOrdenTrabajoPatente',229),(1007,'2023_09_12_110400_AddColumnOtClasificacionV1',230),(1008,'2023_09_14_110400_TableInvOrdenTrabajoTareas',230),(1009,'2023_09_14_110401_AddModulosTMSTareas',230),(1010,'2023_09_14_110402_CentroCostosCorreciones',230),(1011,'2023_09_21_110401_TableReceiptDcOrden',231),(1012,'2023_09_24_110400_AddTableReceiptsDcFirmaId',231),(1013,'2023_09_24_110401_AddModulosTMSFirmarFacturasCompra',231),(1014,'2023_09_25_110400_ModifySistemTaxesOnlyTMS',231),(1015,'2023_09_25_110400_UpdateGananciasArt902023',231),(1016,'2023_09_26_110400_TableOrdenDePago',232),(1017,'2023_09_27_110400_TableOrdenDePagoReceipts',233),(1018,'2023_09_27_110401_UpdateReceitpsFirmaId',233),(1019,'2023_09_29_110400_AddModulosTMSCuentas',234),(1020,'2023_10_02_110400_AddModulosTMSCuentasV1',234),(1021,'2023_10_02_110401_UpdateTableReceitpsFirmaIdDefault',234),(1022,'2023_10_05_110400_AddColumnReceiptOrdenesImporte',235),(1023,'2023_10_10_110400_AddColumnReceiptOrdenesOC',236),(1024,'2023_10_11_110400_AddColumnDCFirmasEmitido',236),(1025,'2023_10_12_110400_AddRegisterReceiptRedondeo',236),(1026,'2023_10_15_110400_ModifyColumnReceiptComentario',237),(1027,'2023_10_16_110400_AddRegisterTypesSIRTAC',238),(1028,'2023_10_17_110400_AddCuentasContableSirtac',239),(1029,'2023_10_18_110400_AddModulosWhatsApp',240),(1030,'2023_10_18_110401_TablesWhatsApp',240),(1031,'2023_10_20_110400_TableWsTelefonos',240),(1032,'2023_10_21_110400_TablePaisesPrefijos',240),(1033,'2023_10_23_110400_AddModulosContactos',240),(1034,'2023_10_23_110401_AddColumnWsContactoPersonId',240),(1035,'2023_10_23_110402_ImportarContactosUserMaster',240),(1036,'2023_10_24_110400_AddColumnHorasTiposShow',240),(1037,'2023_10_25_110400_TableOrdenesTrabajoFiles',241),(1038,'2023_10_30_110400_UpdateTopesJubilatoriosOctubre2023',241),(1039,'2023_11_06_110400_TableDcOrdenesRevocadas',242),(1040,'2023_11_07_110400_AddModulosTMSRevocacion',242),(1041,'2023_11_13_110400_SPMonotributistasOnlyActive',242);

--
-- Table structure for table `ml`
--

CREATE TABLE `ml` (
  `id` int(10) unsigned NOT NULL AUTO_INCREMENT,
  `user_id` int(10) unsigned DEFAULT NULL,
  `taxes_servicio_id` int(10) unsigned NOT NULL DEFAULT '5',
  `person_id` int(10) unsigned NOT NULL,
  `person_id_relationed` int(10) unsigned NOT NULL,
  `ml_user_id` varchar(191) COLLATE utf8mb4_unicode_ci DEFAULT NULL,
  `nick_name` varchar(191) COLLATE utf8mb4_unicode_ci DEFAULT NULL,
  `access_token` varchar(191) COLLATE utf8mb4_unicode_ci DEFAULT NULL,
  `code` varchar(191) COLLATE utf8mb4_unicode_ci DEFAULT NULL,
  `refresh_token` varchar(191) COLLATE utf8mb4_unicode_ci DEFAULT NULL,
  `comentario` varchar(191) COLLATE utf8mb4_unicode_ci DEFAULT NULL,
  `habilitado` tinyint(1) NOT NULL DEFAULT '1',
  `created_at` timestamp NULL DEFAULT NULL,
  `updated_at` timestamp NULL DEFAULT NULL,
  `deleted_at` timestamp NULL DEFAULT NULL,
  PRIMARY KEY (`id`),
  KEY `ml_person_id_foreign` (`person_id`),
  KEY `ml_person_id_relationed_foreign` (`person_id_relationed`),
  CONSTRAINT `ml_person_id_foreign` FOREIGN KEY (`person_id`) REFERENCES `persons` (`id`),
  CONSTRAINT `ml_person_id_relationed_foreign` FOREIGN KEY (`person_id_relationed`) REFERENCES `persons` (`id`)
) ENGINE=InnoDB DEFAULT CHARSET=utf8mb4 COLLATE=utf8mb4_unicode_ci;

--
-- Dumping data for table `ml`
--


--
-- Table structure for table `ml_item_producto`
--

CREATE TABLE `ml_item_producto` (
  `id` bigint(20) unsigned NOT NULL AUTO_INCREMENT,
  `person_id` int(10) unsigned NOT NULL,
  `ml_item_id` varchar(191) COLLATE utf8mb4_unicode_ci NOT NULL,
  `inv_producto_id` bigint(20) unsigned DEFAULT NULL,
  `created_at` timestamp NULL DEFAULT NULL,
  `updated_at` timestamp NULL DEFAULT NULL,
  `deleted_at` timestamp NULL DEFAULT NULL,
  PRIMARY KEY (`id`),
  KEY `ml_item_producto_person_id_foreign` (`person_id`),
  KEY `ml_item_producto_inv_producto_id_foreign` (`inv_producto_id`),
  CONSTRAINT `ml_item_producto_inv_producto_id_foreign` FOREIGN KEY (`inv_producto_id`) REFERENCES `inv_productos` (`id`),
  CONSTRAINT `ml_item_producto_person_id_foreign` FOREIGN KEY (`person_id`) REFERENCES `persons` (`id`)
) ENGINE=InnoDB DEFAULT CHARSET=utf8mb4 COLLATE=utf8mb4_unicode_ci;

--
-- Dumping data for table `ml_item_producto`
--


--
-- Table structure for table `ml_orders_facturadas`
--

CREATE TABLE `ml_orders_facturadas` (
  `id` bigint(20) unsigned NOT NULL AUTO_INCREMENT,
  `user_id` int(10) unsigned DEFAULT NULL,
  `person_id` int(10) unsigned NOT NULL,
  `order_id` varchar(191) COLLATE utf8mb4_unicode_ci NOT NULL,
  `fact_elec_receipt_id` int(10) unsigned DEFAULT NULL,
  `id_factura_ml` varchar(191) COLLATE utf8mb4_unicode_ci DEFAULT NULL,
  `created_at` timestamp NULL DEFAULT NULL,
  `updated_at` timestamp NULL DEFAULT NULL,
  `deleted_at` timestamp NULL DEFAULT NULL,
  PRIMARY KEY (`id`),
  KEY `ml_orders_facturadas_person_id_foreign` (`person_id`),
  KEY `ml_orders_facturadas_fact_elec_receipt_id_foreign` (`fact_elec_receipt_id`),
  CONSTRAINT `ml_orders_facturadas_fact_elec_receipt_id_foreign` FOREIGN KEY (`fact_elec_receipt_id`) REFERENCES `fact_elec_receipts` (`id`),
  CONSTRAINT `ml_orders_facturadas_person_id_foreign` FOREIGN KEY (`person_id`) REFERENCES `persons` (`id`)
) ENGINE=InnoDB DEFAULT CHARSET=utf8mb4 COLLATE=utf8mb4_unicode_ci;

--
-- Dumping data for table `ml_orders_facturadas`
--


--
-- Table structure for table `ml_set_facturacion`
--

CREATE TABLE `ml_set_facturacion` (
  `id` bigint(20) unsigned NOT NULL AUTO_INCREMENT,
  `user_id` int(10) unsigned DEFAULT NULL,
  `person_id` int(10) unsigned NOT NULL,
  `cliente_id` int(10) unsigned DEFAULT NULL,
  `taxable_iibb` int(11) NOT NULL DEFAULT '2',
  `type_receipt_id` int(10) unsigned DEFAULT NULL,
  `cond_frente_iva` int(10) unsigned DEFAULT NULL,
  `cond_venta` int(10) unsigned DEFAULT NULL,
  `zone_id` int(10) unsigned DEFAULT NULL,
  `activity_id` int(10) unsigned DEFAULT NULL,
  `punto_venta_id` int(10) unsigned DEFAULT NULL,
  `concepto_id` int(10) unsigned DEFAULT NULL,
  `system_tax_id` int(10) unsigned DEFAULT NULL,
  `habilitado` tinyint(1) NOT NULL DEFAULT '1',
  `created_at` timestamp NULL DEFAULT NULL,
  `updated_at` timestamp NULL DEFAULT NULL,
  `deleted_at` timestamp NULL DEFAULT NULL,
  PRIMARY KEY (`id`),
  KEY `ml_set_facturacion_person_id_foreign` (`person_id`),
  KEY `ml_set_facturacion_cliente_id_foreign` (`cliente_id`),
  KEY `ml_set_facturacion_type_receipt_id_foreign` (`type_receipt_id`),
  KEY `ml_set_facturacion_cond_frente_iva_foreign` (`cond_frente_iva`),
  KEY `ml_set_facturacion_cond_venta_foreign` (`cond_venta`),
  KEY `ml_set_facturacion_zone_id_foreign` (`zone_id`),
  KEY `ml_set_facturacion_activity_id_foreign` (`activity_id`),
  KEY `ml_set_facturacion_punto_venta_id_foreign` (`punto_venta_id`),
  KEY `ml_set_facturacion_concepto_id_foreign` (`concepto_id`),
  KEY `ml_set_facturacion_system_tax_id_foreign` (`system_tax_id`),
  CONSTRAINT `ml_set_facturacion_activity_id_foreign` FOREIGN KEY (`activity_id`) REFERENCES `activities` (`id`),
  CONSTRAINT `ml_set_facturacion_cliente_id_foreign` FOREIGN KEY (`cliente_id`) REFERENCES `persons` (`id`),
  CONSTRAINT `ml_set_facturacion_concepto_id_foreign` FOREIGN KEY (`concepto_id`) REFERENCES `fact_elec_conceptos_afip` (`id`),
  CONSTRAINT `ml_set_facturacion_cond_frente_iva_foreign` FOREIGN KEY (`cond_frente_iva`) REFERENCES `condicion_frente_al_iva` (`id`),
  CONSTRAINT `ml_set_facturacion_cond_venta_foreign` FOREIGN KEY (`cond_venta`) REFERENCES `condiciones_venta` (`id`),
  CONSTRAINT `ml_set_facturacion_person_id_foreign` FOREIGN KEY (`person_id`) REFERENCES `persons` (`id`),
  CONSTRAINT `ml_set_facturacion_punto_venta_id_foreign` FOREIGN KEY (`punto_venta_id`) REFERENCES `fact_elec_puntos_venta` (`id`),
  CONSTRAINT `ml_set_facturacion_system_tax_id_foreign` FOREIGN KEY (`system_tax_id`) REFERENCES `system_taxes` (`id`),
  CONSTRAINT `ml_set_facturacion_type_receipt_id_foreign` FOREIGN KEY (`type_receipt_id`) REFERENCES `receipt_types` (`id`),
  CONSTRAINT `ml_set_facturacion_zone_id_foreign` FOREIGN KEY (`zone_id`) REFERENCES `zones` (`id`)
) ENGINE=InnoDB DEFAULT CHARSET=utf8mb4 COLLATE=utf8mb4_unicode_ci;

--
-- Dumping data for table `ml_set_facturacion`
--


--
-- Table structure for table `monedas`
--

CREATE TABLE `monedas` (
  `id` int(10) unsigned NOT NULL AUTO_INCREMENT,
  `user_id` int(10) unsigned DEFAULT NULL,
  `moneda` text COLLATE utf8mb4_unicode_ci NOT NULL,
  `descripcion_afip` varchar(191) COLLATE utf8mb4_unicode_ci DEFAULT NULL,
  `codigo_afip` varchar(191) COLLATE utf8mb4_unicode_ci DEFAULT NULL,
  `is_default` tinyint(1) NOT NULL DEFAULT '0',
  `descripcion` varchar(191) COLLATE utf8mb4_unicode_ci NOT NULL,
  `simbolo` varchar(191) COLLATE utf8mb4_unicode_ci NOT NULL,
  `habilitado` tinyint(1) NOT NULL DEFAULT '1',
  `created_at` timestamp NULL DEFAULT NULL,
  `updated_at` timestamp NULL DEFAULT NULL,
  `deleted_at` timestamp NULL DEFAULT NULL,
  PRIMARY KEY (`id`)
) ENGINE=InnoDB AUTO_INCREMENT=6 DEFAULT CHARSET=utf8mb4 COLLATE=utf8mb4_unicode_ci;

--
-- Dumping data for table `monedas`
--

INSERT INTO `monedas` VALUES (1,NULL,'PESOS',NULL,'PES',1,'$ Pesos','$',1,'2022-11-08 09:47:25','2023-07-13 00:01:53',NULL),(2,NULL,'DOLARES','Dólar EstadoUnidense','DOL',0,'U$S Oficial Venta','USD',1,'2022-11-08 09:47:25','2023-07-13 00:01:53',NULL),(3,NULL,'DOLARES',NULL,NULL,0,'U$S Blue Venta','U$S',1,'2022-11-08 09:47:25','2023-07-13 00:01:53',NULL),(4,NULL,'DOLARES',NULL,NULL,0,'U$S Mayorista Venta','U$S',0,'2022-11-08 09:47:26','2023-07-13 00:01:53',NULL),(5,NULL,'EUROS','EURO','060',0,'Euro Oficial Venta','€',1,'2023-07-13 00:01:53','2023-07-13 00:01:53',NULL);

--
-- Table structure for table `months`
--

CREATE TABLE `months` (
  `id` int(11) NOT NULL AUTO_INCREMENT,
  `month` int(11) DEFAULT NULL,
  `date_to` varchar(6) DEFAULT NULL,
  `descripcion` varchar(191) NOT NULL,
  PRIMARY KEY (`id`)
) ENGINE=InnoDB AUTO_INCREMENT=13 DEFAULT CHARSET=latin1;

--
-- Dumping data for table `months`
--

INSERT INTO `months` VALUES (1,1,'-01-31','enero'),(2,2,'-02-28','febrero'),(3,3,'-03-31','marzo'),(4,4,'-04-30','abril'),(5,5,'-05-31','mayo'),(6,6,'-06-30','junio'),(7,7,'-07-31','julio'),(8,8,'-08-31','agosto'),(9,9,'-09-30','septiembre'),(10,10,'-10-31','octubre'),(11,11,'-11-30','noviembre'),(12,12,'-12-31','diciembre');

--
-- Table structure for table `nacionalidad`
--

CREATE TABLE `nacionalidad` (
  `id` int(10) unsigned NOT NULL AUTO_INCREMENT,
  `user_id` int(10) unsigned DEFAULT NULL,
  `descripcion` varchar(191) COLLATE utf8mb4_unicode_ci NOT NULL,
  `habilitado` tinyint(1) NOT NULL DEFAULT '1',
  `created_at` timestamp NULL DEFAULT NULL,
  `updated_at` timestamp NULL DEFAULT NULL,
  `deleted_at` timestamp NULL DEFAULT NULL,
  PRIMARY KEY (`id`),
  UNIQUE KEY `nacionalidad_descripcion_unique` (`descripcion`)
) ENGINE=InnoDB AUTO_INCREMENT=3 DEFAULT CHARSET=utf8mb4 COLLATE=utf8mb4_unicode_ci;

--
-- Dumping data for table `nacionalidad`
--

INSERT INTO `nacionalidad` VALUES (1,NULL,'Argentina',1,'2020-05-28 20:55:23','2020-05-28 20:55:23',NULL),(2,NULL,'Extranjero',1,'2020-05-28 20:55:23','2020-05-28 20:55:23',NULL);

--
-- Table structure for table `nf_cta_cte`
--

CREATE TABLE `nf_cta_cte` (
  `id` int(10) unsigned NOT NULL AUTO_INCREMENT,
  `user_id` int(10) unsigned DEFAULT NULL,
  `nf_receipt_id` int(10) unsigned DEFAULT NULL,
  `tipo_asiento_id` int(10) unsigned NOT NULL,
  `person_id` int(10) unsigned NOT NULL,
  `person_id_relationed` int(10) unsigned NOT NULL,
  `period_id` int(10) unsigned NOT NULL,
  `cta_cte_tesoreria_cuenta_id` int(10) unsigned NOT NULL,
  `saldo_id` int(10) unsigned NOT NULL,
  `compensado` tinyint(1) NOT NULL DEFAULT '0',
  `fecha` date DEFAULT NULL,
  `total` decimal(16,2) NOT NULL,
  `moneda_id` int(10) unsigned NOT NULL DEFAULT '1',
  `comentario` varchar(191) COLLATE utf8mb4_unicode_ci DEFAULT NULL,
  `file` varchar(191) COLLATE utf8mb4_unicode_ci DEFAULT NULL,
  `created_at` timestamp NULL DEFAULT NULL,
  `updated_at` timestamp NULL DEFAULT NULL,
  `deleted_at` timestamp NULL DEFAULT NULL,
  PRIMARY KEY (`id`),
  KEY `nf_cta_cte_nf_receipt_id_foreign` (`nf_receipt_id`),
  KEY `nf_cta_cte_person_id_foreign` (`person_id`),
  KEY `nf_cta_cte_person_id_relationed_foreign` (`person_id_relationed`),
  KEY `nf_cta_cte_period_id_foreign` (`period_id`),
  KEY `nf_cta_cte_cta_cte_tesoreria_cuenta_id_foreign` (`cta_cte_tesoreria_cuenta_id`),
  KEY `nf_cta_cte_saldo_id_foreign` (`saldo_id`),
  KEY `nf_cta_cte_tipo_asiento_id_foreign` (`tipo_asiento_id`),
  KEY `nf_cta_cte_moneda_id_foreign` (`moneda_id`),
  CONSTRAINT `nf_cta_cte_cta_cte_tesoreria_cuenta_id_foreign` FOREIGN KEY (`cta_cte_tesoreria_cuenta_id`) REFERENCES `cta_cte_tesoreria_cuentas` (`id`),
  CONSTRAINT `nf_cta_cte_moneda_id_foreign` FOREIGN KEY (`moneda_id`) REFERENCES `monedas` (`id`),
  CONSTRAINT `nf_cta_cte_nf_receipt_id_foreign` FOREIGN KEY (`nf_receipt_id`) REFERENCES `nf_receipts` (`id`),
  CONSTRAINT `nf_cta_cte_period_id_foreign` FOREIGN KEY (`period_id`) REFERENCES `periods` (`id`),
  CONSTRAINT `nf_cta_cte_person_id_foreign` FOREIGN KEY (`person_id`) REFERENCES `persons` (`id`),
  CONSTRAINT `nf_cta_cte_person_id_relationed_foreign` FOREIGN KEY (`person_id_relationed`) REFERENCES `persons` (`id`),
  CONSTRAINT `nf_cta_cte_saldo_id_foreign` FOREIGN KEY (`saldo_id`) REFERENCES `conta_tipo_saldos` (`id`),
  CONSTRAINT `nf_cta_cte_tipo_asiento_id_foreign` FOREIGN KEY (`tipo_asiento_id`) REFERENCES `conta_tipo_asientos` (`id`)
) ENGINE=InnoDB DEFAULT CHARSET=utf8mb4 COLLATE=utf8mb4_unicode_ci;

--
-- Dumping data for table `nf_cta_cte`
--


--
-- Table structure for table `nf_cta_cte_details`
--

CREATE TABLE `nf_cta_cte_details` (
  `id` int(10) unsigned NOT NULL AUTO_INCREMENT,
  `user_id` int(10) unsigned DEFAULT NULL,
  `nf_cta_cte_id` int(10) unsigned NOT NULL,
  `person_id` int(10) unsigned DEFAULT NULL,
  `person_id_relationed` int(10) unsigned DEFAULT NULL,
  `period_id` int(10) unsigned DEFAULT NULL,
  `tipo_asiento_id` int(10) unsigned NOT NULL,
  `cta_cte_tesoreria_cuenta_id` int(10) unsigned NOT NULL,
  `saldo_id` int(10) unsigned NOT NULL,
  `monto` decimal(16,2) NOT NULL,
  `created_at` timestamp NULL DEFAULT NULL,
  `updated_at` timestamp NULL DEFAULT NULL,
  `deleted_at` timestamp NULL DEFAULT NULL,
  PRIMARY KEY (`id`),
  KEY `nf_cta_cte_details_nf_cta_cte_id_foreign` (`nf_cta_cte_id`),
  KEY `nf_cta_cte_details_person_id_foreign` (`person_id`),
  KEY `nf_cta_cte_details_person_id_relationed_foreign` (`person_id_relationed`),
  KEY `nf_cta_cte_details_period_id_foreign` (`period_id`),
  KEY `nf_cta_cte_details_tipo_asiento_id_foreign` (`tipo_asiento_id`),
  KEY `nf_cta_cte_details_cta_cte_tesoreria_cuenta_id_foreign` (`cta_cte_tesoreria_cuenta_id`),
  KEY `nf_cta_cte_details_saldo_id_foreign` (`saldo_id`),
  CONSTRAINT `nf_cta_cte_details_cta_cte_tesoreria_cuenta_id_foreign` FOREIGN KEY (`cta_cte_tesoreria_cuenta_id`) REFERENCES `cta_cte_tesoreria_cuentas` (`id`),
  CONSTRAINT `nf_cta_cte_details_nf_cta_cte_id_foreign` FOREIGN KEY (`nf_cta_cte_id`) REFERENCES `nf_cta_cte` (`id`),
  CONSTRAINT `nf_cta_cte_details_period_id_foreign` FOREIGN KEY (`period_id`) REFERENCES `periods` (`id`),
  CONSTRAINT `nf_cta_cte_details_person_id_foreign` FOREIGN KEY (`person_id`) REFERENCES `persons` (`id`),
  CONSTRAINT `nf_cta_cte_details_person_id_relationed_foreign` FOREIGN KEY (`person_id_relationed`) REFERENCES `persons` (`id`),
  CONSTRAINT `nf_cta_cte_details_saldo_id_foreign` FOREIGN KEY (`saldo_id`) REFERENCES `conta_tipo_saldos` (`id`),
  CONSTRAINT `nf_cta_cte_details_tipo_asiento_id_foreign` FOREIGN KEY (`tipo_asiento_id`) REFERENCES `conta_tipo_asientos` (`id`)
) ENGINE=InnoDB DEFAULT CHARSET=utf8mb4 COLLATE=utf8mb4_unicode_ci;

--
-- Dumping data for table `nf_cta_cte_details`
--


--
-- Table structure for table `nf_invoices`
--

CREATE TABLE `nf_invoices` (
  `id` bigint(20) unsigned NOT NULL AUTO_INCREMENT,
  `user_id` int(10) unsigned DEFAULT NULL,
  `person_id` int(10) unsigned NOT NULL,
  `person_id_relationed` int(10) unsigned NOT NULL,
  `punto_vta_id` int(10) unsigned NOT NULL,
  `period_id` int(10) unsigned NOT NULL,
  `numero` int(11) NOT NULL,
  `fecha` date NOT NULL,
  `total` decimal(16,2) NOT NULL,
  `comentario` longtext COLLATE utf8mb4_unicode_ci NOT NULL,
  `created_at` timestamp NULL DEFAULT NULL,
  `updated_at` timestamp NULL DEFAULT NULL,
  `deleted_at` timestamp NULL DEFAULT NULL,
  PRIMARY KEY (`id`),
  KEY `nf_invoices_person_id_foreign` (`person_id`),
  KEY `nf_invoices_person_id_relationed_foreign` (`person_id_relationed`),
  KEY `nf_invoices_punto_vta_id_foreign` (`punto_vta_id`),
  KEY `nf_invoices_period_id_foreign` (`period_id`),
  CONSTRAINT `nf_invoices_period_id_foreign` FOREIGN KEY (`period_id`) REFERENCES `periods` (`id`),
  CONSTRAINT `nf_invoices_person_id_foreign` FOREIGN KEY (`person_id`) REFERENCES `persons` (`id`),
  CONSTRAINT `nf_invoices_person_id_relationed_foreign` FOREIGN KEY (`person_id_relationed`) REFERENCES `persons` (`id`),
  CONSTRAINT `nf_invoices_punto_vta_id_foreign` FOREIGN KEY (`punto_vta_id`) REFERENCES `fact_elec_puntos_venta` (`id`)
) ENGINE=InnoDB DEFAULT CHARSET=utf8mb4 COLLATE=utf8mb4_unicode_ci;

--
-- Dumping data for table `nf_invoices`
--


--
-- Table structure for table `nf_invoices_details`
--

CREATE TABLE `nf_invoices_details` (
  `id` bigint(20) unsigned NOT NULL AUTO_INCREMENT,
  `user_id` int(10) unsigned DEFAULT NULL,
  `nf_invoice_id` bigint(20) unsigned NOT NULL,
  `cantidades` decimal(16,2) NOT NULL,
  `inv_producto_id` bigint(20) unsigned DEFAULT NULL,
  `descripcion` varchar(191) COLLATE utf8mb4_unicode_ci DEFAULT NULL,
  `neto` decimal(16,2) NOT NULL,
  `desc_porc` decimal(16,2) DEFAULT NULL,
  `descuento` decimal(16,2) DEFAULT NULL,
  `subtotal` decimal(16,2) NOT NULL,
  `created_at` timestamp NULL DEFAULT NULL,
  `updated_at` timestamp NULL DEFAULT NULL,
  `deleted_at` timestamp NULL DEFAULT NULL,
  PRIMARY KEY (`id`),
  KEY `nf_invoices_details_nf_invoice_id_foreign` (`nf_invoice_id`),
  KEY `nf_invoices_details_inv_producto_id_foreign` (`inv_producto_id`),
  CONSTRAINT `nf_invoices_details_inv_producto_id_foreign` FOREIGN KEY (`inv_producto_id`) REFERENCES `inv_productos` (`id`),
  CONSTRAINT `nf_invoices_details_nf_invoice_id_foreign` FOREIGN KEY (`nf_invoice_id`) REFERENCES `nf_invoices` (`id`)
) ENGINE=InnoDB DEFAULT CHARSET=utf8mb4 COLLATE=utf8mb4_unicode_ci;

--
-- Dumping data for table `nf_invoices_details`
--


--
-- Table structure for table `nf_receipts`
--

CREATE TABLE `nf_receipts` (
  `id` int(10) unsigned NOT NULL AUTO_INCREMENT,
  `user_id` int(10) unsigned NOT NULL,
  `person_id` int(10) unsigned NOT NULL,
  `person_id_relationed` int(10) unsigned NOT NULL,
  `period_id` int(10) unsigned NOT NULL,
  `type_id` int(10) unsigned NOT NULL,
  `receipt_type_id` int(10) unsigned NOT NULL,
  `fecha` date DEFAULT NULL,
  `total` decimal(16,2) NOT NULL,
  `descripcion` varchar(191) COLLATE utf8mb4_unicode_ci DEFAULT NULL,
  `comentario` varchar(191) COLLATE utf8mb4_unicode_ci DEFAULT NULL,
  `file` varchar(191) COLLATE utf8mb4_unicode_ci DEFAULT NULL,
  `created_at` timestamp NULL DEFAULT NULL,
  `updated_at` timestamp NULL DEFAULT NULL,
  `deleted_at` timestamp NULL DEFAULT NULL,
  PRIMARY KEY (`id`),
  KEY `nf_receipts_person_id_foreign` (`person_id`),
  KEY `nf_receipts_person_id_relationed_foreign` (`person_id_relationed`),
  KEY `nf_receipts_period_id_foreign` (`period_id`),
  KEY `nf_receipts_type_id_foreign` (`type_id`),
  KEY `nf_receipts_receipt_type_id_foreign` (`receipt_type_id`),
  CONSTRAINT `nf_receipts_period_id_foreign` FOREIGN KEY (`period_id`) REFERENCES `periods` (`id`),
  CONSTRAINT `nf_receipts_person_id_foreign` FOREIGN KEY (`person_id`) REFERENCES `persons` (`id`),
  CONSTRAINT `nf_receipts_person_id_relationed_foreign` FOREIGN KEY (`person_id_relationed`) REFERENCES `persons` (`id`),
  CONSTRAINT `nf_receipts_receipt_type_id_foreign` FOREIGN KEY (`receipt_type_id`) REFERENCES `receipt_types` (`id`),
  CONSTRAINT `nf_receipts_type_id_foreign` FOREIGN KEY (`type_id`) REFERENCES `types` (`id`)
) ENGINE=InnoDB DEFAULT CHARSET=utf8mb4 COLLATE=utf8mb4_unicode_ci;

--
-- Dumping data for table `nf_receipts`
--


--
-- Table structure for table `notif`
--

CREATE TABLE `notif` (
  `id` int(10) unsigned NOT NULL AUTO_INCREMENT,
  `user_id` int(10) unsigned DEFAULT NULL,
  `send_notif_user_person_id` int(10) unsigned NOT NULL,
  `recept_notif_user_person_id` int(10) unsigned NOT NULL,
  `fecha` datetime NOT NULL DEFAULT '2020-01-23 18:56:25',
  `fecha_vto` datetime DEFAULT NULL,
  `leido` tinyint(1) NOT NULL DEFAULT '0',
  `pendiente` tinyint(1) NOT NULL DEFAULT '0',
  `asunto` varchar(191) COLLATE utf8mb4_unicode_ci DEFAULT NULL,
  `created_at` timestamp NULL DEFAULT NULL,
  `updated_at` timestamp NULL DEFAULT NULL,
  `deleted_at` timestamp NULL DEFAULT NULL,
  PRIMARY KEY (`id`),
  KEY `notif_send_notif_user_person_id_foreign` (`send_notif_user_person_id`),
  KEY `notif_recept_notif_user_person_id_foreign` (`recept_notif_user_person_id`),
  CONSTRAINT `notif_recept_notif_user_person_id_foreign` FOREIGN KEY (`recept_notif_user_person_id`) REFERENCES `notif_users_persons` (`id`),
  CONSTRAINT `notif_send_notif_user_person_id_foreign` FOREIGN KEY (`send_notif_user_person_id`) REFERENCES `notif_users_persons` (`id`)
) ENGINE=InnoDB DEFAULT CHARSET=utf8mb4 COLLATE=utf8mb4_unicode_ci;

--
-- Dumping data for table `notif`
--


--
-- Table structure for table `notif_detail`
--

CREATE TABLE `notif_detail` (
  `id` int(10) unsigned NOT NULL AUTO_INCREMENT,
  `user_id` int(10) unsigned DEFAULT NULL,
  `notificacion_id` int(10) unsigned NOT NULL,
  `notif_respuesta_id` int(10) unsigned DEFAULT NULL,
  `send_notif_user_person_id` int(10) unsigned NOT NULL,
  `recept_notif_user_person_id` int(10) unsigned NOT NULL,
  `fecha` datetime NOT NULL DEFAULT '2020-01-23 18:56:25',
  `body` text COLLATE utf8mb4_unicode_ci,
  `adjunto` text COLLATE utf8mb4_unicode_ci,
  `send_email` tinyint(1) NOT NULL DEFAULT '0',
  `is_respuesta` tinyint(1) NOT NULL DEFAULT '0',
  `created_at` timestamp NULL DEFAULT NULL,
  `updated_at` timestamp NULL DEFAULT NULL,
  `deleted_at` timestamp NULL DEFAULT NULL,
  PRIMARY KEY (`id`),
  KEY `notif_detail_send_notif_user_person_id_foreign` (`send_notif_user_person_id`),
  KEY `notif_detail_recept_notif_user_person_id_foreign` (`recept_notif_user_person_id`),
  KEY `notif_detail_notificacion_id_foreign` (`notificacion_id`),
  KEY `notif_detail_notif_respuesta_id_foreign` (`notif_respuesta_id`),
  CONSTRAINT `notif_detail_notif_respuesta_id_foreign` FOREIGN KEY (`notif_respuesta_id`) REFERENCES `notif_respuestas` (`id`),
  CONSTRAINT `notif_detail_notificacion_id_foreign` FOREIGN KEY (`notificacion_id`) REFERENCES `notif` (`id`),
  CONSTRAINT `notif_detail_recept_notif_user_person_id_foreign` FOREIGN KEY (`recept_notif_user_person_id`) REFERENCES `notif_users_persons` (`id`),
  CONSTRAINT `notif_detail_send_notif_user_person_id_foreign` FOREIGN KEY (`send_notif_user_person_id`) REFERENCES `notif_users_persons` (`id`)
) ENGINE=InnoDB DEFAULT CHARSET=utf8mb4 COLLATE=utf8mb4_unicode_ci;

--
-- Dumping data for table `notif_detail`
--


--
-- Table structure for table `notif_respuestas`
--

CREATE TABLE `notif_respuestas` (
  `id` int(10) unsigned NOT NULL AUTO_INCREMENT,
  `user_id` int(10) unsigned DEFAULT NULL,
  `send_notif_user_person_id` int(10) unsigned NOT NULL,
  `recept_notif_user_person_id` int(10) unsigned NOT NULL,
  `notif_id` int(10) unsigned DEFAULT NULL,
  `fecha` datetime NOT NULL DEFAULT '2020-01-23 18:56:25',
  `fecha_vto` datetime DEFAULT NULL,
  `leido` tinyint(1) NOT NULL DEFAULT '0',
  `asunto` varchar(191) COLLATE utf8mb4_unicode_ci DEFAULT NULL,
  `created_at` timestamp NULL DEFAULT NULL,
  `updated_at` timestamp NULL DEFAULT NULL,
  `deleted_at` timestamp NULL DEFAULT NULL,
  PRIMARY KEY (`id`),
  KEY `notif_respuestas_send_notif_user_person_id_foreign` (`send_notif_user_person_id`),
  KEY `notif_respuestas_recept_notif_user_person_id_foreign` (`recept_notif_user_person_id`),
  KEY `notif_respuestas_notif_id_foreign` (`notif_id`),
  CONSTRAINT `notif_respuestas_notif_id_foreign` FOREIGN KEY (`notif_id`) REFERENCES `notif` (`id`),
  CONSTRAINT `notif_respuestas_recept_notif_user_person_id_foreign` FOREIGN KEY (`recept_notif_user_person_id`) REFERENCES `notif_users_persons` (`id`),
  CONSTRAINT `notif_respuestas_send_notif_user_person_id_foreign` FOREIGN KEY (`send_notif_user_person_id`) REFERENCES `notif_users_persons` (`id`)
) ENGINE=InnoDB DEFAULT CHARSET=utf8mb4 COLLATE=utf8mb4_unicode_ci;

--
-- Dumping data for table `notif_respuestas`
--


--
-- Table structure for table `notif_users_persons`
--

CREATE TABLE `notif_users_persons` (
  `id` int(10) unsigned NOT NULL AUTO_INCREMENT,
  `user_id` int(10) unsigned NOT NULL,
  `person_id` int(10) unsigned NOT NULL,
  `parent_person_id` int(10) unsigned NOT NULL,
  `created_at` timestamp NULL DEFAULT NULL,
  `updated_at` timestamp NULL DEFAULT NULL,
  `deleted_at` timestamp NULL DEFAULT NULL,
  PRIMARY KEY (`id`),
  KEY `notif_users_persons_user_id_foreign` (`user_id`),
  KEY `notif_users_persons_person_id_foreign` (`person_id`),
  KEY `notif_users_persons_parent_person_id_foreign` (`parent_person_id`),
  CONSTRAINT `notif_users_persons_parent_person_id_foreign` FOREIGN KEY (`parent_person_id`) REFERENCES `persons` (`id`),
  CONSTRAINT `notif_users_persons_person_id_foreign` FOREIGN KEY (`person_id`) REFERENCES `persons` (`id`),
  CONSTRAINT `notif_users_persons_user_id_foreign` FOREIGN KEY (`user_id`) REFERENCES `tusers` (`idUser`)
) ENGINE=InnoDB DEFAULT CHARSET=utf8mb4 COLLATE=utf8mb4_unicode_ci;

--
-- Dumping data for table `notif_users_persons`
--


--
-- Table structure for table `obl_anual_conceptos`
--

CREATE TABLE `obl_anual_conceptos` (
  `id` int(10) unsigned NOT NULL AUTO_INCREMENT,
  `user_id` int(10) unsigned DEFAULT NULL,
  `nombre` varchar(191) COLLATE utf8mb4_unicode_ci NOT NULL,
  `created_at` timestamp NULL DEFAULT NULL,
  `updated_at` timestamp NULL DEFAULT NULL,
  `deleted_at` timestamp NULL DEFAULT NULL,
  PRIMARY KEY (`id`)
) ENGINE=InnoDB AUTO_INCREMENT=10 DEFAULT CHARSET=utf8mb4 COLLATE=utf8mb4_unicode_ci;

--
-- Dumping data for table `obl_anual_conceptos`
--

INSERT INTO `obl_anual_conceptos` VALUES (1,NULL,'Balance','2019-11-29 18:37:49','2019-11-29 18:37:49',NULL),(2,NULL,'Ganancias','2019-11-29 18:37:49','2019-11-29 18:37:49',NULL),(3,NULL,'Acc y Part Soc','2019-11-29 18:37:49','2019-11-29 18:37:49',NULL),(4,NULL,'Part Soc Informativa','2019-11-29 18:37:49','2019-11-29 18:37:49',NULL),(5,NULL,'IGJ Balance','2019-11-29 18:37:49','2019-11-29 18:37:49',NULL),(6,NULL,'TASAS IGJ','2019-11-29 18:37:49','2019-11-29 18:37:49',NULL),(7,NULL,'Auditoria','2019-11-29 18:37:49','2019-11-29 18:37:49',NULL),(8,NULL,'Libros Societarios','2019-11-29 18:37:49','2019-11-29 18:37:49',NULL),(9,NULL,'CM 05','2019-11-29 18:37:49','2019-11-29 18:37:49',NULL);

--
-- Table structure for table `obl_anual_registros`
--

CREATE TABLE `obl_anual_registros` (
  `id` int(10) unsigned NOT NULL AUTO_INCREMENT,
  `user_id` int(10) unsigned DEFAULT NULL,
  `anio` int(10) unsigned NOT NULL,
  `person_id` int(10) unsigned NOT NULL,
  `obl_anual_concepto_id` int(10) unsigned NOT NULL,
  `cumplido` tinyint(1) NOT NULL DEFAULT '0',
  `created_at` timestamp NULL DEFAULT NULL,
  `updated_at` timestamp NULL DEFAULT NULL,
  `deleted_at` timestamp NULL DEFAULT NULL,
  PRIMARY KEY (`id`),
  KEY `obl_anual_registros_person_id_foreign` (`person_id`),
  KEY `obl_anual_registros_obl_anual_concepto_id_foreign` (`obl_anual_concepto_id`),
  CONSTRAINT `obl_anual_registros_obl_anual_concepto_id_foreign` FOREIGN KEY (`obl_anual_concepto_id`) REFERENCES `obl_anual_conceptos` (`id`) ON DELETE CASCADE,
  CONSTRAINT `obl_anual_registros_person_id_foreign` FOREIGN KEY (`person_id`) REFERENCES `persons` (`id`)
) ENGINE=InnoDB DEFAULT CHARSET=utf8mb4 COLLATE=utf8mb4_unicode_ci;

--
-- Dumping data for table `obl_anual_registros`
--


--
-- Table structure for table `other_taxes`
--

CREATE TABLE `other_taxes` (
  `id` int(10) unsigned NOT NULL AUTO_INCREMENT,
  `created_at` timestamp NULL DEFAULT NULL,
  `updated_at` timestamp NULL DEFAULT NULL,
  `name` varchar(255) COLLATE utf8mb4_unicode_ci NOT NULL,
  `section` varchar(255) COLLATE utf8mb4_unicode_ci NOT NULL,
  `percent_tax` decimal(16,2) NOT NULL DEFAULT '0.00',
  `zone_id` int(10) unsigned DEFAULT NULL,
  `aliases` varchar(255) COLLATE utf8mb4_unicode_ci DEFAULT NULL,
  `section_name` varchar(255) COLLATE utf8mb4_unicode_ci DEFAULT NULL,
  `plan_cuenta_id` int(10) unsigned NOT NULL DEFAULT '1',
  PRIMARY KEY (`id`),
  KEY `other_taxes_plan_cuenta_id_foreign` (`plan_cuenta_id`),
  CONSTRAINT `other_taxes_plan_cuenta_id_foreign` FOREIGN KEY (`plan_cuenta_id`) REFERENCES `conta_plan_cuenta` (`id`)
) ENGINE=InnoDB AUTO_INCREMENT=1034 DEFAULT CHARSET=utf8mb4 COLLATE=utf8mb4_unicode_ci;

--
-- Dumping data for table `other_taxes`
--

INSERT INTO `other_taxes` VALUES (1000,NULL,NULL,'Perc IVA -RG3337','iva',0.00,NULL,NULL,'IVA',220),(1001,NULL,NULL,'Imps. Internos','gas',0.00,NULL,NULL,'Imp. Combustibles',221),(1002,NULL,NULL,'Imp. Gasoil','gas',0.00,NULL,NULL,'Imp. Combustibles',222),(1003,NULL,NULL,'Imp. Hídricos','gas',0.00,NULL,NULL,'Imp. Combustibles',223),(1004,NULL,NULL,'ITC','gas',0.00,NULL,NULL,'Imp. Combustibles',224),(1005,NULL,NULL,'Perc IIBB  Buenos Aires','iibb',0.00,23,NULL,'IIBB',225),(1006,NULL,NULL,'Perc IIBB  Capital Federal','iibb',0.00,22,NULL,'IIBB',226),(1007,NULL,NULL,'Perc IIBB  Catamarca','iibb',0.00,24,NULL,'IIBB',227),(1008,NULL,NULL,'Perc IIBB  Chaco','iibb',0.00,3,NULL,'IIBB',228),(1009,NULL,NULL,'Perc IIBB  Chubut','iibb',0.00,4,NULL,'IIBB',229),(1010,NULL,NULL,'Perc IIBB  Córdoba','iibb',0.00,1,NULL,'IIBB',230),(1011,NULL,NULL,'Perc IIBB  Corrientes','iibb',0.00,2,NULL,'IIBB',231),(1012,NULL,NULL,'Perc IIBB  Entre Ríos','iibb',0.00,5,NULL,'IIBB',232),(1013,NULL,NULL,'Perc IIBB  Formosa','iibb',0.00,6,NULL,'IIBB',233),(1014,NULL,NULL,'Perc IIBB  Jujuy','iibb',0.00,7,NULL,'IIBB',234),(1015,NULL,NULL,'Perc IIBB  La Pampa','iibb',0.00,8,NULL,'IIBB',235),(1016,NULL,NULL,'Perc IIBB  La Rioja','iibb',0.00,9,NULL,'IIBB',236),(1017,NULL,NULL,'Perc IIBB  Mendoza','iibb',0.00,10,NULL,'IIBB',237),(1018,NULL,NULL,'Perc IIBB  Misiones','iibb',0.00,11,NULL,'IIBB',238),(1019,NULL,NULL,'Perc IIBB  Neuquén','iibb',0.00,12,NULL,'IIBB',239),(1020,NULL,NULL,'Perc IIBB  Pascua Lama','iibb',0.00,25,NULL,'IIBB',240),(1021,NULL,NULL,'Perc IIBB  Río Negro','iibb',0.00,13,NULL,'IIBB',241),(1022,NULL,NULL,'Perc IIBB  Salta','iibb',0.00,14,NULL,'IIBB',242),(1023,NULL,NULL,'Perc IIBB  San Juan','iibb',0.00,15,NULL,'IIBB',243),(1024,NULL,NULL,'Perc IIBB  San Luis','iibb',0.00,16,NULL,'IIBB',244),(1025,NULL,NULL,'Perc IIBB  Santa Cruz','iibb',0.00,17,NULL,'IIBB',245),(1026,NULL,NULL,'Perc IIBB  Santa Fe','iibb',0.00,18,NULL,'IIBB',246),(1027,NULL,NULL,'Perc IIBB  Santiago del Estero','iibb',0.00,19,NULL,'IIBB',247),(1028,NULL,NULL,'Perc IIBB  Tierra del Fuego','iibb',0.00,20,NULL,'IIBB',248),(1029,NULL,NULL,'Perc IIBB  Tucuman','iibb',0.00,21,NULL,'IIBB',249),(1030,'2019-05-03 03:33:05','2019-05-03 03:33:05','CO2 - Imp. Al Carbono','gas',0.00,NULL,NULL,'Imp. Combustibles',478),(1031,'2022-11-08 09:47:26','2022-11-08 09:47:26','Imp. Municipales','gas',0.00,NULL,NULL,'Imp. Combustibles',215),(1032,'2022-11-08 09:47:26','2022-11-08 09:47:26','Perc/Ret. Imp. Ganancias','gas',0.00,NULL,NULL,'Imp. Combustibles',216),(1033,'2023-10-12 08:08:40','2023-10-12 08:08:40','Redondeo','redondeo',0.00,NULL,NULL,'Redondeo',136);

--
-- Table structure for table `pais`
--

CREATE TABLE `pais` (
  `id` int(10) unsigned NOT NULL AUTO_INCREMENT,
  `user_id` int(10) unsigned DEFAULT NULL,
  `codigo` int(10) unsigned DEFAULT NULL,
  `descripcion` varchar(191) COLLATE utf8mb4_unicode_ci NOT NULL,
  `habilitado` tinyint(1) NOT NULL DEFAULT '1',
  `created_at` timestamp NULL DEFAULT NULL,
  `updated_at` timestamp NULL DEFAULT NULL,
  `deleted_at` timestamp NULL DEFAULT NULL,
  PRIMARY KEY (`id`),
  UNIQUE KEY `pais_descripcion_unique` (`descripcion`),
  UNIQUE KEY `pais_codigo_unique` (`codigo`)
) ENGINE=InnoDB AUTO_INCREMENT=249 DEFAULT CHARSET=utf8mb4 COLLATE=utf8mb4_unicode_ci;

--
-- Dumping data for table `pais`
--

INSERT INTO `pais` VALUES (1,NULL,NULL,'Argentina',1,'2020-05-28 20:55:22','2020-05-28 20:55:22',NULL),(2,NULL,NULL,'Afghanistan',1,'2020-05-28 20:55:22','2020-05-28 20:55:22',NULL),(3,NULL,NULL,'Albania',1,'2020-05-28 20:55:22','2020-05-28 20:55:22',NULL),(4,NULL,NULL,'Alemania',1,'2020-05-28 20:55:22','2020-05-28 20:55:22',NULL),(5,NULL,NULL,'Algeria',1,'2020-05-28 20:55:22','2020-05-28 20:55:22',NULL),(6,NULL,NULL,'Andorra',1,'2020-05-28 20:55:22','2020-05-28 20:55:22',NULL),(7,NULL,NULL,'Angola',1,'2020-05-28 20:55:22','2020-05-28 20:55:22',NULL),(8,NULL,NULL,'Anguila',1,'2020-05-28 20:55:22','2020-05-28 20:55:22',NULL),(9,NULL,NULL,'Antártida',1,'2020-05-28 20:55:22','2020-05-28 20:55:22',NULL),(10,NULL,NULL,'Antigua y Barbuda',1,'2020-05-28 20:55:22','2020-05-28 20:55:22',NULL),(11,NULL,NULL,'Arabia Saudita',1,'2020-05-28 20:55:22','2020-05-28 20:55:22',NULL),(12,NULL,NULL,'Armenia',1,'2020-05-28 20:55:22','2020-05-28 20:55:22',NULL),(13,NULL,NULL,'Aruba',1,'2020-05-28 20:55:22','2020-05-28 20:55:22',NULL),(14,NULL,NULL,'Australia',1,'2020-05-28 20:55:22','2020-05-28 20:55:22',NULL),(15,NULL,NULL,'Austria',1,'2020-05-28 20:55:22','2020-05-28 20:55:22',NULL),(16,NULL,NULL,'Azerbaiyán',1,'2020-05-28 20:55:22','2020-05-28 20:55:22',NULL),(17,NULL,NULL,'Bélgica',1,'2020-05-28 20:55:22','2020-05-28 20:55:22',NULL),(18,NULL,NULL,'Bahamas',1,'2020-05-28 20:55:22','2020-05-28 20:55:22',NULL),(19,NULL,NULL,'Bahrein',1,'2020-05-28 20:55:22','2020-05-28 20:55:22',NULL),(20,NULL,NULL,'Bangladesh',1,'2020-05-28 20:55:22','2020-05-28 20:55:22',NULL),(21,NULL,NULL,'Barbados',1,'2020-05-28 20:55:22','2020-05-28 20:55:22',NULL),(22,NULL,NULL,'Belice',1,'2020-05-28 20:55:22','2020-05-28 20:55:22',NULL),(23,NULL,NULL,'Benín',1,'2020-05-28 20:55:22','2020-05-28 20:55:22',NULL),(24,NULL,NULL,'Bhután',1,'2020-05-28 20:55:22','2020-05-28 20:55:22',NULL),(25,NULL,NULL,'Bielorrusia',1,'2020-05-28 20:55:22','2020-05-28 20:55:22',NULL),(26,NULL,NULL,'Birmania',1,'2020-05-28 20:55:22','2020-05-28 20:55:22',NULL),(27,NULL,NULL,'Bolivia',1,'2020-05-28 20:55:22','2020-05-28 20:55:22',NULL),(28,NULL,NULL,'Bosnia y Herzegovina',1,'2020-05-28 20:55:22','2020-05-28 20:55:22',NULL),(29,NULL,NULL,'Botsuana',1,'2020-05-28 20:55:22','2020-05-28 20:55:22',NULL),(30,NULL,NULL,'Brasil',1,'2020-05-28 20:55:22','2020-05-28 20:55:22',NULL),(31,NULL,NULL,'Brunéi',1,'2020-05-28 20:55:22','2020-05-28 20:55:22',NULL),(32,NULL,NULL,'Bulgaria',1,'2020-05-28 20:55:22','2020-05-28 20:55:22',NULL),(33,NULL,NULL,'Burkina Faso',1,'2020-05-28 20:55:22','2020-05-28 20:55:22',NULL),(34,NULL,NULL,'Burundi',1,'2020-05-28 20:55:22','2020-05-28 20:55:22',NULL),(35,NULL,NULL,'Cabo Verde',1,'2020-05-28 20:55:22','2020-05-28 20:55:22',NULL),(36,NULL,NULL,'Camboya',1,'2020-05-28 20:55:22','2020-05-28 20:55:22',NULL),(37,NULL,NULL,'Camerún',1,'2020-05-28 20:55:22','2020-05-28 20:55:22',NULL),(38,NULL,NULL,'Canadá',1,'2020-05-28 20:55:22','2020-05-28 20:55:22',NULL),(39,NULL,NULL,'Chad',1,'2020-05-28 20:55:22','2020-05-28 20:55:22',NULL),(40,NULL,NULL,'Chile',1,'2020-05-28 20:55:22','2020-05-28 20:55:22',NULL),(41,NULL,NULL,'China',1,'2020-05-28 20:55:22','2020-05-28 20:55:22',NULL),(42,NULL,NULL,'Chipre',1,'2020-05-28 20:55:22','2020-05-28 20:55:22',NULL),(43,NULL,NULL,'Ciudad del Vaticano',1,'2020-05-28 20:55:22','2020-05-28 20:55:22',NULL),(44,NULL,NULL,'Colombia',1,'2020-05-28 20:55:22','2020-05-28 20:55:22',NULL),(45,NULL,NULL,'Comoras',1,'2020-05-28 20:55:22','2020-05-28 20:55:22',NULL),(46,NULL,NULL,'República del Congo',1,'2020-05-28 20:55:22','2020-05-28 20:55:22',NULL),(47,NULL,NULL,'República Democrática del Congo',1,'2020-05-28 20:55:22','2020-05-28 20:55:22',NULL),(48,NULL,NULL,'Corea del Norte',1,'2020-05-28 20:55:22','2020-05-28 20:55:22',NULL),(49,NULL,NULL,'Corea del Sur',1,'2020-05-28 20:55:22','2020-05-28 20:55:22',NULL),(50,NULL,NULL,'Costa de Marfil',1,'2020-05-28 20:55:22','2020-05-28 20:55:22',NULL),(51,NULL,NULL,'Costa Rica',1,'2020-05-28 20:55:22','2020-05-28 20:55:22',NULL);
INSERT INTO `pais` VALUES (52,NULL,NULL,'Croacia',1,'2020-05-28 20:55:22','2020-05-28 20:55:22',NULL),(53,NULL,NULL,'Cuba',1,'2020-05-28 20:55:22','2020-05-28 20:55:22',NULL),(54,NULL,NULL,'Curazao',1,'2020-05-28 20:55:22','2020-05-28 20:55:22',NULL),(55,NULL,NULL,'Dinamarca',1,'2020-05-28 20:55:22','2020-05-28 20:55:22',NULL),(56,NULL,NULL,'Dominica',1,'2020-05-28 20:55:22','2020-05-28 20:55:22',NULL),(57,NULL,NULL,'Ecuador',1,'2020-05-28 20:55:22','2020-05-28 20:55:22',NULL),(58,NULL,NULL,'Egipto',1,'2020-05-28 20:55:22','2020-05-28 20:55:22',NULL),(59,NULL,NULL,'El Salvador',1,'2020-05-28 20:55:22','2020-05-28 20:55:22',NULL),(60,NULL,NULL,'Emiratos Árabes Unidos',1,'2020-05-28 20:55:22','2020-05-28 20:55:22',NULL),(61,NULL,NULL,'Eritrea',1,'2020-05-28 20:55:22','2020-05-28 20:55:22',NULL),(62,NULL,NULL,'Eslovaquia',1,'2020-05-28 20:55:22','2020-05-28 20:55:22',NULL),(63,NULL,NULL,'Eslovenia',1,'2020-05-28 20:55:22','2020-05-28 20:55:22',NULL),(64,NULL,NULL,'España',1,'2020-05-28 20:55:22','2020-05-28 20:55:22',NULL),(65,NULL,NULL,'Estados Unidos de América',1,'2020-05-28 20:55:22','2020-05-28 20:55:22',NULL),(66,NULL,NULL,'Estonia',1,'2020-05-28 20:55:22','2020-05-28 20:55:22',NULL),(67,NULL,NULL,'Etiopía',1,'2020-05-28 20:55:22','2020-05-28 20:55:22',NULL),(68,NULL,NULL,'Filipinas',1,'2020-05-28 20:55:22','2020-05-28 20:55:22',NULL),(69,NULL,NULL,'Finlandia',1,'2020-05-28 20:55:22','2020-05-28 20:55:22',NULL),(70,NULL,NULL,'Fiyi',1,'2020-05-28 20:55:22','2020-05-28 20:55:22',NULL),(71,NULL,NULL,'Francia',1,'2020-05-28 20:55:22','2020-05-28 20:55:22',NULL),(72,NULL,NULL,'Gabón',1,'2020-05-28 20:55:22','2020-05-28 20:55:22',NULL),(73,NULL,NULL,'Gambia',1,'2020-05-28 20:55:22','2020-05-28 20:55:22',NULL),(74,NULL,NULL,'Georgia',1,'2020-05-28 20:55:22','2020-05-28 20:55:22',NULL),(75,NULL,NULL,'Ghana',1,'2020-05-28 20:55:22','2020-05-28 20:55:22',NULL),(76,NULL,NULL,'Gibraltar',1,'2020-05-28 20:55:22','2020-05-28 20:55:22',NULL),(77,NULL,NULL,'Granada',1,'2020-05-28 20:55:22','2020-05-28 20:55:22',NULL),(78,NULL,NULL,'Grecia',1,'2020-05-28 20:55:22','2020-05-28 20:55:22',NULL),(79,NULL,NULL,'Groenlandia',1,'2020-05-28 20:55:22','2020-05-28 20:55:22',NULL),(80,NULL,NULL,'Guadalupe',1,'2020-05-28 20:55:22','2020-05-28 20:55:22',NULL),(81,NULL,NULL,'Guam',1,'2020-05-28 20:55:22','2020-05-28 20:55:22',NULL),(82,NULL,NULL,'Guatemala',1,'2020-05-28 20:55:22','2020-05-28 20:55:22',NULL),(83,NULL,NULL,'Guayana Francesa',1,'2020-05-28 20:55:22','2020-05-28 20:55:22',NULL),(84,NULL,NULL,'Guernsey',1,'2020-05-28 20:55:22','2020-05-28 20:55:22',NULL),(85,NULL,NULL,'Guinea',1,'2020-05-28 20:55:22','2020-05-28 20:55:22',NULL),(86,NULL,NULL,'Guinea Ecuatorial',1,'2020-05-28 20:55:22','2020-05-28 20:55:22',NULL),(87,NULL,NULL,'Guinea-Bissau',1,'2020-05-28 20:55:22','2020-05-28 20:55:22',NULL),(88,NULL,NULL,'Guyana',1,'2020-05-28 20:55:22','2020-05-28 20:55:22',NULL),(89,NULL,NULL,'Haití',1,'2020-05-28 20:55:22','2020-05-28 20:55:22',NULL),(90,NULL,NULL,'Honduras',1,'2020-05-28 20:55:22','2020-05-28 20:55:22',NULL),(91,NULL,NULL,'Hong kong',1,'2020-05-28 20:55:23','2020-05-28 20:55:23',NULL),(92,NULL,NULL,'Hungría',1,'2020-05-28 20:55:23','2020-05-28 20:55:23',NULL),(93,NULL,NULL,'India',1,'2020-05-28 20:55:23','2020-05-28 20:55:23',NULL),(94,NULL,NULL,'Indonesia',1,'2020-05-28 20:55:23','2020-05-28 20:55:23',NULL),(95,NULL,NULL,'Irán',1,'2020-05-28 20:55:23','2020-05-28 20:55:23',NULL),(96,NULL,NULL,'Irak',1,'2020-05-28 20:55:23','2020-05-28 20:55:23',NULL),(97,NULL,NULL,'Irlanda',1,'2020-05-28 20:55:23','2020-05-28 20:55:23',NULL),(98,NULL,NULL,'Isla Bouvet',1,'2020-05-28 20:55:23','2020-05-28 20:55:23',NULL),(99,NULL,NULL,'Isla de Man',1,'2020-05-28 20:55:23','2020-05-28 20:55:23',NULL),(100,NULL,NULL,'Isla de Navidad',1,'2020-05-28 20:55:23','2020-05-28 20:55:23',NULL),(101,NULL,NULL,'Isla Norfolk',1,'2020-05-28 20:55:23','2020-05-28 20:55:23',NULL),(102,NULL,NULL,'Islandia',1,'2020-05-28 20:55:23','2020-05-28 20:55:23',NULL);
INSERT INTO `pais` VALUES (103,NULL,NULL,'Islas Bermudas',1,'2020-05-28 20:55:23','2020-05-28 20:55:23',NULL),(104,NULL,NULL,'Islas Caimán',1,'2020-05-28 20:55:23','2020-05-28 20:55:23',NULL),(105,NULL,NULL,'Islas Cocos (Keeling)',1,'2020-05-28 20:55:23','2020-05-28 20:55:23',NULL),(106,NULL,NULL,'Islas Cook',1,'2020-05-28 20:55:23','2020-05-28 20:55:23',NULL),(107,NULL,NULL,'Islas de Åland',1,'2020-05-28 20:55:23','2020-05-28 20:55:23',NULL),(108,NULL,NULL,'Islas Feroe',1,'2020-05-28 20:55:23','2020-05-28 20:55:23',NULL),(109,NULL,NULL,'Islas Georgias del Sur y Sandwich del Sur',1,'2020-05-28 20:55:23','2020-05-28 20:55:23',NULL),(110,NULL,NULL,'Islas Heard y McDonald',1,'2020-05-28 20:55:23','2020-05-28 20:55:23',NULL),(111,NULL,NULL,'Islas Maldivas',1,'2020-05-28 20:55:23','2020-05-28 20:55:23',NULL),(112,NULL,NULL,'Islas Malvinas',1,'2020-05-28 20:55:23','2020-05-28 20:55:23',NULL),(113,NULL,NULL,'Islas Marianas del Norte',1,'2020-05-28 20:55:23','2020-05-28 20:55:23',NULL),(114,NULL,NULL,'Islas Marshall',1,'2020-05-28 20:55:23','2020-05-28 20:55:23',NULL),(115,NULL,NULL,'Islas Pitcairn',1,'2020-05-28 20:55:23','2020-05-28 20:55:23',NULL),(116,NULL,NULL,'Islas Salomón',1,'2020-05-28 20:55:23','2020-05-28 20:55:23',NULL),(117,NULL,NULL,'Islas Turcas y Caicos',1,'2020-05-28 20:55:23','2020-05-28 20:55:23',NULL),(118,NULL,NULL,'Islas Ultramarinas Menores de Estados Unidos',1,'2020-05-28 20:55:23','2020-05-28 20:55:23',NULL),(119,NULL,NULL,'Islas Vírgenes Británicas',1,'2020-05-28 20:55:23','2020-05-28 20:55:23',NULL),(120,NULL,NULL,'Islas Vírgenes de los Estados Unidos',1,'2020-05-28 20:55:23','2020-05-28 20:55:23',NULL),(121,NULL,NULL,'Israel',1,'2020-05-28 20:55:23','2020-05-28 20:55:23',NULL),(122,NULL,NULL,'Italia',1,'2020-05-28 20:55:23','2020-05-28 20:55:23',NULL),(123,NULL,NULL,'Jamaica',1,'2020-05-28 20:55:23','2020-05-28 20:55:23',NULL),(124,NULL,NULL,'Japón',1,'2020-05-28 20:55:23','2020-05-28 20:55:23',NULL),(125,NULL,NULL,'Jersey',1,'2020-05-28 20:55:23','2020-05-28 20:55:23',NULL),(126,NULL,NULL,'Jordania',1,'2020-05-28 20:55:23','2020-05-28 20:55:23',NULL),(127,NULL,NULL,'Kazajistán',1,'2020-05-28 20:55:23','2020-05-28 20:55:23',NULL),(128,NULL,NULL,'Kenia',1,'2020-05-28 20:55:23','2020-05-28 20:55:23',NULL),(129,NULL,NULL,'Kirguistán',1,'2020-05-28 20:55:23','2020-05-28 20:55:23',NULL),(130,NULL,NULL,'Kiribati',1,'2020-05-28 20:55:23','2020-05-28 20:55:23',NULL),(131,NULL,NULL,'Kuwait',1,'2020-05-28 20:55:23','2020-05-28 20:55:23',NULL),(132,NULL,NULL,'Líbano',1,'2020-05-28 20:55:23','2020-05-28 20:55:23',NULL),(133,NULL,NULL,'Laos',1,'2020-05-28 20:55:23','2020-05-28 20:55:23',NULL),(134,NULL,NULL,'Lesoto',1,'2020-05-28 20:55:23','2020-05-28 20:55:23',NULL),(135,NULL,NULL,'Letonia',1,'2020-05-28 20:55:23','2020-05-28 20:55:23',NULL),(136,NULL,NULL,'Liberia',1,'2020-05-28 20:55:23','2020-05-28 20:55:23',NULL),(137,NULL,NULL,'Libia',1,'2020-05-28 20:55:23','2020-05-28 20:55:23',NULL),(138,NULL,NULL,'Liechtenstein',1,'2020-05-28 20:55:23','2020-05-28 20:55:23',NULL),(139,NULL,NULL,'Lituania',1,'2020-05-28 20:55:23','2020-05-28 20:55:23',NULL),(140,NULL,NULL,'Luxemburgo',1,'2020-05-28 20:55:23','2020-05-28 20:55:23',NULL),(141,NULL,NULL,'México',1,'2020-05-28 20:55:23','2020-05-28 20:55:23',NULL),(142,NULL,NULL,'Mónaco',1,'2020-05-28 20:55:23','2020-05-28 20:55:23',NULL),(143,NULL,NULL,'Macao',1,'2020-05-28 20:55:23','2020-05-28 20:55:23',NULL),(144,NULL,NULL,'Macedônia',1,'2020-05-28 20:55:23','2020-05-28 20:55:23',NULL),(145,NULL,NULL,'Madagascar',1,'2020-05-28 20:55:23','2020-05-28 20:55:23',NULL),(146,NULL,NULL,'Malasia',1,'2020-05-28 20:55:23','2020-05-28 20:55:23',NULL),(147,NULL,NULL,'Malawi',1,'2020-05-28 20:55:23','2020-05-28 20:55:23',NULL),(148,NULL,NULL,'Mali',1,'2020-05-28 20:55:23','2020-05-28 20:55:23',NULL),(149,NULL,NULL,'Malta',1,'2020-05-28 20:55:23','2020-05-28 20:55:23',NULL),(150,NULL,NULL,'Marruecos',1,'2020-05-28 20:55:23','2020-05-28 20:55:23',NULL);
INSERT INTO `pais` VALUES (151,NULL,NULL,'Martinica',1,'2020-05-28 20:55:23','2020-05-28 20:55:23',NULL),(152,NULL,NULL,'Mauricio',1,'2020-05-28 20:55:23','2020-05-28 20:55:23',NULL),(153,NULL,NULL,'Mauritania',1,'2020-05-28 20:55:23','2020-05-28 20:55:23',NULL),(154,NULL,NULL,'Mayotte',1,'2020-05-28 20:55:23','2020-05-28 20:55:23',NULL),(155,NULL,NULL,'Micronesia',1,'2020-05-28 20:55:23','2020-05-28 20:55:23',NULL),(156,NULL,NULL,'Moldavia',1,'2020-05-28 20:55:23','2020-05-28 20:55:23',NULL),(157,NULL,NULL,'Mongolia',1,'2020-05-28 20:55:23','2020-05-28 20:55:23',NULL),(158,NULL,NULL,'Montenegro',1,'2020-05-28 20:55:23','2020-05-28 20:55:23',NULL),(159,NULL,NULL,'Montserrat',1,'2020-05-28 20:55:23','2020-05-28 20:55:23',NULL),(160,NULL,NULL,'Mozambique',1,'2020-05-28 20:55:23','2020-05-28 20:55:23',NULL),(161,NULL,NULL,'Namibia',1,'2020-05-28 20:55:23','2020-05-28 20:55:23',NULL),(162,NULL,NULL,'Nauru',1,'2020-05-28 20:55:23','2020-05-28 20:55:23',NULL),(163,NULL,NULL,'Nepal',1,'2020-05-28 20:55:23','2020-05-28 20:55:23',NULL),(164,NULL,NULL,'Nicaragua',1,'2020-05-28 20:55:23','2020-05-28 20:55:23',NULL),(165,NULL,NULL,'Niger',1,'2020-05-28 20:55:23','2020-05-28 20:55:23',NULL),(166,NULL,NULL,'Nigeria',1,'2020-05-28 20:55:23','2020-05-28 20:55:23',NULL),(167,NULL,NULL,'Niue',1,'2020-05-28 20:55:23','2020-05-28 20:55:23',NULL),(168,NULL,NULL,'Noruega',1,'2020-05-28 20:55:23','2020-05-28 20:55:23',NULL),(169,NULL,NULL,'Nueva Caledonia',1,'2020-05-28 20:55:23','2020-05-28 20:55:23',NULL),(170,NULL,NULL,'Nueva Zelanda',1,'2020-05-28 20:55:23','2020-05-28 20:55:23',NULL),(171,NULL,NULL,'Omán',1,'2020-05-28 20:55:23','2020-05-28 20:55:23',NULL),(172,NULL,NULL,'Países Bajos',1,'2020-05-28 20:55:23','2020-05-28 20:55:23',NULL),(173,NULL,NULL,'Pakistán',1,'2020-05-28 20:55:23','2020-05-28 20:55:23',NULL),(174,NULL,NULL,'Palau',1,'2020-05-28 20:55:23','2020-05-28 20:55:23',NULL),(175,NULL,NULL,'Palestina',1,'2020-05-28 20:55:23','2020-05-28 20:55:23',NULL),(176,NULL,NULL,'Panamá',1,'2020-05-28 20:55:23','2020-05-28 20:55:23',NULL),(177,NULL,NULL,'Papúa Nueva Guinea',1,'2020-05-28 20:55:23','2020-05-28 20:55:23',NULL),(178,NULL,NULL,'Paraguay',1,'2020-05-28 20:55:23','2020-05-28 20:55:23',NULL),(179,NULL,NULL,'Perú',1,'2020-05-28 20:55:23','2020-05-28 20:55:23',NULL),(180,NULL,NULL,'Polinesia Francesa',1,'2020-05-28 20:55:23','2020-05-28 20:55:23',NULL),(181,NULL,NULL,'Polonia',1,'2020-05-28 20:55:23','2020-05-28 20:55:23',NULL),(182,NULL,NULL,'Portugal',1,'2020-05-28 20:55:23','2020-05-28 20:55:23',NULL),(183,NULL,NULL,'Puerto Rico',1,'2020-05-28 20:55:23','2020-05-28 20:55:23',NULL),(184,NULL,NULL,'Qatar',1,'2020-05-28 20:55:23','2020-05-28 20:55:23',NULL),(185,NULL,NULL,'Reino Unido',1,'2020-05-28 20:55:23','2020-05-28 20:55:23',NULL),(186,NULL,NULL,'República Centroafricana',1,'2020-05-28 20:55:23','2020-05-28 20:55:23',NULL),(187,NULL,NULL,'República Checa',1,'2020-05-28 20:55:23','2020-05-28 20:55:23',NULL),(188,NULL,NULL,'República Dominicana',1,'2020-05-28 20:55:23','2020-05-28 20:55:23',NULL),(189,NULL,NULL,'República de Sudán del Sur',1,'2020-05-28 20:55:23','2020-05-28 20:55:23',NULL),(190,NULL,NULL,'Reunión',1,'2020-05-28 20:55:23','2020-05-28 20:55:23',NULL),(191,NULL,NULL,'Ruanda',1,'2020-05-28 20:55:23','2020-05-28 20:55:23',NULL),(192,NULL,NULL,'Rumanía',1,'2020-05-28 20:55:23','2020-05-28 20:55:23',NULL),(193,NULL,NULL,'Rusia',1,'2020-05-28 20:55:23','2020-05-28 20:55:23',NULL),(194,NULL,NULL,'Sahara Occidental',1,'2020-05-28 20:55:23','2020-05-28 20:55:23',NULL),(195,NULL,NULL,'Samoa',1,'2020-05-28 20:55:23','2020-05-28 20:55:23',NULL),(196,NULL,NULL,'Samoa Americana',1,'2020-05-28 20:55:23','2020-05-28 20:55:23',NULL),(197,NULL,NULL,'San Bartolomé',1,'2020-05-28 20:55:23','2020-05-28 20:55:23',NULL),(198,NULL,NULL,'San Cristóbal y Nieves',1,'2020-05-28 20:55:23','2020-05-28 20:55:23',NULL),(199,NULL,NULL,'San Marino',1,'2020-05-28 20:55:23','2020-05-28 20:55:23',NULL);
INSERT INTO `pais` VALUES (200,NULL,NULL,'San Martín (Francia)',1,'2020-05-28 20:55:23','2020-05-28 20:55:23',NULL),(201,NULL,NULL,'San Pedro y Miquelón',1,'2020-05-28 20:55:23','2020-05-28 20:55:23',NULL),(202,NULL,NULL,'San Vicente y las Granadinas',1,'2020-05-28 20:55:23','2020-05-28 20:55:23',NULL),(203,NULL,NULL,'Santa Elena',1,'2020-05-28 20:55:23','2020-05-28 20:55:23',NULL),(204,NULL,NULL,'Santa Lucía',1,'2020-05-28 20:55:23','2020-05-28 20:55:23',NULL),(205,NULL,NULL,'Santo Tomé y Príncipe',1,'2020-05-28 20:55:23','2020-05-28 20:55:23',NULL),(206,NULL,NULL,'Senegal',1,'2020-05-28 20:55:23','2020-05-28 20:55:23',NULL),(207,NULL,NULL,'Serbia',1,'2020-05-28 20:55:23','2020-05-28 20:55:23',NULL),(208,NULL,NULL,'Seychelles',1,'2020-05-28 20:55:23','2020-05-28 20:55:23',NULL),(209,NULL,NULL,'Sierra Leona',1,'2020-05-28 20:55:23','2020-05-28 20:55:23',NULL),(210,NULL,NULL,'Singapur',1,'2020-05-28 20:55:23','2020-05-28 20:55:23',NULL),(211,NULL,NULL,'Sint Maarten',1,'2020-05-28 20:55:23','2020-05-28 20:55:23',NULL),(212,NULL,NULL,'Siria',1,'2020-05-28 20:55:23','2020-05-28 20:55:23',NULL),(213,NULL,NULL,'Somalia',1,'2020-05-28 20:55:23','2020-05-28 20:55:23',NULL),(214,NULL,NULL,'Sri lanka',1,'2020-05-28 20:55:23','2020-05-28 20:55:23',NULL),(215,NULL,NULL,'Sudáfrica',1,'2020-05-28 20:55:23','2020-05-28 20:55:23',NULL),(216,NULL,NULL,'Sudán',1,'2020-05-28 20:55:23','2020-05-28 20:55:23',NULL),(217,NULL,NULL,'Suecia',1,'2020-05-28 20:55:23','2020-05-28 20:55:23',NULL),(218,NULL,NULL,'Suiza',1,'2020-05-28 20:55:23','2020-05-28 20:55:23',NULL),(219,NULL,NULL,'Surinám',1,'2020-05-28 20:55:23','2020-05-28 20:55:23',NULL),(220,NULL,NULL,'Svalbard y Jan Mayen',1,'2020-05-28 20:55:23','2020-05-28 20:55:23',NULL),(221,NULL,NULL,'Swazilandia',1,'2020-05-28 20:55:23','2020-05-28 20:55:23',NULL),(222,NULL,NULL,'Tayikistán',1,'2020-05-28 20:55:23','2020-05-28 20:55:23',NULL),(223,NULL,NULL,'Tailandia',1,'2020-05-28 20:55:23','2020-05-28 20:55:23',NULL),(224,NULL,NULL,'Taiwán',1,'2020-05-28 20:55:23','2020-05-28 20:55:23',NULL),(225,NULL,NULL,'Tanzania',1,'2020-05-28 20:55:23','2020-05-28 20:55:23',NULL),(226,NULL,NULL,'Territorio Británico del Océano Índico',1,'2020-05-28 20:55:23','2020-05-28 20:55:23',NULL),(227,NULL,NULL,'Territorios Australes y Antárticas Franceses',1,'2020-05-28 20:55:23','2020-05-28 20:55:23',NULL),(228,NULL,NULL,'Timor Oriental',1,'2020-05-28 20:55:23','2020-05-28 20:55:23',NULL),(229,NULL,NULL,'Togo',1,'2020-05-28 20:55:23','2020-05-28 20:55:23',NULL),(230,NULL,NULL,'Tokelau',1,'2020-05-28 20:55:23','2020-05-28 20:55:23',NULL),(231,NULL,NULL,'Tonga',1,'2020-05-28 20:55:23','2020-05-28 20:55:23',NULL),(232,NULL,NULL,'Trinidad y Tobago',1,'2020-05-28 20:55:23','2020-05-28 20:55:23',NULL),(233,NULL,NULL,'Tunez',1,'2020-05-28 20:55:23','2020-05-28 20:55:23',NULL),(234,NULL,NULL,'Turkmenistán',1,'2020-05-28 20:55:23','2020-05-28 20:55:23',NULL),(235,NULL,NULL,'Turquía',1,'2020-05-28 20:55:23','2020-05-28 20:55:23',NULL),(236,NULL,NULL,'Tuvalu',1,'2020-05-28 20:55:23','2020-05-28 20:55:23',NULL),(237,NULL,NULL,'Ucrania',1,'2020-05-28 20:55:23','2020-05-28 20:55:23',NULL),(238,NULL,NULL,'Uganda',1,'2020-05-28 20:55:23','2020-05-28 20:55:23',NULL),(239,NULL,NULL,'Uruguay',1,'2020-05-28 20:55:23','2020-05-28 20:55:23',NULL),(240,NULL,NULL,'Uzbekistán',1,'2020-05-28 20:55:23','2020-05-28 20:55:23',NULL),(241,NULL,NULL,'Vanuatu',1,'2020-05-28 20:55:23','2020-05-28 20:55:23',NULL),(242,NULL,NULL,'Venezuela',1,'2020-05-28 20:55:23','2020-05-28 20:55:23',NULL),(243,NULL,NULL,'Vietnam',1,'2020-05-28 20:55:23','2020-05-28 20:55:23',NULL),(244,NULL,NULL,'Wallis y Futuna',1,'2020-05-28 20:55:23','2020-05-28 20:55:23',NULL),(245,NULL,NULL,'Yemen',1,'2020-05-28 20:55:23','2020-05-28 20:55:23',NULL),(246,NULL,NULL,'Yibuti',1,'2020-05-28 20:55:23','2020-05-28 20:55:23',NULL),(247,NULL,NULL,'Zambia',1,'2020-05-28 20:55:23','2020-05-28 20:55:23',NULL),(248,NULL,NULL,'Zimbabue',1,'2020-05-28 20:55:23','2020-05-28 20:55:23',NULL);

--
-- Table structure for table `paises_prefijos`
--

CREATE TABLE `paises_prefijos` (
  `id` bigint(20) unsigned NOT NULL AUTO_INCREMENT,
  `pais` varchar(191) COLLATE utf8mb4_unicode_ci NOT NULL,
  `prefijo` varchar(191) COLLATE utf8mb4_unicode_ci NOT NULL,
  `value` int(11) NOT NULL DEFAULT '1',
  `text` varchar(191) COLLATE utf8mb4_unicode_ci NOT NULL,
  `created_at` timestamp NULL DEFAULT NULL,
  `updated_at` timestamp NULL DEFAULT NULL,
  `deleted_at` timestamp NULL DEFAULT NULL,
  PRIMARY KEY (`id`)
) ENGINE=InnoDB AUTO_INCREMENT=195 DEFAULT CHARSET=utf8mb4 COLLATE=utf8mb4_unicode_ci;

--
-- Dumping data for table `paises_prefijos`
--

INSERT INTO `paises_prefijos` VALUES (1,'Afganistán','93',1,'Afganistán 93',NULL,NULL,NULL),(2,'Albania','355',2,'Albania 355',NULL,NULL,NULL),(3,'Alemania','49',3,'Alemania 49',NULL,NULL,NULL),(4,'Andorra','376',4,'Andorra 376',NULL,NULL,NULL),(5,'Angola','244',5,'Angola 244',NULL,NULL,NULL),(6,'Antigua y Barbuda','1-268',6,'Antigua y Barbuda 1-268',NULL,NULL,NULL),(7,'Arabia Saudita','966',7,'Arabia Saudita 966',NULL,NULL,NULL),(8,'Argelia','213',8,'Argelia 213',NULL,NULL,NULL),(9,'Argentina','549',9,'Argentina 549',NULL,NULL,NULL),(10,'Armenia','374',10,'Armenia 374',NULL,NULL,NULL),(11,'Australia','61',11,'Australia 61',NULL,NULL,NULL),(12,'Austria','43',12,'Austria 43',NULL,NULL,NULL),(13,'Azerbaiyán','994',13,'Azerbaiyán 994',NULL,NULL,NULL),(14,'Bahamas','1-242',14,'Bahamas 1-242',NULL,NULL,NULL),(15,'Bangladés','880',15,'Bangladés 880',NULL,NULL,NULL),(16,'Barbados','1-246',16,'Barbados 1-246',NULL,NULL,NULL),(17,'Baréin','973',17,'Baréin 973',NULL,NULL,NULL),(18,'Bélgica','32',18,'Bélgica 32',NULL,NULL,NULL),(19,'Belice','501',19,'Belice 501',NULL,NULL,NULL),(20,'Benín','229',20,'Benín 229',NULL,NULL,NULL),(21,'Bielorrusia','375',21,'Bielorrusia 375',NULL,NULL,NULL),(22,'Birmania','95',22,'Birmania 95',NULL,NULL,NULL),(23,'Bolivia','591',23,'Bolivia 591',NULL,NULL,NULL),(24,'Bosnia y Herzegovina','387',24,'Bosnia y Herzegovina 387',NULL,NULL,NULL),(25,'Botsuana','267',25,'Botsuana 267',NULL,NULL,NULL),(26,'Brasil','55',26,'Brasil 55',NULL,NULL,NULL),(27,'Brunéi','673',27,'Brunéi 673',NULL,NULL,NULL),(28,'Bulgaria','359',28,'Bulgaria 359',NULL,NULL,NULL),(29,'Burkina Faso','226',29,'Burkina Faso 226',NULL,NULL,NULL),(30,'Burundi','257',30,'Burundi 257',NULL,NULL,NULL),(31,'Bután','975',31,'Bután 975',NULL,NULL,NULL),(32,'Cabo Verde','238',32,'Cabo Verde 238',NULL,NULL,NULL),(33,'Camboya','855',33,'Camboya 855',NULL,NULL,NULL),(34,'Camerún','237',34,'Camerún 237',NULL,NULL,NULL),(35,'Canadá','1',35,'Canadá 1',NULL,NULL,NULL),(36,'Catar','974',36,'Catar 974',NULL,NULL,NULL),(37,'Chad','235',37,'Chad 235',NULL,NULL,NULL),(38,'Chile','56',38,'Chile 56',NULL,NULL,NULL),(39,'China','86',39,'China 86',NULL,NULL,NULL),(40,'Chipre','357',40,'Chipre 357',NULL,NULL,NULL),(41,'Colombia','57',41,'Colombia 57',NULL,NULL,NULL),(42,'Comoras','269',42,'Comoras 269',NULL,NULL,NULL),(43,'Corea del Norte','850',43,'Corea del Norte 850',NULL,NULL,NULL),(44,'Corea del Sur','82',44,'Corea del Sur 82',NULL,NULL,NULL),(45,'Costa de Marfil','225',45,'Costa de Marfil 225',NULL,NULL,NULL),(46,'Costa Rica','506',46,'Costa Rica 506',NULL,NULL,NULL),(47,'Croacia','385',47,'Croacia 385',NULL,NULL,NULL),(48,'Cuba','53',48,'Cuba 53',NULL,NULL,NULL),(49,'Dinamarca','45',49,'Dinamarca 45',NULL,NULL,NULL),(50,'Dominica','1-767',50,'Dominica 1-767',NULL,NULL,NULL),(51,'Ecuador','593',51,'Ecuador 593',NULL,NULL,NULL),(52,'Egipto','20',52,'Egipto 20',NULL,NULL,NULL),(53,'El Salvador','503',53,'El Salvador 503',NULL,NULL,NULL),(54,'Emiratos Árabes Unidos','971',54,'Emiratos Árabes Unidos 971',NULL,NULL,NULL),(55,'Eritrea','291',55,'Eritrea 291',NULL,NULL,NULL),(56,'Eslovaquia','421',56,'Eslovaquia 421',NULL,NULL,NULL),(57,'Eslovenia','386',57,'Eslovenia 386',NULL,NULL,NULL),(58,'España','34',58,'España 34',NULL,NULL,NULL),(59,'Estados Unidos','1',59,'Estados Unidos 1',NULL,NULL,NULL),(60,'Estonia','372',60,'Estonia 372',NULL,NULL,NULL),(61,'Etiopía','251',61,'Etiopía 251',NULL,NULL,NULL),(62,'Filipinas','63',62,'Filipinas 63',NULL,NULL,NULL),(63,'Finlandia','358',63,'Finlandia 358',NULL,NULL,NULL),(64,'Fiyi','679',64,'Fiyi 679',NULL,NULL,NULL),(65,'Francia','33',65,'Francia 33',NULL,NULL,NULL),(66,'Gabón','241',66,'Gabón 241',NULL,NULL,NULL),(67,'Gambia','220',67,'Gambia 220',NULL,NULL,NULL),(68,'Georgia','995',68,'Georgia 995',NULL,NULL,NULL),(69,'Ghana','233',69,'Ghana 233',NULL,NULL,NULL),(70,'Granada','1-473',70,'Granada 1-473',NULL,NULL,NULL),(71,'Grecia','30',71,'Grecia 30',NULL,NULL,NULL);
INSERT INTO `paises_prefijos` VALUES (72,'Guatemala','502',72,'Guatemala 502',NULL,NULL,NULL),(73,'Guinea','224',73,'Guinea 224',NULL,NULL,NULL),(74,'Guinea Ecuatorial','240',74,'Guinea Ecuatorial 240',NULL,NULL,NULL),(75,'Guinea-Bisáu','245',75,'Guinea-Bisáu 245',NULL,NULL,NULL),(76,'Guyana','592',76,'Guyana 592',NULL,NULL,NULL),(77,'Haití','509',77,'Haití 509',NULL,NULL,NULL),(78,'Honduras','504',78,'Honduras 504',NULL,NULL,NULL),(79,'Hungría','36',79,'Hungría 36',NULL,NULL,NULL),(80,'India','91',80,'India 91',NULL,NULL,NULL),(81,'Indonesia','62',81,'Indonesia 62',NULL,NULL,NULL),(82,'Irak','964',82,'Irak 964',NULL,NULL,NULL),(83,'Irán','98',83,'Irán 98',NULL,NULL,NULL),(84,'Irlanda','353',84,'Irlanda 353',NULL,NULL,NULL),(85,'Islandia','354',85,'Islandia 354',NULL,NULL,NULL),(86,'Islas Marshall','692',86,'Islas Marshall 692',NULL,NULL,NULL),(87,'Islas Salomón','677',87,'Islas Salomón 677',NULL,NULL,NULL),(88,'Israel','972',88,'Israel 972',NULL,NULL,NULL),(89,'Italia','39',89,'Italia 39',NULL,NULL,NULL),(90,'Jamaica','1-876',90,'Jamaica 1-876',NULL,NULL,NULL),(91,'Japón','81',91,'Japón 81',NULL,NULL,NULL),(92,'Jordania','962',92,'Jordania 962',NULL,NULL,NULL),(93,'Kazajistán','7',93,'Kazajistán 7',NULL,NULL,NULL),(94,'Kenia','254',94,'Kenia 254',NULL,NULL,NULL),(95,'Kirguistán','996',95,'Kirguistán 996',NULL,NULL,NULL),(96,'Kiribati','686',96,'Kiribati 686',NULL,NULL,NULL),(97,'Kuwait','965',97,'Kuwait 965',NULL,NULL,NULL),(98,'Laos','856',98,'Laos 856',NULL,NULL,NULL),(99,'Lesoto','266',99,'Lesoto 266',NULL,NULL,NULL),(100,'Letonia','371',100,'Letonia 371',NULL,NULL,NULL),(101,'Líbano','961',101,'Líbano 961',NULL,NULL,NULL),(102,'Liberia','231',102,'Liberia 231',NULL,NULL,NULL),(103,'Libia','218',103,'Libia 218',NULL,NULL,NULL),(104,'Liechtenstein','423',104,'Liechtenstein 423',NULL,NULL,NULL),(105,'Lituania','370',105,'Lituania 370',NULL,NULL,NULL),(106,'Luxemburgo','352',106,'Luxemburgo 352',NULL,NULL,NULL),(107,'Macedonia del Norte','389',107,'Macedonia del Norte 389',NULL,NULL,NULL),(108,'Madagascar','261',108,'Madagascar 261',NULL,NULL,NULL),(109,'Malasia','60',109,'Malasia 60',NULL,NULL,NULL),(110,'Malaui','265',110,'Malaui 265',NULL,NULL,NULL),(111,'Maldivas','960',111,'Maldivas 960',NULL,NULL,NULL),(112,'Malí','223',112,'Malí 223',NULL,NULL,NULL),(113,'Malta','356',113,'Malta 356',NULL,NULL,NULL),(114,'Marruecos','212',114,'Marruecos 212',NULL,NULL,NULL),(115,'Mauricio','230',115,'Mauricio 230',NULL,NULL,NULL),(116,'Mauritania','222',116,'Mauritania 222',NULL,NULL,NULL),(117,'México','52',117,'México 52',NULL,NULL,NULL),(118,'Micronesia','691',118,'Micronesia 691',NULL,NULL,NULL),(119,'Moldavia','373',119,'Moldavia 373',NULL,NULL,NULL),(120,'Mónaco','377',120,'Mónaco 377',NULL,NULL,NULL),(121,'Mongolia','976',121,'Mongolia 976',NULL,NULL,NULL),(122,'Montenegro','382',122,'Montenegro 382',NULL,NULL,NULL),(123,'Mozambique','258',123,'Mozambique 258',NULL,NULL,NULL),(124,'Namibia','264',124,'Namibia 264',NULL,NULL,NULL),(125,'Nauru','674',125,'Nauru 674',NULL,NULL,NULL),(126,'Nepal','977',126,'Nepal 977',NULL,NULL,NULL),(127,'Nicaragua','505',127,'Nicaragua 505',NULL,NULL,NULL),(128,'Níger','227',128,'Níger 227',NULL,NULL,NULL),(129,'Nigeria','234',129,'Nigeria 234',NULL,NULL,NULL),(130,'Noruega','47',130,'Noruega 47',NULL,NULL,NULL),(131,'Nueva Zelanda','64',131,'Nueva Zelanda 64',NULL,NULL,NULL),(132,'Omán','968',132,'Omán 968',NULL,NULL,NULL),(133,'Países Bajos','31',133,'Países Bajos 31',NULL,NULL,NULL),(134,'Pakistán','92',134,'Pakistán 92',NULL,NULL,NULL),(135,'Palaos','680',135,'Palaos 680',NULL,NULL,NULL),(136,'Panamá','507',136,'Panamá 507',NULL,NULL,NULL),(137,'Papúa Nueva Guinea','675',137,'Papúa Nueva Guinea 675',NULL,NULL,NULL),(138,'Paraguay','595',138,'Paraguay 595',NULL,NULL,NULL),(139,'Perú','51',139,'Perú 51',NULL,NULL,NULL),(140,'Polonia','48',140,'Polonia 48',NULL,NULL,NULL),(141,'Portugal','351',141,'Portugal 351',NULL,NULL,NULL);
INSERT INTO `paises_prefijos` VALUES (142,'Reino Unido','44',142,'Reino Unido 44',NULL,NULL,NULL),(143,'República Centroafricana','236',143,'República Centroafricana 236',NULL,NULL,NULL),(144,'República Checa','420',144,'República Checa 420',NULL,NULL,NULL),(145,'República del Congo','242',145,'República del Congo 242',NULL,NULL,NULL),(146,'República Democrática del Congo','243',146,'República Democrática del Congo 243',NULL,NULL,NULL),(147,'República Dominicana','1-809',147,'República Dominicana 1-809',NULL,NULL,NULL),(148,'Ruanda','250',148,'Ruanda 250',NULL,NULL,NULL),(149,'Rumania','40',149,'Rumania 40',NULL,NULL,NULL),(150,'Rusia','7',150,'Rusia 7',NULL,NULL,NULL),(151,'Samoa','685',151,'Samoa 685',NULL,NULL,NULL),(152,'San Cristóbal y Nieves','1-869',152,'San Cristóbal y Nieves 1-869',NULL,NULL,NULL),(153,'San Marino','378',153,'San Marino 378',NULL,NULL,NULL),(154,'San Vicente y las Granadinas','1-784',154,'San Vicente y las Granadinas 1-784',NULL,NULL,NULL),(155,'Santa Lucía','1-758',155,'Santa Lucía 1-758',NULL,NULL,NULL),(156,'Santo Tomé y Príncipe','239',156,'Santo Tomé y Príncipe 239',NULL,NULL,NULL),(157,'Senegal','221',157,'Senegal 221',NULL,NULL,NULL),(158,'Serbia','381',158,'Serbia 381',NULL,NULL,NULL),(159,'Seychelles','248',159,'Seychelles 248',NULL,NULL,NULL),(160,'Sierra Leona','232',160,'Sierra Leona 232',NULL,NULL,NULL),(161,'Singapur','65',161,'Singapur 65',NULL,NULL,NULL),(162,'Siria','963',162,'Siria 963',NULL,NULL,NULL),(163,'Somalia','252',163,'Somalia 252',NULL,NULL,NULL),(164,'Sri Lanka','94',164,'Sri Lanka 94',NULL,NULL,NULL),(165,'Sudáfrica','27',165,'Sudáfrica 27',NULL,NULL,NULL),(166,'Sudán','249',166,'Sudán 249',NULL,NULL,NULL),(167,'Sudán del Sur','211',167,'Sudán del Sur 211',NULL,NULL,NULL),(168,'Suecia','46',168,'Suecia 46',NULL,NULL,NULL),(169,'Suiza','41',169,'Suiza 41',NULL,NULL,NULL),(170,'Surinam','597',170,'Surinam 597',NULL,NULL,NULL),(171,'Tailandia','66',171,'Tailandia 66',NULL,NULL,NULL),(172,'Taiwán','886',172,'Taiwán 886',NULL,NULL,NULL),(173,'Tanzania','255',173,'Tanzania 255',NULL,NULL,NULL),(174,'Tayikistán','992',174,'Tayikistán 992',NULL,NULL,NULL),(175,'Timor Oriental','670',175,'Timor Oriental 670',NULL,NULL,NULL),(176,'Togo','228',176,'Togo 228',NULL,NULL,NULL),(177,'Tonga','676',177,'Tonga 676',NULL,NULL,NULL),(178,'Trinidad y Tobago','1-868',178,'Trinidad y Tobago 1-868',NULL,NULL,NULL),(179,'Túnez','216',179,'Túnez 216',NULL,NULL,NULL),(180,'Turkmenistán','993',180,'Turkmenistán 993',NULL,NULL,NULL),(181,'Turquía','90',181,'Turquía 90',NULL,NULL,NULL),(182,'Tuvalu','688',182,'Tuvalu 688',NULL,NULL,NULL),(183,'Ucrania','380',183,'Ucrania 380',NULL,NULL,NULL),(184,'Uganda','256',184,'Uganda 256',NULL,NULL,NULL),(185,'Uruguay','598',185,'Uruguay 598',NULL,NULL,NULL),(186,'Uzbekistán','998',186,'Uzbekistán 998',NULL,NULL,NULL),(187,'Vanuatu','678',187,'Vanuatu 678',NULL,NULL,NULL),(188,'Vaticano','379',188,'Vaticano 379',NULL,NULL,NULL),(189,'Venezuela','58',189,'Venezuela 58',NULL,NULL,NULL),(190,'Vietnam','84',190,'Vietnam 84',NULL,NULL,NULL),(191,'Yemen','967',191,'Yemen 967',NULL,NULL,NULL),(192,'Yibuti','253',192,'Yibuti 253',NULL,NULL,NULL),(193,'Zambia','260',193,'Zambia 260',NULL,NULL,NULL),(194,'Zimbabue','263',194,'Zimbabue 263',NULL,NULL,NULL);

--
-- Table structure for table `password_resets`
--

CREATE TABLE `password_resets` (
  `email` varchar(180) COLLATE utf8mb4_unicode_ci NOT NULL,
  `token` varchar(180) COLLATE utf8mb4_unicode_ci NOT NULL,
  `created_at` timestamp NULL DEFAULT NULL,
  UNIQUE KEY `password_resets_email_token_unique` (`email`,`token`),
  KEY `password_resets_email_index` (`email`)
) ENGINE=InnoDB DEFAULT CHARSET=utf8mb4 COLLATE=utf8mb4_unicode_ci;

--
-- Dumping data for table `password_resets`
--


--
-- Table structure for table `path_of_file`
--

CREATE TABLE `path_of_file` (
  `id` int(10) unsigned NOT NULL AUTO_INCREMENT,
  `user_id` int(10) unsigned DEFAULT NULL,
  `person_id` int(10) unsigned DEFAULT NULL,
  `person_id_relationed` int(10) unsigned DEFAULT NULL,
  `path_of_file_name_id` int(10) unsigned DEFAULT NULL,
  `path` longtext COLLATE utf8mb4_unicode_ci,
  `storage` varchar(191) COLLATE utf8mb4_unicode_ci DEFAULT NULL,
  `comentario` varchar(191) COLLATE utf8mb4_unicode_ci DEFAULT NULL,
  `descripcion` varchar(191) COLLATE utf8mb4_unicode_ci DEFAULT NULL,
  `created_at` timestamp NULL DEFAULT NULL,
  `updated_at` timestamp NULL DEFAULT NULL,
  `deleted_at` timestamp NULL DEFAULT NULL,
  PRIMARY KEY (`id`),
  KEY `path_of_file_person_id_foreign` (`person_id`),
  KEY `path_of_file_person_id_relationed_foreign` (`person_id_relationed`),
  KEY `path_of_file_path_of_file_name_id_foreign` (`path_of_file_name_id`),
  CONSTRAINT `path_of_file_path_of_file_name_id_foreign` FOREIGN KEY (`path_of_file_name_id`) REFERENCES `path_of_file_names` (`id`),
  CONSTRAINT `path_of_file_person_id_foreign` FOREIGN KEY (`person_id`) REFERENCES `persons` (`id`),
  CONSTRAINT `path_of_file_person_id_relationed_foreign` FOREIGN KEY (`person_id_relationed`) REFERENCES `persons` (`id`)
) ENGINE=InnoDB AUTO_INCREMENT=20 DEFAULT CHARSET=utf8mb4 COLLATE=utf8mb4_unicode_ci;

--
-- Dumping data for table `path_of_file`
--

INSERT INTO `path_of_file` VALUES (1,NULL,NULL,NULL,6,'ERROR',NULL,NULL,'GOMEZ GERMAN GONZALO Comprobantes Recibidos Este Mes','2022-11-25 18:45:29','2022-11-25 19:00:00','2022-11-25 19:00:00'),(2,NULL,NULL,NULL,6,'<a href=\"https://taxes.com.ar/storage/puppeteer/27-22228854-7/Mis Comprobantes Recibidos - CUIT 20251299456.xlsx\">DESCARGAR</a>',NULL,NULL,'GOMEZ GERMAN GONZALO Comprobantes Recibidos Mes Pasado','2022-11-25 19:00:07','2022-11-25 23:00:02','2022-11-25 23:00:02'),(3,NULL,NULL,NULL,6,'<a href=\"https://taxes.com.ar/storage/puppeteer/27-22228854-7/Mis Comprobantes Emitidos - CUIT 20377822537.xlsx\">DESCARGAR</a>',NULL,NULL,'REYNOSO LUCAS NELSON Comprobantes Emitidos Este Mes','2022-11-27 18:26:49','2022-11-27 23:00:01','2022-11-27 23:00:01'),(4,NULL,NULL,NULL,6,'ERROR',NULL,NULL,'REYNOSO LUCAS NELSON Comprobantes Emitidos Mes Pasado','2022-12-04 21:15:24','2022-12-07 00:51:06','2022-12-07 00:51:06'),(5,NULL,NULL,NULL,6,'ERROR',NULL,NULL,'REYNOSO LUCAS NELSON Comprobantes Emitidos Mes Pasado','2022-12-04 21:25:28','2022-12-07 00:51:06','2022-12-07 00:51:06'),(6,NULL,NULL,NULL,6,'ERROR',NULL,NULL,'CHRISTIAN  QUANTIN Comprobantes Recibidos Mes Pasado','2022-12-07 00:51:38','2022-12-07 01:00:53','2022-12-07 01:00:53'),(11,NULL,NULL,NULL,6,'ERROR',NULL,NULL,'VERONICA DANIELA GOMEZ Comprobantes Emitidos Mes Pasado','2022-12-07 01:41:28','2022-12-11 20:16:04','2022-12-11 20:16:04'),(12,NULL,NULL,NULL,13,'ERROR',NULL,'No node found for selector: #buscadorInput\n','REYNOSO LUCAS NELSON Generar VEP','2022-12-09 18:28:16','2022-12-09 18:34:16','2022-12-09 18:34:16'),(13,NULL,NULL,NULL,13,'Detalle del VEP #1031635398\n',NULL,NULL,'REYNOSO LUCAS NELSON Generar VEP','2022-12-09 18:34:28','2022-12-10 22:55:29','2022-12-10 22:55:29'),(14,NULL,NULL,NULL,6,'<a href=\"https://taxes.com.ar/storage/puppeteer/27-22228854-7/Mis Comprobantes Emitidos - CUIT 20251299456.xlsx\">DESCARGAR</a>',NULL,NULL,'GOMEZ GERMAN GONZALO Comprobantes Emitidos Mes Pasado','2022-12-11 20:16:24','2022-12-11 20:17:36','2022-12-11 20:17:36'),(15,NULL,NULL,NULL,6,'<a href=\"https://taxes.com.ar/storage/puppeteer/27-22228854-7/Mis Comprobantes Emitidos - CUIT 27241025182.xlsx\">DESCARGAR</a>',NULL,NULL,'SOTELO MARTA Comprobantes Emitidos Mes Pasado','2022-12-11 23:40:15','2022-12-11 23:42:01','2022-12-11 23:42:01'),(16,NULL,NULL,NULL,13,'Detalle del VEP #1045708476\n',NULL,NULL,'EQUISE PABLO RAFAEL Generar VEP','2023-01-15 19:18:33','2023-01-15 19:58:46','2023-01-15 19:58:46'),(17,NULL,NULL,NULL,6,'ERROR',NULL,NULL,'ROMANELLI DIEGO OSCAR Comprobantes Emitidos Mes Pasado','2023-01-31 01:16:10','2023-02-17 21:27:01','2023-02-17 21:27:01'),(18,NULL,NULL,NULL,6,'<a href=\"https://taxes.com.ar/storage/puppeteer/27-22228854-7/Mis Comprobantes Emitidos - CUIT 20291300457.xlsx\">DESCARGAR</a>',NULL,NULL,'EQUISE PABLO RAFAEL Comprobantes Emitidos Mes Pasado','2023-02-17 21:27:30','2023-02-17 23:00:02','2023-02-17 23:00:02'),(19,NULL,NULL,NULL,13,'Detalle del VEP #1065094239\n',NULL,NULL,'GOMEZ GERMAN GONZALO Generar VEP','2023-03-04 19:36:12','2023-03-04 19:37:27',NULL);

--
-- Table structure for table `path_of_file_names`
--

CREATE TABLE `path_of_file_names` (
  `id` int(10) unsigned NOT NULL AUTO_INCREMENT,
  `user_id` int(10) unsigned DEFAULT NULL,
  `descripcion` text COLLATE utf8mb4_unicode_ci NOT NULL,
  `created_at` timestamp NULL DEFAULT NULL,
  `updated_at` timestamp NULL DEFAULT NULL,
  `deleted_at` timestamp NULL DEFAULT NULL,
  PRIMARY KEY (`id`)
) ENGINE=InnoDB AUTO_INCREMENT=15 DEFAULT CHARSET=utf8mb4 COLLATE=utf8mb4_unicode_ci;

--
-- Dumping data for table `path_of_file_names`
--

INSERT INTO `path_of_file_names` VALUES (1,NULL,'Libro IVA Compras - Ventas',NULL,NULL,NULL),(2,NULL,'Libro Diario',NULL,NULL,NULL),(3,NULL,'Mayores',NULL,NULL,NULL),(4,NULL,'Sumas y Saldos',NULL,NULL,NULL),(5,NULL,'Comprobantes Todas las Empresas','2022-11-08 09:47:16','2022-11-08 09:47:16',NULL),(6,NULL,'Bot Mis Comprobantes','2022-11-08 09:47:17','2022-11-08 09:47:17',NULL),(7,NULL,'SICOSS','2022-11-08 09:47:26','2022-11-08 09:47:26',NULL),(13,NULL,'Bot Generar Vep','2022-12-07 07:46:35','2022-12-07 07:46:35',NULL),(14,NULL,'TXT LSD','2023-04-15 13:05:52','2023-04-15 13:05:52',NULL);

--
-- Table structure for table `pay_methods`
--

CREATE TABLE `pay_methods` (
  `id` int(10) unsigned NOT NULL AUTO_INCREMENT,
  `description` varchar(180) COLLATE utf8mb4_unicode_ci NOT NULL,
  `created_at` timestamp NULL DEFAULT NULL,
  `updated_at` timestamp NULL DEFAULT NULL,
  PRIMARY KEY (`id`),
  UNIQUE KEY `pay_methods_description_unique` (`description`)
) ENGINE=InnoDB AUTO_INCREMENT=5 DEFAULT CHARSET=utf8mb4 COLLATE=utf8mb4_unicode_ci;

--
-- Dumping data for table `pay_methods`
--

INSERT INTO `pay_methods` VALUES (1,'INTERBANKING',NULL,NULL),(2,'VEP PAGOMISCUENTAS',NULL,NULL),(3,'VEP REDLINK',NULL,NULL),(4,'FORMULARIO',NULL,NULL);

--
-- Table structure for table `period_liquidation_details`
--

CREATE TABLE `period_liquidation_details` (
  `id` int(10) unsigned NOT NULL AUTO_INCREMENT,
  `user_id` int(10) unsigned DEFAULT NULL,
  `period_liquidation_id` int(10) unsigned NOT NULL,
  `period_id` int(10) unsigned NOT NULL,
  `person_id` int(10) unsigned NOT NULL,
  `zone_id` int(10) unsigned NOT NULL,
  `calculo_iibb` int(10) unsigned NOT NULL DEFAULT '1',
  `actividad_id` int(10) unsigned NOT NULL DEFAULT '1',
  `coef` decimal(16,4) NOT NULL DEFAULT '0.0000',
  `aliquot` decimal(16,4) NOT NULL DEFAULT '0.0000',
  `cm_articulo_regimen_id` int(10) unsigned NOT NULL DEFAULT '1',
  `base_amount` decimal(16,2) NOT NULL DEFAULT '0.00',
  `tax_amount` decimal(16,2) NOT NULL DEFAULT '0.00',
  `previous_period_balance` decimal(16,2) NOT NULL DEFAULT '0.00',
  `sircreb_amount` decimal(16,2) NOT NULL DEFAULT '0.00',
  `perception_amount` decimal(16,2) NOT NULL DEFAULT '0.00',
  `retention_amount` decimal(16,2) NOT NULL DEFAULT '0.00',
  `positive_amount` decimal(16,2) NOT NULL DEFAULT '0.00',
  `negative_amount` decimal(16,2) NOT NULL DEFAULT '0.00',
  `balance` int(11) NOT NULL DEFAULT '0',
  `created_at` timestamp NULL DEFAULT NULL,
  `updated_at` timestamp NULL DEFAULT NULL,
  `deleted_at` timestamp NULL DEFAULT NULL,
  PRIMARY KEY (`id`),
  KEY `period_liquidation_details_period_liquidation_id_foreign` (`period_liquidation_id`),
  KEY `period_liquidation_details_period_id_foreign` (`period_id`),
  KEY `period_liquidation_details_person_id_foreign` (`person_id`),
  KEY `period_liquidation_details_zone_id_foreign` (`zone_id`),
  KEY `period_liquidation_details_actividad_id_foreign` (`actividad_id`),
  KEY `period_liquidation_details_cm_articulo_regimen_id_foreign` (`cm_articulo_regimen_id`),
  CONSTRAINT `period_liquidation_details_actividad_id_foreign` FOREIGN KEY (`actividad_id`) REFERENCES `activities` (`id`),
  CONSTRAINT `period_liquidation_details_cm_articulo_regimen_id_foreign` FOREIGN KEY (`cm_articulo_regimen_id`) REFERENCES `cm_articulos_regimenes` (`id`),
  CONSTRAINT `period_liquidation_details_period_id_foreign` FOREIGN KEY (`period_id`) REFERENCES `periods` (`id`),
  CONSTRAINT `period_liquidation_details_period_liquidation_id_foreign` FOREIGN KEY (`period_liquidation_id`) REFERENCES `period_liquidations` (`id`),
  CONSTRAINT `period_liquidation_details_person_id_foreign` FOREIGN KEY (`person_id`) REFERENCES `persons` (`id`),
  CONSTRAINT `period_liquidation_details_zone_id_foreign` FOREIGN KEY (`zone_id`) REFERENCES `zones` (`id`)
) ENGINE=InnoDB AUTO_INCREMENT=1088 DEFAULT CHARSET=utf8mb4 COLLATE=utf8mb4_unicode_ci;

--
-- Dumping data for table `period_liquidation_details`
--

INSERT INTO `period_liquidation_details` VALUES (58,8081,28,9027,40731,23,1,602,0.5358,2.5000,1,320215.00,4289.28,0.00,0.00,0.00,0.00,0.00,0.00,0,'2022-11-27 03:58:55','2022-11-27 03:58:55',NULL),(59,8081,28,9027,40731,22,1,602,0.4642,3.0000,1,320215.00,4459.31,0.00,0.00,0.00,0.00,0.00,0.00,0,'2022-11-27 03:58:55','2022-11-27 03:58:55',NULL),(62,8081,30,1515,40720,23,1,401,0.6128,2.5000,1,680000.00,10417.60,0.00,0.00,0.00,0.00,0.00,0.00,0,'2022-11-28 14:29:09','2022-11-28 14:29:09',NULL),(63,8081,30,1515,40720,22,1,401,0.3872,2.5000,1,680000.00,6582.40,0.00,0.00,0.00,0.00,0.00,0.00,0,'2022-11-28 14:29:09','2022-11-28 14:29:09',NULL),(72,8081,35,296865,40720,23,1,401,0.6128,2.5000,1,215000.00,3293.80,0.00,0.00,0.00,0.00,0.00,0.00,0,'2022-12-09 16:09:08','2022-12-09 16:09:08',NULL),(73,8081,35,296865,40720,22,1,401,0.3872,2.5000,1,215000.00,2081.20,0.00,0.00,0.00,0.00,0.00,0.00,0,'2022-12-09 16:09:08','2022-12-09 16:09:08',NULL),(98,8081,48,9028,40731,23,1,602,0.5358,2.5000,1,393726.96,5273.97,0.00,0.00,0.00,0.00,0.00,0.00,0,'2022-12-11 01:39:51','2022-12-11 01:39:51',NULL),(99,8081,48,9028,40731,22,1,602,0.4642,3.0000,1,393726.96,5483.04,0.00,0.00,0.00,0.00,0.00,0.00,0,'2022-12-11 01:39:51','2022-12-11 01:39:51',NULL),(108,8081,53,1516,40720,23,1,401,0.6128,2.5000,1,200000.00,3064.00,0.00,0.00,0.00,0.00,0.00,0.00,0,'2022-12-11 23:24:16','2022-12-11 23:24:16',NULL),(109,8081,53,1516,40720,22,1,401,0.3872,2.5000,1,200000.00,1936.00,0.00,0.00,0.00,0.00,0.00,0.00,0,'2022-12-11 23:24:16','2022-12-11 23:24:16',NULL),(204,8081,69,296866,40720,23,1,401,0.6128,2.5000,1,218600.00,3348.95,0.00,0.00,0.00,0.00,0.00,0.00,0,'2022-12-12 11:40:26','2022-12-12 11:40:26',NULL),(205,8081,69,296866,40720,22,1,401,0.3872,2.5000,1,218600.00,2116.05,0.00,0.00,0.00,0.00,0.00,0.00,0,'2022-12-12 11:40:26','2022-12-12 11:40:26',NULL),(206,8081,70,296867,40720,23,1,401,0.6128,2.5000,1,220200.00,3373.46,0.00,0.00,0.00,0.00,0.00,0.00,0,'2022-12-12 11:40:43','2022-12-12 11:40:43',NULL),(207,8081,70,296867,40720,22,1,401,0.3872,2.5000,1,220200.00,2131.54,0.00,0.00,0.00,0.00,0.00,0.00,0,'2022-12-12 11:40:43','2022-12-12 11:40:43',NULL),(208,8081,71,296868,40720,23,1,401,0.6128,2.5000,1,228900.00,3506.75,0.00,0.00,0.00,0.00,0.00,0.00,0,'2022-12-12 11:41:00','2022-12-12 11:41:00',NULL),(209,8081,71,296868,40720,22,1,401,0.3872,2.5000,1,228900.00,2215.75,0.00,0.00,0.00,0.00,0.00,0.00,0,'2022-12-12 11:41:00','2022-12-12 11:41:00',NULL),(210,8081,72,296869,40720,23,1,401,0.6128,2.5000,1,548800.00,8407.62,0.00,0.00,0.00,0.00,0.00,0.00,0,'2022-12-12 11:41:25','2022-12-12 11:41:25',NULL),(211,8081,72,296869,40720,22,1,401,0.3872,2.5000,1,548800.00,5312.38,0.00,0.00,0.00,0.00,0.00,0.00,0,'2022-12-12 11:41:25','2022-12-12 11:41:25',NULL),(212,8081,73,296870,40720,23,1,401,0.6128,2.5000,1,29025.00,444.66,0.00,0.00,0.00,0.00,0.00,0.00,0,'2022-12-12 11:41:44','2022-12-12 11:41:44',NULL),(213,8081,73,296870,40720,22,1,401,0.3872,2.5000,1,29025.00,280.96,0.00,0.00,0.00,0.00,0.00,0.00,0,'2022-12-12 11:41:44','2022-12-12 11:41:44',NULL),(214,8081,74,296871,40720,23,1,401,0.6128,2.5000,1,250000.00,3830.00,0.00,0.00,0.00,0.00,0.00,0.00,0,'2022-12-12 11:42:03','2022-12-12 11:42:03',NULL),(215,8081,74,296871,40720,22,1,401,0.3872,2.5000,1,250000.00,2420.00,0.00,0.00,0.00,0.00,0.00,0.00,0,'2022-12-12 11:42:03','2022-12-12 11:42:03',NULL),(216,8081,75,296872,40720,23,1,401,0.6128,2.5000,1,120000.00,1838.40,0.00,0.00,0.00,0.00,0.00,0.00,0,'2022-12-12 11:42:23','2022-12-12 11:42:23',NULL),(217,8081,75,296872,40720,22,1,401,0.3872,2.5000,1,120000.00,1161.60,0.00,0.00,0.00,0.00,0.00,0.00,0,'2022-12-12 11:42:23','2022-12-12 11:42:23',NULL),(218,8081,76,296873,40720,23,1,401,0.6128,2.5000,1,55000.00,842.60,0.00,0.00,0.00,0.00,0.00,0.00,0,'2022-12-12 11:42:44','2022-12-12 11:42:44',NULL),(219,8081,76,296873,40720,22,1,401,0.3872,2.5000,1,55000.00,532.40,0.00,0.00,0.00,0.00,0.00,0.00,0,'2022-12-12 11:42:44','2022-12-12 11:42:44',NULL);
INSERT INTO `period_liquidation_details` VALUES (360,8081,91,295337,41120,23,1,602,0.0000,3.5000,10,50175.00,0.00,0.00,0.00,0.00,0.00,0.00,0.00,0,'2022-12-12 12:16:10','2022-12-12 12:16:10',NULL),(361,8081,91,295337,41120,23,1,637,0.0000,3.5000,10,0.00,0.00,0.00,0.00,0.00,0.00,0.00,0.00,0,'2022-12-12 12:16:10','2022-12-12 12:16:10',NULL),(362,8081,91,295337,41120,22,1,602,0.0000,3.0000,10,50175.00,0.00,0.00,0.00,0.00,0.00,0.00,0.00,0,'2022-12-12 12:16:10','2022-12-12 12:16:10',NULL),(363,8081,91,295337,41120,22,1,637,0.0000,3.0000,10,0.00,0.00,0.00,0.00,0.00,0.00,0.00,0.00,0,'2022-12-12 12:16:10','2022-12-12 12:16:10',NULL),(364,8081,91,295337,41120,1,1,602,0.0000,4.7500,10,50175.00,0.00,0.00,0.00,0.00,0.00,0.00,0.00,0,'2022-12-12 12:16:10','2022-12-12 12:16:10',NULL),(365,8081,91,295337,41120,1,1,637,0.0000,4.7500,10,0.00,0.00,0.00,0.00,0.00,0.00,0.00,0.00,0,'2022-12-12 12:16:10','2022-12-12 12:16:10',NULL),(366,8081,91,295337,41120,17,1,602,0.0000,3.0000,10,50175.00,0.00,0.00,0.00,0.00,0.00,0.00,0.00,0,'2022-12-12 12:16:10','2022-12-12 12:16:10',NULL),(367,8081,91,295337,41120,17,1,637,0.0000,3.0000,10,0.00,0.00,0.00,0.00,0.00,0.00,0.00,0.00,0,'2022-12-12 12:16:10','2022-12-12 12:16:10',NULL),(368,8081,91,295337,41120,16,1,602,0.0000,4.2000,1,50175.00,0.00,0.00,0.00,0.00,0.00,0.00,0.00,0,'2022-12-12 12:16:10','2022-12-12 12:16:10',NULL),(369,8081,91,295337,41120,16,1,637,0.0000,4.2000,10,0.00,0.00,0.00,0.00,0.00,0.00,0.00,0.00,0,'2022-12-12 12:16:10','2022-12-12 12:16:10',NULL),(370,8081,92,295338,41120,23,1,602,0.0000,3.5000,10,177150.00,0.00,0.00,0.00,0.00,0.00,0.00,0.00,0,'2022-12-12 12:16:31','2022-12-12 12:16:31',NULL),(371,8081,92,295338,41120,23,1,637,0.0000,3.5000,10,0.00,0.00,0.00,0.00,0.00,0.00,0.00,0.00,0,'2022-12-12 12:16:31','2022-12-12 12:16:31',NULL),(372,8081,92,295338,41120,22,1,602,0.0000,3.0000,10,177150.00,0.00,0.00,0.00,0.00,0.00,0.00,0.00,0,'2022-12-12 12:16:31','2022-12-12 12:16:31',NULL),(373,8081,92,295338,41120,22,1,637,0.0000,3.0000,10,0.00,0.00,0.00,0.00,0.00,0.00,0.00,0.00,0,'2022-12-12 12:16:31','2022-12-12 12:16:31',NULL),(374,8081,92,295338,41120,1,1,602,0.0000,4.7500,10,177150.00,0.00,0.00,0.00,0.00,0.00,0.00,0.00,0,'2022-12-12 12:16:31','2022-12-12 12:16:31',NULL),(375,8081,92,295338,41120,1,1,637,0.0000,4.7500,10,0.00,0.00,0.00,0.00,0.00,0.00,0.00,0.00,0,'2022-12-12 12:16:31','2022-12-12 12:16:31',NULL),(376,8081,92,295338,41120,17,1,602,0.0000,3.0000,10,177150.00,0.00,0.00,0.00,0.00,0.00,0.00,0.00,0,'2022-12-12 12:16:32','2022-12-12 12:16:32',NULL),(377,8081,92,295338,41120,17,1,637,0.0000,3.0000,10,0.00,0.00,0.00,0.00,0.00,0.00,0.00,0.00,0,'2022-12-12 12:16:32','2022-12-12 12:16:32',NULL),(378,8081,92,295338,41120,16,1,602,0.0000,4.2000,1,177150.00,0.00,0.00,0.00,0.00,0.00,0.00,0.00,0,'2022-12-12 12:16:32','2022-12-12 12:16:32',NULL),(379,8081,92,295338,41120,16,1,637,0.0000,4.2000,10,0.00,0.00,0.00,0.00,0.00,0.00,0.00,0.00,0,'2022-12-12 12:16:32','2022-12-12 12:16:32',NULL),(380,8081,93,295339,41120,23,1,602,0.0000,3.5000,10,156250.00,0.00,0.00,0.00,0.00,0.00,0.00,0.00,0,'2022-12-12 12:16:53','2022-12-12 12:16:53',NULL),(381,8081,93,295339,41120,23,1,637,0.0000,3.5000,10,0.00,0.00,0.00,0.00,0.00,0.00,0.00,0.00,0,'2022-12-12 12:16:53','2022-12-12 12:16:53',NULL),(382,8081,93,295339,41120,22,1,602,0.0000,3.0000,10,156250.00,0.00,0.00,0.00,0.00,0.00,0.00,0.00,0,'2022-12-12 12:16:53','2022-12-12 12:16:53',NULL),(383,8081,93,295339,41120,22,1,637,0.0000,3.0000,10,0.00,0.00,0.00,0.00,0.00,0.00,0.00,0.00,0,'2022-12-12 12:16:53','2022-12-12 12:16:53',NULL),(384,8081,93,295339,41120,1,1,602,0.0000,4.7500,10,156250.00,0.00,0.00,0.00,0.00,0.00,0.00,0.00,0,'2022-12-12 12:16:53','2022-12-12 12:16:53',NULL),(385,8081,93,295339,41120,1,1,637,0.0000,4.7500,10,0.00,0.00,0.00,0.00,0.00,0.00,0.00,0.00,0,'2022-12-12 12:16:53','2022-12-12 12:16:53',NULL),(386,8081,93,295339,41120,17,1,602,0.0000,3.0000,10,156250.00,0.00,0.00,0.00,0.00,0.00,0.00,0.00,0,'2022-12-12 12:16:53','2022-12-12 12:16:53',NULL);
INSERT INTO `period_liquidation_details` VALUES (387,8081,93,295339,41120,17,1,637,0.0000,3.0000,10,0.00,0.00,0.00,0.00,0.00,0.00,0.00,0.00,0,'2022-12-12 12:16:53','2022-12-12 12:16:53',NULL),(388,8081,93,295339,41120,16,1,602,0.0000,4.2000,1,156250.00,0.00,0.00,0.00,0.00,0.00,0.00,0.00,0,'2022-12-12 12:16:53','2022-12-12 12:16:53',NULL),(389,8081,93,295339,41120,16,1,637,0.0000,4.2000,10,0.00,0.00,0.00,0.00,0.00,0.00,0.00,0.00,0,'2022-12-12 12:16:53','2022-12-12 12:16:53',NULL),(390,8081,94,295340,41120,23,1,602,0.0000,3.5000,10,230490.00,0.00,0.00,0.00,0.00,0.00,0.00,0.00,0,'2022-12-12 12:17:11','2022-12-12 12:17:11',NULL),(391,8081,94,295340,41120,23,1,637,0.0000,3.5000,10,0.00,0.00,0.00,0.00,0.00,0.00,0.00,0.00,0,'2022-12-12 12:17:11','2022-12-12 12:17:11',NULL),(392,8081,94,295340,41120,22,1,602,0.0000,3.0000,10,230490.00,0.00,0.00,0.00,0.00,0.00,0.00,0.00,0,'2022-12-12 12:17:11','2022-12-12 12:17:11',NULL),(393,8081,94,295340,41120,22,1,637,0.0000,3.0000,10,0.00,0.00,0.00,0.00,0.00,0.00,0.00,0.00,0,'2022-12-12 12:17:11','2022-12-12 12:17:11',NULL),(394,8081,94,295340,41120,1,1,602,0.0000,4.7500,10,230490.00,0.00,0.00,0.00,0.00,0.00,0.00,0.00,0,'2022-12-12 12:17:11','2022-12-12 12:17:11',NULL),(395,8081,94,295340,41120,1,1,637,0.0000,4.7500,10,0.00,0.00,0.00,0.00,0.00,0.00,0.00,0.00,0,'2022-12-12 12:17:11','2022-12-12 12:17:11',NULL),(396,8081,94,295340,41120,17,1,602,0.0000,3.0000,10,230490.00,0.00,0.00,0.00,0.00,0.00,0.00,0.00,0,'2022-12-12 12:17:11','2022-12-12 12:17:11',NULL),(397,8081,94,295340,41120,17,1,637,0.0000,3.0000,10,0.00,0.00,0.00,0.00,0.00,0.00,0.00,0.00,0,'2022-12-12 12:17:11','2022-12-12 12:17:11',NULL),(398,8081,94,295340,41120,16,1,602,0.0000,4.2000,1,230490.00,0.00,0.00,0.00,0.00,0.00,0.00,0.00,0,'2022-12-12 12:17:11','2022-12-12 12:17:11',NULL),(399,8081,94,295340,41120,16,1,637,0.0000,4.2000,10,0.00,0.00,0.00,0.00,0.00,0.00,0.00,0.00,0,'2022-12-12 12:17:11','2022-12-12 12:17:11',NULL),(400,8081,95,295341,41120,23,1,602,0.0000,3.5000,10,115100.00,0.00,0.00,0.00,0.00,0.00,0.00,0.00,0,'2022-12-12 12:17:35','2022-12-12 12:17:35',NULL),(401,8081,95,295341,41120,23,1,637,0.0000,3.5000,10,0.00,0.00,0.00,0.00,0.00,0.00,0.00,0.00,0,'2022-12-12 12:17:35','2022-12-12 12:17:35',NULL),(402,8081,95,295341,41120,22,1,602,0.0000,3.0000,10,115100.00,0.00,0.00,0.00,0.00,0.00,0.00,0.00,0,'2022-12-12 12:17:35','2022-12-12 12:17:35',NULL),(403,8081,95,295341,41120,22,1,637,0.0000,3.0000,10,0.00,0.00,0.00,0.00,0.00,0.00,0.00,0.00,0,'2022-12-12 12:17:35','2022-12-12 12:17:35',NULL),(404,8081,95,295341,41120,1,1,602,0.0000,4.7500,10,115100.00,0.00,0.00,0.00,0.00,0.00,0.00,0.00,0,'2022-12-12 12:17:35','2022-12-12 12:17:35',NULL),(405,8081,95,295341,41120,1,1,637,0.0000,4.7500,10,0.00,0.00,0.00,0.00,0.00,0.00,0.00,0.00,0,'2022-12-12 12:17:35','2022-12-12 12:17:35',NULL),(406,8081,95,295341,41120,17,1,602,0.0000,3.0000,10,115100.00,0.00,0.00,0.00,0.00,0.00,0.00,0.00,0,'2022-12-12 12:17:35','2022-12-12 12:17:35',NULL),(407,8081,95,295341,41120,17,1,637,0.0000,3.0000,10,0.00,0.00,0.00,0.00,0.00,0.00,0.00,0.00,0,'2022-12-12 12:17:35','2022-12-12 12:17:35',NULL),(408,8081,95,295341,41120,16,1,602,0.0000,4.2000,1,115100.00,0.00,0.00,0.00,0.00,0.00,0.00,0.00,0,'2022-12-12 12:17:35','2022-12-12 12:17:35',NULL),(409,8081,95,295341,41120,16,1,637,0.0000,4.2000,10,0.00,0.00,0.00,0.00,0.00,0.00,0.00,0.00,0,'2022-12-12 12:17:35','2022-12-12 12:17:35',NULL),(410,8081,96,295342,41120,23,1,602,0.0000,3.5000,10,228020.00,0.00,0.00,0.00,0.00,0.00,0.00,0.00,0,'2022-12-12 12:17:55','2022-12-12 12:17:55',NULL),(411,8081,96,295342,41120,23,1,637,0.0000,3.5000,10,0.00,0.00,0.00,0.00,0.00,0.00,0.00,0.00,0,'2022-12-12 12:17:55','2022-12-12 12:17:55',NULL),(412,8081,96,295342,41120,22,1,602,0.0000,3.0000,10,228020.00,0.00,0.00,0.00,0.00,0.00,0.00,0.00,0,'2022-12-12 12:17:55','2022-12-12 12:17:55',NULL),(413,8081,96,295342,41120,22,1,637,0.0000,3.0000,10,0.00,0.00,0.00,0.00,0.00,0.00,0.00,0.00,0,'2022-12-12 12:17:55','2022-12-12 12:17:55',NULL);
INSERT INTO `period_liquidation_details` VALUES (414,8081,96,295342,41120,1,1,602,0.0000,4.7500,10,228020.00,0.00,0.00,0.00,0.00,0.00,0.00,0.00,0,'2022-12-12 12:17:55','2022-12-12 12:17:55',NULL),(415,8081,96,295342,41120,1,1,637,0.0000,4.7500,10,0.00,0.00,0.00,0.00,0.00,0.00,0.00,0.00,0,'2022-12-12 12:17:55','2022-12-12 12:17:55',NULL),(416,8081,96,295342,41120,17,1,602,0.0000,3.0000,10,228020.00,0.00,0.00,0.00,0.00,0.00,0.00,0.00,0,'2022-12-12 12:17:55','2022-12-12 12:17:55',NULL),(417,8081,96,295342,41120,17,1,637,0.0000,3.0000,10,0.00,0.00,0.00,0.00,0.00,0.00,0.00,0.00,0,'2022-12-12 12:17:55','2022-12-12 12:17:55',NULL),(418,8081,96,295342,41120,16,1,602,0.0000,4.2000,1,228020.00,0.00,0.00,0.00,0.00,0.00,0.00,0.00,0,'2022-12-12 12:17:55','2022-12-12 12:17:55',NULL),(419,8081,96,295342,41120,16,1,637,0.0000,4.2000,10,0.00,0.00,0.00,0.00,0.00,0.00,0.00,0.00,0,'2022-12-12 12:17:55','2022-12-12 12:17:55',NULL),(420,8081,97,295343,41120,23,1,602,0.0000,3.5000,10,66000.00,0.00,0.00,0.00,0.00,0.00,0.00,0.00,0,'2022-12-12 12:19:08','2022-12-12 12:19:08',NULL),(421,8081,97,295343,41120,23,1,637,0.0000,3.5000,10,0.00,0.00,0.00,0.00,0.00,0.00,0.00,0.00,0,'2022-12-12 12:19:08','2022-12-12 12:19:08',NULL),(422,8081,97,295343,41120,22,1,602,0.0000,3.0000,10,66000.00,0.00,0.00,0.00,0.00,0.00,0.00,0.00,0,'2022-12-12 12:19:08','2022-12-12 12:19:08',NULL),(423,8081,97,295343,41120,22,1,637,0.0000,3.0000,10,0.00,0.00,0.00,0.00,0.00,0.00,0.00,0.00,0,'2022-12-12 12:19:08','2022-12-12 12:19:08',NULL),(424,8081,97,295343,41120,1,1,602,0.0000,4.7500,10,66000.00,0.00,0.00,0.00,0.00,0.00,0.00,0.00,0,'2022-12-12 12:19:08','2022-12-12 12:19:08',NULL),(425,8081,97,295343,41120,1,1,637,0.0000,4.7500,10,0.00,0.00,0.00,0.00,0.00,0.00,0.00,0.00,0,'2022-12-12 12:19:08','2022-12-12 12:19:08',NULL),(426,8081,97,295343,41120,17,1,602,0.0000,3.0000,10,66000.00,0.00,0.00,0.00,0.00,0.00,0.00,0.00,0,'2022-12-12 12:19:08','2022-12-12 12:19:08',NULL),(427,8081,97,295343,41120,17,1,637,0.0000,3.0000,10,0.00,0.00,0.00,0.00,0.00,0.00,0.00,0.00,0,'2022-12-12 12:19:08','2022-12-12 12:19:08',NULL),(428,8081,97,295343,41120,16,1,602,0.0000,4.2000,1,66000.00,0.00,0.00,0.00,0.00,0.00,0.00,0.00,0,'2022-12-12 12:19:08','2022-12-12 12:19:08',NULL),(429,8081,97,295343,41120,16,1,637,0.0000,4.2000,10,0.00,0.00,0.00,0.00,0.00,0.00,0.00,0.00,0,'2022-12-12 12:19:08','2022-12-12 12:19:08',NULL),(430,8081,98,295344,41120,23,1,602,0.0000,3.5000,10,212080.00,0.00,0.00,0.00,0.00,0.00,0.00,0.00,0,'2022-12-12 12:19:40','2022-12-12 12:19:40',NULL),(431,8081,98,295344,41120,23,1,637,0.0000,3.5000,10,0.00,0.00,0.00,0.00,0.00,0.00,0.00,0.00,0,'2022-12-12 12:19:40','2022-12-12 12:19:40',NULL),(432,8081,98,295344,41120,22,1,602,0.0000,3.0000,10,212080.00,0.00,0.00,0.00,0.00,0.00,0.00,0.00,0,'2022-12-12 12:19:40','2022-12-12 12:19:40',NULL),(433,8081,98,295344,41120,22,1,637,0.0000,3.0000,10,0.00,0.00,0.00,0.00,0.00,0.00,0.00,0.00,0,'2022-12-12 12:19:40','2022-12-12 12:19:40',NULL),(434,8081,98,295344,41120,1,1,602,0.0000,4.7500,10,212080.00,0.00,0.00,0.00,0.00,0.00,0.00,0.00,0,'2022-12-12 12:19:40','2022-12-12 12:19:40',NULL),(435,8081,98,295344,41120,1,1,637,0.0000,4.7500,10,0.00,0.00,0.00,0.00,0.00,0.00,0.00,0.00,0,'2022-12-12 12:19:40','2022-12-12 12:19:40',NULL),(436,8081,98,295344,41120,17,1,602,0.0000,3.0000,10,212080.00,0.00,0.00,0.00,0.00,0.00,0.00,0.00,0,'2022-12-12 12:19:40','2022-12-12 12:19:40',NULL),(437,8081,98,295344,41120,17,1,637,0.0000,3.0000,10,0.00,0.00,0.00,0.00,0.00,0.00,0.00,0.00,0,'2022-12-12 12:19:40','2022-12-12 12:19:40',NULL),(438,8081,98,295344,41120,16,1,602,0.0000,4.2000,1,212080.00,0.00,0.00,0.00,0.00,0.00,0.00,0.00,0,'2022-12-12 12:19:40','2022-12-12 12:19:40',NULL),(439,8081,98,295344,41120,16,1,637,0.0000,4.2000,10,0.00,0.00,0.00,0.00,0.00,0.00,0.00,0.00,0,'2022-12-12 12:19:40','2022-12-12 12:19:40',NULL),(440,8081,99,295345,41120,23,1,602,0.0000,3.5000,10,239105.00,0.00,0.00,0.00,0.00,0.00,0.00,0.00,0,'2022-12-12 12:19:58','2022-12-12 12:19:58',NULL);
INSERT INTO `period_liquidation_details` VALUES (441,8081,99,295345,41120,23,1,637,0.0000,3.5000,10,0.00,0.00,0.00,0.00,0.00,0.00,0.00,0.00,0,'2022-12-12 12:19:58','2022-12-12 12:19:58',NULL),(442,8081,99,295345,41120,22,1,602,0.0000,3.0000,10,239105.00,0.00,0.00,0.00,0.00,0.00,0.00,0.00,0,'2022-12-12 12:19:58','2022-12-12 12:19:58',NULL),(443,8081,99,295345,41120,22,1,637,0.0000,3.0000,10,0.00,0.00,0.00,0.00,0.00,0.00,0.00,0.00,0,'2022-12-12 12:19:58','2022-12-12 12:19:58',NULL),(444,8081,99,295345,41120,1,1,602,0.0000,4.7500,10,239105.00,0.00,0.00,0.00,0.00,0.00,0.00,0.00,0,'2022-12-12 12:19:58','2022-12-12 12:19:58',NULL),(445,8081,99,295345,41120,1,1,637,0.0000,4.7500,10,0.00,0.00,0.00,0.00,0.00,0.00,0.00,0.00,0,'2022-12-12 12:19:58','2022-12-12 12:19:58',NULL),(446,8081,99,295345,41120,17,1,602,0.0000,3.0000,10,239105.00,0.00,0.00,0.00,0.00,0.00,0.00,0.00,0,'2022-12-12 12:19:58','2022-12-12 12:19:58',NULL),(447,8081,99,295345,41120,17,1,637,0.0000,3.0000,10,0.00,0.00,0.00,0.00,0.00,0.00,0.00,0.00,0,'2022-12-12 12:19:58','2022-12-12 12:19:58',NULL),(448,8081,99,295345,41120,16,1,602,0.0000,4.2000,1,239105.00,0.00,0.00,0.00,0.00,0.00,0.00,0.00,0,'2022-12-12 12:19:58','2022-12-12 12:19:58',NULL),(449,8081,99,295345,41120,16,1,637,0.0000,4.2000,10,0.00,0.00,0.00,0.00,0.00,0.00,0.00,0.00,0,'2022-12-12 12:19:58','2022-12-12 12:19:58',NULL),(494,8081,111,296880,41123,23,1,741,0.0576,3.5000,1,17500.00,35.26,0.00,0.00,0.00,0.00,0.00,0.00,0,'2022-12-12 12:28:49','2022-12-12 12:28:49',NULL),(495,8081,111,296880,41123,23,1,614,0.5757,3.5000,1,0.00,0.00,0.00,0.00,0.00,0.00,0.00,0.00,0,'2022-12-12 12:28:49','2022-12-12 12:28:49',NULL),(496,8081,111,296880,41123,22,1,741,0.4243,3.0000,1,17500.00,222.76,0.00,0.00,0.00,0.00,0.00,0.00,0,'2022-12-12 12:28:49','2022-12-12 12:28:49',NULL),(497,8081,111,296880,41123,22,1,614,0.4243,3.0000,1,0.00,0.00,0.00,0.00,0.00,0.00,0.00,0.00,0,'2022-12-12 12:28:49','2022-12-12 12:28:49',NULL),(498,8081,112,296881,41123,23,1,741,0.0576,3.5000,1,34400.00,69.31,0.00,0.00,0.00,0.00,0.00,0.00,0,'2022-12-12 12:29:09','2022-12-12 12:29:09',NULL),(499,8081,112,296881,41123,23,1,614,0.5757,3.5000,1,0.00,0.00,0.00,0.00,0.00,0.00,0.00,0.00,0,'2022-12-12 12:29:09','2022-12-12 12:29:09',NULL),(500,8081,112,296881,41123,22,1,741,0.4243,3.0000,1,34400.00,437.88,0.00,0.00,0.00,0.00,0.00,0.00,0,'2022-12-12 12:29:09','2022-12-12 12:29:09',NULL),(501,8081,112,296881,41123,22,1,614,0.4243,3.0000,1,0.00,0.00,0.00,0.00,0.00,0.00,0.00,0.00,0,'2022-12-12 12:29:09','2022-12-12 12:29:09',NULL),(502,8081,113,296882,41123,23,1,741,0.0576,3.5000,1,87820.00,176.95,0.00,0.00,0.00,0.00,0.00,0.00,0,'2022-12-12 12:29:30','2022-12-12 12:29:30',NULL),(503,8081,113,296882,41123,23,1,614,0.5757,3.5000,1,0.00,0.00,0.00,0.00,0.00,0.00,0.00,0.00,0,'2022-12-12 12:29:30','2022-12-12 12:29:30',NULL),(504,8081,113,296882,41123,22,1,741,0.4243,3.0000,1,87820.00,1117.86,0.00,0.00,0.00,0.00,0.00,0.00,0,'2022-12-12 12:29:30','2022-12-12 12:29:30',NULL),(505,8081,113,296882,41123,22,1,614,0.4243,3.0000,1,0.00,0.00,0.00,0.00,0.00,0.00,0.00,0.00,0,'2022-12-12 12:29:30','2022-12-12 12:29:30',NULL),(506,8081,114,296883,41123,23,1,741,0.0576,3.5000,1,62920.00,126.78,0.00,0.00,0.00,0.00,0.00,0.00,0,'2022-12-12 12:29:53','2022-12-12 12:29:53',NULL),(507,8081,114,296883,41123,23,1,614,0.5757,3.5000,1,0.00,0.00,0.00,0.00,0.00,0.00,0.00,0.00,0,'2022-12-12 12:29:53','2022-12-12 12:29:53',NULL),(508,8081,114,296883,41123,22,1,741,0.4243,3.0000,1,62920.00,800.91,0.00,0.00,0.00,0.00,0.00,0.00,0,'2022-12-12 12:29:53','2022-12-12 12:29:53',NULL),(509,8081,114,296883,41123,22,1,614,0.4243,3.0000,1,0.00,0.00,0.00,0.00,0.00,0.00,0.00,0.00,0,'2022-12-12 12:29:53','2022-12-12 12:29:53',NULL),(510,8081,115,296884,41123,23,1,741,0.0576,3.5000,1,108820.00,219.27,0.00,0.00,0.00,0.00,0.00,0.00,0,'2022-12-12 12:30:09','2022-12-12 12:30:09',NULL),(511,8081,115,296884,41123,23,1,614,0.5757,3.5000,1,0.00,0.00,0.00,0.00,0.00,0.00,0.00,0.00,0,'2022-12-12 12:30:09','2022-12-12 12:30:09',NULL);
INSERT INTO `period_liquidation_details` VALUES (512,8081,115,296884,41123,22,1,741,0.4243,3.0000,1,108820.00,1385.17,0.00,0.00,0.00,0.00,0.00,0.00,0,'2022-12-12 12:30:09','2022-12-12 12:30:09',NULL),(513,8081,115,296884,41123,22,1,614,0.4243,3.0000,1,0.00,0.00,0.00,0.00,0.00,0.00,0.00,0.00,0,'2022-12-12 12:30:09','2022-12-12 12:30:09',NULL),(514,8081,116,296885,41123,23,1,741,0.0576,3.5000,1,108820.00,219.27,0.00,0.00,0.00,0.00,0.00,0.00,0,'2022-12-12 12:30:26','2022-12-12 12:30:26',NULL),(515,8081,116,296885,41123,23,1,614,0.5757,3.5000,1,0.00,0.00,0.00,0.00,0.00,0.00,0.00,0.00,0,'2022-12-12 12:30:26','2022-12-12 12:30:26',NULL),(516,8081,116,296885,41123,22,1,741,0.4243,3.0000,1,108820.00,1385.17,0.00,0.00,0.00,0.00,0.00,0.00,0,'2022-12-12 12:30:26','2022-12-12 12:30:26',NULL),(517,8081,116,296885,41123,22,1,614,0.4243,3.0000,1,0.00,0.00,0.00,0.00,0.00,0.00,0.00,0.00,0,'2022-12-12 12:30:26','2022-12-12 12:30:26',NULL),(518,8081,117,296886,41123,23,1,741,0.0576,3.5000,1,129400.00,260.73,0.00,0.00,0.00,0.00,0.00,0.00,0,'2022-12-12 12:30:45','2022-12-12 12:30:45',NULL),(519,8081,117,296886,41123,23,1,614,0.5757,3.5000,1,0.00,0.00,0.00,0.00,0.00,0.00,0.00,0.00,0,'2022-12-12 12:30:45','2022-12-12 12:30:45',NULL),(520,8081,117,296886,41123,22,1,741,0.4243,3.0000,1,129400.00,1647.13,0.00,0.00,0.00,0.00,0.00,0.00,0,'2022-12-12 12:30:45','2022-12-12 12:30:45',NULL),(521,8081,117,296886,41123,22,1,614,0.4243,3.0000,1,0.00,0.00,0.00,0.00,0.00,0.00,0.00,0.00,0,'2022-12-12 12:30:45','2022-12-12 12:30:45',NULL),(522,8081,118,296887,41123,23,1,741,0.0576,3.5000,1,136050.00,274.13,0.00,0.00,0.00,0.00,0.00,0.00,0,'2022-12-12 12:31:13','2022-12-12 12:31:13',NULL),(523,8081,118,296887,41123,23,1,614,0.5757,3.5000,1,0.00,0.00,0.00,0.00,0.00,0.00,0.00,0.00,0,'2022-12-12 12:31:13','2022-12-12 12:31:13',NULL),(524,8081,118,296887,41123,22,1,741,0.4243,3.0000,1,136050.00,1731.78,0.00,0.00,0.00,0.00,0.00,0.00,0,'2022-12-12 12:31:13','2022-12-12 12:31:13',NULL),(525,8081,118,296887,41123,22,1,614,0.4243,3.0000,1,0.00,0.00,0.00,0.00,0.00,0.00,0.00,0.00,0,'2022-12-12 12:31:13','2022-12-12 12:31:13',NULL),(526,8081,119,296888,41123,23,1,741,0.0576,3.5000,1,136050.00,274.13,0.00,0.00,0.00,0.00,0.00,0.00,0,'2022-12-12 12:31:34','2022-12-12 12:31:34',NULL),(527,8081,119,296888,41123,23,1,614,0.5757,3.5000,1,0.00,0.00,0.00,0.00,0.00,0.00,0.00,0.00,0,'2022-12-12 12:31:34','2022-12-12 12:31:34',NULL),(528,8081,119,296888,41123,22,1,741,0.4243,3.0000,1,136050.00,1731.78,0.00,0.00,0.00,0.00,0.00,0.00,0,'2022-12-12 12:31:34','2022-12-12 12:31:34',NULL),(529,8081,119,296888,41123,22,1,614,0.4243,3.0000,1,0.00,0.00,0.00,0.00,0.00,0.00,0.00,0.00,0,'2022-12-12 12:31:34','2022-12-12 12:31:34',NULL),(530,8081,120,296889,41123,23,1,741,0.0576,3.5000,1,96800.00,195.05,0.00,0.00,0.00,0.00,0.00,0.00,0,'2022-12-12 15:31:52','2022-12-12 15:31:52',NULL),(531,8081,120,296889,41123,23,1,614,0.5757,3.5000,1,0.00,0.00,0.00,0.00,0.00,0.00,0.00,0.00,0,'2022-12-12 15:31:52','2022-12-12 15:31:52',NULL),(532,8081,120,296889,41123,22,1,741,0.4243,3.0000,1,96800.00,1232.17,0.00,0.00,0.00,0.00,0.00,0.00,0,'2022-12-12 15:31:52','2022-12-12 15:31:52',NULL),(533,8081,120,296889,41123,22,1,614,0.4243,3.0000,1,0.00,0.00,0.00,0.00,0.00,0.00,0.00,0.00,0,'2022-12-12 15:31:52','2022-12-12 15:31:52',NULL),(556,8081,131,298411,40731,23,1,602,0.5358,2.5000,1,179900.00,2409.76,0.00,0.00,0.00,0.00,0.00,0.00,0,'2022-12-12 13:29:47','2022-12-12 13:29:47',NULL),(557,8081,131,298411,40731,22,1,602,0.4642,3.0000,1,179900.00,2505.29,0.00,0.00,0.00,0.00,0.00,0.00,0,'2022-12-12 13:29:47','2022-12-12 13:29:47',NULL),(558,8081,132,298412,40731,23,1,602,0.5358,2.5000,1,152585.00,2043.88,0.00,0.00,0.00,0.00,0.00,0.00,0,'2022-12-12 13:30:01','2022-12-12 13:30:01',NULL),(559,8081,132,298412,40731,22,1,602,0.4642,3.0000,1,152585.00,2124.90,0.00,0.00,0.00,0.00,0.00,0.00,0,'2022-12-12 13:30:01','2022-12-12 13:30:01',NULL),(560,8081,133,298413,40731,23,1,602,0.5358,2.5000,1,159770.00,2140.12,0.00,0.00,0.00,0.00,0.00,0.00,0,'2022-12-12 13:30:18','2022-12-12 13:30:18',NULL);
INSERT INTO `period_liquidation_details` VALUES (561,8081,133,298413,40731,22,1,602,0.4642,3.0000,1,159770.00,2224.96,0.00,0.00,0.00,0.00,0.00,0.00,0,'2022-12-12 13:30:18','2022-12-12 13:30:18',NULL),(562,8081,134,298414,40731,23,1,602,0.5358,2.5000,1,85685.00,1147.75,0.00,0.00,0.00,0.00,0.00,0.00,0,'2022-12-12 13:30:32','2022-12-12 13:30:32',NULL),(563,8081,134,298414,40731,22,1,602,0.4642,3.0000,1,85685.00,1193.25,0.00,0.00,0.00,0.00,0.00,0.00,0,'2022-12-12 13:30:32','2022-12-12 13:30:32',NULL),(564,8081,135,298415,40731,23,1,602,0.5358,2.5000,1,177875.07,2382.64,0.00,0.00,0.00,0.00,0.00,0.00,0,'2022-12-12 13:30:52','2022-12-12 13:30:52',NULL),(565,8081,135,298415,40731,22,1,602,0.4642,3.0000,1,177875.07,2477.09,0.00,0.00,0.00,0.00,0.00,0.00,0,'2022-12-12 13:30:52','2022-12-12 13:30:52',NULL),(566,8081,136,298417,40731,23,1,602,0.5358,2.5000,1,334410.00,4479.42,0.00,0.00,0.00,0.00,0.00,0.00,0,'2022-12-12 13:33:06','2022-12-12 13:33:06',NULL),(567,8081,136,298417,40731,22,1,602,0.4642,3.0000,1,334410.00,4656.99,0.00,0.00,0.00,0.00,0.00,0.00,0,'2022-12-12 13:33:06','2022-12-12 13:33:06',NULL),(568,8081,137,298418,40731,23,1,602,0.5358,2.5000,1,282267.07,3780.97,0.00,0.00,0.00,0.00,0.00,0.00,0,'2022-12-12 13:34:04','2022-12-12 13:34:04',NULL),(569,8081,137,298418,40731,22,1,602,0.4642,3.0000,1,282267.07,3930.85,0.00,0.00,0.00,0.00,0.00,0.00,0,'2022-12-12 13:34:04','2022-12-12 13:34:04',NULL),(606,8081,147,296890,41123,23,1,741,0.5757,3.5000,1,136050.00,2741.34,0.00,0.00,0.00,0.00,0.00,0.00,0,'2022-12-15 01:12:59','2022-12-15 01:12:59',NULL),(607,8081,147,296890,41123,23,1,614,0.5757,3.5000,1,0.00,0.00,0.00,0.00,0.00,0.00,0.00,0.00,0,'2022-12-15 01:12:59','2022-12-15 01:12:59',NULL),(608,8081,147,296890,41123,22,1,741,0.4243,3.0000,1,136050.00,1731.78,0.00,0.00,0.00,0.00,0.00,0.00,0,'2022-12-15 01:12:59','2022-12-15 01:12:59',NULL),(609,8081,147,296890,41123,22,1,614,0.4243,3.0000,1,0.00,0.00,0.00,0.00,0.00,0.00,0.00,0.00,0,'2022-12-15 01:12:59','2022-12-15 01:12:59',NULL),(622,8081,151,322665,41147,23,1,741,0.0567,3.5000,1,35600.00,70.65,0.00,0.00,0.00,0.00,0.00,0.00,0,'2022-12-15 17:19:59','2022-12-15 17:19:59',NULL),(623,8081,151,322665,41147,23,1,883,0.0567,3.5000,1,0.00,0.00,0.00,0.00,0.00,0.00,0.00,0.00,0,'2022-12-15 17:19:59','2022-12-15 17:19:59',NULL),(624,8081,151,322665,41147,22,1,741,0.9433,3.0000,1,35600.00,1007.44,0.00,0.00,0.00,0.00,0.00,0.00,0,'2022-12-15 17:19:59','2022-12-15 17:19:59',NULL),(625,8081,151,322665,41147,22,1,883,0.9433,3.0000,1,0.00,0.00,0.00,0.00,0.00,0.00,0.00,0.00,0,'2022-12-15 17:19:59','2022-12-15 17:19:59',NULL),(626,8081,152,322666,41147,23,1,741,0.0567,3.5000,1,37900.00,75.21,0.00,0.00,0.00,0.00,0.00,0.00,0,'2022-12-15 17:20:13','2022-12-15 17:20:13',NULL),(627,8081,152,322666,41147,23,1,883,0.0567,3.5000,1,0.00,0.00,0.00,0.00,0.00,0.00,0.00,0.00,0,'2022-12-15 17:20:13','2022-12-15 17:20:13',NULL),(628,8081,152,322666,41147,22,1,741,0.9433,3.0000,1,37900.00,1072.53,0.00,0.00,0.00,0.00,0.00,0.00,0,'2022-12-15 17:20:13','2022-12-15 17:20:13',NULL),(629,8081,152,322666,41147,22,1,883,0.9433,3.0000,1,0.00,0.00,0.00,0.00,0.00,0.00,0.00,0.00,0,'2022-12-15 17:20:13','2022-12-15 17:20:13',NULL),(634,8081,154,322668,41147,23,1,741,0.0567,3.5000,1,37300.00,74.02,0.00,0.00,0.00,0.00,0.00,0.00,0,'2022-12-15 17:21:09','2022-12-15 17:21:09',NULL),(635,8081,154,322668,41147,23,1,883,0.0567,3.5000,1,0.00,0.00,0.00,0.00,0.00,0.00,0.00,0.00,0,'2022-12-15 17:21:09','2022-12-15 17:21:09',NULL),(636,8081,154,322668,41147,22,1,741,0.9433,3.0000,1,37300.00,1055.55,0.00,0.00,0.00,0.00,0.00,0.00,0,'2022-12-15 17:21:09','2022-12-15 17:21:09',NULL),(637,8081,154,322668,41147,22,1,883,0.9433,3.0000,1,0.00,0.00,0.00,0.00,0.00,0.00,0.00,0.00,0,'2022-12-15 17:21:09','2022-12-15 17:21:09',NULL),(638,8081,155,322669,41147,23,1,741,0.0567,3.5000,1,37300.00,74.02,0.00,0.00,0.00,0.00,0.00,0.00,0,'2022-12-15 17:21:27','2022-12-15 17:21:27',NULL),(639,8081,155,322669,41147,23,1,883,0.0567,3.5000,1,0.00,0.00,0.00,0.00,0.00,0.00,0.00,0.00,0,'2022-12-15 17:21:27','2022-12-15 17:21:27',NULL);
INSERT INTO `period_liquidation_details` VALUES (640,8081,155,322669,41147,22,1,741,0.9433,3.0000,1,37300.00,1055.55,0.00,0.00,0.00,0.00,0.00,0.00,0,'2022-12-15 17:21:27','2022-12-15 17:21:27',NULL),(641,8081,155,322669,41147,22,1,883,0.9433,3.0000,1,0.00,0.00,0.00,0.00,0.00,0.00,0.00,0.00,0,'2022-12-15 17:21:27','2022-12-15 17:21:27',NULL),(642,8081,156,322670,41147,23,1,741,0.0567,3.5000,1,33000.00,65.49,0.00,0.00,0.00,0.00,0.00,0.00,0,'2022-12-15 17:22:06','2022-12-15 17:22:06',NULL),(643,8081,156,322670,41147,23,1,883,0.0567,3.5000,1,0.00,0.00,0.00,0.00,0.00,0.00,0.00,0.00,0,'2022-12-15 17:22:06','2022-12-15 17:22:06',NULL),(644,8081,156,322670,41147,22,1,741,0.9433,3.0000,1,33000.00,933.87,0.00,0.00,0.00,0.00,0.00,0.00,0,'2022-12-15 17:22:06','2022-12-15 17:22:06',NULL),(645,8081,156,322670,41147,22,1,883,0.9433,3.0000,1,0.00,0.00,0.00,0.00,0.00,0.00,0.00,0.00,0,'2022-12-15 17:22:06','2022-12-15 17:22:06',NULL),(646,8081,157,322671,41147,23,1,741,0.0567,3.5000,1,37000.00,73.43,0.00,0.00,0.00,0.00,0.00,0.00,0,'2022-12-15 17:22:22','2022-12-15 17:22:22',NULL),(647,8081,157,322671,41147,23,1,883,0.0567,3.5000,1,0.00,0.00,0.00,0.00,0.00,0.00,0.00,0.00,0,'2022-12-15 17:22:22','2022-12-15 17:22:22',NULL),(648,8081,157,322671,41147,22,1,741,0.9433,3.0000,1,37000.00,1047.06,0.00,0.00,0.00,0.00,0.00,0.00,0,'2022-12-15 17:22:22','2022-12-15 17:22:22',NULL),(649,8081,157,322671,41147,22,1,883,0.9433,3.0000,1,0.00,0.00,0.00,0.00,0.00,0.00,0.00,0.00,0,'2022-12-15 17:22:22','2022-12-15 17:22:22',NULL),(650,8081,158,322672,41147,23,1,741,0.0567,3.5000,1,33000.00,65.49,0.00,0.00,0.00,0.00,0.00,0.00,0,'2022-12-15 17:22:41','2022-12-15 17:22:41',NULL),(651,8081,158,322672,41147,23,1,883,0.0567,3.5000,1,0.00,0.00,0.00,0.00,0.00,0.00,0.00,0.00,0,'2022-12-15 17:22:41','2022-12-15 17:22:41',NULL),(652,8081,158,322672,41147,22,1,741,0.9433,3.0000,1,33000.00,933.87,0.00,0.00,0.00,0.00,0.00,0.00,0,'2022-12-15 17:22:41','2022-12-15 17:22:41',NULL),(653,8081,158,322672,41147,22,1,883,0.9433,3.0000,1,0.00,0.00,0.00,0.00,0.00,0.00,0.00,0.00,0,'2022-12-15 17:22:41','2022-12-15 17:22:41',NULL),(654,8081,159,322673,41147,23,1,741,0.0567,3.5000,1,35000.00,69.46,0.00,0.00,0.00,0.00,0.00,0.00,0,'2022-12-15 17:22:54','2022-12-15 17:22:54',NULL),(655,8081,159,322673,41147,23,1,883,0.0567,3.5000,1,0.00,0.00,0.00,0.00,0.00,0.00,0.00,0.00,0,'2022-12-15 17:22:54','2022-12-15 17:22:54',NULL),(656,8081,159,322673,41147,22,1,741,0.9433,3.0000,1,35000.00,990.47,0.00,0.00,0.00,0.00,0.00,0.00,0,'2022-12-15 17:22:54','2022-12-15 17:22:54',NULL),(657,8081,159,322673,41147,22,1,883,0.9433,3.0000,1,0.00,0.00,0.00,0.00,0.00,0.00,0.00,0.00,0,'2022-12-15 17:22:54','2022-12-15 17:22:54',NULL),(658,8081,160,322674,41147,23,1,741,0.0567,3.5000,1,41000.00,81.36,0.00,0.00,0.00,0.00,0.00,0.00,0,'2022-12-15 17:23:20','2022-12-15 17:23:20',NULL),(659,8081,160,322674,41147,23,1,883,0.0567,3.5000,1,0.00,0.00,0.00,0.00,0.00,0.00,0.00,0.00,0,'2022-12-15 17:23:20','2022-12-15 17:23:20',NULL),(660,8081,160,322674,41147,22,1,741,0.9433,3.0000,1,41000.00,1160.26,0.00,0.00,0.00,0.00,0.00,0.00,0,'2022-12-15 17:23:20','2022-12-15 17:23:20',NULL),(661,8081,160,322674,41147,22,1,883,0.9433,3.0000,1,0.00,0.00,0.00,0.00,0.00,0.00,0.00,0.00,0,'2022-12-15 17:23:20','2022-12-15 17:23:20',NULL),(662,8081,161,322675,41147,23,1,741,0.0567,3.5000,1,48000.00,95.26,0.00,0.00,0.00,0.00,0.00,0.00,0,'2022-12-15 17:23:34','2022-12-15 17:23:34',NULL),(663,8081,161,322675,41147,23,1,883,0.0567,3.5000,1,0.00,0.00,0.00,0.00,0.00,0.00,0.00,0.00,0,'2022-12-15 17:23:34','2022-12-15 17:23:34',NULL),(664,8081,161,322675,41147,22,1,741,0.9433,3.0000,1,48000.00,1358.35,0.00,0.00,0.00,0.00,0.00,0.00,0,'2022-12-15 17:23:34','2022-12-15 17:23:34',NULL),(665,8081,161,322675,41147,22,1,883,0.9433,3.0000,1,0.00,0.00,0.00,0.00,0.00,0.00,0.00,0.00,0,'2022-12-15 17:23:34','2022-12-15 17:23:34',NULL),(666,8081,162,322667,41147,23,1,741,0.0567,3.5000,1,37000.00,73.43,0.00,0.00,0.00,0.00,0.00,0.00,0,'2022-12-15 17:24:16','2022-12-15 17:24:16',NULL);
INSERT INTO `period_liquidation_details` VALUES (667,8081,162,322667,41147,23,1,883,0.0567,3.5000,1,0.00,0.00,0.00,0.00,0.00,0.00,0.00,0.00,0,'2022-12-15 17:24:16','2022-12-15 17:24:16',NULL),(668,8081,162,322667,41147,22,1,741,0.9433,3.0000,1,37000.00,1047.06,0.00,0.00,0.00,0.00,0.00,0.00,0,'2022-12-15 17:24:16','2022-12-15 17:24:16',NULL),(669,8081,162,322667,41147,22,1,883,0.9433,3.0000,1,0.00,0.00,0.00,0.00,0.00,0.00,0.00,0.00,0,'2022-12-15 17:24:16','2022-12-15 17:24:16',NULL),(674,8081,165,298416,40731,23,1,602,0.5358,2.5000,1,102540.00,1373.52,0.00,0.00,0.00,0.00,0.00,0.00,0,'2023-01-09 13:22:56','2023-01-09 13:22:56',NULL),(675,8081,165,298416,40731,22,1,602,0.4642,3.0000,1,102540.00,1427.97,0.00,0.00,0.00,0.00,0.00,0.00,0,'2023-01-09 13:22:56','2023-01-09 13:22:56',NULL),(678,8081,167,1517,40720,23,1,401,0.6128,2.5000,1,230000.00,3523.60,0.00,0.00,0.00,0.00,0.00,0.00,0,'2023-01-09 13:36:06','2023-01-09 13:36:06',NULL),(679,8081,167,1517,40720,22,1,401,0.3872,2.5000,1,230000.00,2226.40,0.00,0.00,0.00,0.00,0.00,0.00,0,'2023-01-09 13:36:06','2023-01-09 13:36:06',NULL),(684,8081,169,296891,41123,23,1,741,0.5757,3.5000,1,215800.00,4348.26,0.00,0.00,0.00,0.00,0.00,0.00,0,'2023-01-09 14:13:24','2023-01-09 14:13:24',NULL),(685,8081,169,296891,41123,23,1,614,0.5757,3.5000,1,0.00,0.00,0.00,0.00,0.00,0.00,0.00,0.00,0,'2023-01-09 14:13:24','2023-01-09 14:13:24',NULL),(686,8081,169,296891,41123,22,1,741,0.4243,3.0000,1,215800.00,2746.92,0.00,0.00,0.00,0.00,0.00,0.00,0,'2023-01-09 14:13:24','2023-01-09 14:13:24',NULL),(687,8081,169,296891,41123,22,1,614,0.4243,3.0000,1,0.00,0.00,0.00,0.00,0.00,0.00,0.00,0.00,0,'2023-01-09 14:13:24','2023-01-09 14:13:24',NULL),(698,8081,171,295346,41120,23,1,602,0.0000,3.5000,10,125350.00,0.00,0.00,0.00,0.00,0.00,0.00,0.00,0,'2023-01-09 14:33:38','2023-01-09 14:33:38',NULL),(699,8081,171,295346,41120,23,1,637,0.0000,3.5000,10,0.00,0.00,0.00,0.00,0.00,0.00,0.00,0.00,0,'2023-01-09 14:33:38','2023-01-09 14:33:38',NULL),(700,8081,171,295346,41120,22,1,602,0.0000,3.0000,10,125350.00,0.00,0.00,0.00,0.00,0.00,0.00,0.00,0,'2023-01-09 14:33:38','2023-01-09 14:33:38',NULL),(701,8081,171,295346,41120,22,1,637,0.0000,3.0000,10,0.00,0.00,0.00,0.00,0.00,0.00,0.00,0.00,0,'2023-01-09 14:33:38','2023-01-09 14:33:38',NULL),(702,8081,171,295346,41120,1,1,602,0.0000,4.7500,10,125350.00,0.00,0.00,0.00,0.00,0.00,0.00,0.00,0,'2023-01-09 14:33:38','2023-01-09 14:33:38',NULL),(703,8081,171,295346,41120,1,1,637,0.0000,4.7500,10,0.00,0.00,0.00,0.00,0.00,0.00,0.00,0.00,0,'2023-01-09 14:33:38','2023-01-09 14:33:38',NULL),(704,8081,171,295346,41120,17,1,602,0.0000,3.0000,10,125350.00,0.00,0.00,0.00,0.00,0.00,0.00,0.00,0,'2023-01-09 14:33:38','2023-01-09 14:33:38',NULL),(705,8081,171,295346,41120,17,1,637,0.0000,3.0000,10,0.00,0.00,0.00,0.00,0.00,0.00,0.00,0.00,0,'2023-01-09 14:33:38','2023-01-09 14:33:38',NULL),(706,8081,171,295346,41120,16,1,602,0.0000,4.2000,1,125350.00,0.00,0.00,0.00,0.00,0.00,0.00,0.00,0,'2023-01-09 14:33:38','2023-01-09 14:33:38',NULL),(707,8081,171,295346,41120,16,1,637,0.0000,4.2000,10,0.00,0.00,0.00,0.00,0.00,0.00,0.00,0.00,0,'2023-01-09 14:33:38','2023-01-09 14:33:38',NULL),(708,8081,172,295335,41120,23,1,602,0.0000,3.5000,10,0.00,0.00,0.00,0.00,0.00,0.00,0.00,0.00,0,'2023-01-09 14:34:53','2023-01-09 14:34:53',NULL),(709,8081,172,295335,41120,23,1,637,0.0000,3.5000,10,0.00,0.00,0.00,0.00,0.00,0.00,0.00,0.00,0,'2023-01-09 14:34:53','2023-01-09 14:34:53',NULL),(710,8081,172,295335,41120,22,1,602,0.0000,3.0000,10,0.00,0.00,0.00,0.00,0.00,0.00,0.00,0.00,0,'2023-01-09 14:34:53','2023-01-09 14:34:53',NULL),(711,8081,172,295335,41120,22,1,637,0.0000,3.0000,10,0.00,0.00,0.00,0.00,0.00,0.00,0.00,0.00,0,'2023-01-09 14:34:53','2023-01-09 14:34:53',NULL),(712,8081,172,295335,41120,1,1,602,0.0000,4.7500,10,0.00,0.00,0.00,0.00,0.00,0.00,0.00,0.00,0,'2023-01-09 14:34:53','2023-01-09 14:34:53',NULL),(713,8081,172,295335,41120,1,1,637,0.0000,4.7500,10,0.00,0.00,0.00,0.00,0.00,0.00,0.00,0.00,0,'2023-01-09 14:34:53','2023-01-09 14:34:53',NULL);
INSERT INTO `period_liquidation_details` VALUES (714,8081,172,295335,41120,17,1,602,0.0000,3.0000,10,0.00,0.00,0.00,0.00,0.00,0.00,0.00,0.00,0,'2023-01-09 14:34:53','2023-01-09 14:34:53',NULL),(715,8081,172,295335,41120,17,1,637,0.0000,3.0000,10,0.00,0.00,0.00,0.00,0.00,0.00,0.00,0.00,0,'2023-01-09 14:34:53','2023-01-09 14:34:53',NULL),(716,8081,172,295335,41120,16,1,602,0.0000,4.2000,1,0.00,0.00,0.00,0.00,0.00,0.00,0.00,0.00,0,'2023-01-09 14:34:53','2023-01-09 14:34:53',NULL),(717,8081,172,295335,41120,16,1,637,0.0000,4.2000,10,0.00,0.00,0.00,0.00,0.00,0.00,0.00,0.00,0,'2023-01-09 14:34:53','2023-01-09 14:34:53',NULL),(718,8081,173,295336,41120,23,1,602,0.0000,3.5000,10,0.00,0.00,0.00,0.00,0.00,0.00,0.00,0.00,0,'2023-01-09 14:45:41','2023-01-09 14:45:41',NULL),(719,8081,173,295336,41120,23,1,637,0.0000,3.5000,10,0.00,0.00,0.00,0.00,0.00,0.00,0.00,0.00,0,'2023-01-09 14:45:41','2023-01-09 14:45:41',NULL),(720,8081,173,295336,41120,22,1,602,0.0000,3.0000,10,0.00,0.00,0.00,0.00,0.00,0.00,0.00,0.00,0,'2023-01-09 14:45:41','2023-01-09 14:45:41',NULL),(721,8081,173,295336,41120,22,1,637,0.0000,3.0000,10,0.00,0.00,0.00,0.00,0.00,0.00,0.00,0.00,0,'2023-01-09 14:45:41','2023-01-09 14:45:41',NULL),(722,8081,173,295336,41120,1,1,602,0.0000,4.7500,10,0.00,0.00,0.00,0.00,0.00,0.00,0.00,0.00,0,'2023-01-09 14:45:41','2023-01-09 14:45:41',NULL),(723,8081,173,295336,41120,1,1,637,0.0000,4.7500,10,0.00,0.00,0.00,0.00,0.00,0.00,0.00,0.00,0,'2023-01-09 14:45:41','2023-01-09 14:45:41',NULL),(724,8081,173,295336,41120,17,1,602,0.0000,3.0000,10,0.00,0.00,0.00,0.00,0.00,0.00,0.00,0.00,0,'2023-01-09 14:45:41','2023-01-09 14:45:41',NULL),(725,8081,173,295336,41120,17,1,637,0.0000,3.0000,10,0.00,0.00,0.00,0.00,0.00,0.00,0.00,0.00,0,'2023-01-09 14:45:41','2023-01-09 14:45:41',NULL),(726,8081,173,295336,41120,16,1,602,0.0000,4.2000,1,0.00,0.00,0.00,0.00,0.00,0.00,0.00,0.00,0,'2023-01-09 14:45:41','2023-01-09 14:45:41',NULL),(727,8081,173,295336,41120,16,1,637,0.0000,4.2000,10,0.00,0.00,0.00,0.00,0.00,0.00,0.00,0.00,0,'2023-01-09 14:45:41','2023-01-09 14:45:41',NULL),(736,8081,178,9029,40731,23,1,602,0.5358,2.5000,1,345949.36,4633.99,0.00,0.00,0.00,0.00,0.00,0.00,0,'2023-01-15 21:23:37','2023-01-15 21:23:37',NULL),(737,8081,178,9029,40731,22,1,602,0.4642,3.0000,1,345949.36,4817.69,0.00,0.00,0.00,0.00,0.00,0.00,0,'2023-01-15 21:23:37','2023-01-15 21:23:37',NULL),(738,8081,180,365498,41360,23,1,526,0.0000,0.0000,1,242830.83,0.00,0.00,0.00,0.00,0.00,0.00,0.00,0,'2023-01-31 01:22:50','2023-01-31 01:22:50',NULL),(739,8081,180,365498,41360,22,1,526,0.0000,0.0000,1,242830.83,0.00,0.00,0.00,0.00,0.00,0.00,0.00,0,'2023-01-31 01:22:50','2023-01-31 01:22:50',NULL),(760,8081,191,298410,40731,23,1,602,0.5358,2.5000,1,138203.99,1851.24,0.00,0.00,0.00,0.00,0.00,0.00,0,'2023-02-17 22:58:27','2023-02-17 22:58:27',NULL),(761,8081,191,298410,40731,22,1,602,0.4642,3.0000,1,138203.99,1924.63,0.00,0.00,0.00,0.00,0.00,0.00,0,'2023-02-17 22:58:27','2023-02-17 22:58:27',NULL),(838,8081,220,9030,40731,23,1,602,0.5358,2.5000,1,306250.00,4102.22,0.00,0.00,0.00,0.00,0.00,0.00,0,'2023-02-21 19:24:51','2023-02-21 19:24:51',NULL),(839,8081,220,9030,40731,22,1,602,0.4642,3.0000,1,306250.00,4264.84,0.00,0.00,0.00,0.00,0.00,0.00,0,'2023-02-21 19:24:51','2023-02-21 19:24:51',NULL),(876,NULL,230,365502,41360,23,1,526,0.0000,0.0000,1,0.00,0.00,0.00,0.00,0.00,0.00,0.00,0.00,0,'2023-02-21 17:14:49','2023-02-21 17:14:49',NULL),(877,NULL,230,365502,41360,22,1,526,0.0000,0.0000,1,0.00,0.00,0.00,0.00,0.00,0.00,0.00,0.00,0,'2023-02-21 17:14:49','2023-02-21 17:14:49',NULL),(878,8081,231,322676,41147,23,1,741,0.0567,3.5000,1,54000.00,107.16,0.00,0.00,0.00,0.00,0.00,0.00,0,'2023-02-27 01:08:07','2023-02-27 01:08:07',NULL),(879,8081,231,322676,41147,23,1,883,0.0567,3.5000,1,0.00,0.00,0.00,0.00,0.00,0.00,0.00,0.00,0,'2023-02-27 01:08:07','2023-02-27 01:08:07',NULL),(880,8081,231,322676,41147,22,1,741,0.9433,3.0000,1,54000.00,1528.15,0.00,0.00,0.00,0.00,0.00,0.00,0,'2023-02-27 01:08:07','2023-02-27 01:08:07',NULL);
INSERT INTO `period_liquidation_details` VALUES (881,8081,231,322676,41147,22,1,883,0.9433,3.0000,1,0.00,0.00,0.00,0.00,0.00,0.00,0.00,0.00,0,'2023-02-27 01:08:07','2023-02-27 01:08:07',NULL),(882,8081,232,1518,40720,23,1,401,0.5952,2.5000,1,200000.00,2976.00,0.00,0.00,0.00,0.00,0.00,0.00,0,'2023-02-27 12:38:02','2023-02-27 12:38:02',NULL),(883,8081,232,1518,40720,22,1,401,0.4048,2.5000,1,200000.00,2024.00,0.00,0.00,0.00,0.00,0.00,0.00,0,'2023-02-27 12:38:02','2023-02-27 12:38:02',NULL),(884,8081,233,296895,41123,23,1,741,0.2063,3.5000,1,215100.00,1553.13,0.00,0.00,0.00,0.00,0.00,0.00,0,'2023-02-27 12:41:19','2023-02-27 12:41:19',NULL),(885,8081,233,296895,41123,23,1,614,0.2063,3.5000,1,0.00,0.00,0.00,0.00,0.00,0.00,0.00,0.00,0,'2023-02-27 12:41:19','2023-02-27 12:41:19',NULL),(886,8081,233,296895,41123,22,1,741,0.7937,3.0000,1,215100.00,5121.75,0.00,0.00,0.00,0.00,0.00,0.00,0,'2023-02-27 12:41:19','2023-02-27 12:41:19',NULL),(887,8081,233,296895,41123,22,1,614,0.7937,3.0000,1,0.00,0.00,0.00,0.00,0.00,0.00,0.00,0.00,0,'2023-02-27 12:41:19','2023-02-27 12:41:19',NULL),(900,8081,239,322680,41147,23,1,741,0.0567,3.5000,1,73000.00,144.87,0.00,0.00,0.00,0.00,0.00,0.00,0,'2023-03-16 21:35:43','2023-03-16 21:35:43',NULL),(901,8081,239,322680,41147,23,1,883,0.0567,3.5000,1,0.00,0.00,0.00,0.00,0.00,0.00,0.00,0.00,0,'2023-03-16 21:35:43','2023-03-16 21:35:43',NULL),(902,8081,239,322680,41147,22,1,741,0.9433,3.0000,1,73000.00,2065.83,0.00,0.00,0.00,0.00,0.00,0.00,0,'2023-03-16 21:35:43','2023-03-16 21:35:43',NULL),(903,8081,239,322680,41147,22,1,883,0.9433,3.0000,1,0.00,0.00,0.00,0.00,0.00,0.00,0.00,0.00,0,'2023-03-16 21:35:43','2023-03-16 21:35:43',NULL),(916,8081,244,296896,41123,23,1,741,0.2063,3.5000,1,207600.00,1498.98,0.00,0.00,0.00,0.00,0.00,0.00,0,'2023-03-17 01:01:54','2023-03-17 01:01:54',NULL),(917,8081,244,296896,41123,23,1,614,0.2063,3.5000,1,0.00,0.00,0.00,0.00,0.00,0.00,0.00,0.00,0,'2023-03-17 01:01:54','2023-03-17 01:01:54',NULL),(918,8081,244,296896,41123,22,1,741,0.7937,3.0000,1,207600.00,4943.16,0.00,0.00,0.00,0.00,0.00,0.00,0,'2023-03-17 01:01:54','2023-03-17 01:01:54',NULL),(919,8081,244,296896,41123,22,1,614,0.7937,3.0000,1,0.00,0.00,0.00,0.00,0.00,0.00,0.00,0.00,0,'2023-03-17 01:01:54','2023-03-17 01:01:54',NULL),(940,8081,247,295350,41120,23,1,602,0.0000,3.5000,10,251520.00,0.00,0.00,0.00,0.00,0.00,0.00,0.00,0,'2023-03-16 22:44:47','2023-03-16 22:44:47',NULL),(941,8081,247,295350,41120,23,1,637,0.0000,3.5000,10,0.00,0.00,0.00,0.00,0.00,0.00,0.00,0.00,0,'2023-03-16 22:44:47','2023-03-16 22:44:47',NULL),(942,8081,247,295350,41120,22,1,602,0.0000,3.0000,10,251520.00,0.00,0.00,0.00,0.00,0.00,0.00,0.00,0,'2023-03-16 22:44:47','2023-03-16 22:44:47',NULL),(943,8081,247,295350,41120,22,1,637,0.0000,3.0000,10,0.00,0.00,0.00,0.00,0.00,0.00,0.00,0.00,0,'2023-03-16 22:44:47','2023-03-16 22:44:47',NULL),(944,8081,247,295350,41120,1,1,602,0.0000,4.7500,10,251520.00,0.00,0.00,0.00,0.00,0.00,0.00,0.00,0,'2023-03-16 22:44:47','2023-03-16 22:44:47',NULL),(945,8081,247,295350,41120,1,1,637,0.0000,4.7500,10,0.00,0.00,0.00,0.00,0.00,0.00,0.00,0.00,0,'2023-03-16 22:44:47','2023-03-16 22:44:47',NULL),(946,8081,247,295350,41120,17,1,602,0.0000,3.0000,10,251520.00,0.00,0.00,0.00,0.00,0.00,0.00,0.00,0,'2023-03-16 22:44:47','2023-03-16 22:44:47',NULL),(947,8081,247,295350,41120,17,1,637,0.0000,3.0000,10,0.00,0.00,0.00,0.00,0.00,0.00,0.00,0.00,0,'2023-03-16 22:44:47','2023-03-16 22:44:47',NULL),(948,8081,247,295350,41120,16,1,602,0.0000,4.2000,1,251520.00,0.00,0.00,0.00,0.00,0.00,0.00,0.00,0,'2023-03-16 22:44:47','2023-03-16 22:44:47',NULL),(949,8081,247,295350,41120,16,1,637,0.0000,4.2000,10,0.00,0.00,0.00,0.00,0.00,0.00,0.00,0.00,0,'2023-03-16 22:44:47','2023-03-16 22:44:47',NULL),(964,8081,251,1519,40720,23,1,401,0.5952,2.5000,1,250000.00,3720.00,0.00,0.00,0.00,0.00,0.00,0.00,0,'2023-03-19 22:39:59','2023-03-19 22:39:59',NULL),(965,8081,251,1519,40720,22,1,401,0.4048,2.5000,1,250000.00,2530.00,0.00,0.00,0.00,0.00,0.00,0.00,0,'2023-03-19 22:39:59','2023-03-19 22:39:59',NULL);
INSERT INTO `period_liquidation_details` VALUES (982,8081,260,9031,40731,23,1,602,0.5358,2.5000,1,366425.00,4908.26,0.00,0.00,0.00,0.00,0.00,0.00,0,'2023-03-20 03:24:51','2023-03-20 03:24:51',NULL),(983,8081,260,9031,40731,22,1,602,0.4642,3.0000,1,366425.00,5102.83,0.00,0.00,0.00,0.00,0.00,0.00,0,'2023-03-20 03:24:51','2023-03-20 03:24:51',NULL),(984,8081,261,322681,41147,23,1,741,0.0567,3.5000,1,87000.00,172.65,0.00,0.00,0.00,0.00,0.00,0.00,0,'2023-03-21 01:07:59','2023-03-21 01:07:59',NULL),(985,8081,261,322681,41147,23,1,883,0.0567,3.5000,1,0.00,0.00,0.00,0.00,0.00,0.00,0.00,0.00,0,'2023-03-21 01:07:59','2023-03-21 01:07:59',NULL),(986,8081,261,322681,41147,22,1,741,0.9433,3.0000,1,87000.00,2462.01,0.00,0.00,0.00,0.00,0.00,0.00,0,'2023-03-21 01:07:59','2023-03-21 01:07:59',NULL),(987,8081,261,322681,41147,22,1,883,0.9433,3.0000,1,0.00,0.00,0.00,0.00,0.00,0.00,0.00,0.00,0,'2023-03-21 01:07:59','2023-03-21 01:07:59',NULL),(1078,8081,271,295351,41120,23,1,602,0.5378,3.5000,10,338240.00,6366.69,0.00,0.00,0.00,0.00,0.00,0.00,0,'2023-03-22 00:42:06','2023-03-22 00:42:06',NULL),(1079,8081,271,295351,41120,23,1,637,0.5378,3.5000,10,0.00,0.00,0.00,0.00,0.00,0.00,0.00,0.00,0,'2023-03-22 00:42:06','2023-03-22 00:42:06',NULL),(1080,8081,271,295351,41120,22,1,602,0.1603,3.0000,10,338240.00,1626.60,0.00,0.00,0.00,0.00,0.00,0.00,0,'2023-03-22 00:42:06','2023-03-22 00:42:06',NULL),(1081,8081,271,295351,41120,22,1,637,0.1603,3.0000,10,0.00,0.00,0.00,0.00,0.00,0.00,0.00,0.00,0,'2023-03-22 00:42:06','2023-03-22 00:42:06',NULL),(1082,8081,271,295351,41120,1,1,602,0.0249,4.7500,10,338240.00,400.05,0.00,0.00,0.00,0.00,0.00,0.00,0,'2023-03-22 00:42:06','2023-03-22 00:42:06',NULL),(1083,8081,271,295351,41120,1,1,637,0.0249,4.7500,10,0.00,0.00,0.00,0.00,0.00,0.00,0.00,0.00,0,'2023-03-22 00:42:06','2023-03-22 00:42:06',NULL),(1084,8081,271,295351,41120,17,1,602,0.2770,3.0000,10,338240.00,2810.77,0.00,0.00,0.00,0.00,0.00,0.00,0,'2023-03-22 00:42:06','2023-03-22 00:42:06',NULL),(1085,8081,271,295351,41120,17,1,637,0.2770,3.0000,10,0.00,0.00,0.00,0.00,0.00,0.00,0.00,0.00,0,'2023-03-22 00:42:06','2023-03-22 00:42:06',NULL),(1086,8081,271,295351,41120,16,1,602,0.0000,4.2000,1,338240.00,0.00,0.00,0.00,0.00,0.00,0.00,0.00,0,'2023-03-22 00:42:06','2023-03-22 00:42:06',NULL),(1087,8081,271,295351,41120,16,1,637,0.0000,4.2000,10,0.00,0.00,0.00,0.00,0.00,0.00,0.00,0.00,0,'2023-03-22 00:42:06','2023-03-22 00:42:06',NULL);

--
-- Table structure for table `period_liquidation_iibb`
--

CREATE TABLE `period_liquidation_iibb` (
  `id` int(10) unsigned NOT NULL AUTO_INCREMENT,
  `user_id` int(10) unsigned DEFAULT NULL,
  `period_liquidation_id` int(10) unsigned NOT NULL,
  `period_id` int(10) unsigned NOT NULL,
  `person_id` int(10) unsigned NOT NULL,
  `zone_id` int(10) unsigned NOT NULL,
  `base_amount` decimal(16,2) DEFAULT '0.00',
  `impuesto` decimal(16,2) DEFAULT '0.00',
  `saldo_a_favor_ant` decimal(16,2) DEFAULT '0.00',
  `sircreb` decimal(16,2) DEFAULT '0.00',
  `sirtac` decimal(16,2) NOT NULL DEFAULT '0.00',
  `percepciones` decimal(16,2) DEFAULT '0.00',
  `retenciones` decimal(16,2) DEFAULT '0.00',
  `a_pagar` decimal(16,2) DEFAULT '0.00',
  `a_favor` decimal(16,2) DEFAULT '0.00',
  `created_at` timestamp NULL DEFAULT NULL,
  `updated_at` timestamp NULL DEFAULT NULL,
  `deleted_at` timestamp NULL DEFAULT NULL,
  PRIMARY KEY (`id`),
  KEY `period_liquidation_iibb_period_liquidation_id_foreign` (`period_liquidation_id`),
  KEY `period_liquidation_iibb_period_id_foreign` (`period_id`),
  KEY `period_liquidation_iibb_person_id_foreign` (`person_id`),
  KEY `period_liquidation_iibb_zone_id_foreign` (`zone_id`),
  CONSTRAINT `period_liquidation_iibb_period_id_foreign` FOREIGN KEY (`period_id`) REFERENCES `periods` (`id`),
  CONSTRAINT `period_liquidation_iibb_period_liquidation_id_foreign` FOREIGN KEY (`period_liquidation_id`) REFERENCES `period_liquidations` (`id`),
  CONSTRAINT `period_liquidation_iibb_person_id_foreign` FOREIGN KEY (`person_id`) REFERENCES `persons` (`id`),
  CONSTRAINT `period_liquidation_iibb_zone_id_foreign` FOREIGN KEY (`zone_id`) REFERENCES `zones` (`id`)
) ENGINE=InnoDB AUTO_INCREMENT=689 DEFAULT CHARSET=utf8mb4 COLLATE=utf8mb4_unicode_ci;

--
-- Dumping data for table `period_liquidation_iibb`
--

INSERT INTO `period_liquidation_iibb` VALUES (55,8081,28,9027,40731,22,320215.00,4459.31,0.00,1110.43,0.00,5176.26,0.00,0.00,1827.38,'2022-11-27 03:58:55','2022-11-27 03:58:55',NULL),(56,8081,28,9027,40731,23,320215.00,4289.28,4799.27,71.27,0.00,1600.22,0.00,0.00,2181.48,'2022-11-27 03:58:55','2022-11-27 03:58:55',NULL),(59,8081,30,1515,40720,22,680000.00,6582.40,861.99,416.00,0.00,0.00,0.00,5304.41,0.00,'2022-11-28 14:29:09','2022-11-28 14:29:09',NULL),(60,8081,30,1515,40720,23,680000.00,10417.60,10884.18,0.00,0.00,0.00,0.00,0.00,466.58,'2022-11-28 14:29:09','2022-11-28 14:29:09',NULL),(69,8081,35,296865,40720,22,215000.00,2081.20,0.00,0.00,0.00,0.00,0.00,2081.20,0.00,'2022-12-09 16:09:08','2022-12-09 16:09:08',NULL),(70,8081,35,296865,40720,23,215000.00,3293.80,0.00,0.00,0.00,0.00,0.00,3293.80,0.00,'2022-12-09 16:09:08','2022-12-09 16:09:08',NULL),(95,8081,48,9028,40731,22,393726.96,5483.04,1827.38,177.65,0.00,5795.61,0.00,0.00,2317.60,'2022-12-11 01:39:51','2022-12-11 01:39:51',NULL),(96,8081,48,9028,40731,23,393726.96,5273.97,2181.48,0.00,0.00,2046.83,0.00,1045.66,0.00,'2022-12-11 01:39:51','2022-12-11 01:39:51',NULL),(105,8081,53,1516,40720,22,200000.00,1936.00,0.00,149.50,0.00,0.00,0.00,1786.50,0.00,'2022-12-11 23:24:16','2022-12-11 23:24:16',NULL),(106,8081,53,1516,40720,23,200000.00,3064.00,466.58,0.00,0.00,0.00,0.00,2597.42,0.00,'2022-12-11 23:24:16','2022-12-11 23:24:16',NULL),(161,8081,69,296866,40720,22,218600.00,2116.05,0.00,0.00,0.00,0.00,0.00,2116.05,0.00,'2022-12-12 11:40:26','2022-12-12 11:40:26',NULL),(162,8081,69,296866,40720,23,218600.00,3348.95,0.00,0.00,0.00,0.00,0.00,3348.95,0.00,'2022-12-12 11:40:26','2022-12-12 11:40:26',NULL),(163,8081,70,296867,40720,22,220200.00,2131.54,0.00,0.00,0.00,0.00,0.00,2131.54,0.00,'2022-12-12 11:40:43','2022-12-12 11:40:43',NULL),(164,8081,70,296867,40720,23,220200.00,3373.46,0.00,0.00,0.00,0.00,0.00,3373.46,0.00,'2022-12-12 11:40:43','2022-12-12 11:40:43',NULL),(165,8081,71,296868,40720,22,228900.00,2215.75,0.00,0.00,0.00,0.00,0.00,2215.75,0.00,'2022-12-12 11:41:00','2022-12-12 11:41:00',NULL),(166,8081,71,296868,40720,23,228900.00,3506.75,0.00,0.00,0.00,0.00,0.00,3506.75,0.00,'2022-12-12 11:41:00','2022-12-12 11:41:00',NULL),(167,8081,72,296869,40720,22,548800.00,5312.38,0.00,0.00,0.00,0.00,0.00,5312.38,0.00,'2022-12-12 11:41:25','2022-12-12 11:41:25',NULL),(168,8081,72,296869,40720,23,548800.00,8407.62,0.00,0.00,0.00,0.00,0.00,8407.62,0.00,'2022-12-12 11:41:25','2022-12-12 11:41:25',NULL),(169,8081,73,296870,40720,22,29025.00,280.96,0.00,0.00,0.00,0.00,0.00,280.96,0.00,'2022-12-12 11:41:44','2022-12-12 11:41:44',NULL),(170,8081,73,296870,40720,23,29025.00,444.66,0.00,0.00,0.00,0.00,0.00,444.66,0.00,'2022-12-12 11:41:44','2022-12-12 11:41:44',NULL),(171,8081,74,296871,40720,22,250000.00,2420.00,0.00,0.00,0.00,0.00,0.00,2420.00,0.00,'2022-12-12 11:42:03','2022-12-12 11:42:03',NULL),(172,8081,74,296871,40720,23,250000.00,3830.00,0.00,0.00,0.00,0.00,0.00,3830.00,0.00,'2022-12-12 11:42:03','2022-12-12 11:42:03',NULL),(173,8081,75,296872,40720,22,120000.00,1161.60,0.00,0.00,0.00,0.00,0.00,1161.60,0.00,'2022-12-12 11:42:23','2022-12-12 11:42:23',NULL),(174,8081,75,296872,40720,23,120000.00,1838.40,0.00,0.00,0.00,0.00,0.00,1838.40,0.00,'2022-12-12 11:42:23','2022-12-12 11:42:23',NULL),(175,8081,76,296873,40720,22,55000.00,532.40,0.00,0.00,0.00,0.00,0.00,532.40,0.00,'2022-12-12 11:42:44','2022-12-12 11:42:44',NULL),(176,8081,76,296873,40720,23,55000.00,842.60,0.00,0.00,0.00,0.00,0.00,842.60,0.00,'2022-12-12 11:42:44','2022-12-12 11:42:44',NULL),(247,8081,91,295337,41120,1,50175.00,0.00,0.00,0.00,0.00,0.00,0.00,0.00,0.00,'2022-12-12 12:16:10','2022-12-12 12:16:10',NULL),(248,8081,91,295337,41120,16,50175.00,0.00,0.00,0.00,0.00,0.00,0.00,0.00,0.00,'2022-12-12 12:16:10','2022-12-12 12:16:10',NULL),(249,8081,91,295337,41120,17,50175.00,0.00,0.00,0.00,0.00,0.00,0.00,0.00,0.00,'2022-12-12 12:16:10','2022-12-12 12:16:10',NULL);
INSERT INTO `period_liquidation_iibb` VALUES (250,8081,91,295337,41120,22,50175.00,0.00,0.00,0.00,0.00,0.00,0.00,0.00,0.00,'2022-12-12 12:16:10','2022-12-12 12:16:10',NULL),(251,8081,91,295337,41120,23,50175.00,0.00,0.00,0.00,0.00,0.00,0.00,0.00,0.00,'2022-12-12 12:16:10','2022-12-12 12:16:10',NULL),(252,8081,92,295338,41120,1,177150.00,0.00,0.00,0.00,0.00,0.00,0.00,0.00,0.00,'2022-12-12 12:16:32','2022-12-12 12:16:32',NULL),(253,8081,92,295338,41120,16,177150.00,0.00,0.00,0.00,0.00,0.00,0.00,0.00,0.00,'2022-12-12 12:16:32','2022-12-12 12:16:32',NULL),(254,8081,92,295338,41120,17,177150.00,0.00,0.00,0.00,0.00,0.00,0.00,0.00,0.00,'2022-12-12 12:16:32','2022-12-12 12:16:32',NULL),(255,8081,92,295338,41120,22,177150.00,0.00,0.00,0.00,0.00,0.00,0.00,0.00,0.00,'2022-12-12 12:16:32','2022-12-12 12:16:32',NULL),(256,8081,92,295338,41120,23,177150.00,0.00,0.00,0.00,0.00,0.00,0.00,0.00,0.00,'2022-12-12 12:16:32','2022-12-12 12:16:32',NULL),(257,8081,93,295339,41120,1,156250.00,0.00,0.00,0.00,0.00,0.00,0.00,0.00,0.00,'2022-12-12 12:16:53','2022-12-12 12:16:53',NULL),(258,8081,93,295339,41120,16,156250.00,0.00,0.00,0.00,0.00,0.00,0.00,0.00,0.00,'2022-12-12 12:16:53','2022-12-12 12:16:53',NULL),(259,8081,93,295339,41120,17,156250.00,0.00,0.00,0.00,0.00,0.00,0.00,0.00,0.00,'2022-12-12 12:16:53','2022-12-12 12:16:53',NULL),(260,8081,93,295339,41120,22,156250.00,0.00,0.00,0.00,0.00,0.00,0.00,0.00,0.00,'2022-12-12 12:16:53','2022-12-12 12:16:53',NULL),(261,8081,93,295339,41120,23,156250.00,0.00,0.00,0.00,0.00,0.00,0.00,0.00,0.00,'2022-12-12 12:16:53','2022-12-12 12:16:53',NULL),(262,8081,94,295340,41120,1,230490.00,0.00,0.00,0.00,0.00,0.00,0.00,0.00,0.00,'2022-12-12 12:17:11','2022-12-12 12:17:11',NULL),(263,8081,94,295340,41120,16,230490.00,0.00,0.00,0.00,0.00,0.00,0.00,0.00,0.00,'2022-12-12 12:17:11','2022-12-12 12:17:11',NULL),(264,8081,94,295340,41120,17,230490.00,0.00,0.00,0.00,0.00,0.00,0.00,0.00,0.00,'2022-12-12 12:17:11','2022-12-12 12:17:11',NULL),(265,8081,94,295340,41120,22,230490.00,0.00,0.00,0.00,0.00,0.00,0.00,0.00,0.00,'2022-12-12 12:17:11','2022-12-12 12:17:11',NULL),(266,8081,94,295340,41120,23,230490.00,0.00,0.00,0.00,0.00,0.00,0.00,0.00,0.00,'2022-12-12 12:17:11','2022-12-12 12:17:11',NULL),(267,8081,95,295341,41120,1,115100.00,0.00,0.00,0.00,0.00,0.00,0.00,0.00,0.00,'2022-12-12 12:17:35','2022-12-12 12:17:35',NULL),(268,8081,95,295341,41120,16,115100.00,0.00,0.00,0.00,0.00,0.00,0.00,0.00,0.00,'2022-12-12 12:17:35','2022-12-12 12:17:35',NULL),(269,8081,95,295341,41120,17,115100.00,0.00,0.00,0.00,0.00,0.00,0.00,0.00,0.00,'2022-12-12 12:17:35','2022-12-12 12:17:35',NULL),(270,8081,95,295341,41120,22,115100.00,0.00,0.00,0.00,0.00,0.00,0.00,0.00,0.00,'2022-12-12 12:17:35','2022-12-12 12:17:35',NULL),(271,8081,95,295341,41120,23,115100.00,0.00,0.00,0.00,0.00,0.00,0.00,0.00,0.00,'2022-12-12 12:17:35','2022-12-12 12:17:35',NULL),(272,8081,96,295342,41120,1,228020.00,0.00,0.00,0.00,0.00,0.00,0.00,0.00,0.00,'2022-12-12 12:17:55','2022-12-12 12:17:55',NULL),(273,8081,96,295342,41120,16,228020.00,0.00,0.00,0.00,0.00,0.00,0.00,0.00,0.00,'2022-12-12 12:17:55','2022-12-12 12:17:55',NULL),(274,8081,96,295342,41120,17,228020.00,0.00,0.00,0.00,0.00,0.00,0.00,0.00,0.00,'2022-12-12 12:17:55','2022-12-12 12:17:55',NULL),(275,8081,96,295342,41120,22,228020.00,0.00,0.00,0.00,0.00,0.00,0.00,0.00,0.00,'2022-12-12 12:17:55','2022-12-12 12:17:55',NULL),(276,8081,96,295342,41120,23,228020.00,0.00,0.00,0.00,0.00,0.00,0.00,0.00,0.00,'2022-12-12 12:17:55','2022-12-12 12:17:55',NULL),(277,8081,97,295343,41120,1,66000.00,0.00,0.00,0.00,0.00,0.00,0.00,0.00,0.00,'2022-12-12 12:19:08','2022-12-12 12:19:08',NULL),(278,8081,97,295343,41120,16,66000.00,0.00,0.00,0.00,0.00,0.00,0.00,0.00,0.00,'2022-12-12 12:19:08','2022-12-12 12:19:08',NULL),(279,8081,97,295343,41120,17,66000.00,0.00,0.00,0.00,0.00,0.00,0.00,0.00,0.00,'2022-12-12 12:19:09','2022-12-12 12:19:09',NULL),(280,8081,97,295343,41120,22,66000.00,0.00,0.00,0.00,0.00,0.00,0.00,0.00,0.00,'2022-12-12 12:19:09','2022-12-12 12:19:09',NULL);
INSERT INTO `period_liquidation_iibb` VALUES (281,8081,97,295343,41120,23,66000.00,0.00,0.00,0.00,0.00,0.00,0.00,0.00,0.00,'2022-12-12 12:19:09','2022-12-12 12:19:09',NULL),(282,8081,98,295344,41120,1,212080.00,0.00,0.00,0.00,0.00,0.00,0.00,0.00,0.00,'2022-12-12 12:19:40','2022-12-12 12:19:40',NULL),(283,8081,98,295344,41120,16,212080.00,0.00,0.00,0.00,0.00,0.00,0.00,0.00,0.00,'2022-12-12 12:19:40','2022-12-12 12:19:40',NULL),(284,8081,98,295344,41120,17,212080.00,0.00,0.00,0.00,0.00,0.00,0.00,0.00,0.00,'2022-12-12 12:19:40','2022-12-12 12:19:40',NULL),(285,8081,98,295344,41120,22,212080.00,0.00,0.00,0.00,0.00,0.00,0.00,0.00,0.00,'2022-12-12 12:19:40','2022-12-12 12:19:40',NULL),(286,8081,98,295344,41120,23,212080.00,0.00,0.00,0.00,0.00,0.00,0.00,0.00,0.00,'2022-12-12 12:19:40','2022-12-12 12:19:40',NULL),(287,8081,99,295345,41120,1,239105.00,0.00,0.00,0.00,0.00,0.00,0.00,0.00,0.00,'2022-12-12 12:19:58','2022-12-12 12:19:58',NULL),(288,8081,99,295345,41120,16,239105.00,0.00,0.00,0.00,0.00,0.00,0.00,0.00,0.00,'2022-12-12 12:19:58','2022-12-12 12:19:58',NULL),(289,8081,99,295345,41120,17,239105.00,0.00,0.00,0.00,0.00,0.00,0.00,0.00,0.00,'2022-12-12 12:19:58','2022-12-12 12:19:58',NULL),(290,8081,99,295345,41120,22,239105.00,0.00,0.00,1145.90,0.00,0.00,0.00,0.00,1145.90,'2022-12-12 12:19:58','2022-12-12 12:19:58',NULL),(291,8081,99,295345,41120,23,239105.00,0.00,0.00,5.30,0.00,0.00,0.00,0.00,5.30,'2022-12-12 12:19:58','2022-12-12 12:19:58',NULL),(314,8081,111,296880,41123,22,17500.00,222.76,0.00,0.00,0.00,0.00,0.00,222.76,0.00,'2022-12-12 12:28:49','2022-12-12 12:28:49',NULL),(315,8081,111,296880,41123,23,17500.00,35.26,0.00,0.00,0.00,0.00,0.00,35.26,0.00,'2022-12-12 12:28:49','2022-12-12 12:28:49',NULL),(316,8081,112,296881,41123,22,34400.00,437.88,0.00,0.00,0.00,0.00,0.00,437.88,0.00,'2022-12-12 12:29:09','2022-12-12 12:29:09',NULL),(317,8081,112,296881,41123,23,34400.00,69.31,0.00,0.00,0.00,0.00,0.00,69.31,0.00,'2022-12-12 12:29:09','2022-12-12 12:29:09',NULL),(318,8081,113,296882,41123,22,87820.00,1117.86,0.00,0.00,0.00,0.00,0.00,1117.86,0.00,'2022-12-12 12:29:30','2022-12-12 12:29:30',NULL),(319,8081,113,296882,41123,23,87820.00,176.95,0.00,0.00,0.00,0.00,0.00,176.95,0.00,'2022-12-12 12:29:30','2022-12-12 12:29:30',NULL),(320,8081,114,296883,41123,22,62920.00,800.91,0.00,0.00,0.00,0.00,0.00,800.91,0.00,'2022-12-12 12:29:53','2022-12-12 12:29:53',NULL),(321,8081,114,296883,41123,23,62920.00,126.78,0.00,0.00,0.00,0.00,0.00,126.78,0.00,'2022-12-12 12:29:53','2022-12-12 12:29:53',NULL),(322,8081,115,296884,41123,22,108820.00,1385.17,0.00,0.00,0.00,0.00,0.00,1385.17,0.00,'2022-12-12 12:30:09','2022-12-12 12:30:09',NULL),(323,8081,115,296884,41123,23,108820.00,219.27,0.00,0.00,0.00,0.00,0.00,219.27,0.00,'2022-12-12 12:30:09','2022-12-12 12:30:09',NULL),(324,8081,116,296885,41123,22,108820.00,1385.17,0.00,0.00,0.00,0.00,0.00,1385.17,0.00,'2022-12-12 12:30:26','2022-12-12 12:30:26',NULL),(325,8081,116,296885,41123,23,108820.00,219.27,0.00,0.00,0.00,0.00,0.00,219.27,0.00,'2022-12-12 12:30:26','2022-12-12 12:30:26',NULL),(326,8081,117,296886,41123,22,129400.00,1647.13,0.00,0.00,0.00,0.00,0.00,1647.13,0.00,'2022-12-12 12:30:45','2022-12-12 12:30:45',NULL),(327,8081,117,296886,41123,23,129400.00,260.73,0.00,0.00,0.00,0.00,0.00,260.73,0.00,'2022-12-12 12:30:45','2022-12-12 12:30:45',NULL),(328,8081,118,296887,41123,22,136050.00,1731.78,0.00,0.00,0.00,0.00,0.00,1731.78,0.00,'2022-12-12 12:31:13','2022-12-12 12:31:13',NULL),(329,8081,118,296887,41123,23,136050.00,274.13,0.00,0.00,0.00,0.00,0.00,274.13,0.00,'2022-12-12 12:31:13','2022-12-12 12:31:13',NULL),(330,8081,119,296888,41123,22,136050.00,1731.78,0.00,0.00,0.00,0.00,0.00,1731.78,0.00,'2022-12-12 12:31:34','2022-12-12 12:31:34',NULL),(331,8081,119,296888,41123,23,136050.00,274.13,0.00,0.00,0.00,0.00,0.00,274.13,0.00,'2022-12-12 12:31:34','2022-12-12 12:31:34',NULL),(332,8081,120,296889,41123,22,96800.00,1232.17,0.00,0.00,0.00,0.00,0.00,1232.17,0.00,'2022-12-12 15:31:52','2022-12-12 15:31:52',NULL);
INSERT INTO `period_liquidation_iibb` VALUES (333,8081,120,296889,41123,23,96800.00,195.05,0.00,0.00,0.00,0.00,0.00,195.05,0.00,'2022-12-12 15:31:52','2022-12-12 15:31:52',NULL),(354,8081,131,298411,40731,22,179900.00,2505.29,0.00,0.00,0.00,0.00,0.00,2505.29,0.00,'2022-12-12 13:29:47','2022-12-12 13:29:47',NULL),(355,8081,131,298411,40731,23,179900.00,2409.76,0.00,0.00,0.00,0.00,0.00,2409.76,0.00,'2022-12-12 13:29:47','2022-12-12 13:29:47',NULL),(356,8081,132,298412,40731,22,152585.00,2124.90,0.00,0.00,0.00,0.00,0.00,2124.90,0.00,'2022-12-12 13:30:01','2022-12-12 13:30:01',NULL),(357,8081,132,298412,40731,23,152585.00,2043.88,0.00,0.00,0.00,0.00,0.00,2043.88,0.00,'2022-12-12 13:30:01','2022-12-12 13:30:01',NULL),(358,8081,133,298413,40731,22,159770.00,2224.96,0.00,0.00,0.00,0.00,0.00,2224.96,0.00,'2022-12-12 13:30:18','2022-12-12 13:30:18',NULL),(359,8081,133,298413,40731,23,159770.00,2140.12,0.00,0.00,0.00,0.00,0.00,2140.12,0.00,'2022-12-12 13:30:18','2022-12-12 13:30:18',NULL),(360,8081,134,298414,40731,22,85685.00,1193.25,0.00,0.00,0.00,0.00,0.00,1193.25,0.00,'2022-12-12 13:30:32','2022-12-12 13:30:32',NULL),(361,8081,134,298414,40731,23,85685.00,1147.75,0.00,0.00,0.00,0.00,0.00,1147.75,0.00,'2022-12-12 13:30:32','2022-12-12 13:30:32',NULL),(362,8081,135,298415,40731,22,177875.07,2477.09,0.00,0.00,0.00,0.00,0.00,2477.09,0.00,'2022-12-12 13:30:52','2022-12-12 13:30:52',NULL),(363,8081,135,298415,40731,23,177875.07,2382.64,0.00,0.00,0.00,0.00,0.00,2382.64,0.00,'2022-12-12 13:30:52','2022-12-12 13:30:52',NULL),(364,8081,136,298417,40731,22,334410.00,4656.99,0.00,0.00,0.00,0.00,0.00,4656.99,0.00,'2022-12-12 13:33:06','2022-12-12 13:33:06',NULL),(365,8081,136,298417,40731,23,334410.00,4479.42,0.00,0.00,0.00,0.00,0.00,4479.42,0.00,'2022-12-12 13:33:06','2022-12-12 13:33:06',NULL),(366,8081,137,298418,40731,22,282267.07,3930.85,0.00,0.00,0.00,0.00,0.00,3930.85,0.00,'2022-12-12 13:34:04','2022-12-12 13:34:04',NULL),(367,8081,137,298418,40731,23,282267.07,3780.97,0.00,0.00,0.00,0.00,0.00,3780.97,0.00,'2022-12-12 13:34:04','2022-12-12 13:34:04',NULL),(386,8081,147,296890,41123,22,136050.00,1731.78,1596.68,381.16,0.00,0.00,0.00,0.00,246.06,'2022-12-15 01:12:59','2022-12-15 01:12:59',NULL),(387,8081,147,296890,41123,23,136050.00,2741.34,11490.72,0.00,0.00,0.00,0.00,0.00,8749.38,'2022-12-15 01:12:59','2022-12-15 01:12:59',NULL),(394,8081,151,322665,41147,22,35600.00,1007.44,0.00,0.00,0.00,0.00,0.00,1007.44,0.00,'2022-12-15 17:19:59','2022-12-15 17:19:59',NULL),(395,8081,151,322665,41147,23,35600.00,70.65,0.00,0.00,0.00,0.00,0.00,70.65,0.00,'2022-12-15 17:19:59','2022-12-15 17:19:59',NULL),(396,8081,152,322666,41147,22,37900.00,1072.53,0.00,0.00,0.00,0.00,0.00,1072.53,0.00,'2022-12-15 17:20:13','2022-12-15 17:20:13',NULL),(397,8081,152,322666,41147,23,37900.00,75.21,0.00,0.00,0.00,0.00,0.00,75.21,0.00,'2022-12-15 17:20:13','2022-12-15 17:20:13',NULL),(400,8081,154,322668,41147,22,37300.00,1055.55,0.00,0.00,0.00,0.00,0.00,1055.55,0.00,'2022-12-15 17:21:09','2022-12-15 17:21:09',NULL),(401,8081,154,322668,41147,23,37300.00,74.02,0.00,0.00,0.00,0.00,0.00,74.02,0.00,'2022-12-15 17:21:09','2022-12-15 17:21:09',NULL),(402,8081,155,322669,41147,22,37300.00,1055.55,0.00,0.00,0.00,0.00,0.00,1055.55,0.00,'2022-12-15 17:21:27','2022-12-15 17:21:27',NULL),(403,8081,155,322669,41147,23,37300.00,74.02,0.00,0.00,0.00,0.00,0.00,74.02,0.00,'2022-12-15 17:21:27','2022-12-15 17:21:27',NULL),(404,8081,156,322670,41147,22,33000.00,933.87,0.00,0.00,0.00,0.00,0.00,933.87,0.00,'2022-12-15 17:22:06','2022-12-15 17:22:06',NULL),(405,8081,156,322670,41147,23,33000.00,65.49,0.00,0.00,0.00,0.00,0.00,65.49,0.00,'2022-12-15 17:22:06','2022-12-15 17:22:06',NULL),(406,8081,157,322671,41147,22,37000.00,1047.06,0.00,0.00,0.00,0.00,0.00,1047.06,0.00,'2022-12-15 17:22:22','2022-12-15 17:22:22',NULL),(407,8081,157,322671,41147,23,37000.00,73.43,0.00,0.00,0.00,0.00,0.00,73.43,0.00,'2022-12-15 17:22:22','2022-12-15 17:22:22',NULL);
INSERT INTO `period_liquidation_iibb` VALUES (408,8081,158,322672,41147,22,33000.00,933.87,0.00,0.00,0.00,0.00,0.00,933.87,0.00,'2022-12-15 17:22:41','2022-12-15 17:22:41',NULL),(409,8081,158,322672,41147,23,33000.00,65.49,0.00,0.00,0.00,0.00,0.00,65.49,0.00,'2022-12-15 17:22:41','2022-12-15 17:22:41',NULL),(410,8081,159,322673,41147,22,35000.00,990.47,0.00,0.00,0.00,0.00,0.00,990.47,0.00,'2022-12-15 17:22:54','2022-12-15 17:22:54',NULL),(411,8081,159,322673,41147,23,35000.00,69.46,0.00,0.00,0.00,0.00,0.00,69.46,0.00,'2022-12-15 17:22:54','2022-12-15 17:22:54',NULL),(412,8081,160,322674,41147,22,41000.00,1160.26,0.00,0.00,0.00,0.00,0.00,1160.26,0.00,'2022-12-15 17:23:20','2022-12-15 17:23:20',NULL),(413,8081,160,322674,41147,23,41000.00,81.36,0.00,0.00,0.00,0.00,0.00,81.36,0.00,'2022-12-15 17:23:20','2022-12-15 17:23:20',NULL),(414,8081,161,322675,41147,22,48000.00,1358.35,0.00,0.00,0.00,0.00,0.00,1358.35,0.00,'2022-12-15 17:23:34','2022-12-15 17:23:34',NULL),(415,8081,161,322675,41147,23,48000.00,95.26,0.00,0.00,0.00,0.00,0.00,95.26,0.00,'2022-12-15 17:23:34','2022-12-15 17:23:34',NULL),(416,8081,162,322667,41147,22,37000.00,1047.06,0.00,0.00,0.00,0.00,0.00,1047.06,0.00,'2022-12-15 17:24:16','2022-12-15 17:24:16',NULL),(417,8081,162,322667,41147,23,37000.00,73.43,0.00,0.00,0.00,0.00,0.00,73.43,0.00,'2022-12-15 17:24:16','2022-12-15 17:24:16',NULL),(422,8081,165,298416,40731,22,102540.00,1427.97,0.00,0.00,0.00,0.00,0.00,1427.97,0.00,'2023-01-09 13:22:56','2023-01-09 13:22:56',NULL),(423,8081,165,298416,40731,23,102540.00,1373.52,0.00,0.00,0.00,0.00,0.00,1373.52,0.00,'2023-01-09 13:22:56','2023-01-09 13:22:56',NULL),(426,8081,167,1517,40720,22,230000.00,2226.40,0.00,0.00,0.00,0.00,0.00,2226.40,0.00,'2023-01-09 13:36:06','2023-01-09 13:36:06',NULL),(427,8081,167,1517,40720,23,230000.00,3523.60,0.00,0.00,0.00,0.00,0.00,3523.60,0.00,'2023-01-09 13:36:06','2023-01-09 13:36:06',NULL),(430,8081,169,296891,41123,22,215800.00,2746.92,246.06,0.00,0.00,0.00,0.00,2500.86,0.00,'2023-01-09 14:13:24','2023-01-09 14:13:24',NULL),(431,8081,169,296891,41123,23,215800.00,4348.26,8749.38,0.00,0.00,0.00,0.00,0.00,4401.12,'2023-01-09 14:13:24','2023-01-09 14:13:24',NULL),(437,8081,171,295346,41120,1,125350.00,0.00,0.00,0.00,0.00,0.00,0.00,0.00,0.00,'2023-01-09 14:33:38','2023-01-09 14:33:38',NULL),(438,8081,171,295346,41120,16,125350.00,0.00,0.00,0.00,0.00,0.00,0.00,0.00,0.00,'2023-01-09 14:33:38','2023-01-09 14:33:38',NULL),(439,8081,171,295346,41120,17,125350.00,0.00,0.00,0.00,0.00,0.00,0.00,0.00,0.00,'2023-01-09 14:33:38','2023-01-09 14:33:38',NULL),(440,8081,171,295346,41120,22,125350.00,0.00,1145.90,0.00,0.00,0.00,0.00,0.00,1145.90,'2023-01-09 14:33:38','2023-01-09 14:33:38',NULL),(441,8081,171,295346,41120,23,125350.00,0.00,5.30,0.00,0.00,0.00,0.00,0.00,5.30,'2023-01-09 14:33:38','2023-01-09 14:33:38',NULL),(442,8081,172,295335,41120,1,0.00,0.00,0.00,0.00,0.00,0.00,0.00,0.00,0.00,'2023-01-09 14:34:53','2023-01-09 14:34:53',NULL),(443,8081,172,295335,41120,16,0.00,0.00,0.00,0.00,0.00,0.00,0.00,0.00,0.00,'2023-01-09 14:34:53','2023-01-09 14:34:53',NULL),(444,8081,172,295335,41120,17,0.00,0.00,0.00,0.00,0.00,0.00,0.00,0.00,0.00,'2023-01-09 14:34:53','2023-01-09 14:34:53',NULL),(445,8081,172,295335,41120,22,0.00,0.00,0.00,0.00,0.00,0.00,0.00,0.00,0.00,'2023-01-09 14:34:53','2023-01-09 14:34:53',NULL),(446,8081,172,295335,41120,23,0.00,0.00,0.00,0.00,0.00,0.00,0.00,0.00,0.00,'2023-01-09 14:34:53','2023-01-09 14:34:53',NULL),(447,8081,173,295336,41120,1,0.00,0.00,0.00,0.00,0.00,0.00,0.00,0.00,0.00,'2023-01-09 14:45:41','2023-01-09 14:45:41',NULL),(448,8081,173,295336,41120,16,0.00,0.00,0.00,0.00,0.00,0.00,0.00,0.00,0.00,'2023-01-09 14:45:41','2023-01-09 14:45:41',NULL),(449,8081,173,295336,41120,17,0.00,0.00,0.00,0.00,0.00,0.00,0.00,0.00,0.00,'2023-01-09 14:45:41','2023-01-09 14:45:41',NULL),(450,8081,173,295336,41120,22,0.00,0.00,0.00,0.00,0.00,0.00,0.00,0.00,0.00,'2023-01-09 14:45:41','2023-01-09 14:45:41',NULL);
INSERT INTO `period_liquidation_iibb` VALUES (451,8081,173,295336,41120,23,0.00,0.00,0.00,0.00,0.00,0.00,0.00,0.00,0.00,'2023-01-09 14:45:41','2023-01-09 14:45:41',NULL),(460,8081,178,9029,40731,22,345949.36,4817.69,2317.60,0.00,0.00,4555.21,0.00,0.00,2055.12,'2023-01-15 21:23:37','2023-01-15 21:23:37',NULL),(461,8081,178,9029,40731,23,345949.36,4633.99,0.00,0.00,0.00,21.85,0.00,4612.14,0.00,'2023-01-15 21:23:37','2023-01-15 21:23:37',NULL),(462,8081,180,365498,41360,22,242830.83,0.00,0.00,0.00,0.00,0.00,0.00,0.00,0.00,'2023-01-31 01:22:50','2023-01-31 01:22:50',NULL),(463,8081,180,365498,41360,23,242830.83,0.00,0.00,0.00,0.00,0.00,0.00,0.00,0.00,'2023-01-31 01:22:50','2023-01-31 01:22:50',NULL),(484,8081,191,298410,40731,22,138203.99,1924.63,0.00,0.00,0.00,0.00,0.00,1924.63,0.00,'2023-02-17 22:58:27','2023-02-17 22:58:27',NULL),(485,8081,191,298410,40731,23,138203.99,1851.24,0.00,0.00,0.00,0.00,0.00,1851.24,0.00,'2023-02-17 22:58:27','2023-02-17 22:58:27',NULL),(544,8081,220,9030,40731,22,306250.00,4264.84,2055.12,44.16,0.00,1952.81,0.00,212.75,0.00,'2023-02-21 19:24:51','2023-02-21 19:24:51',NULL),(545,8081,220,9030,40731,23,306250.00,4102.22,0.00,339.84,0.00,5471.39,0.00,0.00,1709.01,'2023-02-21 19:24:51','2023-02-21 19:24:51',NULL),(565,NULL,230,365502,41360,22,0.00,0.00,0.00,0.00,0.00,0.00,0.00,0.00,0.00,'2023-02-21 17:14:49','2023-02-21 17:14:49',NULL),(566,NULL,230,365502,41360,23,0.00,0.00,0.00,0.00,0.00,0.00,0.00,0.00,0.00,'2023-02-21 17:14:49','2023-02-21 17:14:49',NULL),(567,8081,231,322676,41147,22,54000.00,1528.15,0.00,0.00,0.00,0.00,0.00,1528.15,0.00,'2023-02-27 01:08:07','2023-02-27 01:08:07',NULL),(568,8081,231,322676,41147,23,54000.00,107.16,0.00,0.00,0.00,0.00,0.00,107.16,0.00,'2023-02-27 01:08:07','2023-02-27 01:08:07',NULL),(569,8081,232,1518,40720,22,200000.00,2024.00,0.00,0.00,0.00,0.00,0.00,2024.00,0.00,'2023-02-27 12:38:02','2023-02-27 12:38:02',NULL),(570,8081,232,1518,40720,23,200000.00,2976.00,0.00,0.00,0.00,0.00,0.00,2976.00,0.00,'2023-02-27 12:38:02','2023-02-27 12:38:02',NULL),(571,8081,233,296895,41123,22,215100.00,5121.75,0.00,0.00,0.00,0.00,0.00,5121.75,0.00,'2023-02-27 12:41:19','2023-02-27 12:41:19',NULL),(572,8081,233,296895,41123,23,215100.00,1553.13,4401.12,0.00,0.00,0.00,0.00,0.00,2847.99,'2023-02-27 12:41:19','2023-02-27 12:41:19',NULL),(581,8081,239,322680,41147,22,73000.00,2065.83,0.00,0.00,0.00,0.00,0.00,2065.83,0.00,'2023-03-16 21:35:43','2023-03-16 21:35:43',NULL),(582,8081,239,322680,41147,23,73000.00,144.87,0.00,0.00,0.00,0.00,0.00,144.87,0.00,'2023-03-16 21:35:43','2023-03-16 21:35:43',NULL),(591,8081,244,296896,41123,22,207600.00,4943.16,0.00,0.00,0.00,0.00,0.00,4943.16,0.00,'2023-03-17 01:01:54','2023-03-17 01:01:54',NULL),(592,8081,244,296896,41123,23,207600.00,1498.98,2847.99,0.00,0.00,0.00,0.00,0.00,1349.01,'2023-03-17 01:01:54','2023-03-17 01:01:54',NULL),(603,8081,247,295350,41120,1,251520.00,0.00,0.00,0.00,0.00,0.00,0.00,0.00,0.00,'2023-03-16 22:44:47','2023-03-16 22:44:47',NULL),(604,8081,247,295350,41120,16,251520.00,0.00,0.00,0.00,0.00,0.00,0.00,0.00,0.00,'2023-03-16 22:44:47','2023-03-16 22:44:47',NULL),(605,8081,247,295350,41120,17,251520.00,0.00,0.00,0.00,0.00,0.00,0.00,0.00,0.00,'2023-03-16 22:44:47','2023-03-16 22:44:47',NULL),(606,8081,247,295350,41120,22,251520.00,0.00,1145.90,0.00,0.00,0.00,0.00,0.00,1145.90,'2023-03-16 22:44:47','2023-03-16 22:44:47',NULL),(607,8081,247,295350,41120,23,251520.00,0.00,5.30,0.00,0.00,0.00,0.00,0.00,5.30,'2023-03-16 22:44:47','2023-03-16 22:44:47',NULL),(617,8081,251,1519,40720,22,250000.00,2530.00,0.00,2172.80,0.00,0.00,0.00,357.20,0.00,'2023-03-19 22:39:59','2023-03-19 22:39:59',NULL),(618,8081,251,1519,40720,23,250000.00,3720.00,0.00,6017.20,0.00,2.13,0.00,0.00,2299.33,'2023-03-19 22:39:59','2023-03-19 22:39:59',NULL),(635,8081,260,9031,40731,22,366425.00,5102.83,0.00,13.80,0.00,8287.94,0.00,0.00,3198.91,'2023-03-20 03:24:51','2023-03-20 03:24:51',NULL);
INSERT INTO `period_liquidation_iibb` VALUES (636,8081,260,9031,40731,23,366425.00,4908.26,1709.01,106.20,0.00,21.85,0.00,3071.20,0.00,'2023-03-20 03:24:51','2023-03-20 03:24:51',NULL),(637,8081,261,322681,41147,22,87000.00,2462.01,0.00,548.90,0.00,0.00,0.00,1913.11,0.00,'2023-03-21 01:07:59','2023-03-21 01:07:59',NULL),(638,8081,261,322681,41147,23,87000.00,172.65,0.00,5.50,0.00,0.00,0.00,167.15,0.00,'2023-03-21 01:07:59','2023-03-21 01:07:59',NULL),(684,8081,271,295351,41120,1,338240.00,400.05,2587.59,0.00,0.00,0.00,0.00,0.00,2187.54,'2023-03-22 00:42:06','2023-03-22 00:42:06',NULL),(685,8081,271,295351,41120,16,338240.00,0.00,0.00,0.00,0.00,0.00,0.00,0.00,0.00,'2023-03-22 00:42:06','2023-03-22 00:42:06',NULL),(686,8081,271,295351,41120,17,338240.00,2810.77,3209.90,0.00,0.00,0.00,0.00,0.00,399.13,'2023-03-22 00:42:06','2023-03-22 00:42:06',NULL),(687,8081,271,295351,41120,22,338240.00,1626.60,0.00,3983.19,0.00,0.00,0.00,0.00,2356.59,'2023-03-22 00:42:06','2023-03-22 00:42:06',NULL),(688,8081,271,295351,41120,23,338240.00,6366.69,0.00,172.91,0.00,152.06,0.00,6041.72,0.00,'2023-03-22 00:42:06','2023-03-22 00:42:06',NULL);

--
-- Table structure for table `period_liquidation_iva`
--

CREATE TABLE `period_liquidation_iva` (
  `id` int(10) unsigned NOT NULL AUTO_INCREMENT,
  `user_id` int(10) unsigned DEFAULT NULL,
  `period_liquidation_id` int(10) unsigned NOT NULL,
  `period_id` int(10) unsigned NOT NULL,
  `person_id` int(10) unsigned NOT NULL,
  `total_debit` decimal(16,2) NOT NULL DEFAULT '0.00',
  `total_debito_mis_comp` decimal(16,2) DEFAULT '0.00',
  `total_credit` decimal(16,2) NOT NULL DEFAULT '0.00',
  `credito_fiscal_comp` decimal(16,2) DEFAULT '0.00',
  `total_credito_mis_comp` decimal(16,2) DEFAULT '0.00',
  `reduc_st_mono` decimal(10,2) NOT NULL DEFAULT '0.00',
  `previous_technical` decimal(16,2) NOT NULL DEFAULT '0.00',
  `technical_balance` decimal(16,2) NOT NULL DEFAULT '0.00',
  `previous_free_availability` decimal(16,2) NOT NULL DEFAULT '0.00',
  `retention_amount` decimal(16,2) NOT NULL DEFAULT '0.00',
  `perception_amount` decimal(16,2) NOT NULL DEFAULT '0.00',
  `compensation_amount` decimal(16,2) NOT NULL DEFAULT '0.00',
  `total_perceptions_retentions` decimal(16,2) NOT NULL DEFAULT '0.00',
  `free_availability_balance` decimal(16,2) NOT NULL DEFAULT '0.00',
  `pago_a_cuenta` decimal(16,2) NOT NULL DEFAULT '0.00',
  `negative_amount` decimal(16,2) NOT NULL DEFAULT '0.00',
  `positive_amount` decimal(16,2) NOT NULL DEFAULT '0.00',
  `total_free_availability` decimal(16,2) NOT NULL DEFAULT '0.00',
  `saldo_pago_a_cuenta` decimal(16,2) NOT NULL DEFAULT '0.00',
  `comentarios` text COLLATE utf8mb4_unicode_ci,
  `created_at` timestamp NULL DEFAULT NULL,
  `updated_at` timestamp NULL DEFAULT NULL,
  `deleted_at` timestamp NULL DEFAULT NULL,
  PRIMARY KEY (`id`),
  KEY `period_liquidation_iva_period_liquidation_id_foreign` (`period_liquidation_id`),
  KEY `period_liquidation_iva_period_id_foreign` (`period_id`),
  KEY `period_liquidation_iva_person_id_foreign` (`person_id`),
  CONSTRAINT `period_liquidation_iva_period_id_foreign` FOREIGN KEY (`period_id`) REFERENCES `periods` (`id`),
  CONSTRAINT `period_liquidation_iva_period_liquidation_id_foreign` FOREIGN KEY (`period_liquidation_id`) REFERENCES `period_liquidations` (`id`),
  CONSTRAINT `period_liquidation_iva_person_id_foreign` FOREIGN KEY (`person_id`) REFERENCES `persons` (`id`)
) ENGINE=InnoDB AUTO_INCREMENT=6 DEFAULT CHARSET=utf8mb4 COLLATE=utf8mb4_unicode_ci;

--
-- Dumping data for table `period_liquidation_iva`
--

INSERT INTO `period_liquidation_iva` VALUES (1,8081,179,365498,41360,43807.50,0.00,0.00,0.00,0.00,0.00,0.00,-43807.50,0.00,0.00,0.00,0.00,0.00,0.00,0.00,43807.50,0.00,0.00,0.00,NULL,'2023-01-31 01:22:50','2023-01-31 01:22:50',NULL),(4,NULL,225,365502,41360,0.00,0.00,0.00,0.00,0.00,0.00,0.00,0.00,0.00,0.00,0.00,0.00,0.00,0.00,0.00,0.00,0.00,0.00,0.00,NULL,'2023-02-21 17:14:49','2023-02-21 17:14:49',NULL),(5,8081,234,1518,40720,0.00,0.00,19761.18,0.00,0.00,0.00,0.00,19761.18,0.00,0.00,0.00,0.00,0.00,0.00,0.00,0.00,19761.18,0.00,0.00,NULL,'2023-03-02 12:28:38','2023-03-02 12:28:39',NULL);

--
-- Table structure for table `period_liquidation_iva_details`
--

CREATE TABLE `period_liquidation_iva_details` (
  `id` int(10) unsigned NOT NULL AUTO_INCREMENT,
  `user_id` int(10) unsigned DEFAULT NULL,
  `period_liquidation_id` int(10) unsigned NOT NULL,
  `period_liquidation_iva_id` int(10) unsigned NOT NULL,
  `period_id` int(10) unsigned NOT NULL,
  `person_id` int(10) unsigned NOT NULL,
  `activity_id` int(10) unsigned DEFAULT NULL,
  `iva_creditos_tipo_id` int(10) unsigned NOT NULL DEFAULT '1',
  `type` int(10) unsigned NOT NULL,
  `tax_id` int(10) unsigned NOT NULL DEFAULT '0',
  `taxabled_amount` decimal(16,2) NOT NULL DEFAULT '0.00',
  `iva_amount` decimal(16,2) NOT NULL DEFAULT '0.00',
  `created_at` timestamp NULL DEFAULT NULL,
  `updated_at` timestamp NULL DEFAULT NULL,
  `ordr` int(10) unsigned DEFAULT NULL,
  `deleted_at` timestamp NULL DEFAULT NULL,
  PRIMARY KEY (`id`),
  KEY `period_liquidation_iva_details_period_liquidation_iva_id_foreign` (`period_liquidation_iva_id`),
  KEY `period_liquidation_iva_details_period_liquidation_id_foreign` (`period_liquidation_id`),
  KEY `period_liquidation_iva_details_period_id_foreign` (`period_id`),
  KEY `period_liquidation_iva_details_person_id_foreign` (`person_id`),
  KEY `period_liquidation_iva_details_activity_id_foreign` (`activity_id`),
  KEY `period_liquidation_iva_details_iva_creditos_tipo_id_foreign` (`iva_creditos_tipo_id`),
  CONSTRAINT `period_liquidation_iva_details_activity_id_foreign` FOREIGN KEY (`activity_id`) REFERENCES `activities` (`id`),
  CONSTRAINT `period_liquidation_iva_details_iva_creditos_tipo_id_foreign` FOREIGN KEY (`iva_creditos_tipo_id`) REFERENCES `iva_creditos_tipos` (`id`),
  CONSTRAINT `period_liquidation_iva_details_period_id_foreign` FOREIGN KEY (`period_id`) REFERENCES `periods` (`id`),
  CONSTRAINT `period_liquidation_iva_details_period_liquidation_id_foreign` FOREIGN KEY (`period_liquidation_id`) REFERENCES `period_liquidations` (`id`),
  CONSTRAINT `period_liquidation_iva_details_period_liquidation_iva_id_foreign` FOREIGN KEY (`period_liquidation_iva_id`) REFERENCES `period_liquidation_iva` (`id`),
  CONSTRAINT `period_liquidation_iva_details_person_id_foreign` FOREIGN KEY (`person_id`) REFERENCES `persons` (`id`)
) ENGINE=InnoDB AUTO_INCREMENT=1231 DEFAULT CHARSET=utf8mb4 COLLATE=utf8mb4_unicode_ci;

--
-- Dumping data for table `period_liquidation_iva_details`
--

INSERT INTO `period_liquidation_iva_details` VALUES (1,8081,179,1,365498,41360,526,1,1,3,0.00,0.00,'2023-01-31 01:22:50','2023-01-31 01:22:50',1,NULL),(2,8081,179,1,365498,41360,526,1,1,2,35000.00,7350.00,'2023-01-31 01:22:50','2023-01-31 01:22:50',1,NULL),(3,8081,179,1,365498,41360,526,1,1,1,33550.00,3522.75,'2023-01-31 01:22:50','2023-01-31 01:22:50',1,NULL),(4,8081,179,1,365498,41360,526,1,1,5,0.00,0.00,'2023-01-31 01:22:50','2023-01-31 01:22:50',1,NULL),(5,8081,179,1,365498,41360,526,1,1,4,0.00,0.00,'2023-01-31 01:22:50','2023-01-31 01:22:50',1,NULL),(6,8081,179,1,365498,41360,526,1,1,8,0.00,0.00,'2023-01-31 01:22:50','2023-01-31 01:22:50',1,NULL),(7,8081,179,1,365498,41360,526,1,1,3,0.00,0.00,'2023-01-31 01:22:50','2023-01-31 01:22:50',2,NULL),(8,8081,179,1,365498,41360,526,1,1,2,139383.48,29270.53,'2023-01-31 01:22:50','2023-01-31 01:22:50',2,NULL),(9,8081,179,1,365498,41360,526,1,1,1,34897.35,3664.22,'2023-01-31 01:22:50','2023-01-31 01:22:50',2,NULL),(10,8081,179,1,365498,41360,526,1,1,5,0.00,0.00,'2023-01-31 01:22:50','2023-01-31 01:22:50',2,NULL),(11,8081,179,1,365498,41360,526,1,1,4,0.00,0.00,'2023-01-31 01:22:50','2023-01-31 01:22:50',2,NULL),(12,8081,179,1,365498,41360,526,1,1,8,0.00,0.00,'2023-01-31 01:22:50','2023-01-31 01:22:50',2,NULL),(13,8081,179,1,365498,41360,526,1,1,6,0.00,0.00,'2023-01-31 01:22:50','2023-01-31 01:22:50',3,NULL),(14,8081,179,1,365498,41360,526,1,1,7,0.00,0.00,'2023-01-31 01:22:50','2023-01-31 01:22:50',3,NULL),(15,8081,179,1,365498,41360,526,1,1,3,0.00,0.00,'2023-01-31 01:22:50','2023-01-31 01:22:50',4,NULL),(16,8081,179,1,365498,41360,526,1,1,2,0.00,0.00,'2023-01-31 01:22:50','2023-01-31 01:22:50',4,NULL),(17,8081,179,1,365498,41360,526,1,1,1,0.00,0.00,'2023-01-31 01:22:50','2023-01-31 01:22:50',4,NULL),(18,8081,179,1,365498,41360,526,1,1,5,0.00,0.00,'2023-01-31 01:22:50','2023-01-31 01:22:50',4,NULL),(19,8081,179,1,365498,41360,526,1,1,4,0.00,0.00,'2023-01-31 01:22:50','2023-01-31 01:22:50',4,NULL),(20,8081,179,1,365498,41360,526,1,1,6,0.00,0.00,'2023-01-31 01:22:50','2023-01-31 01:22:50',4,NULL),(21,8081,179,1,365498,41360,526,1,1,7,0.00,0.00,'2023-01-31 01:22:50','2023-01-31 01:22:50',4,NULL),(22,8081,179,1,365498,41360,526,1,1,8,0.00,0.00,'2023-01-31 01:22:50','2023-01-31 01:22:50',4,NULL),(23,8081,179,1,365498,41360,1,11,2,3,0.00,0.00,'2023-01-31 01:22:50','2023-01-31 01:22:50',5,NULL),(24,8081,179,1,365498,41360,1,7,2,3,0.00,0.00,'2023-01-31 01:22:50','2023-01-31 01:22:50',5,NULL),(25,8081,179,1,365498,41360,1,2,2,3,0.00,0.00,'2023-01-31 01:22:50','2023-01-31 01:22:50',5,NULL),(26,8081,179,1,365498,41360,1,12,2,3,0.00,0.00,'2023-01-31 01:22:50','2023-01-31 01:22:50',5,NULL),(27,8081,179,1,365498,41360,1,8,2,3,0.00,0.00,'2023-01-31 01:22:50','2023-01-31 01:22:50',5,NULL),(28,8081,179,1,365498,41360,1,3,2,3,0.00,0.00,'2023-01-31 01:22:50','2023-01-31 01:22:50',5,NULL),(29,8081,179,1,365498,41360,1,5,2,3,0.00,0.00,'2023-01-31 01:22:50','2023-01-31 01:22:50',5,NULL),(30,8081,179,1,365498,41360,1,13,2,3,0.00,0.00,'2023-01-31 01:22:50','2023-01-31 01:22:50',5,NULL),(31,8081,179,1,365498,41360,1,9,2,3,0.00,0.00,'2023-01-31 01:22:50','2023-01-31 01:22:50',5,NULL),(32,8081,179,1,365498,41360,1,4,2,3,0.00,0.00,'2023-01-31 01:22:50','2023-01-31 01:22:50',5,NULL),(33,8081,179,1,365498,41360,1,10,2,3,0.00,0.00,'2023-01-31 01:22:50','2023-01-31 01:22:50',5,NULL),(34,8081,179,1,365498,41360,1,6,2,3,0.00,0.00,'2023-01-31 01:22:50','2023-01-31 01:22:50',5,NULL),(35,8081,179,1,365498,41360,1,14,2,3,0.00,0.00,'2023-01-31 01:22:50','2023-01-31 01:22:50',5,NULL),(36,8081,179,1,365498,41360,1,1,2,3,0.00,0.00,'2023-01-31 01:22:50','2023-01-31 01:22:50',5,NULL),(37,8081,179,1,365498,41360,1,3,2,2,0.00,0.00,'2023-01-31 01:22:50','2023-01-31 01:22:50',5,NULL),(38,8081,179,1,365498,41360,1,5,2,2,0.00,0.00,'2023-01-31 01:22:50','2023-01-31 01:22:50',5,NULL),(39,8081,179,1,365498,41360,1,13,2,2,0.00,0.00,'2023-01-31 01:22:50','2023-01-31 01:22:50',5,NULL),(40,8081,179,1,365498,41360,1,9,2,2,0.00,0.00,'2023-01-31 01:22:50','2023-01-31 01:22:50',5,NULL);
INSERT INTO `period_liquidation_iva_details` VALUES (41,8081,179,1,365498,41360,1,4,2,2,0.00,0.00,'2023-01-31 01:22:50','2023-01-31 01:22:50',5,NULL),(42,8081,179,1,365498,41360,1,10,2,2,0.00,0.00,'2023-01-31 01:22:50','2023-01-31 01:22:50',5,NULL),(43,8081,179,1,365498,41360,1,6,2,2,0.00,0.00,'2023-01-31 01:22:50','2023-01-31 01:22:50',5,NULL),(44,8081,179,1,365498,41360,1,14,2,2,0.00,0.00,'2023-01-31 01:22:50','2023-01-31 01:22:50',5,NULL),(45,8081,179,1,365498,41360,1,1,2,2,0.00,0.00,'2023-01-31 01:22:50','2023-01-31 01:22:50',5,NULL),(46,8081,179,1,365498,41360,1,11,2,2,0.00,0.00,'2023-01-31 01:22:50','2023-01-31 01:22:50',5,NULL),(47,8081,179,1,365498,41360,1,7,2,2,0.00,0.00,'2023-01-31 01:22:50','2023-01-31 01:22:50',5,NULL),(48,8081,179,1,365498,41360,1,2,2,2,0.00,0.00,'2023-01-31 01:22:50','2023-01-31 01:22:50',5,NULL),(49,8081,179,1,365498,41360,1,12,2,2,0.00,0.00,'2023-01-31 01:22:50','2023-01-31 01:22:50',5,NULL),(50,8081,179,1,365498,41360,1,8,2,2,0.00,0.00,'2023-01-31 01:22:50','2023-01-31 01:22:50',5,NULL),(51,8081,179,1,365498,41360,1,4,2,1,0.00,0.00,'2023-01-31 01:22:50','2023-01-31 01:22:50',5,NULL),(52,8081,179,1,365498,41360,1,10,2,1,0.00,0.00,'2023-01-31 01:22:50','2023-01-31 01:22:50',5,NULL),(53,8081,179,1,365498,41360,1,6,2,1,0.00,0.00,'2023-01-31 01:22:50','2023-01-31 01:22:50',5,NULL),(54,8081,179,1,365498,41360,1,14,2,1,0.00,0.00,'2023-01-31 01:22:50','2023-01-31 01:22:50',5,NULL),(55,8081,179,1,365498,41360,1,1,2,1,0.00,0.00,'2023-01-31 01:22:50','2023-01-31 01:22:50',5,NULL),(56,8081,179,1,365498,41360,1,11,2,1,0.00,0.00,'2023-01-31 01:22:50','2023-01-31 01:22:50',5,NULL),(57,8081,179,1,365498,41360,1,7,2,1,0.00,0.00,'2023-01-31 01:22:50','2023-01-31 01:22:50',5,NULL),(58,8081,179,1,365498,41360,1,2,2,1,0.00,0.00,'2023-01-31 01:22:50','2023-01-31 01:22:50',5,NULL),(59,8081,179,1,365498,41360,1,12,2,1,0.00,0.00,'2023-01-31 01:22:50','2023-01-31 01:22:50',5,NULL),(60,8081,179,1,365498,41360,1,8,2,1,0.00,0.00,'2023-01-31 01:22:50','2023-01-31 01:22:50',5,NULL),(61,8081,179,1,365498,41360,1,3,2,1,0.00,0.00,'2023-01-31 01:22:50','2023-01-31 01:22:50',5,NULL),(62,8081,179,1,365498,41360,1,5,2,1,0.00,0.00,'2023-01-31 01:22:50','2023-01-31 01:22:50',5,NULL),(63,8081,179,1,365498,41360,1,13,2,1,0.00,0.00,'2023-01-31 01:22:50','2023-01-31 01:22:50',5,NULL),(64,8081,179,1,365498,41360,1,9,2,1,0.00,0.00,'2023-01-31 01:22:50','2023-01-31 01:22:50',5,NULL),(65,8081,179,1,365498,41360,1,3,2,5,0.00,0.00,'2023-01-31 01:22:50','2023-01-31 01:22:50',5,NULL),(66,8081,179,1,365498,41360,1,5,2,5,0.00,0.00,'2023-01-31 01:22:50','2023-01-31 01:22:50',5,NULL),(67,8081,179,1,365498,41360,1,13,2,5,0.00,0.00,'2023-01-31 01:22:50','2023-01-31 01:22:50',5,NULL),(68,8081,179,1,365498,41360,1,9,2,5,0.00,0.00,'2023-01-31 01:22:50','2023-01-31 01:22:50',5,NULL),(69,8081,179,1,365498,41360,1,4,2,5,0.00,0.00,'2023-01-31 01:22:50','2023-01-31 01:22:50',5,NULL),(70,8081,179,1,365498,41360,1,10,2,5,0.00,0.00,'2023-01-31 01:22:50','2023-01-31 01:22:50',5,NULL),(71,8081,179,1,365498,41360,1,6,2,5,0.00,0.00,'2023-01-31 01:22:50','2023-01-31 01:22:50',5,NULL),(72,8081,179,1,365498,41360,1,14,2,5,0.00,0.00,'2023-01-31 01:22:50','2023-01-31 01:22:50',5,NULL),(73,8081,179,1,365498,41360,1,1,2,5,0.00,0.00,'2023-01-31 01:22:50','2023-01-31 01:22:50',5,NULL),(74,8081,179,1,365498,41360,1,11,2,5,0.00,0.00,'2023-01-31 01:22:50','2023-01-31 01:22:50',5,NULL),(75,8081,179,1,365498,41360,1,7,2,5,0.00,0.00,'2023-01-31 01:22:50','2023-01-31 01:22:50',5,NULL),(76,8081,179,1,365498,41360,1,2,2,5,0.00,0.00,'2023-01-31 01:22:50','2023-01-31 01:22:50',5,NULL),(77,8081,179,1,365498,41360,1,12,2,5,0.00,0.00,'2023-01-31 01:22:50','2023-01-31 01:22:50',5,NULL),(78,8081,179,1,365498,41360,1,8,2,5,0.00,0.00,'2023-01-31 01:22:50','2023-01-31 01:22:50',5,NULL),(79,8081,179,1,365498,41360,1,10,2,4,0.00,0.00,'2023-01-31 01:22:50','2023-01-31 01:22:50',5,NULL),(80,8081,179,1,365498,41360,1,6,2,4,0.00,0.00,'2023-01-31 01:22:50','2023-01-31 01:22:50',5,NULL);
INSERT INTO `period_liquidation_iva_details` VALUES (81,8081,179,1,365498,41360,1,14,2,4,0.00,0.00,'2023-01-31 01:22:50','2023-01-31 01:22:50',5,NULL),(82,8081,179,1,365498,41360,1,1,2,4,0.00,0.00,'2023-01-31 01:22:50','2023-01-31 01:22:50',5,NULL),(83,8081,179,1,365498,41360,1,11,2,4,0.00,0.00,'2023-01-31 01:22:50','2023-01-31 01:22:50',5,NULL),(84,8081,179,1,365498,41360,1,7,2,4,0.00,0.00,'2023-01-31 01:22:50','2023-01-31 01:22:50',5,NULL),(85,8081,179,1,365498,41360,1,2,2,4,0.00,0.00,'2023-01-31 01:22:50','2023-01-31 01:22:50',5,NULL),(86,8081,179,1,365498,41360,1,12,2,4,0.00,0.00,'2023-01-31 01:22:50','2023-01-31 01:22:50',5,NULL),(87,8081,179,1,365498,41360,1,8,2,4,0.00,0.00,'2023-01-31 01:22:50','2023-01-31 01:22:50',5,NULL),(88,8081,179,1,365498,41360,1,3,2,4,0.00,0.00,'2023-01-31 01:22:50','2023-01-31 01:22:50',5,NULL),(89,8081,179,1,365498,41360,1,5,2,4,0.00,0.00,'2023-01-31 01:22:50','2023-01-31 01:22:50',5,NULL),(90,8081,179,1,365498,41360,1,13,2,4,0.00,0.00,'2023-01-31 01:22:50','2023-01-31 01:22:50',5,NULL),(91,8081,179,1,365498,41360,1,9,2,4,0.00,0.00,'2023-01-31 01:22:50','2023-01-31 01:22:50',5,NULL),(92,8081,179,1,365498,41360,1,4,2,4,0.00,0.00,'2023-01-31 01:22:50','2023-01-31 01:22:50',5,NULL),(93,8081,179,1,365498,41360,1,2,2,6,0.00,0.00,'2023-01-31 01:22:50','2023-01-31 01:22:50',5,NULL),(94,8081,179,1,365498,41360,1,1,2,7,0.00,0.00,'2023-01-31 01:22:50','2023-01-31 01:22:50',5,NULL),(95,8081,179,1,365498,41360,1,4,2,8,0.00,0.00,'2023-01-31 01:22:50','2023-01-31 01:22:50',5,NULL),(96,8081,179,1,365498,41360,1,12,2,6,0.00,0.00,'2023-01-31 01:22:50','2023-01-31 01:22:50',5,NULL),(97,8081,179,1,365498,41360,1,8,2,6,0.00,0.00,'2023-01-31 01:22:50','2023-01-31 01:22:50',5,NULL),(98,8081,179,1,365498,41360,1,11,2,7,0.00,0.00,'2023-01-31 01:22:50','2023-01-31 01:22:50',5,NULL),(99,8081,179,1,365498,41360,1,7,2,7,0.00,0.00,'2023-01-31 01:22:50','2023-01-31 01:22:50',5,NULL),(100,8081,179,1,365498,41360,1,10,2,8,0.00,0.00,'2023-01-31 01:22:50','2023-01-31 01:22:50',5,NULL),(101,8081,179,1,365498,41360,1,6,2,8,0.00,0.00,'2023-01-31 01:22:50','2023-01-31 01:22:50',5,NULL),(102,8081,179,1,365498,41360,1,14,2,8,0.00,0.00,'2023-01-31 01:22:50','2023-01-31 01:22:50',5,NULL),(103,8081,179,1,365498,41360,1,3,2,6,0.00,0.00,'2023-01-31 01:22:50','2023-01-31 01:22:50',5,NULL),(104,8081,179,1,365498,41360,1,2,2,7,0.00,0.00,'2023-01-31 01:22:50','2023-01-31 01:22:50',5,NULL),(105,8081,179,1,365498,41360,1,5,2,6,0.00,0.00,'2023-01-31 01:22:50','2023-01-31 01:22:50',5,NULL),(106,8081,179,1,365498,41360,1,13,2,6,0.00,0.00,'2023-01-31 01:22:50','2023-01-31 01:22:50',5,NULL),(107,8081,179,1,365498,41360,1,1,2,8,0.00,0.00,'2023-01-31 01:22:50','2023-01-31 01:22:50',5,NULL),(108,8081,179,1,365498,41360,1,9,2,6,0.00,0.00,'2023-01-31 01:22:50','2023-01-31 01:22:50',5,NULL),(109,8081,179,1,365498,41360,1,12,2,7,0.00,0.00,'2023-01-31 01:22:50','2023-01-31 01:22:50',5,NULL),(110,8081,179,1,365498,41360,1,8,2,7,0.00,0.00,'2023-01-31 01:22:50','2023-01-31 01:22:50',5,NULL),(111,8081,179,1,365498,41360,1,11,2,8,0.00,0.00,'2023-01-31 01:22:50','2023-01-31 01:22:50',5,NULL),(112,8081,179,1,365498,41360,1,7,2,8,0.00,0.00,'2023-01-31 01:22:50','2023-01-31 01:22:50',5,NULL),(113,8081,179,1,365498,41360,1,4,2,6,0.00,0.00,'2023-01-31 01:22:50','2023-01-31 01:22:50',5,NULL),(114,8081,179,1,365498,41360,1,3,2,7,0.00,0.00,'2023-01-31 01:22:50','2023-01-31 01:22:50',5,NULL),(115,8081,179,1,365498,41360,1,10,2,6,0.00,0.00,'2023-01-31 01:22:50','2023-01-31 01:22:50',5,NULL),(116,8081,179,1,365498,41360,1,6,2,6,0.00,0.00,'2023-01-31 01:22:50','2023-01-31 01:22:50',5,NULL),(117,8081,179,1,365498,41360,1,14,2,6,0.00,0.00,'2023-01-31 01:22:50','2023-01-31 01:22:50',5,NULL),(118,8081,179,1,365498,41360,1,2,2,8,0.00,0.00,'2023-01-31 01:22:50','2023-01-31 01:22:50',5,NULL),(119,8081,179,1,365498,41360,1,5,2,7,0.00,0.00,'2023-01-31 01:22:50','2023-01-31 01:22:50',5,NULL),(120,8081,179,1,365498,41360,1,13,2,7,0.00,0.00,'2023-01-31 01:22:50','2023-01-31 01:22:50',5,NULL);
INSERT INTO `period_liquidation_iva_details` VALUES (121,8081,179,1,365498,41360,1,9,2,7,0.00,0.00,'2023-01-31 01:22:50','2023-01-31 01:22:50',5,NULL),(122,8081,179,1,365498,41360,1,12,2,8,0.00,0.00,'2023-01-31 01:22:50','2023-01-31 01:22:50',5,NULL),(123,8081,179,1,365498,41360,1,8,2,8,0.00,0.00,'2023-01-31 01:22:50','2023-01-31 01:22:50',5,NULL),(124,8081,179,1,365498,41360,1,1,2,6,0.00,0.00,'2023-01-31 01:22:50','2023-01-31 01:22:50',5,NULL),(125,8081,179,1,365498,41360,1,4,2,7,0.00,0.00,'2023-01-31 01:22:50','2023-01-31 01:22:50',5,NULL),(126,8081,179,1,365498,41360,1,3,2,8,0.00,0.00,'2023-01-31 01:22:50','2023-01-31 01:22:50',5,NULL),(127,8081,179,1,365498,41360,1,11,2,6,0.00,0.00,'2023-01-31 01:22:50','2023-01-31 01:22:50',5,NULL),(128,8081,179,1,365498,41360,1,7,2,6,0.00,0.00,'2023-01-31 01:22:50','2023-01-31 01:22:50',5,NULL),(129,8081,179,1,365498,41360,1,10,2,7,0.00,0.00,'2023-01-31 01:22:50','2023-01-31 01:22:50',5,NULL),(130,8081,179,1,365498,41360,1,6,2,7,0.00,0.00,'2023-01-31 01:22:50','2023-01-31 01:22:50',5,NULL),(131,8081,179,1,365498,41360,1,14,2,7,0.00,0.00,'2023-01-31 01:22:50','2023-01-31 01:22:50',5,NULL),(132,8081,179,1,365498,41360,1,9,2,8,0.00,0.00,'2023-01-31 01:22:50','2023-01-31 01:22:50',5,NULL),(133,8081,179,1,365498,41360,1,5,2,8,0.00,0.00,'2023-01-31 01:22:50','2023-01-31 01:22:50',5,NULL),(134,8081,179,1,365498,41360,1,13,2,8,0.00,0.00,'2023-01-31 01:22:50','2023-01-31 01:22:50',5,NULL),(135,8081,179,1,365498,41360,1,2,2,3,0.00,0.00,'2023-01-31 01:22:50','2023-01-31 01:22:50',6,NULL),(136,8081,179,1,365498,41360,1,5,2,3,0.00,0.00,'2023-01-31 01:22:50','2023-01-31 01:22:50',6,NULL),(137,8081,179,1,365498,41360,1,8,2,3,0.00,0.00,'2023-01-31 01:22:50','2023-01-31 01:22:50',6,NULL),(138,8081,179,1,365498,41360,1,11,2,3,0.00,0.00,'2023-01-31 01:22:50','2023-01-31 01:22:50',6,NULL),(139,8081,179,1,365498,41360,1,14,2,3,0.00,0.00,'2023-01-31 01:22:50','2023-01-31 01:22:50',6,NULL),(140,8081,179,1,365498,41360,1,1,2,3,0.00,0.00,'2023-01-31 01:22:50','2023-01-31 01:22:50',6,NULL),(141,8081,179,1,365498,41360,1,4,2,3,0.00,0.00,'2023-01-31 01:22:50','2023-01-31 01:22:50',6,NULL),(142,8081,179,1,365498,41360,1,7,2,3,0.00,0.00,'2023-01-31 01:22:50','2023-01-31 01:22:50',6,NULL),(143,8081,179,1,365498,41360,1,10,2,3,0.00,0.00,'2023-01-31 01:22:50','2023-01-31 01:22:50',6,NULL),(144,8081,179,1,365498,41360,1,13,2,3,0.00,0.00,'2023-01-31 01:22:50','2023-01-31 01:22:50',6,NULL),(145,8081,179,1,365498,41360,1,3,2,3,0.00,0.00,'2023-01-31 01:22:50','2023-01-31 01:22:50',6,NULL),(146,8081,179,1,365498,41360,1,6,2,3,0.00,0.00,'2023-01-31 01:22:50','2023-01-31 01:22:50',6,NULL),(147,8081,179,1,365498,41360,1,9,2,3,0.00,0.00,'2023-01-31 01:22:50','2023-01-31 01:22:50',6,NULL),(148,8081,179,1,365498,41360,1,12,2,3,0.00,0.00,'2023-01-31 01:22:50','2023-01-31 01:22:50',6,NULL),(149,8081,179,1,365498,41360,1,1,2,2,0.00,0.00,'2023-01-31 01:22:50','2023-01-31 01:22:50',6,NULL),(150,8081,179,1,365498,41360,1,4,2,2,0.00,0.00,'2023-01-31 01:22:50','2023-01-31 01:22:50',6,NULL),(151,8081,179,1,365498,41360,1,7,2,2,0.00,0.00,'2023-01-31 01:22:50','2023-01-31 01:22:50',6,NULL),(152,8081,179,1,365498,41360,1,10,2,2,0.00,0.00,'2023-01-31 01:22:50','2023-01-31 01:22:50',6,NULL),(153,8081,179,1,365498,41360,1,13,2,2,0.00,0.00,'2023-01-31 01:22:50','2023-01-31 01:22:50',6,NULL),(154,8081,179,1,365498,41360,1,3,2,2,0.00,0.00,'2023-01-31 01:22:50','2023-01-31 01:22:50',6,NULL),(155,8081,179,1,365498,41360,1,6,2,2,0.00,0.00,'2023-01-31 01:22:50','2023-01-31 01:22:50',6,NULL),(156,8081,179,1,365498,41360,1,9,2,2,0.00,0.00,'2023-01-31 01:22:50','2023-01-31 01:22:50',6,NULL),(157,8081,179,1,365498,41360,1,12,2,2,0.00,0.00,'2023-01-31 01:22:50','2023-01-31 01:22:50',6,NULL),(158,8081,179,1,365498,41360,1,2,2,2,0.00,0.00,'2023-01-31 01:22:50','2023-01-31 01:22:50',6,NULL),(159,8081,179,1,365498,41360,1,5,2,2,0.00,0.00,'2023-01-31 01:22:50','2023-01-31 01:22:50',6,NULL),(160,8081,179,1,365498,41360,1,8,2,2,0.00,0.00,'2023-01-31 01:22:50','2023-01-31 01:22:50',6,NULL);
INSERT INTO `period_liquidation_iva_details` VALUES (161,8081,179,1,365498,41360,1,11,2,2,0.00,0.00,'2023-01-31 01:22:50','2023-01-31 01:22:50',6,NULL),(162,8081,179,1,365498,41360,1,14,2,2,0.00,0.00,'2023-01-31 01:22:50','2023-01-31 01:22:50',6,NULL),(163,8081,179,1,365498,41360,1,13,2,1,0.00,0.00,'2023-01-31 01:22:50','2023-01-31 01:22:50',6,NULL),(164,8081,179,1,365498,41360,1,3,2,1,0.00,0.00,'2023-01-31 01:22:50','2023-01-31 01:22:50',6,NULL),(165,8081,179,1,365498,41360,1,6,2,1,0.00,0.00,'2023-01-31 01:22:50','2023-01-31 01:22:50',6,NULL),(166,8081,179,1,365498,41360,1,9,2,1,0.00,0.00,'2023-01-31 01:22:50','2023-01-31 01:22:50',6,NULL),(167,8081,179,1,365498,41360,1,12,2,1,0.00,0.00,'2023-01-31 01:22:50','2023-01-31 01:22:50',6,NULL),(168,8081,179,1,365498,41360,1,2,2,1,0.00,0.00,'2023-01-31 01:22:50','2023-01-31 01:22:50',6,NULL),(169,8081,179,1,365498,41360,1,5,2,1,0.00,0.00,'2023-01-31 01:22:50','2023-01-31 01:22:50',6,NULL),(170,8081,179,1,365498,41360,1,8,2,1,0.00,0.00,'2023-01-31 01:22:50','2023-01-31 01:22:50',6,NULL),(171,8081,179,1,365498,41360,1,11,2,1,0.00,0.00,'2023-01-31 01:22:50','2023-01-31 01:22:50',6,NULL),(172,8081,179,1,365498,41360,1,14,2,1,0.00,0.00,'2023-01-31 01:22:50','2023-01-31 01:22:50',6,NULL),(173,8081,179,1,365498,41360,1,1,2,1,0.00,0.00,'2023-01-31 01:22:50','2023-01-31 01:22:50',6,NULL),(174,8081,179,1,365498,41360,1,4,2,1,0.00,0.00,'2023-01-31 01:22:50','2023-01-31 01:22:50',6,NULL),(175,8081,179,1,365498,41360,1,7,2,1,0.00,0.00,'2023-01-31 01:22:50','2023-01-31 01:22:50',6,NULL),(176,8081,179,1,365498,41360,1,10,2,1,0.00,0.00,'2023-01-31 01:22:50','2023-01-31 01:22:50',6,NULL),(177,8081,179,1,365498,41360,1,7,2,5,0.00,0.00,'2023-01-31 01:22:50','2023-01-31 01:22:50',6,NULL),(178,8081,179,1,365498,41360,1,10,2,5,0.00,0.00,'2023-01-31 01:22:50','2023-01-31 01:22:50',6,NULL),(179,8081,179,1,365498,41360,1,13,2,5,0.00,0.00,'2023-01-31 01:22:50','2023-01-31 01:22:50',6,NULL),(180,8081,179,1,365498,41360,1,3,2,5,0.00,0.00,'2023-01-31 01:22:50','2023-01-31 01:22:50',6,NULL),(181,8081,179,1,365498,41360,1,6,2,5,0.00,0.00,'2023-01-31 01:22:50','2023-01-31 01:22:50',6,NULL),(182,8081,179,1,365498,41360,1,9,2,5,0.00,0.00,'2023-01-31 01:22:50','2023-01-31 01:22:50',6,NULL),(183,8081,179,1,365498,41360,1,12,2,5,0.00,0.00,'2023-01-31 01:22:50','2023-01-31 01:22:50',6,NULL),(184,8081,179,1,365498,41360,1,2,2,5,0.00,0.00,'2023-01-31 01:22:50','2023-01-31 01:22:50',6,NULL),(185,8081,179,1,365498,41360,1,5,2,5,0.00,0.00,'2023-01-31 01:22:50','2023-01-31 01:22:50',6,NULL),(186,8081,179,1,365498,41360,1,8,2,5,0.00,0.00,'2023-01-31 01:22:50','2023-01-31 01:22:50',6,NULL),(187,8081,179,1,365498,41360,1,11,2,5,0.00,0.00,'2023-01-31 01:22:50','2023-01-31 01:22:50',6,NULL),(188,8081,179,1,365498,41360,1,14,2,5,0.00,0.00,'2023-01-31 01:22:50','2023-01-31 01:22:50',6,NULL),(189,8081,179,1,365498,41360,1,1,2,5,0.00,0.00,'2023-01-31 01:22:50','2023-01-31 01:22:50',6,NULL),(190,8081,179,1,365498,41360,1,4,2,5,0.00,0.00,'2023-01-31 01:22:50','2023-01-31 01:22:50',6,NULL),(191,8081,179,1,365498,41360,1,6,2,4,0.00,0.00,'2023-01-31 01:22:50','2023-01-31 01:22:50',6,NULL),(192,8081,179,1,365498,41360,1,9,2,4,0.00,0.00,'2023-01-31 01:22:50','2023-01-31 01:22:50',6,NULL),(193,8081,179,1,365498,41360,1,12,2,4,0.00,0.00,'2023-01-31 01:22:50','2023-01-31 01:22:50',6,NULL),(194,8081,179,1,365498,41360,1,2,2,4,0.00,0.00,'2023-01-31 01:22:50','2023-01-31 01:22:50',6,NULL),(195,8081,179,1,365498,41360,1,5,2,4,0.00,0.00,'2023-01-31 01:22:50','2023-01-31 01:22:50',6,NULL),(196,8081,179,1,365498,41360,1,8,2,4,0.00,0.00,'2023-01-31 01:22:50','2023-01-31 01:22:50',6,NULL),(197,8081,179,1,365498,41360,1,11,2,4,0.00,0.00,'2023-01-31 01:22:50','2023-01-31 01:22:50',6,NULL),(198,8081,179,1,365498,41360,1,14,2,4,0.00,0.00,'2023-01-31 01:22:50','2023-01-31 01:22:50',6,NULL),(199,8081,179,1,365498,41360,1,1,2,4,0.00,0.00,'2023-01-31 01:22:50','2023-01-31 01:22:50',6,NULL),(200,8081,179,1,365498,41360,1,4,2,4,0.00,0.00,'2023-01-31 01:22:50','2023-01-31 01:22:50',6,NULL);
INSERT INTO `period_liquidation_iva_details` VALUES (201,8081,179,1,365498,41360,1,7,2,4,0.00,0.00,'2023-01-31 01:22:50','2023-01-31 01:22:50',6,NULL),(202,8081,179,1,365498,41360,1,10,2,4,0.00,0.00,'2023-01-31 01:22:50','2023-01-31 01:22:50',6,NULL),(203,8081,179,1,365498,41360,1,13,2,4,0.00,0.00,'2023-01-31 01:22:50','2023-01-31 01:22:50',6,NULL),(204,8081,179,1,365498,41360,1,3,2,4,0.00,0.00,'2023-01-31 01:22:50','2023-01-31 01:22:50',6,NULL),(205,8081,179,1,365498,41360,1,11,2,8,0.00,0.00,'2023-01-31 01:22:50','2023-01-31 01:22:50',6,NULL),(206,8081,179,1,365498,41360,1,14,2,8,0.00,0.00,'2023-01-31 01:22:50','2023-01-31 01:22:50',6,NULL),(207,8081,179,1,365498,41360,1,1,2,8,0.00,0.00,'2023-01-31 01:22:50','2023-01-31 01:22:50',6,NULL),(208,8081,179,1,365498,41360,1,4,2,8,0.00,0.00,'2023-01-31 01:22:50','2023-01-31 01:22:50',6,NULL),(209,8081,179,1,365498,41360,1,7,2,8,0.00,0.00,'2023-01-31 01:22:50','2023-01-31 01:22:50',6,NULL),(210,8081,179,1,365498,41360,1,10,2,8,0.00,0.00,'2023-01-31 01:22:50','2023-01-31 01:22:50',6,NULL),(211,8081,179,1,365498,41360,1,13,2,8,0.00,0.00,'2023-01-31 01:22:50','2023-01-31 01:22:50',6,NULL),(212,8081,179,1,365498,41360,1,3,2,8,0.00,0.00,'2023-01-31 01:22:50','2023-01-31 01:22:50',6,NULL),(213,8081,179,1,365498,41360,1,6,2,8,0.00,0.00,'2023-01-31 01:22:50','2023-01-31 01:22:50',6,NULL),(214,8081,179,1,365498,41360,1,9,2,8,0.00,0.00,'2023-01-31 01:22:50','2023-01-31 01:22:50',6,NULL),(215,8081,179,1,365498,41360,1,12,2,8,0.00,0.00,'2023-01-31 01:22:50','2023-01-31 01:22:50',6,NULL),(216,8081,179,1,365498,41360,1,2,2,8,0.00,0.00,'2023-01-31 01:22:50','2023-01-31 01:22:50',6,NULL),(217,8081,179,1,365498,41360,1,5,2,8,0.00,0.00,'2023-01-31 01:22:50','2023-01-31 01:22:50',6,NULL),(218,8081,179,1,365498,41360,1,8,2,8,0.00,0.00,'2023-01-31 01:22:50','2023-01-31 01:22:50',6,NULL),(219,8081,179,1,365498,41360,1,2,2,6,0.00,0.00,'2023-01-31 01:22:50','2023-01-31 01:22:50',7,NULL),(220,8081,179,1,365498,41360,1,14,2,7,0.00,0.00,'2023-01-31 01:22:50','2023-01-31 01:22:50',7,NULL),(221,8081,179,1,365498,41360,1,11,2,6,0.00,0.00,'2023-01-31 01:22:50','2023-01-31 01:22:50',7,NULL),(222,8081,179,1,365498,41360,1,7,2,7,0.00,0.00,'2023-01-31 01:22:50','2023-01-31 01:22:50',7,NULL),(223,8081,179,1,365498,41360,1,4,2,6,0.00,0.00,'2023-01-31 01:22:50','2023-01-31 01:22:50',7,NULL),(224,8081,179,1,365498,41360,1,13,2,6,0.00,0.00,'2023-01-31 01:22:50','2023-01-31 01:22:50',7,NULL),(225,8081,179,1,365498,41360,1,9,2,7,0.00,0.00,'2023-01-31 01:22:50','2023-01-31 01:22:50',7,NULL),(226,8081,179,1,365498,41360,1,6,2,6,0.00,0.00,'2023-01-31 01:22:50','2023-01-31 01:22:50',7,NULL),(227,8081,179,1,365498,41360,1,2,2,7,0.00,0.00,'2023-01-31 01:22:50','2023-01-31 01:22:50',7,NULL),(228,8081,179,1,365498,41360,1,11,2,7,0.00,0.00,'2023-01-31 01:22:50','2023-01-31 01:22:50',7,NULL),(229,8081,179,1,365498,41360,1,8,2,6,0.00,0.00,'2023-01-31 01:22:50','2023-01-31 01:22:50',7,NULL),(230,8081,179,1,365498,41360,1,4,2,7,0.00,0.00,'2023-01-31 01:22:50','2023-01-31 01:22:50',7,NULL),(231,8081,179,1,365498,41360,1,1,2,6,0.00,0.00,'2023-01-31 01:22:50','2023-01-31 01:22:50',7,NULL),(232,8081,179,1,365498,41360,1,13,2,7,0.00,0.00,'2023-01-31 01:22:50','2023-01-31 01:22:50',7,NULL),(233,8081,179,1,365498,41360,1,10,2,6,0.00,0.00,'2023-01-31 01:22:50','2023-01-31 01:22:50',7,NULL),(234,8081,179,1,365498,41360,1,6,2,7,0.00,0.00,'2023-01-31 01:22:50','2023-01-31 01:22:50',7,NULL),(235,8081,179,1,365498,41360,1,3,2,6,0.00,0.00,'2023-01-31 01:22:50','2023-01-31 01:22:50',7,NULL),(236,8081,179,1,365498,41360,1,12,2,6,0.00,0.00,'2023-01-31 01:22:50','2023-01-31 01:22:50',7,NULL),(237,8081,179,1,365498,41360,1,8,2,7,0.00,0.00,'2023-01-31 01:22:50','2023-01-31 01:22:50',7,NULL),(238,8081,179,1,365498,41360,1,5,2,6,0.00,0.00,'2023-01-31 01:22:50','2023-01-31 01:22:50',7,NULL),(239,8081,179,1,365498,41360,1,1,2,7,0.00,0.00,'2023-01-31 01:22:50','2023-01-31 01:22:50',7,NULL),(240,8081,179,1,365498,41360,1,14,2,6,0.00,0.00,'2023-01-31 01:22:50','2023-01-31 01:22:50',7,NULL);
INSERT INTO `period_liquidation_iva_details` VALUES (241,8081,179,1,365498,41360,1,10,2,7,0.00,0.00,'2023-01-31 01:22:50','2023-01-31 01:22:50',7,NULL),(242,8081,179,1,365498,41360,1,7,2,6,0.00,0.00,'2023-01-31 01:22:50','2023-01-31 01:22:50',7,NULL),(243,8081,179,1,365498,41360,1,3,2,7,0.00,0.00,'2023-01-31 01:22:50','2023-01-31 01:22:50',7,NULL),(244,8081,179,1,365498,41360,1,12,2,7,0.00,0.00,'2023-01-31 01:22:50','2023-01-31 01:22:50',7,NULL),(245,8081,179,1,365498,41360,1,9,2,6,0.00,0.00,'2023-01-31 01:22:50','2023-01-31 01:22:50',7,NULL),(246,8081,179,1,365498,41360,1,5,2,7,0.00,0.00,'2023-01-31 01:22:50','2023-01-31 01:22:50',7,NULL),(739,NULL,225,4,365502,41360,526,1,1,3,0.00,0.00,'2023-02-21 17:14:49','2023-02-21 17:14:49',1,NULL),(740,NULL,225,4,365502,41360,526,1,1,2,0.00,0.00,'2023-02-21 17:14:49','2023-02-21 17:14:49',1,NULL),(741,NULL,225,4,365502,41360,526,1,1,1,0.00,0.00,'2023-02-21 17:14:49','2023-02-21 17:14:49',1,NULL),(742,NULL,225,4,365502,41360,526,1,1,5,0.00,0.00,'2023-02-21 17:14:49','2023-02-21 17:14:49',1,NULL),(743,NULL,225,4,365502,41360,526,1,1,4,0.00,0.00,'2023-02-21 17:14:49','2023-02-21 17:14:49',1,NULL),(744,NULL,225,4,365502,41360,526,1,1,8,0.00,0.00,'2023-02-21 17:14:49','2023-02-21 17:14:49',1,NULL),(745,NULL,225,4,365502,41360,526,1,1,3,0.00,0.00,'2023-02-21 17:14:49','2023-02-21 17:14:49',2,NULL),(746,NULL,225,4,365502,41360,526,1,1,2,0.00,0.00,'2023-02-21 17:14:49','2023-02-21 17:14:49',2,NULL),(747,NULL,225,4,365502,41360,526,1,1,1,0.00,0.00,'2023-02-21 17:14:49','2023-02-21 17:14:49',2,NULL),(748,NULL,225,4,365502,41360,526,1,1,5,0.00,0.00,'2023-02-21 17:14:49','2023-02-21 17:14:49',2,NULL),(749,NULL,225,4,365502,41360,526,1,1,4,0.00,0.00,'2023-02-21 17:14:49','2023-02-21 17:14:49',2,NULL),(750,NULL,225,4,365502,41360,526,1,1,8,0.00,0.00,'2023-02-21 17:14:49','2023-02-21 17:14:49',2,NULL),(751,NULL,225,4,365502,41360,526,1,1,6,0.00,0.00,'2023-02-21 17:14:49','2023-02-21 17:14:49',3,NULL),(752,NULL,225,4,365502,41360,526,1,1,7,0.00,0.00,'2023-02-21 17:14:49','2023-02-21 17:14:49',3,NULL),(753,NULL,225,4,365502,41360,526,1,1,3,0.00,0.00,'2023-02-21 17:14:49','2023-02-21 17:14:49',4,NULL),(754,NULL,225,4,365502,41360,526,1,1,2,0.00,0.00,'2023-02-21 17:14:49','2023-02-21 17:14:49',4,NULL),(755,NULL,225,4,365502,41360,526,1,1,1,0.00,0.00,'2023-02-21 17:14:49','2023-02-21 17:14:49',4,NULL),(756,NULL,225,4,365502,41360,526,1,1,5,0.00,0.00,'2023-02-21 17:14:49','2023-02-21 17:14:49',4,NULL),(757,NULL,225,4,365502,41360,526,1,1,4,0.00,0.00,'2023-02-21 17:14:49','2023-02-21 17:14:49',4,NULL),(758,NULL,225,4,365502,41360,526,1,1,7,0.00,0.00,'2023-02-21 17:14:49','2023-02-21 17:14:49',4,NULL),(759,NULL,225,4,365502,41360,526,1,1,8,0.00,0.00,'2023-02-21 17:14:49','2023-02-21 17:14:49',4,NULL),(760,NULL,225,4,365502,41360,526,1,1,6,0.00,0.00,'2023-02-21 17:14:49','2023-02-21 17:14:49',4,NULL),(761,NULL,225,4,365502,41360,1,3,2,3,0.00,0.00,'2023-02-21 17:14:49','2023-02-21 17:14:49',5,NULL),(762,NULL,225,4,365502,41360,1,12,2,3,0.00,0.00,'2023-02-21 17:14:49','2023-02-21 17:14:49',5,NULL),(763,NULL,225,4,365502,41360,1,8,2,3,0.00,0.00,'2023-02-21 17:14:49','2023-02-21 17:14:49',5,NULL),(764,NULL,225,4,365502,41360,1,4,2,3,0.00,0.00,'2023-02-21 17:14:49','2023-02-21 17:14:49',5,NULL),(765,NULL,225,4,365502,41360,1,9,2,3,0.00,0.00,'2023-02-21 17:14:49','2023-02-21 17:14:49',5,NULL),(766,NULL,225,4,365502,41360,1,5,2,3,0.00,0.00,'2023-02-21 17:14:49','2023-02-21 17:14:49',5,NULL),(767,NULL,225,4,365502,41360,1,13,2,3,0.00,0.00,'2023-02-21 17:14:49','2023-02-21 17:14:49',5,NULL),(768,NULL,225,4,365502,41360,1,1,2,3,0.00,0.00,'2023-02-21 17:14:49','2023-02-21 17:14:49',5,NULL),(769,NULL,225,4,365502,41360,1,10,2,3,0.00,0.00,'2023-02-21 17:14:49','2023-02-21 17:14:49',5,NULL),(770,NULL,225,4,365502,41360,1,6,2,3,0.00,0.00,'2023-02-21 17:14:49','2023-02-21 17:14:49',5,NULL),(771,NULL,225,4,365502,41360,1,14,2,3,0.00,0.00,'2023-02-21 17:14:49','2023-02-21 17:14:49',5,NULL);
INSERT INTO `period_liquidation_iva_details` VALUES (772,NULL,225,4,365502,41360,1,2,2,3,0.00,0.00,'2023-02-21 17:14:49','2023-02-21 17:14:49',5,NULL),(773,NULL,225,4,365502,41360,1,11,2,3,0.00,0.00,'2023-02-21 17:14:49','2023-02-21 17:14:49',5,NULL),(774,NULL,225,4,365502,41360,1,7,2,3,0.00,0.00,'2023-02-21 17:14:49','2023-02-21 17:14:49',5,NULL),(775,NULL,225,4,365502,41360,1,9,2,2,0.00,0.00,'2023-02-21 17:14:49','2023-02-21 17:14:49',5,NULL),(776,NULL,225,4,365502,41360,1,5,2,2,0.00,0.00,'2023-02-21 17:14:49','2023-02-21 17:14:49',5,NULL),(777,NULL,225,4,365502,41360,1,13,2,2,0.00,0.00,'2023-02-21 17:14:49','2023-02-21 17:14:49',5,NULL),(778,NULL,225,4,365502,41360,1,1,2,2,0.00,0.00,'2023-02-21 17:14:49','2023-02-21 17:14:49',5,NULL),(779,NULL,225,4,365502,41360,1,10,2,2,0.00,0.00,'2023-02-21 17:14:49','2023-02-21 17:14:49',5,NULL),(780,NULL,225,4,365502,41360,1,6,2,2,0.00,0.00,'2023-02-21 17:14:49','2023-02-21 17:14:49',5,NULL),(781,NULL,225,4,365502,41360,1,14,2,2,0.00,0.00,'2023-02-21 17:14:49','2023-02-21 17:14:49',5,NULL),(782,NULL,225,4,365502,41360,1,2,2,2,0.00,0.00,'2023-02-21 17:14:49','2023-02-21 17:14:49',5,NULL),(783,NULL,225,4,365502,41360,1,11,2,2,0.00,0.00,'2023-02-21 17:14:49','2023-02-21 17:14:49',5,NULL),(784,NULL,225,4,365502,41360,1,7,2,2,0.00,0.00,'2023-02-21 17:14:49','2023-02-21 17:14:49',5,NULL),(785,NULL,225,4,365502,41360,1,3,2,2,0.00,0.00,'2023-02-21 17:14:49','2023-02-21 17:14:49',5,NULL),(786,NULL,225,4,365502,41360,1,12,2,2,0.00,0.00,'2023-02-21 17:14:49','2023-02-21 17:14:49',5,NULL),(787,NULL,225,4,365502,41360,1,8,2,2,0.00,0.00,'2023-02-21 17:14:49','2023-02-21 17:14:49',5,NULL),(788,NULL,225,4,365502,41360,1,4,2,2,0.00,0.00,'2023-02-21 17:14:49','2023-02-21 17:14:49',5,NULL),(789,NULL,225,4,365502,41360,1,10,2,1,0.00,0.00,'2023-02-21 17:14:49','2023-02-21 17:14:49',5,NULL),(790,NULL,225,4,365502,41360,1,6,2,1,0.00,0.00,'2023-02-21 17:14:49','2023-02-21 17:14:49',5,NULL),(791,NULL,225,4,365502,41360,1,14,2,1,0.00,0.00,'2023-02-21 17:14:49','2023-02-21 17:14:49',5,NULL),(792,NULL,225,4,365502,41360,1,2,2,1,0.00,0.00,'2023-02-21 17:14:49','2023-02-21 17:14:49',5,NULL),(793,NULL,225,4,365502,41360,1,11,2,1,0.00,0.00,'2023-02-21 17:14:49','2023-02-21 17:14:49',5,NULL),(794,NULL,225,4,365502,41360,1,7,2,1,0.00,0.00,'2023-02-21 17:14:49','2023-02-21 17:14:49',5,NULL),(795,NULL,225,4,365502,41360,1,3,2,1,0.00,0.00,'2023-02-21 17:14:49','2023-02-21 17:14:49',5,NULL),(796,NULL,225,4,365502,41360,1,12,2,1,0.00,0.00,'2023-02-21 17:14:49','2023-02-21 17:14:49',5,NULL),(797,NULL,225,4,365502,41360,1,8,2,1,0.00,0.00,'2023-02-21 17:14:49','2023-02-21 17:14:49',5,NULL),(798,NULL,225,4,365502,41360,1,4,2,1,0.00,0.00,'2023-02-21 17:14:49','2023-02-21 17:14:49',5,NULL),(799,NULL,225,4,365502,41360,1,9,2,1,0.00,0.00,'2023-02-21 17:14:49','2023-02-21 17:14:49',5,NULL),(800,NULL,225,4,365502,41360,1,5,2,1,0.00,0.00,'2023-02-21 17:14:49','2023-02-21 17:14:49',5,NULL),(801,NULL,225,4,365502,41360,1,13,2,1,0.00,0.00,'2023-02-21 17:14:49','2023-02-21 17:14:49',5,NULL),(802,NULL,225,4,365502,41360,1,1,2,1,0.00,0.00,'2023-02-21 17:14:49','2023-02-21 17:14:49',5,NULL),(803,NULL,225,4,365502,41360,1,1,2,5,0.00,0.00,'2023-02-21 17:14:49','2023-02-21 17:14:49',5,NULL),(804,NULL,225,4,365502,41360,1,10,2,5,0.00,0.00,'2023-02-21 17:14:49','2023-02-21 17:14:49',5,NULL),(805,NULL,225,4,365502,41360,1,6,2,5,0.00,0.00,'2023-02-21 17:14:49','2023-02-21 17:14:49',5,NULL),(806,NULL,225,4,365502,41360,1,14,2,5,0.00,0.00,'2023-02-21 17:14:49','2023-02-21 17:14:49',5,NULL),(807,NULL,225,4,365502,41360,1,2,2,5,0.00,0.00,'2023-02-21 17:14:49','2023-02-21 17:14:49',5,NULL),(808,NULL,225,4,365502,41360,1,11,2,5,0.00,0.00,'2023-02-21 17:14:49','2023-02-21 17:14:49',5,NULL),(809,NULL,225,4,365502,41360,1,7,2,5,0.00,0.00,'2023-02-21 17:14:49','2023-02-21 17:14:49',5,NULL),(810,NULL,225,4,365502,41360,1,3,2,5,0.00,0.00,'2023-02-21 17:14:49','2023-02-21 17:14:49',5,NULL),(811,NULL,225,4,365502,41360,1,12,2,5,0.00,0.00,'2023-02-21 17:14:49','2023-02-21 17:14:49',5,NULL);
INSERT INTO `period_liquidation_iva_details` VALUES (812,NULL,225,4,365502,41360,1,8,2,5,0.00,0.00,'2023-02-21 17:14:49','2023-02-21 17:14:49',5,NULL),(813,NULL,225,4,365502,41360,1,4,2,5,0.00,0.00,'2023-02-21 17:14:49','2023-02-21 17:14:49',5,NULL),(814,NULL,225,4,365502,41360,1,9,2,5,0.00,0.00,'2023-02-21 17:14:49','2023-02-21 17:14:49',5,NULL),(815,NULL,225,4,365502,41360,1,5,2,5,0.00,0.00,'2023-02-21 17:14:49','2023-02-21 17:14:49',5,NULL),(816,NULL,225,4,365502,41360,1,13,2,5,0.00,0.00,'2023-02-21 17:14:49','2023-02-21 17:14:49',5,NULL),(817,NULL,225,4,365502,41360,1,2,2,4,0.00,0.00,'2023-02-21 17:14:49','2023-02-21 17:14:49',5,NULL),(818,NULL,225,4,365502,41360,1,11,2,4,0.00,0.00,'2023-02-21 17:14:49','2023-02-21 17:14:49',5,NULL),(819,NULL,225,4,365502,41360,1,7,2,4,0.00,0.00,'2023-02-21 17:14:49','2023-02-21 17:14:49',5,NULL),(820,NULL,225,4,365502,41360,1,3,2,4,0.00,0.00,'2023-02-21 17:14:49','2023-02-21 17:14:49',5,NULL),(821,NULL,225,4,365502,41360,1,12,2,4,0.00,0.00,'2023-02-21 17:14:49','2023-02-21 17:14:49',5,NULL),(822,NULL,225,4,365502,41360,1,8,2,4,0.00,0.00,'2023-02-21 17:14:49','2023-02-21 17:14:49',5,NULL),(823,NULL,225,4,365502,41360,1,4,2,4,0.00,0.00,'2023-02-21 17:14:49','2023-02-21 17:14:49',5,NULL),(824,NULL,225,4,365502,41360,1,9,2,4,0.00,0.00,'2023-02-21 17:14:49','2023-02-21 17:14:49',5,NULL),(825,NULL,225,4,365502,41360,1,5,2,4,0.00,0.00,'2023-02-21 17:14:49','2023-02-21 17:14:49',5,NULL),(826,NULL,225,4,365502,41360,1,13,2,4,0.00,0.00,'2023-02-21 17:14:49','2023-02-21 17:14:49',5,NULL),(827,NULL,225,4,365502,41360,1,1,2,4,0.00,0.00,'2023-02-21 17:14:49','2023-02-21 17:14:49',5,NULL),(828,NULL,225,4,365502,41360,1,10,2,4,0.00,0.00,'2023-02-21 17:14:49','2023-02-21 17:14:49',5,NULL),(829,NULL,225,4,365502,41360,1,6,2,4,0.00,0.00,'2023-02-21 17:14:49','2023-02-21 17:14:49',5,NULL),(830,NULL,225,4,365502,41360,1,14,2,4,0.00,0.00,'2023-02-21 17:14:49','2023-02-21 17:14:49',5,NULL),(831,NULL,225,4,365502,41360,1,11,2,7,0.00,0.00,'2023-02-21 17:14:49','2023-02-21 17:14:49',5,NULL),(832,NULL,225,4,365502,41360,1,7,2,7,0.00,0.00,'2023-02-21 17:14:49','2023-02-21 17:14:49',5,NULL),(833,NULL,225,4,365502,41360,1,10,2,8,0.00,0.00,'2023-02-21 17:14:49','2023-02-21 17:14:49',5,NULL),(834,NULL,225,4,365502,41360,1,6,2,8,0.00,0.00,'2023-02-21 17:14:49','2023-02-21 17:14:49',5,NULL),(835,NULL,225,4,365502,41360,1,14,2,8,0.00,0.00,'2023-02-21 17:14:49','2023-02-21 17:14:49',5,NULL),(836,NULL,225,4,365502,41360,1,4,2,6,0.00,0.00,'2023-02-21 17:14:49','2023-02-21 17:14:49',5,NULL),(837,NULL,225,4,365502,41360,1,3,2,7,0.00,0.00,'2023-02-21 17:14:49','2023-02-21 17:14:49',5,NULL),(838,NULL,225,4,365502,41360,1,2,2,8,0.00,0.00,'2023-02-21 17:14:49','2023-02-21 17:14:49',5,NULL),(839,NULL,225,4,365502,41360,1,9,2,6,0.00,0.00,'2023-02-21 17:14:49','2023-02-21 17:14:49',5,NULL),(840,NULL,225,4,365502,41360,1,5,2,6,0.00,0.00,'2023-02-21 17:14:49','2023-02-21 17:14:49',5,NULL),(841,NULL,225,4,365502,41360,1,13,2,6,0.00,0.00,'2023-02-21 17:14:49','2023-02-21 17:14:49',5,NULL),(842,NULL,225,4,365502,41360,1,12,2,7,0.00,0.00,'2023-02-21 17:14:49','2023-02-21 17:14:49',5,NULL),(843,NULL,225,4,365502,41360,1,8,2,7,0.00,0.00,'2023-02-21 17:14:49','2023-02-21 17:14:49',5,NULL),(844,NULL,225,4,365502,41360,1,11,2,8,0.00,0.00,'2023-02-21 17:14:49','2023-02-21 17:14:49',5,NULL),(845,NULL,225,4,365502,41360,1,7,2,8,0.00,0.00,'2023-02-21 17:14:49','2023-02-21 17:14:49',5,NULL),(846,NULL,225,4,365502,41360,1,1,2,6,0.00,0.00,'2023-02-21 17:14:49','2023-02-21 17:14:49',5,NULL),(847,NULL,225,4,365502,41360,1,4,2,7,0.00,0.00,'2023-02-21 17:14:49','2023-02-21 17:14:49',5,NULL),(848,NULL,225,4,365502,41360,1,3,2,8,0.00,0.00,'2023-02-21 17:14:49','2023-02-21 17:14:49',5,NULL),(849,NULL,225,4,365502,41360,1,10,2,6,0.00,0.00,'2023-02-21 17:14:49','2023-02-21 17:14:49',5,NULL),(850,NULL,225,4,365502,41360,1,6,2,6,0.00,0.00,'2023-02-21 17:14:49','2023-02-21 17:14:49',5,NULL),(851,NULL,225,4,365502,41360,1,14,2,6,0.00,0.00,'2023-02-21 17:14:49','2023-02-21 17:14:49',5,NULL);
INSERT INTO `period_liquidation_iva_details` VALUES (852,NULL,225,4,365502,41360,1,9,2,7,0.00,0.00,'2023-02-21 17:14:49','2023-02-21 17:14:49',5,NULL),(853,NULL,225,4,365502,41360,1,5,2,7,0.00,0.00,'2023-02-21 17:14:49','2023-02-21 17:14:49',5,NULL),(854,NULL,225,4,365502,41360,1,13,2,7,0.00,0.00,'2023-02-21 17:14:49','2023-02-21 17:14:49',5,NULL),(855,NULL,225,4,365502,41360,1,12,2,8,0.00,0.00,'2023-02-21 17:14:49','2023-02-21 17:14:49',5,NULL),(856,NULL,225,4,365502,41360,1,8,2,8,0.00,0.00,'2023-02-21 17:14:49','2023-02-21 17:14:49',5,NULL),(857,NULL,225,4,365502,41360,1,2,2,6,0.00,0.00,'2023-02-21 17:14:49','2023-02-21 17:14:49',5,NULL),(858,NULL,225,4,365502,41360,1,1,2,7,0.00,0.00,'2023-02-21 17:14:49','2023-02-21 17:14:49',5,NULL),(859,NULL,225,4,365502,41360,1,4,2,8,0.00,0.00,'2023-02-21 17:14:49','2023-02-21 17:14:49',5,NULL),(860,NULL,225,4,365502,41360,1,11,2,6,0.00,0.00,'2023-02-21 17:14:49','2023-02-21 17:14:49',5,NULL),(861,NULL,225,4,365502,41360,1,7,2,6,0.00,0.00,'2023-02-21 17:14:49','2023-02-21 17:14:49',5,NULL),(862,NULL,225,4,365502,41360,1,10,2,7,0.00,0.00,'2023-02-21 17:14:49','2023-02-21 17:14:49',5,NULL),(863,NULL,225,4,365502,41360,1,6,2,7,0.00,0.00,'2023-02-21 17:14:49','2023-02-21 17:14:49',5,NULL),(864,NULL,225,4,365502,41360,1,14,2,7,0.00,0.00,'2023-02-21 17:14:49','2023-02-21 17:14:49',5,NULL),(865,NULL,225,4,365502,41360,1,9,2,8,0.00,0.00,'2023-02-21 17:14:49','2023-02-21 17:14:49',5,NULL),(866,NULL,225,4,365502,41360,1,5,2,8,0.00,0.00,'2023-02-21 17:14:49','2023-02-21 17:14:49',5,NULL),(867,NULL,225,4,365502,41360,1,13,2,8,0.00,0.00,'2023-02-21 17:14:49','2023-02-21 17:14:49',5,NULL),(868,NULL,225,4,365502,41360,1,3,2,6,0.00,0.00,'2023-02-21 17:14:49','2023-02-21 17:14:49',5,NULL),(869,NULL,225,4,365502,41360,1,2,2,7,0.00,0.00,'2023-02-21 17:14:49','2023-02-21 17:14:49',5,NULL),(870,NULL,225,4,365502,41360,1,1,2,8,0.00,0.00,'2023-02-21 17:14:49','2023-02-21 17:14:49',5,NULL),(871,NULL,225,4,365502,41360,1,12,2,6,0.00,0.00,'2023-02-21 17:14:49','2023-02-21 17:14:49',5,NULL),(872,NULL,225,4,365502,41360,1,8,2,6,0.00,0.00,'2023-02-21 17:14:49','2023-02-21 17:14:49',5,NULL),(873,NULL,225,4,365502,41360,1,7,2,3,0.00,0.00,'2023-02-21 17:14:49','2023-02-21 17:14:49',6,NULL),(874,NULL,225,4,365502,41360,1,10,2,3,0.00,0.00,'2023-02-21 17:14:49','2023-02-21 17:14:49',6,NULL),(875,NULL,225,4,365502,41360,1,13,2,3,0.00,0.00,'2023-02-21 17:14:49','2023-02-21 17:14:49',6,NULL),(876,NULL,225,4,365502,41360,1,3,2,3,0.00,0.00,'2023-02-21 17:14:49','2023-02-21 17:14:49',6,NULL),(877,NULL,225,4,365502,41360,1,6,2,3,0.00,0.00,'2023-02-21 17:14:49','2023-02-21 17:14:49',6,NULL),(878,NULL,225,4,365502,41360,1,9,2,3,0.00,0.00,'2023-02-21 17:14:49','2023-02-21 17:14:49',6,NULL),(879,NULL,225,4,365502,41360,1,12,2,3,0.00,0.00,'2023-02-21 17:14:49','2023-02-21 17:14:49',6,NULL),(880,NULL,225,4,365502,41360,1,2,2,3,0.00,0.00,'2023-02-21 17:14:49','2023-02-21 17:14:49',6,NULL),(881,NULL,225,4,365502,41360,1,5,2,3,0.00,0.00,'2023-02-21 17:14:49','2023-02-21 17:14:49',6,NULL),(882,NULL,225,4,365502,41360,1,8,2,3,0.00,0.00,'2023-02-21 17:14:49','2023-02-21 17:14:49',6,NULL),(883,NULL,225,4,365502,41360,1,11,2,3,0.00,0.00,'2023-02-21 17:14:49','2023-02-21 17:14:49',6,NULL),(884,NULL,225,4,365502,41360,1,14,2,3,0.00,0.00,'2023-02-21 17:14:49','2023-02-21 17:14:49',6,NULL),(885,NULL,225,4,365502,41360,1,1,2,3,0.00,0.00,'2023-02-21 17:14:49','2023-02-21 17:14:49',6,NULL),(886,NULL,225,4,365502,41360,1,4,2,3,0.00,0.00,'2023-02-21 17:14:49','2023-02-21 17:14:49',6,NULL),(887,NULL,225,4,365502,41360,1,6,2,2,0.00,0.00,'2023-02-21 17:14:49','2023-02-21 17:14:49',6,NULL),(888,NULL,225,4,365502,41360,1,9,2,2,0.00,0.00,'2023-02-21 17:14:49','2023-02-21 17:14:49',6,NULL),(889,NULL,225,4,365502,41360,1,12,2,2,0.00,0.00,'2023-02-21 17:14:49','2023-02-21 17:14:49',6,NULL),(890,NULL,225,4,365502,41360,1,2,2,2,0.00,0.00,'2023-02-21 17:14:49','2023-02-21 17:14:49',6,NULL),(891,NULL,225,4,365502,41360,1,5,2,2,0.00,0.00,'2023-02-21 17:14:49','2023-02-21 17:14:49',6,NULL);
INSERT INTO `period_liquidation_iva_details` VALUES (892,NULL,225,4,365502,41360,1,8,2,2,0.00,0.00,'2023-02-21 17:14:49','2023-02-21 17:14:49',6,NULL),(893,NULL,225,4,365502,41360,1,11,2,2,0.00,0.00,'2023-02-21 17:14:49','2023-02-21 17:14:49',6,NULL),(894,NULL,225,4,365502,41360,1,14,2,2,0.00,0.00,'2023-02-21 17:14:49','2023-02-21 17:14:49',6,NULL),(895,NULL,225,4,365502,41360,1,1,2,2,0.00,0.00,'2023-02-21 17:14:49','2023-02-21 17:14:49',6,NULL),(896,NULL,225,4,365502,41360,1,4,2,2,0.00,0.00,'2023-02-21 17:14:49','2023-02-21 17:14:49',6,NULL),(897,NULL,225,4,365502,41360,1,7,2,2,0.00,0.00,'2023-02-21 17:14:49','2023-02-21 17:14:49',6,NULL),(898,NULL,225,4,365502,41360,1,10,2,2,0.00,0.00,'2023-02-21 17:14:49','2023-02-21 17:14:49',6,NULL),(899,NULL,225,4,365502,41360,1,13,2,2,0.00,0.00,'2023-02-21 17:14:49','2023-02-21 17:14:49',6,NULL),(900,NULL,225,4,365502,41360,1,3,2,2,0.00,0.00,'2023-02-21 17:14:49','2023-02-21 17:14:49',6,NULL),(901,NULL,225,4,365502,41360,1,2,2,1,0.00,0.00,'2023-02-21 17:14:49','2023-02-21 17:14:49',6,NULL),(902,NULL,225,4,365502,41360,1,5,2,1,0.00,0.00,'2023-02-21 17:14:49','2023-02-21 17:14:49',6,NULL),(903,NULL,225,4,365502,41360,1,8,2,1,0.00,0.00,'2023-02-21 17:14:49','2023-02-21 17:14:49',6,NULL),(904,NULL,225,4,365502,41360,1,11,2,1,0.00,0.00,'2023-02-21 17:14:49','2023-02-21 17:14:49',6,NULL),(905,NULL,225,4,365502,41360,1,14,2,1,0.00,0.00,'2023-02-21 17:14:49','2023-02-21 17:14:49',6,NULL),(906,NULL,225,4,365502,41360,1,1,2,1,0.00,0.00,'2023-02-21 17:14:49','2023-02-21 17:14:49',6,NULL),(907,NULL,225,4,365502,41360,1,4,2,1,0.00,0.00,'2023-02-21 17:14:49','2023-02-21 17:14:49',6,NULL),(908,NULL,225,4,365502,41360,1,7,2,1,0.00,0.00,'2023-02-21 17:14:49','2023-02-21 17:14:49',6,NULL),(909,NULL,225,4,365502,41360,1,10,2,1,0.00,0.00,'2023-02-21 17:14:49','2023-02-21 17:14:49',6,NULL),(910,NULL,225,4,365502,41360,1,13,2,1,0.00,0.00,'2023-02-21 17:14:49','2023-02-21 17:14:49',6,NULL),(911,NULL,225,4,365502,41360,1,3,2,1,0.00,0.00,'2023-02-21 17:14:49','2023-02-21 17:14:49',6,NULL),(912,NULL,225,4,365502,41360,1,6,2,1,0.00,0.00,'2023-02-21 17:14:49','2023-02-21 17:14:49',6,NULL),(913,NULL,225,4,365502,41360,1,9,2,1,0.00,0.00,'2023-02-21 17:14:49','2023-02-21 17:14:49',6,NULL),(914,NULL,225,4,365502,41360,1,12,2,1,0.00,0.00,'2023-02-21 17:14:49','2023-02-21 17:14:49',6,NULL),(915,NULL,225,4,365502,41360,1,12,2,5,0.00,0.00,'2023-02-21 17:14:49','2023-02-21 17:14:49',6,NULL),(916,NULL,225,4,365502,41360,1,2,2,5,0.00,0.00,'2023-02-21 17:14:49','2023-02-21 17:14:49',6,NULL),(917,NULL,225,4,365502,41360,1,5,2,5,0.00,0.00,'2023-02-21 17:14:49','2023-02-21 17:14:49',6,NULL),(918,NULL,225,4,365502,41360,1,8,2,5,0.00,0.00,'2023-02-21 17:14:49','2023-02-21 17:14:49',6,NULL),(919,NULL,225,4,365502,41360,1,11,2,5,0.00,0.00,'2023-02-21 17:14:49','2023-02-21 17:14:49',6,NULL),(920,NULL,225,4,365502,41360,1,14,2,5,0.00,0.00,'2023-02-21 17:14:49','2023-02-21 17:14:49',6,NULL),(921,NULL,225,4,365502,41360,1,1,2,5,0.00,0.00,'2023-02-21 17:14:49','2023-02-21 17:14:49',6,NULL),(922,NULL,225,4,365502,41360,1,4,2,5,0.00,0.00,'2023-02-21 17:14:49','2023-02-21 17:14:49',6,NULL),(923,NULL,225,4,365502,41360,1,7,2,5,0.00,0.00,'2023-02-21 17:14:49','2023-02-21 17:14:49',6,NULL),(924,NULL,225,4,365502,41360,1,10,2,5,0.00,0.00,'2023-02-21 17:14:49','2023-02-21 17:14:49',6,NULL),(925,NULL,225,4,365502,41360,1,13,2,5,0.00,0.00,'2023-02-21 17:14:49','2023-02-21 17:14:49',6,NULL),(926,NULL,225,4,365502,41360,1,3,2,5,0.00,0.00,'2023-02-21 17:14:49','2023-02-21 17:14:49',6,NULL),(927,NULL,225,4,365502,41360,1,6,2,5,0.00,0.00,'2023-02-21 17:14:49','2023-02-21 17:14:49',6,NULL),(928,NULL,225,4,365502,41360,1,9,2,5,0.00,0.00,'2023-02-21 17:14:49','2023-02-21 17:14:49',6,NULL),(929,NULL,225,4,365502,41360,1,11,2,4,0.00,0.00,'2023-02-21 17:14:49','2023-02-21 17:14:49',6,NULL),(930,NULL,225,4,365502,41360,1,14,2,4,0.00,0.00,'2023-02-21 17:14:49','2023-02-21 17:14:49',6,NULL),(931,NULL,225,4,365502,41360,1,1,2,4,0.00,0.00,'2023-02-21 17:14:49','2023-02-21 17:14:49',6,NULL);
INSERT INTO `period_liquidation_iva_details` VALUES (932,NULL,225,4,365502,41360,1,4,2,4,0.00,0.00,'2023-02-21 17:14:49','2023-02-21 17:14:49',6,NULL),(933,NULL,225,4,365502,41360,1,7,2,4,0.00,0.00,'2023-02-21 17:14:49','2023-02-21 17:14:49',6,NULL),(934,NULL,225,4,365502,41360,1,10,2,4,0.00,0.00,'2023-02-21 17:14:49','2023-02-21 17:14:49',6,NULL),(935,NULL,225,4,365502,41360,1,13,2,4,0.00,0.00,'2023-02-21 17:14:49','2023-02-21 17:14:49',6,NULL),(936,NULL,225,4,365502,41360,1,3,2,4,0.00,0.00,'2023-02-21 17:14:49','2023-02-21 17:14:49',6,NULL),(937,NULL,225,4,365502,41360,1,6,2,4,0.00,0.00,'2023-02-21 17:14:49','2023-02-21 17:14:49',6,NULL),(938,NULL,225,4,365502,41360,1,9,2,4,0.00,0.00,'2023-02-21 17:14:49','2023-02-21 17:14:49',6,NULL),(939,NULL,225,4,365502,41360,1,12,2,4,0.00,0.00,'2023-02-21 17:14:49','2023-02-21 17:14:49',6,NULL),(940,NULL,225,4,365502,41360,1,2,2,4,0.00,0.00,'2023-02-21 17:14:49','2023-02-21 17:14:49',6,NULL),(941,NULL,225,4,365502,41360,1,5,2,4,0.00,0.00,'2023-02-21 17:14:49','2023-02-21 17:14:49',6,NULL),(942,NULL,225,4,365502,41360,1,8,2,4,0.00,0.00,'2023-02-21 17:14:49','2023-02-21 17:14:49',6,NULL),(943,NULL,225,4,365502,41360,1,3,2,8,0.00,0.00,'2023-02-21 17:14:49','2023-02-21 17:14:49',6,NULL),(944,NULL,225,4,365502,41360,1,6,2,8,0.00,0.00,'2023-02-21 17:14:49','2023-02-21 17:14:49',6,NULL),(945,NULL,225,4,365502,41360,1,9,2,8,0.00,0.00,'2023-02-21 17:14:49','2023-02-21 17:14:49',6,NULL),(946,NULL,225,4,365502,41360,1,12,2,8,0.00,0.00,'2023-02-21 17:14:49','2023-02-21 17:14:49',6,NULL),(947,NULL,225,4,365502,41360,1,2,2,8,0.00,0.00,'2023-02-21 17:14:49','2023-02-21 17:14:49',6,NULL),(948,NULL,225,4,365502,41360,1,5,2,8,0.00,0.00,'2023-02-21 17:14:49','2023-02-21 17:14:49',6,NULL),(949,NULL,225,4,365502,41360,1,8,2,8,0.00,0.00,'2023-02-21 17:14:49','2023-02-21 17:14:49',6,NULL),(950,NULL,225,4,365502,41360,1,11,2,8,0.00,0.00,'2023-02-21 17:14:49','2023-02-21 17:14:49',6,NULL),(951,NULL,225,4,365502,41360,1,14,2,8,0.00,0.00,'2023-02-21 17:14:49','2023-02-21 17:14:49',6,NULL),(952,NULL,225,4,365502,41360,1,1,2,8,0.00,0.00,'2023-02-21 17:14:49','2023-02-21 17:14:49',6,NULL),(953,NULL,225,4,365502,41360,1,4,2,8,0.00,0.00,'2023-02-21 17:14:49','2023-02-21 17:14:49',6,NULL),(954,NULL,225,4,365502,41360,1,7,2,8,0.00,0.00,'2023-02-21 17:14:49','2023-02-21 17:14:49',6,NULL),(955,NULL,225,4,365502,41360,1,10,2,8,0.00,0.00,'2023-02-21 17:14:49','2023-02-21 17:14:49',6,NULL),(956,NULL,225,4,365502,41360,1,13,2,8,0.00,0.00,'2023-02-21 17:14:49','2023-02-21 17:14:49',6,NULL),(957,NULL,225,4,365502,41360,1,4,2,6,0.00,0.00,'2023-02-21 17:14:49','2023-02-21 17:14:49',7,NULL),(958,NULL,225,4,365502,41360,1,13,2,6,0.00,0.00,'2023-02-21 17:14:49','2023-02-21 17:14:49',7,NULL),(959,NULL,225,4,365502,41360,1,9,2,7,0.00,0.00,'2023-02-21 17:14:49','2023-02-21 17:14:49',7,NULL),(960,NULL,225,4,365502,41360,1,6,2,6,0.00,0.00,'2023-02-21 17:14:49','2023-02-21 17:14:49',7,NULL),(961,NULL,225,4,365502,41360,1,2,2,7,0.00,0.00,'2023-02-21 17:14:49','2023-02-21 17:14:49',7,NULL),(962,NULL,225,4,365502,41360,1,11,2,7,0.00,0.00,'2023-02-21 17:14:49','2023-02-21 17:14:49',7,NULL),(963,NULL,225,4,365502,41360,1,8,2,6,0.00,0.00,'2023-02-21 17:14:49','2023-02-21 17:14:49',7,NULL),(964,NULL,225,4,365502,41360,1,4,2,7,0.00,0.00,'2023-02-21 17:14:49','2023-02-21 17:14:49',7,NULL),(965,NULL,225,4,365502,41360,1,1,2,6,0.00,0.00,'2023-02-21 17:14:49','2023-02-21 17:14:49',7,NULL),(966,NULL,225,4,365502,41360,1,13,2,7,0.00,0.00,'2023-02-21 17:14:49','2023-02-21 17:14:49',7,NULL),(967,NULL,225,4,365502,41360,1,10,2,6,0.00,0.00,'2023-02-21 17:14:49','2023-02-21 17:14:49',7,NULL),(968,NULL,225,4,365502,41360,1,6,2,7,0.00,0.00,'2023-02-21 17:14:49','2023-02-21 17:14:49',7,NULL),(969,NULL,225,4,365502,41360,1,3,2,6,0.00,0.00,'2023-02-21 17:14:49','2023-02-21 17:14:49',7,NULL),(970,NULL,225,4,365502,41360,1,12,2,6,0.00,0.00,'2023-02-21 17:14:49','2023-02-21 17:14:49',7,NULL),(971,NULL,225,4,365502,41360,1,8,2,7,0.00,0.00,'2023-02-21 17:14:49','2023-02-21 17:14:49',7,NULL);
INSERT INTO `period_liquidation_iva_details` VALUES (972,NULL,225,4,365502,41360,1,5,2,6,0.00,0.00,'2023-02-21 17:14:49','2023-02-21 17:14:49',7,NULL),(973,NULL,225,4,365502,41360,1,1,2,7,0.00,0.00,'2023-02-21 17:14:49','2023-02-21 17:14:49',7,NULL),(974,NULL,225,4,365502,41360,1,14,2,6,0.00,0.00,'2023-02-21 17:14:49','2023-02-21 17:14:49',7,NULL),(975,NULL,225,4,365502,41360,1,10,2,7,0.00,0.00,'2023-02-21 17:14:49','2023-02-21 17:14:49',7,NULL),(976,NULL,225,4,365502,41360,1,7,2,6,0.00,0.00,'2023-02-21 17:14:49','2023-02-21 17:14:49',7,NULL),(977,NULL,225,4,365502,41360,1,3,2,7,0.00,0.00,'2023-02-21 17:14:49','2023-02-21 17:14:49',7,NULL),(978,NULL,225,4,365502,41360,1,12,2,7,0.00,0.00,'2023-02-21 17:14:49','2023-02-21 17:14:49',7,NULL),(979,NULL,225,4,365502,41360,1,9,2,6,0.00,0.00,'2023-02-21 17:14:49','2023-02-21 17:14:49',7,NULL),(980,NULL,225,4,365502,41360,1,5,2,7,0.00,0.00,'2023-02-21 17:14:49','2023-02-21 17:14:49',7,NULL),(981,NULL,225,4,365502,41360,1,2,2,6,0.00,0.00,'2023-02-21 17:14:49','2023-02-21 17:14:49',7,NULL),(982,NULL,225,4,365502,41360,1,14,2,7,0.00,0.00,'2023-02-21 17:14:49','2023-02-21 17:14:49',7,NULL),(983,NULL,225,4,365502,41360,1,11,2,6,0.00,0.00,'2023-02-21 17:14:49','2023-02-21 17:14:49',7,NULL),(984,NULL,225,4,365502,41360,1,7,2,7,0.00,0.00,'2023-02-21 17:14:49','2023-02-21 17:14:49',7,NULL),(985,8081,234,5,1518,40720,401,1,1,3,0.00,0.00,'2023-03-02 12:28:38','2023-03-02 12:28:38',1,NULL),(986,8081,234,5,1518,40720,401,1,1,2,0.00,0.00,'2023-03-02 12:28:38','2023-03-02 12:28:38',1,NULL),(987,8081,234,5,1518,40720,401,1,1,1,0.00,0.00,'2023-03-02 12:28:38','2023-03-02 12:28:38',1,NULL),(988,8081,234,5,1518,40720,401,1,1,5,0.00,0.00,'2023-03-02 12:28:38','2023-03-02 12:28:38',1,NULL),(989,8081,234,5,1518,40720,401,1,1,4,0.00,0.00,'2023-03-02 12:28:38','2023-03-02 12:28:38',1,NULL),(990,8081,234,5,1518,40720,401,1,1,8,0.00,0.00,'2023-03-02 12:28:38','2023-03-02 12:28:38',1,NULL),(991,8081,234,5,1518,40720,401,1,1,3,0.00,0.00,'2023-03-02 12:28:38','2023-03-02 12:28:38',2,NULL),(992,8081,234,5,1518,40720,401,1,1,2,0.00,0.00,'2023-03-02 12:28:38','2023-03-02 12:28:38',2,NULL),(993,8081,234,5,1518,40720,401,1,1,1,0.00,0.00,'2023-03-02 12:28:38','2023-03-02 12:28:38',2,NULL),(994,8081,234,5,1518,40720,401,1,1,5,0.00,0.00,'2023-03-02 12:28:38','2023-03-02 12:28:38',2,NULL),(995,8081,234,5,1518,40720,401,1,1,4,0.00,0.00,'2023-03-02 12:28:38','2023-03-02 12:28:38',2,NULL),(996,8081,234,5,1518,40720,401,1,1,8,0.00,0.00,'2023-03-02 12:28:38','2023-03-02 12:28:38',2,NULL),(997,8081,234,5,1518,40720,401,1,1,6,0.00,0.00,'2023-03-02 12:28:38','2023-03-02 12:28:38',3,NULL),(998,8081,234,5,1518,40720,401,1,1,7,200000.00,0.00,'2023-03-02 12:28:38','2023-03-02 12:28:38',3,NULL),(999,8081,234,5,1518,40720,401,1,1,3,0.00,0.00,'2023-03-02 12:28:38','2023-03-02 12:28:38',4,NULL),(1000,8081,234,5,1518,40720,401,1,1,2,0.00,0.00,'2023-03-02 12:28:38','2023-03-02 12:28:38',4,NULL),(1001,8081,234,5,1518,40720,401,1,1,1,0.00,0.00,'2023-03-02 12:28:38','2023-03-02 12:28:38',4,NULL),(1002,8081,234,5,1518,40720,401,1,1,5,0.00,0.00,'2023-03-02 12:28:38','2023-03-02 12:28:38',4,NULL),(1003,8081,234,5,1518,40720,401,1,1,4,0.00,0.00,'2023-03-02 12:28:38','2023-03-02 12:28:38',4,NULL),(1004,8081,234,5,1518,40720,401,1,1,6,0.00,0.00,'2023-03-02 12:28:38','2023-03-02 12:28:38',4,NULL),(1005,8081,234,5,1518,40720,401,1,1,7,0.00,0.00,'2023-03-02 12:28:38','2023-03-02 12:28:38',4,NULL),(1006,8081,234,5,1518,40720,401,1,1,8,0.00,0.00,'2023-03-02 12:28:38','2023-03-02 12:28:38',4,NULL),(1007,8081,234,5,1518,40720,1,8,2,3,0.00,0.00,'2023-03-02 12:28:38','2023-03-02 12:28:38',5,NULL),(1008,8081,234,5,1518,40720,1,2,2,3,0.00,0.00,'2023-03-02 12:28:38','2023-03-02 12:28:38',5,NULL),(1009,8081,234,5,1518,40720,1,12,2,3,0.00,0.00,'2023-03-02 12:28:38','2023-03-02 12:28:38',5,NULL),(1010,8081,234,5,1518,40720,1,5,2,3,0.00,0.00,'2023-03-02 12:28:38','2023-03-02 12:28:38',5,NULL),(1011,8081,234,5,1518,40720,1,13,2,3,0.00,0.00,'2023-03-02 12:28:38','2023-03-02 12:28:38',5,NULL);
INSERT INTO `period_liquidation_iva_details` VALUES (1012,8081,234,5,1518,40720,1,9,2,3,0.00,0.00,'2023-03-02 12:28:38','2023-03-02 12:28:38',5,NULL),(1013,8081,234,5,1518,40720,1,3,2,3,0.00,0.00,'2023-03-02 12:28:38','2023-03-02 12:28:38',5,NULL),(1014,8081,234,5,1518,40720,1,6,2,3,0.00,0.00,'2023-03-02 12:28:38','2023-03-02 12:28:38',5,NULL),(1015,8081,234,5,1518,40720,1,14,2,3,0.00,0.00,'2023-03-02 12:28:38','2023-03-02 12:28:38',5,NULL),(1016,8081,234,5,1518,40720,1,10,2,3,0.00,0.00,'2023-03-02 12:28:38','2023-03-02 12:28:38',5,NULL),(1017,8081,234,5,1518,40720,1,4,2,3,0.00,0.00,'2023-03-02 12:28:38','2023-03-02 12:28:38',5,NULL),(1018,8081,234,5,1518,40720,1,7,2,3,0.00,0.00,'2023-03-02 12:28:38','2023-03-02 12:28:38',5,NULL),(1019,8081,234,5,1518,40720,1,1,2,3,0.00,0.00,'2023-03-02 12:28:38','2023-03-02 12:28:38',5,NULL),(1020,8081,234,5,1518,40720,1,11,2,3,0.00,0.00,'2023-03-02 12:28:38','2023-03-02 12:28:38',5,NULL),(1021,8081,234,5,1518,40720,1,6,2,2,0.00,0.00,'2023-03-02 12:28:38','2023-03-02 12:28:38',5,NULL),(1022,8081,234,5,1518,40720,1,14,2,2,0.00,0.00,'2023-03-02 12:28:38','2023-03-02 12:28:38',5,NULL),(1023,8081,234,5,1518,40720,1,10,2,2,0.00,0.00,'2023-03-02 12:28:38','2023-03-02 12:28:38',5,NULL),(1024,8081,234,5,1518,40720,1,4,2,2,0.00,0.00,'2023-03-02 12:28:38','2023-03-02 12:28:38',5,NULL),(1025,8081,234,5,1518,40720,1,7,2,2,0.00,0.00,'2023-03-02 12:28:38','2023-03-02 12:28:38',5,NULL),(1026,8081,234,5,1518,40720,1,1,2,2,0.00,0.00,'2023-03-02 12:28:38','2023-03-02 12:28:38',5,NULL),(1027,8081,234,5,1518,40720,1,11,2,2,0.00,0.00,'2023-03-02 12:28:38','2023-03-02 12:28:38',5,NULL),(1028,8081,234,5,1518,40720,1,8,2,2,0.00,0.00,'2023-03-02 12:28:38','2023-03-02 12:28:38',5,NULL),(1029,8081,234,5,1518,40720,1,2,2,2,0.00,0.00,'2023-03-02 12:28:38','2023-03-02 12:28:38',5,NULL),(1030,8081,234,5,1518,40720,1,12,2,2,0.00,0.00,'2023-03-02 12:28:38','2023-03-02 12:28:38',5,NULL),(1031,8081,234,5,1518,40720,1,13,2,2,0.00,0.00,'2023-03-02 12:28:38','2023-03-02 12:28:38',5,NULL),(1032,8081,234,5,1518,40720,1,9,2,2,0.00,0.00,'2023-03-02 12:28:38','2023-03-02 12:28:38',5,NULL),(1033,8081,234,5,1518,40720,1,3,2,2,0.00,0.00,'2023-03-02 12:28:38','2023-03-02 12:28:38',5,NULL),(1034,8081,234,5,1518,40720,1,5,2,2,0.00,0.00,'2023-03-02 12:28:38','2023-03-02 12:28:38',5,NULL),(1035,8081,234,5,1518,40720,1,7,2,1,0.00,0.00,'2023-03-02 12:28:38','2023-03-02 12:28:38',5,NULL),(1036,8081,234,5,1518,40720,1,1,2,1,0.00,0.00,'2023-03-02 12:28:38','2023-03-02 12:28:38',5,NULL),(1037,8081,234,5,1518,40720,1,11,2,1,0.00,0.00,'2023-03-02 12:28:38','2023-03-02 12:28:38',5,NULL),(1038,8081,234,5,1518,40720,1,8,2,1,0.00,0.00,'2023-03-02 12:28:38','2023-03-02 12:28:38',5,NULL),(1039,8081,234,5,1518,40720,1,2,2,1,0.00,0.00,'2023-03-02 12:28:38','2023-03-02 12:28:38',5,NULL),(1040,8081,234,5,1518,40720,1,12,2,1,0.00,0.00,'2023-03-02 12:28:38','2023-03-02 12:28:38',5,NULL),(1041,8081,234,5,1518,40720,1,13,2,1,0.00,0.00,'2023-03-02 12:28:38','2023-03-02 12:28:38',5,NULL),(1042,8081,234,5,1518,40720,1,9,2,1,0.00,0.00,'2023-03-02 12:28:38','2023-03-02 12:28:38',5,NULL),(1043,8081,234,5,1518,40720,1,3,2,1,0.00,0.00,'2023-03-02 12:28:38','2023-03-02 12:28:38',5,NULL),(1044,8081,234,5,1518,40720,1,5,2,1,0.00,0.00,'2023-03-02 12:28:38','2023-03-02 12:28:38',5,NULL),(1045,8081,234,5,1518,40720,1,6,2,1,0.00,0.00,'2023-03-02 12:28:38','2023-03-02 12:28:38',5,NULL),(1046,8081,234,5,1518,40720,1,14,2,1,0.00,0.00,'2023-03-02 12:28:38','2023-03-02 12:28:38',5,NULL),(1047,8081,234,5,1518,40720,1,10,2,1,0.00,0.00,'2023-03-02 12:28:38','2023-03-02 12:28:38',5,NULL),(1048,8081,234,5,1518,40720,1,4,2,1,0.00,0.00,'2023-03-02 12:28:38','2023-03-02 12:28:38',5,NULL),(1049,8081,234,5,1518,40720,1,6,2,5,0.00,0.00,'2023-03-02 12:28:38','2023-03-02 12:28:38',5,NULL),(1050,8081,234,5,1518,40720,1,14,2,5,0.00,0.00,'2023-03-02 12:28:38','2023-03-02 12:28:38',5,NULL),(1051,8081,234,5,1518,40720,1,10,2,5,0.00,0.00,'2023-03-02 12:28:38','2023-03-02 12:28:38',5,NULL);
INSERT INTO `period_liquidation_iva_details` VALUES (1052,8081,234,5,1518,40720,1,4,2,5,0.00,0.00,'2023-03-02 12:28:38','2023-03-02 12:28:38',5,NULL),(1053,8081,234,5,1518,40720,1,7,2,5,0.00,0.00,'2023-03-02 12:28:38','2023-03-02 12:28:38',5,NULL),(1054,8081,234,5,1518,40720,1,1,2,5,0.00,0.00,'2023-03-02 12:28:38','2023-03-02 12:28:38',5,NULL),(1055,8081,234,5,1518,40720,1,11,2,5,0.00,0.00,'2023-03-02 12:28:38','2023-03-02 12:28:38',5,NULL),(1056,8081,234,5,1518,40720,1,8,2,5,0.00,0.00,'2023-03-02 12:28:38','2023-03-02 12:28:38',5,NULL),(1057,8081,234,5,1518,40720,1,2,2,5,0.00,0.00,'2023-03-02 12:28:38','2023-03-02 12:28:38',5,NULL),(1058,8081,234,5,1518,40720,1,12,2,5,0.00,0.00,'2023-03-02 12:28:38','2023-03-02 12:28:38',5,NULL),(1059,8081,234,5,1518,40720,1,5,2,5,0.00,0.00,'2023-03-02 12:28:38','2023-03-02 12:28:38',5,NULL),(1060,8081,234,5,1518,40720,1,13,2,5,0.00,0.00,'2023-03-02 12:28:38','2023-03-02 12:28:38',5,NULL),(1061,8081,234,5,1518,40720,1,9,2,5,0.00,0.00,'2023-03-02 12:28:38','2023-03-02 12:28:38',5,NULL),(1062,8081,234,5,1518,40720,1,3,2,5,0.00,0.00,'2023-03-02 12:28:38','2023-03-02 12:28:38',5,NULL),(1063,8081,234,5,1518,40720,1,7,2,4,0.00,0.00,'2023-03-02 12:28:38','2023-03-02 12:28:38',5,NULL),(1064,8081,234,5,1518,40720,1,1,2,4,0.00,0.00,'2023-03-02 12:28:38','2023-03-02 12:28:38',5,NULL),(1065,8081,234,5,1518,40720,1,11,2,4,0.00,0.00,'2023-03-02 12:28:38','2023-03-02 12:28:38',5,NULL),(1066,8081,234,5,1518,40720,1,8,2,4,0.00,0.00,'2023-03-02 12:28:38','2023-03-02 12:28:38',5,NULL),(1067,8081,234,5,1518,40720,1,2,2,4,0.00,0.00,'2023-03-02 12:28:38','2023-03-02 12:28:38',5,NULL),(1068,8081,234,5,1518,40720,1,12,2,4,0.00,0.00,'2023-03-02 12:28:38','2023-03-02 12:28:38',5,NULL),(1069,8081,234,5,1518,40720,1,5,2,4,0.00,0.00,'2023-03-02 12:28:38','2023-03-02 12:28:38',5,NULL),(1070,8081,234,5,1518,40720,1,13,2,4,0.00,0.00,'2023-03-02 12:28:38','2023-03-02 12:28:38',5,NULL),(1071,8081,234,5,1518,40720,1,9,2,4,0.00,0.00,'2023-03-02 12:28:38','2023-03-02 12:28:38',5,NULL),(1072,8081,234,5,1518,40720,1,3,2,4,0.00,0.00,'2023-03-02 12:28:38','2023-03-02 12:28:38',5,NULL),(1073,8081,234,5,1518,40720,1,6,2,4,0.00,0.00,'2023-03-02 12:28:38','2023-03-02 12:28:38',5,NULL),(1074,8081,234,5,1518,40720,1,14,2,4,0.00,0.00,'2023-03-02 12:28:38','2023-03-02 12:28:38',5,NULL),(1075,8081,234,5,1518,40720,1,10,2,4,0.00,0.00,'2023-03-02 12:28:38','2023-03-02 12:28:38',5,NULL),(1076,8081,234,5,1518,40720,1,4,2,4,0.00,0.00,'2023-03-02 12:28:38','2023-03-02 12:28:38',5,NULL),(1077,8081,234,5,1518,40720,1,5,2,6,0.00,0.00,'2023-03-02 12:28:38','2023-03-02 12:28:38',5,NULL),(1078,8081,234,5,1518,40720,1,13,2,6,0.00,0.00,'2023-03-02 12:28:38','2023-03-02 12:28:38',5,NULL),(1079,8081,234,5,1518,40720,1,9,2,6,0.00,0.00,'2023-03-02 12:28:38','2023-03-02 12:28:38',5,NULL),(1080,8081,234,5,1518,40720,1,3,2,6,0.00,0.00,'2023-03-02 12:28:38','2023-03-02 12:28:38',5,NULL),(1081,8081,234,5,1518,40720,1,12,2,7,0.00,0.00,'2023-03-02 12:28:38','2023-03-02 12:28:38',5,NULL),(1082,8081,234,5,1518,40720,1,8,2,7,0.00,0.00,'2023-03-02 12:28:38','2023-03-02 12:28:38',5,NULL),(1083,8081,234,5,1518,40720,1,2,2,7,0.00,0.00,'2023-03-02 12:28:38','2023-03-02 12:28:38',5,NULL),(1084,8081,234,5,1518,40720,1,7,2,8,0.00,0.00,'2023-03-02 12:28:38','2023-03-02 12:28:38',5,NULL),(1085,8081,234,5,1518,40720,1,1,2,8,0.00,0.00,'2023-03-02 12:28:38','2023-03-02 12:28:38',5,NULL),(1086,8081,234,5,1518,40720,1,11,2,8,0.00,0.00,'2023-03-02 12:28:38','2023-03-02 12:28:38',5,NULL),(1087,8081,234,5,1518,40720,1,6,2,6,0.00,0.00,'2023-03-02 12:28:38','2023-03-02 12:28:38',5,NULL),(1088,8081,234,5,1518,40720,1,14,2,6,0.00,0.00,'2023-03-02 12:28:38','2023-03-02 12:28:38',5,NULL),(1089,8081,234,5,1518,40720,1,10,2,6,0.00,0.00,'2023-03-02 12:28:38','2023-03-02 12:28:38',5,NULL),(1090,8081,234,5,1518,40720,1,4,2,6,0.00,0.00,'2023-03-02 12:28:38','2023-03-02 12:28:38',5,NULL),(1091,8081,234,5,1518,40720,1,5,2,7,0.00,0.00,'2023-03-02 12:28:38','2023-03-02 12:28:38',5,NULL);
INSERT INTO `period_liquidation_iva_details` VALUES (1092,8081,234,5,1518,40720,1,13,2,7,0.00,0.00,'2023-03-02 12:28:38','2023-03-02 12:28:38',5,NULL),(1093,8081,234,5,1518,40720,1,9,2,7,0.00,0.00,'2023-03-02 12:28:38','2023-03-02 12:28:38',5,NULL),(1094,8081,234,5,1518,40720,1,3,2,7,0.00,0.00,'2023-03-02 12:28:38','2023-03-02 12:28:38',5,NULL),(1095,8081,234,5,1518,40720,1,12,2,8,0.00,0.00,'2023-03-02 12:28:38','2023-03-02 12:28:38',5,NULL),(1096,8081,234,5,1518,40720,1,8,2,8,0.00,0.00,'2023-03-02 12:28:38','2023-03-02 12:28:38',5,NULL),(1097,8081,234,5,1518,40720,1,2,2,8,0.00,0.00,'2023-03-02 12:28:38','2023-03-02 12:28:38',5,NULL),(1098,8081,234,5,1518,40720,1,7,2,6,0.00,0.00,'2023-03-02 12:28:38','2023-03-02 12:28:38',5,NULL),(1099,8081,234,5,1518,40720,1,1,2,6,0.00,0.00,'2023-03-02 12:28:38','2023-03-02 12:28:38',5,NULL),(1100,8081,234,5,1518,40720,1,11,2,6,0.00,0.00,'2023-03-02 12:28:38','2023-03-02 12:28:38',5,NULL),(1101,8081,234,5,1518,40720,1,6,2,7,0.00,0.00,'2023-03-02 12:28:38','2023-03-02 12:28:38',5,NULL),(1102,8081,234,5,1518,40720,1,14,2,7,0.00,0.00,'2023-03-02 12:28:38','2023-03-02 12:28:38',5,NULL),(1103,8081,234,5,1518,40720,1,10,2,7,0.00,0.00,'2023-03-02 12:28:38','2023-03-02 12:28:38',5,NULL),(1104,8081,234,5,1518,40720,1,4,2,7,0.00,0.00,'2023-03-02 12:28:38','2023-03-02 12:28:38',5,NULL),(1105,8081,234,5,1518,40720,1,5,2,8,0.00,0.00,'2023-03-02 12:28:38','2023-03-02 12:28:38',5,NULL),(1106,8081,234,5,1518,40720,1,13,2,8,0.00,0.00,'2023-03-02 12:28:38','2023-03-02 12:28:38',5,NULL),(1107,8081,234,5,1518,40720,1,9,2,8,0.00,0.00,'2023-03-02 12:28:38','2023-03-02 12:28:38',5,NULL),(1108,8081,234,5,1518,40720,1,3,2,8,0.00,0.00,'2023-03-02 12:28:38','2023-03-02 12:28:38',5,NULL),(1109,8081,234,5,1518,40720,1,8,2,6,0.00,0.00,'2023-03-02 12:28:38','2023-03-02 12:28:38',5,NULL),(1110,8081,234,5,1518,40720,1,2,2,6,0.00,0.00,'2023-03-02 12:28:38','2023-03-02 12:28:38',5,NULL),(1111,8081,234,5,1518,40720,1,12,2,6,0.00,0.00,'2023-03-02 12:28:38','2023-03-02 12:28:38',5,NULL),(1112,8081,234,5,1518,40720,1,7,2,7,0.00,0.00,'2023-03-02 12:28:38','2023-03-02 12:28:38',5,NULL),(1113,8081,234,5,1518,40720,1,1,2,7,0.00,0.00,'2023-03-02 12:28:38','2023-03-02 12:28:38',5,NULL),(1114,8081,234,5,1518,40720,1,11,2,7,0.00,0.00,'2023-03-02 12:28:38','2023-03-02 12:28:38',5,NULL),(1115,8081,234,5,1518,40720,1,6,2,8,0.00,0.00,'2023-03-02 12:28:39','2023-03-02 12:28:39',5,NULL),(1116,8081,234,5,1518,40720,1,14,2,8,0.00,0.00,'2023-03-02 12:28:39','2023-03-02 12:28:39',5,NULL),(1117,8081,234,5,1518,40720,1,10,2,8,0.00,0.00,'2023-03-02 12:28:39','2023-03-02 12:28:39',5,NULL),(1118,8081,234,5,1518,40720,1,4,2,8,0.00,0.00,'2023-03-02 12:28:39','2023-03-02 12:28:39',5,NULL),(1119,8081,234,5,1518,40720,1,11,2,3,0.00,0.00,'2023-03-02 12:28:39','2023-03-02 12:28:39',6,NULL),(1120,8081,234,5,1518,40720,1,14,2,3,0.00,0.00,'2023-03-02 12:28:39','2023-03-02 12:28:39',6,NULL),(1121,8081,234,5,1518,40720,1,1,2,3,0.00,0.00,'2023-03-02 12:28:39','2023-03-02 12:28:39',6,NULL),(1122,8081,234,5,1518,40720,1,4,2,3,0.00,0.00,'2023-03-02 12:28:39','2023-03-02 12:28:39',6,NULL),(1123,8081,234,5,1518,40720,1,7,2,3,0.00,0.00,'2023-03-02 12:28:39','2023-03-02 12:28:39',6,NULL),(1124,8081,234,5,1518,40720,1,10,2,3,0.00,0.00,'2023-03-02 12:28:39','2023-03-02 12:28:39',6,NULL),(1125,8081,234,5,1518,40720,1,13,2,3,0.00,0.00,'2023-03-02 12:28:39','2023-03-02 12:28:39',6,NULL),(1126,8081,234,5,1518,40720,1,3,2,3,0.00,0.00,'2023-03-02 12:28:39','2023-03-02 12:28:39',6,NULL),(1127,8081,234,5,1518,40720,1,6,2,3,0.00,0.00,'2023-03-02 12:28:39','2023-03-02 12:28:39',6,NULL),(1128,8081,234,5,1518,40720,1,9,2,3,0.00,0.00,'2023-03-02 12:28:39','2023-03-02 12:28:39',6,NULL),(1129,8081,234,5,1518,40720,1,12,2,3,0.00,0.00,'2023-03-02 12:28:39','2023-03-02 12:28:39',6,NULL),(1130,8081,234,5,1518,40720,1,2,2,3,0.00,0.00,'2023-03-02 12:28:39','2023-03-02 12:28:39',6,NULL),(1131,8081,234,5,1518,40720,1,5,2,3,0.00,0.00,'2023-03-02 12:28:39','2023-03-02 12:28:39',6,NULL);
INSERT INTO `period_liquidation_iva_details` VALUES (1132,8081,234,5,1518,40720,1,8,2,3,0.00,0.00,'2023-03-02 12:28:39','2023-03-02 12:28:39',6,NULL),(1133,8081,234,5,1518,40720,1,10,2,2,0.00,0.00,'2023-03-02 12:28:39','2023-03-02 12:28:39',6,NULL),(1134,8081,234,5,1518,40720,1,13,2,2,0.00,0.00,'2023-03-02 12:28:39','2023-03-02 12:28:39',6,NULL),(1135,8081,234,5,1518,40720,1,3,2,2,0.00,0.00,'2023-03-02 12:28:39','2023-03-02 12:28:39',6,NULL),(1136,8081,234,5,1518,40720,1,6,2,2,0.00,0.00,'2023-03-02 12:28:39','2023-03-02 12:28:39',6,NULL),(1137,8081,234,5,1518,40720,1,9,2,2,0.00,0.00,'2023-03-02 12:28:39','2023-03-02 12:28:39',6,NULL),(1138,8081,234,5,1518,40720,1,12,2,2,0.00,0.00,'2023-03-02 12:28:39','2023-03-02 12:28:39',6,NULL),(1139,8081,234,5,1518,40720,1,2,2,2,0.00,0.00,'2023-03-02 12:28:39','2023-03-02 12:28:39',6,NULL),(1140,8081,234,5,1518,40720,1,5,2,2,0.00,0.00,'2023-03-02 12:28:39','2023-03-02 12:28:39',6,NULL),(1141,8081,234,5,1518,40720,1,8,2,2,0.00,0.00,'2023-03-02 12:28:39','2023-03-02 12:28:39',6,NULL),(1142,8081,234,5,1518,40720,1,11,2,2,0.00,0.00,'2023-03-02 12:28:39','2023-03-02 12:28:39',6,NULL),(1143,8081,234,5,1518,40720,1,14,2,2,0.00,0.00,'2023-03-02 12:28:39','2023-03-02 12:28:39',6,NULL),(1144,8081,234,5,1518,40720,1,1,2,2,94100.88,19761.18,'2023-03-02 12:28:39','2023-03-02 12:28:39',6,NULL),(1145,8081,234,5,1518,40720,1,4,2,2,0.00,0.00,'2023-03-02 12:28:39','2023-03-02 12:28:39',6,NULL),(1146,8081,234,5,1518,40720,1,7,2,2,0.00,0.00,'2023-03-02 12:28:39','2023-03-02 12:28:39',6,NULL),(1147,8081,234,5,1518,40720,1,6,2,1,0.00,0.00,'2023-03-02 12:28:39','2023-03-02 12:28:39',6,NULL),(1148,8081,234,5,1518,40720,1,9,2,1,0.00,0.00,'2023-03-02 12:28:39','2023-03-02 12:28:39',6,NULL),(1149,8081,234,5,1518,40720,1,12,2,1,0.00,0.00,'2023-03-02 12:28:39','2023-03-02 12:28:39',6,NULL),(1150,8081,234,5,1518,40720,1,2,2,1,0.00,0.00,'2023-03-02 12:28:39','2023-03-02 12:28:39',6,NULL),(1151,8081,234,5,1518,40720,1,5,2,1,0.00,0.00,'2023-03-02 12:28:39','2023-03-02 12:28:39',6,NULL),(1152,8081,234,5,1518,40720,1,8,2,1,0.00,0.00,'2023-03-02 12:28:39','2023-03-02 12:28:39',6,NULL),(1153,8081,234,5,1518,40720,1,11,2,1,0.00,0.00,'2023-03-02 12:28:39','2023-03-02 12:28:39',6,NULL),(1154,8081,234,5,1518,40720,1,14,2,1,0.00,0.00,'2023-03-02 12:28:39','2023-03-02 12:28:39',6,NULL),(1155,8081,234,5,1518,40720,1,1,2,1,0.00,0.00,'2023-03-02 12:28:39','2023-03-02 12:28:39',6,NULL),(1156,8081,234,5,1518,40720,1,4,2,1,0.00,0.00,'2023-03-02 12:28:39','2023-03-02 12:28:39',6,NULL),(1157,8081,234,5,1518,40720,1,7,2,1,0.00,0.00,'2023-03-02 12:28:39','2023-03-02 12:28:39',6,NULL),(1158,8081,234,5,1518,40720,1,10,2,1,0.00,0.00,'2023-03-02 12:28:39','2023-03-02 12:28:39',6,NULL),(1159,8081,234,5,1518,40720,1,13,2,1,0.00,0.00,'2023-03-02 12:28:39','2023-03-02 12:28:39',6,NULL),(1160,8081,234,5,1518,40720,1,3,2,1,0.00,0.00,'2023-03-02 12:28:39','2023-03-02 12:28:39',6,NULL),(1161,8081,234,5,1518,40720,1,3,2,5,0.00,0.00,'2023-03-02 12:28:39','2023-03-02 12:28:39',6,NULL),(1162,8081,234,5,1518,40720,1,6,2,5,0.00,0.00,'2023-03-02 12:28:39','2023-03-02 12:28:39',6,NULL),(1163,8081,234,5,1518,40720,1,9,2,5,0.00,0.00,'2023-03-02 12:28:39','2023-03-02 12:28:39',6,NULL),(1164,8081,234,5,1518,40720,1,12,2,5,0.00,0.00,'2023-03-02 12:28:39','2023-03-02 12:28:39',6,NULL),(1165,8081,234,5,1518,40720,1,2,2,5,0.00,0.00,'2023-03-02 12:28:39','2023-03-02 12:28:39',6,NULL),(1166,8081,234,5,1518,40720,1,5,2,5,0.00,0.00,'2023-03-02 12:28:39','2023-03-02 12:28:39',6,NULL),(1167,8081,234,5,1518,40720,1,8,2,5,0.00,0.00,'2023-03-02 12:28:39','2023-03-02 12:28:39',6,NULL),(1168,8081,234,5,1518,40720,1,11,2,5,0.00,0.00,'2023-03-02 12:28:39','2023-03-02 12:28:39',6,NULL),(1169,8081,234,5,1518,40720,1,14,2,5,0.00,0.00,'2023-03-02 12:28:39','2023-03-02 12:28:39',6,NULL),(1170,8081,234,5,1518,40720,1,1,2,5,0.00,0.00,'2023-03-02 12:28:39','2023-03-02 12:28:39',6,NULL),(1171,8081,234,5,1518,40720,1,4,2,5,0.00,0.00,'2023-03-02 12:28:39','2023-03-02 12:28:39',6,NULL);
INSERT INTO `period_liquidation_iva_details` VALUES (1172,8081,234,5,1518,40720,1,7,2,5,0.00,0.00,'2023-03-02 12:28:39','2023-03-02 12:28:39',6,NULL),(1173,8081,234,5,1518,40720,1,10,2,5,0.00,0.00,'2023-03-02 12:28:39','2023-03-02 12:28:39',6,NULL),(1174,8081,234,5,1518,40720,1,13,2,5,0.00,0.00,'2023-03-02 12:28:39','2023-03-02 12:28:39',6,NULL),(1175,8081,234,5,1518,40720,1,2,2,4,0.00,0.00,'2023-03-02 12:28:39','2023-03-02 12:28:39',6,NULL),(1176,8081,234,5,1518,40720,1,5,2,4,0.00,0.00,'2023-03-02 12:28:39','2023-03-02 12:28:39',6,NULL),(1177,8081,234,5,1518,40720,1,8,2,4,0.00,0.00,'2023-03-02 12:28:39','2023-03-02 12:28:39',6,NULL),(1178,8081,234,5,1518,40720,1,11,2,4,0.00,0.00,'2023-03-02 12:28:39','2023-03-02 12:28:39',6,NULL),(1179,8081,234,5,1518,40720,1,14,2,4,0.00,0.00,'2023-03-02 12:28:39','2023-03-02 12:28:39',6,NULL),(1180,8081,234,5,1518,40720,1,1,2,4,0.00,0.00,'2023-03-02 12:28:39','2023-03-02 12:28:39',6,NULL),(1181,8081,234,5,1518,40720,1,4,2,4,0.00,0.00,'2023-03-02 12:28:39','2023-03-02 12:28:39',6,NULL),(1182,8081,234,5,1518,40720,1,7,2,4,0.00,0.00,'2023-03-02 12:28:39','2023-03-02 12:28:39',6,NULL),(1183,8081,234,5,1518,40720,1,10,2,4,0.00,0.00,'2023-03-02 12:28:39','2023-03-02 12:28:39',6,NULL),(1184,8081,234,5,1518,40720,1,13,2,4,0.00,0.00,'2023-03-02 12:28:39','2023-03-02 12:28:39',6,NULL),(1185,8081,234,5,1518,40720,1,3,2,4,0.00,0.00,'2023-03-02 12:28:39','2023-03-02 12:28:39',6,NULL),(1186,8081,234,5,1518,40720,1,6,2,4,0.00,0.00,'2023-03-02 12:28:39','2023-03-02 12:28:39',6,NULL),(1187,8081,234,5,1518,40720,1,9,2,4,0.00,0.00,'2023-03-02 12:28:39','2023-03-02 12:28:39',6,NULL),(1188,8081,234,5,1518,40720,1,12,2,4,0.00,0.00,'2023-03-02 12:28:39','2023-03-02 12:28:39',6,NULL),(1189,8081,234,5,1518,40720,1,4,2,8,0.00,0.00,'2023-03-02 12:28:39','2023-03-02 12:28:39',6,NULL),(1190,8081,234,5,1518,40720,1,7,2,8,0.00,0.00,'2023-03-02 12:28:39','2023-03-02 12:28:39',6,NULL),(1191,8081,234,5,1518,40720,1,10,2,8,0.00,0.00,'2023-03-02 12:28:39','2023-03-02 12:28:39',6,NULL),(1192,8081,234,5,1518,40720,1,13,2,8,0.00,0.00,'2023-03-02 12:28:39','2023-03-02 12:28:39',6,NULL),(1193,8081,234,5,1518,40720,1,3,2,8,0.00,0.00,'2023-03-02 12:28:39','2023-03-02 12:28:39',6,NULL),(1194,8081,234,5,1518,40720,1,6,2,8,0.00,0.00,'2023-03-02 12:28:39','2023-03-02 12:28:39',6,NULL),(1195,8081,234,5,1518,40720,1,9,2,8,0.00,0.00,'2023-03-02 12:28:39','2023-03-02 12:28:39',6,NULL),(1196,8081,234,5,1518,40720,1,12,2,8,0.00,0.00,'2023-03-02 12:28:39','2023-03-02 12:28:39',6,NULL),(1197,8081,234,5,1518,40720,1,2,2,8,0.00,0.00,'2023-03-02 12:28:39','2023-03-02 12:28:39',6,NULL),(1198,8081,234,5,1518,40720,1,5,2,8,0.00,0.00,'2023-03-02 12:28:39','2023-03-02 12:28:39',6,NULL),(1199,8081,234,5,1518,40720,1,8,2,8,0.00,0.00,'2023-03-02 12:28:39','2023-03-02 12:28:39',6,NULL),(1200,8081,234,5,1518,40720,1,11,2,8,0.00,0.00,'2023-03-02 12:28:39','2023-03-02 12:28:39',6,NULL),(1201,8081,234,5,1518,40720,1,14,2,8,0.00,0.00,'2023-03-02 12:28:39','2023-03-02 12:28:39',6,NULL),(1202,8081,234,5,1518,40720,1,1,2,8,64677.59,0.00,'2023-03-02 12:28:39','2023-03-02 12:28:39',6,NULL),(1203,8081,234,5,1518,40720,1,6,2,6,0.00,0.00,'2023-03-02 12:28:39','2023-03-02 12:28:39',7,NULL),(1204,8081,234,5,1518,40720,1,2,2,7,0.00,0.00,'2023-03-02 12:28:39','2023-03-02 12:28:39',7,NULL),(1205,8081,234,5,1518,40720,1,11,2,7,0.00,0.00,'2023-03-02 12:28:39','2023-03-02 12:28:39',7,NULL),(1206,8081,234,5,1518,40720,1,8,2,6,0.00,0.00,'2023-03-02 12:28:39','2023-03-02 12:28:39',7,NULL),(1207,8081,234,5,1518,40720,1,4,2,7,0.00,0.00,'2023-03-02 12:28:39','2023-03-02 12:28:39',7,NULL),(1208,8081,234,5,1518,40720,1,1,2,6,0.00,0.00,'2023-03-02 12:28:39','2023-03-02 12:28:39',7,NULL),(1209,8081,234,5,1518,40720,1,13,2,7,0.00,0.00,'2023-03-02 12:28:39','2023-03-02 12:28:39',7,NULL),(1210,8081,234,5,1518,40720,1,10,2,6,0.00,0.00,'2023-03-02 12:28:39','2023-03-02 12:28:39',7,NULL),(1211,8081,234,5,1518,40720,1,6,2,7,0.00,0.00,'2023-03-02 12:28:39','2023-03-02 12:28:39',7,NULL);
INSERT INTO `period_liquidation_iva_details` VALUES (1212,8081,234,5,1518,40720,1,3,2,6,0.00,0.00,'2023-03-02 12:28:39','2023-03-02 12:28:39',7,NULL),(1213,8081,234,5,1518,40720,1,12,2,6,0.00,0.00,'2023-03-02 12:28:39','2023-03-02 12:28:39',7,NULL),(1214,8081,234,5,1518,40720,1,8,2,7,0.00,0.00,'2023-03-02 12:28:39','2023-03-02 12:28:39',7,NULL),(1215,8081,234,5,1518,40720,1,5,2,6,0.00,0.00,'2023-03-02 12:28:39','2023-03-02 12:28:39',7,NULL),(1216,8081,234,5,1518,40720,1,1,2,7,-0.01,0.00,'2023-03-02 12:28:39','2023-03-02 12:28:39',7,NULL),(1217,8081,234,5,1518,40720,1,14,2,6,0.00,0.00,'2023-03-02 12:28:39','2023-03-02 12:28:39',7,NULL),(1218,8081,234,5,1518,40720,1,10,2,7,0.00,0.00,'2023-03-02 12:28:39','2023-03-02 12:28:39',7,NULL),(1219,8081,234,5,1518,40720,1,7,2,6,0.00,0.00,'2023-03-02 12:28:39','2023-03-02 12:28:39',7,NULL),(1220,8081,234,5,1518,40720,1,3,2,7,0.00,0.00,'2023-03-02 12:28:39','2023-03-02 12:28:39',7,NULL),(1221,8081,234,5,1518,40720,1,12,2,7,0.00,0.00,'2023-03-02 12:28:39','2023-03-02 12:28:39',7,NULL),(1222,8081,234,5,1518,40720,1,9,2,6,0.00,0.00,'2023-03-02 12:28:39','2023-03-02 12:28:39',7,NULL),(1223,8081,234,5,1518,40720,1,5,2,7,0.00,0.00,'2023-03-02 12:28:39','2023-03-02 12:28:39',7,NULL),(1224,8081,234,5,1518,40720,1,2,2,6,0.00,0.00,'2023-03-02 12:28:39','2023-03-02 12:28:39',7,NULL),(1225,8081,234,5,1518,40720,1,14,2,7,0.00,0.00,'2023-03-02 12:28:39','2023-03-02 12:28:39',7,NULL),(1226,8081,234,5,1518,40720,1,11,2,6,0.00,0.00,'2023-03-02 12:28:39','2023-03-02 12:28:39',7,NULL),(1227,8081,234,5,1518,40720,1,7,2,7,0.00,0.00,'2023-03-02 12:28:39','2023-03-02 12:28:39',7,NULL),(1228,8081,234,5,1518,40720,1,4,2,6,0.00,0.00,'2023-03-02 12:28:39','2023-03-02 12:28:39',7,NULL),(1229,8081,234,5,1518,40720,1,13,2,6,0.00,0.00,'2023-03-02 12:28:39','2023-03-02 12:28:39',7,NULL),(1230,8081,234,5,1518,40720,1,9,2,7,0.00,0.00,'2023-03-02 12:28:39','2023-03-02 12:28:39',7,NULL);

--
