INSERT INTO `periods` VALUES (29941,NULL,'2078-07',2078,7,'2078-07-01','2078-07-31',NULL,NULL,40774,0,NULL,1,0,0,1),(29942,NULL,'2078-08',2078,8,'2078-08-01','2078-08-31',NULL,NULL,40774,0,NULL,1,0,0,1),(29943,NULL,'2078-09',2078,9,'2078-09-01','2078-09-30',NULL,NULL,40774,0,NULL,1,0,0,1),(29944,NULL,'2078-10',2078,10,'2078-10-01','2078-10-31',NULL,NULL,40774,0,NULL,1,0,0,1),(29945,NULL,'2078-11',2078,11,'2078-11-01','2078-11-30',NULL,NULL,40774,0,NULL,1,0,0,1),(29946,NULL,'2078-12',2078,12,'2078-12-01','2078-12-31',NULL,NULL,40774,0,NULL,1,0,0,1),(29950,NULL,'2079-01',2079,1,'2079-01-01','2079-01-31',NULL,NULL,40774,0,NULL,1,0,0,1),(29951,NULL,'2079-02',2079,2,'2079-02-01','2079-02-28',NULL,NULL,40774,0,NULL,1,0,0,1),(29952,NULL,'2079-03',2079,3,'2079-03-01','2079-03-31',NULL,NULL,40774,0,NULL,1,0,0,1),(29953,NULL,'2079-04',2079,4,'2079-04-01','2079-04-30',NULL,NULL,40774,0,NULL,1,0,0,1),(29954,NULL,'2079-05',2079,5,'2079-05-01','2079-05-31',NULL,NULL,40774,0,NULL,1,0,0,1),(29955,NULL,'2079-06',2079,6,'2079-06-01','2079-06-30',NULL,NULL,40774,0,NULL,1,0,0,1),(29956,NULL,'2079-07',2079,7,'2079-07-01','2079-07-31',NULL,NULL,40774,0,NULL,1,0,0,1),(29957,NULL,'2079-08',2079,8,'2079-08-01','2079-08-31',NULL,NULL,40774,0,NULL,1,0,0,1),(29958,NULL,'2079-09',2079,9,'2079-09-01','2079-09-30',NULL,NULL,40774,0,NULL,1,0,0,1),(29959,NULL,'2079-10',2079,10,'2079-10-01','2079-10-31',NULL,NULL,40774,0,NULL,1,0,0,1),(29960,NULL,'2079-11',2079,11,'2079-11-01','2079-11-30',NULL,NULL,40774,0,NULL,1,0,0,1),(29961,NULL,'2079-12',2079,12,'2079-12-01','2079-12-31',NULL,NULL,40774,0,NULL,1,0,0,1),(29965,NULL,'2080-01',2080,1,'2080-01-01','2080-01-31',NULL,NULL,40774,0,NULL,1,0,0,1),(29966,NULL,'2080-02',2080,2,'2080-02-01','2080-02-28',NULL,NULL,40774,0,NULL,1,0,0,1),(29967,NULL,'2080-03',2080,3,'2080-03-01','2080-03-31',NULL,NULL,40774,0,NULL,1,0,0,1),(29968,NULL,'2080-04',2080,4,'2080-04-01','2080-04-30',NULL,NULL,40774,0,NULL,1,0,0,1),(29969,NULL,'2080-05',2080,5,'2080-05-01','2080-05-31',NULL,NULL,40774,0,NULL,1,0,0,1),(29970,NULL,'2080-06',2080,6,'2080-06-01','2080-06-30',NULL,NULL,40774,0,NULL,1,0,0,1),(29971,NULL,'2080-07',2080,7,'2080-07-01','2080-07-31',NULL,NULL,40774,0,NULL,1,0,0,1),(29972,NULL,'2080-08',2080,8,'2080-08-01','2080-08-31',NULL,NULL,40774,0,NULL,1,0,0,1),(29973,NULL,'2080-09',2080,9,'2080-09-01','2080-09-30',NULL,NULL,40774,0,NULL,1,0,0,1),(29974,NULL,'2080-10',2080,10,'2080-10-01','2080-10-31',NULL,NULL,40774,0,NULL,1,0,0,1),(29975,NULL,'2080-11',2080,11,'2080-11-01','2080-11-30',NULL,NULL,40774,0,NULL,1,0,0,1),(29976,NULL,'2080-12',2080,12,'2080-12-01','2080-12-31',NULL,NULL,40774,0,NULL,1,0,0,1),(29980,NULL,'2081-01',2081,1,'2081-01-01','2081-01-31',NULL,NULL,40774,0,NULL,1,0,0,1),(29981,NULL,'2081-02',2081,2,'2081-02-01','2081-02-28',NULL,NULL,40774,0,NULL,1,0,0,1),(29982,NULL,'2081-03',2081,3,'2081-03-01','2081-03-31',NULL,NULL,40774,0,NULL,1,0,0,1),(29983,NULL,'2081-04',2081,4,'2081-04-01','2081-04-30',NULL,NULL,40774,0,NULL,1,0,0,1),(29984,NULL,'2081-05',2081,5,'2081-05-01','2081-05-31',NULL,NULL,40774,0,NULL,1,0,0,1),(29985,NULL,'2081-06',2081,6,'2081-06-01','2081-06-30',NULL,NULL,40774,0,NULL,1,0,0,1),(29986,NULL,'2081-07',2081,7,'2081-07-01','2081-07-31',NULL,NULL,40774,0,NULL,1,0,0,1),(29987,NULL,'2081-08',2081,8,'2081-08-01','2081-08-31',NULL,NULL,40774,0,NULL,1,0,0,1),(29988,NULL,'2081-09',2081,9,'2081-09-01','2081-09-30',NULL,NULL,40774,0,NULL,1,0,0,1),(29989,NULL,'2081-10',2081,10,'2081-10-01','2081-10-31',NULL,NULL,40774,0,NULL,1,0,0,1),(29990,NULL,'2081-11',2081,11,'2081-11-01','2081-11-30',NULL,NULL,40774,0,NULL,1,0,0,1),(29991,NULL,'2081-12',2081,12,'2081-12-01','2081-12-31',NULL,NULL,40774,0,NULL,1,0,0,1),(29995,NULL,'2082-01',2082,1,'2082-01-01','2082-01-31',NULL,NULL,40774,0,NULL,1,0,0,1),(29996,NULL,'2082-02',2082,2,'2082-02-01','2082-02-28',NULL,NULL,40774,0,NULL,1,0,0,1),(29997,NULL,'2082-03',2082,3,'2082-03-01','2082-03-31',NULL,NULL,40774,0,NULL,1,0,0,1),(29998,NULL,'2082-04',2082,4,'2082-04-01','2082-04-30',NULL,NULL,40774,0,NULL,1,0,0,1);
INSERT INTO `periods` VALUES (29999,NULL,'2082-05',2082,5,'2082-05-01','2082-05-31',NULL,NULL,40774,0,NULL,1,0,0,1),(30000,NULL,'2082-06',2082,6,'2082-06-01','2082-06-30',NULL,NULL,40774,0,NULL,1,0,0,1),(30001,NULL,'2082-07',2082,7,'2082-07-01','2082-07-31',NULL,NULL,40774,0,NULL,1,0,0,1),(30002,NULL,'2082-08',2082,8,'2082-08-01','2082-08-31',NULL,NULL,40774,0,NULL,1,0,0,1),(30003,NULL,'2082-09',2082,9,'2082-09-01','2082-09-30',NULL,NULL,40774,0,NULL,1,0,0,1),(30004,NULL,'2082-10',2082,10,'2082-10-01','2082-10-31',NULL,NULL,40774,0,NULL,1,0,0,1),(30005,NULL,'2082-11',2082,11,'2082-11-01','2082-11-30',NULL,NULL,40774,0,NULL,1,0,0,1),(30006,NULL,'2082-12',2082,12,'2082-12-01','2082-12-31',NULL,NULL,40774,0,NULL,1,0,0,1),(30010,NULL,'2083-01',2083,1,'2083-01-01','2083-01-31',NULL,NULL,40774,0,NULL,1,0,0,1),(30011,NULL,'2083-02',2083,2,'2083-02-01','2083-02-28',NULL,NULL,40774,0,NULL,1,0,0,1),(30012,NULL,'2083-03',2083,3,'2083-03-01','2083-03-31',NULL,NULL,40774,0,NULL,1,0,0,1),(30013,NULL,'2083-04',2083,4,'2083-04-01','2083-04-30',NULL,NULL,40774,0,NULL,1,0,0,1),(30014,NULL,'2083-05',2083,5,'2083-05-01','2083-05-31',NULL,NULL,40774,0,NULL,1,0,0,1),(30015,NULL,'2083-06',2083,6,'2083-06-01','2083-06-30',NULL,NULL,40774,0,NULL,1,0,0,1),(30016,NULL,'2083-07',2083,7,'2083-07-01','2083-07-31',NULL,NULL,40774,0,NULL,1,0,0,1),(30017,NULL,'2083-08',2083,8,'2083-08-01','2083-08-31',NULL,NULL,40774,0,NULL,1,0,0,1),(30018,NULL,'2083-09',2083,9,'2083-09-01','2083-09-30',NULL,NULL,40774,0,NULL,1,0,0,1),(30019,NULL,'2083-10',2083,10,'2083-10-01','2083-10-31',NULL,NULL,40774,0,NULL,1,0,0,1),(30020,NULL,'2083-11',2083,11,'2083-11-01','2083-11-30',NULL,NULL,40774,0,NULL,1,0,0,1),(30021,NULL,'2083-12',2083,12,'2083-12-01','2083-12-31',NULL,NULL,40774,0,NULL,1,0,0,1),(30025,NULL,'2084-01',2084,1,'2084-01-01','2084-01-31',NULL,NULL,40774,0,NULL,1,0,0,1),(30026,NULL,'2084-02',2084,2,'2084-02-01','2084-02-28',NULL,NULL,40774,0,NULL,1,0,0,1),(30027,NULL,'2084-03',2084,3,'2084-03-01','2084-03-31',NULL,NULL,40774,0,NULL,1,0,0,1),(30028,NULL,'2084-04',2084,4,'2084-04-01','2084-04-30',NULL,NULL,40774,0,NULL,1,0,0,1),(30029,NULL,'2084-05',2084,5,'2084-05-01','2084-05-31',NULL,NULL,40774,0,NULL,1,0,0,1),(30030,NULL,'2084-06',2084,6,'2084-06-01','2084-06-30',NULL,NULL,40774,0,NULL,1,0,0,1),(30031,NULL,'2084-07',2084,7,'2084-07-01','2084-07-31',NULL,NULL,40774,0,NULL,1,0,0,1),(30032,NULL,'2084-08',2084,8,'2084-08-01','2084-08-31',NULL,NULL,40774,0,NULL,1,0,0,1),(30033,NULL,'2084-09',2084,9,'2084-09-01','2084-09-30',NULL,NULL,40774,0,NULL,1,0,0,1),(30034,NULL,'2084-10',2084,10,'2084-10-01','2084-10-31',NULL,NULL,40774,0,NULL,1,0,0,1),(30035,NULL,'2084-11',2084,11,'2084-11-01','2084-11-30',NULL,NULL,40774,0,NULL,1,0,0,1),(30036,NULL,'2084-12',2084,12,'2084-12-01','2084-12-31',NULL,NULL,40774,0,NULL,1,0,0,1),(30040,NULL,'2085-01',2085,1,'2085-01-01','2085-01-31',NULL,NULL,40774,0,NULL,1,0,0,1),(30041,NULL,'2085-02',2085,2,'2085-02-01','2085-02-28',NULL,NULL,40774,0,NULL,1,0,0,1),(30042,NULL,'2085-03',2085,3,'2085-03-01','2085-03-31',NULL,NULL,40774,0,NULL,1,0,0,1),(30043,NULL,'2085-04',2085,4,'2085-04-01','2085-04-30',NULL,NULL,40774,0,NULL,1,0,0,1),(30044,NULL,'2085-05',2085,5,'2085-05-01','2085-05-31',NULL,NULL,40774,0,NULL,1,0,0,1),(30045,NULL,'2085-06',2085,6,'2085-06-01','2085-06-30',NULL,NULL,40774,0,NULL,1,0,0,1),(30046,NULL,'2085-07',2085,7,'2085-07-01','2085-07-31',NULL,NULL,40774,0,NULL,1,0,0,1),(30047,NULL,'2085-08',2085,8,'2085-08-01','2085-08-31',NULL,NULL,40774,0,NULL,1,0,0,1),(30048,NULL,'2085-09',2085,9,'2085-09-01','2085-09-30',NULL,NULL,40774,0,NULL,1,0,0,1),(30049,NULL,'2085-10',2085,10,'2085-10-01','2085-10-31',NULL,NULL,40774,0,NULL,1,0,0,1),(30050,NULL,'2085-11',2085,11,'2085-11-01','2085-11-30',NULL,NULL,40774,0,NULL,1,0,0,1),(30051,NULL,'2085-12',2085,12,'2085-12-01','2085-12-31',NULL,NULL,40774,0,NULL,1,0,0,1),(30055,NULL,'2086-01',2086,1,'2086-01-01','2086-01-31',NULL,NULL,40774,0,NULL,1,0,0,1),(30056,NULL,'2086-02',2086,2,'2086-02-01','2086-02-28',NULL,NULL,40774,0,NULL,1,0,0,1);
INSERT INTO `periods` VALUES (30057,NULL,'2086-03',2086,3,'2086-03-01','2086-03-31',NULL,NULL,40774,0,NULL,1,0,0,1),(30058,NULL,'2086-04',2086,4,'2086-04-01','2086-04-30',NULL,NULL,40774,0,NULL,1,0,0,1),(30059,NULL,'2086-05',2086,5,'2086-05-01','2086-05-31',NULL,NULL,40774,0,NULL,1,0,0,1),(30060,NULL,'2086-06',2086,6,'2086-06-01','2086-06-30',NULL,NULL,40774,0,NULL,1,0,0,1),(30061,NULL,'2086-07',2086,7,'2086-07-01','2086-07-31',NULL,NULL,40774,0,NULL,1,0,0,1),(30062,NULL,'2086-08',2086,8,'2086-08-01','2086-08-31',NULL,NULL,40774,0,NULL,1,0,0,1),(30063,NULL,'2086-09',2086,9,'2086-09-01','2086-09-30',NULL,NULL,40774,0,NULL,1,0,0,1),(30064,NULL,'2086-10',2086,10,'2086-10-01','2086-10-31',NULL,NULL,40774,0,NULL,1,0,0,1),(30065,NULL,'2086-11',2086,11,'2086-11-01','2086-11-30',NULL,NULL,40774,0,NULL,1,0,0,1),(30066,NULL,'2086-12',2086,12,'2086-12-01','2086-12-31',NULL,NULL,40774,0,NULL,1,0,0,1),(30070,NULL,'2087-01',2087,1,'2087-01-01','2087-01-31',NULL,NULL,40774,0,NULL,1,0,0,1),(30071,NULL,'2087-02',2087,2,'2087-02-01','2087-02-28',NULL,NULL,40774,0,NULL,1,0,0,1),(30072,NULL,'2087-03',2087,3,'2087-03-01','2087-03-31',NULL,NULL,40774,0,NULL,1,0,0,1),(30073,NULL,'2087-04',2087,4,'2087-04-01','2087-04-30',NULL,NULL,40774,0,NULL,1,0,0,1),(30074,NULL,'2087-05',2087,5,'2087-05-01','2087-05-31',NULL,NULL,40774,0,NULL,1,0,0,1),(30075,NULL,'2087-06',2087,6,'2087-06-01','2087-06-30',NULL,NULL,40774,0,NULL,1,0,0,1),(30076,NULL,'2087-07',2087,7,'2087-07-01','2087-07-31',NULL,NULL,40774,0,NULL,1,0,0,1),(30077,NULL,'2087-08',2087,8,'2087-08-01','2087-08-31',NULL,NULL,40774,0,NULL,1,0,0,1),(30078,NULL,'2087-09',2087,9,'2087-09-01','2087-09-30',NULL,NULL,40774,0,NULL,1,0,0,1),(30079,NULL,'2087-10',2087,10,'2087-10-01','2087-10-31',NULL,NULL,40774,0,NULL,1,0,0,1),(30080,NULL,'2087-11',2087,11,'2087-11-01','2087-11-30',NULL,NULL,40774,0,NULL,1,0,0,1),(30081,NULL,'2087-12',2087,12,'2087-12-01','2087-12-31',NULL,NULL,40774,0,NULL,1,0,0,1),(30085,NULL,'2088-01',2088,1,'2088-01-01','2088-01-31',NULL,NULL,40774,0,NULL,1,0,0,1),(30086,NULL,'2088-02',2088,2,'2088-02-01','2088-02-28',NULL,NULL,40774,0,NULL,1,0,0,1),(30087,NULL,'2088-03',2088,3,'2088-03-01','2088-03-31',NULL,NULL,40774,0,NULL,1,0,0,1),(30088,NULL,'2088-04',2088,4,'2088-04-01','2088-04-30',NULL,NULL,40774,0,NULL,1,0,0,1),(30089,NULL,'2088-05',2088,5,'2088-05-01','2088-05-31',NULL,NULL,40774,0,NULL,1,0,0,1),(30090,NULL,'2088-06',2088,6,'2088-06-01','2088-06-30',NULL,NULL,40774,0,NULL,1,0,0,1),(30091,NULL,'2088-07',2088,7,'2088-07-01','2088-07-31',NULL,NULL,40774,0,NULL,1,0,0,1),(30092,NULL,'2088-08',2088,8,'2088-08-01','2088-08-31',NULL,NULL,40774,0,NULL,1,0,0,1),(30093,NULL,'2088-09',2088,9,'2088-09-01','2088-09-30',NULL,NULL,40774,0,NULL,1,0,0,1),(30094,NULL,'2088-10',2088,10,'2088-10-01','2088-10-31',NULL,NULL,40774,0,NULL,1,0,0,1),(30095,NULL,'2088-11',2088,11,'2088-11-01','2088-11-30',NULL,NULL,40774,0,NULL,1,0,0,1),(30096,NULL,'2088-12',2088,12,'2088-12-01','2088-12-31',NULL,NULL,40774,0,NULL,1,0,0,1),(30100,NULL,'2089-01',2089,1,'2089-01-01','2089-01-31',NULL,NULL,40774,0,NULL,1,0,0,1),(30101,NULL,'2089-02',2089,2,'2089-02-01','2089-02-28',NULL,NULL,40774,0,NULL,1,0,0,1),(30102,NULL,'2089-03',2089,3,'2089-03-01','2089-03-31',NULL,NULL,40774,0,NULL,1,0,0,1),(30103,NULL,'2089-04',2089,4,'2089-04-01','2089-04-30',NULL,NULL,40774,0,NULL,1,0,0,1),(30104,NULL,'2089-05',2089,5,'2089-05-01','2089-05-31',NULL,NULL,40774,0,NULL,1,0,0,1),(30105,NULL,'2089-06',2089,6,'2089-06-01','2089-06-30',NULL,NULL,40774,0,NULL,1,0,0,1),(30106,NULL,'2089-07',2089,7,'2089-07-01','2089-07-31',NULL,NULL,40774,0,NULL,1,0,0,1),(30107,NULL,'2089-08',2089,8,'2089-08-01','2089-08-31',NULL,NULL,40774,0,NULL,1,0,0,1),(30108,NULL,'2089-09',2089,9,'2089-09-01','2089-09-30',NULL,NULL,40774,0,NULL,1,0,0,1),(30109,NULL,'2089-10',2089,10,'2089-10-01','2089-10-31',NULL,NULL,40774,0,NULL,1,0,0,1),(30110,NULL,'2089-11',2089,11,'2089-11-01','2089-11-30',NULL,NULL,40774,0,NULL,1,0,0,1),(30111,NULL,'2089-12',2089,12,'2089-12-01','2089-12-31',NULL,NULL,40774,0,NULL,1,0,0,1);
INSERT INTO `periods` VALUES (30115,NULL,'2090-01',2090,1,'2090-01-01','2090-01-31',NULL,NULL,40774,0,NULL,1,0,0,1),(30116,NULL,'2090-02',2090,2,'2090-02-01','2090-02-28',NULL,NULL,40774,0,NULL,1,0,0,1),(30117,NULL,'2090-03',2090,3,'2090-03-01','2090-03-31',NULL,NULL,40774,0,NULL,1,0,0,1),(30118,NULL,'2090-04',2090,4,'2090-04-01','2090-04-30',NULL,NULL,40774,0,NULL,1,0,0,1),(30119,NULL,'2090-05',2090,5,'2090-05-01','2090-05-31',NULL,NULL,40774,0,NULL,1,0,0,1),(30120,NULL,'2090-06',2090,6,'2090-06-01','2090-06-30',NULL,NULL,40774,0,NULL,1,0,0,1),(30121,NULL,'2090-07',2090,7,'2090-07-01','2090-07-31',NULL,NULL,40774,0,NULL,1,0,0,1),(30122,NULL,'2090-08',2090,8,'2090-08-01','2090-08-31',NULL,NULL,40774,0,NULL,1,0,0,1),(30123,NULL,'2090-09',2090,9,'2090-09-01','2090-09-30',NULL,NULL,40774,0,NULL,1,0,0,1),(30124,NULL,'2090-10',2090,10,'2090-10-01','2090-10-31',NULL,NULL,40774,0,NULL,1,0,0,1),(30125,NULL,'2090-11',2090,11,'2090-11-01','2090-11-30',NULL,NULL,40774,0,NULL,1,0,0,1),(30126,NULL,'2090-12',2090,12,'2090-12-01','2090-12-31',NULL,NULL,40774,0,NULL,1,0,0,1),(30130,NULL,'2091-01',2091,1,'2091-01-01','2091-01-31',NULL,NULL,40774,0,NULL,1,0,0,1),(30131,NULL,'2091-02',2091,2,'2091-02-01','2091-02-28',NULL,NULL,40774,0,NULL,1,0,0,1),(30132,NULL,'2091-03',2091,3,'2091-03-01','2091-03-31',NULL,NULL,40774,0,NULL,1,0,0,1),(30133,NULL,'2091-04',2091,4,'2091-04-01','2091-04-30',NULL,NULL,40774,0,NULL,1,0,0,1),(30134,NULL,'2091-05',2091,5,'2091-05-01','2091-05-31',NULL,NULL,40774,0,NULL,1,0,0,1),(30135,NULL,'2091-06',2091,6,'2091-06-01','2091-06-30',NULL,NULL,40774,0,NULL,1,0,0,1),(30136,NULL,'2091-07',2091,7,'2091-07-01','2091-07-31',NULL,NULL,40774,0,NULL,1,0,0,1),(30137,NULL,'2091-08',2091,8,'2091-08-01','2091-08-31',NULL,NULL,40774,0,NULL,1,0,0,1),(30138,NULL,'2091-09',2091,9,'2091-09-01','2091-09-30',NULL,NULL,40774,0,NULL,1,0,0,1),(30139,NULL,'2091-10',2091,10,'2091-10-01','2091-10-31',NULL,NULL,40774,0,NULL,1,0,0,1),(30140,NULL,'2091-11',2091,11,'2091-11-01','2091-11-30',NULL,NULL,40774,0,NULL,1,0,0,1),(30141,NULL,'2091-12',2091,12,'2091-12-01','2091-12-31',NULL,NULL,40774,0,NULL,1,0,0,1),(30145,NULL,'2092-01',2092,1,'2092-01-01','2092-01-31',NULL,NULL,40774,0,NULL,1,0,0,1),(30146,NULL,'2092-02',2092,2,'2092-02-01','2092-02-28',NULL,NULL,40774,0,NULL,1,0,0,1),(30147,NULL,'2092-03',2092,3,'2092-03-01','2092-03-31',NULL,NULL,40774,0,NULL,1,0,0,1),(30148,NULL,'2092-04',2092,4,'2092-04-01','2092-04-30',NULL,NULL,40774,0,NULL,1,0,0,1),(30149,NULL,'2092-05',2092,5,'2092-05-01','2092-05-31',NULL,NULL,40774,0,NULL,1,0,0,1),(30150,NULL,'2092-06',2092,6,'2092-06-01','2092-06-30',NULL,NULL,40774,0,NULL,1,0,0,1),(30151,NULL,'2092-07',2092,7,'2092-07-01','2092-07-31',NULL,NULL,40774,0,NULL,1,0,0,1),(30152,NULL,'2092-08',2092,8,'2092-08-01','2092-08-31',NULL,NULL,40774,0,NULL,1,0,0,1),(30153,NULL,'2092-09',2092,9,'2092-09-01','2092-09-30',NULL,NULL,40774,0,NULL,1,0,0,1),(30154,NULL,'2092-10',2092,10,'2092-10-01','2092-10-31',NULL,NULL,40774,0,NULL,1,0,0,1),(30155,NULL,'2092-11',2092,11,'2092-11-01','2092-11-30',NULL,NULL,40774,0,NULL,1,0,0,1),(30156,NULL,'2092-12',2092,12,'2092-12-01','2092-12-31',NULL,NULL,40774,0,NULL,1,0,0,1),(30160,NULL,'2093-01',2093,1,'2093-01-01','2093-01-31',NULL,NULL,40774,0,NULL,1,0,0,1),(30161,NULL,'2093-02',2093,2,'2093-02-01','2093-02-28',NULL,NULL,40774,0,NULL,1,0,0,1),(30162,NULL,'2093-03',2093,3,'2093-03-01','2093-03-31',NULL,NULL,40774,0,NULL,1,0,0,1),(30163,NULL,'2093-04',2093,4,'2093-04-01','2093-04-30',NULL,NULL,40774,0,NULL,1,0,0,1),(30164,NULL,'2093-05',2093,5,'2093-05-01','2093-05-31',NULL,NULL,40774,0,NULL,1,0,0,1),(30165,NULL,'2093-06',2093,6,'2093-06-01','2093-06-30',NULL,NULL,40774,0,NULL,1,0,0,1),(30166,NULL,'2093-07',2093,7,'2093-07-01','2093-07-31',NULL,NULL,40774,0,NULL,1,0,0,1),(30167,NULL,'2093-08',2093,8,'2093-08-01','2093-08-31',NULL,NULL,40774,0,NULL,1,0,0,1),(30168,NULL,'2093-09',2093,9,'2093-09-01','2093-09-30',NULL,NULL,40774,0,NULL,1,0,0,1),(30169,NULL,'2093-10',2093,10,'2093-10-01','2093-10-31',NULL,NULL,40774,0,NULL,1,0,0,1);
INSERT INTO `periods` VALUES (30170,NULL,'2093-11',2093,11,'2093-11-01','2093-11-30',NULL,NULL,40774,0,NULL,1,0,0,1),(30171,NULL,'2093-12',2093,12,'2093-12-01','2093-12-31',NULL,NULL,40774,0,NULL,1,0,0,1),(30175,NULL,'2094-01',2094,1,'2094-01-01','2094-01-31',NULL,NULL,40774,0,NULL,1,0,0,1),(30176,NULL,'2094-02',2094,2,'2094-02-01','2094-02-28',NULL,NULL,40774,0,NULL,1,0,0,1),(30177,NULL,'2094-03',2094,3,'2094-03-01','2094-03-31',NULL,NULL,40774,0,NULL,1,0,0,1),(30178,NULL,'2094-04',2094,4,'2094-04-01','2094-04-30',NULL,NULL,40774,0,NULL,1,0,0,1),(30179,NULL,'2094-05',2094,5,'2094-05-01','2094-05-31',NULL,NULL,40774,0,NULL,1,0,0,1),(30180,NULL,'2094-06',2094,6,'2094-06-01','2094-06-30',NULL,NULL,40774,0,NULL,1,0,0,1),(30181,NULL,'2094-07',2094,7,'2094-07-01','2094-07-31',NULL,NULL,40774,0,NULL,1,0,0,1),(30182,NULL,'2094-08',2094,8,'2094-08-01','2094-08-31',NULL,NULL,40774,0,NULL,1,0,0,1),(30183,NULL,'2094-09',2094,9,'2094-09-01','2094-09-30',NULL,NULL,40774,0,NULL,1,0,0,1),(30184,NULL,'2094-10',2094,10,'2094-10-01','2094-10-31',NULL,NULL,40774,0,NULL,1,0,0,1),(30185,NULL,'2094-11',2094,11,'2094-11-01','2094-11-30',NULL,NULL,40774,0,NULL,1,0,0,1),(30186,NULL,'2094-12',2094,12,'2094-12-01','2094-12-31',NULL,NULL,40774,0,NULL,1,0,0,1),(30190,NULL,'2095-01',2095,1,'2095-01-01','2095-01-31',NULL,NULL,40774,0,NULL,1,0,0,1),(30191,NULL,'2095-02',2095,2,'2095-02-01','2095-02-28',NULL,NULL,40774,0,NULL,1,0,0,1),(30192,NULL,'2095-03',2095,3,'2095-03-01','2095-03-31',NULL,NULL,40774,0,NULL,1,0,0,1),(30193,NULL,'2095-04',2095,4,'2095-04-01','2095-04-30',NULL,NULL,40774,0,NULL,1,0,0,1),(30194,NULL,'2095-05',2095,5,'2095-05-01','2095-05-31',NULL,NULL,40774,0,NULL,1,0,0,1),(30195,NULL,'2095-06',2095,6,'2095-06-01','2095-06-30',NULL,NULL,40774,0,NULL,1,0,0,1),(30196,NULL,'2095-07',2095,7,'2095-07-01','2095-07-31',NULL,NULL,40774,0,NULL,1,0,0,1),(30197,NULL,'2095-08',2095,8,'2095-08-01','2095-08-31',NULL,NULL,40774,0,NULL,1,0,0,1),(30198,NULL,'2095-09',2095,9,'2095-09-01','2095-09-30',NULL,NULL,40774,0,NULL,1,0,0,1),(30199,NULL,'2095-10',2095,10,'2095-10-01','2095-10-31',NULL,NULL,40774,0,NULL,1,0,0,1),(30200,NULL,'2095-11',2095,11,'2095-11-01','2095-11-30',NULL,NULL,40774,0,NULL,1,0,0,1),(30201,NULL,'2095-12',2095,12,'2095-12-01','2095-12-31',NULL,NULL,40774,0,NULL,1,0,0,1),(30205,NULL,'2096-01',2096,1,'2096-01-01','2096-01-31',NULL,NULL,40774,0,NULL,1,0,0,1),(30206,NULL,'2096-02',2096,2,'2096-02-01','2096-02-28',NULL,NULL,40774,0,NULL,1,0,0,1),(30207,NULL,'2096-03',2096,3,'2096-03-01','2096-03-31',NULL,NULL,40774,0,NULL,1,0,0,1),(30208,NULL,'2096-04',2096,4,'2096-04-01','2096-04-30',NULL,NULL,40774,0,NULL,1,0,0,1),(30209,NULL,'2096-05',2096,5,'2096-05-01','2096-05-31',NULL,NULL,40774,0,NULL,1,0,0,1),(30210,NULL,'2096-06',2096,6,'2096-06-01','2096-06-30',NULL,NULL,40774,0,NULL,1,0,0,1),(30211,NULL,'2096-07',2096,7,'2096-07-01','2096-07-31',NULL,NULL,40774,0,NULL,1,0,0,1),(30212,NULL,'2096-08',2096,8,'2096-08-01','2096-08-31',NULL,NULL,40774,0,NULL,1,0,0,1),(30213,NULL,'2096-09',2096,9,'2096-09-01','2096-09-30',NULL,NULL,40774,0,NULL,1,0,0,1),(30214,NULL,'2096-10',2096,10,'2096-10-01','2096-10-31',NULL,NULL,40774,0,NULL,1,0,0,1),(30215,NULL,'2096-11',2096,11,'2096-11-01','2096-11-30',NULL,NULL,40774,0,NULL,1,0,0,1),(30216,NULL,'2096-12',2096,12,'2096-12-01','2096-12-31',NULL,NULL,40774,0,NULL,1,0,0,1),(30220,NULL,'2097-01',2097,1,'2097-01-01','2097-01-31',NULL,NULL,40774,0,NULL,1,0,0,1),(30221,NULL,'2097-02',2097,2,'2097-02-01','2097-02-28',NULL,NULL,40774,0,NULL,1,0,0,1),(30222,NULL,'2097-03',2097,3,'2097-03-01','2097-03-31',NULL,NULL,40774,0,NULL,1,0,0,1),(30223,NULL,'2097-04',2097,4,'2097-04-01','2097-04-30',NULL,NULL,40774,0,NULL,1,0,0,1),(30224,NULL,'2097-05',2097,5,'2097-05-01','2097-05-31',NULL,NULL,40774,0,NULL,1,0,0,1),(30225,NULL,'2097-06',2097,6,'2097-06-01','2097-06-30',NULL,NULL,40774,0,NULL,1,0,0,1),(30226,NULL,'2097-07',2097,7,'2097-07-01','2097-07-31',NULL,NULL,40774,0,NULL,1,0,0,1),(30227,NULL,'2097-08',2097,8,'2097-08-01','2097-08-31',NULL,NULL,40774,0,NULL,1,0,0,1);
INSERT INTO `periods` VALUES (30228,NULL,'2097-09',2097,9,'2097-09-01','2097-09-30',NULL,NULL,40774,0,NULL,1,0,0,1),(30229,NULL,'2097-10',2097,10,'2097-10-01','2097-10-31',NULL,NULL,40774,0,NULL,1,0,0,1),(30230,NULL,'2097-11',2097,11,'2097-11-01','2097-11-30',NULL,NULL,40774,0,NULL,1,0,0,1),(30231,NULL,'2097-12',2097,12,'2097-12-01','2097-12-31',NULL,NULL,40774,0,NULL,1,0,0,1),(30235,NULL,'2098-01',2098,1,'2098-01-01','2098-01-31',NULL,NULL,40774,0,NULL,1,0,0,1),(30236,NULL,'2098-02',2098,2,'2098-02-01','2098-02-28',NULL,NULL,40774,0,NULL,1,0,0,1),(30237,NULL,'2098-03',2098,3,'2098-03-01','2098-03-31',NULL,NULL,40774,0,NULL,1,0,0,1),(30238,NULL,'2098-04',2098,4,'2098-04-01','2098-04-30',NULL,NULL,40774,0,NULL,1,0,0,1),(30239,NULL,'2098-05',2098,5,'2098-05-01','2098-05-31',NULL,NULL,40774,0,NULL,1,0,0,1),(30240,NULL,'2098-06',2098,6,'2098-06-01','2098-06-30',NULL,NULL,40774,0,NULL,1,0,0,1),(30241,NULL,'2098-07',2098,7,'2098-07-01','2098-07-31',NULL,NULL,40774,0,NULL,1,0,0,1),(30242,NULL,'2098-08',2098,8,'2098-08-01','2098-08-31',NULL,NULL,40774,0,NULL,1,0,0,1),(30243,NULL,'2098-09',2098,9,'2098-09-01','2098-09-30',NULL,NULL,40774,0,NULL,1,0,0,1),(30244,NULL,'2098-10',2098,10,'2098-10-01','2098-10-31',NULL,NULL,40774,0,NULL,1,0,0,1),(30245,NULL,'2098-11',2098,11,'2098-11-01','2098-11-30',NULL,NULL,40774,0,NULL,1,0,0,1),(30246,NULL,'2098-12',2098,12,'2098-12-01','2098-12-31',NULL,NULL,40774,0,NULL,1,0,0,1),(30250,NULL,'2099-01',2099,1,'2099-01-01','2099-01-31',NULL,NULL,40774,0,NULL,1,0,0,1),(30251,NULL,'2099-02',2099,2,'2099-02-01','2099-02-28',NULL,NULL,40774,0,NULL,1,0,0,1),(30252,NULL,'2099-03',2099,3,'2099-03-01','2099-03-31',NULL,NULL,40774,0,NULL,1,0,0,1),(30253,NULL,'2099-04',2099,4,'2099-04-01','2099-04-30',NULL,NULL,40774,0,NULL,1,0,0,1),(30254,NULL,'2099-05',2099,5,'2099-05-01','2099-05-31',NULL,NULL,40774,0,NULL,1,0,0,1),(30255,NULL,'2099-06',2099,6,'2099-06-01','2099-06-30',NULL,NULL,40774,0,NULL,1,0,0,1),(30256,NULL,'2099-07',2099,7,'2099-07-01','2099-07-31',NULL,NULL,40774,0,NULL,1,0,0,1),(30257,NULL,'2099-08',2099,8,'2099-08-01','2099-08-31',NULL,NULL,40774,0,NULL,1,0,0,1),(30258,NULL,'2099-09',2099,9,'2099-09-01','2099-09-30',NULL,NULL,40774,0,NULL,1,0,0,1),(30259,NULL,'2099-10',2099,10,'2099-10-01','2099-10-31',NULL,NULL,40774,0,NULL,1,0,0,1),(30260,NULL,'2099-11',2099,11,'2099-11-01','2099-11-30',NULL,NULL,40774,0,NULL,1,0,0,1),(30261,NULL,'2099-12',2099,12,'2099-12-01','2099-12-31',NULL,NULL,40774,0,NULL,1,0,0,1),(30265,NULL,'2100-01',2100,1,'2100-01-01','2100-01-31',NULL,NULL,40774,0,NULL,1,0,0,1),(30266,NULL,'2100-02',2100,2,'2100-02-01','2100-02-28',NULL,NULL,40774,0,NULL,1,0,0,1),(30267,NULL,'2100-03',2100,3,'2100-03-01','2100-03-31',NULL,NULL,40774,0,NULL,1,0,0,1),(30268,NULL,'2100-04',2100,4,'2100-04-01','2100-04-30',NULL,NULL,40774,0,NULL,1,0,0,1),(30269,NULL,'2100-05',2100,5,'2100-05-01','2100-05-31',NULL,NULL,40774,0,NULL,1,0,0,1),(30270,NULL,'2100-06',2100,6,'2100-06-01','2100-06-30',NULL,NULL,40774,0,NULL,1,0,0,1),(30271,NULL,'2100-07',2100,7,'2100-07-01','2100-07-31',NULL,NULL,40774,0,NULL,1,0,0,1),(30272,NULL,'2100-08',2100,8,'2100-08-01','2100-08-31',NULL,NULL,40774,0,NULL,1,0,0,1),(30273,NULL,'2100-09',2100,9,'2100-09-01','2100-09-30',NULL,NULL,40774,0,NULL,1,0,0,1),(30274,NULL,'2100-10',2100,10,'2100-10-01','2100-10-31',NULL,NULL,40774,0,NULL,1,0,0,1),(30275,NULL,'2100-11',2100,11,'2100-11-01','2100-11-30',NULL,NULL,40774,0,NULL,1,0,0,1),(30276,NULL,'2100-12',2100,12,'2100-12-01','2100-12-31',NULL,NULL,40774,0,NULL,1,0,0,1),(30280,NULL,'2101-01',2101,1,'2101-01-01','2101-01-31',NULL,NULL,40774,0,NULL,1,0,0,1),(30281,NULL,'2101-02',2101,2,'2101-02-01','2101-02-28',NULL,NULL,40774,0,NULL,1,0,0,1),(30282,NULL,'2101-03',2101,3,'2101-03-01','2101-03-31',NULL,NULL,40774,0,NULL,1,0,0,1),(30283,NULL,'2101-04',2101,4,'2101-04-01','2101-04-30',NULL,NULL,40774,0,NULL,1,0,0,1),(30284,NULL,'2101-05',2101,5,'2101-05-01','2101-05-31',NULL,NULL,40774,0,NULL,1,0,0,1),(30285,NULL,'2101-06',2101,6,'2101-06-01','2101-06-30',NULL,NULL,40774,0,NULL,1,0,0,1);
INSERT INTO `periods` VALUES (30286,NULL,'2101-07',2101,7,'2101-07-01','2101-07-31',NULL,NULL,40774,0,NULL,1,0,0,1),(30287,NULL,'2101-08',2101,8,'2101-08-01','2101-08-31',NULL,NULL,40774,0,NULL,1,0,0,1),(30288,NULL,'2101-09',2101,9,'2101-09-01','2101-09-30',NULL,NULL,40774,0,NULL,1,0,0,1),(30289,NULL,'2101-10',2101,10,'2101-10-01','2101-10-31',NULL,NULL,40774,0,NULL,1,0,0,1),(30290,NULL,'2101-11',2101,11,'2101-11-01','2101-11-30',NULL,NULL,40774,0,NULL,1,0,0,1),(30291,NULL,'2101-12',2101,12,'2101-12-01','2101-12-31',NULL,NULL,40774,0,NULL,1,0,0,1),(30295,NULL,'2102-01',2102,1,'2102-01-01','2102-01-31',NULL,NULL,40774,0,NULL,1,0,0,1),(30296,NULL,'2102-02',2102,2,'2102-02-01','2102-02-28',NULL,NULL,40774,0,NULL,1,0,0,1),(30297,NULL,'2102-03',2102,3,'2102-03-01','2102-03-31',NULL,NULL,40774,0,NULL,1,0,0,1),(30298,NULL,'2102-04',2102,4,'2102-04-01','2102-04-30',NULL,NULL,40774,0,NULL,1,0,0,1),(30299,NULL,'2102-05',2102,5,'2102-05-01','2102-05-31',NULL,NULL,40774,0,NULL,1,0,0,1),(30300,NULL,'2102-06',2102,6,'2102-06-01','2102-06-30',NULL,NULL,40774,0,NULL,1,0,0,1),(30301,NULL,'2102-07',2102,7,'2102-07-01','2102-07-31',NULL,NULL,40774,0,NULL,1,0,0,1),(30302,NULL,'2102-08',2102,8,'2102-08-01','2102-08-31',NULL,NULL,40774,0,NULL,1,0,0,1),(30303,NULL,'2102-09',2102,9,'2102-09-01','2102-09-30',NULL,NULL,40774,0,NULL,1,0,0,1),(30304,NULL,'2102-10',2102,10,'2102-10-01','2102-10-31',NULL,NULL,40774,0,NULL,1,0,0,1),(30305,NULL,'2102-11',2102,11,'2102-11-01','2102-11-30',NULL,NULL,40774,0,NULL,1,0,0,1),(30306,NULL,'2102-12',2102,12,'2102-12-01','2102-12-31',NULL,NULL,40774,0,NULL,1,0,0,1),(30310,NULL,'2103-01',2103,1,'2103-01-01','2103-01-31',NULL,NULL,40774,0,NULL,1,0,0,1),(30311,NULL,'2103-02',2103,2,'2103-02-01','2103-02-28',NULL,NULL,40774,0,NULL,1,0,0,1),(30312,NULL,'2103-03',2103,3,'2103-03-01','2103-03-31',NULL,NULL,40774,0,NULL,1,0,0,1),(30313,NULL,'2103-04',2103,4,'2103-04-01','2103-04-30',NULL,NULL,40774,0,NULL,1,0,0,1),(30314,NULL,'2103-05',2103,5,'2103-05-01','2103-05-31',NULL,NULL,40774,0,NULL,1,0,0,1),(30315,NULL,'2103-06',2103,6,'2103-06-01','2103-06-30',NULL,NULL,40774,0,NULL,1,0,0,1),(30316,NULL,'2103-07',2103,7,'2103-07-01','2103-07-31',NULL,NULL,40774,0,NULL,1,0,0,1),(30317,NULL,'2103-08',2103,8,'2103-08-01','2103-08-31',NULL,NULL,40774,0,NULL,1,0,0,1),(30318,NULL,'2103-09',2103,9,'2103-09-01','2103-09-30',NULL,NULL,40774,0,NULL,1,0,0,1),(30319,NULL,'2103-10',2103,10,'2103-10-01','2103-10-31',NULL,NULL,40774,0,NULL,1,0,0,1),(30320,NULL,'2103-11',2103,11,'2103-11-01','2103-11-30',NULL,NULL,40774,0,NULL,1,0,0,1),(30321,NULL,'2103-12',2103,12,'2103-12-01','2103-12-31',NULL,NULL,40774,0,NULL,1,0,0,1),(30325,NULL,'2104-01',2104,1,'2104-01-01','2104-01-31',NULL,NULL,40774,0,NULL,1,0,0,1),(30326,NULL,'2104-02',2104,2,'2104-02-01','2104-02-28',NULL,NULL,40774,0,NULL,1,0,0,1),(30327,NULL,'2104-03',2104,3,'2104-03-01','2104-03-31',NULL,NULL,40774,0,NULL,1,0,0,1),(30328,NULL,'2104-04',2104,4,'2104-04-01','2104-04-30',NULL,NULL,40774,0,NULL,1,0,0,1),(30329,NULL,'2104-05',2104,5,'2104-05-01','2104-05-31',NULL,NULL,40774,0,NULL,1,0,0,1),(30330,NULL,'2104-06',2104,6,'2104-06-01','2104-06-30',NULL,NULL,40774,0,NULL,1,0,0,1),(30331,NULL,'2104-07',2104,7,'2104-07-01','2104-07-31',NULL,NULL,40774,0,NULL,1,0,0,1),(30332,NULL,'2104-08',2104,8,'2104-08-01','2104-08-31',NULL,NULL,40774,0,NULL,1,0,0,1),(30333,NULL,'2104-09',2104,9,'2104-09-01','2104-09-30',NULL,NULL,40774,0,NULL,1,0,0,1),(30334,NULL,'2104-10',2104,10,'2104-10-01','2104-10-31',NULL,NULL,40774,0,NULL,1,0,0,1),(30335,NULL,'2104-11',2104,11,'2104-11-01','2104-11-30',NULL,NULL,40774,0,NULL,1,0,0,1),(30336,NULL,'2104-12',2104,12,'2104-12-01','2104-12-31',NULL,NULL,40774,0,NULL,1,0,0,1),(30340,NULL,'2105-01',2105,1,'2105-01-01','2105-01-31',NULL,NULL,40774,0,NULL,1,0,0,1),(30341,NULL,'2105-02',2105,2,'2105-02-01','2105-02-28',NULL,NULL,40774,0,NULL,1,0,0,1),(30342,NULL,'2105-03',2105,3,'2105-03-01','2105-03-31',NULL,NULL,40774,0,NULL,1,0,0,1),(30343,NULL,'2105-04',2105,4,'2105-04-01','2105-04-30',NULL,NULL,40774,0,NULL,1,0,0,1);
INSERT INTO `periods` VALUES (30344,NULL,'2105-05',2105,5,'2105-05-01','2105-05-31',NULL,NULL,40774,0,NULL,1,0,0,1),(30345,NULL,'2105-06',2105,6,'2105-06-01','2105-06-30',NULL,NULL,40774,0,NULL,1,0,0,1),(30346,NULL,'2105-07',2105,7,'2105-07-01','2105-07-31',NULL,NULL,40774,0,NULL,1,0,0,1),(30347,NULL,'2105-08',2105,8,'2105-08-01','2105-08-31',NULL,NULL,40774,0,NULL,1,0,0,1),(30348,NULL,'2105-09',2105,9,'2105-09-01','2105-09-30',NULL,NULL,40774,0,NULL,1,0,0,1),(30349,NULL,'2105-10',2105,10,'2105-10-01','2105-10-31',NULL,NULL,40774,0,NULL,1,0,0,1),(30350,NULL,'2105-11',2105,11,'2105-11-01','2105-11-30',NULL,NULL,40774,0,NULL,1,0,0,1),(30351,NULL,'2105-12',2105,12,'2105-12-01','2105-12-31',NULL,NULL,40774,0,NULL,1,0,0,1),(30355,NULL,'2106-01',2106,1,'2106-01-01','2106-01-31',NULL,NULL,40774,0,NULL,1,0,0,1),(30356,NULL,'2106-02',2106,2,'2106-02-01','2106-02-28',NULL,NULL,40774,0,NULL,1,0,0,1),(30357,NULL,'2106-03',2106,3,'2106-03-01','2106-03-31',NULL,NULL,40774,0,NULL,1,0,0,1),(30358,NULL,'2106-04',2106,4,'2106-04-01','2106-04-30',NULL,NULL,40774,0,NULL,1,0,0,1),(30359,NULL,'2106-05',2106,5,'2106-05-01','2106-05-31',NULL,NULL,40774,0,NULL,1,0,0,1),(30360,NULL,'2106-06',2106,6,'2106-06-01','2106-06-30',NULL,NULL,40774,0,NULL,1,0,0,1),(30361,NULL,'2106-07',2106,7,'2106-07-01','2106-07-31',NULL,NULL,40774,0,NULL,1,0,0,1),(30362,NULL,'2106-08',2106,8,'2106-08-01','2106-08-31',NULL,NULL,40774,0,NULL,1,0,0,1),(30363,NULL,'2106-09',2106,9,'2106-09-01','2106-09-30',NULL,NULL,40774,0,NULL,1,0,0,1),(30364,NULL,'2106-10',2106,10,'2106-10-01','2106-10-31',NULL,NULL,40774,0,NULL,1,0,0,1),(30365,NULL,'2106-11',2106,11,'2106-11-01','2106-11-30',NULL,NULL,40774,0,NULL,1,0,0,1),(30366,NULL,'2106-12',2106,12,'2106-12-01','2106-12-31',NULL,NULL,40774,0,NULL,1,0,0,1),(30370,NULL,'2107-01',2107,1,'2107-01-01','2107-01-31',NULL,NULL,40774,0,NULL,1,0,0,1),(30371,NULL,'2107-02',2107,2,'2107-02-01','2107-02-28',NULL,NULL,40774,0,NULL,1,0,0,1),(30372,NULL,'2107-03',2107,3,'2107-03-01','2107-03-31',NULL,NULL,40774,0,NULL,1,0,0,1),(30373,NULL,'2107-04',2107,4,'2107-04-01','2107-04-30',NULL,NULL,40774,0,NULL,1,0,0,1),(30374,NULL,'2107-05',2107,5,'2107-05-01','2107-05-31',NULL,NULL,40774,0,NULL,1,0,0,1),(30375,NULL,'2107-06',2107,6,'2107-06-01','2107-06-30',NULL,NULL,40774,0,NULL,1,0,0,1),(30376,NULL,'2107-07',2107,7,'2107-07-01','2107-07-31',NULL,NULL,40774,0,NULL,1,0,0,1),(30377,NULL,'2107-08',2107,8,'2107-08-01','2107-08-31',NULL,NULL,40774,0,NULL,1,0,0,1),(30378,NULL,'2107-09',2107,9,'2107-09-01','2107-09-30',NULL,NULL,40774,0,NULL,1,0,0,1),(30379,NULL,'2107-10',2107,10,'2107-10-01','2107-10-31',NULL,NULL,40774,0,NULL,1,0,0,1),(30380,NULL,'2107-11',2107,11,'2107-11-01','2107-11-30',NULL,NULL,40774,0,NULL,1,0,0,1),(30381,NULL,'2107-12',2107,12,'2107-12-01','2107-12-31',NULL,NULL,40774,0,NULL,1,0,0,1),(30385,NULL,'2108-01',2108,1,'2108-01-01','2108-01-31',NULL,NULL,40774,0,NULL,1,0,0,1),(30386,NULL,'2108-02',2108,2,'2108-02-01','2108-02-28',NULL,NULL,40774,0,NULL,1,0,0,1),(30387,NULL,'2108-03',2108,3,'2108-03-01','2108-03-31',NULL,NULL,40774,0,NULL,1,0,0,1),(30388,NULL,'2108-04',2108,4,'2108-04-01','2108-04-30',NULL,NULL,40774,0,NULL,1,0,0,1),(30389,NULL,'2108-05',2108,5,'2108-05-01','2108-05-31',NULL,NULL,40774,0,NULL,1,0,0,1),(30390,NULL,'2108-06',2108,6,'2108-06-01','2108-06-30',NULL,NULL,40774,0,NULL,1,0,0,1),(30391,NULL,'2108-07',2108,7,'2108-07-01','2108-07-31',NULL,NULL,40774,0,NULL,1,0,0,1),(30392,NULL,'2108-08',2108,8,'2108-08-01','2108-08-31',NULL,NULL,40774,0,NULL,1,0,0,1),(30393,NULL,'2108-09',2108,9,'2108-09-01','2108-09-30',NULL,NULL,40774,0,NULL,1,0,0,1),(30394,NULL,'2108-10',2108,10,'2108-10-01','2108-10-31',NULL,NULL,40774,0,NULL,1,0,0,1),(30395,NULL,'2108-11',2108,11,'2108-11-01','2108-11-30',NULL,NULL,40774,0,NULL,1,0,0,1),(30396,NULL,'2108-12',2108,12,'2108-12-01','2108-12-31',NULL,NULL,40774,0,NULL,1,0,0,1),(30400,NULL,'2109-01',2109,1,'2109-01-01','2109-01-31',NULL,NULL,40774,0,NULL,1,0,0,1),(30401,NULL,'2109-02',2109,2,'2109-02-01','2109-02-28',NULL,NULL,40774,0,NULL,1,0,0,1);
INSERT INTO `periods` VALUES (30402,NULL,'2109-03',2109,3,'2109-03-01','2109-03-31',NULL,NULL,40774,0,NULL,1,0,0,1),(30403,NULL,'2109-04',2109,4,'2109-04-01','2109-04-30',NULL,NULL,40774,0,NULL,1,0,0,1),(30404,NULL,'2109-05',2109,5,'2109-05-01','2109-05-31',NULL,NULL,40774,0,NULL,1,0,0,1),(30405,NULL,'2109-06',2109,6,'2109-06-01','2109-06-30',NULL,NULL,40774,0,NULL,1,0,0,1),(30406,NULL,'2109-07',2109,7,'2109-07-01','2109-07-31',NULL,NULL,40774,0,NULL,1,0,0,1),(30407,NULL,'2109-08',2109,8,'2109-08-01','2109-08-31',NULL,NULL,40774,0,NULL,1,0,0,1),(30408,NULL,'2109-09',2109,9,'2109-09-01','2109-09-30',NULL,NULL,40774,0,NULL,1,0,0,1),(30409,NULL,'2109-10',2109,10,'2109-10-01','2109-10-31',NULL,NULL,40774,0,NULL,1,0,0,1),(30410,NULL,'2109-11',2109,11,'2109-11-01','2109-11-30',NULL,NULL,40774,0,NULL,1,0,0,1),(30411,NULL,'2109-12',2109,12,'2109-12-01','2109-12-31',NULL,NULL,40774,0,NULL,1,0,0,1),(30415,NULL,'2110-01',2110,1,'2110-01-01','2110-01-31',NULL,NULL,40774,0,NULL,1,0,0,1),(30416,NULL,'2110-02',2110,2,'2110-02-01','2110-02-28',NULL,NULL,40774,0,NULL,1,0,0,1),(30417,NULL,'2110-03',2110,3,'2110-03-01','2110-03-31',NULL,NULL,40774,0,NULL,1,0,0,1),(30418,NULL,'2110-04',2110,4,'2110-04-01','2110-04-30',NULL,NULL,40774,0,NULL,1,0,0,1),(30419,NULL,'2110-05',2110,5,'2110-05-01','2110-05-31',NULL,NULL,40774,0,NULL,1,0,0,1),(30420,NULL,'2110-06',2110,6,'2110-06-01','2110-06-30',NULL,NULL,40774,0,NULL,1,0,0,1),(30421,NULL,'2110-07',2110,7,'2110-07-01','2110-07-31',NULL,NULL,40774,0,NULL,1,0,0,1),(30422,NULL,'2110-08',2110,8,'2110-08-01','2110-08-31',NULL,NULL,40774,0,NULL,1,0,0,1),(30423,NULL,'2110-09',2110,9,'2110-09-01','2110-09-30',NULL,NULL,40774,0,NULL,1,0,0,1),(30424,NULL,'2110-10',2110,10,'2110-10-01','2110-10-31',NULL,NULL,40774,0,NULL,1,0,0,1),(30425,NULL,'2110-11',2110,11,'2110-11-01','2110-11-30',NULL,NULL,40774,0,NULL,1,0,0,1),(30426,NULL,'2110-12',2110,12,'2110-12-01','2110-12-31',NULL,NULL,40774,0,NULL,1,0,0,1),(30430,NULL,'2111-01',2111,1,'2111-01-01','2111-01-31',NULL,NULL,40774,0,NULL,1,0,0,1),(30431,NULL,'2111-02',2111,2,'2111-02-01','2111-02-28',NULL,NULL,40774,0,NULL,1,0,0,1),(30432,NULL,'2111-03',2111,3,'2111-03-01','2111-03-31',NULL,NULL,40774,0,NULL,1,0,0,1),(30433,NULL,'2111-04',2111,4,'2111-04-01','2111-04-30',NULL,NULL,40774,0,NULL,1,0,0,1),(30434,NULL,'2111-05',2111,5,'2111-05-01','2111-05-31',NULL,NULL,40774,0,NULL,1,0,0,1),(30435,NULL,'2111-06',2111,6,'2111-06-01','2111-06-30',NULL,NULL,40774,0,NULL,1,0,0,1),(30436,NULL,'2111-07',2111,7,'2111-07-01','2111-07-31',NULL,NULL,40774,0,NULL,1,0,0,1),(30437,NULL,'2111-08',2111,8,'2111-08-01','2111-08-31',NULL,NULL,40774,0,NULL,1,0,0,1),(30438,NULL,'2111-09',2111,9,'2111-09-01','2111-09-30',NULL,NULL,40774,0,NULL,1,0,0,1),(30439,NULL,'2111-10',2111,10,'2111-10-01','2111-10-31',NULL,NULL,40774,0,NULL,1,0,0,1),(30440,NULL,'2111-11',2111,11,'2111-11-01','2111-11-30',NULL,NULL,40774,0,NULL,1,0,0,1),(30441,NULL,'2111-12',2111,12,'2111-12-01','2111-12-31',NULL,NULL,40774,0,NULL,1,0,0,1),(30445,NULL,'2112-01',2112,1,'2112-01-01','2112-01-31',NULL,NULL,40774,0,NULL,1,0,0,1),(30446,NULL,'2112-02',2112,2,'2112-02-01','2112-02-28',NULL,NULL,40774,0,NULL,1,0,0,1),(30447,NULL,'2112-03',2112,3,'2112-03-01','2112-03-31',NULL,NULL,40774,0,NULL,1,0,0,1),(30448,NULL,'2112-04',2112,4,'2112-04-01','2112-04-30',NULL,NULL,40774,0,NULL,1,0,0,1),(30449,NULL,'2112-05',2112,5,'2112-05-01','2112-05-31',NULL,NULL,40774,0,NULL,1,0,0,1),(30450,NULL,'2112-06',2112,6,'2112-06-01','2112-06-30',NULL,NULL,40774,0,NULL,1,0,0,1),(30451,NULL,'2112-07',2112,7,'2112-07-01','2112-07-31',NULL,NULL,40774,0,NULL,1,0,0,1),(30452,NULL,'2112-08',2112,8,'2112-08-01','2112-08-31',NULL,NULL,40774,0,NULL,1,0,0,1),(30453,NULL,'2112-09',2112,9,'2112-09-01','2112-09-30',NULL,NULL,40774,0,NULL,1,0,0,1),(30454,NULL,'2112-10',2112,10,'2112-10-01','2112-10-31',NULL,NULL,40774,0,NULL,1,0,0,1),(30455,NULL,'2112-11',2112,11,'2112-11-01','2112-11-30',NULL,NULL,40774,0,NULL,1,0,0,1),(30456,NULL,'2112-12',2112,12,'2112-12-01','2112-12-31',NULL,NULL,40774,0,NULL,1,0,0,1);
INSERT INTO `periods` VALUES (30460,NULL,'2113-01',2113,1,'2113-01-01','2113-01-31',NULL,NULL,40774,0,NULL,1,0,0,1),(30461,NULL,'2113-02',2113,2,'2113-02-01','2113-02-28',NULL,NULL,40774,0,NULL,1,0,0,1),(30462,NULL,'2113-03',2113,3,'2113-03-01','2113-03-31',NULL,NULL,40774,0,NULL,1,0,0,1),(30463,NULL,'2113-04',2113,4,'2113-04-01','2113-04-30',NULL,NULL,40774,0,NULL,1,0,0,1),(30464,NULL,'2113-05',2113,5,'2113-05-01','2113-05-31',NULL,NULL,40774,0,NULL,1,0,0,1),(30465,NULL,'2113-06',2113,6,'2113-06-01','2113-06-30',NULL,NULL,40774,0,NULL,1,0,0,1),(30466,NULL,'2113-07',2113,7,'2113-07-01','2113-07-31',NULL,NULL,40774,0,NULL,1,0,0,1),(30467,NULL,'2113-08',2113,8,'2113-08-01','2113-08-31',NULL,NULL,40774,0,NULL,1,0,0,1),(30468,NULL,'2113-09',2113,9,'2113-09-01','2113-09-30',NULL,NULL,40774,0,NULL,1,0,0,1),(30469,NULL,'2113-10',2113,10,'2113-10-01','2113-10-31',NULL,NULL,40774,0,NULL,1,0,0,1),(30470,NULL,'2113-11',2113,11,'2113-11-01','2113-11-30',NULL,NULL,40774,0,NULL,1,0,0,1),(30471,NULL,'2113-12',2113,12,'2113-12-01','2113-12-31',NULL,NULL,40774,0,NULL,1,0,0,1),(30475,NULL,'2114-01',2114,1,'2114-01-01','2114-01-31',NULL,NULL,40774,0,NULL,1,0,0,1),(30476,NULL,'2114-02',2114,2,'2114-02-01','2114-02-28',NULL,NULL,40774,0,NULL,1,0,0,1),(30477,NULL,'2114-03',2114,3,'2114-03-01','2114-03-31',NULL,NULL,40774,0,NULL,1,0,0,1),(30478,NULL,'2114-04',2114,4,'2114-04-01','2114-04-30',NULL,NULL,40774,0,NULL,1,0,0,1),(30479,NULL,'2114-05',2114,5,'2114-05-01','2114-05-31',NULL,NULL,40774,0,NULL,1,0,0,1),(30480,NULL,'2114-06',2114,6,'2114-06-01','2114-06-30',NULL,NULL,40774,0,NULL,1,0,0,1),(30481,NULL,'2114-07',2114,7,'2114-07-01','2114-07-31',NULL,NULL,40774,0,NULL,1,0,0,1),(30482,NULL,'2114-08',2114,8,'2114-08-01','2114-08-31',NULL,NULL,40774,0,NULL,1,0,0,1),(30483,NULL,'2114-09',2114,9,'2114-09-01','2114-09-30',NULL,NULL,40774,0,NULL,1,0,0,1),(30484,NULL,'2114-10',2114,10,'2114-10-01','2114-10-31',NULL,NULL,40774,0,NULL,1,0,0,1),(30485,NULL,'2114-11',2114,11,'2114-11-01','2114-11-30',NULL,NULL,40774,0,NULL,1,0,0,1),(30486,NULL,'2114-12',2114,12,'2114-12-01','2114-12-31',NULL,NULL,40774,0,NULL,1,0,0,1),(30490,NULL,'2115-01',2115,1,'2115-01-01','2115-01-31',NULL,NULL,40774,0,NULL,1,0,0,1),(30491,NULL,'2115-02',2115,2,'2115-02-01','2115-02-28',NULL,NULL,40774,0,NULL,1,0,0,1),(30492,NULL,'2115-03',2115,3,'2115-03-01','2115-03-31',NULL,NULL,40774,0,NULL,1,0,0,1),(30493,NULL,'2115-04',2115,4,'2115-04-01','2115-04-30',NULL,NULL,40774,0,NULL,1,0,0,1),(30494,NULL,'2115-05',2115,5,'2115-05-01','2115-05-31',NULL,NULL,40774,0,NULL,1,0,0,1),(30495,NULL,'2115-06',2115,6,'2115-06-01','2115-06-30',NULL,NULL,40774,0,NULL,1,0,0,1),(30496,NULL,'2115-07',2115,7,'2115-07-01','2115-07-31',NULL,NULL,40774,0,NULL,1,0,0,1),(30497,NULL,'2115-08',2115,8,'2115-08-01','2115-08-31',NULL,NULL,40774,0,NULL,1,0,0,1),(30498,NULL,'2115-09',2115,9,'2115-09-01','2115-09-30',NULL,NULL,40774,0,NULL,1,0,0,1),(30499,NULL,'2115-10',2115,10,'2115-10-01','2115-10-31',NULL,NULL,40774,0,NULL,1,0,0,1),(30500,NULL,'2115-11',2115,11,'2115-11-01','2115-11-30',NULL,NULL,40774,0,NULL,1,0,0,1),(30501,NULL,'2115-12',2115,12,'2115-12-01','2115-12-31',NULL,NULL,40774,0,NULL,1,0,0,1),(30505,NULL,'2116-01',2116,1,'2116-01-01','2116-01-31',NULL,NULL,40774,0,NULL,1,0,0,1),(30506,NULL,'2116-02',2116,2,'2116-02-01','2116-02-28',NULL,NULL,40774,0,NULL,1,0,0,1),(30507,NULL,'2116-03',2116,3,'2116-03-01','2116-03-31',NULL,NULL,40774,0,NULL,1,0,0,1),(30508,NULL,'2116-04',2116,4,'2116-04-01','2116-04-30',NULL,NULL,40774,0,NULL,1,0,0,1),(30509,NULL,'2116-05',2116,5,'2116-05-01','2116-05-31',NULL,NULL,40774,0,NULL,1,0,0,1),(30510,NULL,'2116-06',2116,6,'2116-06-01','2116-06-30',NULL,NULL,40774,0,NULL,1,0,0,1),(30511,NULL,'2116-07',2116,7,'2116-07-01','2116-07-31',NULL,NULL,40774,0,NULL,1,0,0,1),(30512,NULL,'2116-08',2116,8,'2116-08-01','2116-08-31',NULL,NULL,40774,0,NULL,1,0,0,1),(30513,NULL,'2116-09',2116,9,'2116-09-01','2116-09-30',NULL,NULL,40774,0,NULL,1,0,0,1),(30514,NULL,'2116-10',2116,10,'2116-10-01','2116-10-31',NULL,NULL,40774,0,NULL,1,0,0,1);
INSERT INTO `periods` VALUES (30515,NULL,'2116-11',2116,11,'2116-11-01','2116-11-30',NULL,NULL,40774,0,NULL,1,0,0,1),(30516,NULL,'2116-12',2116,12,'2116-12-01','2116-12-31',NULL,NULL,40774,0,NULL,1,0,0,1),(30520,NULL,'2117-01',2117,1,'2117-01-01','2117-01-31',NULL,NULL,40774,0,NULL,1,0,0,1),(30521,NULL,'2117-02',2117,2,'2117-02-01','2117-02-28',NULL,NULL,40774,0,NULL,1,0,0,1),(30522,NULL,'2117-03',2117,3,'2117-03-01','2117-03-31',NULL,NULL,40774,0,NULL,1,0,0,1),(30523,NULL,'2117-04',2117,4,'2117-04-01','2117-04-30',NULL,NULL,40774,0,NULL,1,0,0,1),(30524,NULL,'2117-05',2117,5,'2117-05-01','2117-05-31',NULL,NULL,40774,0,NULL,1,0,0,1),(30525,NULL,'2117-06',2117,6,'2117-06-01','2117-06-30',NULL,NULL,40774,0,NULL,1,0,0,1),(30526,NULL,'2117-07',2117,7,'2117-07-01','2117-07-31',NULL,NULL,40774,0,NULL,1,0,0,1),(30527,NULL,'2117-08',2117,8,'2117-08-01','2117-08-31',NULL,NULL,40774,0,NULL,1,0,0,1),(30528,NULL,'2117-09',2117,9,'2117-09-01','2117-09-30',NULL,NULL,40774,0,NULL,1,0,0,1),(30529,NULL,'2117-10',2117,10,'2117-10-01','2117-10-31',NULL,NULL,40774,0,NULL,1,0,0,1),(30530,NULL,'2117-11',2117,11,'2117-11-01','2117-11-30',NULL,NULL,40774,0,NULL,1,0,0,1),(30531,NULL,'2117-12',2117,12,'2117-12-01','2117-12-31',NULL,NULL,40774,0,NULL,1,0,0,1),(30535,NULL,'2118-01',2118,1,'2118-01-01','2118-01-31',NULL,NULL,40774,0,NULL,1,0,0,1),(30536,NULL,'2118-02',2118,2,'2118-02-01','2118-02-28',NULL,NULL,40774,0,NULL,1,0,0,1),(30537,NULL,'2118-03',2118,3,'2118-03-01','2118-03-31',NULL,NULL,40774,0,NULL,1,0,0,1),(30538,NULL,'2118-04',2118,4,'2118-04-01','2118-04-30',NULL,NULL,40774,0,NULL,1,0,0,1),(30539,NULL,'2118-05',2118,5,'2118-05-01','2118-05-31',NULL,NULL,40774,0,NULL,1,0,0,1),(30540,NULL,'2118-06',2118,6,'2118-06-01','2118-06-30',NULL,NULL,40774,0,NULL,1,0,0,1),(30541,NULL,'2118-07',2118,7,'2118-07-01','2118-07-31',NULL,NULL,40774,0,NULL,1,0,0,1),(30542,NULL,'2118-08',2118,8,'2118-08-01','2118-08-31',NULL,NULL,40774,0,NULL,1,0,0,1),(30543,NULL,'2118-09',2118,9,'2118-09-01','2118-09-30',NULL,NULL,40774,0,NULL,1,0,0,1),(30544,NULL,'2118-10',2118,10,'2118-10-01','2118-10-31',NULL,NULL,40774,0,NULL,1,0,0,1),(30545,NULL,'2118-11',2118,11,'2118-11-01','2118-11-30',NULL,NULL,40774,0,NULL,1,0,0,1),(30546,NULL,'2118-12',2118,12,'2118-12-01','2118-12-31',NULL,NULL,40774,0,NULL,1,0,0,1),(30550,NULL,'2119-01',2119,1,'2119-01-01','2119-01-31',NULL,NULL,40774,0,NULL,1,0,0,1),(30551,NULL,'2119-02',2119,2,'2119-02-01','2119-02-28',NULL,NULL,40774,0,NULL,1,0,0,1),(30552,NULL,'2119-03',2119,3,'2119-03-01','2119-03-31',NULL,NULL,40774,0,NULL,1,0,0,1),(30553,NULL,'2119-04',2119,4,'2119-04-01','2119-04-30',NULL,NULL,40774,0,NULL,1,0,0,1),(30554,NULL,'2119-05',2119,5,'2119-05-01','2119-05-31',NULL,NULL,40774,0,NULL,1,0,0,1),(30555,NULL,'2119-06',2119,6,'2119-06-01','2119-06-30',NULL,NULL,40774,0,NULL,1,0,0,1),(30556,NULL,'2119-07',2119,7,'2119-07-01','2119-07-31',NULL,NULL,40774,0,NULL,1,0,0,1),(30557,NULL,'2119-08',2119,8,'2119-08-01','2119-08-31',NULL,NULL,40774,0,NULL,1,0,0,1),(30558,NULL,'2119-09',2119,9,'2119-09-01','2119-09-30',NULL,NULL,40774,0,NULL,1,0,0,1),(30559,NULL,'2119-10',2119,10,'2119-10-01','2119-10-31',NULL,NULL,40774,0,NULL,1,0,0,1),(30560,NULL,'2119-11',2119,11,'2119-11-01','2119-11-30',NULL,NULL,40774,0,NULL,1,0,0,1),(30561,NULL,'2119-12',2119,12,'2119-12-01','2119-12-31',NULL,NULL,40774,0,NULL,1,0,0,1),(30565,NULL,'2120-01',2120,1,'2120-01-01','2120-01-31',NULL,NULL,40774,0,NULL,1,0,0,1),(30566,NULL,'2120-02',2120,2,'2120-02-01','2120-02-28',NULL,NULL,40774,0,NULL,1,0,0,1),(30567,NULL,'2120-03',2120,3,'2120-03-01','2120-03-31',NULL,NULL,40774,0,NULL,1,0,0,1),(30568,NULL,'2120-04',2120,4,'2120-04-01','2120-04-30',NULL,NULL,40774,0,NULL,1,0,0,1),(30569,NULL,'2120-05',2120,5,'2120-05-01','2120-05-31',NULL,NULL,40774,0,NULL,1,0,0,1),(30570,NULL,'2120-06',2120,6,'2120-06-01','2120-06-30',NULL,NULL,40774,0,NULL,1,0,0,1),(30571,NULL,'2120-07',2120,7,'2120-07-01','2120-07-31',NULL,NULL,40774,0,NULL,1,0,0,1),(30572,NULL,'2120-08',2120,8,'2120-08-01','2120-08-31',NULL,NULL,40774,0,NULL,1,0,0,1);
INSERT INTO `periods` VALUES (30573,NULL,'2120-09',2120,9,'2120-09-01','2120-09-30',NULL,NULL,40774,0,NULL,1,0,0,1),(30574,NULL,'2120-10',2120,10,'2120-10-01','2120-10-31',NULL,NULL,40774,0,NULL,1,0,0,1),(30575,NULL,'2120-11',2120,11,'2120-11-01','2120-11-30',NULL,NULL,40774,0,NULL,1,0,0,1),(30576,NULL,'2120-12',2120,12,'2120-12-01','2120-12-31',NULL,NULL,40774,0,NULL,1,0,0,1),(30580,NULL,'2121-01',2121,1,'2121-01-01','2121-01-31',NULL,NULL,40774,0,NULL,1,0,0,1),(30581,NULL,'2121-02',2121,2,'2121-02-01','2121-02-28',NULL,NULL,40774,0,NULL,1,0,0,1),(30582,NULL,'2121-03',2121,3,'2121-03-01','2121-03-31',NULL,NULL,40774,0,NULL,1,0,0,1),(30583,NULL,'2121-04',2121,4,'2121-04-01','2121-04-30',NULL,NULL,40774,0,NULL,1,0,0,1),(30584,NULL,'2121-05',2121,5,'2121-05-01','2121-05-31',NULL,NULL,40774,0,NULL,1,0,0,1),(30585,NULL,'2121-06',2121,6,'2121-06-01','2121-06-30',NULL,NULL,40774,0,NULL,1,0,0,1),(30586,NULL,'2121-07',2121,7,'2121-07-01','2121-07-31',NULL,NULL,40774,0,NULL,1,0,0,1),(30587,NULL,'2121-08',2121,8,'2121-08-01','2121-08-31',NULL,NULL,40774,0,NULL,1,0,0,1),(30588,NULL,'2121-09',2121,9,'2121-09-01','2121-09-30',NULL,NULL,40774,0,NULL,1,0,0,1),(30589,NULL,'2121-10',2121,10,'2121-10-01','2121-10-31',NULL,NULL,40774,0,NULL,1,0,0,1),(30590,NULL,'2121-11',2121,11,'2121-11-01','2121-11-30',NULL,NULL,40774,0,NULL,1,0,0,1),(30591,NULL,'2121-12',2121,12,'2121-12-01','2121-12-31',NULL,NULL,40774,0,NULL,1,0,0,1),(30595,NULL,'2122-01',2122,1,'2122-01-01','2122-01-31',NULL,NULL,40774,0,NULL,1,0,0,1),(30596,NULL,'2122-02',2122,2,'2122-02-01','2122-02-28',NULL,NULL,40774,0,NULL,1,0,0,1),(30597,NULL,'2122-03',2122,3,'2122-03-01','2122-03-31',NULL,NULL,40774,0,NULL,1,0,0,1),(30598,NULL,'2122-04',2122,4,'2122-04-01','2122-04-30',NULL,NULL,40774,0,NULL,1,0,0,1),(30599,NULL,'2122-05',2122,5,'2122-05-01','2122-05-31',NULL,NULL,40774,0,NULL,1,0,0,1),(30600,NULL,'2122-06',2122,6,'2122-06-01','2122-06-30',NULL,NULL,40774,0,NULL,1,0,0,1),(30601,NULL,'2122-07',2122,7,'2122-07-01','2122-07-31',NULL,NULL,40774,0,NULL,1,0,0,1),(30602,NULL,'2122-08',2122,8,'2122-08-01','2122-08-31',NULL,NULL,40774,0,NULL,1,0,0,1),(30603,NULL,'2122-09',2122,9,'2122-09-01','2122-09-30',NULL,NULL,40774,0,NULL,1,0,0,1),(30604,NULL,'2122-10',2122,10,'2122-10-01','2122-10-31',NULL,NULL,40774,0,NULL,1,0,0,1),(30605,NULL,'2122-11',2122,11,'2122-11-01','2122-11-30',NULL,NULL,40774,0,NULL,1,0,0,1),(30606,NULL,'2122-12',2122,12,'2122-12-01','2122-12-31',NULL,NULL,40774,0,NULL,1,0,0,1),(33639,NULL,'2021-12',2021,12,'2021-12-01','2021-12-31',NULL,NULL,40802,0,NULL,1,0,0,1),(33640,NULL,'2022-01',2022,1,'2022-01-01','2022-01-31',NULL,NULL,40802,0,NULL,1,0,0,1),(33641,NULL,'2022-02',2022,2,'2022-02-01','2022-02-28',NULL,NULL,40802,0,NULL,1,0,0,1),(33642,NULL,'2022-03',2022,3,'2022-03-01','2022-03-31',NULL,NULL,40802,0,NULL,1,0,0,1),(33643,NULL,'2022-04',2022,4,'2022-04-01','2022-04-30',NULL,NULL,40802,0,NULL,1,0,0,1),(33644,NULL,'2022-05',2022,5,'2022-05-01','2022-05-31',NULL,NULL,40802,0,NULL,1,0,0,1),(33645,NULL,'2022-06',2022,6,'2022-06-01','2022-06-30',NULL,NULL,40802,0,NULL,1,0,0,1),(33646,NULL,'2022-07',2022,7,'2022-07-01','2022-07-31',NULL,NULL,40802,0,NULL,1,0,0,1),(33647,NULL,'2022-08',2022,8,'2022-08-01','2022-08-31',NULL,NULL,40802,0,NULL,1,0,0,1),(33648,NULL,'2022-09',2022,9,'2022-09-01','2022-09-30',NULL,NULL,40802,0,NULL,1,0,0,1),(33649,NULL,'2022-10',2022,10,'2022-10-01','2022-10-31',NULL,NULL,40802,0,NULL,1,0,0,1),(33650,NULL,'2022-11',2022,11,'2022-11-01','2022-11-30',NULL,NULL,40802,0,NULL,1,0,0,1),(33651,NULL,'2022-12',2022,12,'2022-12-01','2022-12-31',NULL,NULL,40802,0,NULL,1,0,0,1),(33655,NULL,'2023-01',2023,1,'2023-01-01','2023-01-31',NULL,NULL,40802,0,NULL,1,0,0,1),(33656,NULL,'2023-02',2023,2,'2023-02-01','2023-02-28',NULL,NULL,40802,0,NULL,1,0,0,1),(33657,NULL,'2023-03',2023,3,'2023-03-01','2023-03-31',NULL,NULL,40802,0,NULL,1,0,0,1),(33658,NULL,'2023-04',2023,4,'2023-04-01','2023-04-30',NULL,NULL,40802,0,NULL,1,0,0,1),(33659,NULL,'2023-05',2023,5,'2023-05-01','2023-05-31',NULL,NULL,40802,0,NULL,1,0,0,1);
INSERT INTO `periods` VALUES (33660,NULL,'2023-06',2023,6,'2023-06-01','2023-06-30',NULL,NULL,40802,0,NULL,1,0,0,1),(33661,NULL,'2023-07',2023,7,'2023-07-01','2023-07-31',NULL,NULL,40802,0,NULL,1,0,0,1),(33662,NULL,'2023-08',2023,8,'2023-08-01','2023-08-31',NULL,NULL,40802,0,NULL,1,0,0,1),(33663,NULL,'2023-09',2023,9,'2023-09-01','2023-09-30',NULL,NULL,40802,0,NULL,1,0,0,1),(33664,NULL,'2023-10',2023,10,'2023-10-01','2023-10-31',NULL,NULL,40802,0,NULL,1,0,0,1),(33665,NULL,'2023-11',2023,11,'2023-11-01','2023-11-30',NULL,NULL,40802,0,NULL,1,0,0,1),(33666,NULL,'2023-12',2023,12,'2023-12-01','2023-12-31',NULL,NULL,40802,0,NULL,1,0,0,1),(33670,NULL,'2024-01',2024,1,'2024-01-01','2024-01-31',NULL,NULL,40802,0,NULL,1,0,0,1),(33671,NULL,'2024-02',2024,2,'2024-02-01','2024-02-28',NULL,NULL,40802,0,NULL,1,0,0,1),(33672,NULL,'2024-03',2024,3,'2024-03-01','2024-03-31',NULL,NULL,40802,0,NULL,1,0,0,1),(33673,NULL,'2024-04',2024,4,'2024-04-01','2024-04-30',NULL,NULL,40802,0,NULL,1,0,0,1),(33674,NULL,'2024-05',2024,5,'2024-05-01','2024-05-31',NULL,NULL,40802,0,NULL,1,0,0,1),(33675,NULL,'2024-06',2024,6,'2024-06-01','2024-06-30',NULL,NULL,40802,0,NULL,1,0,0,1),(33676,NULL,'2024-07',2024,7,'2024-07-01','2024-07-31',NULL,NULL,40802,0,NULL,1,0,0,1),(33677,NULL,'2024-08',2024,8,'2024-08-01','2024-08-31',NULL,NULL,40802,0,NULL,1,0,0,1),(33678,NULL,'2024-09',2024,9,'2024-09-01','2024-09-30',NULL,NULL,40802,0,NULL,1,0,0,1),(33679,NULL,'2024-10',2024,10,'2024-10-01','2024-10-31',NULL,NULL,40802,0,NULL,1,0,0,1),(33680,NULL,'2024-11',2024,11,'2024-11-01','2024-11-30',NULL,NULL,40802,0,NULL,1,0,0,1),(33681,NULL,'2024-12',2024,12,'2024-12-01','2024-12-31',NULL,NULL,40802,0,NULL,1,0,0,1),(33685,NULL,'2025-01',2025,1,'2025-01-01','2025-01-31',NULL,NULL,40802,0,NULL,1,0,0,1),(33686,NULL,'2025-02',2025,2,'2025-02-01','2025-02-28',NULL,NULL,40802,0,NULL,1,0,0,1),(33687,NULL,'2025-03',2025,3,'2025-03-01','2025-03-31',NULL,NULL,40802,0,NULL,1,0,0,1),(33688,NULL,'2025-04',2025,4,'2025-04-01','2025-04-30',NULL,NULL,40802,0,NULL,1,0,0,1),(33689,NULL,'2025-05',2025,5,'2025-05-01','2025-05-31',NULL,NULL,40802,0,NULL,1,0,0,1),(33690,NULL,'2025-06',2025,6,'2025-06-01','2025-06-30',NULL,NULL,40802,0,NULL,1,0,0,1),(33691,NULL,'2025-07',2025,7,'2025-07-01','2025-07-31',NULL,NULL,40802,0,NULL,1,0,0,1),(33692,NULL,'2025-08',2025,8,'2025-08-01','2025-08-31',NULL,NULL,40802,0,NULL,1,0,0,1),(33693,NULL,'2025-09',2025,9,'2025-09-01','2025-09-30',NULL,NULL,40802,0,NULL,1,0,0,1),(33694,NULL,'2025-10',2025,10,'2025-10-01','2025-10-31',NULL,NULL,40802,0,NULL,1,0,0,1),(33695,NULL,'2025-11',2025,11,'2025-11-01','2025-11-30',NULL,NULL,40802,0,NULL,1,0,0,1),(33696,NULL,'2025-12',2025,12,'2025-12-01','2025-12-31',NULL,NULL,40802,0,NULL,1,0,0,1),(33700,NULL,'2026-01',2026,1,'2026-01-01','2026-01-31',NULL,NULL,40802,0,NULL,1,0,0,1),(33701,NULL,'2026-02',2026,2,'2026-02-01','2026-02-28',NULL,NULL,40802,0,NULL,1,0,0,1),(33702,NULL,'2026-03',2026,3,'2026-03-01','2026-03-31',NULL,NULL,40802,0,NULL,1,0,0,1),(33703,NULL,'2026-04',2026,4,'2026-04-01','2026-04-30',NULL,NULL,40802,0,NULL,1,0,0,1),(33704,NULL,'2026-05',2026,5,'2026-05-01','2026-05-31',NULL,NULL,40802,0,NULL,1,0,0,1),(33705,NULL,'2026-06',2026,6,'2026-06-01','2026-06-30',NULL,NULL,40802,0,NULL,1,0,0,1),(33706,NULL,'2026-07',2026,7,'2026-07-01','2026-07-31',NULL,NULL,40802,0,NULL,1,0,0,1),(33707,NULL,'2026-08',2026,8,'2026-08-01','2026-08-31',NULL,NULL,40802,0,NULL,1,0,0,1),(33708,NULL,'2026-09',2026,9,'2026-09-01','2026-09-30',NULL,NULL,40802,0,NULL,1,0,0,1),(33709,NULL,'2026-10',2026,10,'2026-10-01','2026-10-31',NULL,NULL,40802,0,NULL,1,0,0,1),(33710,NULL,'2026-11',2026,11,'2026-11-01','2026-11-30',NULL,NULL,40802,0,NULL,1,0,0,1),(33711,NULL,'2026-12',2026,12,'2026-12-01','2026-12-31',NULL,NULL,40802,0,NULL,1,0,0,1),(33715,NULL,'2027-01',2027,1,'2027-01-01','2027-01-31',NULL,NULL,40802,0,NULL,1,0,0,1),(33716,NULL,'2027-02',2027,2,'2027-02-01','2027-02-28',NULL,NULL,40802,0,NULL,1,0,0,1),(33717,NULL,'2027-03',2027,3,'2027-03-01','2027-03-31',NULL,NULL,40802,0,NULL,1,0,0,1);
INSERT INTO `periods` VALUES (33718,NULL,'2027-04',2027,4,'2027-04-01','2027-04-30',NULL,NULL,40802,0,NULL,1,0,0,1),(33719,NULL,'2027-05',2027,5,'2027-05-01','2027-05-31',NULL,NULL,40802,0,NULL,1,0,0,1),(33720,NULL,'2027-06',2027,6,'2027-06-01','2027-06-30',NULL,NULL,40802,0,NULL,1,0,0,1),(33721,NULL,'2027-07',2027,7,'2027-07-01','2027-07-31',NULL,NULL,40802,0,NULL,1,0,0,1),(33722,NULL,'2027-08',2027,8,'2027-08-01','2027-08-31',NULL,NULL,40802,0,NULL,1,0,0,1),(33723,NULL,'2027-09',2027,9,'2027-09-01','2027-09-30',NULL,NULL,40802,0,NULL,1,0,0,1),(33724,NULL,'2027-10',2027,10,'2027-10-01','2027-10-31',NULL,NULL,40802,0,NULL,1,0,0,1),(33725,NULL,'2027-11',2027,11,'2027-11-01','2027-11-30',NULL,NULL,40802,0,NULL,1,0,0,1),(33726,NULL,'2027-12',2027,12,'2027-12-01','2027-12-31',NULL,NULL,40802,0,NULL,1,0,0,1),(33730,NULL,'2028-01',2028,1,'2028-01-01','2028-01-31',NULL,NULL,40802,0,NULL,1,0,0,1),(33731,NULL,'2028-02',2028,2,'2028-02-01','2028-02-28',NULL,NULL,40802,0,NULL,1,0,0,1),(33732,NULL,'2028-03',2028,3,'2028-03-01','2028-03-31',NULL,NULL,40802,0,NULL,1,0,0,1),(33733,NULL,'2028-04',2028,4,'2028-04-01','2028-04-30',NULL,NULL,40802,0,NULL,1,0,0,1),(33734,NULL,'2028-05',2028,5,'2028-05-01','2028-05-31',NULL,NULL,40802,0,NULL,1,0,0,1),(33735,NULL,'2028-06',2028,6,'2028-06-01','2028-06-30',NULL,NULL,40802,0,NULL,1,0,0,1),(33736,NULL,'2028-07',2028,7,'2028-07-01','2028-07-31',NULL,NULL,40802,0,NULL,1,0,0,1),(33737,NULL,'2028-08',2028,8,'2028-08-01','2028-08-31',NULL,NULL,40802,0,NULL,1,0,0,1),(33738,NULL,'2028-09',2028,9,'2028-09-01','2028-09-30',NULL,NULL,40802,0,NULL,1,0,0,1),(33739,NULL,'2028-10',2028,10,'2028-10-01','2028-10-31',NULL,NULL,40802,0,NULL,1,0,0,1),(33740,NULL,'2028-11',2028,11,'2028-11-01','2028-11-30',NULL,NULL,40802,0,NULL,1,0,0,1),(33741,NULL,'2028-12',2028,12,'2028-12-01','2028-12-31',NULL,NULL,40802,0,NULL,1,0,0,1),(33745,NULL,'2029-01',2029,1,'2029-01-01','2029-01-31',NULL,NULL,40802,0,NULL,1,0,0,1),(33746,NULL,'2029-02',2029,2,'2029-02-01','2029-02-28',NULL,NULL,40802,0,NULL,1,0,0,1),(33747,NULL,'2029-03',2029,3,'2029-03-01','2029-03-31',NULL,NULL,40802,0,NULL,1,0,0,1),(33748,NULL,'2029-04',2029,4,'2029-04-01','2029-04-30',NULL,NULL,40802,0,NULL,1,0,0,1),(33749,NULL,'2029-05',2029,5,'2029-05-01','2029-05-31',NULL,NULL,40802,0,NULL,1,0,0,1),(33750,NULL,'2029-06',2029,6,'2029-06-01','2029-06-30',NULL,NULL,40802,0,NULL,1,0,0,1),(33751,NULL,'2029-07',2029,7,'2029-07-01','2029-07-31',NULL,NULL,40802,0,NULL,1,0,0,1),(33752,NULL,'2029-08',2029,8,'2029-08-01','2029-08-31',NULL,NULL,40802,0,NULL,1,0,0,1),(33753,NULL,'2029-09',2029,9,'2029-09-01','2029-09-30',NULL,NULL,40802,0,NULL,1,0,0,1),(33754,NULL,'2029-10',2029,10,'2029-10-01','2029-10-31',NULL,NULL,40802,0,NULL,1,0,0,1),(33755,NULL,'2029-11',2029,11,'2029-11-01','2029-11-30',NULL,NULL,40802,0,NULL,1,0,0,1),(33756,NULL,'2029-12',2029,12,'2029-12-01','2029-12-31',NULL,NULL,40802,0,NULL,1,0,0,1),(33760,NULL,'2030-01',2030,1,'2030-01-01','2030-01-31',NULL,NULL,40802,0,NULL,1,0,0,1),(33761,NULL,'2030-02',2030,2,'2030-02-01','2030-02-28',NULL,NULL,40802,0,NULL,1,0,0,1),(33762,NULL,'2030-03',2030,3,'2030-03-01','2030-03-31',NULL,NULL,40802,0,NULL,1,0,0,1),(33763,NULL,'2030-04',2030,4,'2030-04-01','2030-04-30',NULL,NULL,40802,0,NULL,1,0,0,1),(33764,NULL,'2030-05',2030,5,'2030-05-01','2030-05-31',NULL,NULL,40802,0,NULL,1,0,0,1),(33765,NULL,'2030-06',2030,6,'2030-06-01','2030-06-30',NULL,NULL,40802,0,NULL,1,0,0,1),(33766,NULL,'2030-07',2030,7,'2030-07-01','2030-07-31',NULL,NULL,40802,0,NULL,1,0,0,1),(33767,NULL,'2030-08',2030,8,'2030-08-01','2030-08-31',NULL,NULL,40802,0,NULL,1,0,0,1),(33768,NULL,'2030-09',2030,9,'2030-09-01','2030-09-30',NULL,NULL,40802,0,NULL,1,0,0,1),(33769,NULL,'2030-10',2030,10,'2030-10-01','2030-10-31',NULL,NULL,40802,0,NULL,1,0,0,1),(33770,NULL,'2030-11',2030,11,'2030-11-01','2030-11-30',NULL,NULL,40802,0,NULL,1,0,0,1),(33771,NULL,'2030-12',2030,12,'2030-12-01','2030-12-31',NULL,NULL,40802,0,NULL,1,0,0,1),(33775,NULL,'2031-01',2031,1,'2031-01-01','2031-01-31',NULL,NULL,40802,0,NULL,1,0,0,1);
INSERT INTO `periods` VALUES (33776,NULL,'2031-02',2031,2,'2031-02-01','2031-02-28',NULL,NULL,40802,0,NULL,1,0,0,1),(33777,NULL,'2031-03',2031,3,'2031-03-01','2031-03-31',NULL,NULL,40802,0,NULL,1,0,0,1),(33778,NULL,'2031-04',2031,4,'2031-04-01','2031-04-30',NULL,NULL,40802,0,NULL,1,0,0,1),(33779,NULL,'2031-05',2031,5,'2031-05-01','2031-05-31',NULL,NULL,40802,0,NULL,1,0,0,1),(33780,NULL,'2031-06',2031,6,'2031-06-01','2031-06-30',NULL,NULL,40802,0,NULL,1,0,0,1),(33781,NULL,'2031-07',2031,7,'2031-07-01','2031-07-31',NULL,NULL,40802,0,NULL,1,0,0,1),(33782,NULL,'2031-08',2031,8,'2031-08-01','2031-08-31',NULL,NULL,40802,0,NULL,1,0,0,1),(33783,NULL,'2031-09',2031,9,'2031-09-01','2031-09-30',NULL,NULL,40802,0,NULL,1,0,0,1),(33784,NULL,'2031-10',2031,10,'2031-10-01','2031-10-31',NULL,NULL,40802,0,NULL,1,0,0,1),(33785,NULL,'2031-11',2031,11,'2031-11-01','2031-11-30',NULL,NULL,40802,0,NULL,1,0,0,1),(33786,NULL,'2031-12',2031,12,'2031-12-01','2031-12-31',NULL,NULL,40802,0,NULL,1,0,0,1),(33790,NULL,'2032-01',2032,1,'2032-01-01','2032-01-31',NULL,NULL,40802,0,NULL,1,0,0,1),(33791,NULL,'2032-02',2032,2,'2032-02-01','2032-02-28',NULL,NULL,40802,0,NULL,1,0,0,1),(33792,NULL,'2032-03',2032,3,'2032-03-01','2032-03-31',NULL,NULL,40802,0,NULL,1,0,0,1),(33793,NULL,'2032-04',2032,4,'2032-04-01','2032-04-30',NULL,NULL,40802,0,NULL,1,0,0,1),(33794,NULL,'2032-05',2032,5,'2032-05-01','2032-05-31',NULL,NULL,40802,0,NULL,1,0,0,1),(33795,NULL,'2032-06',2032,6,'2032-06-01','2032-06-30',NULL,NULL,40802,0,NULL,1,0,0,1),(33796,NULL,'2032-07',2032,7,'2032-07-01','2032-07-31',NULL,NULL,40802,0,NULL,1,0,0,1),(33797,NULL,'2032-08',2032,8,'2032-08-01','2032-08-31',NULL,NULL,40802,0,NULL,1,0,0,1),(33798,NULL,'2032-09',2032,9,'2032-09-01','2032-09-30',NULL,NULL,40802,0,NULL,1,0,0,1),(33799,NULL,'2032-10',2032,10,'2032-10-01','2032-10-31',NULL,NULL,40802,0,NULL,1,0,0,1),(33800,NULL,'2032-11',2032,11,'2032-11-01','2032-11-30',NULL,NULL,40802,0,NULL,1,0,0,1),(33801,NULL,'2032-12',2032,12,'2032-12-01','2032-12-31',NULL,NULL,40802,0,NULL,1,0,0,1),(33805,NULL,'2033-01',2033,1,'2033-01-01','2033-01-31',NULL,NULL,40802,0,NULL,1,0,0,1),(33806,NULL,'2033-02',2033,2,'2033-02-01','2033-02-28',NULL,NULL,40802,0,NULL,1,0,0,1),(33807,NULL,'2033-03',2033,3,'2033-03-01','2033-03-31',NULL,NULL,40802,0,NULL,1,0,0,1),(33808,NULL,'2033-04',2033,4,'2033-04-01','2033-04-30',NULL,NULL,40802,0,NULL,1,0,0,1),(33809,NULL,'2033-05',2033,5,'2033-05-01','2033-05-31',NULL,NULL,40802,0,NULL,1,0,0,1),(33810,NULL,'2033-06',2033,6,'2033-06-01','2033-06-30',NULL,NULL,40802,0,NULL,1,0,0,1),(33811,NULL,'2033-07',2033,7,'2033-07-01','2033-07-31',NULL,NULL,40802,0,NULL,1,0,0,1),(33812,NULL,'2033-08',2033,8,'2033-08-01','2033-08-31',NULL,NULL,40802,0,NULL,1,0,0,1),(33813,NULL,'2033-09',2033,9,'2033-09-01','2033-09-30',NULL,NULL,40802,0,NULL,1,0,0,1),(33814,NULL,'2033-10',2033,10,'2033-10-01','2033-10-31',NULL,NULL,40802,0,NULL,1,0,0,1),(33815,NULL,'2033-11',2033,11,'2033-11-01','2033-11-30',NULL,NULL,40802,0,NULL,1,0,0,1),(33816,NULL,'2033-12',2033,12,'2033-12-01','2033-12-31',NULL,NULL,40802,0,NULL,1,0,0,1),(33820,NULL,'2034-01',2034,1,'2034-01-01','2034-01-31',NULL,NULL,40802,0,NULL,1,0,0,1),(33821,NULL,'2034-02',2034,2,'2034-02-01','2034-02-28',NULL,NULL,40802,0,NULL,1,0,0,1),(33822,NULL,'2034-03',2034,3,'2034-03-01','2034-03-31',NULL,NULL,40802,0,NULL,1,0,0,1),(33823,NULL,'2034-04',2034,4,'2034-04-01','2034-04-30',NULL,NULL,40802,0,NULL,1,0,0,1),(33824,NULL,'2034-05',2034,5,'2034-05-01','2034-05-31',NULL,NULL,40802,0,NULL,1,0,0,1),(33825,NULL,'2034-06',2034,6,'2034-06-01','2034-06-30',NULL,NULL,40802,0,NULL,1,0,0,1),(33826,NULL,'2034-07',2034,7,'2034-07-01','2034-07-31',NULL,NULL,40802,0,NULL,1,0,0,1),(33827,NULL,'2034-08',2034,8,'2034-08-01','2034-08-31',NULL,NULL,40802,0,NULL,1,0,0,1),(33828,NULL,'2034-09',2034,9,'2034-09-01','2034-09-30',NULL,NULL,40802,0,NULL,1,0,0,1),(33829,NULL,'2034-10',2034,10,'2034-10-01','2034-10-31',NULL,NULL,40802,0,NULL,1,0,0,1),(33830,NULL,'2034-11',2034,11,'2034-11-01','2034-11-30',NULL,NULL,40802,0,NULL,1,0,0,1);
INSERT INTO `periods` VALUES (33831,NULL,'2034-12',2034,12,'2034-12-01','2034-12-31',NULL,NULL,40802,0,NULL,1,0,0,1),(33835,NULL,'2035-01',2035,1,'2035-01-01','2035-01-31',NULL,NULL,40802,0,NULL,1,0,0,1),(33836,NULL,'2035-02',2035,2,'2035-02-01','2035-02-28',NULL,NULL,40802,0,NULL,1,0,0,1),(33837,NULL,'2035-03',2035,3,'2035-03-01','2035-03-31',NULL,NULL,40802,0,NULL,1,0,0,1),(33838,NULL,'2035-04',2035,4,'2035-04-01','2035-04-30',NULL,NULL,40802,0,NULL,1,0,0,1),(33839,NULL,'2035-05',2035,5,'2035-05-01','2035-05-31',NULL,NULL,40802,0,NULL,1,0,0,1),(33840,NULL,'2035-06',2035,6,'2035-06-01','2035-06-30',NULL,NULL,40802,0,NULL,1,0,0,1),(33841,NULL,'2035-07',2035,7,'2035-07-01','2035-07-31',NULL,NULL,40802,0,NULL,1,0,0,1),(33842,NULL,'2035-08',2035,8,'2035-08-01','2035-08-31',NULL,NULL,40802,0,NULL,1,0,0,1),(33843,NULL,'2035-09',2035,9,'2035-09-01','2035-09-30',NULL,NULL,40802,0,NULL,1,0,0,1),(33844,NULL,'2035-10',2035,10,'2035-10-01','2035-10-31',NULL,NULL,40802,0,NULL,1,0,0,1),(33845,NULL,'2035-11',2035,11,'2035-11-01','2035-11-30',NULL,NULL,40802,0,NULL,1,0,0,1),(33846,NULL,'2035-12',2035,12,'2035-12-01','2035-12-31',NULL,NULL,40802,0,NULL,1,0,0,1),(33850,NULL,'2036-01',2036,1,'2036-01-01','2036-01-31',NULL,NULL,40802,0,NULL,1,0,0,1),(33851,NULL,'2036-02',2036,2,'2036-02-01','2036-02-28',NULL,NULL,40802,0,NULL,1,0,0,1),(33852,NULL,'2036-03',2036,3,'2036-03-01','2036-03-31',NULL,NULL,40802,0,NULL,1,0,0,1),(33853,NULL,'2036-04',2036,4,'2036-04-01','2036-04-30',NULL,NULL,40802,0,NULL,1,0,0,1),(33854,NULL,'2036-05',2036,5,'2036-05-01','2036-05-31',NULL,NULL,40802,0,NULL,1,0,0,1),(33855,NULL,'2036-06',2036,6,'2036-06-01','2036-06-30',NULL,NULL,40802,0,NULL,1,0,0,1),(33856,NULL,'2036-07',2036,7,'2036-07-01','2036-07-31',NULL,NULL,40802,0,NULL,1,0,0,1),(33857,NULL,'2036-08',2036,8,'2036-08-01','2036-08-31',NULL,NULL,40802,0,NULL,1,0,0,1),(33858,NULL,'2036-09',2036,9,'2036-09-01','2036-09-30',NULL,NULL,40802,0,NULL,1,0,0,1),(33859,NULL,'2036-10',2036,10,'2036-10-01','2036-10-31',NULL,NULL,40802,0,NULL,1,0,0,1),(33860,NULL,'2036-11',2036,11,'2036-11-01','2036-11-30',NULL,NULL,40802,0,NULL,1,0,0,1),(33861,NULL,'2036-12',2036,12,'2036-12-01','2036-12-31',NULL,NULL,40802,0,NULL,1,0,0,1),(33865,NULL,'2037-01',2037,1,'2037-01-01','2037-01-31',NULL,NULL,40802,0,NULL,1,0,0,1),(33866,NULL,'2037-02',2037,2,'2037-02-01','2037-02-28',NULL,NULL,40802,0,NULL,1,0,0,1),(33867,NULL,'2037-03',2037,3,'2037-03-01','2037-03-31',NULL,NULL,40802,0,NULL,1,0,0,1),(33868,NULL,'2037-04',2037,4,'2037-04-01','2037-04-30',NULL,NULL,40802,0,NULL,1,0,0,1),(33869,NULL,'2037-05',2037,5,'2037-05-01','2037-05-31',NULL,NULL,40802,0,NULL,1,0,0,1),(33870,NULL,'2037-06',2037,6,'2037-06-01','2037-06-30',NULL,NULL,40802,0,NULL,1,0,0,1),(33871,NULL,'2037-07',2037,7,'2037-07-01','2037-07-31',NULL,NULL,40802,0,NULL,1,0,0,1),(33872,NULL,'2037-08',2037,8,'2037-08-01','2037-08-31',NULL,NULL,40802,0,NULL,1,0,0,1),(33873,NULL,'2037-09',2037,9,'2037-09-01','2037-09-30',NULL,NULL,40802,0,NULL,1,0,0,1),(33874,NULL,'2037-10',2037,10,'2037-10-01','2037-10-31',NULL,NULL,40802,0,NULL,1,0,0,1),(33875,NULL,'2037-11',2037,11,'2037-11-01','2037-11-30',NULL,NULL,40802,0,NULL,1,0,0,1),(33876,NULL,'2037-12',2037,12,'2037-12-01','2037-12-31',NULL,NULL,40802,0,NULL,1,0,0,1),(33880,NULL,'2038-01',2038,1,'2038-01-01','2038-01-31',NULL,NULL,40802,0,NULL,1,0,0,1),(33881,NULL,'2038-02',2038,2,'2038-02-01','2038-02-28',NULL,NULL,40802,0,NULL,1,0,0,1),(33882,NULL,'2038-03',2038,3,'2038-03-01','2038-03-31',NULL,NULL,40802,0,NULL,1,0,0,1),(33883,NULL,'2038-04',2038,4,'2038-04-01','2038-04-30',NULL,NULL,40802,0,NULL,1,0,0,1),(33884,NULL,'2038-05',2038,5,'2038-05-01','2038-05-31',NULL,NULL,40802,0,NULL,1,0,0,1),(33885,NULL,'2038-06',2038,6,'2038-06-01','2038-06-30',NULL,NULL,40802,0,NULL,1,0,0,1),(33886,NULL,'2038-07',2038,7,'2038-07-01','2038-07-31',NULL,NULL,40802,0,NULL,1,0,0,1),(33887,NULL,'2038-08',2038,8,'2038-08-01','2038-08-31',NULL,NULL,40802,0,NULL,1,0,0,1),(33888,NULL,'2038-09',2038,9,'2038-09-01','2038-09-30',NULL,NULL,40802,0,NULL,1,0,0,1);
INSERT INTO `periods` VALUES (33889,NULL,'2038-10',2038,10,'2038-10-01','2038-10-31',NULL,NULL,40802,0,NULL,1,0,0,1),(33890,NULL,'2038-11',2038,11,'2038-11-01','2038-11-30',NULL,NULL,40802,0,NULL,1,0,0,1),(33891,NULL,'2038-12',2038,12,'2038-12-01','2038-12-31',NULL,NULL,40802,0,NULL,1,0,0,1),(33895,NULL,'2039-01',2039,1,'2039-01-01','2039-01-31',NULL,NULL,40802,0,NULL,1,0,0,1),(33896,NULL,'2039-02',2039,2,'2039-02-01','2039-02-28',NULL,NULL,40802,0,NULL,1,0,0,1),(33897,NULL,'2039-03',2039,3,'2039-03-01','2039-03-31',NULL,NULL,40802,0,NULL,1,0,0,1),(33898,NULL,'2039-04',2039,4,'2039-04-01','2039-04-30',NULL,NULL,40802,0,NULL,1,0,0,1),(33899,NULL,'2039-05',2039,5,'2039-05-01','2039-05-31',NULL,NULL,40802,0,NULL,1,0,0,1),(33900,NULL,'2039-06',2039,6,'2039-06-01','2039-06-30',NULL,NULL,40802,0,NULL,1,0,0,1),(33901,NULL,'2039-07',2039,7,'2039-07-01','2039-07-31',NULL,NULL,40802,0,NULL,1,0,0,1),(33902,NULL,'2039-08',2039,8,'2039-08-01','2039-08-31',NULL,NULL,40802,0,NULL,1,0,0,1),(33903,NULL,'2039-09',2039,9,'2039-09-01','2039-09-30',NULL,NULL,40802,0,NULL,1,0,0,1),(33904,NULL,'2039-10',2039,10,'2039-10-01','2039-10-31',NULL,NULL,40802,0,NULL,1,0,0,1),(33905,NULL,'2039-11',2039,11,'2039-11-01','2039-11-30',NULL,NULL,40802,0,NULL,1,0,0,1),(33906,NULL,'2039-12',2039,12,'2039-12-01','2039-12-31',NULL,NULL,40802,0,NULL,1,0,0,1),(33910,NULL,'2040-01',2040,1,'2040-01-01','2040-01-31',NULL,NULL,40802,0,NULL,1,0,0,1),(33911,NULL,'2040-02',2040,2,'2040-02-01','2040-02-28',NULL,NULL,40802,0,NULL,1,0,0,1),(33912,NULL,'2040-03',2040,3,'2040-03-01','2040-03-31',NULL,NULL,40802,0,NULL,1,0,0,1),(33913,NULL,'2040-04',2040,4,'2040-04-01','2040-04-30',NULL,NULL,40802,0,NULL,1,0,0,1),(33914,NULL,'2040-05',2040,5,'2040-05-01','2040-05-31',NULL,NULL,40802,0,NULL,1,0,0,1),(33915,NULL,'2040-06',2040,6,'2040-06-01','2040-06-30',NULL,NULL,40802,0,NULL,1,0,0,1),(33916,NULL,'2040-07',2040,7,'2040-07-01','2040-07-31',NULL,NULL,40802,0,NULL,1,0,0,1),(33917,NULL,'2040-08',2040,8,'2040-08-01','2040-08-31',NULL,NULL,40802,0,NULL,1,0,0,1),(33918,NULL,'2040-09',2040,9,'2040-09-01','2040-09-30',NULL,NULL,40802,0,NULL,1,0,0,1),(33919,NULL,'2040-10',2040,10,'2040-10-01','2040-10-31',NULL,NULL,40802,0,NULL,1,0,0,1),(33920,NULL,'2040-11',2040,11,'2040-11-01','2040-11-30',NULL,NULL,40802,0,NULL,1,0,0,1),(33921,NULL,'2040-12',2040,12,'2040-12-01','2040-12-31',NULL,NULL,40802,0,NULL,1,0,0,1),(33925,NULL,'2041-01',2041,1,'2041-01-01','2041-01-31',NULL,NULL,40802,0,NULL,1,0,0,1),(33926,NULL,'2041-02',2041,2,'2041-02-01','2041-02-28',NULL,NULL,40802,0,NULL,1,0,0,1),(33927,NULL,'2041-03',2041,3,'2041-03-01','2041-03-31',NULL,NULL,40802,0,NULL,1,0,0,1),(33928,NULL,'2041-04',2041,4,'2041-04-01','2041-04-30',NULL,NULL,40802,0,NULL,1,0,0,1),(33929,NULL,'2041-05',2041,5,'2041-05-01','2041-05-31',NULL,NULL,40802,0,NULL,1,0,0,1),(33930,NULL,'2041-06',2041,6,'2041-06-01','2041-06-30',NULL,NULL,40802,0,NULL,1,0,0,1),(33931,NULL,'2041-07',2041,7,'2041-07-01','2041-07-31',NULL,NULL,40802,0,NULL,1,0,0,1),(33932,NULL,'2041-08',2041,8,'2041-08-01','2041-08-31',NULL,NULL,40802,0,NULL,1,0,0,1),(33933,NULL,'2041-09',2041,9,'2041-09-01','2041-09-30',NULL,NULL,40802,0,NULL,1,0,0,1),(33934,NULL,'2041-10',2041,10,'2041-10-01','2041-10-31',NULL,NULL,40802,0,NULL,1,0,0,1),(33935,NULL,'2041-11',2041,11,'2041-11-01','2041-11-30',NULL,NULL,40802,0,NULL,1,0,0,1),(33936,NULL,'2041-12',2041,12,'2041-12-01','2041-12-31',NULL,NULL,40802,0,NULL,1,0,0,1),(33940,NULL,'2042-01',2042,1,'2042-01-01','2042-01-31',NULL,NULL,40802,0,NULL,1,0,0,1),(33941,NULL,'2042-02',2042,2,'2042-02-01','2042-02-28',NULL,NULL,40802,0,NULL,1,0,0,1),(33942,NULL,'2042-03',2042,3,'2042-03-01','2042-03-31',NULL,NULL,40802,0,NULL,1,0,0,1),(33943,NULL,'2042-04',2042,4,'2042-04-01','2042-04-30',NULL,NULL,40802,0,NULL,1,0,0,1),(33944,NULL,'2042-05',2042,5,'2042-05-01','2042-05-31',NULL,NULL,40802,0,NULL,1,0,0,1),(33945,NULL,'2042-06',2042,6,'2042-06-01','2042-06-30',NULL,NULL,40802,0,NULL,1,0,0,1),(33946,NULL,'2042-07',2042,7,'2042-07-01','2042-07-31',NULL,NULL,40802,0,NULL,1,0,0,1);
INSERT INTO `periods` VALUES (33947,NULL,'2042-08',2042,8,'2042-08-01','2042-08-31',NULL,NULL,40802,0,NULL,1,0,0,1),(33948,NULL,'2042-09',2042,9,'2042-09-01','2042-09-30',NULL,NULL,40802,0,NULL,1,0,0,1),(33949,NULL,'2042-10',2042,10,'2042-10-01','2042-10-31',NULL,NULL,40802,0,NULL,1,0,0,1),(33950,NULL,'2042-11',2042,11,'2042-11-01','2042-11-30',NULL,NULL,40802,0,NULL,1,0,0,1),(33951,NULL,'2042-12',2042,12,'2042-12-01','2042-12-31',NULL,NULL,40802,0,NULL,1,0,0,1),(33955,NULL,'2043-01',2043,1,'2043-01-01','2043-01-31',NULL,NULL,40802,0,NULL,1,0,0,1),(33956,NULL,'2043-02',2043,2,'2043-02-01','2043-02-28',NULL,NULL,40802,0,NULL,1,0,0,1),(33957,NULL,'2043-03',2043,3,'2043-03-01','2043-03-31',NULL,NULL,40802,0,NULL,1,0,0,1),(33958,NULL,'2043-04',2043,4,'2043-04-01','2043-04-30',NULL,NULL,40802,0,NULL,1,0,0,1),(33959,NULL,'2043-05',2043,5,'2043-05-01','2043-05-31',NULL,NULL,40802,0,NULL,1,0,0,1),(33960,NULL,'2043-06',2043,6,'2043-06-01','2043-06-30',NULL,NULL,40802,0,NULL,1,0,0,1),(33961,NULL,'2043-07',2043,7,'2043-07-01','2043-07-31',NULL,NULL,40802,0,NULL,1,0,0,1),(33962,NULL,'2043-08',2043,8,'2043-08-01','2043-08-31',NULL,NULL,40802,0,NULL,1,0,0,1),(33963,NULL,'2043-09',2043,9,'2043-09-01','2043-09-30',NULL,NULL,40802,0,NULL,1,0,0,1),(33964,NULL,'2043-10',2043,10,'2043-10-01','2043-10-31',NULL,NULL,40802,0,NULL,1,0,0,1),(33965,NULL,'2043-11',2043,11,'2043-11-01','2043-11-30',NULL,NULL,40802,0,NULL,1,0,0,1),(33966,NULL,'2043-12',2043,12,'2043-12-01','2043-12-31',NULL,NULL,40802,0,NULL,1,0,0,1),(33970,NULL,'2044-01',2044,1,'2044-01-01','2044-01-31',NULL,NULL,40802,0,NULL,1,0,0,1),(33971,NULL,'2044-02',2044,2,'2044-02-01','2044-02-28',NULL,NULL,40802,0,NULL,1,0,0,1),(33972,NULL,'2044-03',2044,3,'2044-03-01','2044-03-31',NULL,NULL,40802,0,NULL,1,0,0,1),(33973,NULL,'2044-04',2044,4,'2044-04-01','2044-04-30',NULL,NULL,40802,0,NULL,1,0,0,1),(33974,NULL,'2044-05',2044,5,'2044-05-01','2044-05-31',NULL,NULL,40802,0,NULL,1,0,0,1),(33975,NULL,'2044-06',2044,6,'2044-06-01','2044-06-30',NULL,NULL,40802,0,NULL,1,0,0,1),(33976,NULL,'2044-07',2044,7,'2044-07-01','2044-07-31',NULL,NULL,40802,0,NULL,1,0,0,1),(33977,NULL,'2044-08',2044,8,'2044-08-01','2044-08-31',NULL,NULL,40802,0,NULL,1,0,0,1),(33978,NULL,'2044-09',2044,9,'2044-09-01','2044-09-30',NULL,NULL,40802,0,NULL,1,0,0,1),(33979,NULL,'2044-10',2044,10,'2044-10-01','2044-10-31',NULL,NULL,40802,0,NULL,1,0,0,1),(33980,NULL,'2044-11',2044,11,'2044-11-01','2044-11-30',NULL,NULL,40802,0,NULL,1,0,0,1),(33981,NULL,'2044-12',2044,12,'2044-12-01','2044-12-31',NULL,NULL,40802,0,NULL,1,0,0,1),(33985,NULL,'2045-01',2045,1,'2045-01-01','2045-01-31',NULL,NULL,40802,0,NULL,1,0,0,1),(33986,NULL,'2045-02',2045,2,'2045-02-01','2045-02-28',NULL,NULL,40802,0,NULL,1,0,0,1),(33987,NULL,'2045-03',2045,3,'2045-03-01','2045-03-31',NULL,NULL,40802,0,NULL,1,0,0,1),(33988,NULL,'2045-04',2045,4,'2045-04-01','2045-04-30',NULL,NULL,40802,0,NULL,1,0,0,1),(33989,NULL,'2045-05',2045,5,'2045-05-01','2045-05-31',NULL,NULL,40802,0,NULL,1,0,0,1),(33990,NULL,'2045-06',2045,6,'2045-06-01','2045-06-30',NULL,NULL,40802,0,NULL,1,0,0,1),(33991,NULL,'2045-07',2045,7,'2045-07-01','2045-07-31',NULL,NULL,40802,0,NULL,1,0,0,1),(33992,NULL,'2045-08',2045,8,'2045-08-01','2045-08-31',NULL,NULL,40802,0,NULL,1,0,0,1),(33993,NULL,'2045-09',2045,9,'2045-09-01','2045-09-30',NULL,NULL,40802,0,NULL,1,0,0,1),(33994,NULL,'2045-10',2045,10,'2045-10-01','2045-10-31',NULL,NULL,40802,0,NULL,1,0,0,1),(33995,NULL,'2045-11',2045,11,'2045-11-01','2045-11-30',NULL,NULL,40802,0,NULL,1,0,0,1),(33996,NULL,'2045-12',2045,12,'2045-12-01','2045-12-31',NULL,NULL,40802,0,NULL,1,0,0,1),(34000,NULL,'2046-01',2046,1,'2046-01-01','2046-01-31',NULL,NULL,40802,0,NULL,1,0,0,1),(34001,NULL,'2046-02',2046,2,'2046-02-01','2046-02-28',NULL,NULL,40802,0,NULL,1,0,0,1),(34002,NULL,'2046-03',2046,3,'2046-03-01','2046-03-31',NULL,NULL,40802,0,NULL,1,0,0,1),(34003,NULL,'2046-04',2046,4,'2046-04-01','2046-04-30',NULL,NULL,40802,0,NULL,1,0,0,1),(34004,NULL,'2046-05',2046,5,'2046-05-01','2046-05-31',NULL,NULL,40802,0,NULL,1,0,0,1);
INSERT INTO `periods` VALUES (34005,NULL,'2046-06',2046,6,'2046-06-01','2046-06-30',NULL,NULL,40802,0,NULL,1,0,0,1),(34006,NULL,'2046-07',2046,7,'2046-07-01','2046-07-31',NULL,NULL,40802,0,NULL,1,0,0,1),(34007,NULL,'2046-08',2046,8,'2046-08-01','2046-08-31',NULL,NULL,40802,0,NULL,1,0,0,1),(34008,NULL,'2046-09',2046,9,'2046-09-01','2046-09-30',NULL,NULL,40802,0,NULL,1,0,0,1),(34009,NULL,'2046-10',2046,10,'2046-10-01','2046-10-31',NULL,NULL,40802,0,NULL,1,0,0,1),(34010,NULL,'2046-11',2046,11,'2046-11-01','2046-11-30',NULL,NULL,40802,0,NULL,1,0,0,1),(34011,NULL,'2046-12',2046,12,'2046-12-01','2046-12-31',NULL,NULL,40802,0,NULL,1,0,0,1),(34015,NULL,'2047-01',2047,1,'2047-01-01','2047-01-31',NULL,NULL,40802,0,NULL,1,0,0,1),(34016,NULL,'2047-02',2047,2,'2047-02-01','2047-02-28',NULL,NULL,40802,0,NULL,1,0,0,1),(34017,NULL,'2047-03',2047,3,'2047-03-01','2047-03-31',NULL,NULL,40802,0,NULL,1,0,0,1),(34018,NULL,'2047-04',2047,4,'2047-04-01','2047-04-30',NULL,NULL,40802,0,NULL,1,0,0,1),(34019,NULL,'2047-05',2047,5,'2047-05-01','2047-05-31',NULL,NULL,40802,0,NULL,1,0,0,1),(34020,NULL,'2047-06',2047,6,'2047-06-01','2047-06-30',NULL,NULL,40802,0,NULL,1,0,0,1),(34021,NULL,'2047-07',2047,7,'2047-07-01','2047-07-31',NULL,NULL,40802,0,NULL,1,0,0,1),(34022,NULL,'2047-08',2047,8,'2047-08-01','2047-08-31',NULL,NULL,40802,0,NULL,1,0,0,1),(34023,NULL,'2047-09',2047,9,'2047-09-01','2047-09-30',NULL,NULL,40802,0,NULL,1,0,0,1),(34024,NULL,'2047-10',2047,10,'2047-10-01','2047-10-31',NULL,NULL,40802,0,NULL,1,0,0,1),(34025,NULL,'2047-11',2047,11,'2047-11-01','2047-11-30',NULL,NULL,40802,0,NULL,1,0,0,1),(34026,NULL,'2047-12',2047,12,'2047-12-01','2047-12-31',NULL,NULL,40802,0,NULL,1,0,0,1),(34030,NULL,'2048-01',2048,1,'2048-01-01','2048-01-31',NULL,NULL,40802,0,NULL,1,0,0,1),(34031,NULL,'2048-02',2048,2,'2048-02-01','2048-02-28',NULL,NULL,40802,0,NULL,1,0,0,1),(34032,NULL,'2048-03',2048,3,'2048-03-01','2048-03-31',NULL,NULL,40802,0,NULL,1,0,0,1),(34033,NULL,'2048-04',2048,4,'2048-04-01','2048-04-30',NULL,NULL,40802,0,NULL,1,0,0,1),(34034,NULL,'2048-05',2048,5,'2048-05-01','2048-05-31',NULL,NULL,40802,0,NULL,1,0,0,1),(34035,NULL,'2048-06',2048,6,'2048-06-01','2048-06-30',NULL,NULL,40802,0,NULL,1,0,0,1),(34036,NULL,'2048-07',2048,7,'2048-07-01','2048-07-31',NULL,NULL,40802,0,NULL,1,0,0,1),(34037,NULL,'2048-08',2048,8,'2048-08-01','2048-08-31',NULL,NULL,40802,0,NULL,1,0,0,1),(34038,NULL,'2048-09',2048,9,'2048-09-01','2048-09-30',NULL,NULL,40802,0,NULL,1,0,0,1),(34039,NULL,'2048-10',2048,10,'2048-10-01','2048-10-31',NULL,NULL,40802,0,NULL,1,0,0,1),(34040,NULL,'2048-11',2048,11,'2048-11-01','2048-11-30',NULL,NULL,40802,0,NULL,1,0,0,1),(34041,NULL,'2048-12',2048,12,'2048-12-01','2048-12-31',NULL,NULL,40802,0,NULL,1,0,0,1),(34045,NULL,'2049-01',2049,1,'2049-01-01','2049-01-31',NULL,NULL,40802,0,NULL,1,0,0,1),(34046,NULL,'2049-02',2049,2,'2049-02-01','2049-02-28',NULL,NULL,40802,0,NULL,1,0,0,1),(34047,NULL,'2049-03',2049,3,'2049-03-01','2049-03-31',NULL,NULL,40802,0,NULL,1,0,0,1),(34048,NULL,'2049-04',2049,4,'2049-04-01','2049-04-30',NULL,NULL,40802,0,NULL,1,0,0,1),(34049,NULL,'2049-05',2049,5,'2049-05-01','2049-05-31',NULL,NULL,40802,0,NULL,1,0,0,1),(34050,NULL,'2049-06',2049,6,'2049-06-01','2049-06-30',NULL,NULL,40802,0,NULL,1,0,0,1),(34051,NULL,'2049-07',2049,7,'2049-07-01','2049-07-31',NULL,NULL,40802,0,NULL,1,0,0,1),(34052,NULL,'2049-08',2049,8,'2049-08-01','2049-08-31',NULL,NULL,40802,0,NULL,1,0,0,1),(34053,NULL,'2049-09',2049,9,'2049-09-01','2049-09-30',NULL,NULL,40802,0,NULL,1,0,0,1),(34054,NULL,'2049-10',2049,10,'2049-10-01','2049-10-31',NULL,NULL,40802,0,NULL,1,0,0,1),(34055,NULL,'2049-11',2049,11,'2049-11-01','2049-11-30',NULL,NULL,40802,0,NULL,1,0,0,1),(34056,NULL,'2049-12',2049,12,'2049-12-01','2049-12-31',NULL,NULL,40802,0,NULL,1,0,0,1),(34060,NULL,'2050-01',2050,1,'2050-01-01','2050-01-31',NULL,NULL,40802,0,NULL,1,0,0,1),(34061,NULL,'2050-02',2050,2,'2050-02-01','2050-02-28',NULL,NULL,40802,0,NULL,1,0,0,1),(34062,NULL,'2050-03',2050,3,'2050-03-01','2050-03-31',NULL,NULL,40802,0,NULL,1,0,0,1);
INSERT INTO `periods` VALUES (34063,NULL,'2050-04',2050,4,'2050-04-01','2050-04-30',NULL,NULL,40802,0,NULL,1,0,0,1),(34064,NULL,'2050-05',2050,5,'2050-05-01','2050-05-31',NULL,NULL,40802,0,NULL,1,0,0,1),(34065,NULL,'2050-06',2050,6,'2050-06-01','2050-06-30',NULL,NULL,40802,0,NULL,1,0,0,1),(34066,NULL,'2050-07',2050,7,'2050-07-01','2050-07-31',NULL,NULL,40802,0,NULL,1,0,0,1),(34067,NULL,'2050-08',2050,8,'2050-08-01','2050-08-31',NULL,NULL,40802,0,NULL,1,0,0,1),(34068,NULL,'2050-09',2050,9,'2050-09-01','2050-09-30',NULL,NULL,40802,0,NULL,1,0,0,1),(34069,NULL,'2050-10',2050,10,'2050-10-01','2050-10-31',NULL,NULL,40802,0,NULL,1,0,0,1),(34070,NULL,'2050-11',2050,11,'2050-11-01','2050-11-30',NULL,NULL,40802,0,NULL,1,0,0,1),(34071,NULL,'2050-12',2050,12,'2050-12-01','2050-12-31',NULL,NULL,40802,0,NULL,1,0,0,1),(34075,NULL,'2051-01',2051,1,'2051-01-01','2051-01-31',NULL,NULL,40802,0,NULL,1,0,0,1),(34076,NULL,'2051-02',2051,2,'2051-02-01','2051-02-28',NULL,NULL,40802,0,NULL,1,0,0,1),(34077,NULL,'2051-03',2051,3,'2051-03-01','2051-03-31',NULL,NULL,40802,0,NULL,1,0,0,1),(34078,NULL,'2051-04',2051,4,'2051-04-01','2051-04-30',NULL,NULL,40802,0,NULL,1,0,0,1),(34079,NULL,'2051-05',2051,5,'2051-05-01','2051-05-31',NULL,NULL,40802,0,NULL,1,0,0,1),(34080,NULL,'2051-06',2051,6,'2051-06-01','2051-06-30',NULL,NULL,40802,0,NULL,1,0,0,1),(34081,NULL,'2051-07',2051,7,'2051-07-01','2051-07-31',NULL,NULL,40802,0,NULL,1,0,0,1),(34082,NULL,'2051-08',2051,8,'2051-08-01','2051-08-31',NULL,NULL,40802,0,NULL,1,0,0,1),(34083,NULL,'2051-09',2051,9,'2051-09-01','2051-09-30',NULL,NULL,40802,0,NULL,1,0,0,1),(34084,NULL,'2051-10',2051,10,'2051-10-01','2051-10-31',NULL,NULL,40802,0,NULL,1,0,0,1),(34085,NULL,'2051-11',2051,11,'2051-11-01','2051-11-30',NULL,NULL,40802,0,NULL,1,0,0,1),(34086,NULL,'2051-12',2051,12,'2051-12-01','2051-12-31',NULL,NULL,40802,0,NULL,1,0,0,1),(34090,NULL,'2052-01',2052,1,'2052-01-01','2052-01-31',NULL,NULL,40802,0,NULL,1,0,0,1),(34091,NULL,'2052-02',2052,2,'2052-02-01','2052-02-28',NULL,NULL,40802,0,NULL,1,0,0,1),(34092,NULL,'2052-03',2052,3,'2052-03-01','2052-03-31',NULL,NULL,40802,0,NULL,1,0,0,1),(34093,NULL,'2052-04',2052,4,'2052-04-01','2052-04-30',NULL,NULL,40802,0,NULL,1,0,0,1),(34094,NULL,'2052-05',2052,5,'2052-05-01','2052-05-31',NULL,NULL,40802,0,NULL,1,0,0,1),(34095,NULL,'2052-06',2052,6,'2052-06-01','2052-06-30',NULL,NULL,40802,0,NULL,1,0,0,1),(34096,NULL,'2052-07',2052,7,'2052-07-01','2052-07-31',NULL,NULL,40802,0,NULL,1,0,0,1),(34097,NULL,'2052-08',2052,8,'2052-08-01','2052-08-31',NULL,NULL,40802,0,NULL,1,0,0,1),(34098,NULL,'2052-09',2052,9,'2052-09-01','2052-09-30',NULL,NULL,40802,0,NULL,1,0,0,1),(34099,NULL,'2052-10',2052,10,'2052-10-01','2052-10-31',NULL,NULL,40802,0,NULL,1,0,0,1),(34100,NULL,'2052-11',2052,11,'2052-11-01','2052-11-30',NULL,NULL,40802,0,NULL,1,0,0,1),(34101,NULL,'2052-12',2052,12,'2052-12-01','2052-12-31',NULL,NULL,40802,0,NULL,1,0,0,1),(34105,NULL,'2053-01',2053,1,'2053-01-01','2053-01-31',NULL,NULL,40802,0,NULL,1,0,0,1),(34106,NULL,'2053-02',2053,2,'2053-02-01','2053-02-28',NULL,NULL,40802,0,NULL,1,0,0,1),(34107,NULL,'2053-03',2053,3,'2053-03-01','2053-03-31',NULL,NULL,40802,0,NULL,1,0,0,1),(34108,NULL,'2053-04',2053,4,'2053-04-01','2053-04-30',NULL,NULL,40802,0,NULL,1,0,0,1),(34109,NULL,'2053-05',2053,5,'2053-05-01','2053-05-31',NULL,NULL,40802,0,NULL,1,0,0,1),(34110,NULL,'2053-06',2053,6,'2053-06-01','2053-06-30',NULL,NULL,40802,0,NULL,1,0,0,1),(34111,NULL,'2053-07',2053,7,'2053-07-01','2053-07-31',NULL,NULL,40802,0,NULL,1,0,0,1),(34112,NULL,'2053-08',2053,8,'2053-08-01','2053-08-31',NULL,NULL,40802,0,NULL,1,0,0,1),(34113,NULL,'2053-09',2053,9,'2053-09-01','2053-09-30',NULL,NULL,40802,0,NULL,1,0,0,1),(34114,NULL,'2053-10',2053,10,'2053-10-01','2053-10-31',NULL,NULL,40802,0,NULL,1,0,0,1),(34115,NULL,'2053-11',2053,11,'2053-11-01','2053-11-30',NULL,NULL,40802,0,NULL,1,0,0,1),(34116,NULL,'2053-12',2053,12,'2053-12-01','2053-12-31',NULL,NULL,40802,0,NULL,1,0,0,1),(34120,NULL,'2054-01',2054,1,'2054-01-01','2054-01-31',NULL,NULL,40802,0,NULL,1,0,0,1);
INSERT INTO `periods` VALUES (34121,NULL,'2054-02',2054,2,'2054-02-01','2054-02-28',NULL,NULL,40802,0,NULL,1,0,0,1),(34122,NULL,'2054-03',2054,3,'2054-03-01','2054-03-31',NULL,NULL,40802,0,NULL,1,0,0,1),(34123,NULL,'2054-04',2054,4,'2054-04-01','2054-04-30',NULL,NULL,40802,0,NULL,1,0,0,1),(34124,NULL,'2054-05',2054,5,'2054-05-01','2054-05-31',NULL,NULL,40802,0,NULL,1,0,0,1),(34125,NULL,'2054-06',2054,6,'2054-06-01','2054-06-30',NULL,NULL,40802,0,NULL,1,0,0,1),(34126,NULL,'2054-07',2054,7,'2054-07-01','2054-07-31',NULL,NULL,40802,0,NULL,1,0,0,1),(34127,NULL,'2054-08',2054,8,'2054-08-01','2054-08-31',NULL,NULL,40802,0,NULL,1,0,0,1),(34128,NULL,'2054-09',2054,9,'2054-09-01','2054-09-30',NULL,NULL,40802,0,NULL,1,0,0,1),(34129,NULL,'2054-10',2054,10,'2054-10-01','2054-10-31',NULL,NULL,40802,0,NULL,1,0,0,1),(34130,NULL,'2054-11',2054,11,'2054-11-01','2054-11-30',NULL,NULL,40802,0,NULL,1,0,0,1),(34131,NULL,'2054-12',2054,12,'2054-12-01','2054-12-31',NULL,NULL,40802,0,NULL,1,0,0,1),(34135,NULL,'2055-01',2055,1,'2055-01-01','2055-01-31',NULL,NULL,40802,0,NULL,1,0,0,1),(34136,NULL,'2055-02',2055,2,'2055-02-01','2055-02-28',NULL,NULL,40802,0,NULL,1,0,0,1),(34137,NULL,'2055-03',2055,3,'2055-03-01','2055-03-31',NULL,NULL,40802,0,NULL,1,0,0,1),(34138,NULL,'2055-04',2055,4,'2055-04-01','2055-04-30',NULL,NULL,40802,0,NULL,1,0,0,1),(34139,NULL,'2055-05',2055,5,'2055-05-01','2055-05-31',NULL,NULL,40802,0,NULL,1,0,0,1),(34140,NULL,'2055-06',2055,6,'2055-06-01','2055-06-30',NULL,NULL,40802,0,NULL,1,0,0,1),(34141,NULL,'2055-07',2055,7,'2055-07-01','2055-07-31',NULL,NULL,40802,0,NULL,1,0,0,1),(34142,NULL,'2055-08',2055,8,'2055-08-01','2055-08-31',NULL,NULL,40802,0,NULL,1,0,0,1),(34143,NULL,'2055-09',2055,9,'2055-09-01','2055-09-30',NULL,NULL,40802,0,NULL,1,0,0,1),(34144,NULL,'2055-10',2055,10,'2055-10-01','2055-10-31',NULL,NULL,40802,0,NULL,1,0,0,1),(34145,NULL,'2055-11',2055,11,'2055-11-01','2055-11-30',NULL,NULL,40802,0,NULL,1,0,0,1),(34146,NULL,'2055-12',2055,12,'2055-12-01','2055-12-31',NULL,NULL,40802,0,NULL,1,0,0,1),(34150,NULL,'2056-01',2056,1,'2056-01-01','2056-01-31',NULL,NULL,40802,0,NULL,1,0,0,1),(34151,NULL,'2056-02',2056,2,'2056-02-01','2056-02-28',NULL,NULL,40802,0,NULL,1,0,0,1),(34152,NULL,'2056-03',2056,3,'2056-03-01','2056-03-31',NULL,NULL,40802,0,NULL,1,0,0,1),(34153,NULL,'2056-04',2056,4,'2056-04-01','2056-04-30',NULL,NULL,40802,0,NULL,1,0,0,1),(34154,NULL,'2056-05',2056,5,'2056-05-01','2056-05-31',NULL,NULL,40802,0,NULL,1,0,0,1),(34155,NULL,'2056-06',2056,6,'2056-06-01','2056-06-30',NULL,NULL,40802,0,NULL,1,0,0,1),(34156,NULL,'2056-07',2056,7,'2056-07-01','2056-07-31',NULL,NULL,40802,0,NULL,1,0,0,1),(34157,NULL,'2056-08',2056,8,'2056-08-01','2056-08-31',NULL,NULL,40802,0,NULL,1,0,0,1),(34158,NULL,'2056-09',2056,9,'2056-09-01','2056-09-30',NULL,NULL,40802,0,NULL,1,0,0,1),(34159,NULL,'2056-10',2056,10,'2056-10-01','2056-10-31',NULL,NULL,40802,0,NULL,1,0,0,1),(34160,NULL,'2056-11',2056,11,'2056-11-01','2056-11-30',NULL,NULL,40802,0,NULL,1,0,0,1),(34161,NULL,'2056-12',2056,12,'2056-12-01','2056-12-31',NULL,NULL,40802,0,NULL,1,0,0,1),(34165,NULL,'2057-01',2057,1,'2057-01-01','2057-01-31',NULL,NULL,40802,0,NULL,1,0,0,1),(34166,NULL,'2057-02',2057,2,'2057-02-01','2057-02-28',NULL,NULL,40802,0,NULL,1,0,0,1),(34167,NULL,'2057-03',2057,3,'2057-03-01','2057-03-31',NULL,NULL,40802,0,NULL,1,0,0,1),(34168,NULL,'2057-04',2057,4,'2057-04-01','2057-04-30',NULL,NULL,40802,0,NULL,1,0,0,1),(34169,NULL,'2057-05',2057,5,'2057-05-01','2057-05-31',NULL,NULL,40802,0,NULL,1,0,0,1),(34170,NULL,'2057-06',2057,6,'2057-06-01','2057-06-30',NULL,NULL,40802,0,NULL,1,0,0,1),(34171,NULL,'2057-07',2057,7,'2057-07-01','2057-07-31',NULL,NULL,40802,0,NULL,1,0,0,1),(34172,NULL,'2057-08',2057,8,'2057-08-01','2057-08-31',NULL,NULL,40802,0,NULL,1,0,0,1),(34173,NULL,'2057-09',2057,9,'2057-09-01','2057-09-30',NULL,NULL,40802,0,NULL,1,0,0,1),(34174,NULL,'2057-10',2057,10,'2057-10-01','2057-10-31',NULL,NULL,40802,0,NULL,1,0,0,1),(34175,NULL,'2057-11',2057,11,'2057-11-01','2057-11-30',NULL,NULL,40802,0,NULL,1,0,0,1);
INSERT INTO `periods` VALUES (34176,NULL,'2057-12',2057,12,'2057-12-01','2057-12-31',NULL,NULL,40802,0,NULL,1,0,0,1),(34180,NULL,'2058-01',2058,1,'2058-01-01','2058-01-31',NULL,NULL,40802,0,NULL,1,0,0,1),(34181,NULL,'2058-02',2058,2,'2058-02-01','2058-02-28',NULL,NULL,40802,0,NULL,1,0,0,1),(34182,NULL,'2058-03',2058,3,'2058-03-01','2058-03-31',NULL,NULL,40802,0,NULL,1,0,0,1),(34183,NULL,'2058-04',2058,4,'2058-04-01','2058-04-30',NULL,NULL,40802,0,NULL,1,0,0,1),(34184,NULL,'2058-05',2058,5,'2058-05-01','2058-05-31',NULL,NULL,40802,0,NULL,1,0,0,1),(34185,NULL,'2058-06',2058,6,'2058-06-01','2058-06-30',NULL,NULL,40802,0,NULL,1,0,0,1),(34186,NULL,'2058-07',2058,7,'2058-07-01','2058-07-31',NULL,NULL,40802,0,NULL,1,0,0,1),(34187,NULL,'2058-08',2058,8,'2058-08-01','2058-08-31',NULL,NULL,40802,0,NULL,1,0,0,1),(34188,NULL,'2058-09',2058,9,'2058-09-01','2058-09-30',NULL,NULL,40802,0,NULL,1,0,0,1),(34189,NULL,'2058-10',2058,10,'2058-10-01','2058-10-31',NULL,NULL,40802,0,NULL,1,0,0,1),(34190,NULL,'2058-11',2058,11,'2058-11-01','2058-11-30',NULL,NULL,40802,0,NULL,1,0,0,1),(34191,NULL,'2058-12',2058,12,'2058-12-01','2058-12-31',NULL,NULL,40802,0,NULL,1,0,0,1),(34195,NULL,'2059-01',2059,1,'2059-01-01','2059-01-31',NULL,NULL,40802,0,NULL,1,0,0,1),(34196,NULL,'2059-02',2059,2,'2059-02-01','2059-02-28',NULL,NULL,40802,0,NULL,1,0,0,1),(34197,NULL,'2059-03',2059,3,'2059-03-01','2059-03-31',NULL,NULL,40802,0,NULL,1,0,0,1),(34198,NULL,'2059-04',2059,4,'2059-04-01','2059-04-30',NULL,NULL,40802,0,NULL,1,0,0,1),(34199,NULL,'2059-05',2059,5,'2059-05-01','2059-05-31',NULL,NULL,40802,0,NULL,1,0,0,1),(34200,NULL,'2059-06',2059,6,'2059-06-01','2059-06-30',NULL,NULL,40802,0,NULL,1,0,0,1),(34201,NULL,'2059-07',2059,7,'2059-07-01','2059-07-31',NULL,NULL,40802,0,NULL,1,0,0,1),(34202,NULL,'2059-08',2059,8,'2059-08-01','2059-08-31',NULL,NULL,40802,0,NULL,1,0,0,1),(34203,NULL,'2059-09',2059,9,'2059-09-01','2059-09-30',NULL,NULL,40802,0,NULL,1,0,0,1),(34204,NULL,'2059-10',2059,10,'2059-10-01','2059-10-31',NULL,NULL,40802,0,NULL,1,0,0,1),(34205,NULL,'2059-11',2059,11,'2059-11-01','2059-11-30',NULL,NULL,40802,0,NULL,1,0,0,1),(34206,NULL,'2059-12',2059,12,'2059-12-01','2059-12-31',NULL,NULL,40802,0,NULL,1,0,0,1),(34210,NULL,'2060-01',2060,1,'2060-01-01','2060-01-31',NULL,NULL,40802,0,NULL,1,0,0,1),(34211,NULL,'2060-02',2060,2,'2060-02-01','2060-02-28',NULL,NULL,40802,0,NULL,1,0,0,1),(34212,NULL,'2060-03',2060,3,'2060-03-01','2060-03-31',NULL,NULL,40802,0,NULL,1,0,0,1),(34213,NULL,'2060-04',2060,4,'2060-04-01','2060-04-30',NULL,NULL,40802,0,NULL,1,0,0,1),(34214,NULL,'2060-05',2060,5,'2060-05-01','2060-05-31',NULL,NULL,40802,0,NULL,1,0,0,1),(34215,NULL,'2060-06',2060,6,'2060-06-01','2060-06-30',NULL,NULL,40802,0,NULL,1,0,0,1),(34216,NULL,'2060-07',2060,7,'2060-07-01','2060-07-31',NULL,NULL,40802,0,NULL,1,0,0,1),(34217,NULL,'2060-08',2060,8,'2060-08-01','2060-08-31',NULL,NULL,40802,0,NULL,1,0,0,1),(34218,NULL,'2060-09',2060,9,'2060-09-01','2060-09-30',NULL,NULL,40802,0,NULL,1,0,0,1),(34219,NULL,'2060-10',2060,10,'2060-10-01','2060-10-31',NULL,NULL,40802,0,NULL,1,0,0,1),(34220,NULL,'2060-11',2060,11,'2060-11-01','2060-11-30',NULL,NULL,40802,0,NULL,1,0,0,1),(34221,NULL,'2060-12',2060,12,'2060-12-01','2060-12-31',NULL,NULL,40802,0,NULL,1,0,0,1),(34225,NULL,'2061-01',2061,1,'2061-01-01','2061-01-31',NULL,NULL,40802,0,NULL,1,0,0,1),(34226,NULL,'2061-02',2061,2,'2061-02-01','2061-02-28',NULL,NULL,40802,0,NULL,1,0,0,1),(34227,NULL,'2061-03',2061,3,'2061-03-01','2061-03-31',NULL,NULL,40802,0,NULL,1,0,0,1),(34228,NULL,'2061-04',2061,4,'2061-04-01','2061-04-30',NULL,NULL,40802,0,NULL,1,0,0,1),(34229,NULL,'2061-05',2061,5,'2061-05-01','2061-05-31',NULL,NULL,40802,0,NULL,1,0,0,1),(34230,NULL,'2061-06',2061,6,'2061-06-01','2061-06-30',NULL,NULL,40802,0,NULL,1,0,0,1),(34231,NULL,'2061-07',2061,7,'2061-07-01','2061-07-31',NULL,NULL,40802,0,NULL,1,0,0,1),(34232,NULL,'2061-08',2061,8,'2061-08-01','2061-08-31',NULL,NULL,40802,0,NULL,1,0,0,1),(34233,NULL,'2061-09',2061,9,'2061-09-01','2061-09-30',NULL,NULL,40802,0,NULL,1,0,0,1);
INSERT INTO `periods` VALUES (34234,NULL,'2061-10',2061,10,'2061-10-01','2061-10-31',NULL,NULL,40802,0,NULL,1,0,0,1),(34235,NULL,'2061-11',2061,11,'2061-11-01','2061-11-30',NULL,NULL,40802,0,NULL,1,0,0,1),(34236,NULL,'2061-12',2061,12,'2061-12-01','2061-12-31',NULL,NULL,40802,0,NULL,1,0,0,1),(34240,NULL,'2062-01',2062,1,'2062-01-01','2062-01-31',NULL,NULL,40802,0,NULL,1,0,0,1),(34241,NULL,'2062-02',2062,2,'2062-02-01','2062-02-28',NULL,NULL,40802,0,NULL,1,0,0,1),(34242,NULL,'2062-03',2062,3,'2062-03-01','2062-03-31',NULL,NULL,40802,0,NULL,1,0,0,1),(34243,NULL,'2062-04',2062,4,'2062-04-01','2062-04-30',NULL,NULL,40802,0,NULL,1,0,0,1),(34244,NULL,'2062-05',2062,5,'2062-05-01','2062-05-31',NULL,NULL,40802,0,NULL,1,0,0,1),(34245,NULL,'2062-06',2062,6,'2062-06-01','2062-06-30',NULL,NULL,40802,0,NULL,1,0,0,1),(34246,NULL,'2062-07',2062,7,'2062-07-01','2062-07-31',NULL,NULL,40802,0,NULL,1,0,0,1),(34247,NULL,'2062-08',2062,8,'2062-08-01','2062-08-31',NULL,NULL,40802,0,NULL,1,0,0,1),(34248,NULL,'2062-09',2062,9,'2062-09-01','2062-09-30',NULL,NULL,40802,0,NULL,1,0,0,1),(34249,NULL,'2062-10',2062,10,'2062-10-01','2062-10-31',NULL,NULL,40802,0,NULL,1,0,0,1),(34250,NULL,'2062-11',2062,11,'2062-11-01','2062-11-30',NULL,NULL,40802,0,NULL,1,0,0,1),(34251,NULL,'2062-12',2062,12,'2062-12-01','2062-12-31',NULL,NULL,40802,0,NULL,1,0,0,1),(34255,NULL,'2063-01',2063,1,'2063-01-01','2063-01-31',NULL,NULL,40802,0,NULL,1,0,0,1),(34256,NULL,'2063-02',2063,2,'2063-02-01','2063-02-28',NULL,NULL,40802,0,NULL,1,0,0,1),(34257,NULL,'2063-03',2063,3,'2063-03-01','2063-03-31',NULL,NULL,40802,0,NULL,1,0,0,1),(34258,NULL,'2063-04',2063,4,'2063-04-01','2063-04-30',NULL,NULL,40802,0,NULL,1,0,0,1),(34259,NULL,'2063-05',2063,5,'2063-05-01','2063-05-31',NULL,NULL,40802,0,NULL,1,0,0,1),(34260,NULL,'2063-06',2063,6,'2063-06-01','2063-06-30',NULL,NULL,40802,0,NULL,1,0,0,1),(34261,NULL,'2063-07',2063,7,'2063-07-01','2063-07-31',NULL,NULL,40802,0,NULL,1,0,0,1),(34262,NULL,'2063-08',2063,8,'2063-08-01','2063-08-31',NULL,NULL,40802,0,NULL,1,0,0,1),(34263,NULL,'2063-09',2063,9,'2063-09-01','2063-09-30',NULL,NULL,40802,0,NULL,1,0,0,1),(34264,NULL,'2063-10',2063,10,'2063-10-01','2063-10-31',NULL,NULL,40802,0,NULL,1,0,0,1),(34265,NULL,'2063-11',2063,11,'2063-11-01','2063-11-30',NULL,NULL,40802,0,NULL,1,0,0,1),(34266,NULL,'2063-12',2063,12,'2063-12-01','2063-12-31',NULL,NULL,40802,0,NULL,1,0,0,1),(34270,NULL,'2064-01',2064,1,'2064-01-01','2064-01-31',NULL,NULL,40802,0,NULL,1,0,0,1),(34271,NULL,'2064-02',2064,2,'2064-02-01','2064-02-28',NULL,NULL,40802,0,NULL,1,0,0,1),(34272,NULL,'2064-03',2064,3,'2064-03-01','2064-03-31',NULL,NULL,40802,0,NULL,1,0,0,1),(34273,NULL,'2064-04',2064,4,'2064-04-01','2064-04-30',NULL,NULL,40802,0,NULL,1,0,0,1),(34274,NULL,'2064-05',2064,5,'2064-05-01','2064-05-31',NULL,NULL,40802,0,NULL,1,0,0,1),(34275,NULL,'2064-06',2064,6,'2064-06-01','2064-06-30',NULL,NULL,40802,0,NULL,1,0,0,1),(34276,NULL,'2064-07',2064,7,'2064-07-01','2064-07-31',NULL,NULL,40802,0,NULL,1,0,0,1),(34277,NULL,'2064-08',2064,8,'2064-08-01','2064-08-31',NULL,NULL,40802,0,NULL,1,0,0,1),(34278,NULL,'2064-09',2064,9,'2064-09-01','2064-09-30',NULL,NULL,40802,0,NULL,1,0,0,1),(34279,NULL,'2064-10',2064,10,'2064-10-01','2064-10-31',NULL,NULL,40802,0,NULL,1,0,0,1),(34280,NULL,'2064-11',2064,11,'2064-11-01','2064-11-30',NULL,NULL,40802,0,NULL,1,0,0,1),(34281,NULL,'2064-12',2064,12,'2064-12-01','2064-12-31',NULL,NULL,40802,0,NULL,1,0,0,1),(34285,NULL,'2065-01',2065,1,'2065-01-01','2065-01-31',NULL,NULL,40802,0,NULL,1,0,0,1),(34286,NULL,'2065-02',2065,2,'2065-02-01','2065-02-28',NULL,NULL,40802,0,NULL,1,0,0,1),(34287,NULL,'2065-03',2065,3,'2065-03-01','2065-03-31',NULL,NULL,40802,0,NULL,1,0,0,1),(34288,NULL,'2065-04',2065,4,'2065-04-01','2065-04-30',NULL,NULL,40802,0,NULL,1,0,0,1),(34289,NULL,'2065-05',2065,5,'2065-05-01','2065-05-31',NULL,NULL,40802,0,NULL,1,0,0,1),(34290,NULL,'2065-06',2065,6,'2065-06-01','2065-06-30',NULL,NULL,40802,0,NULL,1,0,0,1),(34291,NULL,'2065-07',2065,7,'2065-07-01','2065-07-31',NULL,NULL,40802,0,NULL,1,0,0,1);
INSERT INTO `periods` VALUES (34292,NULL,'2065-08',2065,8,'2065-08-01','2065-08-31',NULL,NULL,40802,0,NULL,1,0,0,1),(34293,NULL,'2065-09',2065,9,'2065-09-01','2065-09-30',NULL,NULL,40802,0,NULL,1,0,0,1),(34294,NULL,'2065-10',2065,10,'2065-10-01','2065-10-31',NULL,NULL,40802,0,NULL,1,0,0,1),(34295,NULL,'2065-11',2065,11,'2065-11-01','2065-11-30',NULL,NULL,40802,0,NULL,1,0,0,1),(34296,NULL,'2065-12',2065,12,'2065-12-01','2065-12-31',NULL,NULL,40802,0,NULL,1,0,0,1),(34300,NULL,'2066-01',2066,1,'2066-01-01','2066-01-31',NULL,NULL,40802,0,NULL,1,0,0,1),(34301,NULL,'2066-02',2066,2,'2066-02-01','2066-02-28',NULL,NULL,40802,0,NULL,1,0,0,1),(34302,NULL,'2066-03',2066,3,'2066-03-01','2066-03-31',NULL,NULL,40802,0,NULL,1,0,0,1),(34303,NULL,'2066-04',2066,4,'2066-04-01','2066-04-30',NULL,NULL,40802,0,NULL,1,0,0,1),(34304,NULL,'2066-05',2066,5,'2066-05-01','2066-05-31',NULL,NULL,40802,0,NULL,1,0,0,1),(34305,NULL,'2066-06',2066,6,'2066-06-01','2066-06-30',NULL,NULL,40802,0,NULL,1,0,0,1),(34306,NULL,'2066-07',2066,7,'2066-07-01','2066-07-31',NULL,NULL,40802,0,NULL,1,0,0,1),(34307,NULL,'2066-08',2066,8,'2066-08-01','2066-08-31',NULL,NULL,40802,0,NULL,1,0,0,1),(34308,NULL,'2066-09',2066,9,'2066-09-01','2066-09-30',NULL,NULL,40802,0,NULL,1,0,0,1),(34309,NULL,'2066-10',2066,10,'2066-10-01','2066-10-31',NULL,NULL,40802,0,NULL,1,0,0,1),(34310,NULL,'2066-11',2066,11,'2066-11-01','2066-11-30',NULL,NULL,40802,0,NULL,1,0,0,1),(34311,NULL,'2066-12',2066,12,'2066-12-01','2066-12-31',NULL,NULL,40802,0,NULL,1,0,0,1),(34315,NULL,'2067-01',2067,1,'2067-01-01','2067-01-31',NULL,NULL,40802,0,NULL,1,0,0,1),(34316,NULL,'2067-02',2067,2,'2067-02-01','2067-02-28',NULL,NULL,40802,0,NULL,1,0,0,1),(34317,NULL,'2067-03',2067,3,'2067-03-01','2067-03-31',NULL,NULL,40802,0,NULL,1,0,0,1),(34318,NULL,'2067-04',2067,4,'2067-04-01','2067-04-30',NULL,NULL,40802,0,NULL,1,0,0,1),(34319,NULL,'2067-05',2067,5,'2067-05-01','2067-05-31',NULL,NULL,40802,0,NULL,1,0,0,1),(34320,NULL,'2067-06',2067,6,'2067-06-01','2067-06-30',NULL,NULL,40802,0,NULL,1,0,0,1),(34321,NULL,'2067-07',2067,7,'2067-07-01','2067-07-31',NULL,NULL,40802,0,NULL,1,0,0,1),(34322,NULL,'2067-08',2067,8,'2067-08-01','2067-08-31',NULL,NULL,40802,0,NULL,1,0,0,1),(34323,NULL,'2067-09',2067,9,'2067-09-01','2067-09-30',NULL,NULL,40802,0,NULL,1,0,0,1),(34324,NULL,'2067-10',2067,10,'2067-10-01','2067-10-31',NULL,NULL,40802,0,NULL,1,0,0,1),(34325,NULL,'2067-11',2067,11,'2067-11-01','2067-11-30',NULL,NULL,40802,0,NULL,1,0,0,1),(34326,NULL,'2067-12',2067,12,'2067-12-01','2067-12-31',NULL,NULL,40802,0,NULL,1,0,0,1),(34330,NULL,'2068-01',2068,1,'2068-01-01','2068-01-31',NULL,NULL,40802,0,NULL,1,0,0,1),(34331,NULL,'2068-02',2068,2,'2068-02-01','2068-02-28',NULL,NULL,40802,0,NULL,1,0,0,1),(34332,NULL,'2068-03',2068,3,'2068-03-01','2068-03-31',NULL,NULL,40802,0,NULL,1,0,0,1),(34333,NULL,'2068-04',2068,4,'2068-04-01','2068-04-30',NULL,NULL,40802,0,NULL,1,0,0,1),(34334,NULL,'2068-05',2068,5,'2068-05-01','2068-05-31',NULL,NULL,40802,0,NULL,1,0,0,1),(34335,NULL,'2068-06',2068,6,'2068-06-01','2068-06-30',NULL,NULL,40802,0,NULL,1,0,0,1),(34336,NULL,'2068-07',2068,7,'2068-07-01','2068-07-31',NULL,NULL,40802,0,NULL,1,0,0,1),(34337,NULL,'2068-08',2068,8,'2068-08-01','2068-08-31',NULL,NULL,40802,0,NULL,1,0,0,1),(34338,NULL,'2068-09',2068,9,'2068-09-01','2068-09-30',NULL,NULL,40802,0,NULL,1,0,0,1),(34339,NULL,'2068-10',2068,10,'2068-10-01','2068-10-31',NULL,NULL,40802,0,NULL,1,0,0,1),(34340,NULL,'2068-11',2068,11,'2068-11-01','2068-11-30',NULL,NULL,40802,0,NULL,1,0,0,1),(34341,NULL,'2068-12',2068,12,'2068-12-01','2068-12-31',NULL,NULL,40802,0,NULL,1,0,0,1),(34345,NULL,'2069-01',2069,1,'2069-01-01','2069-01-31',NULL,NULL,40802,0,NULL,1,0,0,1),(34346,NULL,'2069-02',2069,2,'2069-02-01','2069-02-28',NULL,NULL,40802,0,NULL,1,0,0,1),(34347,NULL,'2069-03',2069,3,'2069-03-01','2069-03-31',NULL,NULL,40802,0,NULL,1,0,0,1),(34348,NULL,'2069-04',2069,4,'2069-04-01','2069-04-30',NULL,NULL,40802,0,NULL,1,0,0,1),(34349,NULL,'2069-05',2069,5,'2069-05-01','2069-05-31',NULL,NULL,40802,0,NULL,1,0,0,1);
INSERT INTO `periods` VALUES (34350,NULL,'2069-06',2069,6,'2069-06-01','2069-06-30',NULL,NULL,40802,0,NULL,1,0,0,1),(34351,NULL,'2069-07',2069,7,'2069-07-01','2069-07-31',NULL,NULL,40802,0,NULL,1,0,0,1),(34352,NULL,'2069-08',2069,8,'2069-08-01','2069-08-31',NULL,NULL,40802,0,NULL,1,0,0,1),(34353,NULL,'2069-09',2069,9,'2069-09-01','2069-09-30',NULL,NULL,40802,0,NULL,1,0,0,1),(34354,NULL,'2069-10',2069,10,'2069-10-01','2069-10-31',NULL,NULL,40802,0,NULL,1,0,0,1),(34355,NULL,'2069-11',2069,11,'2069-11-01','2069-11-30',NULL,NULL,40802,0,NULL,1,0,0,1),(34356,NULL,'2069-12',2069,12,'2069-12-01','2069-12-31',NULL,NULL,40802,0,NULL,1,0,0,1),(34360,NULL,'2070-01',2070,1,'2070-01-01','2070-01-31',NULL,NULL,40802,0,NULL,1,0,0,1),(34361,NULL,'2070-02',2070,2,'2070-02-01','2070-02-28',NULL,NULL,40802,0,NULL,1,0,0,1),(34362,NULL,'2070-03',2070,3,'2070-03-01','2070-03-31',NULL,NULL,40802,0,NULL,1,0,0,1),(34363,NULL,'2070-04',2070,4,'2070-04-01','2070-04-30',NULL,NULL,40802,0,NULL,1,0,0,1),(34364,NULL,'2070-05',2070,5,'2070-05-01','2070-05-31',NULL,NULL,40802,0,NULL,1,0,0,1),(34365,NULL,'2070-06',2070,6,'2070-06-01','2070-06-30',NULL,NULL,40802,0,NULL,1,0,0,1),(34366,NULL,'2070-07',2070,7,'2070-07-01','2070-07-31',NULL,NULL,40802,0,NULL,1,0,0,1),(34367,NULL,'2070-08',2070,8,'2070-08-01','2070-08-31',NULL,NULL,40802,0,NULL,1,0,0,1),(34368,NULL,'2070-09',2070,9,'2070-09-01','2070-09-30',NULL,NULL,40802,0,NULL,1,0,0,1),(34369,NULL,'2070-10',2070,10,'2070-10-01','2070-10-31',NULL,NULL,40802,0,NULL,1,0,0,1),(34370,NULL,'2070-11',2070,11,'2070-11-01','2070-11-30',NULL,NULL,40802,0,NULL,1,0,0,1),(34371,NULL,'2070-12',2070,12,'2070-12-01','2070-12-31',NULL,NULL,40802,0,NULL,1,0,0,1),(34375,NULL,'2071-01',2071,1,'2071-01-01','2071-01-31',NULL,NULL,40802,0,NULL,1,0,0,1),(34376,NULL,'2071-02',2071,2,'2071-02-01','2071-02-28',NULL,NULL,40802,0,NULL,1,0,0,1),(34377,NULL,'2071-03',2071,3,'2071-03-01','2071-03-31',NULL,NULL,40802,0,NULL,1,0,0,1),(34378,NULL,'2071-04',2071,4,'2071-04-01','2071-04-30',NULL,NULL,40802,0,NULL,1,0,0,1),(34379,NULL,'2071-05',2071,5,'2071-05-01','2071-05-31',NULL,NULL,40802,0,NULL,1,0,0,1),(34380,NULL,'2071-06',2071,6,'2071-06-01','2071-06-30',NULL,NULL,40802,0,NULL,1,0,0,1),(34381,NULL,'2071-07',2071,7,'2071-07-01','2071-07-31',NULL,NULL,40802,0,NULL,1,0,0,1),(34382,NULL,'2071-08',2071,8,'2071-08-01','2071-08-31',NULL,NULL,40802,0,NULL,1,0,0,1),(34383,NULL,'2071-09',2071,9,'2071-09-01','2071-09-30',NULL,NULL,40802,0,NULL,1,0,0,1),(34384,NULL,'2071-10',2071,10,'2071-10-01','2071-10-31',NULL,NULL,40802,0,NULL,1,0,0,1),(34385,NULL,'2071-11',2071,11,'2071-11-01','2071-11-30',NULL,NULL,40802,0,NULL,1,0,0,1),(34386,NULL,'2071-12',2071,12,'2071-12-01','2071-12-31',NULL,NULL,40802,0,NULL,1,0,0,1),(34390,NULL,'2072-01',2072,1,'2072-01-01','2072-01-31',NULL,NULL,40802,0,NULL,1,0,0,1),(34391,NULL,'2072-02',2072,2,'2072-02-01','2072-02-28',NULL,NULL,40802,0,NULL,1,0,0,1),(34392,NULL,'2072-03',2072,3,'2072-03-01','2072-03-31',NULL,NULL,40802,0,NULL,1,0,0,1),(34393,NULL,'2072-04',2072,4,'2072-04-01','2072-04-30',NULL,NULL,40802,0,NULL,1,0,0,1),(34394,NULL,'2072-05',2072,5,'2072-05-01','2072-05-31',NULL,NULL,40802,0,NULL,1,0,0,1),(34395,NULL,'2072-06',2072,6,'2072-06-01','2072-06-30',NULL,NULL,40802,0,NULL,1,0,0,1),(34396,NULL,'2072-07',2072,7,'2072-07-01','2072-07-31',NULL,NULL,40802,0,NULL,1,0,0,1),(34397,NULL,'2072-08',2072,8,'2072-08-01','2072-08-31',NULL,NULL,40802,0,NULL,1,0,0,1),(34398,NULL,'2072-09',2072,9,'2072-09-01','2072-09-30',NULL,NULL,40802,0,NULL,1,0,0,1),(34399,NULL,'2072-10',2072,10,'2072-10-01','2072-10-31',NULL,NULL,40802,0,NULL,1,0,0,1),(34400,NULL,'2072-11',2072,11,'2072-11-01','2072-11-30',NULL,NULL,40802,0,NULL,1,0,0,1),(34401,NULL,'2072-12',2072,12,'2072-12-01','2072-12-31',NULL,NULL,40802,0,NULL,1,0,0,1),(34405,NULL,'2073-01',2073,1,'2073-01-01','2073-01-31',NULL,NULL,40802,0,NULL,1,0,0,1),(34406,NULL,'2073-02',2073,2,'2073-02-01','2073-02-28',NULL,NULL,40802,0,NULL,1,0,0,1),(34407,NULL,'2073-03',2073,3,'2073-03-01','2073-03-31',NULL,NULL,40802,0,NULL,1,0,0,1);
INSERT INTO `periods` VALUES (34408,NULL,'2073-04',2073,4,'2073-04-01','2073-04-30',NULL,NULL,40802,0,NULL,1,0,0,1),(34409,NULL,'2073-05',2073,5,'2073-05-01','2073-05-31',NULL,NULL,40802,0,NULL,1,0,0,1),(34410,NULL,'2073-06',2073,6,'2073-06-01','2073-06-30',NULL,NULL,40802,0,NULL,1,0,0,1),(34411,NULL,'2073-07',2073,7,'2073-07-01','2073-07-31',NULL,NULL,40802,0,NULL,1,0,0,1),(34412,NULL,'2073-08',2073,8,'2073-08-01','2073-08-31',NULL,NULL,40802,0,NULL,1,0,0,1),(34413,NULL,'2073-09',2073,9,'2073-09-01','2073-09-30',NULL,NULL,40802,0,NULL,1,0,0,1),(34414,NULL,'2073-10',2073,10,'2073-10-01','2073-10-31',NULL,NULL,40802,0,NULL,1,0,0,1),(34415,NULL,'2073-11',2073,11,'2073-11-01','2073-11-30',NULL,NULL,40802,0,NULL,1,0,0,1),(34416,NULL,'2073-12',2073,12,'2073-12-01','2073-12-31',NULL,NULL,40802,0,NULL,1,0,0,1),(34420,NULL,'2074-01',2074,1,'2074-01-01','2074-01-31',NULL,NULL,40802,0,NULL,1,0,0,1),(34421,NULL,'2074-02',2074,2,'2074-02-01','2074-02-28',NULL,NULL,40802,0,NULL,1,0,0,1),(34422,NULL,'2074-03',2074,3,'2074-03-01','2074-03-31',NULL,NULL,40802,0,NULL,1,0,0,1),(34423,NULL,'2074-04',2074,4,'2074-04-01','2074-04-30',NULL,NULL,40802,0,NULL,1,0,0,1),(34424,NULL,'2074-05',2074,5,'2074-05-01','2074-05-31',NULL,NULL,40802,0,NULL,1,0,0,1),(34425,NULL,'2074-06',2074,6,'2074-06-01','2074-06-30',NULL,NULL,40802,0,NULL,1,0,0,1),(34426,NULL,'2074-07',2074,7,'2074-07-01','2074-07-31',NULL,NULL,40802,0,NULL,1,0,0,1),(34427,NULL,'2074-08',2074,8,'2074-08-01','2074-08-31',NULL,NULL,40802,0,NULL,1,0,0,1),(34428,NULL,'2074-09',2074,9,'2074-09-01','2074-09-30',NULL,NULL,40802,0,NULL,1,0,0,1),(34429,NULL,'2074-10',2074,10,'2074-10-01','2074-10-31',NULL,NULL,40802,0,NULL,1,0,0,1),(34430,NULL,'2074-11',2074,11,'2074-11-01','2074-11-30',NULL,NULL,40802,0,NULL,1,0,0,1),(34431,NULL,'2074-12',2074,12,'2074-12-01','2074-12-31',NULL,NULL,40802,0,NULL,1,0,0,1),(34435,NULL,'2075-01',2075,1,'2075-01-01','2075-01-31',NULL,NULL,40802,0,NULL,1,0,0,1),(34436,NULL,'2075-02',2075,2,'2075-02-01','2075-02-28',NULL,NULL,40802,0,NULL,1,0,0,1),(34437,NULL,'2075-03',2075,3,'2075-03-01','2075-03-31',NULL,NULL,40802,0,NULL,1,0,0,1),(34438,NULL,'2075-04',2075,4,'2075-04-01','2075-04-30',NULL,NULL,40802,0,NULL,1,0,0,1),(34439,NULL,'2075-05',2075,5,'2075-05-01','2075-05-31',NULL,NULL,40802,0,NULL,1,0,0,1),(34440,NULL,'2075-06',2075,6,'2075-06-01','2075-06-30',NULL,NULL,40802,0,NULL,1,0,0,1),(34441,NULL,'2075-07',2075,7,'2075-07-01','2075-07-31',NULL,NULL,40802,0,NULL,1,0,0,1),(34442,NULL,'2075-08',2075,8,'2075-08-01','2075-08-31',NULL,NULL,40802,0,NULL,1,0,0,1),(34443,NULL,'2075-09',2075,9,'2075-09-01','2075-09-30',NULL,NULL,40802,0,NULL,1,0,0,1),(34444,NULL,'2075-10',2075,10,'2075-10-01','2075-10-31',NULL,NULL,40802,0,NULL,1,0,0,1),(34445,NULL,'2075-11',2075,11,'2075-11-01','2075-11-30',NULL,NULL,40802,0,NULL,1,0,0,1),(34446,NULL,'2075-12',2075,12,'2075-12-01','2075-12-31',NULL,NULL,40802,0,NULL,1,0,0,1),(34450,NULL,'2076-01',2076,1,'2076-01-01','2076-01-31',NULL,NULL,40802,0,NULL,1,0,0,1),(34451,NULL,'2076-02',2076,2,'2076-02-01','2076-02-28',NULL,NULL,40802,0,NULL,1,0,0,1),(34452,NULL,'2076-03',2076,3,'2076-03-01','2076-03-31',NULL,NULL,40802,0,NULL,1,0,0,1),(34453,NULL,'2076-04',2076,4,'2076-04-01','2076-04-30',NULL,NULL,40802,0,NULL,1,0,0,1),(34454,NULL,'2076-05',2076,5,'2076-05-01','2076-05-31',NULL,NULL,40802,0,NULL,1,0,0,1),(34455,NULL,'2076-06',2076,6,'2076-06-01','2076-06-30',NULL,NULL,40802,0,NULL,1,0,0,1),(34456,NULL,'2076-07',2076,7,'2076-07-01','2076-07-31',NULL,NULL,40802,0,NULL,1,0,0,1),(34457,NULL,'2076-08',2076,8,'2076-08-01','2076-08-31',NULL,NULL,40802,0,NULL,1,0,0,1),(34458,NULL,'2076-09',2076,9,'2076-09-01','2076-09-30',NULL,NULL,40802,0,NULL,1,0,0,1),(34459,NULL,'2076-10',2076,10,'2076-10-01','2076-10-31',NULL,NULL,40802,0,NULL,1,0,0,1),(34460,NULL,'2076-11',2076,11,'2076-11-01','2076-11-30',NULL,NULL,40802,0,NULL,1,0,0,1),(34461,NULL,'2076-12',2076,12,'2076-12-01','2076-12-31',NULL,NULL,40802,0,NULL,1,0,0,1),(34465,NULL,'2077-01',2077,1,'2077-01-01','2077-01-31',NULL,NULL,40802,0,NULL,1,0,0,1);
INSERT INTO `periods` VALUES (34466,NULL,'2077-02',2077,2,'2077-02-01','2077-02-28',NULL,NULL,40802,0,NULL,1,0,0,1),(34467,NULL,'2077-03',2077,3,'2077-03-01','2077-03-31',NULL,NULL,40802,0,NULL,1,0,0,1),(34468,NULL,'2077-04',2077,4,'2077-04-01','2077-04-30',NULL,NULL,40802,0,NULL,1,0,0,1),(34469,NULL,'2077-05',2077,5,'2077-05-01','2077-05-31',NULL,NULL,40802,0,NULL,1,0,0,1),(34470,NULL,'2077-06',2077,6,'2077-06-01','2077-06-30',NULL,NULL,40802,0,NULL,1,0,0,1),(34471,NULL,'2077-07',2077,7,'2077-07-01','2077-07-31',NULL,NULL,40802,0,NULL,1,0,0,1),(34472,NULL,'2077-08',2077,8,'2077-08-01','2077-08-31',NULL,NULL,40802,0,NULL,1,0,0,1),(34473,NULL,'2077-09',2077,9,'2077-09-01','2077-09-30',NULL,NULL,40802,0,NULL,1,0,0,1),(34474,NULL,'2077-10',2077,10,'2077-10-01','2077-10-31',NULL,NULL,40802,0,NULL,1,0,0,1),(34475,NULL,'2077-11',2077,11,'2077-11-01','2077-11-30',NULL,NULL,40802,0,NULL,1,0,0,1),(34476,NULL,'2077-12',2077,12,'2077-12-01','2077-12-31',NULL,NULL,40802,0,NULL,1,0,0,1),(34480,NULL,'2078-01',2078,1,'2078-01-01','2078-01-31',NULL,NULL,40802,0,NULL,1,0,0,1),(34481,NULL,'2078-02',2078,2,'2078-02-01','2078-02-28',NULL,NULL,40802,0,NULL,1,0,0,1),(34482,NULL,'2078-03',2078,3,'2078-03-01','2078-03-31',NULL,NULL,40802,0,NULL,1,0,0,1),(34483,NULL,'2078-04',2078,4,'2078-04-01','2078-04-30',NULL,NULL,40802,0,NULL,1,0,0,1),(34484,NULL,'2078-05',2078,5,'2078-05-01','2078-05-31',NULL,NULL,40802,0,NULL,1,0,0,1),(34485,NULL,'2078-06',2078,6,'2078-06-01','2078-06-30',NULL,NULL,40802,0,NULL,1,0,0,1),(34486,NULL,'2078-07',2078,7,'2078-07-01','2078-07-31',NULL,NULL,40802,0,NULL,1,0,0,1),(34487,NULL,'2078-08',2078,8,'2078-08-01','2078-08-31',NULL,NULL,40802,0,NULL,1,0,0,1),(34488,NULL,'2078-09',2078,9,'2078-09-01','2078-09-30',NULL,NULL,40802,0,NULL,1,0,0,1),(34489,NULL,'2078-10',2078,10,'2078-10-01','2078-10-31',NULL,NULL,40802,0,NULL,1,0,0,1),(34490,NULL,'2078-11',2078,11,'2078-11-01','2078-11-30',NULL,NULL,40802,0,NULL,1,0,0,1),(34491,NULL,'2078-12',2078,12,'2078-12-01','2078-12-31',NULL,NULL,40802,0,NULL,1,0,0,1),(34495,NULL,'2079-01',2079,1,'2079-01-01','2079-01-31',NULL,NULL,40802,0,NULL,1,0,0,1),(34496,NULL,'2079-02',2079,2,'2079-02-01','2079-02-28',NULL,NULL,40802,0,NULL,1,0,0,1),(34497,NULL,'2079-03',2079,3,'2079-03-01','2079-03-31',NULL,NULL,40802,0,NULL,1,0,0,1),(34498,NULL,'2079-04',2079,4,'2079-04-01','2079-04-30',NULL,NULL,40802,0,NULL,1,0,0,1),(34499,NULL,'2079-05',2079,5,'2079-05-01','2079-05-31',NULL,NULL,40802,0,NULL,1,0,0,1),(34500,NULL,'2079-06',2079,6,'2079-06-01','2079-06-30',NULL,NULL,40802,0,NULL,1,0,0,1),(34501,NULL,'2079-07',2079,7,'2079-07-01','2079-07-31',NULL,NULL,40802,0,NULL,1,0,0,1),(34502,NULL,'2079-08',2079,8,'2079-08-01','2079-08-31',NULL,NULL,40802,0,NULL,1,0,0,1),(34503,NULL,'2079-09',2079,9,'2079-09-01','2079-09-30',NULL,NULL,40802,0,NULL,1,0,0,1),(34504,NULL,'2079-10',2079,10,'2079-10-01','2079-10-31',NULL,NULL,40802,0,NULL,1,0,0,1),(34505,NULL,'2079-11',2079,11,'2079-11-01','2079-11-30',NULL,NULL,40802,0,NULL,1,0,0,1),(34506,NULL,'2079-12',2079,12,'2079-12-01','2079-12-31',NULL,NULL,40802,0,NULL,1,0,0,1),(34510,NULL,'2080-01',2080,1,'2080-01-01','2080-01-31',NULL,NULL,40802,0,NULL,1,0,0,1),(34511,NULL,'2080-02',2080,2,'2080-02-01','2080-02-28',NULL,NULL,40802,0,NULL,1,0,0,1),(34512,NULL,'2080-03',2080,3,'2080-03-01','2080-03-31',NULL,NULL,40802,0,NULL,1,0,0,1),(34513,NULL,'2080-04',2080,4,'2080-04-01','2080-04-30',NULL,NULL,40802,0,NULL,1,0,0,1),(34514,NULL,'2080-05',2080,5,'2080-05-01','2080-05-31',NULL,NULL,40802,0,NULL,1,0,0,1),(34515,NULL,'2080-06',2080,6,'2080-06-01','2080-06-30',NULL,NULL,40802,0,NULL,1,0,0,1),(34516,NULL,'2080-07',2080,7,'2080-07-01','2080-07-31',NULL,NULL,40802,0,NULL,1,0,0,1),(34517,NULL,'2080-08',2080,8,'2080-08-01','2080-08-31',NULL,NULL,40802,0,NULL,1,0,0,1),(34518,NULL,'2080-09',2080,9,'2080-09-01','2080-09-30',NULL,NULL,40802,0,NULL,1,0,0,1),(34519,NULL,'2080-10',2080,10,'2080-10-01','2080-10-31',NULL,NULL,40802,0,NULL,1,0,0,1),(34520,NULL,'2080-11',2080,11,'2080-11-01','2080-11-30',NULL,NULL,40802,0,NULL,1,0,0,1);
INSERT INTO `periods` VALUES (34521,NULL,'2080-12',2080,12,'2080-12-01','2080-12-31',NULL,NULL,40802,0,NULL,1,0,0,1),(34525,NULL,'2081-01',2081,1,'2081-01-01','2081-01-31',NULL,NULL,40802,0,NULL,1,0,0,1),(34526,NULL,'2081-02',2081,2,'2081-02-01','2081-02-28',NULL,NULL,40802,0,NULL,1,0,0,1),(34527,NULL,'2081-03',2081,3,'2081-03-01','2081-03-31',NULL,NULL,40802,0,NULL,1,0,0,1),(34528,NULL,'2081-04',2081,4,'2081-04-01','2081-04-30',NULL,NULL,40802,0,NULL,1,0,0,1),(34529,NULL,'2081-05',2081,5,'2081-05-01','2081-05-31',NULL,NULL,40802,0,NULL,1,0,0,1),(34530,NULL,'2081-06',2081,6,'2081-06-01','2081-06-30',NULL,NULL,40802,0,NULL,1,0,0,1),(34531,NULL,'2081-07',2081,7,'2081-07-01','2081-07-31',NULL,NULL,40802,0,NULL,1,0,0,1),(34532,NULL,'2081-08',2081,8,'2081-08-01','2081-08-31',NULL,NULL,40802,0,NULL,1,0,0,1),(34533,NULL,'2081-09',2081,9,'2081-09-01','2081-09-30',NULL,NULL,40802,0,NULL,1,0,0,1),(34534,NULL,'2081-10',2081,10,'2081-10-01','2081-10-31',NULL,NULL,40802,0,NULL,1,0,0,1),(34535,NULL,'2081-11',2081,11,'2081-11-01','2081-11-30',NULL,NULL,40802,0,NULL,1,0,0,1),(34536,NULL,'2081-12',2081,12,'2081-12-01','2081-12-31',NULL,NULL,40802,0,NULL,1,0,0,1),(34540,NULL,'2082-01',2082,1,'2082-01-01','2082-01-31',NULL,NULL,40802,0,NULL,1,0,0,1),(34541,NULL,'2082-02',2082,2,'2082-02-01','2082-02-28',NULL,NULL,40802,0,NULL,1,0,0,1),(34542,NULL,'2082-03',2082,3,'2082-03-01','2082-03-31',NULL,NULL,40802,0,NULL,1,0,0,1),(34543,NULL,'2082-04',2082,4,'2082-04-01','2082-04-30',NULL,NULL,40802,0,NULL,1,0,0,1),(34544,NULL,'2082-05',2082,5,'2082-05-01','2082-05-31',NULL,NULL,40802,0,NULL,1,0,0,1),(34545,NULL,'2082-06',2082,6,'2082-06-01','2082-06-30',NULL,NULL,40802,0,NULL,1,0,0,1),(34546,NULL,'2082-07',2082,7,'2082-07-01','2082-07-31',NULL,NULL,40802,0,NULL,1,0,0,1),(34547,NULL,'2082-08',2082,8,'2082-08-01','2082-08-31',NULL,NULL,40802,0,NULL,1,0,0,1),(34548,NULL,'2082-09',2082,9,'2082-09-01','2082-09-30',NULL,NULL,40802,0,NULL,1,0,0,1),(34549,NULL,'2082-10',2082,10,'2082-10-01','2082-10-31',NULL,NULL,40802,0,NULL,1,0,0,1),(34550,NULL,'2082-11',2082,11,'2082-11-01','2082-11-30',NULL,NULL,40802,0,NULL,1,0,0,1),(34551,NULL,'2082-12',2082,12,'2082-12-01','2082-12-31',NULL,NULL,40802,0,NULL,1,0,0,1),(34555,NULL,'2083-01',2083,1,'2083-01-01','2083-01-31',NULL,NULL,40802,0,NULL,1,0,0,1),(34556,NULL,'2083-02',2083,2,'2083-02-01','2083-02-28',NULL,NULL,40802,0,NULL,1,0,0,1),(34557,NULL,'2083-03',2083,3,'2083-03-01','2083-03-31',NULL,NULL,40802,0,NULL,1,0,0,1),(34558,NULL,'2083-04',2083,4,'2083-04-01','2083-04-30',NULL,NULL,40802,0,NULL,1,0,0,1),(34559,NULL,'2083-05',2083,5,'2083-05-01','2083-05-31',NULL,NULL,40802,0,NULL,1,0,0,1),(34560,NULL,'2083-06',2083,6,'2083-06-01','2083-06-30',NULL,NULL,40802,0,NULL,1,0,0,1),(34561,NULL,'2083-07',2083,7,'2083-07-01','2083-07-31',NULL,NULL,40802,0,NULL,1,0,0,1),(34562,NULL,'2083-08',2083,8,'2083-08-01','2083-08-31',NULL,NULL,40802,0,NULL,1,0,0,1),(34563,NULL,'2083-09',2083,9,'2083-09-01','2083-09-30',NULL,NULL,40802,0,NULL,1,0,0,1),(34564,NULL,'2083-10',2083,10,'2083-10-01','2083-10-31',NULL,NULL,40802,0,NULL,1,0,0,1),(34565,NULL,'2083-11',2083,11,'2083-11-01','2083-11-30',NULL,NULL,40802,0,NULL,1,0,0,1),(34566,NULL,'2083-12',2083,12,'2083-12-01','2083-12-31',NULL,NULL,40802,0,NULL,1,0,0,1),(34570,NULL,'2084-01',2084,1,'2084-01-01','2084-01-31',NULL,NULL,40802,0,NULL,1,0,0,1),(34571,NULL,'2084-02',2084,2,'2084-02-01','2084-02-28',NULL,NULL,40802,0,NULL,1,0,0,1),(34572,NULL,'2084-03',2084,3,'2084-03-01','2084-03-31',NULL,NULL,40802,0,NULL,1,0,0,1),(34573,NULL,'2084-04',2084,4,'2084-04-01','2084-04-30',NULL,NULL,40802,0,NULL,1,0,0,1),(34574,NULL,'2084-05',2084,5,'2084-05-01','2084-05-31',NULL,NULL,40802,0,NULL,1,0,0,1),(34575,NULL,'2084-06',2084,6,'2084-06-01','2084-06-30',NULL,NULL,40802,0,NULL,1,0,0,1),(34576,NULL,'2084-07',2084,7,'2084-07-01','2084-07-31',NULL,NULL,40802,0,NULL,1,0,0,1),(34577,NULL,'2084-08',2084,8,'2084-08-01','2084-08-31',NULL,NULL,40802,0,NULL,1,0,0,1),(34578,NULL,'2084-09',2084,9,'2084-09-01','2084-09-30',NULL,NULL,40802,0,NULL,1,0,0,1);
INSERT INTO `periods` VALUES (34579,NULL,'2084-10',2084,10,'2084-10-01','2084-10-31',NULL,NULL,40802,0,NULL,1,0,0,1),(34580,NULL,'2084-11',2084,11,'2084-11-01','2084-11-30',NULL,NULL,40802,0,NULL,1,0,0,1),(34581,NULL,'2084-12',2084,12,'2084-12-01','2084-12-31',NULL,NULL,40802,0,NULL,1,0,0,1),(34585,NULL,'2085-01',2085,1,'2085-01-01','2085-01-31',NULL,NULL,40802,0,NULL,1,0,0,1),(34586,NULL,'2085-02',2085,2,'2085-02-01','2085-02-28',NULL,NULL,40802,0,NULL,1,0,0,1),(34587,NULL,'2085-03',2085,3,'2085-03-01','2085-03-31',NULL,NULL,40802,0,NULL,1,0,0,1),(34588,NULL,'2085-04',2085,4,'2085-04-01','2085-04-30',NULL,NULL,40802,0,NULL,1,0,0,1),(34589,NULL,'2085-05',2085,5,'2085-05-01','2085-05-31',NULL,NULL,40802,0,NULL,1,0,0,1),(34590,NULL,'2085-06',2085,6,'2085-06-01','2085-06-30',NULL,NULL,40802,0,NULL,1,0,0,1),(34591,NULL,'2085-07',2085,7,'2085-07-01','2085-07-31',NULL,NULL,40802,0,NULL,1,0,0,1),(34592,NULL,'2085-08',2085,8,'2085-08-01','2085-08-31',NULL,NULL,40802,0,NULL,1,0,0,1),(34593,NULL,'2085-09',2085,9,'2085-09-01','2085-09-30',NULL,NULL,40802,0,NULL,1,0,0,1),(34594,NULL,'2085-10',2085,10,'2085-10-01','2085-10-31',NULL,NULL,40802,0,NULL,1,0,0,1),(34595,NULL,'2085-11',2085,11,'2085-11-01','2085-11-30',NULL,NULL,40802,0,NULL,1,0,0,1),(34596,NULL,'2085-12',2085,12,'2085-12-01','2085-12-31',NULL,NULL,40802,0,NULL,1,0,0,1),(34600,NULL,'2086-01',2086,1,'2086-01-01','2086-01-31',NULL,NULL,40802,0,NULL,1,0,0,1),(34601,NULL,'2086-02',2086,2,'2086-02-01','2086-02-28',NULL,NULL,40802,0,NULL,1,0,0,1),(34602,NULL,'2086-03',2086,3,'2086-03-01','2086-03-31',NULL,NULL,40802,0,NULL,1,0,0,1),(34603,NULL,'2086-04',2086,4,'2086-04-01','2086-04-30',NULL,NULL,40802,0,NULL,1,0,0,1),(34604,NULL,'2086-05',2086,5,'2086-05-01','2086-05-31',NULL,NULL,40802,0,NULL,1,0,0,1),(34605,NULL,'2086-06',2086,6,'2086-06-01','2086-06-30',NULL,NULL,40802,0,NULL,1,0,0,1),(34606,NULL,'2086-07',2086,7,'2086-07-01','2086-07-31',NULL,NULL,40802,0,NULL,1,0,0,1),(34607,NULL,'2086-08',2086,8,'2086-08-01','2086-08-31',NULL,NULL,40802,0,NULL,1,0,0,1),(34608,NULL,'2086-09',2086,9,'2086-09-01','2086-09-30',NULL,NULL,40802,0,NULL,1,0,0,1),(34609,NULL,'2086-10',2086,10,'2086-10-01','2086-10-31',NULL,NULL,40802,0,NULL,1,0,0,1),(34610,NULL,'2086-11',2086,11,'2086-11-01','2086-11-30',NULL,NULL,40802,0,NULL,1,0,0,1),(34611,NULL,'2086-12',2086,12,'2086-12-01','2086-12-31',NULL,NULL,40802,0,NULL,1,0,0,1),(34615,NULL,'2087-01',2087,1,'2087-01-01','2087-01-31',NULL,NULL,40802,0,NULL,1,0,0,1),(34616,NULL,'2087-02',2087,2,'2087-02-01','2087-02-28',NULL,NULL,40802,0,NULL,1,0,0,1),(34617,NULL,'2087-03',2087,3,'2087-03-01','2087-03-31',NULL,NULL,40802,0,NULL,1,0,0,1),(34618,NULL,'2087-04',2087,4,'2087-04-01','2087-04-30',NULL,NULL,40802,0,NULL,1,0,0,1),(34619,NULL,'2087-05',2087,5,'2087-05-01','2087-05-31',NULL,NULL,40802,0,NULL,1,0,0,1),(34620,NULL,'2087-06',2087,6,'2087-06-01','2087-06-30',NULL,NULL,40802,0,NULL,1,0,0,1),(34621,NULL,'2087-07',2087,7,'2087-07-01','2087-07-31',NULL,NULL,40802,0,NULL,1,0,0,1),(34622,NULL,'2087-08',2087,8,'2087-08-01','2087-08-31',NULL,NULL,40802,0,NULL,1,0,0,1),(34623,NULL,'2087-09',2087,9,'2087-09-01','2087-09-30',NULL,NULL,40802,0,NULL,1,0,0,1),(34624,NULL,'2087-10',2087,10,'2087-10-01','2087-10-31',NULL,NULL,40802,0,NULL,1,0,0,1),(34625,NULL,'2087-11',2087,11,'2087-11-01','2087-11-30',NULL,NULL,40802,0,NULL,1,0,0,1),(34626,NULL,'2087-12',2087,12,'2087-12-01','2087-12-31',NULL,NULL,40802,0,NULL,1,0,0,1),(34630,NULL,'2088-01',2088,1,'2088-01-01','2088-01-31',NULL,NULL,40802,0,NULL,1,0,0,1),(34631,NULL,'2088-02',2088,2,'2088-02-01','2088-02-28',NULL,NULL,40802,0,NULL,1,0,0,1),(34632,NULL,'2088-03',2088,3,'2088-03-01','2088-03-31',NULL,NULL,40802,0,NULL,1,0,0,1),(34633,NULL,'2088-04',2088,4,'2088-04-01','2088-04-30',NULL,NULL,40802,0,NULL,1,0,0,1),(34634,NULL,'2088-05',2088,5,'2088-05-01','2088-05-31',NULL,NULL,40802,0,NULL,1,0,0,1),(34635,NULL,'2088-06',2088,6,'2088-06-01','2088-06-30',NULL,NULL,40802,0,NULL,1,0,0,1),(34636,NULL,'2088-07',2088,7,'2088-07-01','2088-07-31',NULL,NULL,40802,0,NULL,1,0,0,1);
INSERT INTO `periods` VALUES (34637,NULL,'2088-08',2088,8,'2088-08-01','2088-08-31',NULL,NULL,40802,0,NULL,1,0,0,1),(34638,NULL,'2088-09',2088,9,'2088-09-01','2088-09-30',NULL,NULL,40802,0,NULL,1,0,0,1),(34639,NULL,'2088-10',2088,10,'2088-10-01','2088-10-31',NULL,NULL,40802,0,NULL,1,0,0,1),(34640,NULL,'2088-11',2088,11,'2088-11-01','2088-11-30',NULL,NULL,40802,0,NULL,1,0,0,1),(34641,NULL,'2088-12',2088,12,'2088-12-01','2088-12-31',NULL,NULL,40802,0,NULL,1,0,0,1),(34645,NULL,'2089-01',2089,1,'2089-01-01','2089-01-31',NULL,NULL,40802,0,NULL,1,0,0,1),(34646,NULL,'2089-02',2089,2,'2089-02-01','2089-02-28',NULL,NULL,40802,0,NULL,1,0,0,1),(34647,NULL,'2089-03',2089,3,'2089-03-01','2089-03-31',NULL,NULL,40802,0,NULL,1,0,0,1),(34648,NULL,'2089-04',2089,4,'2089-04-01','2089-04-30',NULL,NULL,40802,0,NULL,1,0,0,1),(34649,NULL,'2089-05',2089,5,'2089-05-01','2089-05-31',NULL,NULL,40802,0,NULL,1,0,0,1),(34650,NULL,'2089-06',2089,6,'2089-06-01','2089-06-30',NULL,NULL,40802,0,NULL,1,0,0,1),(34651,NULL,'2089-07',2089,7,'2089-07-01','2089-07-31',NULL,NULL,40802,0,NULL,1,0,0,1),(34652,NULL,'2089-08',2089,8,'2089-08-01','2089-08-31',NULL,NULL,40802,0,NULL,1,0,0,1),(34653,NULL,'2089-09',2089,9,'2089-09-01','2089-09-30',NULL,NULL,40802,0,NULL,1,0,0,1),(34654,NULL,'2089-10',2089,10,'2089-10-01','2089-10-31',NULL,NULL,40802,0,NULL,1,0,0,1),(34655,NULL,'2089-11',2089,11,'2089-11-01','2089-11-30',NULL,NULL,40802,0,NULL,1,0,0,1),(34656,NULL,'2089-12',2089,12,'2089-12-01','2089-12-31',NULL,NULL,40802,0,NULL,1,0,0,1),(34660,NULL,'2090-01',2090,1,'2090-01-01','2090-01-31',NULL,NULL,40802,0,NULL,1,0,0,1),(34661,NULL,'2090-02',2090,2,'2090-02-01','2090-02-28',NULL,NULL,40802,0,NULL,1,0,0,1),(34662,NULL,'2090-03',2090,3,'2090-03-01','2090-03-31',NULL,NULL,40802,0,NULL,1,0,0,1),(34663,NULL,'2090-04',2090,4,'2090-04-01','2090-04-30',NULL,NULL,40802,0,NULL,1,0,0,1),(34664,NULL,'2090-05',2090,5,'2090-05-01','2090-05-31',NULL,NULL,40802,0,NULL,1,0,0,1),(34665,NULL,'2090-06',2090,6,'2090-06-01','2090-06-30',NULL,NULL,40802,0,NULL,1,0,0,1),(34666,NULL,'2090-07',2090,7,'2090-07-01','2090-07-31',NULL,NULL,40802,0,NULL,1,0,0,1),(34667,NULL,'2090-08',2090,8,'2090-08-01','2090-08-31',NULL,NULL,40802,0,NULL,1,0,0,1),(34668,NULL,'2090-09',2090,9,'2090-09-01','2090-09-30',NULL,NULL,40802,0,NULL,1,0,0,1),(34669,NULL,'2090-10',2090,10,'2090-10-01','2090-10-31',NULL,NULL,40802,0,NULL,1,0,0,1),(34670,NULL,'2090-11',2090,11,'2090-11-01','2090-11-30',NULL,NULL,40802,0,NULL,1,0,0,1),(34671,NULL,'2090-12',2090,12,'2090-12-01','2090-12-31',NULL,NULL,40802,0,NULL,1,0,0,1),(34675,NULL,'2091-01',2091,1,'2091-01-01','2091-01-31',NULL,NULL,40802,0,NULL,1,0,0,1),(34676,NULL,'2091-02',2091,2,'2091-02-01','2091-02-28',NULL,NULL,40802,0,NULL,1,0,0,1),(34677,NULL,'2091-03',2091,3,'2091-03-01','2091-03-31',NULL,NULL,40802,0,NULL,1,0,0,1),(34678,NULL,'2091-04',2091,4,'2091-04-01','2091-04-30',NULL,NULL,40802,0,NULL,1,0,0,1),(34679,NULL,'2091-05',2091,5,'2091-05-01','2091-05-31',NULL,NULL,40802,0,NULL,1,0,0,1),(34680,NULL,'2091-06',2091,6,'2091-06-01','2091-06-30',NULL,NULL,40802,0,NULL,1,0,0,1),(34681,NULL,'2091-07',2091,7,'2091-07-01','2091-07-31',NULL,NULL,40802,0,NULL,1,0,0,1),(34682,NULL,'2091-08',2091,8,'2091-08-01','2091-08-31',NULL,NULL,40802,0,NULL,1,0,0,1),(34683,NULL,'2091-09',2091,9,'2091-09-01','2091-09-30',NULL,NULL,40802,0,NULL,1,0,0,1),(34684,NULL,'2091-10',2091,10,'2091-10-01','2091-10-31',NULL,NULL,40802,0,NULL,1,0,0,1),(34685,NULL,'2091-11',2091,11,'2091-11-01','2091-11-30',NULL,NULL,40802,0,NULL,1,0,0,1),(34686,NULL,'2091-12',2091,12,'2091-12-01','2091-12-31',NULL,NULL,40802,0,NULL,1,0,0,1),(34690,NULL,'2092-01',2092,1,'2092-01-01','2092-01-31',NULL,NULL,40802,0,NULL,1,0,0,1),(34691,NULL,'2092-02',2092,2,'2092-02-01','2092-02-28',NULL,NULL,40802,0,NULL,1,0,0,1),(34692,NULL,'2092-03',2092,3,'2092-03-01','2092-03-31',NULL,NULL,40802,0,NULL,1,0,0,1),(34693,NULL,'2092-04',2092,4,'2092-04-01','2092-04-30',NULL,NULL,40802,0,NULL,1,0,0,1),(34694,NULL,'2092-05',2092,5,'2092-05-01','2092-05-31',NULL,NULL,40802,0,NULL,1,0,0,1);
INSERT INTO `periods` VALUES (34695,NULL,'2092-06',2092,6,'2092-06-01','2092-06-30',NULL,NULL,40802,0,NULL,1,0,0,1),(34696,NULL,'2092-07',2092,7,'2092-07-01','2092-07-31',NULL,NULL,40802,0,NULL,1,0,0,1),(34697,NULL,'2092-08',2092,8,'2092-08-01','2092-08-31',NULL,NULL,40802,0,NULL,1,0,0,1),(34698,NULL,'2092-09',2092,9,'2092-09-01','2092-09-30',NULL,NULL,40802,0,NULL,1,0,0,1),(34699,NULL,'2092-10',2092,10,'2092-10-01','2092-10-31',NULL,NULL,40802,0,NULL,1,0,0,1),(34700,NULL,'2092-11',2092,11,'2092-11-01','2092-11-30',NULL,NULL,40802,0,NULL,1,0,0,1),(34701,NULL,'2092-12',2092,12,'2092-12-01','2092-12-31',NULL,NULL,40802,0,NULL,1,0,0,1),(34705,NULL,'2093-01',2093,1,'2093-01-01','2093-01-31',NULL,NULL,40802,0,NULL,1,0,0,1),(34706,NULL,'2093-02',2093,2,'2093-02-01','2093-02-28',NULL,NULL,40802,0,NULL,1,0,0,1),(34707,NULL,'2093-03',2093,3,'2093-03-01','2093-03-31',NULL,NULL,40802,0,NULL,1,0,0,1),(34708,NULL,'2093-04',2093,4,'2093-04-01','2093-04-30',NULL,NULL,40802,0,NULL,1,0,0,1),(34709,NULL,'2093-05',2093,5,'2093-05-01','2093-05-31',NULL,NULL,40802,0,NULL,1,0,0,1),(34710,NULL,'2093-06',2093,6,'2093-06-01','2093-06-30',NULL,NULL,40802,0,NULL,1,0,0,1),(34711,NULL,'2093-07',2093,7,'2093-07-01','2093-07-31',NULL,NULL,40802,0,NULL,1,0,0,1),(34712,NULL,'2093-08',2093,8,'2093-08-01','2093-08-31',NULL,NULL,40802,0,NULL,1,0,0,1),(34713,NULL,'2093-09',2093,9,'2093-09-01','2093-09-30',NULL,NULL,40802,0,NULL,1,0,0,1),(34714,NULL,'2093-10',2093,10,'2093-10-01','2093-10-31',NULL,NULL,40802,0,NULL,1,0,0,1),(34715,NULL,'2093-11',2093,11,'2093-11-01','2093-11-30',NULL,NULL,40802,0,NULL,1,0,0,1),(34716,NULL,'2093-12',2093,12,'2093-12-01','2093-12-31',NULL,NULL,40802,0,NULL,1,0,0,1),(34720,NULL,'2094-01',2094,1,'2094-01-01','2094-01-31',NULL,NULL,40802,0,NULL,1,0,0,1),(34721,NULL,'2094-02',2094,2,'2094-02-01','2094-02-28',NULL,NULL,40802,0,NULL,1,0,0,1),(34722,NULL,'2094-03',2094,3,'2094-03-01','2094-03-31',NULL,NULL,40802,0,NULL,1,0,0,1),(34723,NULL,'2094-04',2094,4,'2094-04-01','2094-04-30',NULL,NULL,40802,0,NULL,1,0,0,1),(34724,NULL,'2094-05',2094,5,'2094-05-01','2094-05-31',NULL,NULL,40802,0,NULL,1,0,0,1),(34725,NULL,'2094-06',2094,6,'2094-06-01','2094-06-30',NULL,NULL,40802,0,NULL,1,0,0,1),(34726,NULL,'2094-07',2094,7,'2094-07-01','2094-07-31',NULL,NULL,40802,0,NULL,1,0,0,1),(34727,NULL,'2094-08',2094,8,'2094-08-01','2094-08-31',NULL,NULL,40802,0,NULL,1,0,0,1),(34728,NULL,'2094-09',2094,9,'2094-09-01','2094-09-30',NULL,NULL,40802,0,NULL,1,0,0,1),(34729,NULL,'2094-10',2094,10,'2094-10-01','2094-10-31',NULL,NULL,40802,0,NULL,1,0,0,1),(34730,NULL,'2094-11',2094,11,'2094-11-01','2094-11-30',NULL,NULL,40802,0,NULL,1,0,0,1),(34731,NULL,'2094-12',2094,12,'2094-12-01','2094-12-31',NULL,NULL,40802,0,NULL,1,0,0,1),(34735,NULL,'2095-01',2095,1,'2095-01-01','2095-01-31',NULL,NULL,40802,0,NULL,1,0,0,1),(34736,NULL,'2095-02',2095,2,'2095-02-01','2095-02-28',NULL,NULL,40802,0,NULL,1,0,0,1),(34737,NULL,'2095-03',2095,3,'2095-03-01','2095-03-31',NULL,NULL,40802,0,NULL,1,0,0,1),(34738,NULL,'2095-04',2095,4,'2095-04-01','2095-04-30',NULL,NULL,40802,0,NULL,1,0,0,1),(34739,NULL,'2095-05',2095,5,'2095-05-01','2095-05-31',NULL,NULL,40802,0,NULL,1,0,0,1),(34740,NULL,'2095-06',2095,6,'2095-06-01','2095-06-30',NULL,NULL,40802,0,NULL,1,0,0,1),(34741,NULL,'2095-07',2095,7,'2095-07-01','2095-07-31',NULL,NULL,40802,0,NULL,1,0,0,1),(34742,NULL,'2095-08',2095,8,'2095-08-01','2095-08-31',NULL,NULL,40802,0,NULL,1,0,0,1),(34743,NULL,'2095-09',2095,9,'2095-09-01','2095-09-30',NULL,NULL,40802,0,NULL,1,0,0,1),(34744,NULL,'2095-10',2095,10,'2095-10-01','2095-10-31',NULL,NULL,40802,0,NULL,1,0,0,1),(34745,NULL,'2095-11',2095,11,'2095-11-01','2095-11-30',NULL,NULL,40802,0,NULL,1,0,0,1),(34746,NULL,'2095-12',2095,12,'2095-12-01','2095-12-31',NULL,NULL,40802,0,NULL,1,0,0,1),(34750,NULL,'2096-01',2096,1,'2096-01-01','2096-01-31',NULL,NULL,40802,0,NULL,1,0,0,1),(34751,NULL,'2096-02',2096,2,'2096-02-01','2096-02-28',NULL,NULL,40802,0,NULL,1,0,0,1),(34752,NULL,'2096-03',2096,3,'2096-03-01','2096-03-31',NULL,NULL,40802,0,NULL,1,0,0,1);
INSERT INTO `periods` VALUES (34753,NULL,'2096-04',2096,4,'2096-04-01','2096-04-30',NULL,NULL,40802,0,NULL,1,0,0,1),(34754,NULL,'2096-05',2096,5,'2096-05-01','2096-05-31',NULL,NULL,40802,0,NULL,1,0,0,1),(34755,NULL,'2096-06',2096,6,'2096-06-01','2096-06-30',NULL,NULL,40802,0,NULL,1,0,0,1),(34756,NULL,'2096-07',2096,7,'2096-07-01','2096-07-31',NULL,NULL,40802,0,NULL,1,0,0,1),(34757,NULL,'2096-08',2096,8,'2096-08-01','2096-08-31',NULL,NULL,40802,0,NULL,1,0,0,1),(34758,NULL,'2096-09',2096,9,'2096-09-01','2096-09-30',NULL,NULL,40802,0,NULL,1,0,0,1),(34759,NULL,'2096-10',2096,10,'2096-10-01','2096-10-31',NULL,NULL,40802,0,NULL,1,0,0,1),(34760,NULL,'2096-11',2096,11,'2096-11-01','2096-11-30',NULL,NULL,40802,0,NULL,1,0,0,1),(34761,NULL,'2096-12',2096,12,'2096-12-01','2096-12-31',NULL,NULL,40802,0,NULL,1,0,0,1),(34765,NULL,'2097-01',2097,1,'2097-01-01','2097-01-31',NULL,NULL,40802,0,NULL,1,0,0,1),(34766,NULL,'2097-02',2097,2,'2097-02-01','2097-02-28',NULL,NULL,40802,0,NULL,1,0,0,1),(34767,NULL,'2097-03',2097,3,'2097-03-01','2097-03-31',NULL,NULL,40802,0,NULL,1,0,0,1),(34768,NULL,'2097-04',2097,4,'2097-04-01','2097-04-30',NULL,NULL,40802,0,NULL,1,0,0,1),(34769,NULL,'2097-05',2097,5,'2097-05-01','2097-05-31',NULL,NULL,40802,0,NULL,1,0,0,1),(34770,NULL,'2097-06',2097,6,'2097-06-01','2097-06-30',NULL,NULL,40802,0,NULL,1,0,0,1),(34771,NULL,'2097-07',2097,7,'2097-07-01','2097-07-31',NULL,NULL,40802,0,NULL,1,0,0,1),(34772,NULL,'2097-08',2097,8,'2097-08-01','2097-08-31',NULL,NULL,40802,0,NULL,1,0,0,1),(34773,NULL,'2097-09',2097,9,'2097-09-01','2097-09-30',NULL,NULL,40802,0,NULL,1,0,0,1),(34774,NULL,'2097-10',2097,10,'2097-10-01','2097-10-31',NULL,NULL,40802,0,NULL,1,0,0,1),(34775,NULL,'2097-11',2097,11,'2097-11-01','2097-11-30',NULL,NULL,40802,0,NULL,1,0,0,1),(34776,NULL,'2097-12',2097,12,'2097-12-01','2097-12-31',NULL,NULL,40802,0,NULL,1,0,0,1),(34780,NULL,'2098-01',2098,1,'2098-01-01','2098-01-31',NULL,NULL,40802,0,NULL,1,0,0,1),(34781,NULL,'2098-02',2098,2,'2098-02-01','2098-02-28',NULL,NULL,40802,0,NULL,1,0,0,1),(34782,NULL,'2098-03',2098,3,'2098-03-01','2098-03-31',NULL,NULL,40802,0,NULL,1,0,0,1),(34783,NULL,'2098-04',2098,4,'2098-04-01','2098-04-30',NULL,NULL,40802,0,NULL,1,0,0,1),(34784,NULL,'2098-05',2098,5,'2098-05-01','2098-05-31',NULL,NULL,40802,0,NULL,1,0,0,1),(34785,NULL,'2098-06',2098,6,'2098-06-01','2098-06-30',NULL,NULL,40802,0,NULL,1,0,0,1),(34786,NULL,'2098-07',2098,7,'2098-07-01','2098-07-31',NULL,NULL,40802,0,NULL,1,0,0,1),(34787,NULL,'2098-08',2098,8,'2098-08-01','2098-08-31',NULL,NULL,40802,0,NULL,1,0,0,1),(34788,NULL,'2098-09',2098,9,'2098-09-01','2098-09-30',NULL,NULL,40802,0,NULL,1,0,0,1),(34789,NULL,'2098-10',2098,10,'2098-10-01','2098-10-31',NULL,NULL,40802,0,NULL,1,0,0,1),(34790,NULL,'2098-11',2098,11,'2098-11-01','2098-11-30',NULL,NULL,40802,0,NULL,1,0,0,1),(34791,NULL,'2098-12',2098,12,'2098-12-01','2098-12-31',NULL,NULL,40802,0,NULL,1,0,0,1),(34795,NULL,'2099-01',2099,1,'2099-01-01','2099-01-31',NULL,NULL,40802,0,NULL,1,0,0,1),(34796,NULL,'2099-02',2099,2,'2099-02-01','2099-02-28',NULL,NULL,40802,0,NULL,1,0,0,1),(34797,NULL,'2099-03',2099,3,'2099-03-01','2099-03-31',NULL,NULL,40802,0,NULL,1,0,0,1),(34798,NULL,'2099-04',2099,4,'2099-04-01','2099-04-30',NULL,NULL,40802,0,NULL,1,0,0,1),(34799,NULL,'2099-05',2099,5,'2099-05-01','2099-05-31',NULL,NULL,40802,0,NULL,1,0,0,1),(34800,NULL,'2099-06',2099,6,'2099-06-01','2099-06-30',NULL,NULL,40802,0,NULL,1,0,0,1),(34801,NULL,'2099-07',2099,7,'2099-07-01','2099-07-31',NULL,NULL,40802,0,NULL,1,0,0,1),(34802,NULL,'2099-08',2099,8,'2099-08-01','2099-08-31',NULL,NULL,40802,0,NULL,1,0,0,1),(34803,NULL,'2099-09',2099,9,'2099-09-01','2099-09-30',NULL,NULL,40802,0,NULL,1,0,0,1),(34804,NULL,'2099-10',2099,10,'2099-10-01','2099-10-31',NULL,NULL,40802,0,NULL,1,0,0,1),(34805,NULL,'2099-11',2099,11,'2099-11-01','2099-11-30',NULL,NULL,40802,0,NULL,1,0,0,1),(34806,NULL,'2099-12',2099,12,'2099-12-01','2099-12-31',NULL,NULL,40802,0,NULL,1,0,0,1),(34810,NULL,'2100-01',2100,1,'2100-01-01','2100-01-31',NULL,NULL,40802,0,NULL,1,0,0,1);
INSERT INTO `periods` VALUES (34811,NULL,'2100-02',2100,2,'2100-02-01','2100-02-28',NULL,NULL,40802,0,NULL,1,0,0,1),(34812,NULL,'2100-03',2100,3,'2100-03-01','2100-03-31',NULL,NULL,40802,0,NULL,1,0,0,1),(34813,NULL,'2100-04',2100,4,'2100-04-01','2100-04-30',NULL,NULL,40802,0,NULL,1,0,0,1),(34814,NULL,'2100-05',2100,5,'2100-05-01','2100-05-31',NULL,NULL,40802,0,NULL,1,0,0,1),(34815,NULL,'2100-06',2100,6,'2100-06-01','2100-06-30',NULL,NULL,40802,0,NULL,1,0,0,1),(34816,NULL,'2100-07',2100,7,'2100-07-01','2100-07-31',NULL,NULL,40802,0,NULL,1,0,0,1),(34817,NULL,'2100-08',2100,8,'2100-08-01','2100-08-31',NULL,NULL,40802,0,NULL,1,0,0,1),(34818,NULL,'2100-09',2100,9,'2100-09-01','2100-09-30',NULL,NULL,40802,0,NULL,1,0,0,1),(34819,NULL,'2100-10',2100,10,'2100-10-01','2100-10-31',NULL,NULL,40802,0,NULL,1,0,0,1),(34820,NULL,'2100-11',2100,11,'2100-11-01','2100-11-30',NULL,NULL,40802,0,NULL,1,0,0,1),(34821,NULL,'2100-12',2100,12,'2100-12-01','2100-12-31',NULL,NULL,40802,0,NULL,1,0,0,1),(34825,NULL,'2101-01',2101,1,'2101-01-01','2101-01-31',NULL,NULL,40802,0,NULL,1,0,0,1),(34826,NULL,'2101-02',2101,2,'2101-02-01','2101-02-28',NULL,NULL,40802,0,NULL,1,0,0,1),(34827,NULL,'2101-03',2101,3,'2101-03-01','2101-03-31',NULL,NULL,40802,0,NULL,1,0,0,1),(34828,NULL,'2101-04',2101,4,'2101-04-01','2101-04-30',NULL,NULL,40802,0,NULL,1,0,0,1),(34829,NULL,'2101-05',2101,5,'2101-05-01','2101-05-31',NULL,NULL,40802,0,NULL,1,0,0,1),(34830,NULL,'2101-06',2101,6,'2101-06-01','2101-06-30',NULL,NULL,40802,0,NULL,1,0,0,1),(34831,NULL,'2101-07',2101,7,'2101-07-01','2101-07-31',NULL,NULL,40802,0,NULL,1,0,0,1),(34832,NULL,'2101-08',2101,8,'2101-08-01','2101-08-31',NULL,NULL,40802,0,NULL,1,0,0,1),(34833,NULL,'2101-09',2101,9,'2101-09-01','2101-09-30',NULL,NULL,40802,0,NULL,1,0,0,1),(34834,NULL,'2101-10',2101,10,'2101-10-01','2101-10-31',NULL,NULL,40802,0,NULL,1,0,0,1),(34835,NULL,'2101-11',2101,11,'2101-11-01','2101-11-30',NULL,NULL,40802,0,NULL,1,0,0,1),(34836,NULL,'2101-12',2101,12,'2101-12-01','2101-12-31',NULL,NULL,40802,0,NULL,1,0,0,1),(34840,NULL,'2102-01',2102,1,'2102-01-01','2102-01-31',NULL,NULL,40802,0,NULL,1,0,0,1),(34841,NULL,'2102-02',2102,2,'2102-02-01','2102-02-28',NULL,NULL,40802,0,NULL,1,0,0,1),(34842,NULL,'2102-03',2102,3,'2102-03-01','2102-03-31',NULL,NULL,40802,0,NULL,1,0,0,1),(34843,NULL,'2102-04',2102,4,'2102-04-01','2102-04-30',NULL,NULL,40802,0,NULL,1,0,0,1),(34844,NULL,'2102-05',2102,5,'2102-05-01','2102-05-31',NULL,NULL,40802,0,NULL,1,0,0,1),(34845,NULL,'2102-06',2102,6,'2102-06-01','2102-06-30',NULL,NULL,40802,0,NULL,1,0,0,1),(34846,NULL,'2102-07',2102,7,'2102-07-01','2102-07-31',NULL,NULL,40802,0,NULL,1,0,0,1),(34847,NULL,'2102-08',2102,8,'2102-08-01','2102-08-31',NULL,NULL,40802,0,NULL,1,0,0,1),(34848,NULL,'2102-09',2102,9,'2102-09-01','2102-09-30',NULL,NULL,40802,0,NULL,1,0,0,1),(34849,NULL,'2102-10',2102,10,'2102-10-01','2102-10-31',NULL,NULL,40802,0,NULL,1,0,0,1),(34850,NULL,'2102-11',2102,11,'2102-11-01','2102-11-30',NULL,NULL,40802,0,NULL,1,0,0,1),(34851,NULL,'2102-12',2102,12,'2102-12-01','2102-12-31',NULL,NULL,40802,0,NULL,1,0,0,1),(34855,NULL,'2103-01',2103,1,'2103-01-01','2103-01-31',NULL,NULL,40802,0,NULL,1,0,0,1),(34856,NULL,'2103-02',2103,2,'2103-02-01','2103-02-28',NULL,NULL,40802,0,NULL,1,0,0,1),(34857,NULL,'2103-03',2103,3,'2103-03-01','2103-03-31',NULL,NULL,40802,0,NULL,1,0,0,1),(34858,NULL,'2103-04',2103,4,'2103-04-01','2103-04-30',NULL,NULL,40802,0,NULL,1,0,0,1),(34859,NULL,'2103-05',2103,5,'2103-05-01','2103-05-31',NULL,NULL,40802,0,NULL,1,0,0,1),(34860,NULL,'2103-06',2103,6,'2103-06-01','2103-06-30',NULL,NULL,40802,0,NULL,1,0,0,1),(34861,NULL,'2103-07',2103,7,'2103-07-01','2103-07-31',NULL,NULL,40802,0,NULL,1,0,0,1),(34862,NULL,'2103-08',2103,8,'2103-08-01','2103-08-31',NULL,NULL,40802,0,NULL,1,0,0,1),(34863,NULL,'2103-09',2103,9,'2103-09-01','2103-09-30',NULL,NULL,40802,0,NULL,1,0,0,1),(34864,NULL,'2103-10',2103,10,'2103-10-01','2103-10-31',NULL,NULL,40802,0,NULL,1,0,0,1),(34865,NULL,'2103-11',2103,11,'2103-11-01','2103-11-30',NULL,NULL,40802,0,NULL,1,0,0,1);
INSERT INTO `periods` VALUES (34866,NULL,'2103-12',2103,12,'2103-12-01','2103-12-31',NULL,NULL,40802,0,NULL,1,0,0,1),(34870,NULL,'2104-01',2104,1,'2104-01-01','2104-01-31',NULL,NULL,40802,0,NULL,1,0,0,1),(34871,NULL,'2104-02',2104,2,'2104-02-01','2104-02-28',NULL,NULL,40802,0,NULL,1,0,0,1),(34872,NULL,'2104-03',2104,3,'2104-03-01','2104-03-31',NULL,NULL,40802,0,NULL,1,0,0,1),(34873,NULL,'2104-04',2104,4,'2104-04-01','2104-04-30',NULL,NULL,40802,0,NULL,1,0,0,1),(34874,NULL,'2104-05',2104,5,'2104-05-01','2104-05-31',NULL,NULL,40802,0,NULL,1,0,0,1),(34875,NULL,'2104-06',2104,6,'2104-06-01','2104-06-30',NULL,NULL,40802,0,NULL,1,0,0,1),(34876,NULL,'2104-07',2104,7,'2104-07-01','2104-07-31',NULL,NULL,40802,0,NULL,1,0,0,1),(34877,NULL,'2104-08',2104,8,'2104-08-01','2104-08-31',NULL,NULL,40802,0,NULL,1,0,0,1),(34878,NULL,'2104-09',2104,9,'2104-09-01','2104-09-30',NULL,NULL,40802,0,NULL,1,0,0,1),(34879,NULL,'2104-10',2104,10,'2104-10-01','2104-10-31',NULL,NULL,40802,0,NULL,1,0,0,1),(34880,NULL,'2104-11',2104,11,'2104-11-01','2104-11-30',NULL,NULL,40802,0,NULL,1,0,0,1),(34881,NULL,'2104-12',2104,12,'2104-12-01','2104-12-31',NULL,NULL,40802,0,NULL,1,0,0,1),(34885,NULL,'2105-01',2105,1,'2105-01-01','2105-01-31',NULL,NULL,40802,0,NULL,1,0,0,1),(34886,NULL,'2105-02',2105,2,'2105-02-01','2105-02-28',NULL,NULL,40802,0,NULL,1,0,0,1),(34887,NULL,'2105-03',2105,3,'2105-03-01','2105-03-31',NULL,NULL,40802,0,NULL,1,0,0,1),(34888,NULL,'2105-04',2105,4,'2105-04-01','2105-04-30',NULL,NULL,40802,0,NULL,1,0,0,1),(34889,NULL,'2105-05',2105,5,'2105-05-01','2105-05-31',NULL,NULL,40802,0,NULL,1,0,0,1),(34890,NULL,'2105-06',2105,6,'2105-06-01','2105-06-30',NULL,NULL,40802,0,NULL,1,0,0,1),(34891,NULL,'2105-07',2105,7,'2105-07-01','2105-07-31',NULL,NULL,40802,0,NULL,1,0,0,1),(34892,NULL,'2105-08',2105,8,'2105-08-01','2105-08-31',NULL,NULL,40802,0,NULL,1,0,0,1),(34893,NULL,'2105-09',2105,9,'2105-09-01','2105-09-30',NULL,NULL,40802,0,NULL,1,0,0,1),(34894,NULL,'2105-10',2105,10,'2105-10-01','2105-10-31',NULL,NULL,40802,0,NULL,1,0,0,1),(34895,NULL,'2105-11',2105,11,'2105-11-01','2105-11-30',NULL,NULL,40802,0,NULL,1,0,0,1),(34896,NULL,'2105-12',2105,12,'2105-12-01','2105-12-31',NULL,NULL,40802,0,NULL,1,0,0,1),(34900,NULL,'2106-01',2106,1,'2106-01-01','2106-01-31',NULL,NULL,40802,0,NULL,1,0,0,1),(34901,NULL,'2106-02',2106,2,'2106-02-01','2106-02-28',NULL,NULL,40802,0,NULL,1,0,0,1),(34902,NULL,'2106-03',2106,3,'2106-03-01','2106-03-31',NULL,NULL,40802,0,NULL,1,0,0,1),(34903,NULL,'2106-04',2106,4,'2106-04-01','2106-04-30',NULL,NULL,40802,0,NULL,1,0,0,1),(34904,NULL,'2106-05',2106,5,'2106-05-01','2106-05-31',NULL,NULL,40802,0,NULL,1,0,0,1),(34905,NULL,'2106-06',2106,6,'2106-06-01','2106-06-30',NULL,NULL,40802,0,NULL,1,0,0,1),(34906,NULL,'2106-07',2106,7,'2106-07-01','2106-07-31',NULL,NULL,40802,0,NULL,1,0,0,1),(34907,NULL,'2106-08',2106,8,'2106-08-01','2106-08-31',NULL,NULL,40802,0,NULL,1,0,0,1),(34908,NULL,'2106-09',2106,9,'2106-09-01','2106-09-30',NULL,NULL,40802,0,NULL,1,0,0,1),(34909,NULL,'2106-10',2106,10,'2106-10-01','2106-10-31',NULL,NULL,40802,0,NULL,1,0,0,1),(34910,NULL,'2106-11',2106,11,'2106-11-01','2106-11-30',NULL,NULL,40802,0,NULL,1,0,0,1),(34911,NULL,'2106-12',2106,12,'2106-12-01','2106-12-31',NULL,NULL,40802,0,NULL,1,0,0,1),(34915,NULL,'2107-01',2107,1,'2107-01-01','2107-01-31',NULL,NULL,40802,0,NULL,1,0,0,1),(34916,NULL,'2107-02',2107,2,'2107-02-01','2107-02-28',NULL,NULL,40802,0,NULL,1,0,0,1),(34917,NULL,'2107-03',2107,3,'2107-03-01','2107-03-31',NULL,NULL,40802,0,NULL,1,0,0,1),(34918,NULL,'2107-04',2107,4,'2107-04-01','2107-04-30',NULL,NULL,40802,0,NULL,1,0,0,1),(34919,NULL,'2107-05',2107,5,'2107-05-01','2107-05-31',NULL,NULL,40802,0,NULL,1,0,0,1),(34920,NULL,'2107-06',2107,6,'2107-06-01','2107-06-30',NULL,NULL,40802,0,NULL,1,0,0,1),(34921,NULL,'2107-07',2107,7,'2107-07-01','2107-07-31',NULL,NULL,40802,0,NULL,1,0,0,1),(34922,NULL,'2107-08',2107,8,'2107-08-01','2107-08-31',NULL,NULL,40802,0,NULL,1,0,0,1),(34923,NULL,'2107-09',2107,9,'2107-09-01','2107-09-30',NULL,NULL,40802,0,NULL,1,0,0,1);
INSERT INTO `periods` VALUES (34924,NULL,'2107-10',2107,10,'2107-10-01','2107-10-31',NULL,NULL,40802,0,NULL,1,0,0,1),(34925,NULL,'2107-11',2107,11,'2107-11-01','2107-11-30',NULL,NULL,40802,0,NULL,1,0,0,1),(34926,NULL,'2107-12',2107,12,'2107-12-01','2107-12-31',NULL,NULL,40802,0,NULL,1,0,0,1),(34930,NULL,'2108-01',2108,1,'2108-01-01','2108-01-31',NULL,NULL,40802,0,NULL,1,0,0,1),(34931,NULL,'2108-02',2108,2,'2108-02-01','2108-02-28',NULL,NULL,40802,0,NULL,1,0,0,1),(34932,NULL,'2108-03',2108,3,'2108-03-01','2108-03-31',NULL,NULL,40802,0,NULL,1,0,0,1),(34933,NULL,'2108-04',2108,4,'2108-04-01','2108-04-30',NULL,NULL,40802,0,NULL,1,0,0,1),(34934,NULL,'2108-05',2108,5,'2108-05-01','2108-05-31',NULL,NULL,40802,0,NULL,1,0,0,1),(34935,NULL,'2108-06',2108,6,'2108-06-01','2108-06-30',NULL,NULL,40802,0,NULL,1,0,0,1),(34936,NULL,'2108-07',2108,7,'2108-07-01','2108-07-31',NULL,NULL,40802,0,NULL,1,0,0,1),(34937,NULL,'2108-08',2108,8,'2108-08-01','2108-08-31',NULL,NULL,40802,0,NULL,1,0,0,1),(34938,NULL,'2108-09',2108,9,'2108-09-01','2108-09-30',NULL,NULL,40802,0,NULL,1,0,0,1),(34939,NULL,'2108-10',2108,10,'2108-10-01','2108-10-31',NULL,NULL,40802,0,NULL,1,0,0,1),(34940,NULL,'2108-11',2108,11,'2108-11-01','2108-11-30',NULL,NULL,40802,0,NULL,1,0,0,1),(34941,NULL,'2108-12',2108,12,'2108-12-01','2108-12-31',NULL,NULL,40802,0,NULL,1,0,0,1),(34945,NULL,'2109-01',2109,1,'2109-01-01','2109-01-31',NULL,NULL,40802,0,NULL,1,0,0,1),(34946,NULL,'2109-02',2109,2,'2109-02-01','2109-02-28',NULL,NULL,40802,0,NULL,1,0,0,1),(34947,NULL,'2109-03',2109,3,'2109-03-01','2109-03-31',NULL,NULL,40802,0,NULL,1,0,0,1),(34948,NULL,'2109-04',2109,4,'2109-04-01','2109-04-30',NULL,NULL,40802,0,NULL,1,0,0,1),(34949,NULL,'2109-05',2109,5,'2109-05-01','2109-05-31',NULL,NULL,40802,0,NULL,1,0,0,1),(34950,NULL,'2109-06',2109,6,'2109-06-01','2109-06-30',NULL,NULL,40802,0,NULL,1,0,0,1),(34951,NULL,'2109-07',2109,7,'2109-07-01','2109-07-31',NULL,NULL,40802,0,NULL,1,0,0,1),(34952,NULL,'2109-08',2109,8,'2109-08-01','2109-08-31',NULL,NULL,40802,0,NULL,1,0,0,1),(34953,NULL,'2109-09',2109,9,'2109-09-01','2109-09-30',NULL,NULL,40802,0,NULL,1,0,0,1),(34954,NULL,'2109-10',2109,10,'2109-10-01','2109-10-31',NULL,NULL,40802,0,NULL,1,0,0,1),(34955,NULL,'2109-11',2109,11,'2109-11-01','2109-11-30',NULL,NULL,40802,0,NULL,1,0,0,1),(34956,NULL,'2109-12',2109,12,'2109-12-01','2109-12-31',NULL,NULL,40802,0,NULL,1,0,0,1),(34960,NULL,'2110-01',2110,1,'2110-01-01','2110-01-31',NULL,NULL,40802,0,NULL,1,0,0,1),(34961,NULL,'2110-02',2110,2,'2110-02-01','2110-02-28',NULL,NULL,40802,0,NULL,1,0,0,1),(34962,NULL,'2110-03',2110,3,'2110-03-01','2110-03-31',NULL,NULL,40802,0,NULL,1,0,0,1),(34963,NULL,'2110-04',2110,4,'2110-04-01','2110-04-30',NULL,NULL,40802,0,NULL,1,0,0,1),(34964,NULL,'2110-05',2110,5,'2110-05-01','2110-05-31',NULL,NULL,40802,0,NULL,1,0,0,1),(34965,NULL,'2110-06',2110,6,'2110-06-01','2110-06-30',NULL,NULL,40802,0,NULL,1,0,0,1),(34966,NULL,'2110-07',2110,7,'2110-07-01','2110-07-31',NULL,NULL,40802,0,NULL,1,0,0,1),(34967,NULL,'2110-08',2110,8,'2110-08-01','2110-08-31',NULL,NULL,40802,0,NULL,1,0,0,1),(34968,NULL,'2110-09',2110,9,'2110-09-01','2110-09-30',NULL,NULL,40802,0,NULL,1,0,0,1),(34969,NULL,'2110-10',2110,10,'2110-10-01','2110-10-31',NULL,NULL,40802,0,NULL,1,0,0,1),(34970,NULL,'2110-11',2110,11,'2110-11-01','2110-11-30',NULL,NULL,40802,0,NULL,1,0,0,1),(34971,NULL,'2110-12',2110,12,'2110-12-01','2110-12-31',NULL,NULL,40802,0,NULL,1,0,0,1),(34975,NULL,'2111-01',2111,1,'2111-01-01','2111-01-31',NULL,NULL,40802,0,NULL,1,0,0,1),(34976,NULL,'2111-02',2111,2,'2111-02-01','2111-02-28',NULL,NULL,40802,0,NULL,1,0,0,1),(34977,NULL,'2111-03',2111,3,'2111-03-01','2111-03-31',NULL,NULL,40802,0,NULL,1,0,0,1),(34978,NULL,'2111-04',2111,4,'2111-04-01','2111-04-30',NULL,NULL,40802,0,NULL,1,0,0,1),(34979,NULL,'2111-05',2111,5,'2111-05-01','2111-05-31',NULL,NULL,40802,0,NULL,1,0,0,1),(34980,NULL,'2111-06',2111,6,'2111-06-01','2111-06-30',NULL,NULL,40802,0,NULL,1,0,0,1),(34981,NULL,'2111-07',2111,7,'2111-07-01','2111-07-31',NULL,NULL,40802,0,NULL,1,0,0,1);
INSERT INTO `periods` VALUES (34982,NULL,'2111-08',2111,8,'2111-08-01','2111-08-31',NULL,NULL,40802,0,NULL,1,0,0,1),(34983,NULL,'2111-09',2111,9,'2111-09-01','2111-09-30',NULL,NULL,40802,0,NULL,1,0,0,1),(34984,NULL,'2111-10',2111,10,'2111-10-01','2111-10-31',NULL,NULL,40802,0,NULL,1,0,0,1),(34985,NULL,'2111-11',2111,11,'2111-11-01','2111-11-30',NULL,NULL,40802,0,NULL,1,0,0,1),(34986,NULL,'2111-12',2111,12,'2111-12-01','2111-12-31',NULL,NULL,40802,0,NULL,1,0,0,1),(34990,NULL,'2112-01',2112,1,'2112-01-01','2112-01-31',NULL,NULL,40802,0,NULL,1,0,0,1),(34991,NULL,'2112-02',2112,2,'2112-02-01','2112-02-28',NULL,NULL,40802,0,NULL,1,0,0,1),(34992,NULL,'2112-03',2112,3,'2112-03-01','2112-03-31',NULL,NULL,40802,0,NULL,1,0,0,1),(34993,NULL,'2112-04',2112,4,'2112-04-01','2112-04-30',NULL,NULL,40802,0,NULL,1,0,0,1),(34994,NULL,'2112-05',2112,5,'2112-05-01','2112-05-31',NULL,NULL,40802,0,NULL,1,0,0,1),(34995,NULL,'2112-06',2112,6,'2112-06-01','2112-06-30',NULL,NULL,40802,0,NULL,1,0,0,1),(34996,NULL,'2112-07',2112,7,'2112-07-01','2112-07-31',NULL,NULL,40802,0,NULL,1,0,0,1),(34997,NULL,'2112-08',2112,8,'2112-08-01','2112-08-31',NULL,NULL,40802,0,NULL,1,0,0,1),(34998,NULL,'2112-09',2112,9,'2112-09-01','2112-09-30',NULL,NULL,40802,0,NULL,1,0,0,1),(34999,NULL,'2112-10',2112,10,'2112-10-01','2112-10-31',NULL,NULL,40802,0,NULL,1,0,0,1),(35000,NULL,'2112-11',2112,11,'2112-11-01','2112-11-30',NULL,NULL,40802,0,NULL,1,0,0,1),(35001,NULL,'2112-12',2112,12,'2112-12-01','2112-12-31',NULL,NULL,40802,0,NULL,1,0,0,1),(35005,NULL,'2113-01',2113,1,'2113-01-01','2113-01-31',NULL,NULL,40802,0,NULL,1,0,0,1),(35006,NULL,'2113-02',2113,2,'2113-02-01','2113-02-28',NULL,NULL,40802,0,NULL,1,0,0,1),(35007,NULL,'2113-03',2113,3,'2113-03-01','2113-03-31',NULL,NULL,40802,0,NULL,1,0,0,1),(35008,NULL,'2113-04',2113,4,'2113-04-01','2113-04-30',NULL,NULL,40802,0,NULL,1,0,0,1),(35009,NULL,'2113-05',2113,5,'2113-05-01','2113-05-31',NULL,NULL,40802,0,NULL,1,0,0,1),(35010,NULL,'2113-06',2113,6,'2113-06-01','2113-06-30',NULL,NULL,40802,0,NULL,1,0,0,1),(35011,NULL,'2113-07',2113,7,'2113-07-01','2113-07-31',NULL,NULL,40802,0,NULL,1,0,0,1),(35012,NULL,'2113-08',2113,8,'2113-08-01','2113-08-31',NULL,NULL,40802,0,NULL,1,0,0,1),(35013,NULL,'2113-09',2113,9,'2113-09-01','2113-09-30',NULL,NULL,40802,0,NULL,1,0,0,1),(35014,NULL,'2113-10',2113,10,'2113-10-01','2113-10-31',NULL,NULL,40802,0,NULL,1,0,0,1),(35015,NULL,'2113-11',2113,11,'2113-11-01','2113-11-30',NULL,NULL,40802,0,NULL,1,0,0,1),(35016,NULL,'2113-12',2113,12,'2113-12-01','2113-12-31',NULL,NULL,40802,0,NULL,1,0,0,1),(35020,NULL,'2114-01',2114,1,'2114-01-01','2114-01-31',NULL,NULL,40802,0,NULL,1,0,0,1),(35021,NULL,'2114-02',2114,2,'2114-02-01','2114-02-28',NULL,NULL,40802,0,NULL,1,0,0,1),(35022,NULL,'2114-03',2114,3,'2114-03-01','2114-03-31',NULL,NULL,40802,0,NULL,1,0,0,1),(35023,NULL,'2114-04',2114,4,'2114-04-01','2114-04-30',NULL,NULL,40802,0,NULL,1,0,0,1),(35024,NULL,'2114-05',2114,5,'2114-05-01','2114-05-31',NULL,NULL,40802,0,NULL,1,0,0,1),(35025,NULL,'2114-06',2114,6,'2114-06-01','2114-06-30',NULL,NULL,40802,0,NULL,1,0,0,1),(35026,NULL,'2114-07',2114,7,'2114-07-01','2114-07-31',NULL,NULL,40802,0,NULL,1,0,0,1),(35027,NULL,'2114-08',2114,8,'2114-08-01','2114-08-31',NULL,NULL,40802,0,NULL,1,0,0,1),(35028,NULL,'2114-09',2114,9,'2114-09-01','2114-09-30',NULL,NULL,40802,0,NULL,1,0,0,1),(35029,NULL,'2114-10',2114,10,'2114-10-01','2114-10-31',NULL,NULL,40802,0,NULL,1,0,0,1),(35030,NULL,'2114-11',2114,11,'2114-11-01','2114-11-30',NULL,NULL,40802,0,NULL,1,0,0,1),(35031,NULL,'2114-12',2114,12,'2114-12-01','2114-12-31',NULL,NULL,40802,0,NULL,1,0,0,1),(35035,NULL,'2115-01',2115,1,'2115-01-01','2115-01-31',NULL,NULL,40802,0,NULL,1,0,0,1),(35036,NULL,'2115-02',2115,2,'2115-02-01','2115-02-28',NULL,NULL,40802,0,NULL,1,0,0,1),(35037,NULL,'2115-03',2115,3,'2115-03-01','2115-03-31',NULL,NULL,40802,0,NULL,1,0,0,1),(35038,NULL,'2115-04',2115,4,'2115-04-01','2115-04-30',NULL,NULL,40802,0,NULL,1,0,0,1),(35039,NULL,'2115-05',2115,5,'2115-05-01','2115-05-31',NULL,NULL,40802,0,NULL,1,0,0,1);
INSERT INTO `periods` VALUES (35040,NULL,'2115-06',2115,6,'2115-06-01','2115-06-30',NULL,NULL,40802,0,NULL,1,0,0,1),(35041,NULL,'2115-07',2115,7,'2115-07-01','2115-07-31',NULL,NULL,40802,0,NULL,1,0,0,1),(35042,NULL,'2115-08',2115,8,'2115-08-01','2115-08-31',NULL,NULL,40802,0,NULL,1,0,0,1),(35043,NULL,'2115-09',2115,9,'2115-09-01','2115-09-30',NULL,NULL,40802,0,NULL,1,0,0,1),(35044,NULL,'2115-10',2115,10,'2115-10-01','2115-10-31',NULL,NULL,40802,0,NULL,1,0,0,1),(35045,NULL,'2115-11',2115,11,'2115-11-01','2115-11-30',NULL,NULL,40802,0,NULL,1,0,0,1),(35046,NULL,'2115-12',2115,12,'2115-12-01','2115-12-31',NULL,NULL,40802,0,NULL,1,0,0,1),(35050,NULL,'2116-01',2116,1,'2116-01-01','2116-01-31',NULL,NULL,40802,0,NULL,1,0,0,1),(35051,NULL,'2116-02',2116,2,'2116-02-01','2116-02-28',NULL,NULL,40802,0,NULL,1,0,0,1),(35052,NULL,'2116-03',2116,3,'2116-03-01','2116-03-31',NULL,NULL,40802,0,NULL,1,0,0,1),(35053,NULL,'2116-04',2116,4,'2116-04-01','2116-04-30',NULL,NULL,40802,0,NULL,1,0,0,1),(35054,NULL,'2116-05',2116,5,'2116-05-01','2116-05-31',NULL,NULL,40802,0,NULL,1,0,0,1),(35055,NULL,'2116-06',2116,6,'2116-06-01','2116-06-30',NULL,NULL,40802,0,NULL,1,0,0,1),(35056,NULL,'2116-07',2116,7,'2116-07-01','2116-07-31',NULL,NULL,40802,0,NULL,1,0,0,1),(35057,NULL,'2116-08',2116,8,'2116-08-01','2116-08-31',NULL,NULL,40802,0,NULL,1,0,0,1),(35058,NULL,'2116-09',2116,9,'2116-09-01','2116-09-30',NULL,NULL,40802,0,NULL,1,0,0,1),(35059,NULL,'2116-10',2116,10,'2116-10-01','2116-10-31',NULL,NULL,40802,0,NULL,1,0,0,1),(35060,NULL,'2116-11',2116,11,'2116-11-01','2116-11-30',NULL,NULL,40802,0,NULL,1,0,0,1),(35061,NULL,'2116-12',2116,12,'2116-12-01','2116-12-31',NULL,NULL,40802,0,NULL,1,0,0,1),(35065,NULL,'2117-01',2117,1,'2117-01-01','2117-01-31',NULL,NULL,40802,0,NULL,1,0,0,1),(35066,NULL,'2117-02',2117,2,'2117-02-01','2117-02-28',NULL,NULL,40802,0,NULL,1,0,0,1),(35067,NULL,'2117-03',2117,3,'2117-03-01','2117-03-31',NULL,NULL,40802,0,NULL,1,0,0,1),(35068,NULL,'2117-04',2117,4,'2117-04-01','2117-04-30',NULL,NULL,40802,0,NULL,1,0,0,1),(35069,NULL,'2117-05',2117,5,'2117-05-01','2117-05-31',NULL,NULL,40802,0,NULL,1,0,0,1),(35070,NULL,'2117-06',2117,6,'2117-06-01','2117-06-30',NULL,NULL,40802,0,NULL,1,0,0,1),(35071,NULL,'2117-07',2117,7,'2117-07-01','2117-07-31',NULL,NULL,40802,0,NULL,1,0,0,1),(35072,NULL,'2117-08',2117,8,'2117-08-01','2117-08-31',NULL,NULL,40802,0,NULL,1,0,0,1),(35073,NULL,'2117-09',2117,9,'2117-09-01','2117-09-30',NULL,NULL,40802,0,NULL,1,0,0,1),(35074,NULL,'2117-10',2117,10,'2117-10-01','2117-10-31',NULL,NULL,40802,0,NULL,1,0,0,1),(35075,NULL,'2117-11',2117,11,'2117-11-01','2117-11-30',NULL,NULL,40802,0,NULL,1,0,0,1),(35076,NULL,'2117-12',2117,12,'2117-12-01','2117-12-31',NULL,NULL,40802,0,NULL,1,0,0,1),(35080,NULL,'2118-01',2118,1,'2118-01-01','2118-01-31',NULL,NULL,40802,0,NULL,1,0,0,1),(35081,NULL,'2118-02',2118,2,'2118-02-01','2118-02-28',NULL,NULL,40802,0,NULL,1,0,0,1),(35082,NULL,'2118-03',2118,3,'2118-03-01','2118-03-31',NULL,NULL,40802,0,NULL,1,0,0,1),(35083,NULL,'2118-04',2118,4,'2118-04-01','2118-04-30',NULL,NULL,40802,0,NULL,1,0,0,1),(35084,NULL,'2118-05',2118,5,'2118-05-01','2118-05-31',NULL,NULL,40802,0,NULL,1,0,0,1),(35085,NULL,'2118-06',2118,6,'2118-06-01','2118-06-30',NULL,NULL,40802,0,NULL,1,0,0,1),(35086,NULL,'2118-07',2118,7,'2118-07-01','2118-07-31',NULL,NULL,40802,0,NULL,1,0,0,1),(35087,NULL,'2118-08',2118,8,'2118-08-01','2118-08-31',NULL,NULL,40802,0,NULL,1,0,0,1),(35088,NULL,'2118-09',2118,9,'2118-09-01','2118-09-30',NULL,NULL,40802,0,NULL,1,0,0,1),(35089,NULL,'2118-10',2118,10,'2118-10-01','2118-10-31',NULL,NULL,40802,0,NULL,1,0,0,1),(35090,NULL,'2118-11',2118,11,'2118-11-01','2118-11-30',NULL,NULL,40802,0,NULL,1,0,0,1),(35091,NULL,'2118-12',2118,12,'2118-12-01','2118-12-31',NULL,NULL,40802,0,NULL,1,0,0,1),(35095,NULL,'2119-01',2119,1,'2119-01-01','2119-01-31',NULL,NULL,40802,0,NULL,1,0,0,1),(35096,NULL,'2119-02',2119,2,'2119-02-01','2119-02-28',NULL,NULL,40802,0,NULL,1,0,0,1),(35097,NULL,'2119-03',2119,3,'2119-03-01','2119-03-31',NULL,NULL,40802,0,NULL,1,0,0,1);
INSERT INTO `periods` VALUES (35098,NULL,'2119-04',2119,4,'2119-04-01','2119-04-30',NULL,NULL,40802,0,NULL,1,0,0,1),(35099,NULL,'2119-05',2119,5,'2119-05-01','2119-05-31',NULL,NULL,40802,0,NULL,1,0,0,1),(35100,NULL,'2119-06',2119,6,'2119-06-01','2119-06-30',NULL,NULL,40802,0,NULL,1,0,0,1),(35101,NULL,'2119-07',2119,7,'2119-07-01','2119-07-31',NULL,NULL,40802,0,NULL,1,0,0,1),(35102,NULL,'2119-08',2119,8,'2119-08-01','2119-08-31',NULL,NULL,40802,0,NULL,1,0,0,1),(35103,NULL,'2119-09',2119,9,'2119-09-01','2119-09-30',NULL,NULL,40802,0,NULL,1,0,0,1),(35104,NULL,'2119-10',2119,10,'2119-10-01','2119-10-31',NULL,NULL,40802,0,NULL,1,0,0,1),(35105,NULL,'2119-11',2119,11,'2119-11-01','2119-11-30',NULL,NULL,40802,0,NULL,1,0,0,1),(35106,NULL,'2119-12',2119,12,'2119-12-01','2119-12-31',NULL,NULL,40802,0,NULL,1,0,0,1),(35110,NULL,'2120-01',2120,1,'2120-01-01','2120-01-31',NULL,NULL,40802,0,NULL,1,0,0,1),(35111,NULL,'2120-02',2120,2,'2120-02-01','2120-02-28',NULL,NULL,40802,0,NULL,1,0,0,1),(35112,NULL,'2120-03',2120,3,'2120-03-01','2120-03-31',NULL,NULL,40802,0,NULL,1,0,0,1),(35113,NULL,'2120-04',2120,4,'2120-04-01','2120-04-30',NULL,NULL,40802,0,NULL,1,0,0,1),(35114,NULL,'2120-05',2120,5,'2120-05-01','2120-05-31',NULL,NULL,40802,0,NULL,1,0,0,1),(35115,NULL,'2120-06',2120,6,'2120-06-01','2120-06-30',NULL,NULL,40802,0,NULL,1,0,0,1),(35116,NULL,'2120-07',2120,7,'2120-07-01','2120-07-31',NULL,NULL,40802,0,NULL,1,0,0,1),(35117,NULL,'2120-08',2120,8,'2120-08-01','2120-08-31',NULL,NULL,40802,0,NULL,1,0,0,1),(35118,NULL,'2120-09',2120,9,'2120-09-01','2120-09-30',NULL,NULL,40802,0,NULL,1,0,0,1),(35119,NULL,'2120-10',2120,10,'2120-10-01','2120-10-31',NULL,NULL,40802,0,NULL,1,0,0,1),(35120,NULL,'2120-11',2120,11,'2120-11-01','2120-11-30',NULL,NULL,40802,0,NULL,1,0,0,1),(35121,NULL,'2120-12',2120,12,'2120-12-01','2120-12-31',NULL,NULL,40802,0,NULL,1,0,0,1),(35125,NULL,'2121-01',2121,1,'2121-01-01','2121-01-31',NULL,NULL,40802,0,NULL,1,0,0,1),(35126,NULL,'2121-02',2121,2,'2121-02-01','2121-02-28',NULL,NULL,40802,0,NULL,1,0,0,1),(35127,NULL,'2121-03',2121,3,'2121-03-01','2121-03-31',NULL,NULL,40802,0,NULL,1,0,0,1),(35128,NULL,'2121-04',2121,4,'2121-04-01','2121-04-30',NULL,NULL,40802,0,NULL,1,0,0,1),(35129,NULL,'2121-05',2121,5,'2121-05-01','2121-05-31',NULL,NULL,40802,0,NULL,1,0,0,1),(35130,NULL,'2121-06',2121,6,'2121-06-01','2121-06-30',NULL,NULL,40802,0,NULL,1,0,0,1),(35131,NULL,'2121-07',2121,7,'2121-07-01','2121-07-31',NULL,NULL,40802,0,NULL,1,0,0,1),(35132,NULL,'2121-08',2121,8,'2121-08-01','2121-08-31',NULL,NULL,40802,0,NULL,1,0,0,1),(35133,NULL,'2121-09',2121,9,'2121-09-01','2121-09-30',NULL,NULL,40802,0,NULL,1,0,0,1),(35134,NULL,'2121-10',2121,10,'2121-10-01','2121-10-31',NULL,NULL,40802,0,NULL,1,0,0,1),(35135,NULL,'2121-11',2121,11,'2121-11-01','2121-11-30',NULL,NULL,40802,0,NULL,1,0,0,1),(35136,NULL,'2121-12',2121,12,'2121-12-01','2121-12-31',NULL,NULL,40802,0,NULL,1,0,0,1),(35140,NULL,'2122-01',2122,1,'2122-01-01','2122-01-31',NULL,NULL,40802,0,NULL,1,0,0,1),(35141,NULL,'2122-02',2122,2,'2122-02-01','2122-02-28',NULL,NULL,40802,0,NULL,1,0,0,1),(35142,NULL,'2122-03',2122,3,'2122-03-01','2122-03-31',NULL,NULL,40802,0,NULL,1,0,0,1),(35143,NULL,'2122-04',2122,4,'2122-04-01','2122-04-30',NULL,NULL,40802,0,NULL,1,0,0,1),(35144,NULL,'2122-05',2122,5,'2122-05-01','2122-05-31',NULL,NULL,40802,0,NULL,1,0,0,1),(35145,NULL,'2122-06',2122,6,'2122-06-01','2122-06-30',NULL,NULL,40802,0,NULL,1,0,0,1),(35146,NULL,'2122-07',2122,7,'2122-07-01','2122-07-31',NULL,NULL,40802,0,NULL,1,0,0,1),(35147,NULL,'2122-08',2122,8,'2122-08-01','2122-08-31',NULL,NULL,40802,0,NULL,1,0,0,1),(35148,NULL,'2122-09',2122,9,'2122-09-01','2122-09-30',NULL,NULL,40802,0,NULL,1,0,0,1),(35149,NULL,'2122-10',2122,10,'2122-10-01','2122-10-31',NULL,NULL,40802,0,NULL,1,0,0,1),(35150,NULL,'2122-11',2122,11,'2122-11-01','2122-11-30',NULL,NULL,40802,0,NULL,1,0,0,1),(35151,NULL,'2122-12',2122,12,'2122-12-01','2122-12-31',NULL,NULL,40802,0,NULL,1,0,0,1);

--
-- Table structure for table `person_activities`
--

CREATE TABLE `person_activities` (
  `id` int(10) unsigned NOT NULL AUTO_INCREMENT,
  `user_id` int(10) unsigned DEFAULT NULL,
  `person_id` int(10) unsigned NOT NULL,
  `activity_id` int(10) unsigned NOT NULL,
  `is_principal` tinyint(1) NOT NULL DEFAULT '0',
  `created_at` timestamp NULL DEFAULT NULL,
  `updated_at` timestamp NULL DEFAULT NULL,
  `deleted_at` timestamp NULL DEFAULT NULL,
  PRIMARY KEY (`id`),
  KEY `person_activities_person_id_foreign` (`person_id`),
  KEY `person_activities_activity_id_foreign` (`activity_id`),
  CONSTRAINT `person_activities_activity_id_foreign` FOREIGN KEY (`activity_id`) REFERENCES `activities` (`id`),
  CONSTRAINT `person_activities_person_id_foreign` FOREIGN KEY (`person_id`) REFERENCES `persons` (`id`)
) ENGINE=InnoDB AUTO_INCREMENT=33 DEFAULT CHARSET=utf8mb4 COLLATE=utf8mb4_unicode_ci;

--
-- Dumping data for table `person_activities`
--

INSERT INTO `person_activities` VALUES (2,1,40719,1,1,'2021-08-08 19:19:40','2021-08-08 19:19:45',NULL),(12,5482,40729,591,1,'2022-01-07 09:59:48','2022-01-07 09:59:48',NULL),(14,5482,40766,820,1,'2022-01-10 15:01:04','2022-01-10 15:01:04',NULL),(15,5482,40767,946,1,'2022-01-10 15:11:22','2022-01-10 15:11:22',NULL),(16,5482,40768,573,1,'2022-01-10 15:43:28','2022-01-10 15:43:28',NULL),(17,5482,40769,946,1,'2022-01-10 15:48:49','2022-01-10 15:48:49',NULL),(18,5482,40770,570,1,'2022-01-10 15:54:28','2022-01-10 15:54:28',NULL),(20,5482,40772,598,1,'2022-01-10 16:07:06','2022-01-10 16:07:06',NULL),(21,5482,40772,361,0,'2022-01-10 16:07:06','2022-01-10 16:07:06',NULL),(22,5482,40771,187,1,'2022-01-14 10:11:20','2022-01-14 10:11:20',NULL),(23,5482,40773,619,1,'2022-01-17 14:29:49','2022-01-17 14:29:49',NULL),(29,5482,40802,711,1,'2022-01-26 10:21:42','2022-01-26 10:21:42',NULL),(30,5482,40774,655,1,'2022-02-01 10:28:53','2022-02-01 10:28:53',NULL),(31,5482,40774,660,0,'2022-02-01 10:28:53','2022-02-01 10:28:53',NULL),(32,5482,40774,688,0,'2022-02-01 10:28:53','2022-02-01 10:28:53',NULL);

--
-- Table structure for table `person_configurations`
--

CREATE TABLE `person_configurations` (
  `id` int(10) unsigned NOT NULL AUTO_INCREMENT,
  `user_id` int(10) unsigned DEFAULT NULL,
  `person_id` int(10) unsigned NOT NULL,
  `period_id` int(10) unsigned DEFAULT NULL,
  `zone_id` int(10) unsigned DEFAULT NULL,
  `settle_calc_by_coef` int(11) NOT NULL DEFAULT '0',
  `created_at` timestamp NULL DEFAULT NULL,
  `updated_at` timestamp NULL DEFAULT NULL,
  `active` int(10) unsigned DEFAULT NULL,
  `enviarMail` int(11) DEFAULT '1',
  `honorario` decimal(16,2) DEFAULT '0.00',
  `cta_cte_tesoreria_cuenta_id` int(10) unsigned DEFAULT NULL,
  `month_close` int(10) unsigned DEFAULT NULL,
  `iva_condition_id` int(10) unsigned DEFAULT NULL,
  `obligation_sell` int(10) unsigned DEFAULT NULL,
  `obligation_buy` int(10) unsigned DEFAULT NULL,
  `obligation_iva` int(10) unsigned DEFAULT NULL,
  `obligation_electronic_receipt` int(10) unsigned DEFAULT NULL,
  `obligation_iibb` int(10) unsigned DEFAULT NULL,
  `obligation_other_taxes` int(10) unsigned DEFAULT NULL,
  `liquidation_start_period` varchar(7) COLLATE utf8mb4_unicode_ci DEFAULT NULL,
  `obligation_salaries` int(10) unsigned DEFAULT NULL,
  `empleada_domestica` tinyint(1) NOT NULL DEFAULT '0',
  `prorratear_iva` tinyint(1) NOT NULL DEFAULT '0',
  `is_itc` tinyint(1) NOT NULL DEFAULT '0',
  `priority_order` int(10) unsigned DEFAULT NULL,
  `person_id_administrador` int(11) DEFAULT NULL,
  `person_id_titular` int(11) DEFAULT NULL,
  `logo_path` varchar(180) COLLATE utf8mb4_unicode_ci DEFAULT NULL,
  `certificado_afip_path` varchar(180) COLLATE utf8mb4_unicode_ci DEFAULT NULL,
  `llave_afip_path` varchar(180) COLLATE utf8mb4_unicode_ci DEFAULT NULL,
  `access_electronic_receipt` int(10) unsigned DEFAULT '0',
  `ruta_logo_fa` varchar(100) COLLATE utf8mb4_unicode_ci DEFAULT NULL,
  `inicio_actividades` date DEFAULT NULL,
  `iibb` varchar(191) COLLATE utf8mb4_unicode_ci DEFAULT NULL,
  `fe_leyenda` varchar(191) COLLATE utf8mb4_unicode_ci DEFAULT NULL,
  `atencion_iva` tinyint(1) NOT NULL DEFAULT '0',
  `atencion_iva_comentario` varchar(191) COLLATE utf8mb4_unicode_ci DEFAULT NULL,
  `atencion_iibb` tinyint(1) NOT NULL DEFAULT '0',
  `atencion_iibb_comentario` varchar(191) COLLATE utf8mb4_unicode_ci DEFAULT NULL,
  `deleted_at` timestamp NULL DEFAULT NULL,
  PRIMARY KEY (`id`),
  KEY `person_configurations_person_id_foreign` (`person_id`),
  KEY `person_configurations_period_id_foreign` (`period_id`),
  KEY `person_configurations_zone_id_foreign` (`zone_id`),
  KEY `person_configurations_iva_condition_id_foreign` (`iva_condition_id`),
  KEY `person_configurations_cta_cte_tesoreria_cuenta_id_foreign` (`cta_cte_tesoreria_cuenta_id`),
  CONSTRAINT `person_configurations_cta_cte_tesoreria_cuenta_id_foreign` FOREIGN KEY (`cta_cte_tesoreria_cuenta_id`) REFERENCES `cta_cte_tesoreria_cuentas` (`id`),
  CONSTRAINT `person_configurations_iva_condition_id_foreign` FOREIGN KEY (`iva_condition_id`) REFERENCES `iva_conditions` (`id`),
  CONSTRAINT `person_configurations_period_id_foreign` FOREIGN KEY (`period_id`) REFERENCES `periods` (`id`),
  CONSTRAINT `person_configurations_person_id_foreign` FOREIGN KEY (`person_id`) REFERENCES `persons` (`id`),
  CONSTRAINT `person_configurations_zone_id_foreign` FOREIGN KEY (`zone_id`) REFERENCES `zones` (`id`)
) ENGINE=InnoDB AUTO_INCREMENT=25 DEFAULT CHARSET=utf8mb4 COLLATE=utf8mb4_unicode_ci;

--
-- Dumping data for table `person_configurations`
--

INSERT INTO `person_configurations` VALUES (2,5482,40719,NULL,NULL,0,'2021-08-08 19:19:40','2022-01-26 10:06:42',2,1,0.00,NULL,12,1,NULL,NULL,NULL,NULL,1,NULL,'2021-1',NULL,0,0,0,2,40719,40719,NULL,NULL,NULL,0,NULL,NULL,NULL,NULL,0,NULL,0,NULL,NULL),(12,5482,40729,NULL,NULL,0,'2022-01-07 09:59:48','2022-01-26 10:06:42',2,1,3500.00,NULL,12,1,1,1,0,1,1,NULL,'2021-01',0,0,0,0,2,40729,40729,NULL,NULL,NULL,0,NULL,'2019-10-01','285077869',NULL,0,NULL,0,NULL,NULL),(13,5482,40766,NULL,NULL,0,'2022-01-10 15:00:16','2022-01-26 10:06:42',2,1,0.00,NULL,12,1,1,1,0,1,1,NULL,'2021-01',0,0,0,0,2,40766,40766,NULL,NULL,NULL,0,NULL,'2022-01-10',NULL,NULL,0,NULL,0,NULL,NULL),(14,5482,40767,NULL,NULL,0,'2022-01-10 15:11:22','2022-01-26 10:06:42',2,1,0.00,NULL,12,1,1,1,0,1,1,NULL,'2021-01',0,0,0,0,2,40767,40767,NULL,NULL,NULL,0,NULL,'0000-00-00',NULL,NULL,0,NULL,0,NULL,NULL),(15,5482,40768,NULL,NULL,0,'2022-01-10 15:43:28','2022-01-26 10:06:42',2,1,3500.00,NULL,12,1,1,1,0,1,1,NULL,'2021-01',0,0,0,0,2,40768,40768,NULL,NULL,NULL,0,NULL,'0000-00-00',NULL,NULL,0,NULL,0,NULL,NULL),(16,5482,40769,NULL,NULL,0,'2022-01-10 15:48:49','2022-01-26 10:06:42',2,1,0.00,NULL,12,1,1,1,0,1,1,NULL,'2021-01',0,0,0,0,2,40769,40769,NULL,NULL,NULL,0,NULL,'0000-00-00',NULL,NULL,0,NULL,0,NULL,NULL),(17,5482,40770,NULL,NULL,0,'2022-01-10 15:54:28','2022-01-26 10:06:42',2,1,0.00,NULL,12,1,1,1,0,1,1,NULL,'2021-01',0,0,0,0,2,40770,40770,NULL,NULL,NULL,0,NULL,'0000-00-00',NULL,NULL,0,NULL,0,NULL,NULL),(18,5482,40771,NULL,NULL,0,'2022-01-10 16:00:12','2022-01-26 10:06:42',2,1,3500.00,NULL,12,1,1,1,0,1,1,NULL,'2021-01',0,0,0,0,2,40771,40771,NULL,NULL,NULL,0,NULL,'2022-01-14',NULL,NULL,0,NULL,0,NULL,NULL),(19,5482,40772,NULL,NULL,0,'2022-01-10 16:07:06','2022-01-26 10:06:42',2,1,4500.00,NULL,12,1,1,1,0,1,1,NULL,'2021-01',0,0,0,0,2,40772,40772,NULL,NULL,NULL,0,NULL,'0000-00-00',NULL,NULL,0,NULL,0,NULL,NULL),(20,5482,40773,NULL,NULL,0,'2022-01-17 14:29:49','2022-01-26 10:06:42',2,1,0.00,NULL,12,1,1,1,0,1,1,NULL,'2021-01',0,0,0,0,NULL,40773,40773,NULL,NULL,NULL,0,NULL,'0000-00-00',NULL,NULL,0,NULL,0,NULL,NULL),(21,5482,40774,NULL,NULL,0,'2022-01-17 15:14:26','2022-02-01 10:28:53',2,1,7500.00,NULL,12,2,1,1,1,1,4,NULL,'2021-01',0,0,0,0,2,40774,40774,NULL,NULL,NULL,0,NULL,'2022-02-01',NULL,NULL,0,NULL,0,NULL,NULL),(24,5482,40802,NULL,NULL,0,'2022-01-26 10:21:42','2022-01-26 10:21:42',2,1,0.00,NULL,12,2,1,1,1,1,3,NULL,'2021-12',1,0,0,0,NULL,40802,40802,NULL,NULL,NULL,0,NULL,'0000-00-00',NULL,NULL,0,NULL,0,NULL,NULL);

--
-- Table structure for table `person_liquidators`
--

CREATE TABLE `person_liquidators` (
  `id` int(10) unsigned NOT NULL AUTO_INCREMENT,
  `user_id` int(10) unsigned DEFAULT NULL,
  `person_id` int(10) unsigned NOT NULL,
  `liquidator_id` int(10) unsigned NOT NULL,
  `created_at` timestamp NULL DEFAULT NULL,
  `updated_at` timestamp NULL DEFAULT NULL,
  `deleted_at` timestamp NULL DEFAULT NULL,
  PRIMARY KEY (`id`),
  KEY `person_liquidators_person_id_foreign` (`person_id`),
  KEY `person_liquidators_liquidator_id_foreign` (`liquidator_id`),
  CONSTRAINT `person_liquidators_liquidator_id_foreign` FOREIGN KEY (`liquidator_id`) REFERENCES `liquidators` (`id`),
  CONSTRAINT `person_liquidators_person_id_foreign` FOREIGN KEY (`person_id`) REFERENCES `persons` (`id`)
) ENGINE=InnoDB AUTO_INCREMENT=2 DEFAULT CHARSET=utf8mb4 COLLATE=utf8mb4_unicode_ci;

--
-- Dumping data for table `person_liquidators`
--

INSERT INTO `person_liquidators` VALUES (1,5482,40802,1,'2022-01-26 10:21:42','2022-01-26 10:21:42',NULL);

--
-- Table structure for table `person_pay_methods`
--

CREATE TABLE `person_pay_methods` (
  `id` int(10) unsigned NOT NULL AUTO_INCREMENT,
  `user_id` int(10) unsigned DEFAULT NULL,
  `person_id` int(10) unsigned NOT NULL,
  `pay_method_id` int(10) unsigned NOT NULL,
  `created_at` timestamp NULL DEFAULT NULL,
  `updated_at` timestamp NULL DEFAULT NULL,
  `deleted_at` timestamp NULL DEFAULT NULL,
  PRIMARY KEY (`id`),
  KEY `person_pay_methods_person_id_foreign` (`person_id`),
  KEY `person_pay_methods_pay_method_id_foreign` (`pay_method_id`),
  CONSTRAINT `person_pay_methods_pay_method_id_foreign` FOREIGN KEY (`pay_method_id`) REFERENCES `pay_methods` (`id`),
  CONSTRAINT `person_pay_methods_person_id_foreign` FOREIGN KEY (`person_id`) REFERENCES `persons` (`id`)
) ENGINE=InnoDB AUTO_INCREMENT=3 DEFAULT CHARSET=utf8mb4 COLLATE=utf8mb4_unicode_ci;

--
-- Dumping data for table `person_pay_methods`
--

INSERT INTO `person_pay_methods` VALUES (1,5482,40729,3,'2022-01-07 09:59:48','2022-01-07 09:59:48',NULL),(2,5482,40802,2,'2022-01-26 10:21:42','2022-01-26 10:21:42',NULL);

--
-- Table structure for table `person_types`
--

CREATE TABLE `person_types` (
  `id` int(10) unsigned NOT NULL AUTO_INCREMENT,
  `user_id` int(10) unsigned DEFAULT NULL,
  `description` varchar(180) COLLATE utf8mb4_unicode_ci NOT NULL,
  `created_at` timestamp NULL DEFAULT NULL,
  `updated_at` timestamp NULL DEFAULT NULL,
  `deleted_at` timestamp NULL DEFAULT NULL,
  PRIMARY KEY (`id`),
  UNIQUE KEY `person_types_description_unique` (`description`)
) ENGINE=InnoDB AUTO_INCREMENT=3 DEFAULT CHARSET=utf8mb4 COLLATE=utf8mb4_unicode_ci;

--
-- Dumping data for table `person_types`
--

INSERT INTO `person_types` VALUES (1,NULL,'Persona Humana',NULL,NULL,NULL),(2,NULL,'Persona Juridica',NULL,NULL,NULL);

--
-- Table structure for table `person_zone_actividad`
--

CREATE TABLE `person_zone_actividad` (
  `id` int(10) unsigned NOT NULL AUTO_INCREMENT,
  `user_id` int(10) unsigned DEFAULT NULL,
  `person_id` int(10) unsigned NOT NULL,
  `zone_id` int(10) unsigned NOT NULL,
  `actividad_id` int(10) unsigned NOT NULL,
  `calculo_iibb` int(11) NOT NULL,
  `coef` decimal(16,5) NOT NULL DEFAULT '0.00000',
  `alicuota` decimal(16,5) NOT NULL DEFAULT '0.00000',
  `cm_articulo_regimen_id` int(10) unsigned NOT NULL DEFAULT '1',
  `habilitado` tinyint(1) NOT NULL DEFAULT '1',
  `created_at` timestamp NULL DEFAULT NULL,
  `updated_at` timestamp NULL DEFAULT NULL,
  `deleted_at` timestamp NULL DEFAULT NULL,
  PRIMARY KEY (`id`),
  KEY `person_zone_actividad_person_id_foreign` (`person_id`),
  KEY `person_zone_actividad_zone_id_foreign` (`zone_id`),
  KEY `person_zone_actividad_actividad_id_foreign` (`actividad_id`),
  KEY `person_zone_actividad_cm_articulo_regimen_id_foreign` (`cm_articulo_regimen_id`),
  CONSTRAINT `person_zone_actividad_actividad_id_foreign` FOREIGN KEY (`actividad_id`) REFERENCES `activities` (`id`),
  CONSTRAINT `person_zone_actividad_cm_articulo_regimen_id_foreign` FOREIGN KEY (`cm_articulo_regimen_id`) REFERENCES `cm_articulos_regimenes` (`id`),
  CONSTRAINT `person_zone_actividad_person_id_foreign` FOREIGN KEY (`person_id`) REFERENCES `persons` (`id`),
  CONSTRAINT `person_zone_actividad_zone_id_foreign` FOREIGN KEY (`zone_id`) REFERENCES `zones` (`id`)
) ENGINE=InnoDB AUTO_INCREMENT=32 DEFAULT CHARSET=utf8mb4 COLLATE=utf8mb4_unicode_ci;

--
-- Dumping data for table `person_zone_actividad`
--

INSERT INTO `person_zone_actividad` VALUES (1,NULL,40719,22,1,0,0.00000,0.00000,1,1,'2021-08-08 19:19:44','2021-08-08 19:19:44',NULL),(11,5482,40729,1,591,1,0.00000,0.00000,1,1,'2022-01-07 09:59:48','2022-01-07 09:59:48',NULL),(13,5482,40766,1,820,1,0.00000,0.00000,1,1,'2022-01-10 15:01:04','2022-01-10 15:01:04',NULL),(14,5482,40767,1,946,1,0.00000,0.00000,1,1,'2022-01-10 15:11:22','2022-01-10 15:11:22',NULL),(15,5482,40768,1,573,1,0.00000,0.00000,1,1,'2022-01-10 15:43:28','2022-01-10 15:43:28',NULL),(16,5482,40769,1,946,1,0.00000,0.00000,1,1,'2022-01-10 15:48:49','2022-01-10 15:48:49',NULL),(17,5482,40770,1,570,1,0.00000,0.00000,1,1,'2022-01-10 15:54:28','2022-01-10 15:54:28',NULL),(19,5482,40772,1,598,1,0.00000,0.00000,1,1,'2022-01-10 16:07:06','2022-01-10 16:07:06',NULL),(20,5482,40772,1,361,1,0.00000,0.00000,1,1,'2022-01-10 16:07:06','2022-01-10 16:07:06',NULL),(21,5482,40771,1,187,1,0.00000,0.00000,1,1,'2022-01-14 10:11:20','2022-01-14 10:11:20',NULL),(22,5482,40773,1,619,1,0.00000,0.00000,1,1,'2022-01-17 14:29:49','2022-01-17 14:29:49',NULL),(28,5482,40802,1,711,1,0.00000,0.00000,1,1,'2022-01-26 10:21:42','2022-01-26 10:21:42',NULL),(29,5482,40774,1,655,1,0.00000,0.00000,1,1,'2022-02-01 10:28:53','2022-02-01 10:28:53',NULL),(30,5482,40774,1,660,1,0.00000,0.00000,1,1,'2022-02-01 10:28:53','2022-02-01 10:28:53',NULL),(31,5482,40774,1,688,1,0.00000,0.00000,1,1,'2022-02-01 10:28:53','2022-02-01 10:28:53',NULL);

--
-- Table structure for table `person_zones`
--

CREATE TABLE `person_zones` (
  `id` int(10) unsigned NOT NULL AUTO_INCREMENT,
  `user_id` int(10) unsigned DEFAULT NULL,
  `sifere_coef` decimal(8,4) NOT NULL DEFAULT '0.0000',
  `iibb_aliquot` decimal(8,4) NOT NULL DEFAULT '0.0000',
  `zone_id` int(10) unsigned NOT NULL,
  `is_principal` tinyint(1) NOT NULL DEFAULT '0',
  `iibb_perception_id` int(10) unsigned DEFAULT NULL,
  `retention_id` int(10) unsigned DEFAULT NULL,
  `activity_id` int(10) unsigned DEFAULT NULL,
  `created_at` timestamp NULL DEFAULT NULL,
  `updated_at` timestamp NULL DEFAULT NULL,
  `person_id` int(10) unsigned NOT NULL,
  `deleted_at` timestamp NULL DEFAULT NULL,
  PRIMARY KEY (`id`),
  KEY `person_zones_zone_id_foreign` (`zone_id`),
  KEY `person_zones_person_id_foreign` (`person_id`),
  CONSTRAINT `person_zones_person_id_foreign` FOREIGN KEY (`person_id`) REFERENCES `persons` (`id`),
  CONSTRAINT `person_zones_zone_id_foreign` FOREIGN KEY (`zone_id`) REFERENCES `zones` (`id`)
) ENGINE=InnoDB AUTO_INCREMENT=27 DEFAULT CHARSET=utf8mb4 COLLATE=utf8mb4_unicode_ci;

--
-- Dumping data for table `person_zones`
--

INSERT INTO `person_zones` VALUES (1,NULL,0.0000,0.0000,22,1,NULL,NULL,NULL,'2021-08-08 19:19:40','2021-08-08 19:19:45',40719,NULL),(11,5482,0.0000,0.0000,1,1,NULL,NULL,NULL,'2022-01-07 09:59:48','2022-01-07 09:59:48',40729,NULL),(13,5482,0.0000,0.0000,1,1,NULL,NULL,NULL,'2022-01-10 15:01:04','2022-01-10 15:01:04',40766,NULL),(14,5482,0.0000,0.0000,1,1,NULL,NULL,NULL,'2022-01-10 15:11:22','2022-01-10 15:11:22',40767,NULL),(15,5482,0.0000,0.0000,1,1,NULL,NULL,NULL,'2022-01-10 15:43:28','2022-01-10 15:43:28',40768,NULL),(16,5482,0.0000,0.0000,1,1,NULL,NULL,NULL,'2022-01-10 15:48:49','2022-01-10 15:48:49',40769,NULL),(17,5482,0.0000,0.0000,1,1,NULL,NULL,NULL,'2022-01-10 15:54:28','2022-01-10 15:54:28',40770,NULL),(19,5482,0.0000,0.0000,1,1,NULL,NULL,NULL,'2022-01-10 16:07:06','2022-01-10 16:07:06',40772,NULL),(20,5482,0.0000,0.0000,1,1,NULL,NULL,NULL,'2022-01-14 10:11:20','2022-01-14 10:11:20',40771,NULL),(21,5482,0.0000,0.0000,1,1,NULL,NULL,NULL,'2022-01-17 14:29:49','2022-01-17 14:29:49',40773,NULL),(25,5482,0.0000,0.0000,1,1,NULL,NULL,NULL,'2022-01-26 10:21:42','2022-01-26 10:21:42',40802,NULL),(26,5482,0.0000,0.0000,1,1,NULL,NULL,NULL,'2022-02-01 10:28:53','2022-02-01 10:28:53',40774,NULL);

--
-- Table structure for table `persons`
--

CREATE TABLE `persons` (
  `id` int(10) unsigned NOT NULL AUTO_INCREMENT,
  `user_id` int(10) unsigned DEFAULT NULL,
  `field_name1` varchar(255) COLLATE utf8mb4_unicode_ci NOT NULL,
  `field_name2` varchar(255) COLLATE utf8mb4_unicode_ci DEFAULT NULL,
  `document_type` varchar(10) COLLATE utf8mb4_unicode_ci NOT NULL,
  `document` varchar(30) COLLATE utf8mb4_unicode_ci NOT NULL,
  `country_id` int(10) unsigned DEFAULT NULL,
  `state_id` int(10) unsigned DEFAULT NULL,
  `zone_id` int(10) unsigned DEFAULT NULL,
  `plan_cuenta_id` int(10) unsigned DEFAULT NULL,
  `iva_creditos_tipo_id` int(10) unsigned DEFAULT NULL,
  `created_at` timestamp NULL DEFAULT NULL,
  `updated_at` timestamp NULL DEFAULT NULL,
  `activity_id` int(10) unsigned DEFAULT NULL,
  `address` varchar(500) COLLATE utf8mb4_unicode_ci DEFAULT NULL,
  `person_type_id` int(10) unsigned DEFAULT NULL,
  `fa_iva_condition_id` int(10) unsigned DEFAULT NULL,
  `fa_codigo_postal` varchar(180) COLLATE utf8mb4_unicode_ci DEFAULT NULL,
  `email` varchar(180) COLLATE utf8mb4_unicode_ci DEFAULT NULL,
  `deleted_at` timestamp NULL DEFAULT NULL,
  PRIMARY KEY (`id`),
  UNIQUE KEY `document_UNIQUE` (`document`),
  KEY `persons_zone_id_foreign` (`zone_id`),
  KEY `persons_person_type_id_foreign` (`person_type_id`),
  KEY `persons_plan_cuenta_id_foreign` (`plan_cuenta_id`),
  KEY `persons_iva_creditos_tipo_id_foreign` (`iva_creditos_tipo_id`),
  CONSTRAINT `persons_iva_creditos_tipo_id_foreign` FOREIGN KEY (`iva_creditos_tipo_id`) REFERENCES `iva_creditos_tipos` (`id`),
  CONSTRAINT `persons_person_type_id_foreign` FOREIGN KEY (`person_type_id`) REFERENCES `person_types` (`id`),
  CONSTRAINT `persons_plan_cuenta_id_foreign` FOREIGN KEY (`plan_cuenta_id`) REFERENCES `conta_plan_cuenta` (`id`),
  CONSTRAINT `persons_zone_id_foreign` FOREIGN KEY (`zone_id`) REFERENCES `zones` (`id`)
) ENGINE=InnoDB AUTO_INCREMENT=40812 DEFAULT CHARSET=utf8mb4 COLLATE=utf8mb4_unicode_ci;

--
-- Dumping data for table `persons`
--

INSERT INTO `persons` VALUES (3,NULL,'Larzabal Hernan',NULL,'cuit','20-28468190-9',NULL,22,22,NULL,NULL,'2018-05-12 20:55:07','2018-05-14 01:54:15',1,NULL,1,NULL,NULL,NULL,NULL),(40717,NULL,'Taxes Software',NULL,'cuit','30-71625124-8',NULL,22,22,NULL,NULL,NULL,NULL,NULL,NULL,2,NULL,NULL,NULL,NULL),(40718,NULL,'Consumidor Final',NULL,'cuit','20-11111111-2',NULL,22,22,NULL,NULL,NULL,NULL,NULL,NULL,NULL,NULL,NULL,NULL,NULL),(40719,1,'Farias Maria Elena',NULL,'cuit','27-26116806-0',NULL,NULL,NULL,NULL,NULL,'2021-08-09 01:19:35','2021-08-09 01:19:35',NULL,NULL,NULL,NULL,NULL,NULL,NULL),(40729,5482,'VASQUEZ GISELA ADELINA',NULL,'cuit','27-28918694-3',NULL,NULL,NULL,NULL,NULL,'2022-01-07 09:59:48','2022-01-07 09:59:48',NULL,'AV OMAR CASTILLO 1855 BARRIO SAN JOSE OBRERO COSQUIN CORDOBA',1,NULL,NULL,NULL,NULL),(40730,5482,'99-99999999-9',NULL,'cuit','99-99999999-9',NULL,NULL,NULL,NULL,NULL,'2022-01-07 10:34:13','2022-01-07 10:34:13',NULL,NULL,NULL,NULL,NULL,NULL,NULL),(40731,5482,'GOULD ELIO',NULL,'cuit','20-27229939-1',NULL,NULL,NULL,NULL,NULL,'2022-01-07 10:34:13','2022-01-07 10:34:13',NULL,NULL,NULL,NULL,NULL,NULL,NULL),(40732,5482,'27229939',NULL,'dni','27229939',NULL,NULL,NULL,NULL,NULL,'2022-01-07 10:34:13','2022-01-07 10:34:13',NULL,NULL,NULL,NULL,NULL,NULL,NULL),(40733,5482,'DISTRIBUIDORA PAN DE AZUCAR SOCIEDAD SIMPLE',NULL,'cuit','30-71705551-5',NULL,NULL,NULL,NULL,NULL,'2022-01-07 10:39:52','2022-01-07 10:39:52',NULL,NULL,NULL,NULL,NULL,NULL,NULL),(40734,5482,'25834188',NULL,'dni','25834188',NULL,NULL,NULL,NULL,NULL,'2022-01-07 10:39:52','2022-01-07 10:39:52',NULL,NULL,NULL,NULL,NULL,NULL,NULL),(40735,5482,'OLEA ROLANDO DANIEL',NULL,'cuit','20-25191802-4',NULL,NULL,NULL,NULL,NULL,'2022-01-07 10:43:54','2022-01-07 10:43:54',NULL,NULL,NULL,NULL,NULL,NULL,NULL),(40736,5482,'34407894',NULL,'dni','34407894',NULL,NULL,NULL,NULL,NULL,'2022-01-07 10:45:17','2022-01-07 10:45:17',NULL,NULL,NULL,NULL,NULL,NULL,NULL),(40737,5482,'25191802',NULL,'dni','25191802',NULL,NULL,NULL,NULL,NULL,'2022-01-07 10:45:17','2022-01-07 10:45:17',NULL,NULL,NULL,NULL,NULL,NULL,NULL),(40738,5482,'23379304',NULL,'dni','23379304',NULL,NULL,NULL,NULL,NULL,'2022-01-07 10:45:18','2022-01-07 10:45:18',NULL,NULL,NULL,NULL,NULL,NULL,NULL),(40739,5482,'14524052',NULL,'dni','14524052',NULL,NULL,NULL,NULL,NULL,'2022-01-07 10:47:12','2022-01-07 10:47:12',NULL,NULL,NULL,NULL,NULL,NULL,NULL),(40740,5482,'SINDICATO DE TRABAJADORES AERONAUTICOS DE LA FABRICA ARGENTINA DE AVIONES SA - (S.T.A.)',NULL,'cuit','30-71266400-9',NULL,NULL,NULL,NULL,NULL,'2022-01-07 10:47:12','2022-01-07 10:47:12',NULL,NULL,NULL,NULL,NULL,NULL,NULL),(40741,5482,'36988547',NULL,'dni','36988547',NULL,NULL,NULL,NULL,NULL,'2022-01-07 10:47:12','2022-01-07 10:47:12',NULL,NULL,NULL,NULL,NULL,NULL,NULL),(40742,5482,'18015378',NULL,'dni','18015378',NULL,NULL,NULL,NULL,NULL,'2022-01-07 10:47:12','2022-01-07 10:47:12',NULL,NULL,NULL,NULL,NULL,NULL,NULL),(40743,5482,'GONZALEZ STELLA MARIS',NULL,'cuit','27-22567611-4',NULL,NULL,NULL,NULL,NULL,'2022-01-07 10:47:12','2022-01-07 10:47:12',NULL,NULL,NULL,NULL,NULL,NULL,NULL),(40744,5482,'MUNICIPALIDAD DE COSQUIN',NULL,'cuit','30-99901370-4',NULL,NULL,NULL,NULL,NULL,'2022-01-07 10:47:13','2022-01-07 10:47:13',NULL,NULL,NULL,NULL,NULL,NULL,NULL),(40745,5482,'SUPER TOUR S.A.',NULL,'cuit','33-71436374-9',NULL,NULL,NULL,NULL,NULL,'2022-01-07 10:49:13','2022-01-07 10:49:13',NULL,NULL,NULL,NULL,NULL,NULL,NULL),(40746,5482,'23786741',NULL,'dni','23786741',NULL,NULL,NULL,NULL,NULL,'2022-01-07 10:49:13','2022-01-07 10:49:13',NULL,NULL,NULL,NULL,NULL,NULL,NULL),(40747,5482,'17962952',NULL,'dni','17962952',NULL,NULL,NULL,NULL,NULL,'2022-01-07 10:49:13','2022-01-07 10:49:13',NULL,NULL,NULL,NULL,NULL,NULL,NULL),(40748,5482,'YREL NADIR',NULL,'cuit','20-35977316-2',NULL,NULL,NULL,NULL,NULL,'2022-01-07 10:49:13','2022-01-07 10:49:13',NULL,NULL,NULL,NULL,NULL,NULL,NULL),(40749,5482,'MAT INDUSTRIAL',NULL,'cuit','30-71571667-0',NULL,NULL,NULL,NULL,NULL,'2022-01-07 10:49:13','2022-01-07 10:49:13',NULL,NULL,NULL,NULL,NULL,NULL,NULL);
INSERT INTO `persons` VALUES (40750,5482,'CAMINOS DE LAS SIERRAS S A',NULL,'cuit','30-69297553-3',NULL,NULL,NULL,NULL,NULL,'2022-01-07 10:53:42','2022-01-07 10:53:42',NULL,NULL,NULL,NULL,NULL,NULL,NULL),(40751,5482,'PARQUE SALUD S A',NULL,'cuit','30-67755888-8',NULL,NULL,NULL,NULL,NULL,'2022-01-07 10:53:43','2022-01-07 10:53:43',NULL,NULL,NULL,NULL,NULL,NULL,NULL),(40752,5482,'FERRETERA GENERAL PAZ S.R.L.',NULL,'cuit','30-70729715-4',NULL,NULL,NULL,NULL,NULL,'2022-01-07 10:55:36','2022-01-07 10:55:36',NULL,NULL,NULL,NULL,NULL,NULL,NULL),(40753,5482,'ESPA S.A.',NULL,'cuit','30-70840584-8',NULL,NULL,NULL,NULL,NULL,'2022-01-07 10:55:36','2022-01-07 10:55:36',NULL,NULL,NULL,NULL,NULL,NULL,NULL),(40754,5482,'MORENO CESAR ANIBAL',NULL,'cuit','20-11052486-3',NULL,NULL,NULL,NULL,NULL,'2022-01-07 10:57:40','2022-01-07 10:57:40',NULL,NULL,NULL,NULL,NULL,NULL,NULL),(40755,5482,'CASALI S R L',NULL,'cuit','30-60914554-0',NULL,NULL,NULL,NULL,NULL,'2022-01-07 10:57:40','2022-01-07 10:57:40',NULL,NULL,NULL,NULL,NULL,NULL,NULL),(40756,5482,'SERVIDIO ANA MARIA FRANCISCA',NULL,'cuit','27-04977236-5',NULL,NULL,NULL,NULL,NULL,'2022-01-07 10:57:40','2022-01-07 10:57:40',NULL,NULL,NULL,NULL,NULL,NULL,NULL),(40757,5482,'COBRANZAS REGIONALES S.A.',NULL,'cuit','30-70721370-8',NULL,NULL,NULL,NULL,NULL,'2022-01-07 10:59:58','2022-01-07 10:59:58',NULL,NULL,NULL,NULL,NULL,NULL,NULL),(40758,5482,'MORENO E HIJOS S.A.',NULL,'cuit','30-71714977-3',NULL,NULL,NULL,NULL,NULL,'2022-01-07 10:59:59','2022-01-07 10:59:59',NULL,NULL,NULL,NULL,NULL,NULL,NULL),(40759,5482,'JUARROS MIGUEL ANGEL',NULL,'cuit','20-12505664-5',NULL,NULL,NULL,NULL,NULL,'2022-01-07 10:59:59','2022-01-07 10:59:59',NULL,NULL,NULL,NULL,NULL,NULL,NULL),(40762,5482,'JACARO S A',NULL,'cuit','30-70989560-1',NULL,NULL,NULL,NULL,NULL,'2022-01-07 11:01:29','2022-01-07 11:01:29',NULL,NULL,NULL,NULL,NULL,NULL,NULL),(40763,5482,'ALVAREZ OSCAR GUSTAVO',NULL,'cuit','23-14189054-9',NULL,NULL,NULL,NULL,NULL,'2022-01-07 11:01:29','2022-01-07 11:01:29',NULL,NULL,NULL,NULL,NULL,NULL,NULL),(40764,5482,'PRESTA ALEJANDRA MABEL',NULL,'cuit','27-13798245-0',NULL,NULL,NULL,NULL,NULL,'2022-01-07 11:04:59','2022-01-07 11:04:59',NULL,NULL,NULL,NULL,NULL,NULL,NULL),(40765,5482,'SERVICIO DE PAGO SAU',NULL,'cuit','30-71662948-8',NULL,NULL,NULL,NULL,NULL,'2022-01-07 11:07:10','2022-01-07 11:07:10',NULL,NULL,NULL,NULL,NULL,NULL,NULL),(40766,5482,'ASTRADA GONZALEZ EVANGELINA DEL VALLE',NULL,'cuit','27-30898871-1',NULL,NULL,NULL,NULL,NULL,'2022-01-10 15:00:15','2022-01-10 15:00:15',NULL,'UNQUILLO 775 BARRIO HIPOLITO YRIGOYEN CORDOBA',1,NULL,NULL,NULL,NULL),(40767,5482,'CHESTA RICARDO ENRIQUE',NULL,'cuit','20-12365790-0',NULL,NULL,NULL,NULL,NULL,'2022-01-10 15:11:22','2022-01-10 15:11:22',NULL,'BARRIO PARQUE LICEO 2DA CORDOBA',1,NULL,NULL,NULL,NULL),(40768,5482,'HOLGADO CALDERON RUBEN OSCAR',NULL,'cuit','20-28115950-0',NULL,NULL,NULL,NULL,NULL,'2022-01-10 15:43:28','2022-01-10 15:43:28',NULL,'LEIPZIG 1623\r\nBARRIO SAN NICOLAS *\r\n5012-CORDOBA',1,NULL,NULL,NULL,NULL),(40769,5482,'TARFA PAMELA NATALIA',NULL,'cuit','27-29007070-3',NULL,NULL,NULL,NULL,NULL,'2022-01-10 15:48:49','2022-01-10 15:48:49',NULL,'CHAMPAQUI 10\r\nVILLA CARLOS PAZ\r\n5152-CORDOBA',1,NULL,NULL,NULL,NULL),(40770,5482,'CORTES SERGIO ENRIQUE',NULL,'cuit','24-24740689-8',NULL,NULL,NULL,NULL,NULL,'2022-01-10 15:54:28','2022-01-10 15:54:28',NULL,'PASAJE PUBLICA A 5032\r\nBARRIO AMPLIACION LAS PALMAS *\r\n5003-CORDOBA',1,NULL,NULL,NULL,NULL),(40771,5482,'IACONO IVAN EZEQUIEL',NULL,'cuit','20-31057972-7',NULL,NULL,NULL,NULL,NULL,'2022-01-10 16:00:12','2022-01-10 16:00:12',NULL,'DOROTEO ROBLES 3986\r\nVILLA ARGENTINA *\r\n5006-CORDOBA',1,NULL,NULL,NULL,NULL),(40772,5482,'DI CARO DIEGO SEBASTIAN M',NULL,'cuit','20-26733420-0',NULL,NULL,NULL,NULL,NULL,'2022-01-10 16:07:06','2022-01-10 16:07:06',NULL,'RICARDO GUIRALDES 962 - BARRIO : LOTEO BERTONE\r\nVILLA GENERAL BELGRANO\r\n5194-CORDOBA',1,NULL,NULL,NULL,NULL);
INSERT INTO `persons` VALUES (40773,5482,'JUAN EMANUEL DIAZ CRUZ',NULL,'cuit','20-29964425-2',NULL,NULL,NULL,NULL,NULL,'2022-01-17 14:29:49','2022-01-17 14:29:49',NULL,'AV SANTA ANA 3892 BARRIO LAS PALMAS CORDOBA',1,NULL,NULL,NULL,NULL),(40774,5482,'ARGUELLO CARLOS ALBERTO DEL V',NULL,'cuit','20-14107146-8',NULL,NULL,NULL,NULL,NULL,'2022-01-17 15:14:26','2022-01-17 15:14:26',NULL,'ARISTOBULO DEL VALLE 523 - BARRIO : SAN PABLO\r\nMONTE CRISTO 5125-CORDOBA',1,NULL,NULL,NULL,NULL),(40775,5482,'MONTE SECO S.A',NULL,'cuit','30-58568873-4',NULL,NULL,NULL,NULL,NULL,'2022-01-17 16:59:30','2022-01-17 16:59:30',NULL,NULL,NULL,NULL,NULL,NULL,NULL),(40776,5482,'ALCORTA REMOLQUES SAS',NULL,'cuit','30-71594571-8',NULL,NULL,NULL,NULL,NULL,'2022-01-17 16:59:30','2022-01-17 16:59:30',NULL,NULL,NULL,NULL,NULL,NULL,NULL),(40777,5482,'COOPERATIVA DE OBRAS Y SERVICIOS PUBLICOS DE MONTE CRISTO LIMITADA',NULL,'cuit','30-54575992-2',NULL,NULL,NULL,NULL,NULL,'2022-01-17 17:06:00','2022-01-17 17:06:00',NULL,NULL,NULL,NULL,NULL,NULL,NULL),(40778,5482,'INDUSTRIAS CORMETAL S A',NULL,'cuit','30-56036918-9',NULL,NULL,NULL,NULL,NULL,'2022-01-17 17:08:36','2022-01-17 17:08:36',NULL,NULL,NULL,NULL,NULL,NULL,NULL),(40779,5482,'TICKETEK ARGENTINA SA',NULL,'cuit','33-69076554-9',NULL,NULL,NULL,NULL,NULL,'2022-01-17 17:09:25','2022-01-17 17:09:25',NULL,NULL,NULL,NULL,NULL,NULL,NULL),(40780,5482,'DEGRA ARGENTINA S.A.',NULL,'cuit','33-70993609-9',NULL,NULL,NULL,NULL,NULL,'2022-01-17 20:34:02','2022-01-17 20:34:02',NULL,NULL,NULL,NULL,NULL,NULL,NULL),(40781,5482,'MEDIFE ASOCIACION CIVIL',NULL,'cuit','30-68273765-0',NULL,NULL,NULL,NULL,NULL,'2022-01-17 20:34:02','2022-01-17 20:34:02',NULL,NULL,NULL,NULL,NULL,NULL,NULL),(40786,5482,'KOSTIUK ROBERTO PEDRO',NULL,'cuit','20-13697872-2',NULL,NULL,NULL,NULL,NULL,'2022-01-17 20:37:29','2022-01-17 20:37:29',NULL,NULL,NULL,NULL,NULL,NULL,NULL),(40787,5482,'MACRI NATALIA VANESA',NULL,'cuit','27-28323453-9',NULL,NULL,NULL,NULL,NULL,'2022-01-17 20:37:29','2022-01-17 20:37:29',NULL,NULL,NULL,NULL,NULL,NULL,NULL),(40794,5482,'OPPENHEIM MICAELA',NULL,'cuit','27-36172400-9',NULL,NULL,NULL,NULL,NULL,'2022-01-17 20:49:25','2022-01-17 20:49:25',NULL,NULL,NULL,NULL,NULL,NULL,NULL),(40795,5482,'CURA BERNARDO',NULL,'cuit','20-23333673-5',NULL,NULL,NULL,NULL,NULL,'2022-01-17 20:51:42','2022-01-17 20:51:42',NULL,NULL,NULL,NULL,NULL,NULL,NULL),(40796,5482,'SUAVE CLAUDIO JOSE',NULL,'cuit','20-16737064-1',NULL,NULL,NULL,NULL,NULL,'2022-01-17 20:52:27','2022-01-17 20:52:27',NULL,NULL,NULL,NULL,NULL,NULL,NULL),(40797,5482,'GARCIA CABALLERO DANIELA ESTEFANIA',NULL,'cuit','27-32465044-5',NULL,NULL,NULL,NULL,NULL,'2022-01-17 20:52:27','2022-01-17 20:52:27',NULL,NULL,NULL,NULL,NULL,NULL,NULL),(40798,5482,'BAZAR AVENIDA SA',NULL,'cuit','30-53284754-7',NULL,NULL,NULL,NULL,NULL,'2022-01-17 20:52:27','2022-01-17 20:52:27',NULL,NULL,NULL,NULL,NULL,NULL,NULL),(40799,5482,'CASSINI MARTIN',NULL,'cuit','20-27182205-8',NULL,NULL,NULL,NULL,NULL,'2022-01-17 20:54:33','2022-01-17 20:54:33',NULL,NULL,NULL,NULL,NULL,NULL,NULL),(40802,5482,'CEBALLOS AGUSTINA',NULL,'cuit','27-42694647-0',NULL,NULL,NULL,NULL,NULL,'2022-01-26 10:21:42','2022-01-26 10:21:42',NULL,NULL,1,NULL,NULL,NULL,NULL),(40803,5482,'GUIA PRACTICA S.A.',NULL,'cuit','30-70805437-9',NULL,NULL,NULL,NULL,NULL,'2022-02-01 13:21:15','2022-02-01 13:21:15',NULL,NULL,NULL,NULL,NULL,NULL,NULL),(40804,5482,'MERCADOLIBRE S.R.L.',NULL,'cuit','30-70308853-4',NULL,NULL,NULL,NULL,NULL,'2022-02-01 13:21:15','2022-02-01 13:21:15',NULL,NULL,NULL,NULL,NULL,NULL,NULL),(40805,5482,'SCFITNESS',NULL,'cuit','30-71668486-1',NULL,NULL,NULL,NULL,NULL,'2022-02-01 13:21:15','2022-02-01 13:21:15',NULL,NULL,NULL,NULL,NULL,NULL,NULL),(40806,5482,'PLEYADE  S.A.',NULL,'cuit','30-70874695-5',NULL,NULL,NULL,NULL,NULL,'2022-02-01 13:21:15','2022-02-01 13:21:15',NULL,NULL,NULL,NULL,NULL,NULL,NULL),(40807,5482,'FABSO S.A.S.',NULL,'cuit','30-71646144-7',NULL,NULL,NULL,NULL,NULL,'2022-02-01 13:21:15','2022-02-01 13:21:15',NULL,NULL,NULL,NULL,NULL,NULL,NULL);
INSERT INTO `persons` VALUES (40808,5482,'DELTOM S.A',NULL,'cuit','30-70887228-4',NULL,NULL,NULL,NULL,NULL,'2022-02-01 13:21:15','2022-02-01 13:21:15',NULL,NULL,NULL,NULL,NULL,NULL,NULL),(40809,5482,'CONSUMIDOR FINAL',NULL,'cuit','00-00000000-0',NULL,1,1,96,NULL,'2022-02-02 12:39:53','2022-02-02 12:39:53',NULL,NULL,1,NULL,NULL,NULL,NULL),(40810,5482,'PETROSERVICE SRL',NULL,'cuit','30-68665836-4',NULL,NULL,NULL,NULL,NULL,'2022-02-07 13:08:44','2022-02-07 13:08:44',NULL,NULL,NULL,NULL,NULL,NULL,NULL),(40811,5482,'CATTANEO HNOS SRL',NULL,'cuit','30-54073519-7',NULL,NULL,NULL,NULL,NULL,'2022-02-07 13:13:11','2022-02-07 13:13:11',NULL,NULL,NULL,NULL,NULL,NULL,NULL);

--
-- Table structure for table `portal_empleados`
--

CREATE TABLE `portal_empleados` (
  `id` int(10) unsigned NOT NULL AUTO_INCREMENT,
  `user_id` int(10) unsigned DEFAULT NULL,
  `person_id` int(10) unsigned NOT NULL,
  `person_id_relationed` int(10) unsigned NOT NULL,
  `comentario` varchar(191) COLLATE utf8mb4_unicode_ci DEFAULT NULL,
  `habilitado` tinyint(1) NOT NULL DEFAULT '1',
  `created_at` timestamp NULL DEFAULT NULL,
  `updated_at` timestamp NULL DEFAULT NULL,
  `deleted_at` timestamp NULL DEFAULT NULL,
  PRIMARY KEY (`id`),
  KEY `portal_empleados_person_id_foreign` (`person_id`),
  KEY `portal_empleados_person_id_relationed_foreign` (`person_id_relationed`),
  CONSTRAINT `portal_empleados_person_id_foreign` FOREIGN KEY (`person_id`) REFERENCES `persons` (`id`),
  CONSTRAINT `portal_empleados_person_id_relationed_foreign` FOREIGN KEY (`person_id_relationed`) REFERENCES `persons` (`id`)
) ENGINE=InnoDB DEFAULT CHARSET=utf8mb4 COLLATE=utf8mb4_unicode_ci;

--
-- Dumping data for table `portal_empleados`
--


--
-- Table structure for table `presupuesto_config`
--

CREATE TABLE `presupuesto_config` (
  `id` int(10) unsigned NOT NULL AUTO_INCREMENT,
  `user_id` int(10) unsigned DEFAULT NULL,
  `person_id` int(10) unsigned NOT NULL,
  `num_inicial` int(10) unsigned NOT NULL DEFAULT '0',
  `created_at` timestamp NULL DEFAULT NULL,
  `updated_at` timestamp NULL DEFAULT NULL,
  `deleted_at` timestamp NULL DEFAULT NULL,
  PRIMARY KEY (`id`),
  KEY `presupuesto_config_person_id_foreign` (`person_id`),
  CONSTRAINT `presupuesto_config_person_id_foreign` FOREIGN KEY (`person_id`) REFERENCES `persons` (`id`)
) ENGINE=InnoDB AUTO_INCREMENT=2 DEFAULT CHARSET=utf8mb4 COLLATE=utf8mb4_unicode_ci;

--
-- Dumping data for table `presupuesto_config`
--

INSERT INTO `presupuesto_config` VALUES (1,5482,40719,0,'2022-01-06 13:51:41','2022-01-06 13:51:41',NULL);

--
-- Table structure for table `presupuestos`
--

CREATE TABLE `presupuestos` (
  `id` int(10) unsigned NOT NULL AUTO_INCREMENT,
  `user_id` int(10) unsigned NOT NULL,
  `fecha` date NOT NULL DEFAULT '2019-12-23',
  `punto_venta_id` int(10) unsigned NOT NULL,
  `system_tax_id` int(10) unsigned NOT NULL DEFAULT '7',
  `numero` int(10) unsigned NOT NULL,
  `person_id` int(10) unsigned NOT NULL,
  `person_id_receptor` int(10) unsigned NOT NULL DEFAULT '3',
  `texto` longtext COLLATE utf8mb4_unicode_ci,
  `iva_si_no` tinyint(1) NOT NULL DEFAULT '0',
  `neto` decimal(16,2) NOT NULL DEFAULT '0.00',
  `iva` decimal(16,2) NOT NULL DEFAULT '0.00',
  `total` decimal(16,2) NOT NULL DEFAULT '0.00',
  `comentario` varchar(191) COLLATE utf8mb4_unicode_ci DEFAULT NULL,
  `created_at` timestamp NULL DEFAULT NULL,
  `updated_at` timestamp NULL DEFAULT NULL,
  `deleted_at` timestamp NULL DEFAULT NULL,
  PRIMARY KEY (`id`),
  KEY `presupuestos_punto_venta_id_foreign` (`punto_venta_id`),
  KEY `presupuestos_person_id_foreign` (`person_id`),
  KEY `presupuestos_person_id_receptor_foreign` (`person_id_receptor`),
  KEY `presupuestos_system_tax_id_foreign` (`system_tax_id`),
  CONSTRAINT `presupuestos_person_id_foreign` FOREIGN KEY (`person_id`) REFERENCES `persons` (`id`),
  CONSTRAINT `presupuestos_person_id_receptor_foreign` FOREIGN KEY (`person_id_receptor`) REFERENCES `persons` (`id`),
  CONSTRAINT `presupuestos_punto_venta_id_foreign` FOREIGN KEY (`punto_venta_id`) REFERENCES `fact_elec_puntos_venta` (`id`),
  CONSTRAINT `presupuestos_system_tax_id_foreign` FOREIGN KEY (`system_tax_id`) REFERENCES `system_taxes` (`id`)
) ENGINE=InnoDB DEFAULT CHARSET=utf8mb4 COLLATE=utf8mb4_unicode_ci;

--
-- Dumping data for table `presupuestos`
--


--
-- Table structure for table `querys`
--

CREATE TABLE `querys` (
  `id` bigint(20) unsigned NOT NULL AUTO_INCREMENT,
  `user_id` int(10) unsigned DEFAULT NULL,
  `descripcion` varchar(191) COLLATE utf8mb4_unicode_ci DEFAULT NULL,
  `habilitado` tinyint(1) NOT NULL DEFAULT '1',
  `created_at` timestamp NULL DEFAULT NULL,
  `updated_at` timestamp NULL DEFAULT NULL,
  `deleted_at` timestamp NULL DEFAULT NULL,
  PRIMARY KEY (`id`)
) ENGINE=InnoDB AUTO_INCREMENT=2 DEFAULT CHARSET=utf8mb4 COLLATE=utf8mb4_unicode_ci;

--
-- Dumping data for table `querys`
--

INSERT INTO `querys` VALUES (1,NULL,'Factura Electronica Masiva Productos',1,'2022-02-01 17:42:25','2022-02-01 17:42:25',NULL);

--
-- Table structure for table `querys_details`
--

CREATE TABLE `querys_details` (
  `id` bigint(20) unsigned NOT NULL AUTO_INCREMENT,
  `user_id` int(10) unsigned DEFAULT NULL,
  `query_id` bigint(20) unsigned NOT NULL,
  `descripcion` longtext COLLATE utf8mb4_unicode_ci,
  `created_at` timestamp NULL DEFAULT NULL,
  `updated_at` timestamp NULL DEFAULT NULL,
  `deleted_at` timestamp NULL DEFAULT NULL,
  PRIMARY KEY (`id`),
  KEY `querys_details_query_id_foreign` (`query_id`),
  CONSTRAINT `querys_details_query_id_foreign` FOREIGN KEY (`query_id`) REFERENCES `querys` (`id`)
) ENGINE=InnoDB DEFAULT CHARSET=utf8mb4 COLLATE=utf8mb4_unicode_ci;

--
-- Dumping data for table `querys_details`
--


--
-- Table structure for table `queue_proceso_resultado`
--

CREATE TABLE `queue_proceso_resultado` (
  `id` int(10) unsigned NOT NULL AUTO_INCREMENT,
  `user_id` int(10) unsigned DEFAULT NULL,
  `queue_proceso_id` int(10) unsigned DEFAULT NULL,
  `resultado` longtext COLLATE utf8mb4_unicode_ci,
  `created_at` timestamp NULL DEFAULT NULL,
  `updated_at` timestamp NULL DEFAULT NULL,
  `deleted_at` timestamp NULL DEFAULT NULL,
  PRIMARY KEY (`id`),
  KEY `queue_proceso_resultado_queue_proceso_id_foreign` (`queue_proceso_id`),
  CONSTRAINT `queue_proceso_resultado_queue_proceso_id_foreign` FOREIGN KEY (`queue_proceso_id`) REFERENCES `queue_procesos` (`id`)
) ENGINE=InnoDB DEFAULT CHARSET=utf8mb4 COLLATE=utf8mb4_unicode_ci;

--
-- Dumping data for table `queue_proceso_resultado`
--


--
-- Table structure for table `queue_procesos`
--

CREATE TABLE `queue_procesos` (
  `id` int(10) unsigned NOT NULL AUTO_INCREMENT,
  `user_id` int(10) unsigned DEFAULT NULL,
  `descripcion` text COLLATE utf8mb4_unicode_ci NOT NULL,
  `created_at` timestamp NULL DEFAULT NULL,
  `updated_at` timestamp NULL DEFAULT NULL,
  `deleted_at` timestamp NULL DEFAULT NULL,
  PRIMARY KEY (`id`)
) ENGINE=InnoDB AUTO_INCREMENT=3 DEFAULT CHARSET=utf8mb4 COLLATE=utf8mb4_unicode_ci;

--
-- Dumping data for table `queue_procesos`
--

INSERT INTO `queue_procesos` VALUES (1,NULL,'Importar - Excel',NULL,NULL,NULL),(2,NULL,'Importar - Mis Comprobantes',NULL,NULL,NULL);

--
-- Table structure for table `receipt_taxes`
--

CREATE TABLE `receipt_taxes` (
  `id` int(10) unsigned NOT NULL AUTO_INCREMENT,
  `user_id` int(10) unsigned DEFAULT NULL,
  `receipt_id` int(10) unsigned NOT NULL,
  `tax_id` int(10) unsigned DEFAULT NULL,
  `amount` decimal(16,2) NOT NULL,
  `tax_amount` decimal(16,2) NOT NULL DEFAULT '0.00',
  `taxable_iibb` int(11) NOT NULL DEFAULT '0',
  `iva_iibb` int(11) NOT NULL DEFAULT '0',
  `created_at` timestamp NULL DEFAULT NULL,
  `updated_at` timestamp NULL DEFAULT NULL,
  `deleted_at` timestamp NULL DEFAULT NULL,
  PRIMARY KEY (`id`),
  KEY `receipt_taxes_receipt_id_foreign` (`receipt_id`),
  CONSTRAINT `receipt_taxes_receipt_id_foreign` FOREIGN KEY (`receipt_id`) REFERENCES `receipts` (`id`)
) ENGINE=InnoDB AUTO_INCREMENT=529 DEFAULT CHARSET=utf8mb4 COLLATE=utf8mb4_unicode_ci;

--
-- Dumping data for table `receipt_taxes`
--

INSERT INTO `receipt_taxes` VALUES (1,5482,1,7,4500.00,0.00,2,1,'2022-01-07 10:34:13','2022-01-07 10:34:13',NULL),(2,5482,2,7,1365.00,0.00,2,1,'2022-01-07 10:34:13','2022-01-07 10:34:13',NULL),(3,5482,3,7,1353.00,0.00,2,1,'2022-01-07 10:34:13','2022-01-07 10:34:13',NULL),(4,5482,4,7,300.00,0.00,2,1,'2022-01-07 10:34:13','2022-01-07 10:34:13',NULL),(5,5482,5,7,470.00,0.00,2,1,'2022-01-07 10:34:13','2022-01-07 10:34:13',NULL),(6,5482,6,7,2264.00,0.00,2,1,'2022-01-07 10:34:13','2022-01-07 10:34:13',NULL),(7,5482,7,7,1850.00,0.00,2,1,'2022-01-07 10:34:13','2022-01-07 10:34:13',NULL),(8,5482,8,7,150.00,0.00,2,1,'2022-01-07 10:34:13','2022-01-07 10:34:13',NULL),(9,5482,9,7,720.00,0.00,2,1,'2022-01-07 10:34:13','2022-01-07 10:34:13',NULL),(10,5482,10,7,1140.00,0.00,2,1,'2022-01-07 10:34:13','2022-01-07 10:34:13',NULL),(11,5482,11,7,650.00,0.00,2,1,'2022-01-07 10:39:51','2022-01-07 10:39:51',NULL),(12,5482,12,7,435.00,0.00,2,1,'2022-01-07 10:39:51','2022-01-07 10:39:51',NULL),(13,5482,13,7,260.00,0.00,2,1,'2022-01-07 10:39:51','2022-01-07 10:39:51',NULL),(14,5482,14,7,2700.00,0.00,2,1,'2022-01-07 10:39:52','2022-01-07 10:39:52',NULL),(15,5482,15,7,680.00,0.00,2,1,'2022-01-07 10:39:52','2022-01-07 10:39:52',NULL),(16,5482,16,7,4376.00,0.00,2,1,'2022-01-07 10:39:52','2022-01-07 10:39:52',NULL),(17,5482,17,7,3660.00,0.00,2,1,'2022-01-07 10:39:52','2022-01-07 10:39:52',NULL),(18,5482,18,7,2695.00,0.00,2,1,'2022-01-07 10:39:52','2022-01-07 10:39:52',NULL),(19,5482,19,7,1340.00,0.00,2,1,'2022-01-07 10:42:14','2022-01-07 10:42:14',NULL),(20,5482,20,7,450.00,0.00,2,1,'2022-01-07 10:42:14','2022-01-07 10:42:14',NULL),(21,5482,21,7,4850.00,0.00,2,1,'2022-01-07 10:42:14','2022-01-07 10:42:14',NULL),(22,5482,22,7,2620.00,0.00,2,1,'2022-01-07 10:42:14','2022-01-07 10:42:14',NULL),(23,5482,23,7,1410.00,0.00,2,1,'2022-01-07 10:42:14','2022-01-07 10:42:14',NULL),(24,5482,24,7,560.00,0.00,2,1,'2022-01-07 10:42:14','2022-01-07 10:42:14',NULL),(25,5482,25,7,675.00,0.00,2,1,'2022-01-07 10:42:14','2022-01-07 10:42:14',NULL),(26,5482,26,7,250.00,0.00,2,1,'2022-01-07 10:42:15','2022-01-07 10:42:15',NULL),(27,5482,27,7,5750.00,0.00,2,1,'2022-01-07 10:42:15','2022-01-07 10:42:15',NULL),(28,5482,28,7,870.00,0.00,2,1,'2022-01-07 10:42:15','2022-01-07 10:42:15',NULL),(29,5482,29,7,705.00,0.00,2,1,'2022-01-07 10:42:15','2022-01-07 10:42:15',NULL),(30,5482,30,7,1380.00,0.00,2,1,'2022-01-07 10:42:15','2022-01-07 10:42:15',NULL),(31,5482,31,7,1330.00,0.00,2,1,'2022-01-07 10:42:15','2022-01-07 10:42:15',NULL),(32,5482,32,7,2450.00,0.00,2,1,'2022-01-07 10:43:53','2022-01-07 10:43:53',NULL),(33,5482,33,7,3860.00,0.00,2,1,'2022-01-07 10:43:53','2022-01-07 10:43:53',NULL),(34,5482,34,7,1998.00,0.00,2,1,'2022-01-07 10:43:53','2022-01-07 10:43:53',NULL),(35,5482,35,7,5500.00,0.00,2,1,'2022-01-07 10:43:53','2022-01-07 10:43:53',NULL),(36,5482,36,7,1160.00,0.00,2,1,'2022-01-07 10:43:53','2022-01-07 10:43:53',NULL),(37,5482,37,7,7890.00,0.00,2,1,'2022-01-07 10:43:53','2022-01-07 10:43:53',NULL),(38,5482,38,7,1160.00,0.00,2,1,'2022-01-07 10:43:53','2022-01-07 10:43:53',NULL),(39,5482,39,7,2771.00,0.00,2,1,'2022-01-07 10:43:53','2022-01-07 10:43:53',NULL),(40,5482,40,7,700.00,0.00,2,1,'2022-01-07 10:43:54','2022-01-07 10:43:54',NULL),(41,5482,41,7,7500.00,0.00,2,1,'2022-01-07 10:43:54','2022-01-07 10:43:54',NULL),(42,5482,42,7,4060.00,0.00,2,1,'2022-01-07 10:43:54','2022-01-07 10:43:54',NULL),(43,5482,43,7,2197.40,0.00,2,1,'2022-01-07 10:43:54','2022-01-07 10:43:54',NULL),(44,5482,44,7,3850.00,0.00,2,1,'2022-01-07 10:43:54','2022-01-07 10:43:54',NULL),(45,5482,45,7,2500.00,0.00,2,1,'2022-01-07 10:43:54','2022-01-07 10:43:54',NULL),(46,5482,46,7,2670.00,0.00,2,1,'2022-01-07 10:43:54','2022-01-07 10:43:54',NULL),(47,5482,47,7,5500.00,0.00,2,1,'2022-01-07 10:43:54','2022-01-07 10:43:54',NULL),(48,5482,48,7,12500.00,0.00,2,1,'2022-01-07 10:43:54','2022-01-07 10:43:54',NULL),(49,5482,49,7,6900.00,0.00,2,1,'2022-01-07 10:43:54','2022-01-07 10:43:54',NULL);
INSERT INTO `receipt_taxes` VALUES (50,5482,50,7,860.00,0.00,2,1,'2022-01-07 10:43:54','2022-01-07 10:43:54',NULL),(51,5482,51,7,650.00,0.00,2,1,'2022-01-07 10:43:54','2022-01-07 10:43:54',NULL),(52,5482,52,7,1730.00,0.00,2,1,'2022-01-07 10:43:54','2022-01-07 10:43:54',NULL),(53,5482,53,7,670.00,0.00,2,1,'2022-01-07 10:45:17','2022-01-07 10:45:17',NULL),(54,5482,54,7,1580.00,0.00,2,1,'2022-01-07 10:45:17','2022-01-07 10:45:17',NULL),(55,5482,55,7,3600.00,0.00,2,1,'2022-01-07 10:45:17','2022-01-07 10:45:17',NULL),(56,5482,56,7,450.00,0.00,2,1,'2022-01-07 10:45:17','2022-01-07 10:45:17',NULL),(57,5482,57,7,9020.00,0.00,2,1,'2022-01-07 10:45:17','2022-01-07 10:45:17',NULL),(58,5482,58,7,5000.00,0.00,2,1,'2022-01-07 10:45:18','2022-01-07 10:45:18',NULL),(59,5482,59,7,3930.00,0.00,2,1,'2022-01-07 10:45:18','2022-01-07 10:45:18',NULL),(60,5482,60,7,8870.00,0.00,2,1,'2022-01-07 10:45:18','2022-01-07 10:45:18',NULL),(61,5482,61,7,5800.00,0.00,2,1,'2022-01-07 10:45:18','2022-01-07 10:45:18',NULL),(62,5482,62,7,5709.00,0.00,2,1,'2022-01-07 10:45:18','2022-01-07 10:45:18',NULL),(63,5482,63,7,1300.00,0.00,2,1,'2022-01-07 10:45:18','2022-01-07 10:45:18',NULL),(64,5482,64,7,2010.00,0.00,2,1,'2022-01-07 10:47:12','2022-01-07 10:47:12',NULL),(65,5482,65,7,4080.00,0.00,2,1,'2022-01-07 10:47:12','2022-01-07 10:47:12',NULL),(66,5482,66,7,990.00,0.00,2,1,'2022-01-07 10:47:12','2022-01-07 10:47:12',NULL),(67,5482,67,7,3717.00,0.00,2,1,'2022-01-07 10:47:12','2022-01-07 10:47:12',NULL),(68,5482,68,7,1400.00,0.00,2,1,'2022-01-07 10:47:12','2022-01-07 10:47:12',NULL),(69,5482,69,7,5650.00,0.00,2,1,'2022-01-07 10:47:12','2022-01-07 10:47:12',NULL),(70,5482,70,7,1815.00,0.00,2,1,'2022-01-07 10:47:12','2022-01-07 10:47:12',NULL),(71,5482,71,7,5500.00,0.00,2,1,'2022-01-07 10:47:12','2022-01-07 10:47:12',NULL),(72,5482,72,7,1700.00,0.00,2,1,'2022-01-07 10:47:12','2022-01-07 10:47:12',NULL),(73,5482,73,7,5540.00,0.00,2,1,'2022-01-07 10:47:12','2022-01-07 10:47:12',NULL),(74,5482,74,7,1257.00,0.00,2,1,'2022-01-07 10:47:12','2022-01-07 10:47:12',NULL),(75,5482,75,7,18500.00,0.00,2,1,'2022-01-07 10:47:12','2022-01-07 10:47:12',NULL),(76,5482,76,7,1490.00,0.00,2,1,'2022-01-07 10:47:13','2022-01-07 10:47:13',NULL),(77,5482,77,7,1898.00,0.00,2,1,'2022-01-07 10:47:13','2022-01-07 10:47:13',NULL),(78,5482,78,7,5000.00,0.00,2,1,'2022-01-07 10:49:13','2022-01-07 10:49:13',NULL),(79,5482,79,7,881.00,0.00,2,1,'2022-01-07 10:49:13','2022-01-07 10:49:13',NULL),(80,5482,80,7,850.00,0.00,2,1,'2022-01-07 10:49:13','2022-01-07 10:49:13',NULL),(81,5482,81,7,6312.00,0.00,2,1,'2022-01-07 10:49:13','2022-01-07 10:49:13',NULL),(82,5482,82,7,6350.00,0.00,2,1,'2022-01-07 10:49:13','2022-01-07 10:49:13',NULL),(83,5482,83,7,3524.00,0.00,2,1,'2022-01-07 10:49:13','2022-01-07 10:49:13',NULL),(84,5482,84,7,4459.00,0.00,2,1,'2022-01-07 10:49:13','2022-01-07 10:49:13',NULL),(85,5482,85,2,24.79,5.21,2,1,'2022-01-07 10:53:42','2022-01-07 10:53:42',NULL),(86,5482,86,6,0.00,0.00,2,1,'2022-01-07 10:53:43','2022-01-07 10:53:43',NULL),(87,5482,86,8,6080.00,0.00,2,1,'2022-01-07 10:53:43','2022-01-07 10:53:43',NULL),(88,5482,87,2,3090.33,648.97,2,1,'2022-01-07 10:55:36','2022-01-07 10:55:36',NULL),(89,5482,88,2,18773.72,3942.48,2,1,'2022-01-07 10:55:36','2022-01-07 10:55:36',NULL),(90,5482,89,2,16084.50,3377.74,2,1,'2022-01-07 10:55:36','2022-01-07 10:55:36',NULL),(91,5482,90,2,1608.45,337.77,2,1,'2022-01-07 10:55:36','2022-01-07 10:55:36',NULL),(92,5482,91,2,2186.40,459.14,2,1,'2022-01-07 10:56:40','2022-01-07 10:56:40',NULL),(93,5482,92,6,0.00,0.00,2,1,'2022-01-07 10:56:40','2022-01-07 10:56:40',NULL),(94,5482,92,8,6440.00,0.00,2,1,'2022-01-07 10:56:40','2022-01-07 10:56:40',NULL),(95,5482,93,6,0.00,0.00,2,1,'2022-01-07 10:56:40','2022-01-07 10:56:40',NULL),(96,5482,93,8,6080.00,0.00,2,1,'2022-01-07 10:56:40','2022-01-07 10:56:40',NULL),(97,5482,94,2,31830.41,6684.38,2,1,'2022-01-07 10:56:40','2022-01-07 10:56:40',NULL),(98,5482,95,2,51176.39,10747.04,2,1,'2022-01-07 10:56:40','2022-01-07 10:56:40',NULL);
INSERT INTO `receipt_taxes` VALUES (99,5482,96,2,30451.12,6394.74,2,1,'2022-01-07 10:56:40','2022-01-07 10:56:40',NULL),(100,5482,97,2,11345.79,2382.62,2,1,'2022-01-07 10:57:40','2022-01-07 10:57:40',NULL),(101,5482,98,2,10368.81,2177.45,2,1,'2022-01-07 10:57:40','2022-01-07 10:57:40',NULL),(102,5482,99,2,404.46,84.94,2,1,'2022-01-07 10:57:40','2022-01-07 10:57:40',NULL),(103,5482,100,2,15109.47,3172.99,2,1,'2022-01-07 10:57:40','2022-01-07 10:57:40',NULL),(104,5482,101,6,0.00,0.00,2,1,'2022-01-07 10:57:40','2022-01-07 10:57:40',NULL),(105,5482,101,8,6440.00,0.00,2,1,'2022-01-07 10:57:40','2022-01-07 10:57:40',NULL),(106,5482,102,2,2588.27,543.54,2,1,'2022-01-07 10:57:40','2022-01-07 10:57:40',NULL),(107,5482,103,2,14876.03,3123.97,2,1,'2022-01-07 10:57:40','2022-01-07 10:57:40',NULL),(108,5482,104,2,11126.84,2336.64,2,1,'2022-01-07 10:57:40','2022-01-07 10:57:40',NULL),(109,5482,105,2,1157.02,242.98,2,1,'2022-01-07 10:57:40','2022-01-07 10:57:40',NULL),(110,5482,106,2,27450.91,5764.69,2,1,'2022-01-07 10:58:57','2022-01-07 10:58:57',NULL),(111,5482,107,2,22808.93,4291.11,2,1,'2022-01-07 10:58:57','2022-01-07 10:58:57',NULL),(112,5482,108,2,10443.64,2193.17,2,1,'2022-01-07 10:58:57','2022-01-07 10:58:57',NULL),(113,5482,109,2,21986.10,4617.08,2,1,'2022-01-07 10:58:57','2022-01-07 10:58:57',NULL),(114,5482,110,2,2745.09,576.47,2,1,'2022-01-07 10:58:57','2022-01-07 10:58:57',NULL),(115,5482,111,2,12061.15,2532.84,2,1,'2022-01-07 10:58:57','2022-01-07 10:58:57',NULL),(116,5482,112,6,0.00,0.00,2,1,'2022-01-07 10:58:57','2022-01-07 10:58:57',NULL),(117,5482,112,8,7992.00,0.00,2,1,'2022-01-07 10:58:57','2022-01-07 10:58:57',NULL),(118,5482,113,2,15091.42,3169.20,2,1,'2022-01-07 10:58:57','2022-01-07 10:58:57',NULL),(119,5482,114,2,2195.03,460.96,2,1,'2022-01-07 10:58:57','2022-01-07 10:58:57',NULL),(120,5482,115,1,9831.26,1067.04,2,1,'2022-01-07 10:58:57','2022-01-07 10:58:57',NULL),(121,5482,116,7,5000.00,0.00,2,1,'2022-01-07 10:58:57','2022-01-07 10:58:57',NULL),(122,5482,117,1,270.59,28.41,2,1,'2022-01-07 10:59:58','2022-01-07 10:59:58',NULL),(123,5482,118,1,270.59,28.41,2,1,'2022-01-07 10:59:59','2022-01-07 10:59:59',NULL),(124,5482,119,2,11630.07,2442.32,2,1,'2022-01-07 10:59:59','2022-01-07 10:59:59',NULL),(125,5482,120,6,0.00,0.00,2,1,'2022-01-07 10:59:59','2022-01-07 10:59:59',NULL),(126,5482,120,8,7520.00,0.00,2,1,'2022-01-07 10:59:59','2022-01-07 10:59:59',NULL),(127,5482,121,2,1206.11,253.28,2,1,'2022-01-07 10:59:59','2022-01-07 10:59:59',NULL),(128,5482,122,2,11837.59,2485.89,2,1,'2022-01-07 10:59:59','2022-01-07 10:59:59',NULL),(129,5482,122,7,0.01,0.00,2,1,'2022-01-07 10:59:59','2022-01-07 10:59:59',NULL),(130,5482,123,1,5150.11,556.51,2,1,'2022-01-07 10:59:59','2022-01-07 10:59:59',NULL),(131,5482,124,2,3450.86,724.68,2,1,'2022-01-07 10:59:59','2022-01-07 10:59:59',NULL),(132,5482,125,2,7046.52,1479.77,2,1,'2022-01-07 10:59:59','2022-01-07 10:59:59',NULL),(133,5482,126,2,20653.30,4337.19,2,1,'2022-01-07 10:59:59','2022-01-07 10:59:59',NULL),(134,5482,127,2,3265.84,685.83,2,1,'2022-01-07 10:59:59','2022-01-07 10:59:59',NULL),(135,5482,128,2,3705.79,778.22,2,1,'2022-01-07 10:59:59','2022-01-07 10:59:59',NULL),(136,5482,129,2,744.88,156.42,2,1,'2022-01-07 11:01:29','2022-01-07 11:01:29',NULL),(137,5482,130,2,8568.64,1799.41,2,1,'2022-01-07 11:01:29','2022-01-07 11:01:29',NULL),(138,5482,131,2,135.66,28.49,2,1,'2022-01-07 11:01:29','2022-01-07 11:01:29',NULL),(139,5482,132,2,15927.57,3344.79,2,1,'2022-01-07 11:01:29','2022-01-07 11:01:29',NULL),(140,5482,133,2,3360.20,705.64,2,1,'2022-01-07 11:01:29','2022-01-07 11:01:29',NULL),(141,5482,134,2,5748.97,1207.28,2,1,'2022-01-07 11:01:29','2022-01-07 11:01:29',NULL),(142,5482,135,2,2065.33,433.72,2,1,'2022-01-07 11:01:29','2022-01-07 11:01:29',NULL),(143,5482,136,7,1500.00,0.00,2,1,'2022-01-07 11:01:29','2022-01-07 11:01:29',NULL),(144,5482,137,2,1369.54,287.60,2,1,'2022-01-07 11:01:29','2022-01-07 11:01:29',NULL),(145,5482,138,2,1183.75,248.59,2,1,'2022-01-07 11:01:29','2022-01-07 11:01:29',NULL);
INSERT INTO `receipt_taxes` VALUES (146,5482,139,2,2199.22,461.84,2,1,'2022-01-07 11:01:29','2022-01-07 11:01:29',NULL),(147,5482,140,2,4639.36,974.27,2,1,'2022-01-07 11:01:29','2022-01-07 11:01:29',NULL),(148,5482,141,6,0.00,0.00,2,1,'2022-01-07 11:01:29','2022-01-07 11:01:29',NULL),(149,5482,141,8,6050.00,0.00,2,1,'2022-01-07 11:01:29','2022-01-07 11:01:29',NULL),(150,5482,142,2,19767.91,4151.26,2,1,'2022-01-07 11:01:29','2022-01-07 11:01:29',NULL),(151,5482,143,2,1156.80,242.93,2,1,'2022-01-07 11:01:29','2022-01-07 11:01:29',NULL),(152,5482,144,2,252.99,53.13,2,1,'2022-01-07 11:01:29','2022-01-07 11:01:29',NULL),(153,5482,145,2,8707.62,1828.60,2,1,'2022-01-07 11:01:29','2022-01-07 11:01:29',NULL),(154,5482,146,2,1636.99,343.77,2,1,'2022-01-07 11:01:29','2022-01-07 11:01:29',NULL),(155,5482,147,2,22639.51,4754.30,2,1,'2022-01-07 11:02:44','2022-01-07 11:02:44',NULL),(156,5482,148,2,16640.53,3494.51,2,1,'2022-01-07 11:02:44','2022-01-07 11:02:44',NULL),(157,5482,148,7,-0.01,0.00,2,1,'2022-01-07 11:02:44','2022-01-07 11:02:44',NULL),(158,5482,149,2,23061.57,4842.93,2,1,'2022-01-07 11:02:44','2022-01-07 11:02:44',NULL),(159,5482,149,7,0.01,0.00,2,1,'2022-01-07 11:02:44','2022-01-07 11:02:44',NULL),(160,5482,150,2,136.95,28.76,2,1,'2022-01-07 11:02:44','2022-01-07 11:02:44',NULL),(161,5482,151,2,870.76,182.86,2,1,'2022-01-07 11:02:44','2022-01-07 11:02:44',NULL),(162,5482,152,2,10302.76,2163.58,2,1,'2022-01-07 11:02:44','2022-01-07 11:02:44',NULL),(163,5482,153,2,13610.47,2858.20,2,1,'2022-01-07 11:02:44','2022-01-07 11:02:44',NULL),(164,5482,154,7,2500.00,0.00,2,1,'2022-01-07 11:02:44','2022-01-07 11:02:44',NULL),(165,5482,155,2,744.88,156.42,2,1,'2022-01-07 11:02:44','2022-01-07 11:02:44',NULL),(166,5482,156,2,463.93,97.43,2,1,'2022-01-07 11:02:44','2022-01-07 11:02:44',NULL),(167,5482,157,2,6225.80,1307.42,2,1,'2022-01-07 11:02:44','2022-01-07 11:02:44',NULL),(168,5482,158,2,7467.39,1568.15,2,1,'2022-01-07 11:02:44','2022-01-07 11:02:44',NULL),(169,5482,159,2,3007.07,631.48,2,1,'2022-01-07 11:02:44','2022-01-07 11:02:44',NULL),(170,5482,160,2,22152.72,4652.07,2,1,'2022-01-07 11:02:44','2022-01-07 11:02:44',NULL),(171,5482,160,7,0.01,0.00,2,1,'2022-01-07 11:02:44','2022-01-07 11:02:44',NULL),(172,5482,161,2,49696.36,10436.23,2,1,'2022-01-07 11:03:38','2022-01-07 11:03:38',NULL),(173,5482,162,2,51009.05,10711.90,2,1,'2022-01-07 11:03:38','2022-01-07 11:03:38',NULL),(174,5482,162,7,0.01,0.00,2,1,'2022-01-07 11:03:38','2022-01-07 11:03:38',NULL),(175,5482,163,2,800.28,168.06,2,1,'2022-01-07 11:03:38','2022-01-07 11:03:38',NULL),(176,5482,164,2,34431.59,7230.63,2,1,'2022-01-07 11:03:38','2022-01-07 11:03:38',NULL),(177,5482,164,7,0.01,0.00,2,1,'2022-01-07 11:03:38','2022-01-07 11:03:38',NULL),(178,5482,165,2,8143.20,1710.07,2,1,'2022-01-07 11:03:38','2022-01-07 11:03:38',NULL),(179,5482,166,2,1504.00,315.84,2,1,'2022-01-07 11:03:38','2022-01-07 11:03:38',NULL),(180,5482,167,2,2215.27,465.21,2,1,'2022-01-07 11:03:38','2022-01-07 11:03:38',NULL),(181,5482,168,2,9078.55,1906.50,2,1,'2022-01-07 11:03:38','2022-01-07 11:03:38',NULL),(182,5482,169,2,1153.55,242.25,2,1,'2022-01-07 11:03:38','2022-01-07 11:03:38',NULL),(183,5482,170,2,16.45,3.45,2,1,'2022-01-07 11:03:38','2022-01-07 11:03:38',NULL),(184,5482,171,2,800.28,168.06,2,1,'2022-01-07 11:04:59','2022-01-07 11:04:59',NULL),(185,5482,172,2,16646.60,3495.79,2,1,'2022-01-07 11:04:59','2022-01-07 11:04:59',NULL),(186,5482,173,2,4919.90,1033.18,2,1,'2022-01-07 11:04:59','2022-01-07 11:04:59',NULL),(187,5482,174,2,3307.92,694.66,2,1,'2022-01-07 11:04:59','2022-01-07 11:04:59',NULL),(188,5482,175,2,32884.01,6905.64,2,1,'2022-01-07 11:04:59','2022-01-07 11:04:59',NULL),(189,5482,176,2,19411.77,4076.47,2,1,'2022-01-07 11:04:59','2022-01-07 11:04:59',NULL),(190,5482,177,2,19424.74,4079.19,2,1,'2022-01-07 11:04:59','2022-01-07 11:04:59',NULL),(191,5482,177,7,0.01,0.00,2,1,'2022-01-07 11:04:59','2022-01-07 11:04:59',NULL),(192,5482,178,2,6845.05,1437.46,2,1,'2022-01-07 11:04:59','2022-01-07 11:04:59',NULL);
INSERT INTO `receipt_taxes` VALUES (193,5482,179,2,491.99,103.32,2,1,'2022-01-07 11:04:59','2022-01-07 11:04:59',NULL),(194,5482,180,2,330.79,69.47,2,1,'2022-01-07 11:04:59','2022-01-07 11:04:59',NULL),(195,5482,181,2,3307.92,694.66,2,1,'2022-01-07 11:04:59','2022-01-07 11:04:59',NULL),(196,5482,182,7,12206.44,0.00,2,1,'2022-01-07 11:04:59','2022-01-07 11:04:59',NULL),(197,5482,183,2,450.25,94.55,2,1,'2022-01-07 11:05:00','2022-01-07 11:05:00',NULL),(198,5482,184,2,330.79,69.47,2,1,'2022-01-07 11:07:10','2022-01-07 11:07:10',NULL),(199,5482,185,7,5000.00,0.00,2,1,'2022-01-07 11:07:10','2022-01-07 11:07:10',NULL),(200,5482,186,2,1216.27,255.42,2,1,'2022-01-07 11:07:10','2022-01-07 11:07:10',NULL),(201,5482,187,2,12804.16,2688.87,2,1,'2022-01-07 11:07:10','2022-01-07 11:07:10',NULL),(202,5482,188,2,13644.66,2865.38,2,1,'2022-01-07 11:07:11','2022-01-07 11:07:11',NULL),(203,5482,189,2,6366.48,1336.96,2,1,'2022-01-07 11:07:11','2022-01-07 11:07:11',NULL),(204,5482,190,2,3686.04,774.07,2,1,'2022-01-07 11:07:11','2022-01-07 11:07:11',NULL),(205,5482,191,2,45183.71,9488.58,2,1,'2022-01-07 11:07:11','2022-01-07 11:07:11',NULL),(206,5482,192,2,2119.54,445.10,2,1,'2022-01-07 11:07:11','2022-01-07 11:07:11',NULL),(207,5482,193,2,1722.35,361.69,2,1,'2022-01-07 11:07:11','2022-01-07 11:07:11',NULL),(208,5482,194,7,2500.00,0.00,2,1,'2022-01-07 11:07:11','2022-01-07 11:07:11',NULL),(209,5482,195,2,1590.80,334.07,2,1,'2022-01-07 11:07:59','2022-01-07 11:07:59',NULL),(210,5482,196,2,3060.00,642.60,2,1,'2022-01-07 11:07:59','2022-01-07 11:07:59',NULL),(211,5482,197,2,39786.18,8355.10,2,1,'2022-01-07 11:07:59','2022-01-07 11:07:59',NULL),(212,5482,198,2,8015.76,1683.31,2,1,'2022-01-07 11:07:59','2022-01-07 11:07:59',NULL),(213,5482,199,2,11305.90,2374.24,2,1,'2022-01-07 11:07:59','2022-01-07 11:07:59',NULL),(214,5482,200,7,2500.00,0.00,2,1,'2022-01-07 11:07:59','2022-01-07 11:07:59',NULL),(215,5482,201,2,465.07,97.67,2,1,'2022-01-07 11:07:59','2022-01-07 11:07:59',NULL),(216,5482,202,2,19206.24,4033.31,2,1,'2022-01-07 11:07:59','2022-01-07 11:07:59',NULL),(217,5482,203,2,10076.86,2116.14,2,1,'2022-01-07 11:07:59','2022-01-07 11:07:59',NULL),(218,5482,204,2,25295.80,5312.12,2,1,'2022-01-07 11:07:59','2022-01-07 11:07:59',NULL),(219,5482,205,2,35132.25,7377.77,2,1,'2022-01-07 11:07:59','2022-01-07 11:07:59',NULL),(220,5482,206,2,3251.31,682.78,2,1,'2022-01-07 11:07:59','2022-01-07 11:07:59',NULL),(221,5482,207,2,49009.96,10292.10,2,1,'2022-01-07 11:07:59','2022-01-07 11:07:59',NULL),(222,5482,207,7,-0.01,0.00,2,1,'2022-01-07 11:07:59','2022-01-07 11:07:59',NULL),(223,5482,208,2,26270.26,5516.76,2,1,'2022-01-07 11:07:59','2022-01-07 11:07:59',NULL),(224,5482,209,2,4982.50,1046.32,2,1,'2022-01-07 11:08:00','2022-01-07 11:08:00',NULL),(225,5482,209,7,-0.01,0.00,2,1,'2022-01-07 11:08:00','2022-01-07 11:08:00',NULL),(226,5482,210,2,256.25,53.81,2,1,'2022-01-07 11:08:00','2022-01-07 11:08:00',NULL),(227,5482,211,2,7393.61,1552.66,2,1,'2022-01-07 11:08:00','2022-01-07 11:08:00',NULL),(228,5482,212,2,254628.00,53471.88,2,1,'2022-01-17 16:59:30','2022-01-17 16:59:30',NULL),(229,5482,213,1,782805.43,82194.57,2,1,'2022-01-17 16:59:30','2022-01-17 16:59:30',NULL),(230,5482,214,2,265400.00,55734.00,2,1,'2022-01-17 17:01:01','2022-01-17 17:01:01',NULL),(231,5482,215,2,127512.00,26777.52,2,1,'2022-01-17 17:01:01','2022-01-17 17:01:01',NULL),(232,5482,216,2,522.88,109.80,2,1,'2022-01-17 17:06:00','2022-01-17 17:06:00',NULL),(233,5482,217,2,462.81,97.19,2,1,'2022-01-17 17:06:00','2022-01-17 17:06:00',NULL),(234,5482,218,2,520.62,109.33,2,1,'2022-01-17 17:07:00','2022-01-17 17:07:00',NULL),(235,5482,219,2,462.81,97.19,2,1,'2022-01-17 17:07:00','2022-01-17 17:07:00',NULL),(236,5482,220,2,535.71,112.50,2,1,'2022-01-17 17:07:46','2022-01-17 17:07:46',NULL),(237,5482,221,2,462.81,97.19,2,1,'2022-01-17 17:07:46','2022-01-17 17:07:46',NULL),(238,5482,222,1,1339366.52,140633.48,2,1,'2022-01-17 17:08:36','2022-01-17 17:08:36',NULL),(239,5482,223,2,462.81,97.19,2,1,'2022-01-17 17:08:36','2022-01-17 17:08:36',NULL);
INSERT INTO `receipt_taxes` VALUES (240,5482,224,2,535.91,112.54,2,1,'2022-01-17 17:08:36','2022-01-17 17:08:36',NULL),(241,5482,225,2,396.69,83.31,2,1,'2022-01-17 17:09:25','2022-01-17 17:09:25',NULL),(242,5482,226,2,498.44,104.67,2,1,'2022-01-17 17:09:25','2022-01-17 17:09:25',NULL),(243,5482,227,2,462.81,97.19,2,1,'2022-01-17 17:09:25','2022-01-17 17:09:25',NULL),(244,5482,228,2,13413.63,2711.80,2,1,'2022-01-17 20:34:02','2022-01-17 20:34:02',NULL),(245,5482,229,1,8647.08,907.95,2,1,'2022-01-17 20:34:02','2022-01-17 20:34:02',NULL),(246,5482,230,7,3000.00,0.00,2,1,'2022-01-17 20:37:29','2022-01-17 20:37:29',NULL),(247,5482,231,2,1329.20,279.13,2,1,'2022-01-17 20:37:29','2022-01-17 20:37:29',NULL),(248,5482,232,1,8949.72,939.72,2,1,'2022-01-17 20:37:29','2022-01-17 20:37:29',NULL),(249,5482,233,1,8949.72,939.72,2,1,'2022-01-17 20:41:35','2022-01-17 20:41:35',NULL),(250,5482,234,6,0.00,0.00,2,1,'2022-01-17 20:41:35','2022-01-17 20:41:35',NULL),(251,5482,234,8,6587.05,0.00,2,1,'2022-01-17 20:41:35','2022-01-17 20:41:35',NULL),(252,5482,235,6,0.00,0.00,2,1,'2022-01-17 20:41:35','2022-01-17 20:41:35',NULL),(253,5482,235,8,5843.90,0.00,2,1,'2022-01-17 20:41:35','2022-01-17 20:41:35',NULL),(254,5482,236,6,0.00,0.00,2,1,'2022-01-17 20:41:35','2022-01-17 20:41:35',NULL),(255,5482,236,8,12692.86,0.00,2,1,'2022-01-17 20:41:35','2022-01-17 20:41:35',NULL),(256,5482,237,6,0.00,0.00,2,1,'2022-01-17 20:42:13','2022-01-17 20:42:13',NULL),(257,5482,237,8,14646.22,0.00,2,1,'2022-01-17 20:42:13','2022-01-17 20:42:13',NULL),(258,5482,238,6,0.00,0.00,2,1,'2022-01-17 20:42:55','2022-01-17 20:42:55',NULL),(259,5482,238,8,14274.62,0.00,2,1,'2022-01-17 20:42:55','2022-01-17 20:42:55',NULL),(260,5482,239,6,0.00,0.00,2,1,'2022-01-17 20:43:31','2022-01-17 20:43:31',NULL),(261,5482,239,8,14477.07,0.00,2,1,'2022-01-17 20:43:31','2022-01-17 20:43:31',NULL),(262,5482,240,7,5000.00,0.00,2,1,'2022-01-17 20:49:25','2022-01-17 20:49:25',NULL),(263,5482,241,6,0.00,0.00,2,1,'2022-01-17 20:49:25','2022-01-17 20:49:25',NULL),(264,5482,241,8,14633.94,0.00,2,1,'2022-01-17 20:49:25','2022-01-17 20:49:25',NULL),(265,5482,242,2,2260.33,474.67,2,1,'2022-01-17 20:51:42','2022-01-17 20:51:42',NULL),(266,5482,243,6,0.00,0.00,2,1,'2022-01-17 20:51:42','2022-01-17 20:51:42',NULL),(267,5482,243,8,19344.42,0.00,2,1,'2022-01-17 20:51:42','2022-01-17 20:51:42',NULL),(268,5482,244,2,2672.55,561.24,2,1,'2022-01-17 20:52:27','2022-01-17 20:52:27',NULL),(269,5482,245,7,2971.13,0.00,2,1,'2022-01-17 20:52:27','2022-01-17 20:52:27',NULL),(270,5482,246,1,11204.58,1792.42,2,1,'2022-01-17 20:52:27','2022-01-17 20:52:27',NULL),(271,5482,247,6,0.00,0.00,2,1,'2022-01-17 20:52:27','2022-01-17 20:52:27',NULL),(272,5482,247,8,21554.88,0.00,2,1,'2022-01-17 20:52:27','2022-01-17 20:52:27',NULL),(273,5482,248,6,0.00,0.00,2,1,'2022-01-17 20:53:26','2022-01-17 20:53:26',NULL),(274,5482,248,8,21554.88,0.00,2,1,'2022-01-17 20:53:26','2022-01-17 20:53:26',NULL),(275,5482,249,2,446.28,93.72,2,1,'2022-01-17 20:54:33','2022-01-17 20:54:33',NULL),(276,5482,250,2,1156.19,242.80,2,1,'2022-01-17 20:54:33','2022-01-17 20:54:33',NULL),(277,5482,251,7,4679.09,0.00,2,1,'2022-02-01 13:21:15','2022-02-01 13:21:15',NULL),(278,5482,252,2,8268.68,1736.42,2,1,'2022-02-01 13:21:15','2022-02-01 13:21:15',NULL),(279,5482,253,2,12396.69,2603.31,2,1,'2022-02-01 13:21:15','2022-02-01 13:21:15',NULL),(280,5482,254,2,12975.21,2724.79,2,1,'2022-02-01 13:21:15','2022-02-01 13:21:15',NULL),(281,5482,255,2,50909.12,10690.92,2,1,'2022-02-01 13:21:15','2022-02-01 13:21:15',NULL),(282,5482,256,2,3285.12,689.87,2,1,'2022-02-01 13:21:15','2022-02-01 13:21:15',NULL),(283,5482,257,2,64917.39,13632.65,2,1,'2022-02-01 13:21:15','2022-02-01 13:21:15',NULL),(284,5482,258,2,77066.16,16183.89,2,1,'2022-02-01 13:21:15','2022-02-01 13:21:15',NULL),(285,5482,259,2,45247.96,9502.07,2,1,'2022-02-01 13:21:15','2022-02-01 13:21:15',NULL),(286,5482,260,2,3719.01,780.99,2,1,'2022-02-02 12:11:29','2022-02-02 12:11:29',NULL);
INSERT INTO `receipt_taxes` VALUES (287,5482,261,2,4958.68,1041.32,2,1,'2022-02-02 12:11:29','2022-02-02 12:11:29',NULL),(288,5482,262,2,6942.15,1457.85,2,1,'2022-02-02 12:11:29','2022-02-02 12:11:29',NULL),(289,5482,263,2,6446.28,1353.72,2,1,'2022-02-02 12:11:29','2022-02-02 12:11:29',NULL),(389,5482,264,2,247.93,52.07,2,1,'2022-02-02 13:43:34','2022-02-02 13:43:34',NULL),(390,5482,264,8,0.03,0.00,2,1,'2022-02-02 13:43:34','2022-02-02 13:43:34',NULL),(391,5482,265,2,619.83,130.16,2,1,'2022-02-02 13:43:57','2022-02-02 13:43:57',NULL),(392,5482,266,2,2066.12,433.89,2,1,'2022-02-02 13:44:07','2022-02-02 13:44:07',NULL),(393,5482,267,2,2066.12,433.89,2,1,'2022-02-02 13:44:22','2022-02-02 13:44:22',NULL),(394,5482,268,2,4338.84,911.16,2,1,'2022-02-02 13:44:36','2022-02-02 13:44:36',NULL),(404,5482,269,2,3925.62,824.38,2,1,'2022-02-02 13:58:50','2022-02-02 13:58:50',NULL),(405,5482,270,2,6404.96,1345.04,2,1,'2022-02-02 13:59:02','2022-02-02 13:59:02',NULL),(406,5482,271,2,1487.60,312.40,2,1,'2022-02-02 13:59:21','2022-02-02 13:59:21',NULL),(407,5482,272,2,247.93,52.07,2,1,'2022-02-02 13:59:31','2022-02-02 13:59:31',NULL),(408,5482,273,2,7231.40,1518.59,2,1,'2022-02-02 13:59:45','2022-02-02 13:59:45',NULL),(409,5482,274,2,5371.90,1128.10,2,1,'2022-02-02 13:59:58','2022-02-02 13:59:58',NULL),(410,5482,275,2,4380.17,919.84,2,1,'2022-02-02 14:00:08','2022-02-02 14:00:08',NULL),(411,5482,276,2,4958.68,1041.32,2,1,'2022-02-02 14:00:21','2022-02-02 14:00:21',NULL),(412,5482,277,2,247.93,52.07,2,1,'2022-02-02 14:00:34','2022-02-02 14:00:34',NULL),(413,5482,278,2,413.22,86.78,2,1,'2022-02-02 14:00:47','2022-02-02 14:00:47',NULL),(414,5482,279,2,4338.84,911.16,2,1,'2022-02-02 14:01:01','2022-02-02 14:01:01',NULL),(415,5482,280,2,10330.58,2169.42,2,1,'2022-02-02 14:01:18','2022-02-02 14:01:18',NULL),(416,5482,281,2,1239.67,260.33,2,1,'2022-02-02 14:01:28','2022-02-02 14:01:28',NULL),(417,5482,282,2,9297.52,1952.48,2,1,'2022-02-02 14:01:44','2022-02-02 14:01:44',NULL),(418,5482,283,2,2809.92,590.08,2,1,'2022-02-02 14:01:59','2022-02-02 14:01:59',NULL),(419,5482,284,2,7231.40,1518.59,2,1,'2022-02-02 14:02:15','2022-02-02 14:02:15',NULL),(420,5482,285,2,5165.29,1084.71,2,1,'2022-02-02 14:02:31','2022-02-02 14:02:31',NULL),(421,5482,286,2,7851.24,1648.76,2,1,'2022-02-02 14:02:41','2022-02-02 14:02:41',NULL),(422,5482,287,2,14173.55,2976.45,2,1,'2022-02-02 14:02:52','2022-02-02 14:02:52',NULL),(423,5482,288,2,413.22,86.78,2,1,'2022-02-02 14:03:04','2022-02-02 14:03:04',NULL),(424,5482,289,2,619.83,130.16,2,1,'2022-02-02 14:03:24','2022-02-02 14:03:24',NULL),(425,5482,337,2,3966.94,833.06,2,1,'2022-02-02 14:04:21','2022-02-02 14:04:21',NULL),(426,5482,339,2,4132.23,867.77,2,1,'2022-02-02 14:04:32','2022-02-02 14:04:32',NULL),(427,5482,340,2,3140.50,659.50,2,1,'2022-02-02 14:05:04','2022-02-02 14:05:04',NULL),(428,5482,341,2,5123.97,1076.03,2,1,'2022-02-02 14:05:17','2022-02-02 14:05:17',NULL),(429,5482,342,2,4380.17,919.84,2,1,'2022-02-02 14:05:37','2022-02-02 14:05:37',NULL),(430,5482,343,2,3719.01,780.99,2,1,'2022-02-02 14:05:50','2022-02-02 14:05:50',NULL),(431,5482,344,2,3719.01,780.99,2,1,'2022-02-02 14:06:03','2022-02-02 14:06:03',NULL),(432,5482,345,2,4958.68,1041.32,2,1,'2022-02-02 14:06:23','2022-02-02 14:06:23',NULL),(433,5482,346,2,3099.17,650.83,2,1,'2022-02-02 14:06:37','2022-02-02 14:06:37',NULL),(434,5482,347,2,5165.29,1084.71,2,1,'2022-02-02 14:06:50','2022-02-02 14:06:50',NULL),(435,5482,348,2,5041.32,1058.68,2,1,'2022-02-02 14:07:08','2022-02-02 14:07:08',NULL),(436,5482,349,2,3884.30,815.70,2,1,'2022-02-02 14:07:23','2022-02-02 14:07:23',NULL),(437,5482,350,2,3884.30,815.70,2,1,'2022-02-02 14:07:37','2022-02-02 14:07:37',NULL),(438,5482,351,2,4049.59,850.41,2,1,'2022-02-02 14:07:58','2022-02-02 14:07:58',NULL),(439,5482,352,2,6198.35,1301.65,2,1,'2022-02-02 14:08:13','2022-02-02 14:08:13',NULL),(440,5482,353,2,3719.01,780.99,2,1,'2022-02-02 14:08:27','2022-02-02 14:08:27',NULL),(441,5482,354,2,4049.59,850.41,2,1,'2022-02-02 14:08:39','2022-02-02 14:08:39',NULL);
INSERT INTO `receipt_taxes` VALUES (442,5482,355,2,4545.45,954.54,2,1,'2022-02-02 14:08:51','2022-02-02 14:08:51',NULL),(443,5482,356,2,4132.23,867.77,2,1,'2022-02-02 14:09:04','2022-02-02 14:09:04',NULL),(444,5482,357,2,6198.35,1301.65,2,1,'2022-02-02 14:09:19','2022-02-02 14:09:19',NULL),(445,5482,358,2,7438.02,1561.98,2,1,'2022-02-02 14:09:34','2022-02-02 14:09:34',NULL),(446,5482,338,2,4305.79,904.22,2,1,'2022-02-03 08:44:35','2022-02-03 08:44:35',NULL),(447,5482,359,2,4545.45,954.54,2,1,'2022-02-03 08:45:15','2022-02-03 08:45:15',NULL),(448,5482,360,2,4793.39,1006.61,2,1,'2022-02-03 08:45:30','2022-02-03 08:45:30',NULL),(449,5482,290,2,619.83,130.16,2,1,'2022-02-03 08:46:10','2022-02-03 08:46:10',NULL),(450,5482,291,2,413.22,86.78,2,1,'2022-02-03 08:47:04','2022-02-03 08:47:04',NULL),(451,5482,292,2,413.22,86.78,2,1,'2022-02-03 08:47:44','2022-02-03 08:47:44',NULL),(452,5482,293,2,247.93,52.07,2,1,'2022-02-03 08:48:34','2022-02-03 08:48:34',NULL),(453,5482,294,2,413.22,86.78,2,1,'2022-02-03 08:49:00','2022-02-03 08:49:00',NULL),(454,5482,295,2,1033.06,216.94,2,1,'2022-02-03 08:49:35','2022-02-03 08:49:35',NULL),(455,5482,296,2,247.93,52.07,2,1,'2022-02-03 08:50:00','2022-02-03 08:50:00',NULL),(456,5482,297,2,413.22,86.78,2,1,'2022-02-03 08:50:24','2022-02-03 08:50:24',NULL),(457,5482,298,2,413.22,86.78,2,1,'2022-02-03 08:50:54','2022-02-03 08:50:54',NULL),(458,5482,299,2,826.45,173.55,2,1,'2022-02-03 08:51:21','2022-02-03 08:51:21',NULL),(459,5482,300,2,247.93,52.07,2,1,'2022-02-03 08:51:57','2022-02-03 08:51:57',NULL),(460,5482,301,2,413.22,86.78,2,1,'2022-02-03 08:52:20','2022-02-03 08:52:20',NULL),(461,5482,302,2,413.22,86.78,2,1,'2022-02-03 08:53:03','2022-02-03 08:53:03',NULL),(462,5482,303,2,413.22,86.78,2,1,'2022-02-03 08:53:35','2022-02-03 08:53:35',NULL),(463,5482,304,2,247.93,52.07,2,1,'2022-02-03 08:53:57','2022-02-03 08:53:57',NULL),(464,5482,305,2,4132.23,867.77,2,1,'2022-02-03 08:54:17','2022-02-03 08:54:17',NULL),(465,5482,306,2,619.83,130.16,2,1,'2022-02-03 08:54:35','2022-02-03 08:54:35',NULL),(466,5482,307,2,413.22,86.78,2,1,'2022-02-03 08:55:05','2022-02-03 08:55:05',NULL),(467,5482,308,2,413.22,86.78,2,1,'2022-02-03 08:55:34','2022-02-03 08:55:34',NULL),(468,5482,309,2,413.22,86.78,2,1,'2022-02-03 08:56:13','2022-02-03 08:56:13',NULL),(469,5482,310,2,247.93,52.07,2,1,'2022-02-03 08:56:50','2022-02-03 08:56:50',NULL),(470,5482,311,2,413.22,86.78,2,1,'2022-02-03 08:57:14','2022-02-03 08:57:14',NULL),(471,5482,312,2,413.22,86.78,2,1,'2022-02-03 08:57:30','2022-02-03 08:57:30',NULL),(472,5482,313,2,247.93,52.07,2,1,'2022-02-03 08:58:17','2022-02-03 08:58:17',NULL),(473,5482,314,2,619.83,130.16,2,1,'2022-02-03 08:58:40','2022-02-03 08:58:40',NULL),(474,5482,315,2,413.22,86.78,2,1,'2022-02-03 08:59:23','2022-02-03 08:59:23',NULL),(475,5482,316,2,413.22,86.78,2,1,'2022-02-03 09:01:01','2022-02-03 09:01:01',NULL),(476,5482,317,2,247.93,52.07,2,1,'2022-02-03 09:02:43','2022-02-03 09:02:43',NULL),(477,5482,318,2,1033.06,216.94,2,1,'2022-02-03 09:03:11','2022-02-03 09:03:11',NULL),(478,5482,319,2,413.22,86.78,2,1,'2022-02-03 09:03:41','2022-02-03 09:03:41',NULL),(479,5482,320,2,413.22,86.78,2,1,'2022-02-03 09:04:34','2022-02-03 09:04:34',NULL),(480,5482,321,2,619.83,130.16,2,1,'2022-02-03 09:05:07','2022-02-03 09:05:07',NULL),(481,5482,322,2,413.22,86.78,2,1,'2022-02-03 09:05:29','2022-02-03 09:05:29',NULL),(482,5482,323,2,247.93,52.07,2,1,'2022-02-03 09:06:37','2022-02-03 09:06:37',NULL),(483,5482,324,2,413.22,86.78,2,1,'2022-02-03 09:07:45','2022-02-03 09:07:45',NULL),(484,5482,325,2,413.22,86.78,2,1,'2022-02-03 09:08:01','2022-02-03 09:08:01',NULL),(485,5482,326,2,413.22,86.78,2,1,'2022-02-03 09:08:18','2022-02-03 09:08:18',NULL),(486,5482,327,2,247.93,52.07,2,1,'2022-02-03 09:08:40','2022-02-03 09:08:40',NULL),(487,5482,328,2,1446.28,303.72,2,1,'2022-02-03 09:08:55','2022-02-03 09:08:55',NULL),(488,5482,329,2,247.93,52.07,2,1,'2022-02-03 09:09:11','2022-02-03 09:09:11',NULL);
INSERT INTO `receipt_taxes` VALUES (489,5482,330,2,247.93,52.07,2,1,'2022-02-03 09:09:28','2022-02-03 09:09:28',NULL),(490,5482,331,2,247.93,52.07,2,1,'2022-02-03 09:09:44','2022-02-03 09:09:44',NULL),(491,5482,332,2,247.93,52.07,2,1,'2022-02-03 09:11:35','2022-02-03 09:11:35',NULL),(492,5482,333,2,413.22,86.78,2,1,'2022-02-03 09:12:47','2022-02-03 09:12:47',NULL),(493,5482,334,2,247.93,52.07,2,1,'2022-02-03 09:13:15','2022-02-03 09:13:15',NULL),(494,5482,335,2,1033.06,216.94,2,1,'2022-02-03 09:13:36','2022-02-03 09:13:36',NULL),(495,5482,336,2,1239.67,260.33,2,1,'2022-02-03 09:13:53','2022-02-03 09:13:53',NULL),(496,5482,361,2,9917.36,2082.65,2,1,'2022-02-03 09:14:30','2022-02-03 09:14:30',NULL),(497,5482,362,2,8264.46,1735.54,2,1,'2022-02-03 09:14:41','2022-02-03 09:14:41',NULL),(498,5482,363,2,3504.09,735.86,2,1,'2022-02-07 13:09:44','2022-02-07 13:09:44',NULL),(499,5482,363,7,760.05,0.00,2,1,'2022-02-07 13:09:44','2022-02-07 13:09:44',NULL),(500,5482,364,2,820.54,172.31,2,1,'2022-02-07 13:10:44','2022-02-07 13:10:44',NULL),(501,5482,364,7,207.19,0.00,2,1,'2022-02-07 13:10:44','2022-02-07 13:10:44',NULL),(503,5482,366,2,683.77,143.59,2,1,'2022-02-07 13:12:36','2022-02-07 13:12:36',NULL),(504,5482,366,6,172.65,0.00,2,1,'2022-02-07 13:12:36','2022-02-07 13:12:36',NULL),(505,5482,367,2,2315.62,486.28,2,1,'2022-02-07 13:13:48','2022-02-07 13:13:48',NULL),(506,5482,367,7,498.32,0.00,2,1,'2022-02-07 13:13:48','2022-02-07 13:13:48',NULL),(507,5482,368,2,15226.59,3197.58,2,1,'2022-02-07 13:14:36','2022-02-07 13:14:36',NULL),(508,5482,368,7,3276.77,0.00,2,1,'2022-02-07 13:14:36','2022-02-07 13:14:36',NULL),(509,5482,369,2,21049.40,4420.37,2,1,'2022-02-07 13:15:18','2022-02-07 13:15:18',NULL),(510,5482,369,6,4529.84,0.00,2,1,'2022-02-07 13:15:18','2022-02-07 13:15:18',NULL),(511,5482,370,2,7017.52,1473.68,2,1,'2022-02-07 13:15:53','2022-02-07 13:15:53',NULL),(512,5482,370,7,1510.18,0.00,2,1,'2022-02-07 13:15:53','2022-02-07 13:15:53',NULL),(519,5482,374,2,7016.56,1473.48,2,1,'2022-02-07 13:20:14','2022-02-07 13:20:14',NULL),(520,5482,374,7,1509.97,0.00,2,1,'2022-02-07 13:20:14','2022-02-07 13:20:14',NULL),(521,5482,375,2,17541.58,3683.73,2,1,'2022-02-07 13:20:53','2022-02-07 13:20:53',NULL),(522,5482,375,7,3774.96,0.00,2,1,'2022-02-07 13:20:53','2022-02-07 13:20:53',NULL),(523,5482,376,2,17112.34,3593.59,2,1,'2022-02-07 13:21:33','2022-02-07 13:21:33',NULL),(524,5482,376,7,3294.15,0.00,2,1,'2022-02-07 13:21:33','2022-02-07 13:21:33',NULL),(525,5482,377,2,17541.58,3683.73,2,1,'2022-02-07 13:22:13','2022-02-07 13:22:13',NULL),(526,5482,377,7,3774.96,0.00,2,1,'2022-02-07 13:22:13','2022-02-07 13:22:13',NULL),(527,5482,378,2,20348.00,4273.08,2,1,'2022-02-07 13:22:56','2022-02-07 13:22:56',NULL),(528,5482,378,7,4378.90,0.00,2,1,'2022-02-07 13:22:56','2022-02-07 13:22:56',NULL);

--
-- Table structure for table `receipt_types`
--

CREATE TABLE `receipt_types` (
  `id` int(10) unsigned NOT NULL AUTO_INCREMENT,
  `user_id` int(10) unsigned DEFAULT NULL,
  `created_at` timestamp NULL DEFAULT NULL,
  `updated_at` timestamp NULL DEFAULT NULL,
  `name` varchar(255) COLLATE utf8mb4_unicode_ci NOT NULL,
  `code` varchar(255) COLLATE utf8mb4_unicode_ci DEFAULT NULL,
  `credit` int(11) DEFAULT '0',
  `agroup_iva_module` int(10) unsigned DEFAULT NULL,
  `sell_no_taxabled` int(11) DEFAULT '0',
  `buy_no_taxabled` int(11) DEFAULT '0',
  `iva_condition_id` int(11) DEFAULT NULL,
  `is_fce_pyme` tinyint(1) NOT NULL DEFAULT '0',
  `afip_comprobante_id` int(11) DEFAULT NULL,
  `tipo` varchar(255) COLLATE utf8mb4_unicode_ci DEFAULT NULL,
  `letra` varchar(255) COLLATE utf8mb4_unicode_ci DEFAULT NULL,
  `facta_electronica` int(10) unsigned NOT NULL DEFAULT '0',
  `is_stock_lpg` tinyint(1) NOT NULL DEFAULT '0',
  `show_from_total` tinyint(1) NOT NULL DEFAULT '0',
  `deleted_at` timestamp NULL DEFAULT NULL,
  PRIMARY KEY (`id`)
) ENGINE=InnoDB AUTO_INCREMENT=52 DEFAULT CHARSET=utf8mb4 COLLATE=utf8mb4_unicode_ci;

--
-- Dumping data for table `receipt_types`
--

INSERT INTO `receipt_types` VALUES (1,NULL,NULL,'2019-07-29 22:19:32','Factura A','1',0,1,0,0,2,0,1,'Factura','A',1,0,0,NULL),(2,NULL,NULL,'2019-07-29 22:19:32','Nota de débito A','2',0,1,0,0,2,0,2,'Nota de Débito','A',1,0,0,NULL),(3,NULL,NULL,'2019-07-29 22:19:32','Nota de crédito A','3',1,NULL,0,0,2,0,3,'Nota de Crédito','A',1,0,0,NULL),(4,NULL,NULL,'2021-08-08 19:19:44','Factura B','6',0,2,0,1,2,0,6,'Factura','B',1,0,1,NULL),(5,NULL,NULL,'2021-08-08 19:19:44','Nota de débito B','7',0,2,0,1,2,0,7,'Nota de Débito','B',1,0,1,NULL),(6,NULL,NULL,'2021-08-08 19:19:44','Nota de crédito B','8',1,NULL,0,1,2,0,8,'Nota de Crédito','B',1,0,1,NULL),(7,NULL,NULL,'2019-07-29 22:19:32','Factura C','11',0,0,1,1,1,0,11,'Factura','C',1,0,0,NULL),(8,NULL,NULL,'2019-07-29 22:19:32','Nota de débito C','12',0,0,1,1,1,0,12,'Nota de Débito','C',1,0,0,NULL),(9,NULL,NULL,'2019-07-29 22:19:32','Nota de crédito C','13',1,NULL,1,1,1,0,13,'Nota de Crédito','C',1,0,0,NULL),(10,NULL,NULL,NULL,'RECIBO A','4',0,1,0,0,2,0,4,'RECIBO','A',0,0,0,NULL),(11,NULL,NULL,'2021-08-08 19:19:44','RECIBO B','9',0,2,0,1,2,0,9,'RECIBO','B',0,0,1,NULL),(12,NULL,NULL,NULL,'RECIBO C','15',0,0,1,1,1,0,15,'RECIBO','C',0,0,0,NULL),(13,NULL,NULL,'2020-02-27 02:46:40','Factura E','19',0,0,1,0,2,0,19,'Factura','E',0,0,0,NULL),(14,NULL,NULL,'2020-02-27 02:46:40','Nota de débito E','20',0,0,1,0,2,0,20,'Nota de Débito','E',0,0,0,NULL),(15,NULL,NULL,'2020-02-27 02:46:40','Nota de Crédito E','21',1,NULL,1,0,2,0,21,'Nota de Crédito','E',0,0,0,NULL),(16,NULL,NULL,'2021-09-16 15:40:51','Factura M','51',0,1,0,0,2,0,51,'Factura','M',1,0,0,NULL),(17,NULL,NULL,'2020-02-27 02:46:40','Despacho de Importacion','66',0,NULL,0,0,0,0,66,NULL,NULL,0,0,0,NULL),(18,NULL,NULL,'2021-09-16 15:40:51','Nota de Credito M','53',1,NULL,0,0,2,0,53,'Nota de Crédito','M',1,0,0,NULL),(19,NULL,NULL,'2021-09-16 15:40:51','Nota de Debito M','52',1,1,0,0,2,0,52,'Nota de Débito','M',1,0,0,NULL),(20,NULL,NULL,NULL,'Recibo M','54',0,1,0,0,2,0,54,'RECIBO','M',0,0,0,NULL),(21,NULL,NULL,NULL,'Recibo E',NULL,1,0,1,0,2,0,NULL,'RECIBO','E',0,0,0,NULL),(22,NULL,'2019-05-14 21:22:16','2021-08-08 19:19:44','Liquidacion Primaria de Granos','33',0,1,0,0,2,0,33,'Liquidacion Primaria de Granos','A',0,1,0,NULL),(23,NULL,'2019-11-05 19:00:05','2019-11-05 19:00:05','FACTURA DE CRÉDITO ELECTRÓNICA MiPyMEs (FCE) A','201',0,1,0,0,2,1,201,'FACTURA DE CRÉDITO ELECTRÓNICA MiPyMEs (FCE)','A',1,0,0,NULL),(24,NULL,'2019-11-05 19:00:05','2019-11-05 19:00:05','NOTA DE DEBITO ELECTRÓNICA MiPyMEs (FCE) A','202',0,1,0,0,2,1,202,'NOTA DEBITO DE CRÉDITO ELECTRÓNICA MiPyMEs (FCE)','A',1,0,0,NULL),(25,NULL,'2019-11-05 19:00:05','2019-11-05 19:00:05','NOTA DE CREDITO ELECTRÓNICA MiPyMEs (FCE) A','203',1,NULL,0,0,2,1,203,'NOTA CREDITO DE CRÉDITO ELECTRÓNICA MiPyMEs (FCE)','A',1,0,0,NULL),(26,NULL,'2019-11-05 19:00:05','2021-08-08 19:19:44','FACTURA DE CRÉDITO ELECTRÓNICA MiPyMEs (FCE) B','206',0,2,0,1,2,1,206,'FACTURA DE CRÉDITO ELECTRÓNICA MiPyMEs (FCE)','B',1,0,1,NULL),(27,NULL,'2019-11-05 19:00:05','2021-08-08 19:19:44','NOTA DE DEBITO ELECTRÓNICA MiPyMEs (FCE) B','207',0,2,0,1,2,1,207,'NOTA DEBITO DE CRÉDITO ELECTRÓNICA MiPyMEs (FCE)','B',1,0,1,NULL),(28,NULL,'2019-11-05 19:00:05','2021-08-08 19:19:44','NOTA DE CREDITO ELECTRÓNICA MiPyMEs (FCE) B','208',1,NULL,0,1,2,1,208,'NOTA CREDITO DE CRÉDITO ELECTRÓNICA MiPyMEs (FCE)','B',1,0,1,NULL),(29,NULL,'2019-11-05 19:00:05','2019-11-05 19:00:05','FACTURA DE CRÉDITO ELECTRÓNICA MiPyMEs (FCE) C','211',0,0,1,1,1,1,211,'FACTURA DE CRÉDITO ELECTRÓNICA MiPyMEs (FCE)','C',1,0,0,NULL),(30,NULL,'2019-11-05 19:00:05','2019-11-05 19:00:05','NOTA DE DEBITO ELECTRÓNICA MiPyMEs (FCE) C','212',0,0,1,1,1,1,212,'NOTA DEBITO DE CRÉDITO ELECTRÓNICA MiPyMEs (FCE)','C',1,0,0,NULL),(31,NULL,'2019-11-05 19:00:05','2019-11-05 19:00:05','NOTA DE CRÉDITO ELECTRÓNICA MiPyMEs (FCE) C','213',1,NULL,1,1,1,1,213,'NOTA CREDITO DE CRÉDITO ELECTRÓNICA MiPyMEs (FCE)','C',1,0,0,NULL);
INSERT INTO `receipt_types` VALUES (32,NULL,'2020-01-28 01:59:55','2021-08-08 19:19:44','Tique (Informe Diario Z)','83',0,2,0,0,2,0,83,'Cierre Diario Informe Z','Z',0,0,1,NULL),(33,NULL,'2020-02-19 04:48:11','2020-02-19 04:48:11','Comprobantes de Compra de Bienes No Registrables a Consumidores Finales','49',0,1,0,0,2,0,49,'Comprobantes de Compra de Bienes No Registrables','a Consumidores Finales',0,0,0,NULL),(34,NULL,'2021-08-08 19:19:42','2021-08-08 19:19:44','Cuentas de Venta y Liquido Producto A','60',0,1,0,0,2,1,60,'Cuentas de Venta y Liquido Producto A','A',1,0,0,NULL),(35,NULL,'2021-08-08 19:19:42','2021-08-08 19:19:44','Cuentas de Venta y Liquido Producto B','61',0,2,0,1,2,1,61,'Cuentas de Venta y Liquido Producto B','B',1,0,1,NULL),(36,NULL,'2021-08-08 19:19:42','2021-08-08 19:19:44','Liquidaciones A','63',0,1,0,0,2,1,63,'Liquidaciones A','A',1,0,0,NULL),(37,NULL,'2021-08-08 19:19:42','2021-08-08 19:19:44','Liquidaciones B','64',0,2,0,1,2,1,64,'Liquidaciones B','B',1,0,1,NULL),(38,NULL,'2021-08-08 19:19:44','2021-08-08 19:19:46','Tique Factura A','81',0,1,0,0,2,1,81,'Tique Factura','A',0,0,0,NULL),(39,NULL,'2021-08-08 19:19:44','2021-08-08 19:19:46','Tique Factura B','82',0,2,0,1,2,1,82,'Tique Factura','B',0,0,1,NULL),(40,NULL,'2021-08-08 19:19:44','2021-08-08 19:19:47','OTROS COMPROBANTES QUE NO CUMPLEN O ESTÁN EXCEPTUADOS DE LA R.G. 1415 Y SUS MODIF','99',0,1,1,1,1,1,99,'OTROS COMPROBANTES QUE NO CUMPLEN O ESTÁN EXCEPTUADOS DE LA R.G. 1415 Y SUS MODIF ','OTROS',0,0,0,NULL),(41,NULL,'2021-08-08 19:19:44','2021-08-08 19:19:44','Liquidacion de Compra A - Sector Pecuario','183',0,1,0,0,2,0,183,'Liquidacion de Compra','A',0,0,0,NULL),(42,NULL,'2021-08-08 19:19:44','2021-08-08 19:19:44','Liquidacion de Compra B - Sector Pecuario','185',0,2,0,1,2,0,185,'Liquidacion de Compra','B',0,0,1,NULL),(43,NULL,'2021-08-08 19:19:45','2021-08-08 19:19:46','Liquidacion de Venta Directa A - Sector Pecuario','190',0,1,0,0,2,1,190,'Liquidacion de Venta Directa','A',0,0,0,NULL),(44,NULL,'2021-08-08 19:19:45','2021-08-08 19:19:46','Liquidacion de Venta Directa B - Sector Pecuario','191',0,2,0,1,2,1,191,'Liquidacion de Venta Directa','B',0,0,0,NULL),(45,NULL,'2021-08-08 19:19:46','2021-08-08 19:19:46','Liquidacion Secundaria de Granos','331',0,1,0,0,2,1,331,'Liquidacion Secundaria de Granos','LSG',0,0,0,NULL),(46,NULL,'2021-08-08 19:19:46','2021-08-08 19:19:46','Certificado de Deposito','332',0,1,0,0,2,1,332,'Certificado de Deposito','CD',0,0,0,NULL),(47,NULL,'2021-08-08 19:19:46','2021-08-08 19:19:46','Liquidacion de Servicios Publicos Clase A','17',0,1,0,0,2,1,17,'Liquidacion de Servicios Publicos Clase A','LSPCA',0,0,0,NULL),(48,NULL,'2021-08-08 19:19:47','2021-08-08 19:19:47','Liquidacion de Servicios Publicos Clase B','18',0,2,0,1,2,1,18,'Liquidacion de Servicios Publicos Clase B','LSPCA',1,0,0,NULL),(49,NULL,NULL,NULL,'Factura Clase T','195',0,1,0,0,2,0,195,'Factura Clase T','T',0,0,0,NULL),(50,NULL,NULL,NULL,'Nota de Debito Clase T','196',0,1,0,0,2,0,196,'Factura Clase T','T',0,0,0,NULL),(51,NULL,NULL,NULL,'Nota de Credito Clase T','197',1,NULL,0,0,2,0,197,'Factura Clase T','T',0,0,0,NULL);

--
-- Table structure for table `receipts`
--

CREATE TABLE `receipts` (
  `id` int(10) unsigned NOT NULL AUTO_INCREMENT,
  `user_id` int(10) unsigned DEFAULT NULL,
  `type_id` int(10) unsigned NOT NULL,
  `type_receipt_id` int(10) unsigned DEFAULT NULL,
  `comprobanteAfip` int(11) DEFAULT NULL,
  `fact_elec_receipt_id` int(10) unsigned DEFAULT NULL,
  `period_id` int(10) unsigned NOT NULL,
  `zone_id` int(10) unsigned DEFAULT NULL,
  `plan_cuenta_id` int(10) unsigned DEFAULT NULL,
  `activity_id` int(10) unsigned DEFAULT NULL,
  `iva_creditos_tipo_id` int(10) unsigned NOT NULL DEFAULT '1',
  `retention_type_id` int(10) unsigned DEFAULT NULL,
  `person_id_owner` int(10) unsigned NOT NULL,
  `person_id_relationed` int(10) unsigned DEFAULT NULL,
  `number` int(8) unsigned zerofill DEFAULT NULL,
  `hasta` int(8) unsigned zerofill DEFAULT NULL,
  `reference` int(11) DEFAULT NULL,
  `receipt_date` date DEFAULT NULL,
  `expiration_date` date DEFAULT NULL,
  `code_ticket` int(4) unsigned zerofill DEFAULT NULL,
  `status_id` int(10) unsigned DEFAULT NULL,
  `tax_account_id` int(10) unsigned DEFAULT NULL,
  `amount` decimal(16,2) NOT NULL,
  `file` varchar(255) COLLATE utf8mb4_unicode_ci DEFAULT NULL,
  `created_at` timestamp NULL DEFAULT NULL,
  `updated_at` timestamp NULL DEFAULT NULL,
  `deleted_at` timestamp NULL DEFAULT NULL,
  PRIMARY KEY (`id`),
  KEY `receipts_type_id_foreign` (`type_id`),
  KEY `receipts_type_receipt_id_foreign` (`type_receipt_id`),
  KEY `receipts_tax_account_id_foreign` (`tax_account_id`),
  KEY `receipts_zone_id_foreign` (`zone_id`),
  KEY `receipts_activity_id_foreign` (`activity_id`),
  KEY `receipts_retention_type_id_foreign` (`retention_type_id`),
  KEY `receipts_status_id_foreign` (`status_id`),
  KEY `receipts_person_id_owner_foreign` (`person_id_owner`),
  KEY `receipts_person_id_relationed_foreign` (`person_id_relationed`),
  KEY `receipts_period_id_foreign` (`period_id`),
  KEY `receipts_plan_cuenta_id_foreign` (`plan_cuenta_id`),
  KEY `receipts_fact_elec_receipt_id_foreign` (`fact_elec_receipt_id`),
  KEY `receipts_iva_creditos_tipo_id_foreign` (`iva_creditos_tipo_id`),
  CONSTRAINT `receipts_activity_id_foreign` FOREIGN KEY (`activity_id`) REFERENCES `activities` (`id`),
  CONSTRAINT `receipts_fact_elec_receipt_id_foreign` FOREIGN KEY (`fact_elec_receipt_id`) REFERENCES `fact_elec_receipts` (`id`),
  CONSTRAINT `receipts_iva_creditos_tipo_id_foreign` FOREIGN KEY (`iva_creditos_tipo_id`) REFERENCES `iva_creditos_tipos` (`id`),
  CONSTRAINT `receipts_period_id_foreign` FOREIGN KEY (`period_id`) REFERENCES `periods` (`id`),
  CONSTRAINT `receipts_person_id_owner_foreign` FOREIGN KEY (`person_id_owner`) REFERENCES `persons` (`id`),
  CONSTRAINT `receipts_person_id_relationed_foreign` FOREIGN KEY (`person_id_relationed`) REFERENCES `persons` (`id`),
  CONSTRAINT `receipts_plan_cuenta_id_foreign` FOREIGN KEY (`plan_cuenta_id`) REFERENCES `conta_plan_cuenta` (`id`),
  CONSTRAINT `receipts_retention_type_id_foreign` FOREIGN KEY (`retention_type_id`) REFERENCES `retention_types` (`id`),
  CONSTRAINT `receipts_status_id_foreign` FOREIGN KEY (`status_id`) REFERENCES `status` (`id`),
  CONSTRAINT `receipts_tax_account_id_foreign` FOREIGN KEY (`tax_account_id`) REFERENCES `tax_accounts` (`id`),
  CONSTRAINT `receipts_type_id_foreign` FOREIGN KEY (`type_id`) REFERENCES `types` (`id`),
  CONSTRAINT `receipts_type_receipt_id_foreign` FOREIGN KEY (`type_receipt_id`) REFERENCES `receipt_types` (`id`),
  CONSTRAINT `receipts_zone_id_foreign` FOREIGN KEY (`zone_id`) REFERENCES `zones` (`id`)
) ENGINE=InnoDB AUTO_INCREMENT=379 DEFAULT CHARSET=utf8mb4 COLLATE=utf8mb4_unicode_ci;

--
-- Dumping data for table `receipts`
--

INSERT INTO `receipts` VALUES (1,5482,1,7,NULL,NULL,15305,1,NULL,591,1,NULL,40729,40730,00000002,NULL,NULL,'2021-06-07','2021-06-07',0001,1,NULL,4500.00,NULL,'2022-01-07 10:34:13','2022-01-07 10:34:13',NULL),(2,5482,1,7,NULL,NULL,15305,1,NULL,591,1,NULL,40729,40730,00000003,NULL,NULL,'2021-06-09','2021-06-09',0001,1,NULL,1365.00,NULL,'2022-01-07 10:34:13','2022-01-07 10:34:13',NULL),(3,5482,1,7,NULL,NULL,15305,1,NULL,591,1,NULL,40729,40730,00000004,NULL,NULL,'2021-06-10','2021-06-10',0001,1,NULL,1353.00,NULL,'2022-01-07 10:34:13','2022-01-07 10:34:13',NULL),(4,5482,1,7,NULL,NULL,15305,1,NULL,591,1,NULL,40729,40730,00000005,NULL,NULL,'2021-06-11','2021-06-11',0001,1,NULL,300.00,NULL,'2022-01-07 10:34:13','2022-01-07 10:34:13',NULL),(5,5482,1,7,NULL,NULL,15305,1,NULL,591,1,NULL,40729,40730,00000006,NULL,NULL,'2021-06-12','2021-06-12',0001,1,NULL,470.00,NULL,'2022-01-07 10:34:13','2022-01-07 10:34:13',NULL),(6,5482,1,7,NULL,NULL,15305,1,NULL,591,1,NULL,40729,40730,00000007,NULL,NULL,'2021-06-14','2021-06-14',0001,1,NULL,2264.00,NULL,'2022-01-07 10:34:13','2022-01-07 10:34:13',NULL),(7,5482,1,7,NULL,NULL,15305,1,NULL,591,1,NULL,40729,40730,00000008,NULL,NULL,'2021-06-14','2021-06-14',0001,1,NULL,1850.00,NULL,'2022-01-07 10:34:13','2022-01-07 10:34:13',NULL),(8,5482,1,7,NULL,NULL,15305,1,NULL,591,1,NULL,40729,40730,00000009,NULL,NULL,'2021-06-14','2021-06-14',0001,1,NULL,150.00,NULL,'2022-01-07 10:34:13','2022-01-07 10:34:13',NULL),(9,5482,1,7,NULL,NULL,15305,1,NULL,591,1,NULL,40729,40731,00000010,NULL,NULL,'2021-06-23','2021-06-23',0001,1,NULL,720.00,NULL,'2022-01-07 10:34:13','2022-01-07 10:34:13',NULL),(10,5482,1,7,NULL,NULL,15305,1,NULL,591,1,NULL,40729,40732,00000011,NULL,NULL,'2021-06-23','2021-06-23',0001,1,NULL,1140.00,NULL,'2022-01-07 10:34:13','2022-01-07 10:34:13',NULL),(11,5482,1,7,NULL,NULL,15306,1,NULL,591,1,NULL,40729,40730,00000012,NULL,NULL,'2021-07-08','2021-07-08',0001,1,NULL,650.00,NULL,'2022-01-07 10:39:51','2022-01-07 10:39:51',NULL),(12,5482,1,7,NULL,NULL,15306,1,NULL,591,1,NULL,40729,40730,00000013,NULL,NULL,'2021-07-08','2021-07-08',0001,1,NULL,435.00,NULL,'2022-01-07 10:39:51','2022-01-07 10:39:51',NULL),(13,5482,1,7,NULL,NULL,15306,1,NULL,591,1,NULL,40729,40730,00000014,NULL,NULL,'2021-07-08','2021-07-08',0001,1,NULL,260.00,NULL,'2022-01-07 10:39:51','2022-01-07 10:39:51',NULL),(14,5482,1,7,NULL,NULL,15306,1,NULL,591,1,NULL,40729,40731,00000015,NULL,NULL,'2021-07-26','2021-07-26',0001,1,NULL,2700.00,NULL,'2022-01-07 10:39:52','2022-01-07 10:39:52',NULL),(15,5482,1,7,NULL,NULL,15306,1,NULL,591,1,NULL,40729,40731,00000016,NULL,NULL,'2021-07-28','2021-07-28',0001,1,NULL,680.00,NULL,'2022-01-07 10:39:52','2022-01-07 10:39:52',NULL),(16,5482,1,7,NULL,NULL,15306,1,NULL,591,1,NULL,40729,40733,00000017,NULL,NULL,'2021-07-28','2021-07-28',0001,1,NULL,4376.00,NULL,'2022-01-07 10:39:52','2022-01-07 10:39:52',NULL),(17,5482,1,7,NULL,NULL,15306,1,NULL,591,1,NULL,40729,40730,00000018,NULL,NULL,'2021-07-30','2021-07-30',0001,1,NULL,3660.00,NULL,'2022-01-07 10:39:52','2022-01-07 10:39:52',NULL),(18,5482,1,7,NULL,NULL,15306,1,NULL,591,1,NULL,40729,40734,00000019,NULL,NULL,'2021-07-30','2021-07-30',0001,1,NULL,2695.00,NULL,'2022-01-07 10:39:52','2022-01-07 10:39:52',NULL),(19,5482,1,7,NULL,NULL,15307,1,NULL,591,1,NULL,40729,40734,00000020,NULL,NULL,'2021-08-04','2021-08-04',0001,1,NULL,1340.00,NULL,'2022-01-07 10:42:14','2022-01-07 10:42:14',NULL),(20,5482,1,7,NULL,NULL,15307,1,NULL,591,1,NULL,40729,40731,00000021,NULL,NULL,'2021-08-09','2021-08-09',0001,1,NULL,450.00,NULL,'2022-01-07 10:42:14','2022-01-07 10:42:14',NULL),(21,5482,1,7,NULL,NULL,15307,1,NULL,591,1,NULL,40729,40730,00000022,NULL,NULL,'2021-08-10','2021-08-10',0001,1,NULL,4850.00,NULL,'2022-01-07 10:42:14','2022-01-07 10:42:14',NULL),(22,5482,1,7,NULL,NULL,15307,1,NULL,591,1,NULL,40729,40730,00000023,NULL,NULL,'2021-08-10','2021-08-10',0001,1,NULL,2620.00,NULL,'2022-01-07 10:42:14','2022-01-07 10:42:14',NULL);
INSERT INTO `receipts` VALUES (23,5482,1,7,NULL,NULL,15307,1,NULL,591,1,NULL,40729,40730,00000024,NULL,NULL,'2021-08-10','2021-08-10',0001,1,NULL,1410.00,NULL,'2022-01-07 10:42:14','2022-01-07 10:42:14',NULL),(24,5482,1,7,NULL,NULL,15307,1,NULL,591,1,NULL,40729,40732,00000025,NULL,NULL,'2021-08-14','2021-08-14',0001,1,NULL,560.00,NULL,'2022-01-07 10:42:14','2022-01-07 10:42:14',NULL),(25,5482,1,7,NULL,NULL,15307,1,NULL,591,1,NULL,40729,40731,00000026,NULL,NULL,'2021-08-20','2021-08-20',0001,1,NULL,675.00,NULL,'2022-01-07 10:42:14','2022-01-07 10:42:14',NULL),(26,5482,1,7,NULL,NULL,15307,1,NULL,591,1,NULL,40729,40731,00000027,NULL,NULL,'2021-08-20','2021-08-20',0001,1,NULL,250.00,NULL,'2022-01-07 10:42:15','2022-01-07 10:42:15',NULL),(27,5482,1,7,NULL,NULL,15307,1,NULL,591,1,NULL,40729,40730,00000028,NULL,NULL,'2021-08-23','2021-08-23',0001,1,NULL,5750.00,NULL,'2022-01-07 10:42:15','2022-01-07 10:42:15',NULL),(28,5482,1,7,NULL,NULL,15307,1,NULL,591,1,NULL,40729,40730,00000029,NULL,NULL,'2021-08-23','2021-08-23',0001,1,NULL,870.00,NULL,'2022-01-07 10:42:15','2022-01-07 10:42:15',NULL),(29,5482,1,7,NULL,NULL,15307,1,NULL,591,1,NULL,40729,40731,00000030,NULL,NULL,'2021-08-24','2021-08-24',0001,1,NULL,705.00,NULL,'2022-01-07 10:42:15','2022-01-07 10:42:15',NULL),(30,5482,1,7,NULL,NULL,15307,1,NULL,591,1,NULL,40729,40730,00000031,NULL,NULL,'2021-08-28','2021-08-28',0001,1,NULL,1380.00,NULL,'2022-01-07 10:42:15','2022-01-07 10:42:15',NULL),(31,5482,1,7,NULL,NULL,15307,1,NULL,591,1,NULL,40729,40730,00000032,NULL,NULL,'2021-08-31','2021-08-31',0001,1,NULL,1330.00,NULL,'2022-01-07 10:42:15','2022-01-07 10:42:15',NULL),(32,5482,1,7,NULL,NULL,15308,1,NULL,591,1,NULL,40729,40730,00000033,NULL,NULL,'2021-09-02','2021-09-02',0001,1,NULL,2450.00,NULL,'2022-01-07 10:43:53','2022-01-07 10:43:53',NULL),(33,5482,1,7,NULL,NULL,15308,1,NULL,591,1,NULL,40729,40730,00000034,NULL,NULL,'2021-09-02','2021-09-02',0001,1,NULL,3860.00,NULL,'2022-01-07 10:43:53','2022-01-07 10:43:53',NULL),(34,5482,1,7,NULL,NULL,15308,1,NULL,591,1,NULL,40729,40730,00000035,NULL,NULL,'2021-09-02','2021-09-02',0001,1,NULL,1998.00,NULL,'2022-01-07 10:43:53','2022-01-07 10:43:53',NULL),(35,5482,1,7,NULL,NULL,15308,1,NULL,591,1,NULL,40729,40730,00000036,NULL,NULL,'2021-09-02','2021-09-02',0001,1,NULL,5500.00,NULL,'2022-01-07 10:43:53','2022-01-07 10:43:53',NULL),(36,5482,1,7,NULL,NULL,15308,1,NULL,591,1,NULL,40729,40731,00000037,NULL,NULL,'2021-09-03','2021-09-03',0001,1,NULL,1160.00,NULL,'2022-01-07 10:43:53','2022-01-07 10:43:53',NULL),(37,5482,1,7,NULL,NULL,15308,1,NULL,591,1,NULL,40729,40730,00000038,NULL,NULL,'2021-09-03','2021-09-03',0001,1,NULL,7890.00,NULL,'2022-01-07 10:43:53','2022-01-07 10:43:53',NULL),(38,5482,1,7,NULL,NULL,15308,1,NULL,591,1,NULL,40729,40730,00000039,NULL,NULL,'2021-09-03','2021-09-03',0001,1,NULL,1160.00,NULL,'2022-01-07 10:43:53','2022-01-07 10:43:53',NULL),(39,5482,1,7,NULL,NULL,15308,1,NULL,591,1,NULL,40729,40730,00000040,NULL,NULL,'2021-09-03','2021-09-03',0001,1,NULL,2771.00,NULL,'2022-01-07 10:43:53','2022-01-07 10:43:53',NULL),(40,5482,1,7,NULL,NULL,15308,1,NULL,591,1,NULL,40729,40731,00000041,NULL,NULL,'2021-09-08','2021-09-08',0001,1,NULL,700.00,NULL,'2022-01-07 10:43:54','2022-01-07 10:43:54',NULL),(41,5482,1,7,NULL,NULL,15308,1,NULL,591,1,NULL,40729,40730,00000042,NULL,NULL,'2021-09-08','2021-09-08',0001,1,NULL,7500.00,NULL,'2022-01-07 10:43:54','2022-01-07 10:43:54',NULL),(42,5482,1,7,NULL,NULL,15308,1,NULL,591,1,NULL,40729,40730,00000043,NULL,NULL,'2021-09-08','2021-09-08',0001,1,NULL,4060.00,NULL,'2022-01-07 10:43:54','2022-01-07 10:43:54',NULL),(43,5482,1,7,NULL,NULL,15308,1,NULL,591,1,NULL,40729,40730,00000044,NULL,NULL,'2021-09-13','2021-09-13',0001,1,NULL,2197.40,NULL,'2022-01-07 10:43:54','2022-01-07 10:43:54',NULL),(44,5482,1,7,NULL,NULL,15308,1,NULL,591,1,NULL,40729,40735,00000045,NULL,NULL,'2021-09-16','2021-09-16',0001,1,NULL,3850.00,NULL,'2022-01-07 10:43:54','2022-01-07 10:43:54',NULL);
INSERT INTO `receipts` VALUES (45,5482,1,7,NULL,NULL,15308,1,NULL,591,1,NULL,40729,40730,00000046,NULL,NULL,'2021-09-16','2021-09-16',0001,1,NULL,2500.00,NULL,'2022-01-07 10:43:54','2022-01-07 10:43:54',NULL),(46,5482,1,7,NULL,NULL,15308,1,NULL,591,1,NULL,40729,40730,00000047,NULL,NULL,'2021-09-16','2021-09-16',0001,1,NULL,2670.00,NULL,'2022-01-07 10:43:54','2022-01-07 10:43:54',NULL),(47,5482,1,7,NULL,NULL,15308,1,NULL,591,1,NULL,40729,40730,00000048,NULL,NULL,'2021-09-18','2021-09-18',0001,1,NULL,5500.00,NULL,'2022-01-07 10:43:54','2022-01-07 10:43:54',NULL),(48,5482,1,7,NULL,NULL,15308,1,NULL,591,1,NULL,40729,40730,00000049,NULL,NULL,'2021-09-20','2021-09-20',0001,1,NULL,12500.00,NULL,'2022-01-07 10:43:54','2022-01-07 10:43:54',NULL),(49,5482,1,7,NULL,NULL,15308,1,NULL,591,1,NULL,40729,40730,00000050,NULL,NULL,'2021-09-20','2021-09-20',0001,1,NULL,6900.00,NULL,'2022-01-07 10:43:54','2022-01-07 10:43:54',NULL),(50,5482,1,7,NULL,NULL,15308,1,NULL,591,1,NULL,40729,40734,00000051,NULL,NULL,'2021-09-20','2021-09-20',0001,1,NULL,860.00,NULL,'2022-01-07 10:43:54','2022-01-07 10:43:54',NULL),(51,5482,1,7,NULL,NULL,15308,1,NULL,591,1,NULL,40729,40734,00000052,NULL,NULL,'2021-09-24','2021-09-24',0001,1,NULL,650.00,NULL,'2022-01-07 10:43:54','2022-01-07 10:43:54',NULL),(52,5482,1,7,NULL,NULL,15308,1,NULL,591,1,NULL,40729,40734,00000053,NULL,NULL,'2021-09-29','2021-09-29',0001,1,NULL,1730.00,NULL,'2022-01-07 10:43:54','2022-01-07 10:43:54',NULL),(53,5482,1,7,NULL,NULL,15309,1,NULL,591,1,NULL,40729,40736,00000054,NULL,NULL,'2021-10-20','2021-10-20',0001,1,NULL,670.00,NULL,'2022-01-07 10:45:17','2022-01-07 10:45:17',NULL),(54,5482,1,7,NULL,NULL,15309,1,NULL,591,1,NULL,40729,40730,00000055,NULL,NULL,'2021-10-20','2021-10-20',0001,1,NULL,1580.00,NULL,'2022-01-07 10:45:17','2022-01-07 10:45:17',NULL),(55,5482,1,7,NULL,NULL,15309,1,NULL,591,1,NULL,40729,40730,00000056,NULL,NULL,'2021-10-20','2021-10-20',0001,1,NULL,3600.00,NULL,'2022-01-07 10:45:17','2022-01-07 10:45:17',NULL),(56,5482,1,7,NULL,NULL,15309,1,NULL,591,1,NULL,40729,40737,00000057,NULL,NULL,'2021-10-21','2021-10-21',0001,1,NULL,450.00,NULL,'2022-01-07 10:45:17','2022-01-07 10:45:17',NULL),(57,5482,1,7,NULL,NULL,15309,1,NULL,591,1,NULL,40729,40730,00000058,NULL,NULL,'2021-10-25','2021-10-25',0001,1,NULL,9020.00,NULL,'2022-01-07 10:45:17','2022-01-07 10:45:17',NULL),(58,5482,1,7,NULL,NULL,15309,1,NULL,591,1,NULL,40729,40730,00000059,NULL,NULL,'2021-10-26','2021-10-26',0001,1,NULL,5000.00,NULL,'2022-01-07 10:45:18','2022-01-07 10:45:18',NULL),(59,5482,1,7,NULL,NULL,15309,1,NULL,591,1,NULL,40729,40730,00000060,NULL,NULL,'2021-10-26','2021-10-26',0001,1,NULL,3930.00,NULL,'2022-01-07 10:45:18','2022-01-07 10:45:18',NULL),(60,5482,1,7,NULL,NULL,15309,1,NULL,591,1,NULL,40729,40730,00000061,NULL,NULL,'2021-10-29','2021-10-29',0001,1,NULL,8870.00,NULL,'2022-01-07 10:45:18','2022-01-07 10:45:18',NULL),(61,5482,1,7,NULL,NULL,15309,1,NULL,591,1,NULL,40729,40730,00000062,NULL,NULL,'2021-10-29','2021-10-29',0001,1,NULL,5800.00,NULL,'2022-01-07 10:45:18','2022-01-07 10:45:18',NULL),(62,5482,1,7,NULL,NULL,15309,1,NULL,591,1,NULL,40729,40738,00000063,NULL,NULL,'2021-10-29','2021-10-29',0001,1,NULL,5709.00,NULL,'2022-01-07 10:45:18','2022-01-07 10:45:18',NULL),(63,5482,1,7,NULL,NULL,15309,1,NULL,591,1,NULL,40729,40730,00000064,NULL,NULL,'2021-10-30','2021-10-30',0001,1,NULL,1300.00,NULL,'2022-01-07 10:45:18','2022-01-07 10:45:18',NULL),(64,5482,1,7,NULL,NULL,15310,1,NULL,591,1,NULL,40729,40730,00000065,NULL,NULL,'2021-11-02','2021-11-02',0001,1,NULL,2010.00,NULL,'2022-01-07 10:47:12','2022-01-07 10:47:12',NULL),(65,5482,1,7,NULL,NULL,15310,1,NULL,591,1,NULL,40729,40730,00000066,NULL,NULL,'2021-11-02','2021-11-02',0001,1,NULL,4080.00,NULL,'2022-01-07 10:47:12','2022-01-07 10:47:12',NULL),(66,5482,1,7,NULL,NULL,15310,1,NULL,591,1,NULL,40729,40730,00000067,NULL,NULL,'2021-11-04','2021-11-04',0001,1,NULL,990.00,NULL,'2022-01-07 10:47:12','2022-01-07 10:47:12',NULL);
INSERT INTO `receipts` VALUES (67,5482,1,7,NULL,NULL,15310,1,NULL,591,1,NULL,40729,40739,00000068,NULL,NULL,'2021-11-10','2021-11-10',0001,1,NULL,3717.00,NULL,'2022-01-07 10:47:12','2022-01-07 10:47:12',NULL),(68,5482,1,7,NULL,NULL,15310,1,NULL,591,1,NULL,40729,40730,00000069,NULL,NULL,'2021-11-19','2021-11-19',0001,1,NULL,1400.00,NULL,'2022-01-07 10:47:12','2022-01-07 10:47:12',NULL),(69,5482,1,7,NULL,NULL,15310,1,NULL,591,1,NULL,40729,40740,00000070,NULL,NULL,'2021-11-19','2021-11-19',0001,1,NULL,5650.00,NULL,'2022-01-07 10:47:12','2022-01-07 10:47:12',NULL),(70,5482,1,7,NULL,NULL,15310,1,NULL,591,1,NULL,40729,40730,00000071,NULL,NULL,'2021-11-19','2021-11-19',0001,1,NULL,1815.00,NULL,'2022-01-07 10:47:12','2022-01-07 10:47:12',NULL),(71,5482,1,7,NULL,NULL,15310,1,NULL,591,1,NULL,40729,40730,00000072,NULL,NULL,'2021-11-19','2021-11-19',0001,1,NULL,5500.00,NULL,'2022-01-07 10:47:12','2022-01-07 10:47:12',NULL),(72,5482,1,7,NULL,NULL,15310,1,NULL,591,1,NULL,40729,40730,00000073,NULL,NULL,'2021-11-19','2021-11-19',0001,1,NULL,1700.00,NULL,'2022-01-07 10:47:12','2022-01-07 10:47:12',NULL),(73,5482,1,7,NULL,NULL,15310,1,NULL,591,1,NULL,40729,40741,00000074,NULL,NULL,'2021-11-20','2021-11-20',0001,1,NULL,5540.00,NULL,'2022-01-07 10:47:12','2022-01-07 10:47:12',NULL),(74,5482,1,7,NULL,NULL,15310,1,NULL,591,1,NULL,40729,40742,00000075,NULL,NULL,'2021-11-23','2021-11-23',0001,1,NULL,1257.00,NULL,'2022-01-07 10:47:12','2022-01-07 10:47:12',NULL),(75,5482,1,7,NULL,NULL,15310,1,NULL,591,1,NULL,40729,40743,00000076,NULL,NULL,'2021-11-23','2021-11-23',0001,1,NULL,18500.00,NULL,'2022-01-07 10:47:12','2022-01-07 10:47:12',NULL),(76,5482,1,7,NULL,NULL,15310,1,NULL,591,1,NULL,40729,40744,00000077,NULL,NULL,'2021-11-29','2021-11-29',0001,1,NULL,1490.00,NULL,'2022-01-07 10:47:13','2022-01-07 10:47:13',NULL),(77,5482,1,7,NULL,NULL,15310,1,NULL,591,1,NULL,40729,40743,00000078,NULL,NULL,'2021-11-29','2021-11-29',0001,1,NULL,1898.00,NULL,'2022-01-07 10:47:13','2022-01-07 10:47:13',NULL),(78,5482,1,7,NULL,NULL,15311,1,NULL,591,1,NULL,40729,40737,00000079,NULL,NULL,'2021-12-01','2021-12-01',0001,1,NULL,5000.00,NULL,'2022-01-07 10:49:13','2022-01-07 10:49:13',NULL),(79,5482,1,7,NULL,NULL,15311,1,NULL,591,1,NULL,40729,40745,00000080,NULL,NULL,'2021-12-02','2021-12-02',0001,1,NULL,881.00,NULL,'2022-01-07 10:49:13','2022-01-07 10:49:13',NULL),(80,5482,1,7,NULL,NULL,15311,1,NULL,591,1,NULL,40729,40745,00000081,NULL,NULL,'2021-12-03','2021-12-03',0001,1,NULL,850.00,NULL,'2022-01-07 10:49:13','2022-01-07 10:49:13',NULL),(81,5482,1,7,NULL,NULL,15311,1,NULL,591,1,NULL,40729,40746,00000082,NULL,NULL,'2021-12-04','2021-12-04',0001,1,NULL,6312.00,NULL,'2022-01-07 10:49:13','2022-01-07 10:49:13',NULL),(82,5482,1,7,NULL,NULL,15311,1,NULL,591,1,NULL,40729,40747,00000083,NULL,NULL,'2021-12-07','2021-12-07',0001,1,NULL,6350.00,NULL,'2022-01-07 10:49:13','2022-01-07 10:49:13',NULL),(83,5482,1,7,NULL,NULL,15311,1,NULL,591,1,NULL,40729,40748,00000084,NULL,NULL,'2021-12-09','2021-12-09',0001,1,NULL,3524.00,NULL,'2022-01-07 10:49:13','2022-01-07 10:49:13',NULL),(84,5482,1,7,NULL,NULL,15311,1,NULL,591,1,NULL,40729,40749,00000085,NULL,NULL,'2021-12-20','2021-12-20',0001,1,NULL,4459.00,NULL,'2022-01-07 10:49:13','2022-01-07 10:49:13',NULL),(85,5482,2,4,NULL,NULL,15300,1,217,591,1,NULL,40729,40750,00004703,NULL,NULL,'2021-01-04','2021-01-04',0400,1,NULL,30.00,NULL,'2022-01-07 10:53:42','2022-01-07 10:53:42',NULL),(86,5482,2,4,NULL,NULL,15300,1,250,591,1,NULL,40729,40751,00369853,NULL,NULL,'2021-01-22','2021-01-22',0150,1,NULL,6080.00,NULL,'2022-01-07 10:53:43','2022-01-07 10:53:43',NULL),(87,5482,2,4,NULL,NULL,15301,1,217,591,1,NULL,40729,40752,00022313,NULL,NULL,'2021-02-17','2021-02-17',0023,1,NULL,3739.30,NULL,'2022-01-07 10:55:36','2022-01-07 10:55:36',NULL),(88,5482,2,4,NULL,NULL,15301,1,217,591,1,NULL,40729,40752,00022310,NULL,NULL,'2021-02-17','2021-02-17',0023,1,NULL,22716.20,NULL,'2022-01-07 10:55:36','2022-01-07 10:55:36',NULL);
INSERT INTO `receipts` VALUES (89,5482,2,4,NULL,NULL,15301,1,217,591,1,NULL,40729,40753,00062785,NULL,NULL,'2021-02-23','2021-02-23',0004,1,NULL,19462.24,NULL,'2022-01-07 10:55:36','2022-01-07 10:55:36',NULL),(90,5482,2,6,NULL,NULL,15301,1,217,591,1,NULL,40729,40753,00042317,NULL,NULL,'2021-02-25','2021-02-25',0004,1,NULL,1946.22,NULL,'2022-01-07 10:55:36','2022-01-07 10:55:36',NULL),(91,5482,2,6,NULL,NULL,15302,1,217,591,1,NULL,40729,40752,00002527,NULL,NULL,'2021-03-02','2021-03-02',0025,1,NULL,2645.54,NULL,'2022-01-07 10:56:40','2022-01-07 10:56:40',NULL),(92,5482,2,4,NULL,NULL,15302,1,250,591,1,NULL,40729,40751,00377240,NULL,NULL,'2021-03-09','2021-03-09',0150,1,NULL,6440.00,NULL,'2022-01-07 10:56:40','2022-01-07 10:56:40',NULL),(93,5482,2,4,NULL,NULL,15302,1,250,591,1,NULL,40729,40751,00377239,NULL,NULL,'2021-03-09','2021-03-09',0150,1,NULL,6080.00,NULL,'2022-01-07 10:56:40','2022-01-07 10:56:40',NULL),(94,5482,2,4,NULL,NULL,15302,1,217,591,1,NULL,40729,40752,00022871,NULL,NULL,'2021-03-16','2021-03-16',0023,1,NULL,38514.79,NULL,'2022-01-07 10:56:40','2022-01-07 10:56:40',NULL),(95,5482,2,4,NULL,NULL,15302,1,217,591,1,NULL,40729,40752,00023075,NULL,NULL,'2021-03-27','2021-03-27',0023,1,NULL,61923.43,NULL,'2022-01-07 10:56:40','2022-01-07 10:56:40',NULL),(96,5482,2,4,NULL,NULL,15302,1,217,591,1,NULL,40729,40752,00023064,NULL,NULL,'2021-03-27','2021-03-27',0023,1,NULL,36845.86,NULL,'2022-01-07 10:56:40','2022-01-07 10:56:40',NULL),(97,5482,2,6,NULL,NULL,15303,1,217,591,1,NULL,40729,40752,00003033,NULL,NULL,'2021-04-12','2021-04-12',0025,1,NULL,13728.41,NULL,'2022-01-07 10:57:40','2022-01-07 10:57:40',NULL),(98,5482,2,4,NULL,NULL,15303,1,217,591,1,NULL,40729,40754,00000843,NULL,NULL,'2021-04-13','2021-04-13',0002,1,NULL,12546.26,NULL,'2022-01-07 10:57:40','2022-01-07 10:57:40',NULL),(99,5482,2,4,NULL,NULL,15303,1,217,591,1,NULL,40729,40754,00000844,NULL,NULL,'2021-04-13','2021-04-13',0002,1,NULL,489.40,NULL,'2022-01-07 10:57:40','2022-01-07 10:57:40',NULL),(100,5482,2,4,NULL,NULL,15303,1,217,591,1,NULL,40729,40754,00000842,NULL,NULL,'2021-04-13','2021-04-13',0002,1,NULL,18282.46,NULL,'2022-01-07 10:57:40','2022-01-07 10:57:40',NULL),(101,5482,2,4,NULL,NULL,15303,1,250,591,1,NULL,40729,40751,00384276,NULL,NULL,'2021-04-14','2021-04-14',0150,1,NULL,6440.00,NULL,'2022-01-07 10:57:40','2022-01-07 10:57:40',NULL),(102,5482,2,6,NULL,NULL,15303,1,217,591,1,NULL,40729,40754,00000200,NULL,NULL,'2021-04-16','2021-04-16',0002,1,NULL,3131.81,NULL,'2022-01-07 10:57:40','2022-01-07 10:57:40',NULL),(103,5482,2,6,NULL,NULL,15303,1,217,591,1,NULL,40729,40752,00003131,NULL,NULL,'2021-04-19','2021-04-19',0025,1,NULL,18000.00,NULL,'2022-01-07 10:57:40','2022-01-07 10:57:40',NULL),(104,5482,2,4,NULL,NULL,15303,1,217,591,1,NULL,40729,40755,00002366,NULL,NULL,'2021-04-21','2021-04-21',0007,1,NULL,13463.48,NULL,'2022-01-07 10:57:40','2022-01-07 10:57:40',NULL),(105,5482,2,4,NULL,NULL,15303,1,217,591,1,NULL,40729,40756,00005515,NULL,NULL,'2021-04-29','2021-04-29',0003,1,NULL,1400.00,NULL,'2022-01-07 10:57:40','2022-01-07 10:57:40',NULL),(106,5482,2,4,NULL,NULL,15304,1,217,591,1,NULL,40729,40754,00000930,NULL,NULL,'2021-05-04','2021-05-04',0002,1,NULL,33215.60,NULL,'2022-01-07 10:58:57','2022-01-07 10:58:57',NULL),(107,5482,2,4,NULL,NULL,15304,1,217,591,1,NULL,40729,40752,00023948,NULL,NULL,'2021-05-08','2021-05-08',0023,1,NULL,27100.04,NULL,'2022-01-07 10:58:57','2022-01-07 10:58:57',NULL),(108,5482,2,4,NULL,NULL,15304,1,217,591,1,NULL,40729,40752,00023935,NULL,NULL,'2021-05-08','2021-05-08',0023,1,NULL,12636.81,NULL,'2022-01-07 10:58:57','2022-01-07 10:58:57',NULL),(109,5482,2,4,NULL,NULL,15304,1,217,591,1,NULL,40729,40752,00023936,NULL,NULL,'2021-05-08','2021-05-08',0023,1,NULL,26603.18,NULL,'2022-01-07 10:58:57','2022-01-07 10:58:57',NULL),(110,5482,2,6,NULL,NULL,15304,1,217,591,1,NULL,40729,40754,00000249,NULL,NULL,'2021-05-10','2021-05-10',0002,1,NULL,3321.56,NULL,'2022-01-07 10:58:57','2022-01-07 10:58:57',NULL);
INSERT INTO `receipts` VALUES (111,5482,2,4,NULL,NULL,15304,1,217,591,1,NULL,40729,40754,00000981,NULL,NULL,'2021-05-11','2021-05-11',0002,1,NULL,14593.99,NULL,'2022-01-07 10:58:57','2022-01-07 10:58:57',NULL),(112,5482,2,4,NULL,NULL,15304,1,250,591,1,NULL,40729,40751,00389261,NULL,NULL,'2021-05-12','2021-05-12',0150,1,NULL,7992.00,NULL,'2022-01-07 10:58:57','2022-01-07 10:58:57',NULL),(113,5482,2,6,NULL,NULL,15304,1,217,591,1,NULL,40729,40752,00007171,NULL,NULL,'2021-05-14','2021-05-14',0011,1,NULL,18260.62,NULL,'2022-01-07 10:58:57','2022-01-07 10:58:57',NULL),(114,5482,2,6,NULL,NULL,15304,1,217,591,1,NULL,40729,40752,00003664,NULL,NULL,'2021-05-27','2021-05-27',0025,1,NULL,2655.99,NULL,'2022-01-07 10:58:57','2022-01-07 10:58:57',NULL),(115,5482,2,4,NULL,NULL,15304,1,217,591,1,NULL,40729,40752,00024315,NULL,NULL,'2021-05-27','2021-05-27',0023,1,NULL,10898.30,NULL,'2022-01-07 10:58:57','2022-01-07 10:58:57',NULL),(116,5482,2,7,NULL,NULL,15304,1,250,591,1,NULL,40729,40719,00000340,NULL,NULL,'2021-05-31','2021-05-31',0004,1,NULL,5000.00,NULL,'2022-01-07 10:58:57','2022-01-07 10:58:57',NULL),(117,5482,2,4,NULL,NULL,15305,1,217,591,1,NULL,40729,40757,00047303,NULL,NULL,'2021-06-02','2021-06-02',0008,1,NULL,299.00,NULL,'2022-01-07 10:59:58','2022-01-07 10:59:58',NULL),(118,5482,2,4,NULL,NULL,15305,1,217,591,1,NULL,40729,40757,00047304,NULL,NULL,'2021-06-02','2021-06-02',0008,1,NULL,299.00,NULL,'2022-01-07 10:59:59','2022-01-07 10:59:59',NULL),(119,5482,2,4,NULL,NULL,15305,1,217,591,1,NULL,40729,40752,00024622,NULL,NULL,'2021-06-09','2021-06-09',0023,1,NULL,14072.39,NULL,'2022-01-07 10:59:59','2022-01-07 10:59:59',NULL),(120,5482,2,4,NULL,NULL,15305,1,250,591,1,NULL,40729,40751,00394963,NULL,NULL,'2021-06-11','2021-06-11',0150,1,NULL,7520.00,NULL,'2022-01-07 10:59:59','2022-01-07 10:59:59',NULL),(121,5482,2,6,NULL,NULL,15305,1,217,591,1,NULL,40729,40754,00000338,NULL,NULL,'2021-06-11','2021-06-11',0002,1,NULL,1459.39,NULL,'2022-01-07 10:59:59','2022-01-07 10:59:59',NULL),(122,5482,2,4,NULL,NULL,15305,1,217,591,1,NULL,40729,40758,00000073,NULL,NULL,'2021-06-15','2021-06-15',0001,1,NULL,14323.49,NULL,'2022-01-07 10:59:59','2022-01-07 10:59:59',NULL),(123,5482,2,4,NULL,NULL,15305,1,217,591,1,NULL,40729,40752,00024845,NULL,NULL,'2021-06-19','2021-06-19',0023,1,NULL,5706.62,NULL,'2022-01-07 10:59:59','2022-01-07 10:59:59',NULL),(124,5482,2,4,NULL,NULL,15305,1,217,591,1,NULL,40729,40752,00024882,NULL,NULL,'2021-06-22','2021-06-22',0023,1,NULL,4175.54,NULL,'2022-01-07 10:59:59','2022-01-07 10:59:59',NULL),(125,5482,2,4,NULL,NULL,15305,1,217,591,1,NULL,40729,40755,00002526,NULL,NULL,'2021-06-23','2021-06-23',0007,1,NULL,8526.29,NULL,'2022-01-07 10:59:59','2022-01-07 10:59:59',NULL),(126,5482,2,1,NULL,NULL,15305,1,217,591,1,NULL,40729,40752,00195981,NULL,NULL,'2021-06-30','2021-06-30',0023,1,NULL,24990.49,NULL,'2022-01-07 10:59:59','2022-01-07 10:59:59',NULL),(127,5482,2,3,NULL,NULL,15305,1,217,591,1,NULL,40729,40752,00028379,NULL,NULL,'2021-06-30','2021-06-30',0025,1,NULL,3951.67,NULL,'2022-01-07 10:59:59','2022-01-07 10:59:59',NULL),(128,5482,2,4,NULL,NULL,15305,1,217,591,1,NULL,40729,40759,00003401,NULL,NULL,'2021-06-30','2021-06-30',0002,1,NULL,4484.01,NULL,'2022-01-07 10:59:59','2022-01-07 10:59:59',NULL),(129,5482,2,1,NULL,NULL,15306,1,217,591,1,NULL,40729,40752,00196601,NULL,NULL,'2021-07-02','2021-07-02',0023,1,NULL,901.30,NULL,'2022-01-07 11:01:29','2022-01-07 11:01:29',NULL),(130,5482,2,1,NULL,NULL,15306,1,217,591,1,NULL,40729,40752,00197015,NULL,NULL,'2021-07-05','2021-07-05',0023,1,NULL,10368.05,NULL,'2022-01-07 11:01:29','2022-01-07 11:01:29',NULL),(131,5482,2,4,NULL,NULL,15306,1,217,591,1,NULL,40729,40757,00121200,NULL,NULL,'2021-07-08','2021-07-08',0007,1,NULL,164.15,NULL,'2022-01-07 11:01:29','2022-01-07 11:01:29',NULL),(132,5482,2,4,NULL,NULL,15306,1,217,591,1,NULL,40729,40762,00016522,NULL,NULL,'2021-07-12','2021-07-12',0003,1,NULL,19272.36,NULL,'2022-01-07 11:01:29','2022-01-07 11:01:29',NULL);
INSERT INTO `receipts` VALUES (133,5482,2,6,NULL,NULL,15306,1,217,591,1,NULL,40729,40762,00002426,NULL,NULL,'2021-07-13','2021-07-13',0003,1,NULL,4065.84,NULL,'2022-01-07 11:01:29','2022-01-07 11:01:29',NULL),(134,5482,2,4,NULL,NULL,15306,1,217,591,1,NULL,40729,40762,00016545,NULL,NULL,'2021-07-13','2021-07-13',0003,1,NULL,6956.25,NULL,'2022-01-07 11:01:29','2022-01-07 11:01:29',NULL),(135,5482,2,3,NULL,NULL,15306,1,217,591,1,NULL,40729,40752,00029614,NULL,NULL,'2021-07-13','2021-07-13',0025,1,NULL,2499.05,NULL,'2022-01-07 11:01:29','2022-01-07 11:01:29',NULL),(136,5482,2,7,NULL,NULL,15306,1,250,591,1,NULL,40729,40719,00000359,NULL,NULL,'2021-07-13','2021-07-13',0004,1,NULL,1500.00,NULL,'2022-01-07 11:01:29','2022-01-07 11:01:29',NULL),(137,5482,2,1,NULL,NULL,15306,1,217,591,1,NULL,40729,40758,00000742,NULL,NULL,'2021-07-14','2021-07-14',0001,1,NULL,1657.14,NULL,'2022-01-07 11:01:29','2022-01-07 11:01:29',NULL),(138,5482,2,3,NULL,NULL,15306,1,217,591,1,NULL,40729,40758,00000099,NULL,NULL,'2021-07-16','2021-07-16',0001,1,NULL,1432.34,NULL,'2022-01-07 11:01:29','2022-01-07 11:01:29',NULL),(139,5482,2,3,NULL,NULL,15306,1,217,591,1,NULL,40729,40752,00049518,NULL,NULL,'2021-07-19','2021-07-19',0011,1,NULL,2661.06,NULL,'2022-01-07 11:01:29','2022-01-07 11:01:29',NULL),(140,5482,2,1,NULL,NULL,15306,1,217,591,1,NULL,40729,40752,00200231,NULL,NULL,'2021-07-21','2021-07-21',0023,1,NULL,5613.63,NULL,'2022-01-07 11:01:29','2022-01-07 11:01:29',NULL),(141,5482,2,4,NULL,NULL,15306,1,250,591,1,NULL,40729,40751,00403185,NULL,NULL,'2021-07-23','2021-07-23',0150,1,NULL,6050.00,NULL,'2022-01-07 11:01:29','2022-01-07 11:01:29',NULL),(142,5482,2,1,NULL,NULL,15306,1,217,591,1,NULL,40729,40758,00000942,NULL,NULL,'2021-07-29','2021-07-29',0001,1,NULL,23919.17,NULL,'2022-01-07 11:01:29','2022-01-07 11:01:29',NULL),(143,5482,2,1,NULL,NULL,15306,1,217,591,1,NULL,40729,40759,00006189,NULL,NULL,'2021-07-29','2021-07-29',0002,1,NULL,1399.73,NULL,'2022-01-07 11:01:29','2022-01-07 11:01:29',NULL),(144,5482,2,4,NULL,NULL,15306,1,217,591,1,NULL,40729,40757,00138610,NULL,NULL,'2021-07-31','2021-07-31',0007,1,NULL,306.12,NULL,'2022-01-07 11:01:29','2022-01-07 11:01:29',NULL),(145,5482,2,1,NULL,NULL,15306,1,217,591,1,NULL,40729,40752,00202318,NULL,NULL,'2021-07-31','2021-07-31',0023,1,NULL,10536.22,NULL,'2022-01-07 11:01:29','2022-01-07 11:01:29',NULL),(146,5482,2,1,NULL,NULL,15306,1,217,591,1,NULL,40729,40763,00001667,NULL,NULL,'2021-07-31','2021-07-31',0004,1,NULL,1980.76,NULL,'2022-01-07 11:01:29','2022-01-07 11:01:29',NULL),(147,5482,2,1,NULL,NULL,15307,1,217,591,1,NULL,40729,40762,00029073,NULL,NULL,'2021-08-03','2021-08-03',0003,1,NULL,27393.81,NULL,'2022-01-07 11:02:44','2022-01-07 11:02:44',NULL),(148,5482,2,1,NULL,NULL,15307,1,217,591,1,NULL,40729,40762,00029074,NULL,NULL,'2021-08-03','2021-08-03',0003,1,NULL,20135.03,NULL,'2022-01-07 11:02:44','2022-01-07 11:02:44',NULL),(149,5482,2,1,NULL,NULL,15307,1,217,591,1,NULL,40729,40762,00029071,NULL,NULL,'2021-08-03','2021-08-03',0003,1,NULL,27904.51,NULL,'2022-01-07 11:02:44','2022-01-07 11:02:44',NULL),(150,5482,2,3,NULL,NULL,15307,1,217,591,1,NULL,40729,40758,00000288,NULL,NULL,'2021-08-06','2021-08-06',0001,1,NULL,165.71,NULL,'2022-01-07 11:02:44','2022-01-07 11:02:44',NULL),(151,5482,2,3,NULL,NULL,15307,1,217,591,1,NULL,40729,40752,00032708,NULL,NULL,'2021-08-09','2021-08-09',0025,1,NULL,1053.62,NULL,'2022-01-07 11:02:44','2022-01-07 11:02:44',NULL),(152,5482,2,1,NULL,NULL,15307,1,217,591,1,NULL,40729,40758,00001273,NULL,NULL,'2021-08-11','2021-08-11',0001,1,NULL,12466.34,NULL,'2022-01-07 11:02:44','2022-01-07 11:02:44',NULL),(153,5482,2,1,NULL,NULL,15307,1,217,591,1,NULL,40729,40755,00005265,NULL,NULL,'2021-08-11','2021-08-11',0007,1,NULL,16468.67,NULL,'2022-01-07 11:02:44','2022-01-07 11:02:44',NULL),(154,5482,2,7,NULL,NULL,15307,1,250,591,1,NULL,40729,40719,00000383,NULL,NULL,'2021-08-16','2021-08-16',0004,1,NULL,2500.00,NULL,'2022-01-07 11:02:44','2022-01-07 11:02:44',NULL);
INSERT INTO `receipts` VALUES (155,5482,2,1,NULL,NULL,15307,1,217,591,1,NULL,40729,40752,00207106,NULL,NULL,'2021-08-24','2021-08-24',0023,1,NULL,901.30,NULL,'2022-01-07 11:02:44','2022-01-07 11:02:44',NULL),(156,5482,2,3,NULL,NULL,15307,1,217,591,1,NULL,40729,40752,00034700,NULL,NULL,'2021-08-25','2021-08-25',0025,1,NULL,561.36,NULL,'2022-01-07 11:02:44','2022-01-07 11:02:44',NULL),(157,5482,2,1,NULL,NULL,15307,1,217,591,1,NULL,40729,40752,00207364,NULL,NULL,'2021-08-25','2021-08-25',0023,1,NULL,7533.22,NULL,'2022-01-07 11:02:44','2022-01-07 11:02:44',NULL),(158,5482,2,1,NULL,NULL,15307,1,217,591,1,NULL,40729,40763,00001758,NULL,NULL,'2021-08-27','2021-08-27',0004,1,NULL,9035.54,NULL,'2022-01-07 11:02:44','2022-01-07 11:02:44',NULL),(159,5482,2,3,NULL,NULL,15307,1,217,591,1,NULL,40729,40758,00000412,NULL,NULL,'2021-08-30','2021-08-30',0001,1,NULL,3638.55,NULL,'2022-01-07 11:02:44','2022-01-07 11:02:44',NULL),(160,5482,2,1,NULL,NULL,15307,1,217,591,1,NULL,40729,40758,00001658,NULL,NULL,'2021-08-30','2021-08-30',0001,1,NULL,26804.80,NULL,'2022-01-07 11:02:44','2022-01-07 11:02:44',NULL),(161,5482,2,1,NULL,NULL,15308,1,217,591,1,NULL,40729,40762,00029763,NULL,NULL,'2021-09-02','2021-09-02',0003,1,NULL,60132.59,NULL,'2022-01-07 11:03:38','2022-01-07 11:03:38',NULL),(162,5482,2,1,NULL,NULL,15308,1,217,591,1,NULL,40729,40762,00029764,NULL,NULL,'2021-09-02','2021-09-02',0003,1,NULL,61720.96,NULL,'2022-01-07 11:03:38','2022-01-07 11:03:38',NULL),(163,5482,2,1,NULL,NULL,15308,1,217,591,1,NULL,40729,40752,00211520,NULL,NULL,'2021-09-14','2021-09-14',0023,1,NULL,968.34,NULL,'2022-01-07 11:03:38','2022-01-07 11:03:38',NULL),(164,5482,2,1,NULL,NULL,15308,1,217,591,1,NULL,40729,40758,00002248,NULL,NULL,'2021-09-22','2021-09-22',0001,1,NULL,41662.23,NULL,'2022-01-07 11:03:38','2022-01-07 11:03:38',NULL),(165,5482,2,1,NULL,NULL,15308,1,217,591,1,NULL,40729,40758,00002249,NULL,NULL,'2021-09-22','2021-09-22',0001,1,NULL,9853.27,NULL,'2022-01-07 11:03:38','2022-01-07 11:03:38',NULL),(166,5482,2,1,NULL,NULL,15308,1,217,591,1,NULL,40729,40752,00213525,NULL,NULL,'2021-09-23','2021-09-23',0023,1,NULL,1819.84,NULL,'2022-01-07 11:03:38','2022-01-07 11:03:38',NULL),(167,5482,2,3,NULL,NULL,15308,1,217,591,1,NULL,40729,40758,00000611,NULL,NULL,'2021-09-28','2021-09-28',0001,1,NULL,2680.48,NULL,'2022-01-07 11:03:38','2022-01-07 11:03:38',NULL),(168,5482,2,1,NULL,NULL,15308,1,217,591,1,NULL,40729,40755,00005781,NULL,NULL,'2021-09-28','2021-09-28',0007,1,NULL,10985.05,NULL,'2022-01-07 11:03:38','2022-01-07 11:03:38',NULL),(169,5482,2,1,NULL,NULL,15308,1,217,591,1,NULL,40729,40755,00005782,NULL,NULL,'2021-09-28','2021-09-28',0007,1,NULL,1395.80,NULL,'2022-01-07 11:03:38','2022-01-07 11:03:38',NULL),(170,5482,2,4,NULL,NULL,15308,1,217,591,1,NULL,40729,40757,00213443,NULL,NULL,'2021-09-30','2021-09-30',0007,1,NULL,19.90,NULL,'2022-01-07 11:03:38','2022-01-07 11:03:38',NULL),(171,5482,2,3,NULL,NULL,15309,1,217,591,1,NULL,40729,40752,00050870,NULL,NULL,'2021-10-12','2021-10-12',0011,1,NULL,968.34,NULL,'2022-01-07 11:04:59','2022-01-07 11:04:59',NULL),(172,5482,2,1,NULL,NULL,15309,1,217,591,1,NULL,40729,40758,00002690,NULL,NULL,'2021-10-13','2021-10-13',0001,1,NULL,20142.39,NULL,'2022-01-07 11:04:59','2022-01-07 11:04:59',NULL),(173,5482,2,1,NULL,NULL,15309,1,217,591,1,NULL,40729,40752,00217413,NULL,NULL,'2021-10-14','2021-10-14',0023,1,NULL,5953.08,NULL,'2022-01-07 11:04:59','2022-01-07 11:04:59',NULL),(174,5482,2,1,NULL,NULL,15309,1,217,591,1,NULL,40729,40752,00217732,NULL,NULL,'2021-10-15','2021-10-15',0023,1,NULL,4002.58,NULL,'2022-01-07 11:04:59','2022-01-07 11:04:59',NULL),(175,5482,2,1,NULL,NULL,15309,1,217,591,1,NULL,40729,40762,00030763,NULL,NULL,'2021-10-18','2021-10-18',0003,1,NULL,39789.65,NULL,'2022-01-07 11:04:59','2022-01-07 11:04:59',NULL),(176,5482,2,1,NULL,NULL,15309,1,217,591,1,NULL,40729,40762,00030764,NULL,NULL,'2021-10-18','2021-10-18',0003,1,NULL,23488.24,NULL,'2022-01-07 11:04:59','2022-01-07 11:04:59',NULL);
INSERT INTO `receipts` VALUES (177,5482,2,1,NULL,NULL,15309,1,217,591,1,NULL,40729,40762,00030992,NULL,NULL,'2021-10-26','2021-10-26',0003,1,NULL,23503.94,NULL,'2022-01-07 11:04:59','2022-01-07 11:04:59',NULL),(178,5482,2,1,NULL,NULL,15309,1,217,591,1,NULL,40729,40752,00219946,NULL,NULL,'2021-10-27','2021-10-27',0023,1,NULL,8282.51,NULL,'2022-01-07 11:04:59','2022-01-07 11:04:59',NULL),(179,5482,2,3,NULL,NULL,15309,1,217,591,1,NULL,40729,40752,00041828,NULL,NULL,'2021-10-27','2021-10-27',0025,1,NULL,595.31,NULL,'2022-01-07 11:04:59','2022-01-07 11:04:59',NULL),(180,5482,2,3,NULL,NULL,15309,1,217,591,1,NULL,40729,40752,00041829,NULL,NULL,'2021-10-27','2021-10-27',0025,1,NULL,400.26,NULL,'2022-01-07 11:04:59','2022-01-07 11:04:59',NULL),(181,5482,2,1,NULL,NULL,15309,1,217,591,1,NULL,40729,40752,00220345,NULL,NULL,'2021-10-28','2021-10-28',0023,1,NULL,4002.58,NULL,'2022-01-07 11:04:59','2022-01-07 11:04:59',NULL),(182,5482,2,7,NULL,NULL,15309,1,250,591,1,NULL,40729,40764,00000035,NULL,NULL,'2021-10-28','2021-10-28',0003,1,NULL,12206.44,NULL,'2022-01-07 11:04:59','2022-01-07 11:04:59',NULL),(183,5482,2,4,NULL,NULL,15309,1,217,591,1,NULL,40729,40757,00225507,NULL,NULL,'2021-10-31','2021-10-31',0007,1,NULL,544.80,NULL,'2022-01-07 11:05:00','2022-01-07 11:05:00',NULL),(184,5482,2,3,NULL,NULL,15310,1,217,591,1,NULL,40729,40752,00042595,NULL,NULL,'2021-11-03','2021-11-03',0025,1,NULL,400.26,NULL,'2022-01-07 11:07:10','2022-01-07 11:07:10',NULL),(185,5482,2,7,NULL,NULL,15310,1,250,591,1,NULL,40729,40719,00000435,NULL,NULL,'2021-11-05','2021-11-05',0004,1,NULL,5000.00,NULL,'2022-01-07 11:07:10','2022-01-07 11:07:10',NULL),(186,5482,2,1,NULL,NULL,15310,1,217,591,1,NULL,40729,40765,00000712,NULL,NULL,'2021-11-11','2021-11-11',0001,1,NULL,1471.69,NULL,'2022-01-07 11:07:10','2022-01-07 11:07:10',NULL),(187,5482,2,1,NULL,NULL,15310,1,217,591,1,NULL,40729,40752,00224015,NULL,NULL,'2021-11-12','2021-11-12',0023,1,NULL,15493.03,NULL,'2022-01-07 11:07:10','2022-01-07 11:07:10',NULL),(188,5482,2,1,NULL,NULL,15310,1,217,591,1,NULL,40729,40755,00006369,NULL,NULL,'2021-11-17','2021-11-17',0007,1,NULL,16510.04,NULL,'2022-01-07 11:07:11','2022-01-07 11:07:11',NULL),(189,5482,2,1,NULL,NULL,15310,1,217,591,1,NULL,40729,40755,00006398,NULL,NULL,'2021-11-18','2021-11-18',0007,1,NULL,7703.44,NULL,'2022-01-07 11:07:11','2022-01-07 11:07:11',NULL),(190,5482,2,1,NULL,NULL,15310,1,217,591,1,NULL,40729,40752,00225849,NULL,NULL,'2021-11-23','2021-11-23',0023,1,NULL,4460.11,NULL,'2022-01-07 11:07:11','2022-01-07 11:07:11',NULL),(191,5482,2,1,NULL,NULL,15310,1,217,591,1,NULL,40729,40762,00031724,NULL,NULL,'2021-11-29','2021-11-29',0003,1,NULL,54672.29,NULL,'2022-01-07 11:07:11','2022-01-07 11:07:11',NULL),(192,5482,2,4,NULL,NULL,15310,1,217,591,1,NULL,40729,40757,00279515,NULL,NULL,'2021-11-30','2021-11-30',0007,1,NULL,2564.64,NULL,'2022-01-07 11:07:11','2022-01-07 11:07:11',NULL),(193,5482,2,1,NULL,NULL,15310,1,217,591,1,NULL,40729,40765,00001062,NULL,NULL,'2021-11-30','2021-11-30',0001,1,NULL,2084.04,NULL,'2022-01-07 11:07:11','2022-01-07 11:07:11',NULL),(194,5482,2,7,NULL,NULL,15310,1,250,591,1,NULL,40729,40719,00000448,NULL,NULL,'2021-11-30','2021-11-30',0004,1,NULL,2500.00,NULL,'2022-01-07 11:07:11','2022-01-07 11:07:11',NULL),(195,5482,2,16,NULL,NULL,15311,1,217,591,1,NULL,40729,40758,00000473,NULL,NULL,'2021-12-01','2021-12-01',0001,1,NULL,1924.87,NULL,'2022-01-07 11:07:59','2022-01-07 11:07:59',NULL),(196,5482,2,16,NULL,NULL,15311,1,217,591,1,NULL,40729,40758,00000486,NULL,NULL,'2021-12-01','2021-12-01',0001,1,NULL,3702.60,NULL,'2022-01-07 11:07:59','2022-01-07 11:07:59',NULL),(197,5482,2,16,NULL,NULL,15311,1,217,591,1,NULL,40729,40758,00000470,NULL,NULL,'2021-12-01','2021-12-01',0001,1,NULL,48141.28,NULL,'2022-01-07 11:07:59','2022-01-07 11:07:59',NULL),(198,5482,2,1,NULL,NULL,15311,1,217,591,1,NULL,40729,40752,00229746,NULL,NULL,'2021-12-10','2021-12-10',0023,1,NULL,9699.07,NULL,'2022-01-07 11:07:59','2022-01-07 11:07:59',NULL);
INSERT INTO `receipts` VALUES (199,5482,2,1,NULL,NULL,15311,1,217,591,1,NULL,40729,40752,00229782,NULL,NULL,'2021-12-10','2021-12-10',0023,1,NULL,13680.14,NULL,'2022-01-07 11:07:59','2022-01-07 11:07:59',NULL),(200,5482,2,7,NULL,NULL,15311,1,250,591,1,NULL,40729,40719,00000465,NULL,NULL,'2021-12-10','2021-12-10',0004,1,NULL,2500.00,NULL,'2022-01-07 11:07:59','2022-01-07 11:07:59',NULL),(201,5482,2,3,NULL,NULL,15311,1,217,591,1,NULL,40729,40758,00000822,NULL,NULL,'2021-12-13','2021-12-13',0001,1,NULL,562.74,NULL,'2022-01-07 11:07:59','2022-01-07 11:07:59',NULL),(202,5482,2,1,NULL,NULL,15311,1,217,591,1,NULL,40729,40752,00230197,NULL,NULL,'2021-12-13','2021-12-13',0023,1,NULL,23239.55,NULL,'2022-01-07 11:07:59','2022-01-07 11:07:59',NULL),(203,5482,2,1,NULL,NULL,15311,1,217,591,1,NULL,40729,40763,00002177,NULL,NULL,'2021-12-14','2021-12-14',0004,1,NULL,12193.00,NULL,'2022-01-07 11:07:59','2022-01-07 11:07:59',NULL),(204,5482,2,1,NULL,NULL,15311,1,217,591,1,NULL,40729,40752,00230763,NULL,NULL,'2021-12-15','2021-12-15',0023,1,NULL,30607.92,NULL,'2022-01-07 11:07:59','2022-01-07 11:07:59',NULL),(205,5482,2,1,NULL,NULL,15311,1,217,591,1,NULL,40729,40752,00230768,NULL,NULL,'2021-12-15','2021-12-15',0023,1,NULL,42510.02,NULL,'2022-01-07 11:07:59','2022-01-07 11:07:59',NULL),(206,5482,2,1,NULL,NULL,15311,1,217,591,1,NULL,40729,40752,00231450,NULL,NULL,'2021-12-17','2021-12-17',0023,1,NULL,3934.09,NULL,'2022-01-07 11:07:59','2022-01-07 11:07:59',NULL),(207,5482,2,1,NULL,NULL,15311,1,217,591,1,NULL,40729,40762,00032219,NULL,NULL,'2021-12-21','2021-12-21',0003,1,NULL,59302.05,NULL,'2022-01-07 11:07:59','2022-01-07 11:07:59',NULL),(208,5482,2,1,NULL,NULL,15311,1,217,591,1,NULL,40729,40762,00032220,NULL,NULL,'2021-12-21','2021-12-21',0003,1,NULL,31787.02,NULL,'2022-01-07 11:07:59','2022-01-07 11:07:59',NULL),(209,5482,2,1,NULL,NULL,15311,1,217,591,1,NULL,40729,40762,00032305,NULL,NULL,'2021-12-24','2021-12-24',0003,1,NULL,6028.81,NULL,'2022-01-07 11:08:00','2022-01-07 11:08:00',NULL),(210,5482,2,4,NULL,NULL,15311,1,217,591,1,NULL,40729,40757,00321990,NULL,NULL,'2021-12-31','2021-12-31',0007,1,NULL,310.06,NULL,'2022-01-07 11:08:00','2022-01-07 11:08:00',NULL),(211,5482,2,1,NULL,NULL,15311,1,217,591,1,NULL,40729,40765,00001704,NULL,NULL,'2021-12-31','2021-12-31',0001,1,NULL,8946.27,NULL,'2022-01-07 11:08:00','2022-01-07 11:08:00',NULL),(212,5482,1,1,NULL,NULL,29090,1,NULL,655,1,NULL,40774,40775,00000001,NULL,NULL,'2021-11-23','2021-11-23',0001,1,NULL,308099.88,NULL,'2022-01-17 16:59:30','2022-01-17 16:59:30',NULL),(213,5482,1,1,NULL,NULL,29090,1,NULL,655,1,NULL,40774,40776,00000002,NULL,NULL,'2021-11-24','2021-11-24',0001,1,NULL,865000.00,NULL,'2022-01-17 16:59:30','2022-01-17 16:59:30',NULL),(214,5482,1,1,NULL,NULL,29091,1,NULL,655,1,NULL,40774,40775,00000003,NULL,NULL,'2021-12-01','2021-12-01',0001,1,NULL,321134.00,NULL,'2022-01-17 17:01:01','2022-01-17 17:01:01',NULL),(215,5482,1,1,NULL,NULL,29091,1,NULL,655,1,NULL,40774,40775,00000004,NULL,NULL,'2021-12-04','2021-12-04',0001,1,NULL,154289.52,NULL,'2022-01-17 17:01:01','2022-01-17 17:01:01',NULL),(216,5482,2,4,NULL,NULL,29087,1,217,655,1,NULL,40774,40777,00216497,NULL,NULL,'2021-08-28','2021-08-28',0053,1,NULL,632.68,NULL,'2022-01-17 17:06:00','2022-01-17 17:06:00',NULL),(217,5482,2,4,NULL,NULL,29087,1,217,655,1,NULL,40774,40777,00217878,NULL,NULL,'2021-08-28','2021-08-28',0053,1,NULL,560.00,NULL,'2022-01-17 17:06:00','2022-01-17 17:06:00',NULL),(218,5482,2,4,NULL,NULL,29088,1,217,655,1,NULL,40774,40777,00219512,NULL,NULL,'2021-09-29','2021-09-29',0053,1,NULL,629.95,NULL,'2022-01-17 17:07:00','2022-01-17 17:07:00',NULL),(219,5482,2,4,NULL,NULL,29088,1,217,655,1,NULL,40774,40777,00222704,NULL,NULL,'2021-09-29','2021-09-29',0053,1,NULL,560.00,NULL,'2022-01-17 17:07:00','2022-01-17 17:07:00',NULL),(220,5482,2,4,NULL,NULL,29089,1,217,655,1,NULL,40774,40777,00226178,NULL,NULL,'2021-10-30','2021-10-30',0053,1,NULL,648.21,NULL,'2022-01-17 17:07:46','2022-01-17 17:07:46',NULL);
INSERT INTO `receipts` VALUES (221,5482,2,4,NULL,NULL,29089,1,217,655,1,NULL,40774,40777,00227557,NULL,NULL,'2021-10-30','2021-10-30',0053,1,NULL,560.00,NULL,'2022-01-17 17:07:46','2022-01-17 17:07:46',NULL),(222,5482,2,1,NULL,NULL,29090,1,217,655,1,NULL,40774,40778,00005797,NULL,NULL,'2021-11-11','2021-11-11',0005,1,NULL,1480000.00,NULL,'2022-01-17 17:08:36','2022-01-17 17:08:36',NULL),(223,5482,2,4,NULL,NULL,29090,1,217,655,1,NULL,40774,40777,00232377,NULL,NULL,'2021-11-26','2021-11-26',0053,1,NULL,560.00,NULL,'2022-01-17 17:08:36','2022-01-17 17:08:36',NULL),(224,5482,2,4,NULL,NULL,29090,1,217,655,1,NULL,40774,40777,00231033,NULL,NULL,'2021-11-26','2021-11-26',0053,1,NULL,648.45,NULL,'2022-01-17 17:08:36','2022-01-17 17:08:36',NULL),(225,5482,2,4,NULL,NULL,29091,1,217,655,1,NULL,40774,40779,02709584,NULL,NULL,'2021-12-03','2021-12-03',2000,1,NULL,480.00,NULL,'2022-01-17 17:09:25','2022-01-17 17:09:25',NULL),(226,5482,2,4,NULL,NULL,29091,1,217,655,1,NULL,40774,40777,00234048,NULL,NULL,'2021-12-29','2021-12-29',0053,1,NULL,603.11,NULL,'2022-01-17 17:09:25','2022-01-17 17:09:25',NULL),(227,5482,2,4,NULL,NULL,29091,1,217,655,1,NULL,40774,40777,00237222,NULL,NULL,'2021-12-30','2021-12-30',0053,1,NULL,560.00,NULL,'2022-01-17 17:09:25','2022-01-17 17:09:25',NULL),(228,5482,2,4,NULL,NULL,18358,1,217,820,1,NULL,40766,40780,00022733,NULL,NULL,'2021-01-21','2021-01-21',0005,1,NULL,16125.43,NULL,'2022-01-17 20:34:02','2022-01-17 20:34:02',NULL),(229,5482,2,4,NULL,NULL,18358,1,217,820,1,NULL,40766,40781,01943721,NULL,NULL,'2021-01-25','2021-01-25',0152,1,NULL,9555.03,NULL,'2022-01-17 20:34:02','2022-01-17 20:34:02',NULL),(230,5482,2,7,NULL,NULL,18359,1,250,820,1,NULL,40766,40786,00000076,NULL,NULL,'2021-02-09','2021-02-09',0004,1,NULL,3000.00,NULL,'2022-01-17 20:37:29','2022-01-17 20:37:29',NULL),(231,5482,2,4,NULL,NULL,18359,1,217,820,1,NULL,40766,40787,00050787,NULL,NULL,'2021-02-10','2021-02-10',0010,1,NULL,1608.33,NULL,'2022-01-17 20:37:29','2022-01-17 20:37:29',NULL),(232,5482,2,4,NULL,NULL,18359,1,217,820,1,NULL,40766,40781,01986363,NULL,NULL,'2021-02-26','2021-02-26',0152,1,NULL,9889.44,NULL,'2022-01-17 20:37:29','2022-01-17 20:37:29',NULL),(233,5482,2,6,NULL,NULL,18360,1,217,820,1,NULL,40766,40781,00047721,NULL,NULL,'2021-03-11','2021-03-11',0152,1,NULL,9889.44,NULL,'2022-01-17 20:41:35','2022-01-17 20:41:35',NULL),(234,5482,2,4,NULL,NULL,18360,1,250,820,1,NULL,40766,40781,02009161,NULL,NULL,'2021-03-13','2021-03-13',0152,1,NULL,6587.05,NULL,'2022-01-17 20:41:35','2022-01-17 20:41:35',NULL),(235,5482,2,5,NULL,NULL,18360,1,250,820,1,NULL,40766,40781,00025329,NULL,NULL,'2021-03-15','2021-03-15',0152,1,NULL,5843.90,NULL,'2022-01-17 20:41:35','2022-01-17 20:41:35',NULL),(236,5482,2,4,NULL,NULL,18360,1,250,820,1,NULL,40766,40781,02028698,NULL,NULL,'2021-03-26','2021-03-26',0152,1,NULL,12692.86,NULL,'2022-01-17 20:41:35','2022-01-17 20:41:35',NULL),(237,5482,2,4,NULL,NULL,18361,1,250,820,1,NULL,40766,40781,02094662,NULL,NULL,'2021-04-30','2021-04-30',0152,1,NULL,14646.22,NULL,'2022-01-17 20:42:13','2022-01-17 20:42:13',NULL),(238,5482,2,4,NULL,NULL,18362,1,250,820,1,NULL,40766,40781,02139871,NULL,NULL,'2021-05-28','2021-05-28',0152,1,NULL,14274.62,NULL,'2022-01-17 20:42:55','2022-01-17 20:42:55',NULL),(239,5482,2,4,NULL,NULL,18363,1,250,820,1,NULL,40766,40781,02154483,NULL,NULL,'2021-06-28','2021-06-28',0152,1,NULL,14477.07,NULL,'2022-01-17 20:43:31','2022-01-17 20:43:31',NULL),(240,5482,2,7,NULL,NULL,18364,1,250,820,1,NULL,40766,40794,00000012,NULL,NULL,'2021-07-21','2021-07-21',0001,1,NULL,5000.00,NULL,'2022-01-17 20:49:25','2022-01-17 20:49:25',NULL),(241,5482,2,4,NULL,NULL,18364,1,250,820,1,NULL,40766,40781,02202280,NULL,NULL,'2021-07-29','2021-07-29',0152,1,NULL,14633.94,NULL,'2022-01-17 20:49:25','2022-01-17 20:49:25',NULL),(242,5482,2,4,NULL,NULL,18365,1,217,820,1,NULL,40766,40795,00144049,NULL,NULL,'2021-08-05','2021-08-05',0005,1,NULL,2735.00,NULL,'2022-01-17 20:51:42','2022-01-17 20:51:42',NULL);
INSERT INTO `receipts` VALUES (243,5482,2,4,NULL,NULL,18365,1,250,820,1,NULL,40766,40781,02244820,NULL,NULL,'2021-08-28','2021-08-28',0152,1,NULL,19344.42,NULL,'2022-01-17 20:51:42','2022-01-17 20:51:42',NULL),(244,5482,2,4,NULL,NULL,18366,1,217,820,1,NULL,40766,40796,00000446,NULL,NULL,'2021-09-25','2021-09-25',0007,1,NULL,3233.79,NULL,'2022-01-17 20:52:27','2022-01-17 20:52:27',NULL),(245,5482,2,7,NULL,NULL,18366,1,250,820,1,NULL,40766,40797,00000782,NULL,NULL,'2021-09-30','2021-09-30',0008,1,NULL,2971.13,NULL,'2022-01-17 20:52:27','2022-01-17 20:52:27',NULL),(246,5482,2,4,NULL,NULL,18366,1,217,820,1,NULL,40766,40798,00009795,NULL,NULL,'2021-09-30','2021-09-30',4012,1,NULL,12997.00,NULL,'2022-01-17 20:52:27','2022-01-17 20:52:27',NULL),(247,5482,2,4,NULL,NULL,18366,1,250,820,1,NULL,40766,40781,02294729,NULL,NULL,'2021-09-30','2021-09-30',0152,1,NULL,21554.88,NULL,'2022-01-17 20:52:27','2022-01-17 20:52:27',NULL),(248,5482,2,6,NULL,NULL,18367,1,250,820,1,NULL,40766,40781,00055417,NULL,NULL,'2021-10-05','2021-10-05',0152,1,NULL,21554.88,NULL,'2022-01-17 20:53:26','2022-01-17 20:53:26',NULL),(249,5482,2,4,NULL,NULL,16827,1,217,820,1,NULL,40766,40779,02707486,NULL,NULL,'2021-12-02','2021-12-02',2000,1,NULL,540.00,NULL,'2022-01-17 20:54:33','2022-01-17 20:54:33',NULL),(250,5482,2,4,NULL,NULL,16827,1,217,820,1,NULL,40766,40799,00003121,NULL,NULL,'2021-12-29','2021-12-29',0010,1,NULL,1398.99,NULL,'2022-01-17 20:54:33','2022-01-17 20:54:33',NULL),(251,5482,2,7,NULL,NULL,33640,1,250,711,1,NULL,40802,40803,00008433,NULL,NULL,'2022-01-03','2022-01-03',0003,1,NULL,4679.09,NULL,'2022-02-01 13:21:15','2022-02-01 13:21:15',NULL),(252,5482,2,4,NULL,NULL,33640,1,217,711,1,NULL,40802,40804,06011736,NULL,NULL,'2022-01-06','2022-01-06',0021,1,NULL,10005.10,NULL,'2022-02-01 13:21:15','2022-02-01 13:21:15',NULL),(253,5482,2,4,NULL,NULL,33640,1,217,711,1,NULL,40802,40805,00016557,NULL,NULL,'2022-01-25','2022-01-25',0004,1,NULL,15000.00,NULL,'2022-02-01 13:21:15','2022-02-01 13:21:15',NULL),(254,5482,2,4,NULL,NULL,33640,1,217,711,1,NULL,40802,40806,00002133,NULL,NULL,'2022-01-26','2022-01-26',0066,1,NULL,15700.00,NULL,'2022-02-01 13:21:15','2022-02-01 13:21:15',NULL),(255,5482,2,1,NULL,NULL,33640,1,217,711,1,NULL,40802,40807,00000044,NULL,NULL,'2022-01-26','2022-01-26',0003,1,NULL,61600.04,NULL,'2022-02-01 13:21:15','2022-02-01 13:21:15',NULL),(256,5482,2,4,NULL,NULL,33640,1,217,711,1,NULL,40802,40808,00069937,NULL,NULL,'2022-01-28','2022-01-28',0004,1,NULL,3974.99,NULL,'2022-02-01 13:21:15','2022-02-01 13:21:15',NULL),(257,5482,2,1,NULL,NULL,33640,1,217,711,1,NULL,40802,40807,00000050,NULL,NULL,'2022-01-31','2022-01-31',0003,1,NULL,78550.04,NULL,'2022-02-01 13:21:15','2022-02-01 13:21:15',NULL),(258,5482,2,1,NULL,NULL,33640,1,217,711,1,NULL,40802,40807,00000051,NULL,NULL,'2022-01-31','2022-01-31',0003,1,NULL,93250.05,NULL,'2022-02-01 13:21:15','2022-02-01 13:21:15',NULL),(259,5482,2,1,NULL,NULL,33640,1,217,711,1,NULL,40802,40807,00000052,NULL,NULL,'2022-01-31','2022-01-31',0003,1,NULL,54750.03,NULL,'2022-02-01 13:21:15','2022-02-01 13:21:15',NULL),(260,5482,1,4,NULL,NULL,33640,1,NULL,711,1,NULL,40802,40730,00000001,NULL,NULL,'2022-01-31','2022-01-31',0004,1,NULL,4500.00,NULL,'2022-02-02 12:11:29','2022-02-02 12:11:29',NULL),(261,5482,1,4,NULL,NULL,33640,1,NULL,711,1,NULL,40802,40730,00000002,NULL,NULL,'2022-01-31','2022-01-31',0004,1,NULL,6000.00,NULL,'2022-02-02 12:11:29','2022-02-02 12:11:29',NULL),(262,5482,1,4,NULL,NULL,33640,1,NULL,711,1,NULL,40802,40730,00000003,NULL,NULL,'2022-01-31','2022-01-31',0004,1,NULL,8400.00,NULL,'2022-02-02 12:11:29','2022-02-02 12:11:29',NULL),(263,5482,1,4,NULL,NULL,33640,1,NULL,711,1,NULL,40802,40730,00000004,NULL,NULL,'2022-01-31','2022-01-31',0004,1,NULL,7800.00,NULL,'2022-02-02 12:11:29','2022-02-02 12:11:29',NULL),(264,5482,1,4,NULL,NULL,33640,1,NULL,711,1,NULL,40802,40809,00000001,00000001,NULL,'2022-01-27','2022-01-27',0003,1,NULL,300.03,NULL,'2022-02-02 12:40:05','2022-02-02 13:43:34',NULL);
INSERT INTO `receipts` VALUES (265,5482,1,4,NULL,NULL,33640,1,NULL,711,1,NULL,40802,40718,00000002,00000002,NULL,'2022-01-27','2022-01-27',0003,1,NULL,749.99,NULL,'2022-02-02 12:42:38','2022-02-02 13:43:57',NULL),(266,5482,1,4,NULL,NULL,33640,1,NULL,711,1,NULL,40802,40718,00000003,00000003,NULL,'2022-01-27','2022-01-27',0003,1,NULL,2500.01,NULL,'2022-02-02 12:43:13','2022-02-02 13:44:07',NULL),(267,5482,1,4,NULL,NULL,33640,1,NULL,711,1,NULL,40802,40718,00000004,00000004,NULL,'2022-01-27','2022-01-27',0003,1,NULL,2500.01,NULL,'2022-02-02 12:43:43','2022-02-02 13:44:22',NULL),(268,5482,1,4,NULL,NULL,33640,1,NULL,711,1,NULL,40802,40718,00000005,00000005,NULL,'2022-01-27','2022-01-27',0003,1,NULL,5250.00,NULL,'2022-02-02 12:44:08','2022-02-02 13:44:36',NULL),(269,5482,1,4,NULL,NULL,33640,1,NULL,711,1,NULL,40802,40718,00000006,00000006,NULL,'2022-01-27','2022-01-27',0003,1,NULL,4750.00,NULL,'2022-02-02 12:44:34','2022-02-02 13:58:50',NULL),(270,5482,1,4,NULL,NULL,33640,1,NULL,711,1,NULL,40802,40718,00000007,00000007,NULL,'2022-01-27','2022-01-27',0003,1,NULL,7750.00,NULL,'2022-02-02 12:44:51','2022-02-02 13:59:02',NULL),(271,5482,1,4,NULL,NULL,33640,1,NULL,711,1,NULL,40802,40718,00000008,00000008,NULL,'2022-01-27','2022-01-27',0003,1,NULL,1800.00,NULL,'2022-02-02 12:45:12','2022-02-02 13:59:21',NULL),(272,5482,1,4,NULL,NULL,33640,1,NULL,711,1,NULL,40802,40718,00000009,00000009,NULL,'2022-01-27','2022-01-27',0003,1,NULL,300.00,NULL,'2022-02-02 12:45:37','2022-02-02 13:59:31',NULL),(273,5482,1,4,NULL,NULL,33640,1,NULL,711,1,NULL,40802,40718,00000010,00000010,NULL,'2022-01-27','2022-01-27',0003,1,NULL,8749.99,NULL,'2022-02-02 12:46:26','2022-02-02 13:59:45',NULL),(274,5482,1,4,NULL,NULL,33640,1,NULL,711,1,NULL,40802,40718,00000011,00000011,NULL,'2022-01-27','2022-01-27',0003,1,NULL,6500.00,NULL,'2022-02-02 12:46:46','2022-02-02 13:59:58',NULL),(275,5482,1,4,NULL,NULL,33640,1,NULL,711,1,NULL,40802,40718,00000012,00000012,NULL,'2022-01-27','2022-01-27',0003,1,NULL,5300.01,NULL,'2022-02-02 12:47:04','2022-02-02 14:00:08',NULL),(276,5482,1,4,NULL,NULL,33640,1,NULL,711,1,NULL,40802,40718,00000013,00000013,NULL,'2022-01-27','2022-01-27',0003,1,NULL,6000.00,NULL,'2022-02-02 12:47:19','2022-02-02 14:00:21',NULL),(277,5482,1,4,NULL,NULL,33640,1,NULL,711,1,NULL,40802,40718,00000014,00000014,NULL,'2022-01-27','2022-01-27',0003,1,NULL,300.00,NULL,'2022-02-02 12:47:36','2022-02-02 14:00:34',NULL),(278,5482,1,4,NULL,NULL,33640,1,NULL,711,1,NULL,40802,40718,00000015,00000015,NULL,'2022-01-27','2022-01-27',0003,1,NULL,500.00,NULL,'2022-02-02 12:48:07','2022-02-02 14:00:47',NULL),(279,5482,1,4,NULL,NULL,33640,1,NULL,711,1,NULL,40802,40718,00000016,00000016,NULL,'2022-01-27','2022-01-27',0003,1,NULL,5250.00,NULL,'2022-02-02 12:48:32','2022-02-02 14:01:01',NULL),(280,5482,1,4,NULL,NULL,33640,1,NULL,711,1,NULL,40802,40718,00000017,00000017,NULL,'2022-01-27','2022-01-27',0003,1,NULL,12500.00,NULL,'2022-02-02 12:49:04','2022-02-02 14:01:18',NULL),(281,5482,1,4,NULL,NULL,33640,1,NULL,711,1,NULL,40802,40718,00000018,00000018,NULL,'2022-01-27','2022-01-27',0003,1,NULL,1500.00,NULL,'2022-02-02 12:49:34','2022-02-02 14:01:28',NULL),(282,5482,1,4,NULL,NULL,33640,1,NULL,711,1,NULL,40802,40718,00000019,00000019,NULL,'2022-01-27','2022-01-27',0003,1,NULL,11250.00,NULL,'2022-02-02 12:49:54','2022-02-02 14:01:44',NULL),(283,5482,1,4,NULL,NULL,33640,1,NULL,711,1,NULL,40802,40718,00000020,00000020,NULL,'2022-01-27','2022-01-27',0003,1,NULL,3400.00,NULL,'2022-02-02 12:50:20','2022-02-02 14:01:59',NULL),(284,5482,1,4,NULL,NULL,33640,1,NULL,711,1,NULL,40802,40718,00000021,00000021,NULL,'2022-01-27','2022-01-27',0003,1,NULL,8749.99,NULL,'2022-02-02 12:50:37','2022-02-02 14:02:15',NULL),(285,5482,1,4,NULL,NULL,33640,1,NULL,711,1,NULL,40802,40718,00000022,00000022,NULL,'2022-01-27','2022-01-27',0003,1,NULL,6250.00,NULL,'2022-02-02 12:50:54','2022-02-02 14:02:31',NULL);
INSERT INTO `receipts` VALUES (286,5482,1,4,NULL,NULL,33640,1,NULL,711,1,NULL,40802,40718,00000023,00000023,NULL,'2022-01-27','2022-01-27',0003,1,NULL,9500.00,NULL,'2022-02-02 12:51:34','2022-02-02 14:02:41',NULL),(287,5482,1,4,NULL,NULL,33640,1,NULL,711,1,NULL,40802,40718,00000024,00000024,NULL,'2022-01-27','2022-01-27',0003,1,NULL,17150.00,NULL,'2022-02-02 12:51:57','2022-02-02 14:02:52',NULL),(288,5482,1,4,NULL,NULL,33640,1,NULL,711,1,NULL,40802,40718,00000025,00000025,NULL,'2022-01-27','2022-01-27',0003,1,NULL,500.00,NULL,'2022-02-02 12:52:19','2022-02-02 14:03:04',NULL),(289,5482,1,4,NULL,NULL,33640,1,NULL,711,1,NULL,40802,40718,00000026,00000026,NULL,'2022-01-28','2022-01-28',0003,1,NULL,749.99,NULL,'2022-02-02 12:52:38','2022-02-02 14:03:24',NULL),(290,5482,1,4,NULL,NULL,33640,1,NULL,711,1,NULL,40802,40718,00000051,00000051,NULL,'2022-01-29','2022-01-29',0003,1,NULL,749.99,NULL,'2022-02-02 12:53:32','2022-02-03 08:46:10',NULL),(291,5482,1,4,NULL,NULL,33640,1,NULL,711,1,NULL,40802,40718,00000052,00000052,NULL,'2022-01-29','2022-01-29',0003,1,NULL,500.00,NULL,'2022-02-02 12:54:19','2022-02-03 08:47:04',NULL),(292,5482,1,4,NULL,NULL,33640,1,NULL,711,1,NULL,40802,40718,00000053,00000053,NULL,'2022-01-29','2022-01-29',0003,1,NULL,500.00,NULL,'2022-02-02 12:56:22','2022-02-03 08:47:44',NULL),(293,5482,1,4,NULL,NULL,33640,1,NULL,711,1,NULL,40802,40718,00000054,00000054,NULL,'2022-01-29','2022-01-29',0003,1,NULL,300.00,NULL,'2022-02-02 12:56:38','2022-02-03 08:48:34',NULL),(294,5482,1,4,NULL,NULL,33640,1,NULL,711,1,NULL,40802,40718,00000055,00000055,NULL,'2022-01-29','2022-01-29',0003,1,NULL,500.00,NULL,'2022-02-02 12:56:56','2022-02-03 08:49:00',NULL),(295,5482,1,4,NULL,NULL,33640,1,NULL,711,1,NULL,40802,40718,00000056,00000056,NULL,'2022-01-29','2022-01-29',0003,1,NULL,1250.00,NULL,'2022-02-02 12:57:21','2022-02-03 08:49:35',NULL),(296,5482,1,4,NULL,NULL,33640,1,NULL,711,1,NULL,40802,40718,00000057,00000057,NULL,'2022-01-29','2022-01-29',0003,1,NULL,300.00,NULL,'2022-02-02 12:57:37','2022-02-03 08:50:00',NULL),(297,5482,1,4,NULL,NULL,33640,1,NULL,711,1,NULL,40802,40718,00000058,00000058,NULL,'2022-01-29','2022-01-29',0003,1,NULL,500.00,NULL,'2022-02-02 12:57:58','2022-02-03 08:50:24',NULL),(298,5482,1,4,NULL,NULL,33640,1,NULL,711,1,NULL,40802,40718,00000059,00000059,NULL,'2022-01-29','2022-01-29',0003,1,NULL,500.00,NULL,'2022-02-02 12:58:17','2022-02-03 08:50:54',NULL),(299,5482,1,4,NULL,NULL,33640,1,NULL,711,1,NULL,40802,40718,00000060,00000060,NULL,'2022-01-29','2022-01-29',0003,1,NULL,1000.00,NULL,'2022-02-02 12:58:46','2022-02-03 08:51:21',NULL),(300,5482,1,4,NULL,NULL,33640,1,NULL,711,1,NULL,40802,40718,00000061,00000061,NULL,'2022-01-29','2022-01-29',0003,1,NULL,300.00,NULL,'2022-02-02 12:59:12','2022-02-03 08:51:57',NULL),(301,5482,1,4,NULL,NULL,33640,1,NULL,711,1,NULL,40802,40718,00000062,00000062,NULL,'2022-01-29','2022-01-29',0003,1,NULL,500.00,NULL,'2022-02-02 12:59:37','2022-02-03 08:52:20',NULL),(302,5482,1,4,NULL,NULL,33640,1,NULL,711,1,NULL,40802,40718,00000063,00000063,NULL,'2022-01-29','2022-01-29',0003,1,NULL,500.00,NULL,'2022-02-02 12:59:55','2022-02-03 08:53:03',NULL),(303,5482,1,4,NULL,NULL,33640,1,NULL,711,1,NULL,40802,40718,00000064,00000064,NULL,'2022-01-29','2022-01-29',0003,1,NULL,500.00,NULL,'2022-02-02 13:00:10','2022-02-03 08:53:35',NULL),(304,5482,1,4,NULL,NULL,33640,1,NULL,711,1,NULL,40802,40718,00000065,00000065,NULL,'2022-01-29','2022-01-29',0003,1,NULL,300.00,NULL,'2022-02-02 13:00:25','2022-02-03 08:53:57',NULL),(305,5482,1,4,NULL,NULL,33640,1,NULL,711,1,NULL,40802,40718,00000066,00000066,NULL,'2022-01-30','2022-01-30',0003,1,NULL,5000.00,NULL,'2022-02-02 13:00:48','2022-02-03 08:54:17',NULL),(306,5482,1,4,NULL,NULL,33640,1,NULL,711,1,NULL,40802,40718,00000067,00000067,NULL,'2022-01-30','2022-01-30',0003,1,NULL,749.99,NULL,'2022-02-02 13:06:55','2022-02-03 08:54:35',NULL),(307,5482,1,4,NULL,NULL,33640,1,NULL,711,1,NULL,40802,40718,00000068,00000068,NULL,'2022-01-30','2022-01-30',0003,1,NULL,500.00,NULL,'2022-02-02 13:07:24','2022-02-03 08:55:05',NULL);
INSERT INTO `receipts` VALUES (308,5482,1,4,NULL,NULL,33640,1,NULL,711,1,NULL,40802,40718,00000069,00000069,NULL,'2022-01-30','2022-01-30',0003,1,NULL,500.00,NULL,'2022-02-02 13:08:21','2022-02-03 08:55:34',NULL),(309,5482,1,4,NULL,NULL,33640,1,NULL,711,1,NULL,40802,40718,00000070,00000070,NULL,'2022-01-30','2022-01-30',0003,1,NULL,500.00,NULL,'2022-02-02 13:08:48','2022-02-03 08:56:13',NULL),(310,5482,1,4,NULL,NULL,33640,1,NULL,711,1,NULL,40802,40718,00000071,00000071,NULL,'2022-01-30','2022-01-30',0003,1,NULL,300.00,NULL,'2022-02-02 13:09:11','2022-02-03 08:56:50',NULL),(311,5482,1,4,NULL,NULL,33640,1,NULL,711,1,NULL,40802,40718,00000072,00000072,NULL,'2022-01-30','2022-01-30',0003,1,NULL,500.00,NULL,'2022-02-02 13:09:30','2022-02-03 08:57:14',NULL),(312,5482,1,4,NULL,NULL,33640,1,NULL,711,1,NULL,40802,40718,00000073,00000073,NULL,'2022-01-30','2022-01-30',0003,1,NULL,500.00,NULL,'2022-02-02 13:09:43','2022-02-03 08:57:30',NULL),(313,5482,1,4,NULL,NULL,33640,1,NULL,711,1,NULL,40802,40718,00000074,00000074,NULL,'2022-01-30','2022-01-30',0003,1,NULL,300.00,NULL,'2022-02-02 13:10:00','2022-02-03 08:58:17',NULL),(314,5482,1,4,NULL,NULL,33640,1,NULL,711,1,NULL,40802,40718,00000075,00000075,NULL,'2022-01-30','2022-01-30',0003,1,NULL,749.99,NULL,'2022-02-02 13:10:35','2022-02-03 08:58:40',NULL),(315,5482,1,4,NULL,NULL,33640,1,NULL,711,1,NULL,40802,40718,00000076,00000076,NULL,'2022-01-30','2022-01-30',0003,1,NULL,500.00,NULL,'2022-02-02 13:10:53','2022-02-03 08:59:23',NULL),(316,5482,1,4,NULL,NULL,33640,1,NULL,711,1,NULL,40802,40718,00000077,00000077,NULL,'2022-01-30','2022-01-30',0003,1,NULL,500.00,NULL,'2022-02-02 13:11:06','2022-02-03 09:01:01',NULL),(317,5482,1,4,NULL,NULL,33640,1,NULL,711,1,NULL,40802,40718,00000078,00000078,NULL,'2022-01-30','2022-01-30',0003,1,NULL,300.00,NULL,'2022-02-02 13:11:18','2022-02-03 09:02:43',NULL),(318,5482,1,4,NULL,NULL,33640,1,NULL,711,1,NULL,40802,40718,00000079,00000079,NULL,'2022-01-30','2022-01-30',0003,1,NULL,1250.00,NULL,'2022-02-02 13:12:47','2022-02-03 09:03:11',NULL),(319,5482,1,4,NULL,NULL,33640,1,NULL,711,1,NULL,40802,40718,00000080,00000080,NULL,'2022-01-30','2022-01-30',0003,1,NULL,500.00,NULL,'2022-02-02 13:13:16','2022-02-03 09:03:41',NULL),(320,5482,1,4,NULL,NULL,33640,1,NULL,711,1,NULL,40802,40718,00000081,00000081,NULL,'2022-01-31','2022-01-31',0003,1,NULL,500.00,NULL,'2022-02-02 13:13:46','2022-02-03 09:04:34',NULL),(321,5482,1,4,NULL,NULL,33640,1,NULL,711,1,NULL,40802,40718,00000082,00000082,NULL,'2022-01-31','2022-01-31',0003,1,NULL,749.99,NULL,'2022-02-02 13:14:07','2022-02-03 09:05:07',NULL),(322,5482,1,4,NULL,NULL,33640,1,NULL,711,1,NULL,40802,40718,00000083,00000083,NULL,'2022-01-31','2022-01-31',0003,1,NULL,500.00,NULL,'2022-02-02 13:14:33','2022-02-03 09:05:29',NULL),(323,5482,1,4,NULL,NULL,33640,1,NULL,711,1,NULL,40802,40718,00000084,00000084,NULL,'2022-01-31','2022-01-31',0003,1,NULL,300.00,NULL,'2022-02-02 13:14:52','2022-02-03 09:06:37',NULL),(324,5482,1,4,NULL,NULL,33640,1,NULL,711,1,NULL,40802,40718,00000085,00000085,NULL,'2022-01-31','2022-01-31',0003,1,NULL,500.00,NULL,'2022-02-02 13:15:12','2022-02-03 09:07:45',NULL),(325,5482,1,4,NULL,NULL,33640,1,NULL,711,1,NULL,40802,40718,00000086,00000086,NULL,'2022-01-31','2022-01-31',0003,1,NULL,500.00,NULL,'2022-02-02 13:16:27','2022-02-03 09:08:01',NULL),(326,5482,1,4,NULL,NULL,33640,1,NULL,711,1,NULL,40802,40718,00000087,00000087,NULL,'2022-01-31','2022-01-31',0003,1,NULL,500.00,NULL,'2022-02-02 13:16:43','2022-02-03 09:08:18',NULL),(327,5482,1,4,NULL,NULL,33640,1,NULL,711,1,NULL,40802,40718,00000088,00000088,NULL,'2022-01-31','2022-01-31',0003,1,NULL,300.00,NULL,'2022-02-02 13:17:10','2022-02-03 09:08:40',NULL),(328,5482,1,4,NULL,NULL,33640,1,NULL,711,1,NULL,40802,40718,00000089,00000089,NULL,'2022-01-31','2022-01-31',0003,1,NULL,1750.00,NULL,'2022-02-02 13:17:47','2022-02-03 09:08:55',NULL),(329,5482,1,4,NULL,NULL,33640,1,NULL,711,1,NULL,40802,40718,00000090,00000090,NULL,'2022-01-31','2022-01-31',0003,1,NULL,300.00,NULL,'2022-02-02 13:20:04','2022-02-03 09:09:11',NULL);
INSERT INTO `receipts` VALUES (330,5482,1,4,NULL,NULL,33640,1,NULL,711,1,NULL,40802,40718,00000091,00000091,NULL,'2022-01-31','2022-01-31',0003,1,NULL,300.00,NULL,'2022-02-02 13:20:20','2022-02-03 09:09:28',NULL),(331,5482,1,4,NULL,NULL,33640,1,NULL,711,1,NULL,40802,40718,00000092,00000092,NULL,'2022-01-31','2022-01-31',0003,1,NULL,300.00,NULL,'2022-02-02 13:20:39','2022-02-03 09:09:44',NULL),(332,5482,1,4,NULL,NULL,33640,1,NULL,711,1,NULL,40802,40718,00000094,00000094,NULL,'2022-01-31','2022-01-31',0003,1,NULL,300.00,NULL,'2022-02-02 13:21:08','2022-02-03 09:11:35',NULL),(333,5482,1,4,NULL,NULL,33640,1,NULL,711,1,NULL,40802,40718,00000095,00000095,NULL,'2022-01-31','2022-01-31',0003,1,NULL,500.00,NULL,'2022-02-02 13:21:25','2022-02-03 09:12:47',NULL),(334,5482,1,4,NULL,NULL,33640,1,NULL,711,1,NULL,40802,40718,00000096,00000096,NULL,'2022-01-31','2022-01-31',0003,1,NULL,300.00,NULL,'2022-02-02 13:21:45','2022-02-03 09:13:15',NULL),(335,5482,1,4,NULL,NULL,33640,1,NULL,711,1,NULL,40802,40718,00000097,00000097,NULL,'2022-01-31','2022-01-31',0003,1,NULL,1250.00,NULL,'2022-02-02 13:22:17','2022-02-03 09:13:36',NULL),(336,5482,1,4,NULL,NULL,33640,1,NULL,711,1,NULL,40802,40718,00000098,00000098,NULL,'2022-01-31','2022-01-31',0003,1,NULL,1500.00,NULL,'2022-02-02 13:23:29','2022-02-03 09:13:53',NULL),(337,5482,1,4,NULL,NULL,33640,1,NULL,711,1,NULL,40802,40718,00000027,00000027,NULL,'2022-01-28','2022-01-28',0003,1,NULL,4800.00,NULL,'2022-02-02 13:35:11','2022-02-02 14:04:21',NULL),(338,5482,1,4,NULL,NULL,33640,1,NULL,711,1,NULL,40802,40718,00000028,00000028,NULL,'2022-01-28','2022-01-28',0003,1,NULL,5210.01,NULL,'2022-02-02 13:35:28','2022-02-03 08:44:35',NULL),(339,5482,1,4,NULL,NULL,33640,1,NULL,711,1,NULL,40802,40718,00000029,00000029,NULL,'2022-01-28','2022-01-28',0003,1,NULL,5000.00,NULL,'2022-02-02 13:36:35','2022-02-02 14:04:32',NULL),(340,5482,1,4,NULL,NULL,33640,1,NULL,711,1,NULL,40802,40718,00000030,00000030,NULL,'2022-01-28','2022-01-28',0003,1,NULL,3800.00,NULL,'2022-02-02 13:36:57','2022-02-02 14:05:04',NULL),(341,5482,1,4,NULL,NULL,33640,1,NULL,711,1,NULL,40802,40718,00000031,00000031,NULL,'2022-01-28','2022-01-28',0003,1,NULL,6200.00,NULL,'2022-02-02 13:37:19','2022-02-02 14:05:17',NULL),(342,5482,1,4,NULL,NULL,33640,1,NULL,711,1,NULL,40802,40718,00000032,00000032,NULL,'2022-01-28','2022-01-28',0003,1,NULL,5300.01,NULL,'2022-02-02 13:37:41','2022-02-02 14:05:37',NULL),(343,5482,1,4,NULL,NULL,33640,1,NULL,711,1,NULL,40802,40718,00000033,00000033,NULL,'2022-01-28','2022-01-28',0003,1,NULL,4500.00,NULL,'2022-02-02 13:37:57','2022-02-02 14:05:50',NULL),(344,5482,1,4,NULL,NULL,33640,1,NULL,711,1,NULL,40802,40718,00000034,00000034,NULL,'2022-01-28','2022-01-28',0003,1,NULL,4500.00,NULL,'2022-02-02 13:38:06','2022-02-02 14:06:03',NULL),(345,5482,1,4,NULL,NULL,33640,1,NULL,711,1,NULL,40802,40718,00000035,00000035,NULL,'2022-01-28','2022-01-28',0003,1,NULL,6000.00,NULL,'2022-02-02 13:38:22','2022-02-02 14:06:23',NULL),(346,5482,1,4,NULL,NULL,33640,1,NULL,711,1,NULL,40802,40718,00000036,00000036,NULL,'2022-01-28','2022-01-28',0003,1,NULL,3750.00,NULL,'2022-02-02 13:38:42','2022-02-02 14:06:37',NULL),(347,5482,1,4,NULL,NULL,33640,1,NULL,711,1,NULL,40802,40718,00000037,00000037,NULL,'2022-01-28','2022-01-28',0003,1,NULL,6250.00,NULL,'2022-02-02 13:38:55','2022-02-02 14:06:50',NULL),(348,5482,1,4,NULL,NULL,33640,1,NULL,711,1,NULL,40802,40718,00000038,00000038,NULL,'2022-01-28','2022-01-28',0003,1,NULL,6100.00,NULL,'2022-02-02 13:39:09','2022-02-02 14:07:08',NULL),(349,5482,1,4,NULL,NULL,33640,1,NULL,711,1,NULL,40802,40718,00000039,00000039,NULL,'2022-01-28','2022-01-28',0003,1,NULL,4700.00,NULL,'2022-02-02 13:39:25','2022-02-02 14:07:23',NULL),(350,5482,1,4,NULL,NULL,33640,1,NULL,711,1,NULL,40802,40718,00000040,00000040,NULL,'2022-01-28','2022-01-28',0003,1,NULL,4700.00,NULL,'2022-02-02 13:39:30','2022-02-02 14:07:37',NULL);
INSERT INTO `receipts` VALUES (351,5482,1,4,NULL,NULL,33640,1,NULL,711,1,NULL,40802,40718,00000041,00000041,NULL,'2022-01-28','2022-01-28',0003,1,NULL,4900.00,NULL,'2022-02-02 13:39:54','2022-02-02 14:07:58',NULL),(352,5482,1,4,NULL,NULL,33640,1,NULL,711,1,NULL,40802,40718,00000042,00000042,NULL,'2022-01-28','2022-01-28',0003,1,NULL,7500.00,NULL,'2022-02-02 13:40:19','2022-02-02 14:08:13',NULL),(353,5482,1,4,NULL,NULL,33640,1,NULL,711,1,NULL,40802,40718,00000043,00000043,NULL,'2022-01-28','2022-01-28',0003,1,NULL,4500.00,NULL,'2022-02-02 13:40:38','2022-02-02 14:08:27',NULL),(354,5482,1,4,NULL,NULL,33640,1,NULL,711,1,NULL,40802,40718,00000044,00000044,NULL,'2022-01-28','2022-01-28',0003,1,NULL,4900.00,NULL,'2022-02-02 13:41:27','2022-02-02 14:08:39',NULL),(355,5482,1,4,NULL,NULL,33640,1,NULL,711,1,NULL,40802,40718,00000045,00000045,NULL,'2022-01-28','2022-01-28',0003,1,NULL,5499.99,NULL,'2022-02-02 13:41:42','2022-02-02 14:08:51',NULL),(356,5482,1,4,NULL,NULL,33640,1,NULL,711,1,NULL,40802,40718,00000046,00000046,NULL,'2022-01-28','2022-01-28',0003,1,NULL,5000.00,NULL,'2022-02-02 13:42:01','2022-02-02 14:09:04',NULL),(357,5482,1,4,NULL,NULL,33640,1,NULL,711,1,NULL,40802,40718,00000047,00000047,NULL,'2022-01-28','2022-01-28',0003,1,NULL,7500.00,NULL,'2022-02-02 13:42:11','2022-02-02 14:09:19',NULL),(358,5482,1,4,NULL,NULL,33640,1,NULL,711,1,NULL,40802,40718,00000048,00000048,NULL,'2022-01-28','2022-01-28',0003,1,NULL,9000.00,NULL,'2022-02-02 13:42:26','2022-02-02 14:09:34',NULL),(359,5482,1,4,NULL,NULL,33640,1,NULL,711,1,NULL,40802,40718,00000049,00000049,NULL,'2022-01-28','2022-01-28',0003,1,NULL,5499.99,NULL,'2022-02-02 13:42:38','2022-02-03 08:45:15',NULL),(360,5482,1,4,NULL,NULL,33640,1,NULL,711,1,NULL,40802,40718,00000050,00000050,NULL,'2022-01-28','2022-01-28',0003,1,NULL,5800.00,NULL,'2022-02-02 13:42:49','2022-02-03 08:45:30',NULL),(361,5482,1,4,NULL,NULL,33640,1,NULL,711,1,NULL,40802,40718,00000099,00000099,NULL,'2022-01-31','2022-01-31',0003,1,NULL,12000.01,NULL,'2022-02-02 13:52:54','2022-02-03 09:14:30',NULL),(362,5482,1,4,NULL,NULL,33640,1,NULL,711,1,NULL,40802,40718,00000100,00000100,NULL,'2022-01-31','2022-01-31',0003,1,NULL,10000.00,NULL,'2022-02-02 13:53:15','2022-02-03 09:14:41',NULL),(363,5482,2,1,NULL,NULL,29095,1,217,655,1,NULL,40774,40810,00011939,00011939,NULL,'2022-01-16','2022-01-16',0047,1,NULL,5000.00,NULL,'2022-02-07 13:09:44','2022-02-07 13:09:44',NULL),(364,5482,2,1,NULL,NULL,29095,1,217,655,1,NULL,40774,40810,00003940,00003940,NULL,'2021-12-11','2021-12-11',0049,1,NULL,1200.04,NULL,'2022-02-07 13:10:44','2022-02-07 13:10:44',NULL),(365,5482,2,1,NULL,NULL,29095,1,217,655,1,NULL,40774,40810,00012642,00012642,NULL,'2022-01-29','2022-01-29',0047,1,NULL,0.11,NULL,'2022-02-07 13:11:14','2022-02-07 13:11:31','2022-02-07 13:11:31'),(366,5482,2,1,NULL,NULL,29095,1,217,655,1,NULL,40774,40810,00012642,00012642,NULL,'2022-01-29','2022-01-29',0047,1,NULL,1000.01,NULL,'2022-02-07 13:12:36','2022-02-07 13:12:36',NULL),(367,5482,2,1,NULL,NULL,29095,1,217,655,1,NULL,40774,40811,00003148,00003148,NULL,'2022-01-31','2022-01-31',0031,1,NULL,3300.22,NULL,'2022-02-07 13:13:48','2022-02-07 13:13:48',NULL),(368,5482,2,1,NULL,NULL,29095,1,217,655,1,NULL,40774,40811,00003058,00003058,NULL,'2022-01-28','2022-01-28',0031,1,NULL,21700.94,NULL,'2022-02-07 13:14:36','2022-02-07 13:14:36',NULL),(369,5482,2,1,NULL,NULL,29095,1,217,655,1,NULL,40774,40811,00002536,00002536,NULL,'2022-01-13','2022-01-13',0031,1,NULL,29999.61,NULL,'2022-02-07 13:15:18','2022-02-07 13:15:18',NULL),(370,5482,2,1,NULL,NULL,29095,1,217,655,1,NULL,40774,40811,00002944,00002944,NULL,'2022-01-26','2022-01-26',0031,1,NULL,10001.38,NULL,'2022-02-07 13:15:53','2022-02-07 13:15:53',NULL),(371,5482,2,1,NULL,NULL,29095,1,217,655,1,NULL,40774,40811,00002645,00002645,NULL,'2022-01-26','2022-01-26',0031,1,NULL,10000.01,NULL,'2022-02-07 13:16:31','2022-02-07 13:18:45','2022-02-07 13:18:45');
INSERT INTO `receipts` VALUES (372,5482,2,1,NULL,NULL,29095,1,217,655,1,NULL,40774,40811,00002813,00002813,NULL,'2022-01-26','2022-01-26',0030,1,NULL,25000.27,NULL,'2022-02-07 13:17:10','2022-02-07 13:18:56','2022-02-07 13:18:56'),(373,5482,2,1,NULL,NULL,29095,1,217,655,1,NULL,40774,40811,00003251,00003251,NULL,'2022-01-26','2022-01-26',0031,1,NULL,24000.08,NULL,'2022-02-07 13:17:42','2022-02-07 13:18:51','2022-02-07 13:18:51'),(374,5482,2,1,NULL,NULL,29095,1,217,655,1,NULL,40774,40811,00002645,00002645,NULL,'2022-01-17','2022-01-17',0031,1,NULL,10000.01,NULL,'2022-02-07 13:20:14','2022-02-07 13:20:14',NULL),(375,5482,2,1,NULL,NULL,29095,1,217,655,1,NULL,40774,40811,00002813,00002813,NULL,'2022-01-22','2022-01-22',0030,1,NULL,25000.27,NULL,'2022-02-07 13:20:53','2022-02-07 13:20:53',NULL),(376,5482,2,1,NULL,NULL,29096,1,217,655,1,NULL,40774,40811,00003251,00003251,NULL,'2022-02-03','2022-02-03',0031,1,NULL,24000.08,NULL,'2022-02-07 13:21:33','2022-02-07 13:21:33',NULL),(377,5482,2,1,NULL,NULL,29096,1,217,655,1,NULL,40774,40811,00003196,00003196,NULL,'2022-02-01','2022-02-01',0031,1,NULL,25000.27,NULL,'2022-02-07 13:22:13','2022-02-07 13:22:13',NULL),(378,5482,2,1,NULL,NULL,29095,1,217,655,1,NULL,40774,40811,00003118,00003118,NULL,'2022-01-05','2022-01-05',0027,1,NULL,28999.98,NULL,'2022-02-07 13:22:56','2022-02-07 13:22:56',NULL);

--
