-- Table structure for table `blogs`
--

CREATE TABLE `blogs` (
  `id` int(10) unsigned NOT NULL AUTO_INCREMENT,
  `user_id` int(10) unsigned DEFAULT NULL,
  `fecha` date NOT NULL,
  `file` varchar(191) COLLATE utf8mb4_unicode_ci DEFAULT NULL,
  `blogs_categoria_id` int(10) unsigned NOT NULL,
  `blogs_categoria_sub_id` int(10) unsigned NOT NULL,
  `path` varchar(191) COLLATE utf8mb4_unicode_ci NOT NULL,
  `titulo` varchar(191) COLLATE utf8mb4_unicode_ci NOT NULL,
  `contenido` longtext COLLATE utf8mb4_unicode_ci NOT NULL,
  `autor` varchar(191) COLLATE utf8mb4_unicode_ci NOT NULL,
  `publicar` tinyint(1) NOT NULL DEFAULT '0',
  `created_at` timestamp NULL DEFAULT NULL,
  `updated_at` timestamp NULL DEFAULT NULL,
  `deleted_at` timestamp NULL DEFAULT NULL,
  PRIMARY KEY (`id`),
  KEY `blogs_blogs_categoria_id_foreign` (`blogs_categoria_id`),
  KEY `blogs_blogs_categoria_sub_id_foreign` (`blogs_categoria_sub_id`),
  CONSTRAINT `blogs_blogs_categoria_id_foreign` FOREIGN KEY (`blogs_categoria_id`) REFERENCES `blogs_categorias` (`id`),
  CONSTRAINT `blogs_blogs_categoria_sub_id_foreign` FOREIGN KEY (`blogs_categoria_sub_id`) REFERENCES `blogs_categorias_sub` (`id`)
) ENGINE=InnoDB DEFAULT CHARSET=utf8mb4 COLLATE=utf8mb4_unicode_ci;

--
-- Dumping data for table `blogs`
--


--
-- Table structure for table `blogs_categorias`
--

CREATE TABLE `blogs_categorias` (
  `id` int(10) unsigned NOT NULL AUTO_INCREMENT,
  `user_id` int(10) unsigned DEFAULT NULL,
  `descripcion` varchar(191) COLLATE utf8mb4_unicode_ci DEFAULT NULL,
  `created_at` timestamp NULL DEFAULT NULL,
  `updated_at` timestamp NULL DEFAULT NULL,
  `deleted_at` timestamp NULL DEFAULT NULL,
  PRIMARY KEY (`id`)
) ENGINE=InnoDB DEFAULT CHARSET=utf8mb4 COLLATE=utf8mb4_unicode_ci;

--
-- Dumping data for table `blogs_categorias`
--


--
-- Table structure for table `blogs_categorias_sub`
--

CREATE TABLE `blogs_categorias_sub` (
  `id` int(10) unsigned NOT NULL AUTO_INCREMENT,
  `user_id` int(10) unsigned DEFAULT NULL,
  `blogs_categoria_id` int(10) unsigned NOT NULL,
  `descripcion` varchar(191) COLLATE utf8mb4_unicode_ci NOT NULL,
  `created_at` timestamp NULL DEFAULT NULL,
  `updated_at` timestamp NULL DEFAULT NULL,
  `deleted_at` timestamp NULL DEFAULT NULL,
  PRIMARY KEY (`id`),
  KEY `blogs_categorias_sub_blogs_categoria_id_foreign` (`blogs_categoria_id`),
  CONSTRAINT `blogs_categorias_sub_blogs_categoria_id_foreign` FOREIGN KEY (`blogs_categoria_id`) REFERENCES `blogs_categorias` (`id`)
) ENGINE=InnoDB DEFAULT CHARSET=utf8mb4 COLLATE=utf8mb4_unicode_ci;

--
-- Dumping data for table `blogs_categorias_sub`
--


--
-- Table structure for table `bs_per_alicuotas`
--

CREATE TABLE `bs_per_alicuotas` (
  `id` int(10) unsigned NOT NULL AUTO_INCREMENT,
  `anio` int(10) unsigned NOT NULL,
  `min_no_imponible` decimal(16,2) NOT NULL DEFAULT '0.00',
  `desde` decimal(16,2) NOT NULL DEFAULT '0.00',
  `hasta` decimal(16,2) NOT NULL DEFAULT '0.00',
  `impuesto` decimal(16,2) NOT NULL DEFAULT '0.00',
  `mas_porcentaje` decimal(16,4) NOT NULL DEFAULT '0.0000',
  `excedente` decimal(16,2) NOT NULL DEFAULT '0.00',
  `created_at` timestamp NULL DEFAULT NULL,
  `updated_at` timestamp NULL DEFAULT NULL,
  `deleted_at` timestamp NULL DEFAULT NULL,
  PRIMARY KEY (`id`)
) ENGINE=InnoDB AUTO_INCREMENT=21 DEFAULT CHARSET=utf8mb4 COLLATE=utf8mb4_unicode_ci;

--
-- Dumping data for table `bs_per_alicuotas`
--

INSERT INTO `bs_per_alicuotas` VALUES (1,2017,950000.00,0.00,999999999.99,0.00,0.0050,950000.00,'2019-11-19 21:09:50','2019-11-19 21:09:50',NULL),(2,2018,1050000.00,0.00,999999999.99,0.00,0.0025,1050000.00,'2019-11-19 21:09:50','2019-11-19 21:09:50',NULL),(3,2019,2000000.00,0.00,3000000.00,0.00,0.0050,0.00,'2019-11-19 21:09:50','2022-07-29 18:55:14',NULL),(4,2019,2000000.00,3000000.00,6500000.00,15000.00,0.0075,3000000.00,'2019-11-19 21:09:50','2022-07-29 18:55:14',NULL),(5,2019,2000000.00,6500000.00,18000000.00,41250.00,0.0100,6500000.00,'2019-11-19 21:09:50','2022-07-29 18:55:14',NULL),(6,2019,2000000.00,18000000.00,999999999.99,156250.00,0.0125,18000000.00,'2022-07-29 18:55:14','2022-07-29 18:55:14',NULL),(7,2020,2000000.00,0.00,3000000.00,0.00,0.0050,0.00,'2022-07-29 18:55:21','2022-07-29 18:55:21',NULL),(8,2020,2000000.00,3000000.00,6500000.00,15000.00,0.0075,3000000.00,'2022-07-29 18:55:21','2022-07-29 18:55:21',NULL),(9,2020,2000000.00,6500000.00,18000000.00,41250.00,0.0100,6500000.00,'2022-07-29 18:55:21','2022-07-29 18:55:21',NULL),(10,2020,2000000.00,18000000.00,999999999.99,156250.00,0.0125,18000000.00,'2022-07-29 18:55:21','2022-07-29 18:55:21',NULL),(11,2021,6000000.00,0.00,3000000.00,0.00,0.0050,0.00,'2022-07-29 18:55:29','2022-07-29 18:55:29',NULL),(12,2021,6000000.00,3000000.00,6500000.00,15000.00,0.0075,3000000.00,'2022-07-29 18:55:29','2022-07-29 18:55:29',NULL),(13,2021,6000000.00,6500000.00,18000000.00,41250.00,0.0100,6500000.00,'2022-07-29 18:55:29','2022-07-29 18:55:29',NULL),(14,2021,6000000.00,18000000.00,999999999.99,156250.00,0.0125,18000000.00,'2022-07-29 18:55:29','2022-07-29 18:55:29',NULL),(15,2022,11282141.08,0.00,5641070.54,0.00,0.0050,0.00,'2023-05-30 15:03:13','2023-05-30 15:03:13',NULL),(16,2022,11282141.08,5641070.54,12222319.51,28205.35,0.0075,5641070.54,'2023-05-30 15:03:13','2023-05-30 15:03:13',NULL),(17,2022,11282141.08,12222319.51,33846423.25,77564.72,0.0100,12222319.51,'2023-05-30 15:03:13','2023-05-30 15:03:13',NULL),(18,2022,11282141.08,33846423.25,188035684.71,293802.76,0.0125,33846423.25,'2023-05-30 15:03:13','2023-05-30 15:03:13',NULL),(19,2022,11282141.08,188035684.71,564107054.14,2221171.53,0.0150,188035684.71,'2023-05-30 15:03:13','2023-05-30 15:03:13',NULL),(20,2022,11282141.08,564107054.14,999999999999.00,7682242.07,0.0175,564107054.14,'2023-05-30 15:03:13','2023-05-30 15:03:13',NULL);

--
-- Table structure for table `bs_per_ddjjs`
--

CREATE TABLE `bs_per_ddjjs` (
  `id` int(10) unsigned NOT NULL AUTO_INCREMENT,
  `user_id` int(10) unsigned DEFAULT NULL,
  `anio` int(10) unsigned NOT NULL,
  `person_id` int(10) unsigned NOT NULL,
  `total_bienes_gravados` decimal(16,2) NOT NULL DEFAULT '0.00',
  `total_bienes_exentos` decimal(16,2) NOT NULL DEFAULT '0.00',
  `min_no_imponible` decimal(16,2) NOT NULL DEFAULT '0.00',
  `base_imponible` decimal(16,2) NOT NULL DEFAULT '0.00',
  `impuesto_determinado` decimal(16,2) NOT NULL DEFAULT '0.00',
  `saldo_a_pagar` decimal(16,2) NOT NULL DEFAULT '0.00',
  `saldo_a_favor` decimal(16,2) NOT NULL DEFAULT '0.00',
  `comentario` varchar(191) COLLATE utf8mb4_unicode_ci DEFAULT NULL,
  `created_at` timestamp NULL DEFAULT NULL,
  `updated_at` timestamp NULL DEFAULT NULL,
  `deleted_at` timestamp NULL DEFAULT NULL,
  PRIMARY KEY (`id`),
  KEY `bs_per_ddjjs_person_id_foreign` (`person_id`),
  CONSTRAINT `bs_per_ddjjs_person_id_foreign` FOREIGN KEY (`person_id`) REFERENCES `persons` (`id`)
) ENGINE=InnoDB DEFAULT CHARSET=utf8mb4 COLLATE=utf8mb4_unicode_ci;

--
-- Dumping data for table `bs_per_ddjjs`
--


--
-- Table structure for table `bs_pers_conceptos`
--

CREATE TABLE `bs_pers_conceptos` (
  `id` int(10) unsigned NOT NULL AUTO_INCREMENT,
  `nombre` varchar(191) COLLATE utf8mb4_unicode_ci NOT NULL,
  `status` tinyint(1) NOT NULL DEFAULT '1',
  `created_at` timestamp NULL DEFAULT NULL,
  `updated_at` timestamp NULL DEFAULT NULL,
  `deleted_at` timestamp NULL DEFAULT NULL,
  PRIMARY KEY (`id`)
) ENGINE=InnoDB AUTO_INCREMENT=12 DEFAULT CHARSET=utf8mb4 COLLATE=utf8mb4_unicode_ci;

--
-- Dumping data for table `bs_pers_conceptos`
--

INSERT INTO `bs_pers_conceptos` VALUES (1,'Inmuebles',1,'2019-11-19 21:09:50','2019-11-19 21:09:50',NULL),(2,'Derechos Reales',1,'2019-11-19 21:09:50','2019-11-19 21:09:50',NULL),(3,'Naves y Aeronaves',1,'2019-11-19 21:09:50','2019-11-19 21:09:50',NULL),(4,'Automotores y otros rodados',1,'2019-11-19 21:09:50','2019-11-19 21:09:50',NULL),(5,'Dinero y depósitos en dinero',1,'2019-11-19 21:09:50','2019-11-19 21:09:50',NULL),(6,'Títulos, acciones, cuotas o participaciones sociales y otros títulos valores',1,'2019-11-19 21:09:50','2019-11-19 21:09:50',NULL),(7,'Patrimonio de empresas o explotaciones unipersonales',1,'2019-11-19 21:09:50','2019-11-19 21:09:50',NULL),(8,'Créditos y debentures',1,'2019-11-19 21:09:50','2019-11-19 21:09:50',NULL),(9,'Derechos de propiedad científica, literaria o artística, marcas, patentes y sus licencias',1,'2019-11-19 21:09:50','2019-11-19 21:09:50',NULL),(10,'Otros Bienes (incluye semovientes, antigüedades, objetos de colección, objetos de arte, ...)',1,'2019-11-19 21:09:50','2019-11-19 21:09:50',NULL),(11,'Objetos Personales y del Hogar',1,'2019-11-19 21:09:50','2019-11-19 21:09:50',NULL);

--
-- Table structure for table `bs_pers_detail_anticipos`
--

CREATE TABLE `bs_pers_detail_anticipos` (
  `id` int(10) unsigned NOT NULL AUTO_INCREMENT,
  `bs_per_ddjj_id` int(10) unsigned NOT NULL,
  `person_id` int(10) unsigned NOT NULL,
  `ganan_concepto_anticipo_id` int(10) unsigned NOT NULL,
  `importe` decimal(16,2) NOT NULL DEFAULT '0.00',
  `created_at` timestamp NULL DEFAULT NULL,
  `updated_at` timestamp NULL DEFAULT NULL,
  `deleted_at` timestamp NULL DEFAULT NULL,
  PRIMARY KEY (`id`),
  KEY `bs_pers_detail_anticipos_bs_per_ddjj_id_foreign` (`bs_per_ddjj_id`),
  KEY `bs_pers_detail_anticipos_person_id_foreign` (`person_id`),
  KEY `bs_pers_detail_anticipos_ganan_concepto_anticipo_id_foreign` (`ganan_concepto_anticipo_id`),
  CONSTRAINT `bs_pers_detail_anticipos_bs_per_ddjj_id_foreign` FOREIGN KEY (`bs_per_ddjj_id`) REFERENCES `bs_per_ddjjs` (`id`),
  CONSTRAINT `bs_pers_detail_anticipos_ganan_concepto_anticipo_id_foreign` FOREIGN KEY (`ganan_concepto_anticipo_id`) REFERENCES `ganan_conceptos_anticipos` (`id`),
  CONSTRAINT `bs_pers_detail_anticipos_person_id_foreign` FOREIGN KEY (`person_id`) REFERENCES `persons` (`id`)
) ENGINE=InnoDB DEFAULT CHARSET=utf8mb4 COLLATE=utf8mb4_unicode_ci;

--
-- Dumping data for table `bs_pers_detail_anticipos`
--


--
-- Table structure for table `bs_pers_detail_bienes`
--

CREATE TABLE `bs_pers_detail_bienes` (
  `id` int(10) unsigned NOT NULL AUTO_INCREMENT,
  `bs_per_ddjj_id` int(10) unsigned NOT NULL,
  `person_id` int(10) unsigned NOT NULL,
  `bs_pers_concepto_id` int(10) unsigned NOT NULL,
  `concepto` varchar(191) COLLATE utf8mb4_unicode_ci DEFAULT NULL,
  `importe_gravado` decimal(16,2) NOT NULL DEFAULT '0.00',
  `importe_exento` decimal(16,2) NOT NULL DEFAULT '0.00',
  `comentario` varchar(191) COLLATE utf8mb4_unicode_ci DEFAULT NULL,
  `created_at` timestamp NULL DEFAULT NULL,
  `updated_at` timestamp NULL DEFAULT NULL,
  `deleted_at` timestamp NULL DEFAULT NULL,
  PRIMARY KEY (`id`),
  KEY `bs_pers_detail_bienes_bs_per_ddjj_id_foreign` (`bs_per_ddjj_id`),
  KEY `bs_pers_detail_bienes_person_id_foreign` (`person_id`),
  KEY `bs_pers_detail_bienes_bs_pers_concepto_id_foreign` (`bs_pers_concepto_id`),
  CONSTRAINT `bs_pers_detail_bienes_bs_per_ddjj_id_foreign` FOREIGN KEY (`bs_per_ddjj_id`) REFERENCES `bs_per_ddjjs` (`id`),
  CONSTRAINT `bs_pers_detail_bienes_bs_pers_concepto_id_foreign` FOREIGN KEY (`bs_pers_concepto_id`) REFERENCES `bs_pers_conceptos` (`id`),
  CONSTRAINT `bs_pers_detail_bienes_person_id_foreign` FOREIGN KEY (`person_id`) REFERENCES `persons` (`id`)
) ENGINE=InnoDB DEFAULT CHARSET=utf8mb4 COLLATE=utf8mb4_unicode_ci;

--
-- Dumping data for table `bs_pers_detail_bienes`
--


--
-- Table structure for table `calendar`
--

CREATE TABLE `calendar` (
  `id` bigint(20) unsigned NOT NULL AUTO_INCREMENT,
  `user_id` int(10) unsigned DEFAULT NULL,
  `person_id` int(10) unsigned NOT NULL,
  `person_id_relationed` int(10) unsigned DEFAULT NULL,
  `ws_telefono_id` bigint(20) unsigned DEFAULT NULL,
  `title` longtext COLLATE utf8mb4_unicode_ci,
  `descripcion` longtext COLLATE utf8mb4_unicode_ci,
  `descripcion_text` longtext COLLATE utf8mb4_unicode_ci,
  `url` text COLLATE utf8mb4_unicode_ci,
  `start` datetime DEFAULT NULL,
  `startEditable` tinyint(1) NOT NULL DEFAULT '1',
  `startStr` text COLLATE utf8mb4_unicode_ci,
  `end` datetime DEFAULT NULL,
  `endStr` text COLLATE utf8mb4_unicode_ci,
  `allDay` tinyint(1) NOT NULL DEFAULT '1',
  `allow` tinyint(1) DEFAULT NULL,
  `backgroundColor` text COLLATE utf8mb4_unicode_ci,
  `borderColor` text COLLATE utf8mb4_unicode_ci,
  `classNames` longtext COLLATE utf8mb4_unicode_ci,
  `constraint` text COLLATE utf8mb4_unicode_ci,
  `display` text COLLATE utf8mb4_unicode_ci,
  `durationEditable` tinyint(1) NOT NULL DEFAULT '1',
  `extendedProps` longtext COLLATE utf8mb4_unicode_ci,
  `groupId` text COLLATE utf8mb4_unicode_ci,
  `overlap` text COLLATE utf8mb4_unicode_ci,
  `source` longtext COLLATE utf8mb4_unicode_ci,
  `textColor` text COLLATE utf8mb4_unicode_ci,
  `is_impuesto_from_taxes` tinyint(1) NOT NULL DEFAULT '0',
  `created_at` timestamp NULL DEFAULT NULL,
  `updated_at` timestamp NULL DEFAULT NULL,
  `deleted_at` timestamp NULL DEFAULT NULL,
  PRIMARY KEY (`id`),
  KEY `calendar_person_id_foreign` (`person_id`),
  KEY `calendar_person_id_relationed_foreign` (`person_id_relationed`),
  KEY `calendar_ws_telefono_id_foreign` (`ws_telefono_id`),
  CONSTRAINT `calendar_person_id_foreign` FOREIGN KEY (`person_id`) REFERENCES `persons` (`id`),
  CONSTRAINT `calendar_person_id_relationed_foreign` FOREIGN KEY (`person_id_relationed`) REFERENCES `persons` (`id`),
  CONSTRAINT `calendar_ws_telefono_id_foreign` FOREIGN KEY (`ws_telefono_id`) REFERENCES `ws_telefonos` (`id`)
) ENGINE=InnoDB AUTO_INCREMENT=109 DEFAULT CHARSET=utf8mb4 COLLATE=utf8mb4_unicode_ci;

--
-- Dumping data for table `calendar`
--

INSERT INTO `calendar` VALUES (1,NULL,40722,NULL,NULL,'Convenio Multilateral - Anual',NULL,NULL,'','2023-05-15 10:00:00',1,NULL,'2023-05-15 10:30:00',NULL,0,NULL,'#FF0000',NULL,NULL,NULL,'auto',1,NULL,NULL,NULL,NULL,'#FFFFFF',1,NULL,NULL,NULL),(2,NULL,40722,NULL,NULL,'Convenio Multilateral - DDJJ',NULL,NULL,'','2023-01-18 10:00:00',1,NULL,'2023-01-18 10:30:00',NULL,0,NULL,'#FF0000',NULL,NULL,NULL,'auto',1,NULL,NULL,NULL,NULL,'#FFFFFF',1,NULL,NULL,NULL),(3,NULL,40722,NULL,NULL,'Convenio Multilateral - DDJJ',NULL,NULL,'','2023-02-17 10:00:00',1,NULL,'2023-02-17 10:30:00',NULL,0,NULL,'#FF0000',NULL,NULL,NULL,'auto',1,NULL,NULL,NULL,NULL,'#FFFFFF',1,NULL,NULL,NULL),(4,NULL,40722,NULL,NULL,'Convenio Multilateral - DDJJ',NULL,NULL,'','2023-03-17 10:00:00',1,NULL,'2023-03-17 10:30:00',NULL,0,NULL,'#FF0000',NULL,NULL,NULL,'auto',1,NULL,NULL,NULL,NULL,'#FFFFFF',1,NULL,NULL,NULL),(5,NULL,40722,NULL,NULL,'Convenio Multilateral - DDJJ',NULL,NULL,'','2023-04-19 10:00:00',1,NULL,'2023-04-19 10:30:00',NULL,0,NULL,'#FF0000',NULL,NULL,NULL,'auto',1,NULL,NULL,NULL,NULL,'#FFFFFF',1,NULL,NULL,NULL),(6,NULL,40722,NULL,NULL,'Convenio Multilateral - DDJJ',NULL,NULL,'','2023-05-17 10:00:00',1,NULL,'2023-05-17 10:30:00',NULL,0,NULL,'#FF0000',NULL,NULL,NULL,'auto',1,NULL,NULL,NULL,NULL,'#FFFFFF',1,NULL,NULL,NULL),(7,NULL,40722,NULL,NULL,'Convenio Multilateral - DDJJ',NULL,NULL,'','2023-06-21 10:00:00',1,NULL,'2023-06-21 10:30:00',NULL,0,NULL,'#FF0000',NULL,NULL,NULL,'auto',1,NULL,NULL,NULL,NULL,'#FFFFFF',1,NULL,NULL,NULL),(8,NULL,40722,NULL,NULL,'Convenio Multilateral - DDJJ',NULL,NULL,'','2023-07-19 10:00:00',1,NULL,'2023-07-19 10:30:00',NULL,0,NULL,'#FF0000',NULL,NULL,NULL,'auto',1,NULL,NULL,NULL,NULL,'#FFFFFF',1,NULL,NULL,NULL),(9,NULL,40722,NULL,NULL,'Convenio Multilateral - DDJJ',NULL,NULL,'','2023-08-17 10:00:00',1,NULL,'2023-08-17 10:30:00',NULL,0,NULL,'#FF0000',NULL,NULL,NULL,'auto',1,NULL,NULL,NULL,NULL,'#FFFFFF',1,NULL,NULL,NULL),(10,NULL,40722,NULL,NULL,'Convenio Multilateral - DDJJ',NULL,NULL,'','2023-09-19 10:00:00',1,NULL,'2023-09-19 10:30:00',NULL,0,NULL,'#FF0000',NULL,NULL,NULL,'auto',1,NULL,NULL,NULL,NULL,'#FFFFFF',1,NULL,NULL,NULL),(11,NULL,40722,NULL,NULL,'Convenio Multilateral - DDJJ',NULL,NULL,'','2023-10-19 10:00:00',1,NULL,'2023-10-19 10:30:00',NULL,0,NULL,'#FF0000',NULL,NULL,NULL,'auto',1,NULL,NULL,NULL,NULL,'#FFFFFF',1,NULL,NULL,NULL),(12,NULL,40722,NULL,NULL,'Convenio Multilateral - DDJJ',NULL,NULL,'','2023-11-17 10:00:00',1,NULL,'2023-11-17 10:30:00',NULL,0,NULL,'#FF0000',NULL,NULL,NULL,'auto',1,NULL,NULL,NULL,NULL,'#FFFFFF',1,NULL,NULL,NULL),(13,NULL,40722,NULL,NULL,'Convenio Multilateral - DDJJ',NULL,NULL,'','2023-12-19 10:00:00',1,NULL,'2023-12-19 10:30:00',NULL,0,NULL,'#FF0000',NULL,NULL,NULL,'auto',1,NULL,NULL,NULL,NULL,'#FFFFFF',1,NULL,NULL,NULL),(14,NULL,40722,NULL,NULL,'Monotributo - Recategorizacion',NULL,NULL,'','2023-01-20 10:00:00',1,NULL,'2023-01-20 10:30:00',NULL,0,NULL,'#FF0000',NULL,NULL,NULL,'auto',1,NULL,NULL,NULL,NULL,'#FFFFFF',1,NULL,NULL,NULL),(15,NULL,40722,NULL,NULL,'Monotributo - Recategorizacion',NULL,NULL,'','2022-07-20 10:00:00',1,NULL,'2022-07-20 10:30:00',NULL,0,NULL,'#FF0000',NULL,NULL,NULL,'auto',1,NULL,NULL,NULL,NULL,'#FFFFFF',1,NULL,NULL,NULL),(16,NULL,40722,NULL,NULL,'Monotributo',NULL,NULL,'','2023-01-20 10:00:00',1,NULL,'2023-01-20 10:30:00',NULL,0,NULL,'#FF0000',NULL,NULL,NULL,'auto',1,NULL,NULL,NULL,NULL,'#FFFFFF',1,NULL,NULL,NULL),(17,NULL,40722,NULL,NULL,'Monotributo',NULL,NULL,'','2023-02-22 10:00:00',1,NULL,'2023-02-22 10:30:00',NULL,0,NULL,'#FF0000',NULL,NULL,NULL,'auto',1,NULL,NULL,NULL,NULL,'#FFFFFF',1,NULL,NULL,NULL),(18,NULL,40722,NULL,NULL,'Monotributo',NULL,NULL,'','2023-03-20 10:00:00',1,NULL,'2023-03-20 10:30:00',NULL,0,NULL,'#FF0000',NULL,NULL,NULL,'auto',1,NULL,NULL,NULL,NULL,'#FFFFFF',1,NULL,NULL,NULL),(19,NULL,40722,NULL,NULL,'Monotributo',NULL,NULL,'','2023-04-20 10:00:00',1,NULL,'2023-04-20 10:30:00',NULL,0,NULL,'#FF0000',NULL,NULL,NULL,'auto',1,NULL,NULL,NULL,NULL,'#FFFFFF',1,NULL,NULL,NULL);
INSERT INTO `calendar` VALUES (20,NULL,40722,NULL,NULL,'Monotributo',NULL,NULL,'','2023-05-22 10:00:00',1,NULL,'2023-05-22 10:30:00',NULL,0,NULL,'#FF0000',NULL,NULL,NULL,'auto',1,NULL,NULL,NULL,NULL,'#FFFFFF',1,NULL,NULL,NULL),(21,NULL,40722,NULL,NULL,'Monotributo',NULL,NULL,'','2023-06-21 10:00:00',1,NULL,'2023-06-21 10:30:00',NULL,0,NULL,'#FF0000',NULL,NULL,NULL,'auto',1,NULL,NULL,NULL,NULL,'#FFFFFF',1,NULL,NULL,NULL),(22,NULL,40722,NULL,NULL,'Monotributo',NULL,NULL,'','2023-07-20 10:00:00',1,NULL,'2023-07-20 10:30:00',NULL,0,NULL,'#FF0000',NULL,NULL,NULL,'auto',1,NULL,NULL,NULL,NULL,'#FFFFFF',1,NULL,NULL,NULL),(23,NULL,40722,NULL,NULL,'Monotributo',NULL,NULL,'','2023-08-22 10:00:00',1,NULL,'2023-08-22 10:30:00',NULL,0,NULL,'#FF0000',NULL,NULL,NULL,'auto',1,NULL,NULL,NULL,NULL,'#FFFFFF',1,NULL,NULL,NULL),(24,NULL,40722,NULL,NULL,'Monotributo',NULL,NULL,'','2023-09-20 10:00:00',1,NULL,'2023-09-20 10:30:00',NULL,0,NULL,'#FF0000',NULL,NULL,NULL,'auto',1,NULL,NULL,NULL,NULL,'#FFFFFF',1,NULL,NULL,NULL),(25,NULL,40722,NULL,NULL,'Monotributo',NULL,NULL,'','2023-10-20 10:00:00',1,NULL,'2023-10-20 10:30:00',NULL,0,NULL,'#FF0000',NULL,NULL,NULL,'auto',1,NULL,NULL,NULL,NULL,'#FFFFFF',1,NULL,NULL,NULL),(26,NULL,40722,NULL,NULL,'Monotributo',NULL,NULL,'','2023-11-21 10:00:00',1,NULL,'2023-11-21 10:30:00',NULL,0,NULL,'#FF0000',NULL,NULL,NULL,'auto',1,NULL,NULL,NULL,NULL,'#FFFFFF',1,NULL,NULL,NULL),(27,NULL,40722,NULL,NULL,'Monotributo',NULL,NULL,'','2023-12-20 10:00:00',1,NULL,'2023-12-20 10:30:00',NULL,0,NULL,'#FF0000',NULL,NULL,NULL,'auto',1,NULL,NULL,NULL,NULL,'#FFFFFF',1,NULL,NULL,NULL),(28,NULL,40719,NULL,NULL,'Convenio Multilateral - Anual',NULL,NULL,'','2023-05-15 10:00:00',1,NULL,'2023-05-15 10:30:00',NULL,0,NULL,'#FF0000',NULL,NULL,NULL,'auto',1,NULL,NULL,NULL,NULL,'#FFFFFF',1,NULL,NULL,NULL),(29,NULL,40719,NULL,NULL,'Convenio Multilateral - DDJJ',NULL,NULL,'','2023-01-17 10:00:00',1,NULL,'2023-01-17 10:30:00',NULL,0,NULL,'#FF0000',NULL,NULL,NULL,'auto',1,NULL,NULL,NULL,NULL,'#FFFFFF',1,NULL,NULL,NULL),(30,NULL,40719,NULL,NULL,'Convenio Multilateral - DDJJ',NULL,NULL,'','2023-02-16 10:00:00',1,NULL,'2023-02-16 10:30:00',NULL,0,NULL,'#FF0000',NULL,NULL,NULL,'auto',1,NULL,NULL,NULL,NULL,'#FFFFFF',1,NULL,NULL,NULL),(31,NULL,40719,NULL,NULL,'Convenio Multilateral - DDJJ',NULL,NULL,'','2023-03-16 10:00:00',1,NULL,'2023-03-16 10:30:00',NULL,0,NULL,'#FF0000',NULL,NULL,NULL,'auto',1,NULL,NULL,NULL,NULL,'#FFFFFF',1,NULL,NULL,NULL),(32,NULL,40719,NULL,NULL,'Convenio Multilateral - DDJJ',NULL,NULL,'','2023-04-18 10:00:00',1,NULL,'2023-04-18 10:30:00',NULL,0,NULL,'#FF0000',NULL,NULL,NULL,'auto',1,NULL,NULL,NULL,NULL,'#FFFFFF',1,NULL,NULL,NULL),(33,NULL,40719,NULL,NULL,'Convenio Multilateral - DDJJ',NULL,NULL,'','2023-05-16 10:00:00',1,NULL,'2023-05-16 10:30:00',NULL,0,NULL,'#FF0000',NULL,NULL,NULL,'auto',1,NULL,NULL,NULL,NULL,'#FFFFFF',1,NULL,NULL,NULL),(34,NULL,40719,NULL,NULL,'Convenio Multilateral - DDJJ',NULL,NULL,'','2023-06-16 10:00:00',1,NULL,'2023-06-16 10:30:00',NULL,0,NULL,'#FF0000',NULL,NULL,NULL,'auto',1,NULL,NULL,NULL,NULL,'#FFFFFF',1,NULL,NULL,NULL),(35,NULL,40719,NULL,NULL,'Convenio Multilateral - DDJJ',NULL,NULL,'','2023-07-18 10:00:00',1,NULL,'2023-07-18 10:30:00',NULL,0,NULL,'#FF0000',NULL,NULL,NULL,'auto',1,NULL,NULL,NULL,NULL,'#FFFFFF',1,NULL,NULL,NULL),(36,NULL,40719,NULL,NULL,'Convenio Multilateral - DDJJ',NULL,NULL,'','2023-08-16 10:00:00',1,NULL,'2023-08-16 10:30:00',NULL,0,NULL,'#FF0000',NULL,NULL,NULL,'auto',1,NULL,NULL,NULL,NULL,'#FFFFFF',1,NULL,NULL,NULL),(37,NULL,40719,NULL,NULL,'Convenio Multilateral - DDJJ',NULL,NULL,'','2023-09-18 10:00:00',1,NULL,'2023-09-18 10:30:00',NULL,0,NULL,'#FF0000',NULL,NULL,NULL,'auto',1,NULL,NULL,NULL,NULL,'#FFFFFF',1,NULL,NULL,NULL),(38,NULL,40719,NULL,NULL,'Convenio Multilateral - DDJJ',NULL,NULL,'','2023-10-18 10:00:00',1,NULL,'2023-10-18 10:30:00',NULL,0,NULL,'#FF0000',NULL,NULL,NULL,'auto',1,NULL,NULL,NULL,NULL,'#FFFFFF',1,NULL,NULL,NULL);
INSERT INTO `calendar` VALUES (39,NULL,40719,NULL,NULL,'Convenio Multilateral - DDJJ',NULL,NULL,'','2023-11-16 10:00:00',1,NULL,'2023-11-16 10:30:00',NULL,0,NULL,'#FF0000',NULL,NULL,NULL,'auto',1,NULL,NULL,NULL,NULL,'#FFFFFF',1,NULL,NULL,NULL),(40,NULL,40719,NULL,NULL,'Convenio Multilateral - DDJJ',NULL,NULL,'','2023-12-18 10:00:00',1,NULL,'2023-12-18 10:30:00',NULL,0,NULL,'#FF0000',NULL,NULL,NULL,'auto',1,NULL,NULL,NULL,NULL,'#FFFFFF',1,NULL,NULL,NULL),(41,NULL,40719,NULL,NULL,'Monotributo',NULL,NULL,'','2023-01-20 10:00:00',1,NULL,'2023-01-20 10:30:00',NULL,0,NULL,'#FF0000',NULL,NULL,NULL,'auto',1,NULL,NULL,NULL,NULL,'#FFFFFF',1,NULL,NULL,NULL),(42,NULL,40719,NULL,NULL,'Monotributo',NULL,NULL,'','2023-02-22 10:00:00',1,NULL,'2023-02-22 10:30:00',NULL,0,NULL,'#FF0000',NULL,NULL,NULL,'auto',1,NULL,NULL,NULL,NULL,'#FFFFFF',1,NULL,NULL,NULL),(43,NULL,40719,NULL,NULL,'Monotributo',NULL,NULL,'','2023-03-20 10:00:00',1,NULL,'2023-03-20 10:30:00',NULL,0,NULL,'#FF0000',NULL,NULL,NULL,'auto',1,NULL,NULL,NULL,NULL,'#FFFFFF',1,NULL,NULL,NULL),(44,NULL,40719,NULL,NULL,'Monotributo',NULL,NULL,'','2023-04-20 10:00:00',1,NULL,'2023-04-20 10:30:00',NULL,0,NULL,'#FF0000',NULL,NULL,NULL,'auto',1,NULL,NULL,NULL,NULL,'#FFFFFF',1,NULL,NULL,NULL),(45,NULL,40719,NULL,NULL,'Monotributo',NULL,NULL,'','2023-05-22 10:00:00',1,NULL,'2023-05-22 10:30:00',NULL,0,NULL,'#FF0000',NULL,NULL,NULL,'auto',1,NULL,NULL,NULL,NULL,'#FFFFFF',1,NULL,NULL,NULL),(46,NULL,40719,NULL,NULL,'Monotributo',NULL,NULL,'','2023-06-21 10:00:00',1,NULL,'2023-06-21 10:30:00',NULL,0,NULL,'#FF0000',NULL,NULL,NULL,'auto',1,NULL,NULL,NULL,NULL,'#FFFFFF',1,NULL,NULL,NULL),(47,NULL,40719,NULL,NULL,'Monotributo',NULL,NULL,'','2023-07-20 10:00:00',1,NULL,'2023-07-20 10:30:00',NULL,0,NULL,'#FF0000',NULL,NULL,NULL,'auto',1,NULL,NULL,NULL,NULL,'#FFFFFF',1,NULL,NULL,NULL),(48,NULL,40719,NULL,NULL,'Monotributo',NULL,NULL,'','2023-08-22 10:00:00',1,NULL,'2023-08-22 10:30:00',NULL,0,NULL,'#FF0000',NULL,NULL,NULL,'auto',1,NULL,NULL,NULL,NULL,'#FFFFFF',1,NULL,NULL,NULL),(49,NULL,40719,NULL,NULL,'Monotributo',NULL,NULL,'','2023-09-20 10:00:00',1,NULL,'2023-09-20 10:30:00',NULL,0,NULL,'#FF0000',NULL,NULL,NULL,'auto',1,NULL,NULL,NULL,NULL,'#FFFFFF',1,NULL,NULL,NULL),(50,NULL,40719,NULL,NULL,'Monotributo',NULL,NULL,'','2023-10-20 10:00:00',1,NULL,'2023-10-20 10:30:00',NULL,0,NULL,'#FF0000',NULL,NULL,NULL,'auto',1,NULL,NULL,NULL,NULL,'#FFFFFF',1,NULL,NULL,NULL),(51,NULL,40719,NULL,NULL,'Monotributo',NULL,NULL,'','2023-11-21 10:00:00',1,NULL,'2023-11-21 10:30:00',NULL,0,NULL,'#FF0000',NULL,NULL,NULL,'auto',1,NULL,NULL,NULL,NULL,'#FFFFFF',1,NULL,NULL,NULL),(52,NULL,40719,NULL,NULL,'Monotributo',NULL,NULL,'','2023-12-20 10:00:00',1,NULL,'2023-12-20 10:30:00',NULL,0,NULL,'#FF0000',NULL,NULL,NULL,'auto',1,NULL,NULL,NULL,NULL,'#FFFFFF',1,NULL,NULL,NULL),(53,NULL,40719,NULL,NULL,'Monotributo - Recategorizacion',NULL,NULL,'','2023-01-20 10:00:00',1,NULL,'2023-01-20 10:30:00',NULL,0,NULL,'#FF0000',NULL,NULL,NULL,'auto',1,NULL,NULL,NULL,NULL,'#FFFFFF',1,NULL,NULL,NULL),(54,NULL,40719,NULL,NULL,'Monotributo - Recategorizacion',NULL,NULL,'','2022-07-20 10:00:00',1,NULL,'2022-07-20 10:30:00',NULL,0,NULL,'#FF0000',NULL,NULL,NULL,'auto',1,NULL,NULL,NULL,NULL,'#FFFFFF',1,NULL,NULL,NULL),(55,NULL,40727,NULL,NULL,'Convenio Multilateral - DDJJ',NULL,NULL,'','2023-01-17 10:00:00',1,NULL,'2023-01-17 10:30:00',NULL,0,NULL,'#FF0000',NULL,NULL,NULL,'auto',1,NULL,NULL,NULL,NULL,'#FFFFFF',1,NULL,NULL,NULL),(56,NULL,40727,NULL,NULL,'Convenio Multilateral - DDJJ',NULL,NULL,'','2023-02-16 10:00:00',1,NULL,'2023-02-16 10:30:00',NULL,0,NULL,'#FF0000',NULL,NULL,NULL,'auto',1,NULL,NULL,NULL,NULL,'#FFFFFF',1,NULL,NULL,NULL),(57,NULL,40727,NULL,NULL,'Convenio Multilateral - DDJJ',NULL,NULL,'','2023-03-16 10:00:00',1,NULL,'2023-03-16 10:30:00',NULL,0,NULL,'#FF0000',NULL,NULL,NULL,'auto',1,NULL,NULL,NULL,NULL,'#FFFFFF',1,NULL,NULL,NULL);
INSERT INTO `calendar` VALUES (58,NULL,40727,NULL,NULL,'Convenio Multilateral - DDJJ',NULL,NULL,'','2023-04-18 10:00:00',1,NULL,'2023-04-18 10:30:00',NULL,0,NULL,'#FF0000',NULL,NULL,NULL,'auto',1,NULL,NULL,NULL,NULL,'#FFFFFF',1,NULL,NULL,NULL),(59,NULL,40727,NULL,NULL,'Convenio Multilateral - DDJJ',NULL,NULL,'','2023-05-16 10:00:00',1,NULL,'2023-05-16 10:30:00',NULL,0,NULL,'#FF0000',NULL,NULL,NULL,'auto',1,NULL,NULL,NULL,NULL,'#FFFFFF',1,NULL,NULL,NULL),(60,NULL,40727,NULL,NULL,'Convenio Multilateral - DDJJ',NULL,NULL,'','2023-06-16 10:00:00',1,NULL,'2023-06-16 10:30:00',NULL,0,NULL,'#FF0000',NULL,NULL,NULL,'auto',1,NULL,NULL,NULL,NULL,'#FFFFFF',1,NULL,NULL,NULL),(61,NULL,40727,NULL,NULL,'Convenio Multilateral - DDJJ',NULL,NULL,'','2023-07-18 10:00:00',1,NULL,'2023-07-18 10:30:00',NULL,0,NULL,'#FF0000',NULL,NULL,NULL,'auto',1,NULL,NULL,NULL,NULL,'#FFFFFF',1,NULL,NULL,NULL),(62,NULL,40727,NULL,NULL,'Convenio Multilateral - DDJJ',NULL,NULL,'','2023-08-16 10:00:00',1,NULL,'2023-08-16 10:30:00',NULL,0,NULL,'#FF0000',NULL,NULL,NULL,'auto',1,NULL,NULL,NULL,NULL,'#FFFFFF',1,NULL,NULL,NULL),(63,NULL,40727,NULL,NULL,'Convenio Multilateral - DDJJ',NULL,NULL,'','2023-09-18 10:00:00',1,NULL,'2023-09-18 10:30:00',NULL,0,NULL,'#FF0000',NULL,NULL,NULL,'auto',1,NULL,NULL,NULL,NULL,'#FFFFFF',1,NULL,NULL,NULL),(64,NULL,40727,NULL,NULL,'Convenio Multilateral - DDJJ',NULL,NULL,'','2023-10-18 10:00:00',1,NULL,'2023-10-18 10:30:00',NULL,0,NULL,'#FF0000',NULL,NULL,NULL,'auto',1,NULL,NULL,NULL,NULL,'#FFFFFF',1,NULL,NULL,NULL),(65,NULL,40727,NULL,NULL,'Convenio Multilateral - DDJJ',NULL,NULL,'','2023-11-16 10:00:00',1,NULL,'2023-11-16 10:30:00',NULL,0,NULL,'#FF0000',NULL,NULL,NULL,'auto',1,NULL,NULL,NULL,NULL,'#FFFFFF',1,NULL,NULL,NULL),(66,NULL,40727,NULL,NULL,'Convenio Multilateral - DDJJ',NULL,NULL,'','2023-12-18 10:00:00',1,NULL,'2023-12-18 10:30:00',NULL,0,NULL,'#FF0000',NULL,NULL,NULL,'auto',1,NULL,NULL,NULL,NULL,'#FFFFFF',1,NULL,NULL,NULL),(67,NULL,40727,NULL,NULL,'Convenio Multilateral - Anual',NULL,NULL,'','2023-05-15 10:00:00',1,NULL,'2023-05-15 10:30:00',NULL,0,NULL,'#FF0000',NULL,NULL,NULL,'auto',1,NULL,NULL,NULL,NULL,'#FFFFFF',1,NULL,NULL,NULL),(68,NULL,40727,NULL,NULL,'Monotributo',NULL,NULL,'','2023-01-20 10:00:00',1,NULL,'2023-01-20 10:30:00',NULL,0,NULL,'#FF0000',NULL,NULL,NULL,'auto',1,NULL,NULL,NULL,NULL,'#FFFFFF',1,NULL,NULL,NULL),(69,NULL,40727,NULL,NULL,'Monotributo',NULL,NULL,'','2023-02-22 10:00:00',1,NULL,'2023-02-22 10:30:00',NULL,0,NULL,'#FF0000',NULL,NULL,NULL,'auto',1,NULL,NULL,NULL,NULL,'#FFFFFF',1,NULL,NULL,NULL),(70,NULL,40727,NULL,NULL,'Monotributo',NULL,NULL,'','2023-03-20 10:00:00',1,NULL,'2023-03-20 10:30:00',NULL,0,NULL,'#FF0000',NULL,NULL,NULL,'auto',1,NULL,NULL,NULL,NULL,'#FFFFFF',1,NULL,NULL,NULL),(71,NULL,40727,NULL,NULL,'Monotributo',NULL,NULL,'','2023-04-20 10:00:00',1,NULL,'2023-04-20 10:30:00',NULL,0,NULL,'#FF0000',NULL,NULL,NULL,'auto',1,NULL,NULL,NULL,NULL,'#FFFFFF',1,NULL,NULL,NULL),(72,NULL,40727,NULL,NULL,'Monotributo',NULL,NULL,'','2023-05-22 10:00:00',1,NULL,'2023-05-22 10:30:00',NULL,0,NULL,'#FF0000',NULL,NULL,NULL,'auto',1,NULL,NULL,NULL,NULL,'#FFFFFF',1,NULL,NULL,NULL),(73,NULL,40727,NULL,NULL,'Monotributo',NULL,NULL,'','2023-06-21 10:00:00',1,NULL,'2023-06-21 10:30:00',NULL,0,NULL,'#FF0000',NULL,NULL,NULL,'auto',1,NULL,NULL,NULL,NULL,'#FFFFFF',1,NULL,NULL,NULL),(74,NULL,40727,NULL,NULL,'Monotributo',NULL,NULL,'','2023-07-20 10:00:00',1,NULL,'2023-07-20 10:30:00',NULL,0,NULL,'#FF0000',NULL,NULL,NULL,'auto',1,NULL,NULL,NULL,NULL,'#FFFFFF',1,NULL,NULL,NULL),(75,NULL,40727,NULL,NULL,'Monotributo',NULL,NULL,'','2023-08-22 10:00:00',1,NULL,'2023-08-22 10:30:00',NULL,0,NULL,'#FF0000',NULL,NULL,NULL,'auto',1,NULL,NULL,NULL,NULL,'#FFFFFF',1,NULL,NULL,NULL),(76,NULL,40727,NULL,NULL,'Monotributo',NULL,NULL,'','2023-09-20 10:00:00',1,NULL,'2023-09-20 10:30:00',NULL,0,NULL,'#FF0000',NULL,NULL,NULL,'auto',1,NULL,NULL,NULL,NULL,'#FFFFFF',1,NULL,NULL,NULL);
INSERT INTO `calendar` VALUES (77,NULL,40727,NULL,NULL,'Monotributo',NULL,NULL,'','2023-10-20 10:00:00',1,NULL,'2023-10-20 10:30:00',NULL,0,NULL,'#FF0000',NULL,NULL,NULL,'auto',1,NULL,NULL,NULL,NULL,'#FFFFFF',1,NULL,NULL,NULL),(78,NULL,40727,NULL,NULL,'Monotributo',NULL,NULL,'','2023-11-21 10:00:00',1,NULL,'2023-11-21 10:30:00',NULL,0,NULL,'#FF0000',NULL,NULL,NULL,'auto',1,NULL,NULL,NULL,NULL,'#FFFFFF',1,NULL,NULL,NULL),(79,NULL,40727,NULL,NULL,'Monotributo',NULL,NULL,'','2023-12-20 10:00:00',1,NULL,'2023-12-20 10:30:00',NULL,0,NULL,'#FF0000',NULL,NULL,NULL,'auto',1,NULL,NULL,NULL,NULL,'#FFFFFF',1,NULL,NULL,NULL),(80,NULL,40727,NULL,NULL,'Monotributo - Recategorizacion',NULL,NULL,'','2023-01-20 10:00:00',1,NULL,'2023-01-20 10:30:00',NULL,0,NULL,'#FF0000',NULL,NULL,NULL,'auto',1,NULL,NULL,NULL,NULL,'#FFFFFF',1,NULL,NULL,NULL),(81,NULL,40727,NULL,NULL,'Monotributo - Recategorizacion',NULL,NULL,'','2022-07-20 10:00:00',1,NULL,'2022-07-20 10:30:00',NULL,0,NULL,'#FF0000',NULL,NULL,NULL,'auto',1,NULL,NULL,NULL,NULL,'#FFFFFF',1,NULL,NULL,NULL),(82,NULL,40748,NULL,NULL,'Convenio Multilateral - Anual',NULL,NULL,'','2023-05-15 10:00:00',1,NULL,'2023-05-15 10:30:00',NULL,0,NULL,'#FF0000',NULL,NULL,NULL,'auto',1,NULL,NULL,NULL,NULL,'#FFFFFF',1,NULL,NULL,NULL),(83,NULL,40748,NULL,NULL,'Convenio Multilateral - DDJJ',NULL,NULL,'','2023-01-17 10:00:00',1,NULL,'2023-01-17 10:30:00',NULL,0,NULL,'#FF0000',NULL,NULL,NULL,'auto',1,NULL,NULL,NULL,NULL,'#FFFFFF',1,NULL,NULL,NULL),(84,NULL,40748,NULL,NULL,'Convenio Multilateral - DDJJ',NULL,NULL,'','2023-02-16 10:00:00',1,NULL,'2023-02-16 10:30:00',NULL,0,NULL,'#FF0000',NULL,NULL,NULL,'auto',1,NULL,NULL,NULL,NULL,'#FFFFFF',1,NULL,NULL,NULL),(85,NULL,40748,NULL,NULL,'Convenio Multilateral - DDJJ',NULL,NULL,'','2023-03-16 10:00:00',1,NULL,'2023-03-16 10:30:00',NULL,0,NULL,'#FF0000',NULL,NULL,NULL,'auto',1,NULL,NULL,NULL,NULL,'#FFFFFF',1,NULL,NULL,NULL),(86,NULL,40748,NULL,NULL,'Convenio Multilateral - DDJJ',NULL,NULL,'','2023-04-18 10:00:00',1,NULL,'2023-04-18 10:30:00',NULL,0,NULL,'#FF0000',NULL,NULL,NULL,'auto',1,NULL,NULL,NULL,NULL,'#FFFFFF',1,NULL,NULL,NULL),(87,NULL,40748,NULL,NULL,'Convenio Multilateral - DDJJ',NULL,NULL,'','2023-05-16 10:00:00',1,NULL,'2023-05-16 10:30:00',NULL,0,NULL,'#FF0000',NULL,NULL,NULL,'auto',1,NULL,NULL,NULL,NULL,'#FFFFFF',1,NULL,NULL,NULL),(88,NULL,40748,NULL,NULL,'Convenio Multilateral - DDJJ',NULL,NULL,'','2023-06-16 10:00:00',1,NULL,'2023-06-16 10:30:00',NULL,0,NULL,'#FF0000',NULL,NULL,NULL,'auto',1,NULL,NULL,NULL,NULL,'#FFFFFF',1,NULL,NULL,NULL),(89,NULL,40748,NULL,NULL,'Convenio Multilateral - DDJJ',NULL,NULL,'','2023-07-18 10:00:00',1,NULL,'2023-07-18 10:30:00',NULL,0,NULL,'#FF0000',NULL,NULL,NULL,'auto',1,NULL,NULL,NULL,NULL,'#FFFFFF',1,NULL,NULL,NULL),(90,NULL,40748,NULL,NULL,'Convenio Multilateral - DDJJ',NULL,NULL,'','2023-08-16 10:00:00',1,NULL,'2023-08-16 10:30:00',NULL,0,NULL,'#FF0000',NULL,NULL,NULL,'auto',1,NULL,NULL,NULL,NULL,'#FFFFFF',1,NULL,NULL,NULL),(91,NULL,40748,NULL,NULL,'Convenio Multilateral - DDJJ',NULL,NULL,'','2023-09-18 10:00:00',1,NULL,'2023-09-18 10:30:00',NULL,0,NULL,'#FF0000',NULL,NULL,NULL,'auto',1,NULL,NULL,NULL,NULL,'#FFFFFF',1,NULL,NULL,NULL),(92,NULL,40748,NULL,NULL,'Convenio Multilateral - DDJJ',NULL,NULL,'','2023-10-18 10:00:00',1,NULL,'2023-10-18 10:30:00',NULL,0,NULL,'#FF0000',NULL,NULL,NULL,'auto',1,NULL,NULL,NULL,NULL,'#FFFFFF',1,NULL,NULL,NULL),(93,NULL,40748,NULL,NULL,'Convenio Multilateral - DDJJ',NULL,NULL,'','2023-11-16 10:00:00',1,NULL,'2023-11-16 10:30:00',NULL,0,NULL,'#FF0000',NULL,NULL,NULL,'auto',1,NULL,NULL,NULL,NULL,'#FFFFFF',1,NULL,NULL,NULL),(94,NULL,40748,NULL,NULL,'Convenio Multilateral - DDJJ',NULL,NULL,'','2023-12-18 10:00:00',1,NULL,'2023-12-18 10:30:00',NULL,0,NULL,'#FF0000',NULL,NULL,NULL,'auto',1,NULL,NULL,NULL,NULL,'#FFFFFF',1,NULL,NULL,NULL),(95,NULL,40748,NULL,NULL,'Monotributo',NULL,NULL,'','2023-01-20 10:00:00',1,NULL,'2023-01-20 10:30:00',NULL,0,NULL,'#FF0000',NULL,NULL,NULL,'auto',1,NULL,NULL,NULL,NULL,'#FFFFFF',1,NULL,NULL,NULL);
INSERT INTO `calendar` VALUES (96,NULL,40748,NULL,NULL,'Monotributo',NULL,NULL,'','2023-02-22 10:00:00',1,NULL,'2023-02-22 10:30:00',NULL,0,NULL,'#FF0000',NULL,NULL,NULL,'auto',1,NULL,NULL,NULL,NULL,'#FFFFFF',1,NULL,NULL,NULL),(97,NULL,40748,NULL,NULL,'Monotributo',NULL,NULL,'','2023-03-20 10:00:00',1,NULL,'2023-03-20 10:30:00',NULL,0,NULL,'#FF0000',NULL,NULL,NULL,'auto',1,NULL,NULL,NULL,NULL,'#FFFFFF',1,NULL,NULL,NULL),(98,NULL,40748,NULL,NULL,'Monotributo',NULL,NULL,'','2023-04-20 10:00:00',1,NULL,'2023-04-20 10:30:00',NULL,0,NULL,'#FF0000',NULL,NULL,NULL,'auto',1,NULL,NULL,NULL,NULL,'#FFFFFF',1,NULL,NULL,NULL),(99,NULL,40748,NULL,NULL,'Monotributo',NULL,NULL,'','2023-05-22 10:00:00',1,NULL,'2023-05-22 10:30:00',NULL,0,NULL,'#FF0000',NULL,NULL,NULL,'auto',1,NULL,NULL,NULL,NULL,'#FFFFFF',1,NULL,NULL,NULL),(100,NULL,40748,NULL,NULL,'Monotributo',NULL,NULL,'','2023-06-21 10:00:00',1,NULL,'2023-06-21 10:30:00',NULL,0,NULL,'#FF0000',NULL,NULL,NULL,'auto',1,NULL,NULL,NULL,NULL,'#FFFFFF',1,NULL,NULL,NULL),(101,NULL,40748,NULL,NULL,'Monotributo',NULL,NULL,'','2023-07-20 10:00:00',1,NULL,'2023-07-20 10:30:00',NULL,0,NULL,'#FF0000',NULL,NULL,NULL,'auto',1,NULL,NULL,NULL,NULL,'#FFFFFF',1,NULL,NULL,NULL),(102,NULL,40748,NULL,NULL,'Monotributo',NULL,NULL,'','2023-08-22 10:00:00',1,NULL,'2023-08-22 10:30:00',NULL,0,NULL,'#FF0000',NULL,NULL,NULL,'auto',1,NULL,NULL,NULL,NULL,'#FFFFFF',1,NULL,NULL,NULL),(103,NULL,40748,NULL,NULL,'Monotributo',NULL,NULL,'','2023-09-20 10:00:00',1,NULL,'2023-09-20 10:30:00',NULL,0,NULL,'#FF0000',NULL,NULL,NULL,'auto',1,NULL,NULL,NULL,NULL,'#FFFFFF',1,NULL,NULL,NULL),(104,NULL,40748,NULL,NULL,'Monotributo',NULL,NULL,'','2023-10-20 10:00:00',1,NULL,'2023-10-20 10:30:00',NULL,0,NULL,'#FF0000',NULL,NULL,NULL,'auto',1,NULL,NULL,NULL,NULL,'#FFFFFF',1,NULL,NULL,NULL),(105,NULL,40748,NULL,NULL,'Monotributo',NULL,NULL,'','2023-11-21 10:00:00',1,NULL,'2023-11-21 10:30:00',NULL,0,NULL,'#FF0000',NULL,NULL,NULL,'auto',1,NULL,NULL,NULL,NULL,'#FFFFFF',1,NULL,NULL,NULL),(106,NULL,40748,NULL,NULL,'Monotributo',NULL,NULL,'','2023-12-20 10:00:00',1,NULL,'2023-12-20 10:30:00',NULL,0,NULL,'#FF0000',NULL,NULL,NULL,'auto',1,NULL,NULL,NULL,NULL,'#FFFFFF',1,NULL,NULL,NULL),(107,NULL,40748,NULL,NULL,'Monotributo - Recategorizacion',NULL,NULL,'','2023-01-20 10:00:00',1,NULL,'2023-01-20 10:30:00',NULL,0,NULL,'#FF0000',NULL,NULL,NULL,'auto',1,NULL,NULL,NULL,NULL,'#FFFFFF',1,NULL,NULL,NULL),(108,NULL,40748,NULL,NULL,'Monotributo - Recategorizacion',NULL,NULL,'','2022-07-20 10:00:00',1,NULL,'2022-07-20 10:30:00',NULL,0,NULL,'#FF0000',NULL,NULL,NULL,'auto',1,NULL,NULL,NULL,NULL,'#FFFFFF',1,NULL,NULL,NULL);

--
-- Table structure for table `calendar_emails_telefonos`
--

CREATE TABLE `calendar_emails_telefonos` (
  `id` bigint(20) unsigned NOT NULL AUTO_INCREMENT,
  `user_id` int(10) unsigned DEFAULT NULL,
  `calendar_id` bigint(20) unsigned NOT NULL,
  `email` text COLLATE utf8mb4_unicode_ci,
  `celular` text COLLATE utf8mb4_unicode_ci,
  `created_at` timestamp NULL DEFAULT NULL,
  `updated_at` timestamp NULL DEFAULT NULL,
  `deleted_at` timestamp NULL DEFAULT NULL,
  PRIMARY KEY (`id`),
  KEY `calendar_emails_telefonos_calendar_id_foreign` (`calendar_id`),
  CONSTRAINT `calendar_emails_telefonos_calendar_id_foreign` FOREIGN KEY (`calendar_id`) REFERENCES `calendar` (`id`)
) ENGINE=InnoDB DEFAULT CHARSET=utf8mb4 COLLATE=utf8mb4_unicode_ci;

--
-- Dumping data for table `calendar_emails_telefonos`
--


--
-- Table structure for table `calendar_files`
--

CREATE TABLE `calendar_files` (
  `id` bigint(20) unsigned NOT NULL AUTO_INCREMENT,
  `user_id` int(10) unsigned DEFAULT NULL,
  `calendar_id` bigint(20) unsigned NOT NULL,
  `path` text COLLATE utf8mb4_unicode_ci NOT NULL,
  `original_name` text COLLATE utf8mb4_unicode_ci NOT NULL,
  `created_at` timestamp NULL DEFAULT NULL,
  `updated_at` timestamp NULL DEFAULT NULL,
  `deleted_at` timestamp NULL DEFAULT NULL,
  PRIMARY KEY (`id`),
  KEY `calendar_files_calendar_id_foreign` (`calendar_id`),
  CONSTRAINT `calendar_files_calendar_id_foreign` FOREIGN KEY (`calendar_id`) REFERENCES `calendar` (`id`)
) ENGINE=InnoDB DEFAULT CHARSET=utf8mb4 COLLATE=utf8mb4_unicode_ci;

--
-- Dumping data for table `calendar_files`
--


--
-- Table structure for table `calendar_niv_1`
--

CREATE TABLE `calendar_niv_1` (
  `id` bigint(20) unsigned NOT NULL AUTO_INCREMENT,
  `user_id` int(10) unsigned DEFAULT NULL,
  `person_id` int(10) unsigned NOT NULL,
  `descripcion` longtext COLLATE utf8mb4_unicode_ci,
  `detalle` text COLLATE utf8mb4_unicode_ci,
  `habilitado` tinyint(1) NOT NULL DEFAULT '1',
  `created_at` timestamp NULL DEFAULT NULL,
  `updated_at` timestamp NULL DEFAULT NULL,
  `deleted_at` timestamp NULL DEFAULT NULL,
  PRIMARY KEY (`id`),
  KEY `calendar_niv_1_person_id_foreign` (`person_id`),
  CONSTRAINT `calendar_niv_1_person_id_foreign` FOREIGN KEY (`person_id`) REFERENCES `persons` (`id`)
) ENGINE=InnoDB DEFAULT CHARSET=utf8mb4 COLLATE=utf8mb4_unicode_ci;

--
-- Dumping data for table `calendar_niv_1`
--


--
-- Table structure for table `calendar_niv_1_2`
--

CREATE TABLE `calendar_niv_1_2` (
  `id` bigint(20) unsigned NOT NULL AUTO_INCREMENT,
  `user_id` int(10) unsigned DEFAULT NULL,
  `person_id` int(10) unsigned NOT NULL,
  `calendar_niv_1_id` bigint(20) unsigned NOT NULL,
  `calendar_niv_2_id` bigint(20) unsigned NOT NULL,
  `created_at` timestamp NULL DEFAULT NULL,
  `updated_at` timestamp NULL DEFAULT NULL,
  `deleted_at` timestamp NULL DEFAULT NULL,
  PRIMARY KEY (`id`),
  KEY `calendar_niv_1_2_person_id_foreign` (`person_id`),
  KEY `calendar_niv_1_2_calendar_niv_1_id_foreign` (`calendar_niv_1_id`),
  KEY `calendar_niv_1_2_calendar_niv_2_id_foreign` (`calendar_niv_2_id`),
  CONSTRAINT `calendar_niv_1_2_calendar_niv_1_id_foreign` FOREIGN KEY (`calendar_niv_1_id`) REFERENCES `calendar_niv_1` (`id`),
  CONSTRAINT `calendar_niv_1_2_calendar_niv_2_id_foreign` FOREIGN KEY (`calendar_niv_2_id`) REFERENCES `calendar_niv_2` (`id`),
  CONSTRAINT `calendar_niv_1_2_person_id_foreign` FOREIGN KEY (`person_id`) REFERENCES `persons` (`id`)
) ENGINE=InnoDB DEFAULT CHARSET=utf8mb4 COLLATE=utf8mb4_unicode_ci;

--
-- Dumping data for table `calendar_niv_1_2`
--


--
-- Table structure for table `calendar_niv_2`
--

CREATE TABLE `calendar_niv_2` (
  `id` bigint(20) unsigned NOT NULL AUTO_INCREMENT,
  `user_id` int(10) unsigned DEFAULT NULL,
  `person_id` int(10) unsigned NOT NULL,
  `descripcion` longtext COLLATE utf8mb4_unicode_ci,
  `detalle` text COLLATE utf8mb4_unicode_ci,
  `habilitado` tinyint(1) NOT NULL DEFAULT '1',
  `created_at` timestamp NULL DEFAULT NULL,
  `updated_at` timestamp NULL DEFAULT NULL,
  `deleted_at` timestamp NULL DEFAULT NULL,
  PRIMARY KEY (`id`),
  KEY `calendar_niv_2_person_id_foreign` (`person_id`),
  CONSTRAINT `calendar_niv_2_person_id_foreign` FOREIGN KEY (`person_id`) REFERENCES `persons` (`id`)
) ENGINE=InnoDB DEFAULT CHARSET=utf8mb4 COLLATE=utf8mb4_unicode_ci;

--
-- Dumping data for table `calendar_niv_2`
--


--
-- Table structure for table `calendar_notificaciones`
--

CREATE TABLE `calendar_notificaciones` (
  `id` bigint(20) unsigned NOT NULL AUTO_INCREMENT,
  `user_id` int(10) unsigned DEFAULT NULL,
  `calendar_id` bigint(20) unsigned NOT NULL,
  `start` datetime DEFAULT NULL,
  `tipo_de_notificacion_id` int(10) unsigned NOT NULL,
  `cantidad` int(10) unsigned NOT NULL,
  `unidad_de_tiempo_id` int(10) unsigned NOT NULL,
  `created_at` timestamp NULL DEFAULT NULL,
  `updated_at` timestamp NULL DEFAULT NULL,
  `deleted_at` timestamp NULL DEFAULT NULL,
  PRIMARY KEY (`id`),
  KEY `calendar_notificaciones_calendar_id_foreign` (`calendar_id`),
  CONSTRAINT `calendar_notificaciones_calendar_id_foreign` FOREIGN KEY (`calendar_id`) REFERENCES `calendar` (`id`)
) ENGINE=InnoDB DEFAULT CHARSET=utf8mb4 COLLATE=utf8mb4_unicode_ci;

--
-- Dumping data for table `calendar_notificaciones`
--


--
-- Table structure for table `calendar_tur_dispo`
--

CREATE TABLE `calendar_tur_dispo` (
  `id` bigint(20) unsigned NOT NULL AUTO_INCREMENT,
  `user_id` int(10) unsigned DEFAULT NULL,
  `person_id` int(10) unsigned NOT NULL,
  `calendar_niv_1_id` bigint(20) unsigned NOT NULL,
  `calendar_niv_2_id` bigint(20) unsigned NOT NULL,
  `dia_hora` datetime(5) DEFAULT NULL,
  `duracion` varchar(191) COLLATE utf8mb4_unicode_ci NOT NULL DEFAULT '00:30',
  `created_at` timestamp NULL DEFAULT NULL,
  `updated_at` timestamp NULL DEFAULT NULL,
  `deleted_at` timestamp NULL DEFAULT NULL,
  PRIMARY KEY (`id`),
  KEY `calendar_tur_dispo_person_id_foreign` (`person_id`),
  KEY `calendar_tur_dispo_calendar_niv_1_id_foreign` (`calendar_niv_1_id`),
  KEY `calendar_tur_dispo_calendar_niv_2_id_foreign` (`calendar_niv_2_id`),
  CONSTRAINT `calendar_tur_dispo_calendar_niv_1_id_foreign` FOREIGN KEY (`calendar_niv_1_id`) REFERENCES `calendar_niv_1` (`id`),
  CONSTRAINT `calendar_tur_dispo_calendar_niv_2_id_foreign` FOREIGN KEY (`calendar_niv_2_id`) REFERENCES `calendar_niv_2` (`id`),
  CONSTRAINT `calendar_tur_dispo_person_id_foreign` FOREIGN KEY (`person_id`) REFERENCES `persons` (`id`)
) ENGINE=InnoDB DEFAULT CHARSET=utf8mb4 COLLATE=utf8mb4_unicode_ci;

--
-- Dumping data for table `calendar_tur_dispo`
--


--
-- Table structure for table `calendar_tur_dispo_datos`
--

CREATE TABLE `calendar_tur_dispo_datos` (
  `id` bigint(20) unsigned NOT NULL AUTO_INCREMENT,
  `user_id` int(10) unsigned DEFAULT NULL,
  `person_id` int(10) unsigned NOT NULL,
  `calendar_tur_dispo_id` bigint(20) unsigned NOT NULL,
  `email` text COLLATE utf8mb4_unicode_ci NOT NULL,
  `nombre_ape` text COLLATE utf8mb4_unicode_ci NOT NULL,
  `celular` text COLLATE utf8mb4_unicode_ci NOT NULL,
  `created_at` timestamp NULL DEFAULT NULL,
  `updated_at` timestamp NULL DEFAULT NULL,
  `deleted_at` timestamp NULL DEFAULT NULL,
  PRIMARY KEY (`id`),
  KEY `calendar_tur_dispo_datos_person_id_foreign` (`person_id`),
  KEY `calendar_tur_dispo_datos_calendar_tur_dispo_id_foreign` (`calendar_tur_dispo_id`),
  CONSTRAINT `calendar_tur_dispo_datos_calendar_tur_dispo_id_foreign` FOREIGN KEY (`calendar_tur_dispo_id`) REFERENCES `calendar_tur_dispo` (`id`),
  CONSTRAINT `calendar_tur_dispo_datos_person_id_foreign` FOREIGN KEY (`person_id`) REFERENCES `persons` (`id`)
) ENGINE=InnoDB DEFAULT CHARSET=utf8mb4 COLLATE=utf8mb4_unicode_ci;

--
-- Dumping data for table `calendar_tur_dispo_datos`
--


--
-- Table structure for table `calle`
--

CREATE TABLE `calle` (
  `id` int(10) unsigned NOT NULL AUTO_INCREMENT,
  `user_id` int(10) unsigned DEFAULT NULL,
  `localidad_id` int(10) unsigned NOT NULL,
  `descripcion` varchar(191) COLLATE utf8mb4_unicode_ci NOT NULL,
  `desdealt` int(10) unsigned DEFAULT NULL,
  `hastaalt` int(10) unsigned DEFAULT NULL,
  `codpostal` int(10) unsigned DEFAULT NULL,
  `habilitado` tinyint(1) NOT NULL DEFAULT '1',
  `created_at` timestamp NULL DEFAULT NULL,
  `updated_at` timestamp NULL DEFAULT NULL,
  `deleted_at` timestamp NULL DEFAULT NULL,
  PRIMARY KEY (`id`),
  KEY `calle_localidad_id_foreign` (`localidad_id`),
  CONSTRAINT `calle_localidad_id_foreign` FOREIGN KEY (`localidad_id`) REFERENCES `localidad` (`id`)
) ENGINE=InnoDB AUTO_INCREMENT=2 DEFAULT CHARSET=utf8mb4 COLLATE=utf8mb4_unicode_ci;

--
-- Dumping data for table `calle`
--

INSERT INTO `calle` VALUES (1,NULL,1,'Ramon Falcon',6800,7500,1408,1,'2020-05-28 20:55:23','2020-05-28 20:55:23',NULL);

--
-- Table structure for table `categorias_iibb`
--

CREATE TABLE `categorias_iibb` (
  `id` int(10) unsigned NOT NULL AUTO_INCREMENT,
  `categoria` varchar(255) COLLATE utf8mb4_unicode_ci DEFAULT NULL,
  `impuesto` decimal(16,2) DEFAULT NULL,
  `anual` decimal(16,2) DEFAULT NULL,
  `facAnual` decimal(16,2) DEFAULT NULL,
  `superficie` int(11) DEFAULT NULL,
  `energia` int(11) DEFAULT NULL,
  `comentario` varchar(255) COLLATE utf8mb4_unicode_ci DEFAULT NULL,
  `vigente` varchar(255) COLLATE utf8mb4_unicode_ci NOT NULL DEFAULT '1',
  `created_at` timestamp NULL DEFAULT NULL,
  `updated_at` timestamp NULL DEFAULT NULL,
  `deleted_at` timestamp NULL DEFAULT NULL,
  PRIMARY KEY (`id`)
) ENGINE=InnoDB AUTO_INCREMENT=9 DEFAULT CHARSET=utf8mb4 COLLATE=utf8mb4_unicode_ci;

--
-- Dumping data for table `categorias_iibb`
--

INSERT INTO `categorias_iibb` VALUES (1,'A',1850.00,11100.00,370000.00,30,3300,NULL,'1',NULL,'2022-10-23 23:32:30',NULL),(2,'B',2750.00,16500.00,550000.00,45,5000,NULL,'1',NULL,'2022-10-23 23:32:30',NULL),(3,'C',3850.00,23100.00,770000.00,60,6700,NULL,'1',NULL,'2022-10-23 23:32:30',NULL),(4,'D',5300.00,31800.00,1060000.00,85,10000,NULL,'1',NULL,'2022-10-23 23:32:30',NULL),(5,'E',7000.00,42000.00,1400000.00,110,13000,NULL,'1',NULL,'2022-10-23 23:32:30',NULL),(6,'F',8750.00,52500.00,1750000.00,150,16500,NULL,'1',NULL,'2022-10-23 23:32:30',NULL),(7,'G',10500.00,63000.00,2100000.00,200,20000,NULL,'1',NULL,'2022-10-23 23:32:30',NULL),(8,'H',13000.00,78000.00,2600000.00,200,20000,NULL,'1',NULL,'2022-10-23 23:32:30',NULL);

--
-- Table structure for table `categorias_monotributo`
--

CREATE TABLE `categorias_monotributo` (
  `id` int(10) unsigned NOT NULL AUTO_INCREMENT,
  `categoria` varchar(255) COLLATE utf8mb4_unicode_ci DEFAULT NULL,
  `facAnual` decimal(16,2) DEFAULT NULL,
  `facMensual` decimal(16,2) DEFAULT NULL,
  `actividad` varchar(255) COLLATE utf8mb4_unicode_ci DEFAULT NULL,
  `empleados` varchar(255) COLLATE utf8mb4_unicode_ci DEFAULT NULL,
  `superficie` int(11) DEFAULT NULL,
  `energia` int(11) DEFAULT NULL,
  `alquileres` decimal(16,2) DEFAULT NULL,
  `impuesto_servicio` decimal(16,2) DEFAULT NULL,
  `impuesto_venta` decimal(16,2) DEFAULT NULL,
  `sipa` decimal(16,2) DEFAULT NULL,
  `obraSocial` decimal(16,2) DEFAULT NULL,
  `totalServicio` decimal(16,2) DEFAULT NULL,
  `totalVenta` decimal(16,2) DEFAULT NULL,
  `comentario` varchar(255) COLLATE utf8mb4_unicode_ci DEFAULT NULL,
  `desde` date DEFAULT NULL,
  `hasta` date DEFAULT NULL,
  `vigente` varchar(255) COLLATE utf8mb4_unicode_ci NOT NULL DEFAULT '0',
  `created_at` timestamp NULL DEFAULT NULL,
  `updated_at` timestamp NULL DEFAULT NULL,
  `deleted_at` timestamp NULL DEFAULT NULL,
  PRIMARY KEY (`id`)
) ENGINE=InnoDB AUTO_INCREMENT=15 DEFAULT CHARSET=utf8mb4 COLLATE=utf8mb4_unicode_ci;

--
-- Dumping data for table `categorias_monotributo`
--

INSERT INTO `categorias_monotributo` VALUES (1,'A',2108288.01,175690.67,'No Excluida','0',30,3330,485448.92,1047.86,1047.86,4623.27,6457.26,12128.39,12128.39,NULL,'2018-01-01',NULL,'1',NULL,NULL,NULL),(2,'B',3133941.63,261161.80,'No Excluida','0',45,5000,485448.92,2018.89,2018.89,5085.60,6457.26,13561.75,13561.75,NULL,'2018-01-01',NULL,'1',NULL,NULL,NULL),(3,'C',4387518.23,365626.52,'No Excluida','0',60,6700,970897.79,3452.09,3190.00,5594.16,6457.26,15503.51,15241.42,NULL,'2018-01-01',NULL,'1',NULL,NULL,NULL),(4,'D',5449094.55,454091.21,'No Excluida','0',85,10000,970897.79,5671.23,5239.75,6153.58,7673.13,19497.94,19066.46,NULL,'2018-01-01',NULL,'1',NULL,NULL,NULL),(5,'E',6416528.72,534710.73,'No Excluida','0',110,13000,1209769.40,10787.67,8368.13,6768.94,9389.36,26945.97,24526.43,NULL,'2018-01-01',NULL,'1',NULL,NULL,NULL),(6,'F',8020660.90,668388.41,'No Excluida','0',150,16500,1213622.14,14840.88,10926.38,7445.83,10850.90,33137.61,29223.11,NULL,'2018-01-01',NULL,'1',NULL,NULL,NULL),(7,'G',9624793.05,802066.09,'No Excluida','0',200,20000,1456346.67,18878.58,13623.24,8190.41,11625.96,38694.95,33439.61,NULL,'2018-01-01',NULL,'1',NULL,NULL,NULL),(8,'H',11916410.45,993034.20,'No Excluida','0',200,20000,1941795.53,43150.91,33442.08,9009.45,13951.15,66111.51,56402.68,NULL,'2018-01-01',NULL,'1',NULL,NULL,NULL),(9,'I',13337213.22,1111434.44,'Venta de Bs Muebles','0',200,20000,1941795.53,NULL,53938.71,9910.39,17272.86,NULL,81121.96,NULL,'2018-01-01',NULL,'1',NULL,NULL,NULL),(10,'J',15285088.04,1273757.34,'Venta de Bs Muebles','0',200,20000,1941795.53,NULL,63385.73,10901.43,19332.31,NULL,93619.47,NULL,'2018-01-01',NULL,'1',NULL,NULL,NULL),(11,'K',16957968.71,1413164.06,'Venta de Bs Muebles','0',200,20000,1941795.53,NULL,72817.31,11991.57,22155.77,NULL,106964.65,NULL,'2018-01-01',NULL,'1',NULL,NULL,NULL),(12,'Monotributo Social',1414762.00,117896.00,'No Excluida','0',0,0,0.00,0.00,0.00,0.00,0.00,0.00,0.00,NULL,'2018-01-01',NULL,'1','2020-02-27 02:46:40','2020-02-27 02:46:40',NULL),(13,'A Exento',1414762.00,117896.00,NULL,NULL,NULL,NULL,230178.48,0.00,0.00,2192.15,3061.75,5253.90,5253.90,'',NULL,NULL,'0',NULL,NULL,NULL),(14,'B Exento',2103025.00,175252.00,NULL,NULL,NULL,NULL,230178.48,0.00,0.00,2411.36,3061.75,5473.11,5473.11,'',NULL,NULL,'0',NULL,NULL,NULL);

--
-- Table structure for table `charlas_details`
--

CREATE TABLE `charlas_details` (
  `id` int(10) unsigned NOT NULL AUTO_INCREMENT,
  `user_id` int(10) unsigned DEFAULT NULL,
  `charla` longtext COLLATE utf8mb4_unicode_ci NOT NULL,
  `person_id` int(10) unsigned NOT NULL,
  `status` int(10) unsigned NOT NULL DEFAULT '1',
  `created_at` timestamp NULL DEFAULT NULL,
  `updated_at` timestamp NULL DEFAULT NULL,
  `deleted_at` timestamp NULL DEFAULT NULL,
  PRIMARY KEY (`id`),
  KEY `charlas_details_person_id_foreign` (`person_id`),
  CONSTRAINT `charlas_details_person_id_foreign` FOREIGN KEY (`person_id`) REFERENCES `persons` (`id`)
) ENGINE=InnoDB DEFAULT CHARSET=utf8mb4 COLLATE=utf8mb4_unicode_ci;

--
-- Dumping data for table `charlas_details`
--

DELIMITER ;;
/*!50003 CREATE*/ /*!50017 DEFINER=`forge`@`%`*/ /*!50003 TRIGGER `CharlaDetail_BD` BEFORE DELETE ON `charlas_details` FOR EACH ROW insert into back_up_charlas_details (charla,person_id,modificado)
values(old.charla,old.person_id,now()) */;;
DELIMITER ;

--
-- Table structure for table `chequeras_tipos`
--

CREATE TABLE `chequeras_tipos` (
  `id` int(10) unsigned NOT NULL AUTO_INCREMENT,
  `user_id` int(10) unsigned DEFAULT NULL,
  `descripcion` text COLLATE utf8mb4_unicode_ci NOT NULL,
  `habilitado` tinyint(1) NOT NULL DEFAULT '1',
  `created_at` timestamp NULL DEFAULT NULL,
  `updated_at` timestamp NULL DEFAULT NULL,
  `deleted_at` timestamp NULL DEFAULT NULL,
  PRIMARY KEY (`id`)
) ENGINE=InnoDB AUTO_INCREMENT=4 DEFAULT CHARSET=utf8mb4 COLLATE=utf8mb4_unicode_ci;

--
-- Dumping data for table `chequeras_tipos`
--

INSERT INTO `chequeras_tipos` VALUES (1,NULL,'Fisica',1,NULL,NULL,NULL),(2,NULL,'Electronica',1,NULL,NULL,NULL),(3,NULL,'Transferencias',1,NULL,NULL,NULL);

--
-- Table structure for table `cheques_transfer_emitidas`
--

CREATE TABLE `cheques_transfer_emitidas` (
  `id` bigint(20) unsigned NOT NULL AUTO_INCREMENT,
  `user_id` int(10) unsigned DEFAULT NULL,
  `person_id` int(10) unsigned NOT NULL,
  `cta_cte_cliente_detail_id` int(10) unsigned DEFAULT NULL,
  `cta_cte_tesoreria_detail_id` int(10) unsigned DEFAULT NULL,
  `cta_cte_tesoreria_cuenta_id` int(10) unsigned NOT NULL,
  `cta_cte_tesoreria_banco_cheq_id` int(10) unsigned NOT NULL,
  `fecha_emision` date NOT NULL,
  `fecha_cobro` date NOT NULL,
  `numero_cheque` int(11) NOT NULL,
  `importe` decimal(16,2) NOT NULL DEFAULT '0.00',
  `created_at` timestamp NULL DEFAULT NULL,
  `updated_at` timestamp NULL DEFAULT NULL,
  `deleted_at` timestamp NULL DEFAULT NULL,
  PRIMARY KEY (`id`),
  KEY `cheques_transfer_emitidas_person_id_foreign` (`person_id`),
  KEY `cheques_transfer_emitidas_cta_cte_cliente_detail_id_foreign` (`cta_cte_cliente_detail_id`),
  KEY `cheques_transfer_emitidas_cta_cte_tesoreria_detail_id_foreign` (`cta_cte_tesoreria_detail_id`),
  KEY `cheques_transfer_emitidas_cta_cte_tesoreria_cuenta_id_foreign` (`cta_cte_tesoreria_cuenta_id`),
  KEY `cte_tes_ban_che_id_foreign` (`cta_cte_tesoreria_banco_cheq_id`),
  CONSTRAINT `cheques_transfer_emitidas_cta_cte_cliente_detail_id_foreign` FOREIGN KEY (`cta_cte_cliente_detail_id`) REFERENCES `cta_cte_cliente_details` (`id`),
  CONSTRAINT `cheques_transfer_emitidas_cta_cte_tesoreria_cuenta_id_foreign` FOREIGN KEY (`cta_cte_tesoreria_cuenta_id`) REFERENCES `cta_cte_tesoreria_cuentas` (`id`),
  CONSTRAINT `cheques_transfer_emitidas_cta_cte_tesoreria_detail_id_foreign` FOREIGN KEY (`cta_cte_tesoreria_detail_id`) REFERENCES `cta_cte_tesoreria_detail` (`id`),
  CONSTRAINT `cheques_transfer_emitidas_person_id_foreign` FOREIGN KEY (`person_id`) REFERENCES `persons` (`id`),
  CONSTRAINT `cte_tes_ban_che_id_foreign` FOREIGN KEY (`cta_cte_tesoreria_banco_cheq_id`) REFERENCES `cta_cte_tesoreria_banco_cheq` (`id`)
) ENGINE=InnoDB DEFAULT CHARSET=utf8mb4 COLLATE=utf8mb4_unicode_ci;

--
-- Dumping data for table `cheques_transfer_emitidas`
--


--
-- Table structure for table `claves`
--

CREATE TABLE `claves` (
  `id` int(10) unsigned NOT NULL AUTO_INCREMENT,
  `user_id` int(10) unsigned DEFAULT NULL,
  `name` varchar(255) COLLATE utf8mb4_unicode_ci NOT NULL,
  `created_at` timestamp NULL DEFAULT NULL,
  `updated_at` timestamp NULL DEFAULT NULL,
  `deleted_at` timestamp NULL DEFAULT NULL,
  PRIMARY KEY (`id`)
) ENGINE=InnoDB AUTO_INCREMENT=44 DEFAULT CHARSET=utf8mb4 COLLATE=utf8mb4_unicode_ci;

--
-- Dumping data for table `claves`
--

INSERT INTO `claves` VALUES (1,NULL,'Clave Fiscal',NULL,NULL,NULL),(2,NULL,'Clave Ciudad',NULL,NULL,NULL),(3,NULL,'Clave ARBA',NULL,NULL,NULL),(4,NULL,'Clave ANSES',NULL,NULL,NULL),(5,NULL,'Catedral',NULL,NULL,NULL),(6,NULL,'CEMIBA',NULL,NULL,NULL),(7,NULL,'COMPRA ARG',NULL,NULL,NULL),(8,NULL,'Consejo Ciencias Economicas',NULL,NULL,NULL),(9,NULL,'Correo',NULL,NULL,NULL),(10,NULL,'CUR',NULL,NULL,NULL),(11,NULL,'Firma Digital',NULL,NULL,NULL),(12,NULL,'Interbanking',NULL,NULL,NULL),(13,NULL,'Banco Citibank',NULL,NULL,NULL),(14,NULL,'Banco Ciudad',NULL,NULL,NULL),(15,NULL,'Banco Frances',NULL,NULL,NULL),(16,NULL,'Banco Galicia',NULL,NULL,NULL),(17,NULL,'Banco HSBC',NULL,NULL,NULL),(18,NULL,'Banco Itau',NULL,NULL,NULL),(19,NULL,'Banco Nacion',NULL,NULL,NULL),(20,NULL,'Banco Macro',NULL,NULL,NULL),(21,NULL,'Banco Patagonia',NULL,NULL,NULL),(22,NULL,'Banco Provincia',NULL,NULL,NULL),(23,NULL,'Banco Santander',NULL,NULL,NULL),(24,NULL,'Banco Supervielle',NULL,NULL,NULL),(25,NULL,'Seguridad e Higiene',NULL,NULL,NULL),(26,NULL,'Sindicato - ANSES',NULL,NULL,NULL),(27,NULL,'Sindicato - AOT',NULL,NULL,NULL),(28,NULL,'Sindicato - ATSA',NULL,NULL,NULL),(29,NULL,'Sindicato - Camioneros',NULL,NULL,NULL),(30,NULL,'Sindicato - Guinchero',NULL,NULL,NULL),(31,NULL,'Sindicato - IERIC',NULL,NULL,NULL),(32,NULL,'Sindicato - La Estrella',NULL,NULL,NULL),(33,NULL,'Sindicato - Nemesis',NULL,NULL,NULL),(34,NULL,'Sindicato - Pasta',NULL,NULL,NULL),(35,NULL,'Sindicato - SEC',NULL,NULL,NULL),(36,NULL,'Sindicato - SICOP',NULL,NULL,NULL),(37,NULL,'Sindicato - SOCAYA',NULL,NULL,NULL),(38,NULL,'Sindicato - UTHGRA',NULL,NULL,NULL),(39,NULL,'Sindicato - INACAP',NULL,NULL,NULL),(40,NULL,'Sindicato - Otro',NULL,NULL,NULL),(41,NULL,'Otra',NULL,NULL,NULL),(42,NULL,'Prisma - Firma Digital',NULL,NULL,NULL),(43,NULL,'Sindicato - FATSA',NULL,NULL,NULL);

--
-- Table structure for table `claves_details`
--

CREATE TABLE `claves_details` (
  `id` int(10) unsigned NOT NULL AUTO_INCREMENT,
  `user_id` int(10) unsigned DEFAULT NULL,
  `clave` varchar(255) COLLATE utf8mb4_unicode_ci DEFAULT NULL,
  `valor` varchar(255) COLLATE utf8mb4_unicode_ci NOT NULL,
  `comentario` varchar(255) COLLATE utf8mb4_unicode_ci DEFAULT NULL,
  `clave_id` int(10) unsigned NOT NULL,
  `person_id` int(10) unsigned NOT NULL,
  `status` int(10) unsigned NOT NULL DEFAULT '1',
  `created_at` timestamp NULL DEFAULT NULL,
  `updated_at` timestamp NULL DEFAULT NULL,
  `deleted_at` timestamp NULL DEFAULT NULL,
  PRIMARY KEY (`id`),
  KEY `claves_details_clave_id_foreign` (`clave_id`),
  KEY `claves_details_person_id_foreign` (`person_id`),
  CONSTRAINT `claves_details_clave_id_foreign` FOREIGN KEY (`clave_id`) REFERENCES `claves` (`id`),
  CONSTRAINT `claves_details_person_id_foreign` FOREIGN KEY (`person_id`) REFERENCES `persons` (`id`)
) ENGINE=InnoDB AUTO_INCREMENT=47 DEFAULT CHARSET=utf8mb4 COLLATE=utf8mb4_unicode_ci;

--
-- Dumping data for table `claves_details`
--

INSERT INTO `claves_details` VALUES (12,7479,NULL,'Flor056544',NULL,1,40722,1,'2022-07-29 22:19:52','2022-07-29 22:19:52',NULL),(41,7479,NULL,'Impuestos2022',NULL,1,40727,1,'2022-08-02 18:46:07','2022-08-02 18:46:07',NULL),(45,7479,NULL,'Impuestos2022',NULL,1,40748,1,'2022-08-11 19:32:36','2022-08-11 19:32:36',NULL),(46,7479,NULL,'Lasheras1790*',NULL,1,40719,1,'2023-06-29 21:37:57','2023-06-29 21:37:57',NULL);
DELIMITER ;;
/*!50003 CREATE*/ /*!50017 DEFINER=`forge`@`%`*/ /*!50003 TRIGGER `ClavesDetail_BD` BEFORE DELETE ON `claves_details` FOR EACH ROW insert into back_up_claves_details (clave,valor,comentario,clave_id,person_id,modificado)
values(old.clave,old.valor,old.comentario,old.clave_id,old.person_id,now()) */;;
DELIMITER ;

--
-- Table structure for table `claves_mails`
--

CREATE TABLE `claves_mails` (
  `id` int(10) unsigned NOT NULL AUTO_INCREMENT,
  `description` varchar(180) COLLATE utf8mb4_unicode_ci NOT NULL,
  `class` int(10) unsigned NOT NULL,
  `class_description` varchar(180) COLLATE utf8mb4_unicode_ci NOT NULL,
  `path` varchar(255) COLLATE utf8mb4_unicode_ci DEFAULT NULL,
  `created_at` timestamp NULL DEFAULT NULL,
  `updated_at` timestamp NULL DEFAULT NULL,
  PRIMARY KEY (`id`)
) ENGINE=InnoDB AUTO_INCREMENT=6 DEFAULT CHARSET=utf8mb4 COLLATE=utf8mb4_unicode_ci;

--
-- Dumping data for table `claves_mails`
--

INSERT INTO `claves_mails` VALUES (1,'Listado de Claves',1,'Claves','claves_mails/claves_listado',NULL,NULL),(3,'Listado de Mails',2,'Mails','claves_mails/mails_listado',NULL,NULL),(5,'Listado de Charlas',3,'Charlas','claves_mails/charlas_listado',NULL,NULL);

--
-- Table structure for table `cm_articulos_regimenes`
--

CREATE TABLE `cm_articulos_regimenes` (
  `id` int(10) unsigned NOT NULL AUTO_INCREMENT,
  `user_id` int(11) DEFAULT NULL,
  `descripcion` longtext COLLATE utf8mb4_unicode_ci,
  `codigo` int(11) DEFAULT NULL,
  `habilitado` tinyint(1) NOT NULL DEFAULT '0',
  `created_at` timestamp NULL DEFAULT NULL,
  `updated_at` timestamp NULL DEFAULT NULL,
  `deleted_at` timestamp NULL DEFAULT NULL,
  PRIMARY KEY (`id`)
) ENGINE=InnoDB AUTO_INCREMENT=11 DEFAULT CHARSET=utf8mb4 COLLATE=utf8mb4_unicode_ci;

--
-- Dumping data for table `cm_articulos_regimenes`
--

INSERT INTO `cm_articulos_regimenes` VALUES (1,NULL,'Articulo 2',2,1,'2022-07-29 18:55:22','2022-07-29 18:55:22',NULL),(2,NULL,'Articulo 6',6,0,'2022-07-29 18:55:22','2022-07-29 18:55:22',NULL),(3,NULL,'Articulo 7',7,0,'2022-07-29 18:55:22','2022-07-29 18:55:22',NULL),(4,NULL,'Articulo 8',8,0,'2022-07-29 18:55:22','2022-07-29 18:55:22',NULL),(5,NULL,'Articulo 9',9,0,'2022-07-29 18:55:22','2022-07-29 18:55:22',NULL),(6,NULL,'Articulo 10',10,0,'2022-07-29 18:55:22','2022-07-29 18:55:22',NULL),(7,NULL,'Articulo 11',11,0,'2022-07-29 18:55:22','2022-07-29 18:55:22',NULL),(8,NULL,'Articulo 12',12,0,'2022-07-29 18:55:22','2022-07-29 18:55:22',NULL),(9,NULL,'Articulo 13',13,0,'2022-07-29 18:55:22','2022-07-29 18:55:22',NULL),(10,NULL,'Articulo 14',14,1,'2022-07-29 18:55:22','2022-07-29 18:55:22',NULL);

--
-- Table structure for table `cobradores`
--

CREATE TABLE `cobradores` (
  `id` bigint(20) unsigned NOT NULL AUTO_INCREMENT,
  `person_id` int(10) unsigned NOT NULL,
  `descripcion` text COLLATE utf8mb4_unicode_ci NOT NULL,
  `telefono` text COLLATE utf8mb4_unicode_ci NOT NULL,
  `habilitado` tinyint(1) NOT NULL DEFAULT '1',
  `created_at` timestamp NULL DEFAULT NULL,
  `updated_at` timestamp NULL DEFAULT NULL,
  `deleted_at` timestamp NULL DEFAULT NULL,
  PRIMARY KEY (`id`),
  KEY `cobradores_person_id_foreign` (`person_id`),
  CONSTRAINT `cobradores_person_id_foreign` FOREIGN KEY (`person_id`) REFERENCES `persons` (`id`)
) ENGINE=InnoDB DEFAULT CHARSET=utf8mb4 COLLATE=utf8mb4_unicode_ci;

--
-- Dumping data for table `cobradores`
--


--
-- Table structure for table `cobradores_datos`
--

CREATE TABLE `cobradores_datos` (
  `id` bigint(20) unsigned NOT NULL AUTO_INCREMENT,
  `user_id` int(10) unsigned DEFAULT NULL,
  `cobrador_id` bigint(20) unsigned NOT NULL,
  `url_panel` longtext COLLATE utf8mb4_unicode_ci,
  `usuario` text COLLATE utf8mb4_unicode_ci,
  `clave` text COLLATE utf8mb4_unicode_ci,
  `numero_de_soporte` text COLLATE utf8mb4_unicode_ci,
  `inicial_create_user` text COLLATE utf8mb4_unicode_ci,
  `imp_min_p_retirar` int(11) DEFAULT NULL,
  `secret_recarga` text COLLATE utf8mb4_unicode_ci,
  `secret_on_off` text COLLATE utf8mb4_unicode_ci,
  `clave_new_user` text COLLATE utf8mb4_unicode_ci,
  `created_at` timestamp NULL DEFAULT NULL,
  `updated_at` timestamp NULL DEFAULT NULL,
  `deleted_at` timestamp NULL DEFAULT NULL,
  PRIMARY KEY (`id`),
  KEY `cobradores_datos_cobrador_id_foreign` (`cobrador_id`),
  CONSTRAINT `cobradores_datos_cobrador_id_foreign` FOREIGN KEY (`cobrador_id`) REFERENCES `cobradores` (`id`)
) ENGINE=InnoDB DEFAULT CHARSET=utf8mb4 COLLATE=utf8mb4_unicode_ci;

--
-- Dumping data for table `cobradores_datos`
--


--
-- Table structure for table `cobradores_metodos`
--

CREATE TABLE `cobradores_metodos` (
  `id` bigint(20) unsigned NOT NULL AUTO_INCREMENT,
  `user_id` int(10) unsigned DEFAULT NULL,
  `person_id` int(10) unsigned NOT NULL,
  `descripcion` varchar(255) COLLATE utf8mb4_unicode_ci NOT NULL,
  `habilitado` tinyint(1) NOT NULL DEFAULT '1',
  `created_at` timestamp NULL DEFAULT NULL,
  `updated_at` timestamp NULL DEFAULT NULL,
  `deleted_at` timestamp NULL DEFAULT NULL,
  PRIMARY KEY (`id`),
  UNIQUE KEY `cobradores_metodos_descripcion_unique` (`descripcion`),
  KEY `cobradores_metodos_person_id_foreign` (`person_id`),
  CONSTRAINT `cobradores_metodos_person_id_foreign` FOREIGN KEY (`person_id`) REFERENCES `persons` (`id`)
) ENGINE=InnoDB DEFAULT CHARSET=utf8mb4 COLLATE=utf8mb4_unicode_ci;

--
-- Dumping data for table `cobradores_metodos`
--


--
-- Table structure for table `cobradores_on_off`
--

CREATE TABLE `cobradores_on_off` (
  `id` bigint(20) unsigned NOT NULL AUTO_INCREMENT,
  `user_id` int(10) unsigned DEFAULT NULL,
  `cobrador_id` bigint(20) unsigned NOT NULL,
  `on_off` tinyint(1) NOT NULL,
  `created_at` timestamp NULL DEFAULT NULL,
  `updated_at` timestamp NULL DEFAULT NULL,
  `deleted_at` timestamp NULL DEFAULT NULL,
  PRIMARY KEY (`id`),
  KEY `cobradores_on_off_cobrador_id_foreign` (`cobrador_id`),
  CONSTRAINT `cobradores_on_off_cobrador_id_foreign` FOREIGN KEY (`cobrador_id`) REFERENCES `cobradores` (`id`)
) ENGINE=InnoDB DEFAULT CHARSET=utf8mb4 COLLATE=utf8mb4_unicode_ci;

--
-- Dumping data for table `cobradores_on_off`
--


--
-- Table structure for table `condicion_frente_al_iva`
--

CREATE TABLE `condicion_frente_al_iva` (
  `id` int(10) unsigned NOT NULL AUTO_INCREMENT,
  `user_id` int(10) unsigned DEFAULT NULL,
  `codigo_afip` int(11) DEFAULT NULL,
  `descripcion` text COLLATE utf8mb4_unicode_ci NOT NULL,
  `show_comprobantes_a` tinyint(1) NOT NULL DEFAULT '0',
  `show_comprobantes_b` tinyint(1) NOT NULL DEFAULT '0',
  `habilitado` tinyint(1) NOT NULL DEFAULT '1',
  `created_at` timestamp NULL DEFAULT NULL,
  `updated_at` timestamp NULL DEFAULT NULL,
  `deleted_at` timestamp NULL DEFAULT NULL,
  PRIMARY KEY (`id`)
) ENGINE=InnoDB AUTO_INCREMENT=17 DEFAULT CHARSET=utf8mb4 COLLATE=utf8mb4_unicode_ci;

--
-- Dumping data for table `condicion_frente_al_iva`
--

INSERT INTO `condicion_frente_al_iva` VALUES (1,NULL,1,'IVA Responsable Inscripto',1,0,1,NULL,NULL,NULL),(2,NULL,2,'IVA Responsable no Inscripto',0,0,1,NULL,NULL,NULL),(3,NULL,3,'IVA no Responsable',0,0,1,NULL,NULL,NULL),(4,NULL,4,'IVA Sujeto Exento',0,1,1,NULL,NULL,NULL),(5,NULL,5,'Consumidor Final',0,1,1,NULL,NULL,NULL),(6,NULL,6,'Responsable Monotributo',1,0,1,NULL,NULL,NULL),(7,NULL,7,'Sujeto no Categorizado',0,1,1,NULL,NULL,NULL),(8,NULL,8,'Proveedor del Exterior',0,1,1,NULL,NULL,NULL),(9,NULL,9,'Cliente del Exterior',0,1,1,NULL,NULL,NULL),(10,NULL,10,'IVA Liberado – Ley Nº 19.640',0,1,1,NULL,NULL,NULL),(11,NULL,11,'IVA Responsable Inscripto – Agente de Percepción',0,0,1,NULL,NULL,NULL),(12,NULL,12,'Pequeño Contribuyente Eventual',0,0,1,NULL,NULL,NULL),(13,NULL,13,'Monotributista Social',1,0,1,NULL,NULL,NULL),(14,NULL,14,'Pequeño Contribuyente Eventual Social',0,0,1,NULL,NULL,NULL),(15,NULL,NULL,'Monotributista Trabajador Independiente Promovido',1,0,1,NULL,NULL,NULL),(16,NULL,NULL,'IVA No Alcanzado',0,1,1,NULL,NULL,NULL);

--
-- Table structure for table `condiciones_venta`
--

CREATE TABLE `condiciones_venta` (
  `id` int(10) unsigned NOT NULL AUTO_INCREMENT,
  `descripcion` varchar(100) COLLATE utf8mb4_unicode_ci NOT NULL,
  `created_at` timestamp NULL DEFAULT NULL,
  `updated_at` timestamp NULL DEFAULT NULL,
  PRIMARY KEY (`id`)
) ENGINE=InnoDB AUTO_INCREMENT=9 DEFAULT CHARSET=utf8mb4 COLLATE=utf8mb4_unicode_ci;

--
-- Dumping data for table `condiciones_venta`
--

INSERT INTO `condiciones_venta` VALUES (1,'Contado',NULL,NULL),(2,'Tarjeta de Debito',NULL,NULL),(3,'Tarjeta de Credito',NULL,NULL),(4,'Cuenta Corriente',NULL,NULL),(5,'Cheque',NULL,NULL),(6,'Ticket',NULL,NULL),(7,'Transferencia',NULL,NULL),(8,'Otra',NULL,NULL);

--
-- Table structure for table `consultas`
--

CREATE TABLE `consultas` (
  `id` int(10) unsigned NOT NULL AUTO_INCREMENT,
  `user_id` int(11) DEFAULT NULL,
  `descripcion` varchar(191) COLLATE utf8mb4_unicode_ci DEFAULT NULL,
  `habilitado` tinyint(1) NOT NULL DEFAULT '1',
  `created_at` timestamp NULL DEFAULT NULL,
  `updated_at` timestamp NULL DEFAULT NULL,
  `deleted_at` timestamp NULL DEFAULT NULL,
  PRIMARY KEY (`id`)
) ENGINE=InnoDB AUTO_INCREMENT=4 DEFAULT CHARSET=utf8mb4 COLLATE=utf8mb4_unicode_ci;

--
-- Dumping data for table `consultas`
--

INSERT INTO `consultas` VALUES (1,NULL,'Estado Liquidaciones',1,NULL,NULL,NULL),(2,NULL,'Consumo',1,NULL,NULL,NULL),(3,NULL,'Resultado Liquidacion Hijas',1,'2023-03-12 23:42:00','2023-03-12 23:42:00',NULL);

--
-- Table structure for table `consultas_aux`
--

CREATE TABLE `consultas_aux` (
  `id` int(10) unsigned NOT NULL AUTO_INCREMENT,
  `user_id` int(11) DEFAULT NULL,
  `consulta_id` int(10) unsigned NOT NULL,
  `person_id` int(10) unsigned DEFAULT NULL,
  `descripcion` longtext COLLATE utf8mb4_unicode_ci,
  `estado` tinyint(1) NOT NULL DEFAULT '0',
  `created_at` timestamp NULL DEFAULT NULL,
  `updated_at` timestamp NULL DEFAULT NULL,
  `deleted_at` timestamp NULL DEFAULT NULL,
  PRIMARY KEY (`id`),
  KEY `consultas_aux_consulta_id_foreign` (`consulta_id`),
  KEY `consultas_aux_person_id_foreign` (`person_id`),
  CONSTRAINT `consultas_aux_consulta_id_foreign` FOREIGN KEY (`consulta_id`) REFERENCES `consultas` (`id`),
  CONSTRAINT `consultas_aux_person_id_foreign` FOREIGN KEY (`person_id`) REFERENCES `persons` (`id`)
) ENGINE=InnoDB AUTO_INCREMENT=2 DEFAULT CHARSET=utf8mb4 COLLATE=utf8mb4_unicode_ci;

--
-- Dumping data for table `consultas_aux`
--

INSERT INTO `consultas_aux` VALUES (1,NULL,1,NULL,'[{\"id\":40722,\"user_id\":7479,\"field_name1\":\"ALVAREZ FLORENCIA\",\"field_name2\":null,\"document_type\":\"cuit\",\"document\":\"27-40275454-6\",\"cond_frente_al_iva_id\":null,\"country_id\":null,\"state_id\":null,\"zone_id\":null,\"plan_cuenta_id\":null,\"iva_creditos_tipo_id\":null,\"created_at\":\"2022-07-29T22:10:13.000000Z\",\"updated_at\":\"2022-07-29T22:10:13.000000Z\",\"activity_id\":null,\"address\":null,\"person_type_id\":1,\"fa_iva_condition_id\":null,\"fa_codigo_postal\":null,\"email\":null,\"deleted_at\":null,\"status_liq_iibb\":\"Pendiente\",\"estado\":\"INCOMPLETO\",\"otros\":\"\",\"configuration\":[{\"id\":5,\"user_id\":7479,\"person_id\":40722,\"period_id\":null,\"zone_id\":null,\"settle_calc_by_coef\":0,\"created_at\":\"2022-07-29T22:10:14.000000Z\",\"updated_at\":\"2022-07-30T01:19:52.000000Z\",\"active\":2,\"enviarMail\":1,\"honorario\":\"1000.00\",\"cta_cte_tesoreria_cuenta_id\":null,\"month_close\":12,\"iva_condition_id\":1,\"obligation_sell\":1,\"obligation_buy\":1,\"obligation_iva\":0,\"obligation_electronic_receipt\":0,\"obligation_iibb\":4,\"obligation_other_taxes\":null,\"liquidation_start_period\":\"2022-05\",\"obligation_salaries\":0,\"empleada_domestica\":0,\"prorratear_iva\":0,\"is_itc\":0,\"priority_order\":null,\"person_id_administrador\":40722,\"person_id_titular\":40722,\"logo_path\":null,\"certificado_afip_path\":null,\"llave_afip_path\":null,\"access_electronic_receipt\":0,\"ruta_logo_fa\":null,\"inicio_actividades\":\"2022-07-29T03:00:00.000000Z\",\"iibb\":null,\"fe_leyenda\":null,\"atencion_iva\":0,\"atencion_iva_comentario\":null,\"atencion_iibb\":1,\"atencion_iibb_comentario\":null,\"deleted_at\":null}],\"liquidador\":null,\"periods\":[{\"id\":4532,\"user_id\":null,\"code\":\"2022-06\",\"year\":2022,\"period_number\":6,\"date_from\":\"2022-06-01\",\"date_to\":\"2022-06-30\",\"created_at\":null,\"updated_at\":null,\"person_id\":40722,\"conta_status\":0,\"deleted_at\":null,\"syj_periods_status_id\":1,\"syj_sin_asiento\":0,\"syj_asiento_modificado\":0,\"syj_periods_status_emp_dom_id\":1,\"syj_periods_status_emp_dom\":{\"id\":1,\"user_id\":null,\"descripcion\":\"Sin Usar\",\"habilitado\":1,\"created_at\":null,\"updated_at\":null,\"deleted_at\":null},\"syj_periods_status\":{\"id\":1,\"user_id\":null,\"descripcion\":\"Sin Usar\",\"habilitado\":1,\"created_at\":null,\"updated_at\":null,\"deleted_at\":null}}]},{\"id\":40719,\"user_id\":7479,\"field_name1\":\"Gramajo Valeria\",\"field_name2\":null,\"document_type\":\"cuit\",\"document\":\"27-27178730-3\",\"cond_frente_al_iva_id\":null,\"country_id\":null,\"state_id\":null,\"zone_id\":null,\"plan_cuenta_id\":null,\"iva_creditos_tipo_id\":null,\"created_at\":\"2020-11-27T06:11:08.000000Z\",\"updated_at\":\"2022-07-30T01:46:24.000000Z\",\"activity_id\":null,\"address\":null,\"person_type_id\":1,\"fa_iva_condition_id\":null,\"fa_codigo_postal\":null,\"email\":null,\"deleted_at\":null,\"status_liq_iibb\":\"Pendiente\",\"estado\":\"INCOMPLETO\",\"otros\":\"\",\"configuration\":[{\"id\":2,\"user_id\":7479,\"person_id\":40719,\"period_id\":null,\"zone_id\":null,\"settle_calc_by_coef\":0,\"created_at\":\"2022-07-29T21:55:31.000000Z\",\"updated_at\":\"2022-07-30T01:51:09.000000Z\",\"active\":2,\"enviarMail\":1,\"honorario\":\"0.00\",\"cta_cte_tesoreria_cuenta_id\":null,\"month_close\":12,\"iva_condition_id\":1,\"obligation_sell\":1,\"obligation_buy\":1,\"obligation_iva\":0,\"obligation_electronic_receipt\":0,\"obligation_iibb\":4,\"obligation_other_taxes\":null,\"liquidation_start_period\":\"2022-1\",\"obligation_salaries\":0,\"empleada_domestica\":0,\"prorratear_iva\":0,\"is_itc\":0,\"priority_order\":2,\"person_id_administrador\":40719,\"person_id_titular\":40719,\"logo_path\":null,\"certificado_afip_path\":null,\"llave_afip_path\":null,\"access_electronic_receipt\":0,\"ruta_logo_fa\":null,\"inicio_actividades\":\"2022-07-29T03:00:00.000000Z\",\"iibb\":\"27271787303\",\"fe_leyenda\":null,\"atencion_iva\":0,\"atencion_iva_comentario\":null,\"atencion_iibb\":1,\"atencion_iibb_comentario\":null,\"deleted_at\":null}],\"liquidador\":null,\"periods\":[{\"id\":8,\"user_id\":null,\"code\":\"2022-06\",\"year\":2022,\"period_number\":6,\"date_from\":\"2022-06-01\",\"date_to\":\"2022-06-30\",\"created_at\":null,\"updated_at\":null,\"person_id\":40719,\"conta_status\":0,\"deleted_at\":null,\"syj_periods_status_id\":1,\"syj_sin_asiento\":0,\"syj_asiento_modificado\":0,\"syj_periods_status_emp_dom_id\":1,\"syj_periods_status_emp_dom\":{\"id\":1,\"user_id\":null,\"descripcion\":\"Sin Usar\",\"habilitado\":1,\"created_at\":null,\"updated_at\":null,\"deleted_at\":null},\"syj_periods_status\":{\"id\":1,\"user_id\":null,\"descripcion\":\"Sin Usar\",\"habilitado\":1,\"created_at\":null,\"updated_at\":null,\"deleted_at\":null}}]}]',1,'2022-07-29 22:59:55','2022-07-29 22:59:55',NULL);

--
-- Table structure for table `conta_asientos`
--

CREATE TABLE `conta_asientos` (
  `id` int(10) unsigned NOT NULL AUTO_INCREMENT,
  `user_id` int(10) unsigned DEFAULT NULL,
  `person_id` int(10) unsigned DEFAULT NULL,
  `period_id` int(10) unsigned DEFAULT NULL,
  `tipo_asiento_id` int(10) unsigned NOT NULL,
  `debe_cta_cte_tesoreria_cuenta_id` int(10) unsigned DEFAULT NULL,
  `haber_cta_cte_tesoreria_cuenta_id` int(10) unsigned DEFAULT NULL,
  `ctactecheque_id` int(10) unsigned DEFAULT NULL,
  `num_asiento` int(11) DEFAULT NULL,
  `fecha_registracion` date DEFAULT NULL,
  `fecha_vencimiento` date DEFAULT NULL,
  `total` decimal(16,2) NOT NULL,
  `adjunto` text COLLATE utf8mb4_unicode_ci,
  `comentario` varchar(255) COLLATE utf8mb4_unicode_ci DEFAULT NULL,
  `radioChecked` int(11) DEFAULT NULL,
  `status` int(11) NOT NULL DEFAULT '1',
  `CuentaTipo_id` int(10) unsigned DEFAULT NULL,
  `CentroCosto_id` int(10) unsigned DEFAULT NULL,
  `pagado` int(10) unsigned DEFAULT NULL,
  `created_at` timestamp NULL DEFAULT NULL,
  `updated_at` timestamp NULL DEFAULT NULL,
  `deleted_at` timestamp NULL DEFAULT NULL,
  PRIMARY KEY (`id`),
  KEY `conta_asientos_person_id_foreign` (`person_id`),
  KEY `conta_asientos_period_id_foreign` (`period_id`),
  KEY `conta_asientos_tipo_asiento_id_foreign` (`tipo_asiento_id`),
  KEY `conta_asientos_cuentatipo_id_foreign` (`CuentaTipo_id`),
  KEY `conta_asientos_centrocosto_id_foreign` (`CentroCosto_id`),
  KEY `conta_asientos_ctactecheque_id_foreign` (`ctactecheque_id`),
  KEY `conta_asientos_haber_cta_cte_tesoreria_cuenta_id_foreign` (`haber_cta_cte_tesoreria_cuenta_id`),
  KEY `conta_asientos_debe_cta_cte_tesoreria_cuenta_id_foreign` (`debe_cta_cte_tesoreria_cuenta_id`),
  CONSTRAINT `conta_asientos_centrocosto_id_foreign` FOREIGN KEY (`CentroCosto_id`) REFERENCES `ctactegastos_centrocosto` (`id`),
  CONSTRAINT `conta_asientos_ctactecheque_id_foreign` FOREIGN KEY (`ctactecheque_id`) REFERENCES `ctacte_cheques` (`id`),
  CONSTRAINT `conta_asientos_cuentatipo_id_foreign` FOREIGN KEY (`CuentaTipo_id`) REFERENCES `ctactegastos_cuenta_tipo` (`idCuentaTipo`),
  CONSTRAINT `conta_asientos_debe_cta_cte_tesoreria_cuenta_id_foreign` FOREIGN KEY (`debe_cta_cte_tesoreria_cuenta_id`) REFERENCES `cta_cte_tesoreria_cuentas` (`id`),
  CONSTRAINT `conta_asientos_haber_cta_cte_tesoreria_cuenta_id_foreign` FOREIGN KEY (`haber_cta_cte_tesoreria_cuenta_id`) REFERENCES `cta_cte_tesoreria_cuentas` (`id`),
  CONSTRAINT `conta_asientos_period_id_foreign` FOREIGN KEY (`period_id`) REFERENCES `periods` (`id`),
  CONSTRAINT `conta_asientos_person_id_foreign` FOREIGN KEY (`person_id`) REFERENCES `persons` (`id`),
  CONSTRAINT `conta_asientos_tipo_asiento_id_foreign` FOREIGN KEY (`tipo_asiento_id`) REFERENCES `conta_tipo_asientos` (`id`)
) ENGINE=InnoDB AUTO_INCREMENT=10 DEFAULT CHARSET=utf8mb4 COLLATE=utf8mb4_unicode_ci;

--
-- Dumping data for table `conta_asientos`
--

INSERT INTO `conta_asientos` VALUES (1,7479,40722,NULL,2,NULL,NULL,NULL,NULL,'2022-07-28','2022-07-28',1000.00,NULL,'Honorario Mensual',1,1,NULL,NULL,NULL,'2022-07-29 21:00:53','2022-07-29 21:06:38','2022-07-29 21:06:38'),(2,7479,40722,NULL,2,NULL,NULL,NULL,NULL,'2022-07-29','2022-07-29',1000.00,NULL,'Honorario Mensual 2022-06',1,1,NULL,NULL,NULL,'2022-07-29 21:06:14','2022-07-30 16:05:37','2022-07-30 16:05:37'),(3,7479,40722,NULL,2,NULL,NULL,NULL,NULL,'2022-07-30','2022-07-30',1000.00,NULL,'Honorario Mensual',1,1,NULL,NULL,NULL,'2022-07-30 16:03:09','2022-07-30 16:03:27','2022-07-30 16:03:27'),(4,7479,40722,NULL,2,NULL,NULL,NULL,NULL,'2022-07-30','2022-07-30',1000.00,NULL,'Honorario Mensual',1,1,NULL,NULL,NULL,'2022-07-30 16:05:14','2022-07-30 16:05:32','2022-07-30 16:05:32'),(5,7479,40722,NULL,2,NULL,NULL,NULL,NULL,'2023-06-29','2023-06-29',1000.00,NULL,'Honorario Mensual',1,1,NULL,NULL,NULL,'2023-06-29 21:57:37','2023-06-29 21:57:37',NULL),(6,7479,40727,NULL,2,NULL,NULL,NULL,NULL,'2023-06-29','2023-06-29',35.00,NULL,'Honorario Mensual',1,1,NULL,NULL,NULL,'2023-06-29 21:57:37','2023-06-29 21:57:37',NULL),(7,7479,40722,NULL,2,NULL,NULL,NULL,NULL,'2023-06-29','2023-06-29',1000.00,NULL,'Honorario Mensual',1,1,NULL,NULL,NULL,'2023-06-29 22:24:59','2023-06-29 22:24:59',NULL),(8,7479,40727,NULL,2,NULL,NULL,NULL,NULL,'2023-06-29','2023-06-29',35.00,NULL,'Honorario Mensual',1,1,NULL,NULL,NULL,'2023-06-29 22:24:59','2023-10-14 15:48:54','2023-10-14 15:48:54'),(9,7479,40727,NULL,2,13,480,NULL,NULL,'2023-06-29','2023-10-14',35.00,NULL,'Honorario Mensual',1,1,NULL,NULL,NULL,'2023-10-14 15:48:54','2023-10-14 15:48:54',NULL);

--
-- Table structure for table `conta_asientos_details`
--

CREATE TABLE `conta_asientos_details` (
  `id` int(10) unsigned NOT NULL AUTO_INCREMENT,
  `user_id` int(10) unsigned DEFAULT NULL,
  `conta_asiento_id` int(10) unsigned NOT NULL,
  `person_id` int(10) unsigned DEFAULT NULL,
  `period_id` int(10) unsigned DEFAULT NULL,
  `tipo_asiento_id` int(10) unsigned NOT NULL,
  `cta_cte_tesoreria_cuenta_id` int(10) unsigned DEFAULT NULL,
  `saldo_id` int(10) unsigned NOT NULL,
  `monto` decimal(16,2) NOT NULL,
  `created_at` timestamp NULL DEFAULT NULL,
  `updated_at` timestamp NULL DEFAULT NULL,
  `deleted_at` timestamp NULL DEFAULT NULL,
  PRIMARY KEY (`id`),
  KEY `conta_asientos_details_conta_asiento_id_foreign` (`conta_asiento_id`),
  KEY `conta_asientos_details_person_id_foreign` (`person_id`),
  KEY `conta_asientos_details_period_id_foreign` (`period_id`),
  KEY `conta_asientos_details_tipo_asiento_id_foreign` (`tipo_asiento_id`),
  KEY `conta_asientos_details_saldo_id_foreign` (`saldo_id`),
  KEY `conta_asientos_details_cta_cte_tesoreria_cuenta_id_foreign` (`cta_cte_tesoreria_cuenta_id`),
  CONSTRAINT `conta_asientos_details_conta_asiento_id_foreign` FOREIGN KEY (`conta_asiento_id`) REFERENCES `conta_asientos` (`id`),
  CONSTRAINT `conta_asientos_details_cta_cte_tesoreria_cuenta_id_foreign` FOREIGN KEY (`cta_cte_tesoreria_cuenta_id`) REFERENCES `cta_cte_tesoreria_cuentas` (`id`),
  CONSTRAINT `conta_asientos_details_period_id_foreign` FOREIGN KEY (`period_id`) REFERENCES `periods` (`id`),
  CONSTRAINT `conta_asientos_details_person_id_foreign` FOREIGN KEY (`person_id`) REFERENCES `persons` (`id`),
  CONSTRAINT `conta_asientos_details_saldo_id_foreign` FOREIGN KEY (`saldo_id`) REFERENCES `conta_tipo_saldos` (`id`),
  CONSTRAINT `conta_asientos_details_tipo_asiento_id_foreign` FOREIGN KEY (`tipo_asiento_id`) REFERENCES `conta_tipo_asientos` (`id`)
) ENGINE=InnoDB AUTO_INCREMENT=19 DEFAULT CHARSET=utf8mb4 COLLATE=utf8mb4_unicode_ci;

--
-- Dumping data for table `conta_asientos_details`
--

INSERT INTO `conta_asientos_details` VALUES (1,7479,1,40722,NULL,2,13,1,1000.00,'2022-07-29 21:00:53','2022-07-29 21:06:38','2022-07-29 21:06:38'),(2,7479,1,40722,NULL,2,480,2,1000.00,'2022-07-29 21:00:53','2022-07-29 21:06:38','2022-07-29 21:06:38'),(3,7479,2,40722,NULL,2,13,1,1000.00,'2022-07-29 21:06:14','2022-07-30 16:05:37','2022-07-30 16:05:37'),(4,7479,2,40722,NULL,2,480,2,1000.00,'2022-07-29 21:06:14','2022-07-30 16:05:37','2022-07-30 16:05:37'),(5,7479,3,40722,NULL,2,13,1,1000.00,'2022-07-30 16:03:09','2022-07-30 16:03:27','2022-07-30 16:03:27'),(6,7479,3,40722,NULL,2,480,2,1000.00,'2022-07-30 16:03:09','2022-07-30 16:03:27','2022-07-30 16:03:27'),(7,7479,4,40722,NULL,2,13,1,1000.00,'2022-07-30 16:05:14','2022-07-30 16:05:32','2022-07-30 16:05:32'),(8,7479,4,40722,NULL,2,480,2,1000.00,'2022-07-30 16:05:14','2022-07-30 16:05:32','2022-07-30 16:05:32'),(9,7479,5,40722,NULL,2,13,1,1000.00,'2023-06-29 21:57:37','2023-06-29 21:57:37',NULL),(10,7479,5,40722,NULL,2,480,2,1000.00,'2023-06-29 21:57:37','2023-06-29 21:57:37',NULL),(11,7479,6,40727,NULL,2,13,1,35.00,'2023-06-29 21:57:37','2023-06-29 21:57:37',NULL),(12,7479,6,40727,NULL,2,480,2,35.00,'2023-06-29 21:57:37','2023-06-29 21:57:37',NULL),(13,7479,7,40722,NULL,2,13,1,1000.00,'2023-06-29 22:24:59','2023-06-29 22:24:59',NULL),(14,7479,7,40722,NULL,2,480,2,1000.00,'2023-06-29 22:24:59','2023-06-29 22:24:59',NULL),(15,7479,8,40727,NULL,2,13,1,35.00,'2023-06-29 22:24:59','2023-10-14 15:48:54','2023-10-14 15:48:54'),(16,7479,8,40727,NULL,2,480,2,35.00,'2023-06-29 22:24:59','2023-10-14 15:48:54','2023-10-14 15:48:54'),(17,7479,9,40727,NULL,2,13,1,35.00,'2023-10-14 15:48:54','2023-10-14 15:48:54',NULL),(18,7479,9,40727,NULL,2,480,2,35.00,'2023-10-14 15:48:54','2023-10-14 15:48:54',NULL);

--
-- Table structure for table `conta_centro_costo_plan_cuenta`
--

CREATE TABLE `conta_centro_costo_plan_cuenta` (
  `id` bigint(20) unsigned NOT NULL AUTO_INCREMENT,
  `user_id` int(10) unsigned DEFAULT NULL,
  `conta_centro_costo_id` bigint(20) unsigned DEFAULT NULL,
  `conta_plan_cuenta_id` int(10) unsigned NOT NULL,
  `created_at` timestamp NULL DEFAULT NULL,
  `updated_at` timestamp NULL DEFAULT NULL,
  `deleted_at` timestamp NULL DEFAULT NULL,
  PRIMARY KEY (`id`),
  KEY `conta_centro_costo_plan_cuenta_conta_centro_costo_id_foreign` (`conta_centro_costo_id`),
  KEY `conta_centro_costo_plan_cuenta_conta_plan_cuenta_id_foreign` (`conta_plan_cuenta_id`),
  CONSTRAINT `conta_centro_costo_plan_cuenta_conta_centro_costo_id_foreign` FOREIGN KEY (`conta_centro_costo_id`) REFERENCES `conta_centro_costos` (`id`),
  CONSTRAINT `conta_centro_costo_plan_cuenta_conta_plan_cuenta_id_foreign` FOREIGN KEY (`conta_plan_cuenta_id`) REFERENCES `conta_plan_cuenta` (`id`)
) ENGINE=InnoDB DEFAULT CHARSET=utf8mb4 COLLATE=utf8mb4_unicode_ci;

--
-- Dumping data for table `conta_centro_costo_plan_cuenta`
--


--
-- Table structure for table `conta_centro_costos`
--

CREATE TABLE `conta_centro_costos` (
  `id` bigint(20) unsigned NOT NULL AUTO_INCREMENT,
  `user_id` int(10) unsigned DEFAULT NULL,
  `person_id` int(10) unsigned NOT NULL,
  `descripcion` text COLLATE utf8mb4_unicode_ci NOT NULL,
  `habilitado` tinyint(1) NOT NULL DEFAULT '1',
  `created_at` timestamp NULL DEFAULT NULL,
  `updated_at` timestamp NULL DEFAULT NULL,
  `deleted_at` timestamp NULL DEFAULT NULL,
  PRIMARY KEY (`id`),
  KEY `conta_centro_costos_person_id_foreign` (`person_id`),
  CONSTRAINT `conta_centro_costos_person_id_foreign` FOREIGN KEY (`person_id`) REFERENCES `persons` (`id`)
) ENGINE=InnoDB DEFAULT CHARSET=utf8mb4 COLLATE=utf8mb4_unicode_ci;

--
-- Dumping data for table `conta_centro_costos`
--


--
-- Table structure for table `conta_plan_cuenta`
--

CREATE TABLE `conta_plan_cuenta` (
  `id` int(10) unsigned NOT NULL AUTO_INCREMENT,
  `user_id` int(10) unsigned DEFAULT NULL,
  `codigo` int(11) NOT NULL,
  `tipo_cuenta_id` int(10) unsigned NOT NULL,
  `saldo_id` int(10) unsigned NOT NULL,
  `padre` int(11) NOT NULL,
  `nombre` varchar(255) COLLATE utf8mb4_unicode_ci NOT NULL,
  `rubro` varchar(255) COLLATE utf8mb4_unicode_ci DEFAULT NULL,
  `comentario` varchar(255) COLLATE utf8mb4_unicode_ci DEFAULT NULL,
  `status` int(10) unsigned NOT NULL DEFAULT '1',
  `no_editable` int(11) NOT NULL DEFAULT '1',
  `tes_cta_cte` tinyint(1) NOT NULL DEFAULT '0',
  `tes_cuenta_origen` tinyint(1) NOT NULL DEFAULT '0',
  `tes_cuenta_destino` tinyint(1) NOT NULL DEFAULT '0',
  `conta_asientos` tinyint(1) NOT NULL DEFAULT '0',
  `deleted_at` timestamp NULL DEFAULT NULL,
  PRIMARY KEY (`id`),
  KEY `conta_plan_cuenta_tipo_cuenta_id_foreign` (`tipo_cuenta_id`),
  KEY `conta_plan_cuenta_saldo_id_foreign` (`saldo_id`),
  CONSTRAINT `conta_plan_cuenta_saldo_id_foreign` FOREIGN KEY (`saldo_id`) REFERENCES `conta_tipo_saldos` (`id`),
  CONSTRAINT `conta_plan_cuenta_tipo_cuenta_id_foreign` FOREIGN KEY (`tipo_cuenta_id`) REFERENCES `conta_tipo_cuentas` (`id`)
) ENGINE=InnoDB AUTO_INCREMENT=1027 DEFAULT CHARSET=utf8mb4 COLLATE=utf8mb4_unicode_ci;

--
-- Dumping data for table `conta_plan_cuenta`
--

INSERT INTO `conta_plan_cuenta` VALUES (1,NULL,1000000,1,1,0,'ACTIVO','Activo',NULL,1,1,0,0,0,0,NULL),(2,NULL,1100000,2,1,1000000,'ACTIVO CORRIENTE','Activo',NULL,1,1,0,0,0,0,NULL),(3,NULL,1110000,3,1,1100000,'CAJA Y BANCOS','Activo',NULL,1,1,0,0,0,0,NULL),(4,NULL,1110100,4,1,1110000,'CAJAS','Activo',NULL,1,1,0,0,0,0,NULL),(5,NULL,1110101,5,1,1110100,'Caja Oficina','Activo',NULL,0,1,0,0,0,0,NULL),(6,NULL,1110102,5,1,1110100,'Caja Casa','Activo',NULL,0,1,0,0,0,0,NULL),(7,NULL,1110103,5,1,1110100,'Caja Dolares Casa','Activo',NULL,0,1,0,0,0,0,NULL),(8,NULL,1110104,5,1,1110100,'Banco Santander 015-372795/5','Activo',NULL,0,1,0,0,0,0,'2020-12-31 13:34:22'),(9,NULL,1110200,4,1,1110000,'BANCOS','Activo',NULL,1,1,0,0,0,0,NULL),(10,NULL,1110201,5,1,1110200,'Banco Santander Rio Cta Corriente','Activo',NULL,1,2,1,1,1,0,'2020-12-31 13:34:22'),(11,NULL,1110202,5,1,1110200,'Banco Santander Rio Cta Corriente DOLARES','Activo',NULL,1,2,1,1,1,0,'2020-12-31 13:34:22'),(12,NULL,1130000,3,1,1100000,'CREDITOS POR VENTAS','Activo',NULL,1,1,0,0,0,0,NULL),(13,NULL,1130101,5,1,1130100,'Clientes - Deudores','Activo',NULL,1,2,0,0,0,1,NULL),(14,NULL,1130102,5,1,1130100,'Deudores por ventas comunes','Activo',NULL,1,1,0,0,0,1,NULL),(15,NULL,1130103,5,1,1130100,'Deudores por ventas morosos','Activo',NULL,1,1,0,0,0,1,NULL),(16,NULL,1130104,5,1,1130100,'Deudores en gestión judicial','Activo',NULL,1,1,0,0,0,1,NULL),(17,NULL,1130105,5,1,1130100,'Previsión deudores incobrables','Activo',NULL,1,1,0,0,0,1,NULL),(18,NULL,1140000,3,1,1100000,'OTROS CREDITOS','Activo',NULL,1,1,0,0,0,0,NULL),(19,NULL,1140100,4,1,1140000,'Retenciones Sufridas','Activo',NULL,1,1,0,0,0,0,NULL),(20,NULL,1140301,5,1,1140300,'Anticipos Impuesto a las Ganancias','Activo',NULL,1,2,0,0,1,1,NULL),(21,NULL,1140102,5,1,1140100,'Retenciones Ingr. Brutos','Activo',NULL,0,1,0,0,0,0,NULL),(22,NULL,1140329,5,1,1140300,'Anticipo Impto.Ganancia Mínima Presunta','Activo',NULL,1,1,0,0,0,1,NULL),(23,NULL,1140105,5,1,1140100,'Retenciones Impuesto a las Ganancias','Activo',NULL,1,2,1,0,0,1,NULL),(24,NULL,1140106,5,1,1140100,'Impuesto a las Ganancias (Saldo a favor)','Activo',NULL,1,1,0,0,0,1,NULL),(25,NULL,1140107,5,1,1140100,'Retenciones de IVA','Activo',NULL,1,2,1,0,0,1,NULL),(26,NULL,1140200,4,1,1140000,'CREDITOS DIVERSOS','Activo',NULL,1,1,0,0,0,0,NULL),(27,NULL,1140201,5,1,1140200,'Anticipos de proveedores','Activo',NULL,1,1,0,0,0,1,NULL),(28,NULL,1140205,5,1,1140200,'Depósito en garantía alquileres','Activo',NULL,1,1,0,0,0,1,NULL),(29,NULL,1140206,5,1,1140200,'Derechos adquiridos a devengar','Activo',NULL,1,1,0,0,0,1,NULL),(30,NULL,1140207,5,1,1140200,'Intereses a devengar','Activo',NULL,1,1,0,0,0,1,NULL),(31,NULL,1140208,5,1,1140200,'Cuentas a rendir - Directores','Activo',NULL,1,1,0,0,0,1,NULL),(32,NULL,1140210,5,1,1140200,'Alquileres no devengados','Activo',NULL,1,1,0,0,0,1,NULL),(33,NULL,1150000,3,1,1100000,'BIENES DE CAMBIO','Activo',NULL,1,1,0,0,0,0,NULL),(34,NULL,1150400,4,1,1150000,'MERCADERIA DE REVENTA','Activo',NULL,1,1,0,0,0,0,NULL),(35,NULL,1200000,2,1,1000000,'ACTIVO NO CORRIENTE','Activo',NULL,1,1,0,0,0,0,NULL),(36,NULL,1220000,3,1,1200000,'BIENES DE USO','Activo',NULL,1,1,0,0,0,0,NULL),(37,NULL,1220100,4,1,1220000,'EQUIPOS DE COMPUTACION','Activo',NULL,1,1,0,0,0,0,NULL),(38,NULL,1220101,5,1,1220100,'Equipos de computación valores históricos','Activo',NULL,1,1,0,0,0,1,NULL),(39,NULL,1220102,5,1,1220100,'Equipos de computación ajuste','Activo',NULL,1,1,0,0,0,1,NULL),(40,NULL,1220108,5,1,1220100,'Amortización Acumulada Equipos de comput.','Activo',NULL,1,1,0,0,0,1,'2020-12-31 13:34:22'),(41,NULL,1220200,4,1,1220000,'INSTALACIONES','Activo',NULL,1,1,0,0,0,0,NULL),(42,NULL,1220201,5,1,1220200,'Instalaciones valores históricos','Activo',NULL,1,1,0,0,0,1,NULL),(43,NULL,1220202,5,1,1220200,'Instalaciones ajuste','Activo',NULL,1,1,0,0,0,1,NULL),(44,NULL,1220206,5,1,1220200,'Amortización Acumulada Instalaciones','Activo',NULL,1,1,0,0,0,1,NULL),(45,NULL,1220300,4,1,1220000,'MUEBLES Y UTILES','Activo',NULL,1,1,0,0,0,0,NULL);
INSERT INTO `conta_plan_cuenta` VALUES (46,NULL,1220301,5,1,1220300,'Muebles y utiles valores históricos','Activo',NULL,1,1,0,0,0,1,NULL),(47,NULL,1220302,5,1,1220300,'Muebles y utiles ajuste','Activo',NULL,1,1,0,0,0,1,NULL),(48,NULL,1220306,5,1,1220300,'Amortización Acumulada Muebles y Útiles','Activo',NULL,1,1,0,0,0,1,NULL),(49,NULL,1230000,3,1,1200000,'ACTIVOS INTANGIBLES','Activo',NULL,1,1,0,0,0,0,NULL),(50,NULL,1230101,5,1,1230100,'Gastos de organización valores historicos','Activo',NULL,1,1,0,0,0,1,NULL),(51,NULL,1230102,5,1,1230100,'Gastos de organización ajuste','Activo',NULL,1,1,0,0,0,1,NULL),(52,NULL,1230103,5,1,1230100,'Amortización acumulada gs. de organización','Activo',NULL,1,1,0,0,0,1,NULL),(53,NULL,2000000,1,2,0,'PASIVO','Pasivo',NULL,1,1,0,0,0,0,NULL),(54,NULL,2100000,2,2,2000000,'PASIVO CORRIENTE','Pasivo',NULL,1,1,0,0,0,0,NULL),(55,NULL,2110000,3,2,2100000,'Deudas','Pasivo',NULL,1,1,0,0,0,0,NULL),(56,NULL,2110100,4,2,2110000,'Comerciales','Pasivo',NULL,1,1,0,0,0,0,NULL),(57,NULL,2110101,5,2,2110100,'Proveedores en Cta. Cte. locales','Pasivo',NULL,1,2,0,0,0,1,NULL),(58,NULL,2110102,5,2,2110100,'Proveedores en cta. cte. exterior','Pasivo',NULL,1,1,0,0,0,1,NULL),(59,NULL,2110103,5,2,2110100,'Derechos de exhibición a devengar','Pasivo',NULL,1,1,0,0,0,1,NULL),(60,NULL,2110104,5,2,2110100,'Cheques emitidos ','Pasivo',NULL,1,2,1,1,1,1,NULL),(61,NULL,2110200,4,2,2110000,'REMUNERACIONES Y CARGAS SOCIALES','Pasivo',NULL,1,1,0,0,0,0,NULL),(62,NULL,2110201,5,2,2110200,'Sueldos y Jornales a pagar','Pasivo',NULL,1,2,0,0,1,1,NULL),(63,NULL,2110202,5,2,2110200,'Cargas sociales a pagar','Pasivo',NULL,1,1,0,0,0,1,NULL),(64,NULL,2110203,5,2,2110200,'Sindicatos a Pagar','Pasivo',NULL,1,1,0,0,0,1,NULL),(65,NULL,2110300,4,2,2110000,'CARGAS FISCALES','Pasivo',NULL,1,1,0,0,0,0,NULL),(67,NULL,2110301,5,2,2110300,'IVA Debito Fiscal','Pasivo',NULL,1,2,0,0,0,1,NULL),(68,NULL,1140222,5,1,1140200,'IVA Credito Fiscal','Activo',NULL,1,2,0,0,0,1,NULL),(69,NULL,2110303,5,2,2110300,'Impuestos Internos','Pasivo',NULL,1,1,0,0,0,1,NULL),(70,NULL,2110304,5,2,2110300,'Impuestos al Combustible','Pasivo',NULL,1,1,0,0,0,1,NULL),(71,NULL,2110601,5,2,2110600,'IVA Retenciones de terceros','Pasivo',NULL,1,1,0,0,0,1,NULL),(72,NULL,2110306,5,2,2110300,'IVA Percepciones realiz.por terceros','Pasivo',NULL,1,2,0,0,0,1,NULL),(73,NULL,2110307,5,2,2110300,'IVA Saldo a favor','Pasivo',NULL,1,1,0,0,0,1,NULL),(74,NULL,2110308,5,2,2110300,'IVA a pagar','Pasivo',NULL,1,2,0,0,0,1,NULL),(75,NULL,2110309,5,2,2110300,'Percepciones Ingresos Brutos','Pasivo',NULL,1,1,0,0,0,1,NULL),(76,NULL,2110310,5,2,2110300,'Otros Pagos AFIP','Pasivo',NULL,1,1,0,0,0,1,NULL),(78,NULL,2110350,5,2,2110300,'Impuesto a los Ingresos Brutos Pasivo','Pasivo',NULL,1,1,0,0,0,1,NULL),(79,NULL,2110313,5,2,2110300,'Impuesto a las Ganancias','Pasivo',NULL,1,1,0,0,0,1,NULL),(80,NULL,2110314,5,2,2110300,'Impuesto a la Ganancia Mínima Presunta','Pasivo',NULL,1,1,0,0,0,1,NULL),(81,NULL,2110602,5,2,2110600,'AFIP - Retenciones Impuesto a las Ganancias','Pasivo',NULL,1,1,0,0,0,1,NULL),(82,NULL,2110316,5,2,2110300,'AFIP - Plan de Facilidades Decreto 338/02','Pasivo',NULL,1,1,0,0,0,1,NULL),(83,NULL,2200000,2,2,2000000,'PASIVO NO CORRIENTE','Pasivo',NULL,1,1,0,0,0,0,NULL),(84,NULL,3000000,1,2,0,'PATRIMONIO NETO','Patrimonio Neto',NULL,1,1,0,0,0,0,NULL),(85,NULL,3100000,2,2,3000000,'APORTE DE LOS PROPIETARIOS','Patrimonio Neto',NULL,1,1,0,0,0,0,NULL),(86,NULL,3110100,4,2,3110000,'CAPITAL SOCIAL','Patrimonio Neto',NULL,1,1,0,0,0,0,NULL),(87,NULL,3110101,5,2,3110100,'Acciones en circulación','Patrimonio Neto',NULL,1,1,0,0,0,1,NULL),(88,NULL,3110102,5,2,3110100,'Ajuste del Capital','Patrimonio Neto',NULL,1,2,0,0,0,1,NULL),(89,NULL,3110103,5,2,3110100,'Aportes Irrevocables Futuras Suscripciones','Patrimonio Neto',NULL,1,1,0,0,0,1,NULL),(90,NULL,3400000,2,2,3000000,'RESULTADOS','Patrimonio Neto',NULL,1,1,0,0,0,0,NULL),(91,NULL,3410101,5,2,3410100,'Resultado del ejercicio','Patrimonio Neto',NULL,1,1,0,0,0,1,NULL);
INSERT INTO `conta_plan_cuenta` VALUES (92,NULL,3410102,5,2,3410100,'Resultado ejercicios anteriores','Patrimonio Neto',NULL,1,1,0,0,0,1,NULL),(93,NULL,3410103,5,2,3410100,'A.R.E.A.','Patrimonio Neto',NULL,1,1,0,0,0,1,NULL),(94,NULL,4000000,1,2,0,'INGRESOS','Result. Positivo',NULL,1,1,0,0,0,0,NULL),(95,NULL,4100000,2,2,4000000,'INGRESOS ORDINARIOS','Result. Positivo',NULL,1,1,0,0,0,0,NULL),(96,NULL,4110101,5,2,4110100,'VENTAS','Result. Positivo',NULL,1,2,0,0,0,1,NULL),(97,NULL,4110102,5,2,4110100,'Honorarios','Result. Positivo',NULL,1,1,0,0,0,1,NULL),(98,NULL,4110103,5,2,4110100,'Sueldo Vane','Result. Positivo',NULL,0,1,0,0,0,0,'2020-12-31 13:34:22'),(99,NULL,4110104,5,2,4110100,'Descuentos obtenidos','Result. Positivo',NULL,1,1,0,0,0,1,NULL),(100,NULL,4110105,5,2,4110100,'Reintegros por exportaciones','Result. Positivo',NULL,1,1,0,0,0,1,NULL),(101,NULL,4120000,3,2,4100000,'OTROS INGRESOS','Result. Positivo',NULL,1,1,0,0,0,0,NULL),(102,NULL,4120101,5,2,4120100,'Intereses Cobrados','Result. Positivo',NULL,1,1,0,0,0,1,NULL),(103,NULL,4120102,5,2,4120100,'Diferencias de cambio','Result. Positivo',NULL,1,1,0,0,0,1,NULL),(104,NULL,4120103,5,2,4120100,'Descuentos obtenidos','Result. Positivo',NULL,1,1,0,0,0,1,NULL),(107,NULL,5000000,1,1,0,'GASTOS','Result. Negativo',NULL,1,1,0,0,0,0,NULL),(108,NULL,5100000,2,1,5000000,'GASTOS ORDINARIOS','Result. Negativo',NULL,1,1,0,0,0,0,NULL),(109,NULL,5110100,4,1,5110000,'ASIENTO DE SUELDO','Result. Negativo',NULL,1,1,0,0,0,0,NULL),(110,NULL,5110101,5,1,5110100,'Sueldos','Result. Negativo',NULL,1,1,0,0,0,1,NULL),(111,NULL,5110102,5,1,5110100,'Contribuciones','Result. Negativo',NULL,1,1,0,0,0,1,NULL),(112,NULL,5110103,5,1,5110100,'Sindicato','Result. Negativo',NULL,1,1,0,0,0,1,NULL),(113,NULL,5120100,4,1,5120000,'GASTOS DE OPERACION','Result. Negativo',NULL,1,1,0,0,0,0,NULL),(114,NULL,5120101,5,1,5120100,'ACA','Result. Negativo',NULL,1,1,0,0,0,1,'2020-12-31 13:34:22'),(115,NULL,5120102,5,1,5120100,'Aereos','Result. Negativo',NULL,1,1,0,0,0,1,NULL),(116,NULL,5120103,5,1,5120100,'Alquiler','Result. Negativo',NULL,1,1,0,0,0,1,NULL),(117,NULL,5120104,5,1,5120100,'AGUA AYSA','Result. Negativo',NULL,1,1,0,0,0,1,'2020-12-31 13:34:22'),(118,NULL,5120105,5,1,5120100,'TV Cablevision','Result. Negativo',NULL,1,1,0,0,0,1,'2020-12-31 13:34:22'),(119,NULL,5120106,5,1,5120100,'Caja Jubilacion Consejo','Result. Negativo',NULL,1,1,0,0,0,1,NULL),(120,NULL,5120107,5,1,5120100,'Celulares','Result. Negativo',NULL,1,1,0,0,0,1,NULL),(121,NULL,5120108,5,1,5120100,'Cheques','Result. Negativo',NULL,1,1,0,0,0,1,NULL),(122,NULL,5120109,5,1,5120100,'Club la Nacion','Result. Negativo',NULL,0,1,0,0,0,0,'2020-12-31 13:34:22'),(123,NULL,5120110,5,1,5120100,'Comida','Result. Negativo',NULL,1,1,0,0,0,1,'2020-12-31 13:34:22'),(124,NULL,5120111,5,1,5120100,'Diario Clarin','Result. Negativo',NULL,0,1,0,0,0,0,'2020-12-31 13:34:22'),(125,NULL,5120112,5,1,5120100,'Digital Ocean','Result. Negativo',NULL,0,1,0,0,0,0,'2020-12-31 13:34:22'),(126,NULL,5120113,5,1,5120100,'Fletes y acarreos','Result. Negativo',NULL,1,1,0,0,0,1,NULL),(127,NULL,5120114,5,1,5120100,'Luz Edesur','Result. Negativo',NULL,1,1,0,0,0,1,'2020-12-31 13:34:22'),(128,NULL,5120115,5,1,5120100,'Movilidad y Viáticos','Result. Negativo',NULL,1,1,0,0,0,1,NULL),(129,NULL,5120116,5,1,5120100,'Mantenimiento','Result. Negativo',NULL,1,1,0,0,0,1,'2020-12-31 13:34:22'),(130,NULL,5120117,5,1,5120100,'IVA No Computable','Result. Negativo',NULL,1,1,0,0,0,1,'2020-12-31 13:34:22'),(131,NULL,5120118,5,1,5120100,'Entretenimiento','Result. Negativo',NULL,1,1,0,0,0,1,'2020-12-31 13:34:22'),(132,NULL,5120119,5,1,5120100,'Amortización Bienes de Uso','Result. Negativo',NULL,1,1,0,0,0,1,NULL),(133,NULL,5120120,5,1,5120100,'Errepar','Result. Negativo',NULL,0,1,0,0,0,0,'2020-12-31 13:34:22'),(134,NULL,5120121,5,1,5120100,'Hosting Página Web To Webs','Result. Negativo',NULL,0,1,0,0,0,0,'2020-12-31 13:34:22'),(135,NULL,5120122,5,1,5120100,'Gastos varios','Result. Negativo',NULL,1,1,0,0,0,1,NULL);
INSERT INTO `conta_plan_cuenta` VALUES (136,NULL,5120123,5,1,5120100,'Ajuste por redondeo','Result. Negativo',NULL,1,2,0,0,0,1,NULL),(137,NULL,5120124,5,1,5120100,'Deudores Incobrables','Result. Negativo',NULL,1,1,0,0,0,1,NULL),(138,NULL,5120125,5,1,5120100,'Faby Goncalves','Result. Negativo',NULL,0,1,0,0,0,0,'2020-12-31 13:34:22'),(139,NULL,5130100,4,1,5130000,'GASTOS FINANCIEROS','Result. Negativo',NULL,1,1,0,0,0,0,NULL),(140,NULL,5130101,5,1,5130100,'Intereses y Gastos bancarios','Result. Negativo',NULL,1,2,0,0,1,1,NULL),(141,NULL,5130102,5,1,5130100,'Intereses Proveedores','Result. Negativo',NULL,1,1,0,0,0,1,NULL),(142,NULL,5130103,5,1,5130100,'Damian Financiera','Result. Negativo',NULL,0,1,0,0,0,0,'2020-12-31 13:34:22'),(143,NULL,5130104,5,1,5130100,'Diferencias de cambio','Result. Negativo',NULL,1,1,0,0,0,1,NULL),(144,NULL,5130105,5,1,5130100,'Diferencia de Cambio Bces. en M.Extranjera','Result. Negativo',NULL,1,1,0,0,0,1,'2020-12-31 13:34:22'),(145,NULL,5130106,5,1,5130100,'Diferencia tipo cambio Vendedor/Comprador','Result. Negativo',NULL,1,1,0,0,0,1,NULL),(146,NULL,5130107,5,1,5130100,'Diferencia por conversion en Bce. en Mon. Extranj.','Result. Negativo',NULL,1,1,0,0,0,1,'2020-12-31 13:34:22'),(147,NULL,5130108,5,1,5130100,'Diferencia de cambio CMV','Result. Negativo',NULL,1,1,0,0,0,1,'2020-12-31 13:34:22'),(148,NULL,5130109,5,1,5130100,'Diferencia de cambio PT','Result. Negativo',NULL,1,1,0,0,0,1,'2020-12-31 13:34:22'),(149,NULL,5130110,5,1,5130100,'Resultado por Exposición a la Inflación','Result. Negativo',NULL,1,1,0,0,0,1,'2020-12-31 13:34:22'),(150,NULL,5130111,5,1,5130100,'Diferencia de cambio PE','Result. Negativo',NULL,1,1,0,0,0,1,'2020-12-31 13:34:22'),(151,NULL,5130112,5,1,5130100,'Diferencia de cambio Ds.Vtas.','Result. Negativo',NULL,1,1,0,0,0,1,'2020-12-31 13:34:22'),(152,NULL,5130113,5,1,5130100,'Diferencia de cambio ME','Result. Negativo',NULL,1,1,0,0,0,1,NULL),(153,NULL,5130114,5,1,5130100,'Descuentos otorgados','Result. Negativo',NULL,1,1,0,0,0,1,NULL),(154,NULL,5140100,4,1,5140000,'IMPUESTOS','Result. Negativo',NULL,1,1,0,0,0,0,NULL),(155,NULL,5140101,5,1,5140100,'Impuesto a las Ganancias','Result. Negativo',NULL,1,1,0,0,0,1,NULL),(156,NULL,5140164,5,1,5140100,'Impuesto a los Ingresos Brutos','Result. Negativo',NULL,1,2,0,0,0,1,NULL),(157,NULL,5140102,5,1,5140100,'Impuesto al Debito y Credito Bancario','Result. Negativo',NULL,1,1,0,0,0,1,NULL),(158,NULL,5200000,2,1,5000000,'GASTOS EXTRAORDINARIOS','Result. Negativo',NULL,1,1,0,0,0,0,NULL),(159,NULL,5210101,5,1,5210100,'Pérdida por venta bienes de uso','Result. Negativo',NULL,1,1,0,0,0,1,NULL),(160,NULL,5210102,5,1,5210100,'Inversiones','Result. Negativo',NULL,1,1,0,0,0,1,NULL),(161,NULL,5210103,5,1,5210100,'Amortizaciones extraordinarias','Result. Negativo',NULL,1,1,0,0,0,1,NULL),(162,NULL,1140103,5,1,1140100,'Retenciones SUSS','Activo',NULL,1,2,1,0,0,1,NULL),(163,NULL,1110122,5,1,1110100,'Banco Patagonia Cta. Cte.','Activo',NULL,0,1,0,0,0,0,NULL),(164,NULL,1110106,5,1,1110100,'Banco HSBC','Activo',NULL,0,1,0,0,0,0,'2020-12-31 13:34:22'),(165,NULL,1110123,5,1,1110100,'Banco Ciudad Cta. Cte.','Activo',NULL,0,1,0,0,0,0,NULL),(166,NULL,1110124,5,1,1110100,'Banco Nacion Cta. Cte.','Activo',NULL,0,1,0,0,0,0,NULL),(167,NULL,1110109,5,1,1110100,'Banco Galicia Vane','Activo',NULL,0,1,0,0,0,0,'2020-12-31 13:34:22'),(168,NULL,1110110,5,1,1110100,'Banco Frances Vane','Activo',NULL,0,1,0,0,0,0,'2020-12-31 13:34:22'),(169,NULL,1110111,5,1,1110100,'Banco Patagonia In Time SRL','Activo',NULL,0,1,0,0,0,0,'2020-12-31 13:34:22'),(170,NULL,1110112,5,1,1110100,'Banco Ciudad In Time SRL','Activo',NULL,0,1,0,0,0,0,'2020-12-31 13:34:22'),(171,NULL,1110113,5,1,1110100,'Banco Provincia In Time SRL','Activo',NULL,0,1,0,0,0,0,'2020-12-31 13:34:22'),(172,NULL,1110114,5,1,1110100,'Banco Macro PedimeOnline','Activo',NULL,0,1,0,0,0,0,'2020-12-31 13:34:22'),(173,NULL,1110115,5,1,1110100,'Banco Patagonia Problema Resuelto','Activo',NULL,0,1,0,0,0,0,'2020-12-31 13:34:22');
INSERT INTO `conta_plan_cuenta` VALUES (174,NULL,1110116,5,1,1110100,'Banco Patagonia Graciela','Activo',NULL,0,1,0,0,0,0,'2020-12-31 13:34:22'),(175,NULL,1110117,5,1,1110100,'Banco Patagonia Omar','Activo',NULL,0,1,0,0,0,0,'2020-12-31 13:34:22'),(176,NULL,1110118,5,1,1110100,'Cheques','Activo',NULL,1,2,1,1,1,0,NULL),(177,NULL,5120126,5,1,5120100,'Gisela Larzabal','Result. Negativo',NULL,0,1,0,0,0,0,'2020-12-31 13:34:22'),(178,NULL,5120127,5,1,5120100,'Google','Result. Negativo',NULL,1,1,0,0,0,1,'2020-12-31 13:34:22'),(179,NULL,5120128,5,1,5120100,'Seguro Moto','Result. Negativo',NULL,0,1,0,0,0,0,'2020-12-31 13:34:22'),(180,NULL,5120129,5,1,5120100,'Sueldo Agustina','Result. Negativo',NULL,0,1,0,0,0,0,NULL),(181,NULL,5120130,5,1,5120100,'Sueldo Betty','Result. Negativo',NULL,0,1,0,0,0,0,'2020-12-31 13:34:22'),(182,NULL,5120131,5,1,5120100,'Sueldo Elizabet','Result. Negativo',NULL,0,1,0,0,0,0,'2020-12-31 13:34:22'),(183,NULL,5120132,5,1,5120100,'Sueldo Florencia','Result. Negativo',NULL,0,1,0,0,0,0,'2020-12-31 13:34:22'),(184,NULL,5120133,5,1,5120100,'Sueldo Graciela','Result. Negativo',NULL,0,1,0,0,0,0,'2020-12-31 13:34:22'),(185,NULL,5120134,5,1,5120100,'Sueldo Franco Sanchez','Result. Negativo',NULL,0,1,0,0,0,0,'2020-12-31 13:34:22'),(186,NULL,5120135,5,1,5120100,'Sueldo Santiago Sanchez','Result. Negativo',NULL,0,1,0,0,0,0,'2020-12-31 13:34:22'),(187,NULL,5120136,5,1,5120100,'Sueldo Jose Luis','Result. Negativo',NULL,0,1,0,0,0,0,'2020-12-31 13:34:22'),(188,NULL,5120137,5,1,5120100,'Publicidad','Result. Negativo',NULL,1,1,0,0,0,1,NULL),(189,NULL,5120138,5,1,5120100,'Las Nieves','Result. Negativo',NULL,0,1,0,0,0,0,'2020-12-31 13:34:22'),(190,NULL,5120139,5,1,5120100,'Sueldo Lidia','Result. Negativo',NULL,0,1,0,0,0,0,'2020-12-31 13:34:22'),(191,NULL,5120140,5,1,5120100,'Cargas Sociales','Result. Negativo',NULL,1,1,0,0,0,1,NULL),(192,NULL,5120141,5,1,5120100,'Honorarios','Result. Negativo',NULL,1,1,0,0,0,1,NULL),(193,NULL,5120142,5,1,5120100,'Telefono Fijo','Result. Negativo',NULL,1,1,0,0,0,1,NULL),(194,NULL,5120143,5,1,5120100,'ONE DRIVE','Result. Negativo',NULL,0,1,0,0,0,0,'2020-12-31 13:34:22'),(195,NULL,5120144,5,1,5120100,'OSDE','Result. Negativo',NULL,0,1,0,0,0,0,'2020-12-31 13:34:22'),(196,NULL,5120145,5,1,5120100,'SAS Constitucion','Result. Negativo',NULL,0,1,0,0,0,0,'2020-12-31 13:34:22'),(197,NULL,5120146,5,1,5120100,'Seguro de Vida Zurich','Result. Negativo',NULL,0,1,0,0,0,0,'2020-12-31 13:34:22'),(198,NULL,5120147,5,1,5120100,'Seguros','Result. Negativo',NULL,1,1,0,0,0,1,NULL),(199,NULL,5120148,5,1,5120100,'Internet','Result. Negativo',NULL,1,1,0,0,0,1,NULL),(200,NULL,5120149,5,1,5120100,'Seguro de Retiro Zurich','Result. Negativo',NULL,0,1,0,0,0,0,'2020-12-31 13:34:22'),(201,NULL,5140165,5,1,5140100,'Monotributo','Result. Negativo',NULL,1,2,0,0,1,1,NULL),(202,NULL,5140104,5,1,5140100,'IVA In Time SRL','Result. Negativo',NULL,0,1,0,0,0,0,'2020-12-31 13:34:22'),(203,NULL,5140105,5,1,5140100,'Autonomos','Result. Negativo',NULL,1,2,0,0,1,1,NULL),(204,NULL,5140106,5,1,5140100,'Multas Impositivas','Result. Negativo',NULL,1,1,0,0,0,1,NULL),(207,NULL,5120150,5,1,5120100,'Vanesa Gastos','Result. Negativo',NULL,0,1,0,0,0,0,'2020-12-31 13:34:22'),(208,NULL,5140166,5,1,5140100,'Impuesto a los Ingresos Brutos - BS AS','Result. Negativo',NULL,1,1,0,0,0,1,NULL),(209,NULL,5140107,5,1,5140100,'SIRCREB','Result. Negativo',NULL,1,1,0,0,0,1,NULL),(210,NULL,5140108,5,1,5140100,'Consejo Ciencias Economicas','Result. Negativo',NULL,0,1,0,0,0,0,'2020-12-31 13:34:22'),(211,NULL,5120152,5,1,5120100,'Albano Andres','Result. Negativo',NULL,0,1,0,0,0,0,'2020-12-31 13:34:22'),(212,NULL,5120153,5,1,5120100,'Tarjeta Visa','Result. Negativo',NULL,1,1,0,0,0,1,NULL),(213,NULL,5120154,5,1,5120100,'Tarjeta American Express','Result. Negativo',NULL,1,1,0,0,0,1,NULL),(214,NULL,5120155,5,1,5120100,'Tarjeta Mastercard','Result. Negativo',NULL,1,1,0,0,0,1,NULL),(215,NULL,5120156,5,1,5120100,'Imp. Municipales','Result. Negativo',NULL,1,2,0,0,0,1,'2020-12-31 13:34:22');
INSERT INTO `conta_plan_cuenta` VALUES (216,NULL,5120157,5,1,5120100,'Perc/Ret. Imp. Ganancias','Result. Negativo',NULL,1,2,0,0,0,1,NULL),(217,NULL,5120158,5,1,5120100,'Compras','Result. Negativo',NULL,1,2,0,0,0,1,NULL),(218,NULL,4110106,5,2,4110100,'Ventas No Gravadas','Result. Positivo',NULL,1,2,0,0,0,1,NULL),(219,NULL,6110103,5,1,6110100,'Pagos AFIP','Movimiento',NULL,1,2,0,0,1,1,NULL),(220,NULL,5140167,5,1,5140100,'Perc IVA -RG3337','Result. Negativo',NULL,1,2,0,0,0,1,NULL),(221,NULL,5140109,5,1,5140100,'Imps. Internos','Result. Negativo',NULL,1,2,0,0,0,1,NULL),(222,NULL,5140110,5,1,5140100,'Imp. Gasoil','Result. Negativo',NULL,1,2,0,0,0,1,NULL),(223,NULL,5140111,5,1,5140100,'Imp. Hídricos','Result. Negativo',NULL,1,2,0,0,0,1,NULL),(224,NULL,5140112,5,1,5140100,'ITC','Result. Negativo',NULL,1,2,0,0,0,1,NULL),(225,NULL,5140113,5,1,5140100,'Perc IIBB  Buenos Aires','Result. Negativo',NULL,1,2,0,0,0,1,NULL),(226,NULL,5140114,5,1,5140100,'Perc IIBB  Capital Federal','Result. Negativo',NULL,1,2,0,0,0,1,NULL),(227,NULL,5140115,5,1,5140100,'Perc IIBB  Catamarca','Result. Negativo',NULL,1,2,0,0,0,1,NULL),(228,NULL,5140116,5,1,5140100,'Perc IIBB  Chaco','Result. Negativo',NULL,1,2,0,0,0,1,NULL),(229,NULL,5140117,5,1,5140100,'Perc IIBB  Chubut','Result. Negativo',NULL,1,2,0,0,0,1,NULL),(230,NULL,5140118,5,1,5140100,'Perc IIBB  Córdoba','Result. Negativo',NULL,1,2,0,0,0,1,NULL),(231,NULL,5140119,5,1,5140100,'Perc IIBB  Corrientes','Result. Negativo',NULL,1,2,0,0,0,1,NULL),(232,NULL,5140120,5,1,5140100,'Perc IIBB  Entre Ríos','Result. Negativo',NULL,1,2,0,0,0,1,NULL),(233,NULL,5140121,5,1,5140100,'Perc IIBB  Formosa','Result. Negativo',NULL,1,2,0,0,0,1,NULL),(234,NULL,5140122,5,1,5140100,'Perc IIBB  Jujuy','Result. Negativo',NULL,1,2,0,0,0,1,NULL),(235,NULL,5140123,5,1,5140100,'Perc IIBB  La Pampa','Result. Negativo',NULL,1,2,0,0,0,1,NULL),(236,NULL,5140124,5,1,5140100,'Perc IIBB  La Rioja','Result. Negativo',NULL,1,2,0,0,0,1,NULL),(237,NULL,5140125,5,1,5140100,'Perc IIBB  Mendoza','Result. Negativo',NULL,1,2,0,0,0,1,NULL),(238,NULL,5140126,5,1,5140100,'Perc IIBB  Misiones','Result. Negativo',NULL,1,2,0,0,0,1,NULL),(239,NULL,5140127,5,1,5140100,'Perc IIBB  Neuquén','Result. Negativo',NULL,1,2,0,0,0,1,NULL),(240,NULL,5140128,5,1,5140100,'Perc IIBB  Pascua Lama','Result. Negativo',NULL,1,2,0,0,0,1,NULL),(241,NULL,5140129,5,1,5140100,'Perc IIBB  Río Negro','Result. Negativo',NULL,1,2,0,0,0,1,NULL),(242,NULL,5140130,5,1,5140100,'Perc IIBB  Salta','Result. Negativo',NULL,1,2,0,0,0,1,NULL),(243,NULL,5140131,5,1,5140100,'Perc IIBB  San Juan','Result. Negativo',NULL,1,2,0,0,0,1,NULL),(244,NULL,5140132,5,1,5140100,'Perc IIBB  San Luis','Result. Negativo',NULL,1,2,0,0,0,1,NULL),(245,NULL,5140133,5,1,5140100,'Perc IIBB  Santa Cruz','Result. Negativo',NULL,1,2,0,0,0,1,NULL),(246,NULL,5140134,5,1,5140100,'Perc IIBB  Santa Fe','Result. Negativo',NULL,1,2,0,0,0,1,NULL),(247,NULL,5140135,5,1,5140100,'Perc IIBB  Santiago del Estero','Result. Negativo',NULL,1,2,0,0,0,1,NULL),(248,NULL,5140136,5,1,5140100,'Perc IIBB  Tierra del Fuego','Result. Negativo',NULL,1,2,0,0,0,1,NULL),(249,NULL,5140137,5,1,5140100,'Perc IIBB  Tucuman','Result. Negativo',NULL,1,2,0,0,0,1,NULL),(250,NULL,5140138,5,1,5140100,'Compras No Gravadas','Result. Negativo',NULL,1,2,0,0,0,1,NULL),(251,NULL,1140108,5,1,1140100,'Retenciones de IIBB Buenos Aires','Activo',NULL,1,2,1,0,0,1,NULL),(252,NULL,1140109,5,1,1140100,'Retenciones de IIBB Capital Federal','Activo',NULL,1,2,1,0,0,1,NULL),(253,NULL,1140110,5,1,1140100,'Retenciones de IIBB Catamarca','Activo',NULL,1,2,1,0,0,1,NULL),(254,NULL,1140111,5,1,1140100,'Retenciones de IIBB Chaco','Activo',NULL,1,2,1,0,0,1,NULL),(255,NULL,1140112,5,1,1140100,'Retenciones de IIBB Chubut','Activo',NULL,1,2,1,0,0,1,NULL),(256,NULL,1140113,5,1,1140100,'Retenciones de IIBB Córdoba','Activo',NULL,1,2,1,0,0,1,NULL),(257,NULL,1140114,5,1,1140100,'Retenciones de IIBB Corrientes','Activo',NULL,1,2,1,0,0,1,NULL);
INSERT INTO `conta_plan_cuenta` VALUES (258,NULL,1140115,5,1,1140100,'Retenciones de IIBB Entre Ríos','Activo',NULL,1,2,1,0,0,1,NULL),(259,NULL,1140116,5,1,1140100,'Retenciones de IIBB Formosa','Activo',NULL,1,2,1,0,0,1,NULL),(260,NULL,1140117,5,1,1140100,'Retenciones de IIBB Jujuy','Activo',NULL,1,2,1,0,0,1,NULL),(261,NULL,1140118,5,1,1140100,'Retenciones de IIBB La Pampa','Activo',NULL,1,2,1,0,0,1,NULL),(262,NULL,1140119,5,1,1140100,'Retenciones de IIBB La Rioja','Activo',NULL,1,2,1,0,0,1,NULL),(263,NULL,1140120,5,1,1140100,'Retenciones de IIBB Mendoza','Activo',NULL,1,2,1,0,0,1,NULL),(264,NULL,1140121,5,1,1140100,'Retenciones de IIBB Misiones','Activo',NULL,1,2,1,0,0,1,NULL),(265,NULL,1140122,5,1,1140100,'Retenciones de IIBB Neuquén','Activo',NULL,1,2,1,0,0,1,NULL),(266,NULL,1140123,5,1,1140100,'Retenciones de IIBB Pascua Lama','Activo',NULL,1,2,1,0,0,1,NULL),(267,NULL,1140124,5,1,1140100,'Retenciones de IIBB Río Negro','Activo',NULL,1,2,1,0,0,1,NULL),(268,NULL,1140125,5,1,1140100,'Retenciones de IIBB Salta','Activo',NULL,1,2,1,0,0,1,NULL),(269,NULL,1140126,5,1,1140100,'Retenciones de IIBB San Juan','Activo',NULL,1,2,1,0,0,1,NULL),(270,NULL,1140127,5,1,1140100,'Retenciones de IIBB San Luis','Activo',NULL,1,2,1,0,0,1,NULL),(271,NULL,1140128,5,1,1140100,'Retenciones de IIBB Santa Cruz','Activo',NULL,1,2,1,0,0,1,NULL),(272,NULL,1140129,5,1,1140100,'Retenciones de IIBB Santa Fe','Activo',NULL,1,2,1,0,0,1,NULL),(273,NULL,1140130,5,1,1140100,'Retenciones de IIBB Santiago del Estero','Activo',NULL,1,2,1,0,0,1,NULL),(274,NULL,1140131,5,1,1140100,'Retenciones de IIBB Tierra del Fuego','Activo',NULL,1,2,1,0,0,1,NULL),(275,NULL,1140132,5,1,1140100,'Retenciones de IIBB Tucuman','Activo',NULL,1,2,1,0,0,1,NULL),(276,NULL,5140168,5,1,5140100,'SIRCREB Buenos Aires','Result. Negativo',NULL,1,2,0,0,0,1,NULL),(277,NULL,5140139,5,1,5140100,'SIRCREB Capital Federal','Result. Negativo',NULL,1,2,0,0,0,1,NULL),(278,NULL,5140140,5,1,5140100,'SIRCREB Catamarca','Result. Negativo',NULL,1,2,0,0,0,1,NULL),(279,NULL,5140141,5,1,5140100,'SIRCREB Chaco','Result. Negativo',NULL,1,2,0,0,0,1,NULL),(280,NULL,5140142,5,1,5140100,'SIRCREB Chubut','Result. Negativo',NULL,1,2,0,0,0,1,NULL),(281,NULL,5140143,5,1,5140100,'SIRCREB Córdoba','Result. Negativo',NULL,1,2,0,0,0,1,NULL),(282,NULL,5140144,5,1,5140100,'SIRCREB Corrientes','Result. Negativo',NULL,1,2,0,0,0,1,NULL),(283,NULL,5140145,5,1,5140100,'SIRCREB Entre Ríos','Result. Negativo',NULL,1,2,0,0,0,1,NULL),(284,NULL,5140146,5,1,5140100,'SIRCREB Formosa','Result. Negativo',NULL,1,2,0,0,0,1,NULL),(285,NULL,5140147,5,1,5140100,'SIRCREB Jujuy','Result. Negativo',NULL,1,2,0,0,0,1,NULL),(286,NULL,5140148,5,1,5140100,'SIRCREB La Pampa','Result. Negativo',NULL,1,2,0,0,0,1,NULL),(287,NULL,5140149,5,1,5140100,'SIRCREB La Rioja','Result. Negativo',NULL,1,2,0,0,0,1,NULL),(288,NULL,5140150,5,1,5140100,'SIRCREB Mendoza','Result. Negativo',NULL,1,2,0,0,0,1,NULL),(289,NULL,5140151,5,1,5140100,'SIRCREB Misiones','Result. Negativo',NULL,1,2,0,0,0,1,NULL),(290,NULL,5140152,5,1,5140100,'SIRCREB Neuquén','Result. Negativo',NULL,1,2,0,0,0,1,NULL),(291,NULL,5140153,5,1,5140100,'SIRCREB Pascua Lama','Result. Negativo',NULL,1,2,0,0,0,1,NULL),(292,NULL,5140154,5,1,5140100,'SIRCREB Río Negro','Result. Negativo',NULL,1,2,0,0,0,1,NULL),(293,NULL,5140155,5,1,5140100,'SIRCREB Salta','Result. Negativo',NULL,1,2,0,0,0,1,NULL),(294,NULL,5140156,5,1,5140100,'SIRCREB San Juan','Result. Negativo',NULL,1,2,0,0,0,1,NULL),(295,NULL,5140157,5,1,5140100,'SIRCREB San Luis','Result. Negativo',NULL,1,2,0,0,0,1,NULL),(296,NULL,5140158,5,1,5140100,'SIRCREB Santa Cruz','Result. Negativo',NULL,1,2,0,0,0,1,NULL),(297,NULL,5140159,5,1,5140100,'SIRCREB Santa Fe','Result. Negativo',NULL,1,2,0,0,0,1,NULL),(298,NULL,5140160,5,1,5140100,'SIRCREB Santiago del Estero','Result. Negativo',NULL,1,2,0,0,0,1,NULL),(299,NULL,5140161,5,1,5140100,'SIRCREB Tierra del Fuego','Result. Negativo',NULL,1,2,0,0,0,1,NULL),(300,NULL,5140162,5,1,5140100,'SIRCREB Tucuman','Result. Negativo',NULL,1,2,0,0,0,1,NULL);
INSERT INTO `conta_plan_cuenta` VALUES (301,NULL,1140326,5,1,1140300,'IIBB a Favor Buenos Aires','Activo',NULL,1,2,0,0,0,1,NULL),(302,NULL,1140302,5,1,1140300,'IIBB a Favor Capital Federal','Activo',NULL,1,2,0,0,0,1,NULL),(303,NULL,1140303,5,1,1140300,'IIBB a Favor Catamarca','Activo',NULL,1,2,0,0,0,1,NULL),(304,NULL,1140304,5,1,1140300,'IIBB a Favor Chaco','Activo',NULL,1,2,0,0,0,1,NULL),(305,NULL,1140305,5,1,1140300,'IIBB a Favor Chubut','Activo',NULL,1,2,0,0,0,1,NULL),(306,NULL,1140306,5,1,1140300,'IIBB a Favor Córdoba','Activo',NULL,1,2,0,0,0,1,NULL),(307,NULL,1140307,5,1,1140300,'IIBB a Favor Corrientes','Activo',NULL,1,2,0,0,0,1,NULL),(308,NULL,1140308,5,1,1140300,'IIBB a Favor Entre Ríos','Activo',NULL,1,2,0,0,0,1,NULL),(309,NULL,1140309,5,1,1140300,'IIBB a Favor Formosa','Activo',NULL,1,2,0,0,0,1,NULL),(310,NULL,1140310,5,1,1140300,'IIBB a Favor Jujuy','Activo',NULL,1,2,0,0,0,1,NULL),(311,NULL,1140311,5,1,1140300,'IIBB a Favor La Pampa','Activo',NULL,1,2,0,0,0,1,NULL),(312,NULL,1140312,5,1,1140300,'IIBB a Favor La Rioja','Activo',NULL,1,2,0,0,0,1,NULL),(313,NULL,1140313,5,1,1140300,'IIBB a Favor Mendoza','Activo',NULL,1,2,0,0,0,1,NULL),(314,NULL,1140314,5,1,1140300,'IIBB a Favor Misiones','Activo',NULL,1,2,0,0,0,1,NULL),(315,NULL,1140315,5,1,1140300,'IIBB a Favor Neuquén','Activo',NULL,1,2,0,0,0,1,NULL),(316,NULL,1140316,5,1,1140300,'IIBB a Favor Pascua Lama','Activo',NULL,1,2,0,0,0,1,NULL),(317,NULL,1140317,5,1,1140300,'IIBB a Favor Río Negro','Activo',NULL,1,2,0,0,0,1,NULL),(318,NULL,1140318,5,1,1140300,'IIBB a Favor Salta','Activo',NULL,1,2,0,0,0,1,NULL),(319,NULL,1140319,5,1,1140300,'IIBB a Favor San Juan','Activo',NULL,1,2,0,0,0,1,NULL),(320,NULL,1140320,5,1,1140300,'IIBB a Favor San Luis','Activo',NULL,1,2,0,0,0,1,NULL),(321,NULL,1140321,5,1,1140300,'IIBB a Favor Santa Cruz','Activo',NULL,1,2,0,0,0,1,NULL),(322,NULL,1140322,5,1,1140300,'IIBB a Favor Santa Fe','Activo',NULL,1,2,0,0,0,1,NULL),(323,NULL,1140323,5,1,1140300,'IIBB a Favor Santiago del Estero','Activo',NULL,1,2,0,0,0,1,NULL),(324,NULL,1140324,5,1,1140300,'IIBB a Favor Tierra del Fuego','Activo',NULL,1,2,0,0,0,1,NULL),(325,NULL,1140325,5,1,1140300,'IIBB a Favor Tucuman','Activo',NULL,1,2,0,0,0,1,NULL),(326,NULL,2110317,5,2,2110300,'IIBB a Pagar Buenos Aires','Pasivo',NULL,1,2,0,0,0,1,NULL),(327,NULL,2110318,5,2,2110300,'IIBB a Pagar Capital Federal','Pasivo',NULL,1,2,0,0,0,1,NULL),(328,NULL,2110319,5,2,2110300,'IIBB a Pagar Catamarca','Pasivo',NULL,1,2,0,0,0,1,NULL),(329,NULL,2110320,5,2,2110300,'IIBB a Pagar Chaco','Pasivo',NULL,1,2,0,0,0,1,NULL),(330,NULL,2110321,5,2,2110300,'IIBB a Pagar Chubut','Pasivo',NULL,1,2,0,0,0,1,NULL),(331,NULL,2110322,5,2,2110300,'IIBB a Pagar Córdoba','Pasivo',NULL,1,2,0,0,0,1,NULL),(332,NULL,2110323,5,2,2110300,'IIBB a Pagar Corrientes','Pasivo',NULL,1,2,0,0,0,1,NULL),(333,NULL,2110324,5,2,2110300,'IIBB a Pagar Entre Ríos','Pasivo',NULL,1,2,0,0,0,1,NULL),(334,NULL,2110325,5,2,2110300,'IIBB a Pagar Formosa','Pasivo',NULL,1,2,0,0,0,1,NULL),(335,NULL,2110326,5,2,2110300,'IIBB a Pagar Jujuy','Pasivo',NULL,1,2,0,0,0,1,NULL),(336,NULL,2110327,5,2,2110300,'IIBB a Pagar La Pampa','Pasivo',NULL,1,2,0,0,0,1,NULL),(337,NULL,2110328,5,2,2110300,'IIBB a Pagar La Rioja','Pasivo',NULL,1,2,0,0,0,1,NULL),(338,NULL,2110329,5,2,2110300,'IIBB a Pagar Mendoza','Pasivo',NULL,1,2,0,0,0,1,NULL),(339,NULL,2110330,5,2,2110300,'IIBB a Pagar Misiones','Pasivo',NULL,1,2,0,0,0,1,NULL),(340,NULL,2110331,5,2,2110300,'IIBB a Pagar Neuquén','Pasivo',NULL,1,2,0,0,0,1,NULL),(341,NULL,2110332,5,2,2110300,'IIBB a Pagar Pascua Lama','Pasivo',NULL,1,2,0,0,0,1,NULL),(342,NULL,2110333,5,2,2110300,'IIBB a Pagar Río Negro','Pasivo',NULL,1,2,0,0,0,1,NULL),(343,NULL,2110334,5,2,2110300,'IIBB a Pagar Salta','Pasivo',NULL,1,2,0,0,0,1,NULL),(344,NULL,2110335,5,2,2110300,'IIBB a Pagar San Juan','Pasivo',NULL,1,2,0,0,0,1,NULL),(345,NULL,2110336,5,2,2110300,'IIBB a Pagar San Luis','Pasivo',NULL,1,2,0,0,0,1,NULL),(346,NULL,2110337,5,2,2110300,'IIBB a Pagar Santa Cruz','Pasivo',NULL,1,2,0,0,0,1,NULL);
INSERT INTO `conta_plan_cuenta` VALUES (347,NULL,2110338,5,2,2110300,'IIBB a Pagar Santa Fe','Pasivo',NULL,1,2,0,0,0,1,NULL),(348,NULL,2110339,5,2,2110300,'IIBB a Pagar Santiago del Estero','Pasivo',NULL,1,2,0,0,0,1,NULL),(349,NULL,2110340,5,2,2110300,'IIBB a Pagar Tierra del Fuego','Pasivo',NULL,1,2,0,0,0,1,NULL),(350,NULL,2110341,5,2,2110300,'IIBB a Pagar Tucuman','Pasivo',NULL,1,2,0,0,0,1,NULL),(351,NULL,6110101,5,1,6110100,'BANCO SIRCREB','Movimiento',NULL,1,2,0,0,1,1,NULL),(352,NULL,6110102,5,1,6110100,'Compensacion','Movimiento',NULL,1,2,0,0,0,1,'2020-12-31 13:34:22'),(353,NULL,1140327,5,1,1140300,'IVA Saldo Tecnico','Activo',NULL,1,2,0,0,0,1,NULL),(354,NULL,1140328,5,1,1140300,'IVA Saldo Libre Disponibilidad','Activo',NULL,1,2,0,0,0,1,NULL),(355,NULL,6000000,1,1,0,'Movimiento','Movimiento',NULL,1,1,0,0,0,0,NULL),(356,NULL,6100000,2,1,6000000,'Movimiento','Movimiento',NULL,1,1,0,0,0,0,NULL),(357,NULL,6110000,3,1,6100000,'Movimiento','Movimiento',NULL,1,1,0,0,0,0,NULL),(358,NULL,4110000,3,2,4100000,'Ingresos Operativos','Result. Positivo',NULL,1,1,0,0,0,0,NULL),(359,NULL,1110120,5,1,1110100,'Caja en Pesos','Activo',NULL,1,2,1,1,1,0,NULL),(360,NULL,1140211,5,1,1140200,'Retenciones Bancarias de Ganancias a Favor','Activo',NULL,1,2,0,0,1,1,NULL),(361,NULL,1220104,5,1,1220100,'Equipos de Computación','Activo',NULL,1,1,0,0,0,1,NULL),(362,NULL,1220105,5,1,1220100,'Computadoras','Activo',NULL,1,1,0,0,0,1,NULL),(363,NULL,1220304,5,1,1220300,'Muebles y Utiles','Activo',NULL,1,1,0,0,0,1,NULL),(364,NULL,2110105,5,2,2110100,'Anticipo de Clientes','Pasivo',NULL,1,2,0,0,1,1,NULL),(365,NULL,2110401,5,2,2110400,'Provision Honorarios','Pasivo',NULL,1,1,0,0,0,1,NULL),(366,NULL,2110106,5,2,2110100,'Cta. Cte Directores','Pasivo',NULL,1,1,0,0,0,1,NULL),(367,NULL,2110107,5,2,2110100,'Provisión Honorarios Directores','Pasivo',NULL,1,1,0,0,0,1,NULL),(368,NULL,2110110,5,2,2110100,'Cuenta Particular Socio 1','Pasivo',NULL,1,1,0,0,0,1,NULL),(369,NULL,3110104,5,2,3110100,'Capital','Patrimonio Neto',NULL,1,1,0,0,0,1,NULL),(370,NULL,1120000,3,1,1100000,'INVERSIONES','Activo',NULL,1,1,0,0,0,0,NULL),(371,NULL,1160000,3,1,1100000,'OTROS ACTIVOS','Activo',NULL,1,1,0,0,0,0,NULL),(372,NULL,1160100,4,1,1160000,'OTROS','Activo',NULL,1,1,0,0,0,0,NULL),(373,NULL,2110400,4,2,2110000,'Provision de Honorarios','Pasivo',NULL,1,1,0,0,0,0,NULL),(374,NULL,3410100,4,1,3410000,'RESULTADOS ACUMULADOS','Patrimonio Neto',NULL,1,1,0,0,0,0,NULL),(375,NULL,3420000,3,1,3400000,'GANACIAS RESERVADAS','Patrimonio Neto',NULL,1,1,0,0,0,0,NULL),(376,NULL,3420100,4,1,3420000,'Rerva Legal','Patrimonio Neto',NULL,1,1,0,0,0,0,NULL),(377,NULL,1220400,4,1,1220000,'INMUEBLES','Activo',NULL,1,1,0,0,0,0,NULL),(378,NULL,1220500,4,1,1220000,'RODADOS','Activo',NULL,1,1,0,0,0,0,NULL),(379,NULL,1220600,4,1,1220000,'MAQUINARIAS','Activo',NULL,1,1,0,0,0,0,NULL),(380,NULL,1220204,5,1,1220200,'Instalaciones','Activo',NULL,1,1,0,0,0,1,NULL),(381,NULL,3420101,5,2,3420100,'Reserva Legal','Patrimonio Neto',NULL,1,1,0,0,0,1,NULL),(382,NULL,3420102,5,2,3420100,'Reserva Legal','Patrimonio Neto',NULL,1,1,0,0,0,1,'2020-12-31 13:34:22'),(383,NULL,3410105,5,2,3410100,'Resultado no asignado','Patrimonio Neto',NULL,1,1,0,0,0,1,NULL),(384,NULL,1110121,5,1,1110100,'Caja en Dolares','Activo',NULL,1,2,1,1,1,0,NULL),(385,NULL,1120100,4,1,1120000,'TEMPORARIAS','Activo',NULL,1,1,0,0,0,0,NULL),(386,NULL,1120101,5,1,1120100,'PLAZO FIJO','Activo',NULL,1,1,0,0,0,1,NULL),(387,NULL,1120200,4,1,1120000,'PERMANENTES','Activo',NULL,1,1,0,0,0,0,NULL),(388,NULL,1120201,5,1,1120200,'ACCIONES','Activo',NULL,1,1,0,0,0,1,NULL),(389,NULL,1220401,5,1,1220400,'Inmuebles','Activo',NULL,1,1,0,0,0,1,NULL),(390,NULL,1220501,5,1,1220500,'Vehiculos','Activo',NULL,1,1,0,0,0,1,NULL),(391,NULL,1220601,5,1,1220600,'Maquinarias','Activo',NULL,1,1,0,0,0,1,NULL),(392,NULL,1150401,5,1,1150400,'MERCADERIAS','Activo',NULL,1,1,0,0,0,1,NULL),(393,NULL,1160101,5,1,1160100,'OTROS','Activo',NULL,1,1,0,0,0,1,NULL),(394,NULL,1230100,4,1,1230000,'INTANGIBLES','Activo',NULL,1,1,0,0,0,0,NULL);
INSERT INTO `conta_plan_cuenta` VALUES (395,NULL,2110119,5,2,2110100,'Cuenta Particular Socio 2','Pasivo',NULL,1,1,0,0,0,1,NULL),(396,NULL,5120160,5,1,5120100,'Comisiones Y gastos Bancarios','Result. Negativo',NULL,1,1,0,0,0,1,NULL),(397,NULL,4110100,4,2,4110000,'Ingresos Operativos','Result. Positivo',NULL,1,1,0,0,0,0,NULL),(398,NULL,4120100,4,2,4120000,'OTROS INGRESOS','Result. Positivo',NULL,1,1,0,0,0,0,NULL),(399,NULL,5110000,3,1,5100000,'GASTOS ORDINARIOS','Result. Negativo',NULL,1,1,0,0,0,0,NULL),(400,NULL,5120000,3,1,5100000,'GASTOS DE OPERACION','Result. Negativo',NULL,1,1,0,0,0,0,NULL),(401,NULL,5130000,3,1,5100000,'GASTOS DE OPERACION','Result. Negativo',NULL,1,1,0,0,0,0,NULL),(402,NULL,5140000,3,1,5100000,'GASTOS DE OPERACION','Result. Negativo',NULL,1,1,0,0,0,0,NULL),(403,NULL,5210000,3,1,5200000,'GASTOS EXTRAORDINARIOS','Result. Negativo',NULL,1,1,0,0,0,0,NULL),(404,NULL,5210100,4,1,5210000,'GASTOS EXTRAORDINARIOS','Result. Negativo',NULL,1,1,0,0,0,0,NULL),(405,NULL,6110100,4,1,6110000,'Movimiento','Movimiento',NULL,1,1,0,0,0,0,NULL),(406,NULL,1130100,4,1,1130000,'Operaciones Ordinarias','Activo',NULL,1,1,0,0,0,0,NULL),(407,NULL,3110000,3,2,3100000,'CAPITAL SOCIAL','Patrimonio Neto',NULL,1,1,0,0,0,0,NULL),(408,NULL,3410000,3,2,3400000,'RESULTADOS ANTERIORES','Patrimonio Neto',NULL,1,1,0,0,0,0,NULL),(409,NULL,5110101,5,2,5110000,'IVA Crédito Fiscal No computable','Result. Negativo',NULL,1,2,0,0,1,1,NULL),(410,NULL,1110203,5,1,1110200,'Banco ICBC Cta. Cte.','Activo',NULL,1,2,1,1,1,0,NULL),(411,NULL,2110342,5,2,2110300,'Provisión Impuesto a las Ganancias','Pasivo',NULL,1,1,0,0,0,1,NULL),(412,NULL,5120107,5,2,5120000,'Amortización Muebles y Útiles','Result. Negativo',NULL,1,1,0,0,0,1,NULL),(413,NULL,5120102,5,2,5120000,'Amortización Equipos','Result. Negativo',NULL,1,1,0,0,0,1,NULL),(414,NULL,1220109,5,1,1220100,'Amortizacion Acumulada Equipos','Activo',NULL,1,1,0,0,0,1,NULL),(415,NULL,1220602,5,1,1220600,'Amortización Acumulada Maquinarias','Activo',NULL,1,1,0,0,0,1,NULL),(416,NULL,1160102,5,1,1160100,'Materias Primas','Activo',NULL,1,1,0,0,0,1,NULL),(417,NULL,1110204,5,1,1110200,'Banco Itaú Cta. Cte.','Activo',NULL,1,2,1,1,1,0,NULL),(418,NULL,2110113,5,2,2110100,'Deudas Bancarias','Pasivo',NULL,1,2,0,1,1,1,NULL),(419,NULL,1220502,5,1,1220500,'Rodados','Activo',NULL,1,1,0,0,0,1,NULL),(420,NULL,1220503,5,1,1220500,'Amortización Acumulada Rodados','Activo',NULL,1,1,0,0,0,1,NULL),(421,NULL,5120105,5,2,5120000,'Amortización Rodados','Result. Negativo',NULL,1,1,0,0,0,1,'2020-12-31 13:34:22'),(422,NULL,5120109,5,2,5120000,'Amortización Maquinarias','Result. Negativo',NULL,1,1,0,0,0,1,'2020-12-31 13:34:22'),(423,NULL,1220504,5,1,1220500,'Accesorios','Activo',NULL,1,1,0,0,0,1,NULL),(424,NULL,1220505,5,1,1220500,'Amortización Acumulada Accesorios','Activo',NULL,1,1,0,0,0,1,NULL),(425,NULL,1110205,5,1,1110200,'Banco Galicia Cta. Cte.','Activo',NULL,1,2,1,1,1,0,NULL),(426,NULL,3420101,5,2,3420000,'Reserva Facultativa','Patrimonio Neto',NULL,1,1,0,0,0,1,NULL),(427,NULL,1140212,5,1,1140200,'Créditos por Impuestos Diferidos','Activo',NULL,1,1,0,0,0,1,NULL),(428,NULL,1160103,5,1,1160100,'Fondo de Comercio','Activo',NULL,1,1,0,0,0,1,NULL),(429,NULL,1160104,5,1,1160100,'Amortizacion Acumulada Fondo de Comercio','Activo',NULL,1,1,0,0,0,1,NULL),(430,NULL,1140213,5,1,1140200,'Intereses a devengar AGIP','Activo',NULL,1,1,0,0,0,1,NULL),(431,NULL,2110343,5,2,2110300,'PFP IIBB','Pasivo',NULL,1,1,0,0,0,1,'2020-12-31 13:34:22'),(432,NULL,1140330,5,1,1140300,'Pago a Cuenta ITC','Activo',NULL,1,2,0,0,0,1,NULL),(433,NULL,2110114,5,2,2110100,'Préstamo','Pasivo',NULL,1,2,0,1,1,1,NULL),(434,NULL,1160106,5,1,1160100,'Productos','Activo',NULL,1,1,0,0,0,1,NULL),(435,NULL,2110345,5,2,2110300,'Intereses a devengar PFP','Pasivo',NULL,1,1,0,0,0,1,NULL),(436,NULL,1110206,5,1,1110200,'Banco Provincia Cta. Cte.','Activo',NULL,1,2,1,1,1,0,NULL),(437,NULL,1140215,5,1,1140200,'Imp. Ley 25413 Cred 0.6%','Activo',NULL,1,1,0,0,0,1,NULL);
INSERT INTO `conta_plan_cuenta` VALUES (438,NULL,2110402,5,2,2110400,'Honorarios Directorio a Pagar','Pasivo',NULL,1,1,0,0,0,1,NULL),(439,NULL,3110101,5,2,3110100,'Reserva para Futuras Inversiones','Patrimonio Neto',NULL,1,1,0,0,0,1,NULL),(440,NULL,1130106,5,1,1130100,'TEAC - Trabajos Ejecutados a Certificar','Activo',NULL,1,1,0,0,0,1,NULL),(441,NULL,2110115,5,2,2110100,'Leasing','Pasivo',NULL,1,2,0,1,1,1,NULL),(442,NULL,1110207,5,1,1110200,'Banco Comafi Cta. Cte','Activo',NULL,1,2,1,1,1,0,NULL),(443,NULL,2110500,4,2,2110000,'Deudas Financieras','Pasivo',NULL,1,1,0,0,0,0,NULL),(444,NULL,2110501,5,2,2110500,'Banco Santander Rio Cta Cte','Pasivo',NULL,1,1,0,0,0,1,NULL),(446,NULL,2210000,3,2,2200000,'Deudas','Pasivo',NULL,1,1,0,0,0,0,NULL),(447,NULL,2210100,4,2,2210000,'Otras Deudas','Pasivo',NULL,1,1,0,0,0,0,NULL),(448,NULL,2210101,5,2,2210100,'Planes de Pagos AFIP','Pasivo',NULL,1,2,0,1,1,1,NULL),(449,NULL,2110502,5,2,2110500,'Leasing','Pasivo',NULL,1,1,0,0,0,1,NULL),(450,NULL,6110101,5,1,6110000,'Cheques Rechazados','Movimiento',NULL,1,2,0,0,1,1,NULL),(451,NULL,1110208,5,1,1110200,'Banco Patagonia Taxes Software','Activo',NULL,1,2,1,1,1,0,NULL),(452,NULL,1110209,5,1,1110200,'Banco Macro Cta. Cte.','Activo',NULL,1,2,1,1,1,0,NULL),(453,NULL,1120202,5,1,1120200,'Inversión Central Caribe','Activo',NULL,1,1,0,0,0,1,'2020-12-31 13:34:22'),(454,NULL,1120102,5,1,1120100,'Otras Inversiones','Activo',NULL,1,1,0,0,0,1,NULL),(455,NULL,1140216,5,1,1140200,'Otros Créditos','Activo',NULL,1,1,0,0,0,1,NULL),(456,NULL,2110403,5,2,2110400,'Provisión Honorarios Socio Gerente','Pasivo',NULL,1,1,0,0,0,1,NULL),(457,NULL,1110210,5,1,1110200,'Cheque Diferido Banco Santander Rio','Activo',NULL,1,2,1,1,1,0,'2020-12-31 13:34:22'),(458,NULL,1110211,5,1,1110200,'Cheque Diferido Banco Macro','Activo',NULL,1,2,1,1,1,0,'2020-12-31 13:34:22'),(459,NULL,2110204,5,2,2110200,'Moratoria SUSS a pagar','Pasivo',NULL,1,1,0,0,0,1,NULL),(460,NULL,2110344,5,2,2110300,'Impuestos Municipales a Pagar','Pasivo',NULL,1,1,0,0,0,1,NULL),(461,NULL,5110103,5,2,5110000,'Amortización Instalaciones','Result. Negativo',NULL,1,1,0,0,0,1,NULL),(462,NULL,5120110,5,2,5120000,'Amortización Equipos de comput.','Result. Negativo',NULL,1,1,0,0,0,1,'2020-12-31 13:34:22'),(463,NULL,2110118,5,2,2110100,'Cuenta Particular Socio 3','Pasivo',NULL,1,1,0,0,0,1,NULL),(464,NULL,2110120,5,2,2110100,'Cuenta Particular Socio 4','Pasivo',NULL,1,1,0,0,0,1,NULL),(465,NULL,3110102,5,2,3110100,'Otras Reservas','Patrimonio Neto',NULL,1,1,0,0,0,1,NULL),(466,NULL,1140331,5,1,1140300,'IGMP (Saldo a Favor)','Activo',NULL,1,1,0,0,0,1,NULL),(467,NULL,5110104,5,2,5110000,'Interés','Result. Negativo',NULL,1,2,0,0,1,1,NULL),(468,NULL,1150402,5,1,1150400,'Productos en Proceso','Activo',NULL,1,1,0,0,0,1,NULL),(469,NULL,2110205,5,2,2110200,'Depósitos en Garantía Socio Gerente','Pasivo',NULL,1,1,0,0,0,1,NULL),(470,NULL,2110346,5,2,2110300,'Fondos Embargados','Pasivo',NULL,1,1,0,0,0,1,NULL),(471,NULL,2110347,5,2,2110300,'Cuota Solid.','Pasivo',NULL,1,1,0,0,0,1,'2020-12-31 13:34:22'),(472,NULL,1140332,5,1,1140300,'Anticipo Honorarios Directores','Activo',NULL,1,1,0,0,0,1,NULL),(473,NULL,2110348,5,2,2110300,'SICORE a Pagar','Pasivo',NULL,1,1,0,0,0,1,NULL),(474,NULL,1110212,5,1,1110200,'Banco Credicoop Cta. Cte.','Activo',NULL,1,2,1,1,1,0,NULL),(475,NULL,1110213,5,1,1110200,'Banco Superville Cta. Cte.','Activo',NULL,1,2,1,1,1,0,NULL),(476,NULL,5110105,5,2,5110000,'RECPAM','Result. Negativo',NULL,1,2,0,0,0,1,NULL),(477,NULL,1110125,5,1,1110100,'Caja Reales','Activo',NULL,1,2,1,1,1,0,NULL),(478,NULL,5140169,5,1,5140100,'CO2 - Imp. Al Carbono','Result. Negativo',NULL,1,2,0,0,0,1,NULL),(479,NULL,1140300,4,1,1140000,'Anticipo de Impuestos','Activo',NULL,1,1,0,0,0,0,NULL),(480,NULL,2110600,4,2,2110000,'Retenciones Efectuadas','Pasivo',NULL,1,1,0,0,0,0,NULL),(481,NULL,4200000,2,2,4000000,'INGRESOS EXTRAORDINARIOS','Result. Positivo',NULL,1,1,0,0,0,0,NULL),(1001,NULL,5140170,5,1,5140100,'SIRTAC Córdoba','Result. Negativo',NULL,1,2,0,0,0,1,NULL);
INSERT INTO `conta_plan_cuenta` VALUES (1002,NULL,5140171,5,1,5140100,'SIRTAC Corrientes','Result. Negativo',NULL,1,2,0,0,0,1,NULL),(1003,NULL,5140172,5,1,5140100,'SIRTAC Chaco','Result. Negativo',NULL,1,2,0,0,0,1,NULL),(1004,NULL,5140173,5,1,5140100,'SIRTAC Chubut','Result. Negativo',NULL,1,2,0,0,0,1,NULL),(1005,NULL,5140174,5,1,5140100,'SIRTAC Entre Ríos','Result. Negativo',NULL,1,2,0,0,0,1,NULL),(1006,NULL,5140175,5,1,5140100,'SIRTAC Formosa','Result. Negativo',NULL,1,2,0,0,0,1,NULL),(1007,NULL,5140176,5,1,5140100,'SIRTAC Jujuy','Result. Negativo',NULL,1,2,0,0,0,1,NULL),(1008,NULL,5140177,5,1,5140100,'SIRTAC La Pampa','Result. Negativo',NULL,1,2,0,0,0,1,NULL),(1009,NULL,5140178,5,1,5140100,'SIRTAC La Rioja','Result. Negativo',NULL,1,2,0,0,0,1,NULL),(1010,NULL,5140179,5,1,5140100,'SIRTAC Mendoza','Result. Negativo',NULL,1,2,0,0,0,1,NULL),(1011,NULL,5140180,5,1,5140100,'SIRTAC Misiones','Result. Negativo',NULL,1,2,0,0,0,1,NULL),(1012,NULL,5140181,5,1,5140100,'SIRTAC Neuquén','Result. Negativo',NULL,1,2,0,0,0,1,NULL),(1013,NULL,5140182,5,1,5140100,'SIRTAC Río Negro','Result. Negativo',NULL,1,2,0,0,0,1,NULL),(1014,NULL,5140183,5,1,5140100,'SIRTAC Salta','Result. Negativo',NULL,1,2,0,0,0,1,NULL),(1015,NULL,5140184,5,1,5140100,'SIRTAC San Juan','Result. Negativo',NULL,1,2,0,0,0,1,NULL),(1016,NULL,5140185,5,1,5140100,'SIRTAC San Luis','Result. Negativo',NULL,1,2,0,0,0,1,NULL),(1017,NULL,5140186,5,1,5140100,'SIRTAC Santa Cruz','Result. Negativo',NULL,1,2,0,0,0,1,NULL),(1018,NULL,5140187,5,1,5140100,'SIRTAC Santa Fe','Result. Negativo',NULL,1,2,0,0,0,1,NULL),(1019,NULL,5140188,5,1,5140100,'SIRTAC Santiago del Estero','Result. Negativo',NULL,1,2,0,0,0,1,NULL),(1020,NULL,5140189,5,1,5140100,'SIRTAC Tierra del Fuego','Result. Negativo',NULL,1,2,0,0,0,1,NULL),(1021,NULL,5140190,5,1,5140100,'SIRTAC Tucuman','Result. Negativo',NULL,1,2,0,0,0,1,NULL),(1022,NULL,5140191,5,1,5140100,'SIRTAC Capital Federal','Result. Negativo',NULL,1,2,0,0,0,1,NULL),(1023,NULL,5140192,5,1,5140100,'SIRTAC Buenos Aires','Result. Negativo',NULL,1,2,0,0,0,1,NULL),(1024,NULL,5140193,5,1,5140100,'SIRTAC Catamarca','Result. Negativo',NULL,1,2,0,0,0,1,NULL),(1025,NULL,5140194,5,1,5140100,'SIRTAC Pascua Lama','Result. Negativo',NULL,1,2,0,0,0,1,NULL),(1026,NULL,6110104,5,1,6110100,'BANCO SIRTAC','Movimiento',NULL,1,2,0,0,1,1,NULL);

--
-- Table structure for table `conta_tipo_asientos`
--

CREATE TABLE `conta_tipo_asientos` (
  `id` int(10) unsigned NOT NULL AUTO_INCREMENT,
  `nombre` varchar(255) COLLATE utf8mb4_unicode_ci DEFAULT NULL,
  `created_at` timestamp NULL DEFAULT NULL,
  `updated_at` timestamp NULL DEFAULT NULL,
  `deleted_at` timestamp NULL DEFAULT NULL,
  `orden` int(11) DEFAULT NULL,
  PRIMARY KEY (`id`)
) ENGINE=InnoDB AUTO_INCREMENT=25 DEFAULT CHARSET=utf8mb4 COLLATE=utf8mb4_unicode_ci;

--
-- Dumping data for table `conta_tipo_asientos`
--

INSERT INTO `conta_tipo_asientos` VALUES (1,'Sueldos',NULL,NULL,NULL,11),(2,'Ingresos',NULL,NULL,NULL,9),(3,'Egresos',NULL,NULL,NULL,10),(4,'Amortizaciones',NULL,NULL,NULL,4),(5,'Banco',NULL,NULL,NULL,15),(6,'Ganancias',NULL,NULL,NULL,12),(7,'Retenciones',NULL,NULL,NULL,13),(8,'SIRCREB',NULL,NULL,NULL,14),(9,'Compensaciones',NULL,NULL,NULL,16),(10,'Pagos AFIP',NULL,NULL,NULL,17),(11,'Ajustes',NULL,NULL,NULL,3),(12,'Saldos Iniciales',NULL,NULL,NULL,1),(13,'Cancelacion de Iniciales',NULL,NULL,NULL,2),(14,'Patrimonio Neto',NULL,NULL,NULL,8),(15,'Liquidaciones IVA',NULL,NULL,NULL,18),(16,'Liquidacion IIBB',NULL,NULL,NULL,19),(17,'Asientos de Cierre',NULL,NULL,NULL,5),(18,'Reclasificacion',NULL,NULL,NULL,6),(19,'Otros',NULL,NULL,NULL,7),(20,'Cobranzas','2019-10-02 03:20:37','2019-10-02 03:20:37',NULL,NULL),(21,'Pagos','2019-10-02 03:20:37','2019-10-02 03:20:37',NULL,NULL),(22,'Tesoreria','2019-10-19 02:10:24','2019-10-19 02:10:24',NULL,NULL),(23,'Ajuste por Inflacion','2020-03-01 06:39:20','2020-03-01 06:39:20',NULL,NULL),(24,'SIRTAC','2023-10-16 21:13:49','2023-10-16 21:13:49',NULL,20);

--
-- Table structure for table `conta_tipo_cuentas`
--

CREATE TABLE `conta_tipo_cuentas` (
  `id` int(10) unsigned NOT NULL AUTO_INCREMENT,
  `tipo_cuenta` varchar(255) COLLATE utf8mb4_unicode_ci DEFAULT NULL,
  `created_at` timestamp NULL DEFAULT NULL,
  `updated_at` timestamp NULL DEFAULT NULL,
  `deleted_at` timestamp NULL DEFAULT NULL,
  PRIMARY KEY (`id`)
) ENGINE=InnoDB AUTO_INCREMENT=6 DEFAULT CHARSET=utf8mb4 COLLATE=utf8mb4_unicode_ci;

--
-- Dumping data for table `conta_tipo_cuentas`
--

INSERT INTO `conta_tipo_cuentas` VALUES (1,'Rubro',NULL,NULL,NULL),(2,'SubRubro',NULL,NULL,NULL),(3,'Grupo',NULL,NULL,NULL),(4,'SubGrupo',NULL,NULL,NULL),(5,'Cuenta',NULL,NULL,NULL);

--
-- Table structure for table `conta_tipo_saldos`
--

CREATE TABLE `conta_tipo_saldos` (
  `id` int(10) unsigned NOT NULL AUTO_INCREMENT,
  `saldo` varchar(255) COLLATE utf8mb4_unicode_ci DEFAULT NULL,
  `created_at` timestamp NULL DEFAULT NULL,
  `updated_at` timestamp NULL DEFAULT NULL,
  `deleted_at` timestamp NULL DEFAULT NULL,
  PRIMARY KEY (`id`)
) ENGINE=InnoDB AUTO_INCREMENT=3 DEFAULT CHARSET=utf8mb4 COLLATE=utf8mb4_unicode_ci;

--
-- Dumping data for table `conta_tipo_saldos`
--

INSERT INTO `conta_tipo_saldos` VALUES (1,'Deudor',NULL,NULL,NULL),(2,'Acreedor',NULL,NULL,NULL);

--
-- Table structure for table `control_cuits_afip`
--

CREATE TABLE `control_cuits_afip` (
  `id` int(10) unsigned NOT NULL AUTO_INCREMENT,
  `user_id` int(10) unsigned DEFAULT NULL,
  `person_id` int(10) unsigned NOT NULL,
  `field_name1` varchar(191) COLLATE utf8mb4_unicode_ci DEFAULT NULL,
  `cuit` varchar(191) COLLATE utf8mb4_unicode_ci DEFAULT NULL,
  `error` varchar(191) COLLATE utf8mb4_unicode_ci DEFAULT NULL,
  `created_at` timestamp NULL DEFAULT NULL,
  `updated_at` timestamp NULL DEFAULT NULL,
  `deleted_at` timestamp NULL DEFAULT NULL,
  PRIMARY KEY (`id`),
  KEY `control_cuits_afip_person_id_foreign` (`person_id`),
  CONSTRAINT `control_cuits_afip_person_id_foreign` FOREIGN KEY (`person_id`) REFERENCES `persons` (`id`)
) ENGINE=InnoDB DEFAULT CHARSET=utf8mb4 COLLATE=utf8mb4_unicode_ci;

--
-- Dumping data for table `control_cuits_afip`
--


--
-- Table structure for table `control_general`
--

CREATE TABLE `control_general` (
  `id` int(10) unsigned NOT NULL AUTO_INCREMENT,
  `description` varchar(180) COLLATE utf8mb4_unicode_ci NOT NULL,
  `class` int(10) unsigned NOT NULL,
  `class_description` varchar(180) COLLATE utf8mb4_unicode_ci NOT NULL,
  `path` varchar(255) COLLATE utf8mb4_unicode_ci DEFAULT NULL,
  `created_at` timestamp NULL DEFAULT NULL,
  `updated_at` timestamp NULL DEFAULT NULL,
  PRIMARY KEY (`id`),
  UNIQUE KEY `control_general_description_unique` (`description`)
) ENGINE=InnoDB AUTO_INCREMENT=6 DEFAULT CHARSET=utf8mb4 COLLATE=utf8mb4_unicode_ci;

--
-- Dumping data for table `control_general`
--

INSERT INTO `control_general` VALUES (1,'Ingresos - Egresos - Resultado',1,'Proyeccion Ganancias','control_general/proyecGanancias',NULL,NULL),(2,'IVA',2,'IVA','control_general/iva',NULL,NULL),(3,'IIBB',3,'IIBB','control_general/iibb',NULL,NULL),(4,'Por Mes',4,'Vto. Impuestos','control_general/vto',NULL,NULL),(5,'Por Impuesto',4,'Vto. Impuestos','control_general/vtoPorImpuestos',NULL,NULL);

--
-- Table structure for table `cta_cte_cliente`
--

CREATE TABLE `cta_cte_cliente` (
  `id` int(10) unsigned NOT NULL AUTO_INCREMENT,
  `user_id` int(10) unsigned DEFAULT NULL,
  `tipo_asiento_id` int(10) unsigned NOT NULL,
  `person_id` int(10) unsigned NOT NULL,
  `person_id_relationed` int(10) unsigned NOT NULL,
  `cta_cte_tesoreria_cuenta_id` int(10) unsigned DEFAULT NULL,
  `period_id` int(10) unsigned NOT NULL,
  `saldo_id` int(10) unsigned NOT NULL,
  `compensado` tinyint(1) NOT NULL DEFAULT '0',
  `fecha` date DEFAULT NULL,
  `fecha_vencimiento` date DEFAULT NULL,
  `total` decimal(16,2) NOT NULL,
  `moneda_id` int(10) unsigned NOT NULL DEFAULT '1',
  `cotizacion` decimal(9,2) NOT NULL DEFAULT '1.00',
  `comentario` varchar(191) COLLATE utf8mb4_unicode_ci DEFAULT NULL,
  `file` varchar(191) COLLATE utf8mb4_unicode_ci DEFAULT NULL,
  `created_at` timestamp NULL DEFAULT NULL,
  `updated_at` timestamp NULL DEFAULT NULL,
  `deleted_at` timestamp NULL DEFAULT NULL,
  PRIMARY KEY (`id`),
  KEY `cta_cte_cliente_person_id_foreign` (`person_id`),
  KEY `cta_cte_cliente_person_id_relationed_foreign` (`person_id_relationed`),
  KEY `cta_cte_cliente_period_id_foreign` (`period_id`),
  KEY `cta_cte_cliente_saldo_id_foreign` (`saldo_id`),
  KEY `cta_cte_cliente_tipo_asiento_id_foreign` (`tipo_asiento_id`),
  KEY `cta_cte_cliente_cta_cte_tesoreria_cuenta_id_foreign` (`cta_cte_tesoreria_cuenta_id`),
  KEY `cta_cte_cliente_moneda_id_foreign` (`moneda_id`),
  CONSTRAINT `cta_cte_cliente_cta_cte_tesoreria_cuenta_id_foreign` FOREIGN KEY (`cta_cte_tesoreria_cuenta_id`) REFERENCES `cta_cte_tesoreria_cuentas` (`id`),
  CONSTRAINT `cta_cte_cliente_moneda_id_foreign` FOREIGN KEY (`moneda_id`) REFERENCES `monedas` (`id`),
  CONSTRAINT `cta_cte_cliente_period_id_foreign` FOREIGN KEY (`period_id`) REFERENCES `periods` (`id`),
  CONSTRAINT `cta_cte_cliente_person_id_foreign` FOREIGN KEY (`person_id`) REFERENCES `persons` (`id`),
  CONSTRAINT `cta_cte_cliente_person_id_relationed_foreign` FOREIGN KEY (`person_id_relationed`) REFERENCES `persons` (`id`),
  CONSTRAINT `cta_cte_cliente_saldo_id_foreign` FOREIGN KEY (`saldo_id`) REFERENCES `conta_tipo_saldos` (`id`),
  CONSTRAINT `cta_cte_cliente_tipo_asiento_id_foreign` FOREIGN KEY (`tipo_asiento_id`) REFERENCES `conta_tipo_asientos` (`id`)
) ENGINE=InnoDB AUTO_INCREMENT=372 DEFAULT CHARSET=utf8mb4 COLLATE=utf8mb4_unicode_ci;

--
-- Dumping data for table `cta_cte_cliente`
--

INSERT INTO `cta_cte_cliente` VALUES (1,7479,2,40722,40723,13,4532,1,0,'2022-06-12','2022-06-12',114134.00,1,1.00,'Factura C N°: 0001-00000001',NULL,'2022-07-29 19:26:36','2022-07-29 20:20:19','2022-07-29 20:20:19'),(2,7479,2,40722,40723,13,4532,1,0,'2022-06-12','2022-06-12',107000.00,1,1.00,'Factura C N°: 0001-00000002',NULL,'2022-07-29 19:26:36','2022-07-29 20:20:06','2022-07-29 20:20:06'),(3,7479,2,40722,40723,13,4532,1,0,'2022-06-15','2022-06-15',114134.00,1,1.00,'Factura C N°: 0001-00000003',NULL,'2022-07-29 19:26:36','2022-07-29 20:19:55','2022-07-29 20:19:55'),(4,7479,2,40722,40723,13,4532,1,0,'2022-06-15','2022-06-15',107000.00,1,1.00,'Factura C N°: 0001-00000004',NULL,'2022-07-29 19:26:36','2022-07-29 20:19:36','2022-07-29 20:19:36'),(5,7479,3,40722,40724,57,4532,2,0,'2022-06-01','2022-06-01',1910.34,1,1.00,'Factura C N°: 0002-00000489',NULL,'2022-07-29 19:28:35','2022-08-02 18:57:56','2022-08-02 18:57:56'),(6,7479,3,40722,40725,57,4532,2,0,'2022-06-30','2022-06-30',7710.00,1,1.00,'Factura B N°: 0003-00245807',NULL,'2022-07-29 19:28:35','2022-08-02 18:57:56','2022-08-02 18:57:56'),(7,7479,2,40722,40723,13,4532,1,0,'2022-06-15','2022-06-15',107000.00,1,1.00,'Factura C N°: 0001-00000004',NULL,'2022-07-29 20:19:36','2022-08-02 18:57:51','2022-08-02 18:57:51'),(8,7479,2,40722,40723,13,4532,1,0,'2022-06-15','2022-06-15',114134.00,1,1.00,'Factura C N°: 0001-00000003',NULL,'2022-07-29 20:19:55','2022-08-02 18:57:51','2022-08-02 18:57:51'),(9,7479,2,40722,40723,13,4532,1,0,'2022-06-12','2022-06-12',107000.00,1,1.00,'Factura C N°: 0001-00000002',NULL,'2022-07-29 20:20:06','2022-08-02 18:57:51','2022-08-02 18:57:51'),(10,7479,2,40722,40723,13,4532,1,0,'2022-06-12','2022-06-12',114134.00,1,1.00,'Factura C N°: 0001-00000001',NULL,'2022-07-29 20:20:19','2022-08-02 18:57:51','2022-08-02 18:57:51'),(11,7479,2,40719,40726,13,8,1,0,'2022-06-12','2022-06-12',1000.00,1,1.00,'Factura C N°: 0001-00000165',NULL,'2022-07-29 22:54:43','2022-07-29 23:20:05','2022-07-29 23:20:05'),(12,7479,2,40719,40727,13,8,1,0,'2022-06-12','2022-06-12',1000.00,1,1.00,'Factura C N°: 0001-00000166',NULL,'2022-07-29 22:54:43','2022-07-29 23:20:06','2022-07-29 23:20:06'),(13,7479,2,40719,40728,13,8,1,0,'2022-06-12','2022-06-12',1000.00,1,1.00,'Factura C N°: 0001-00000167',NULL,'2022-07-29 22:54:43','2022-07-29 23:20:06','2022-07-29 23:20:06'),(14,7479,2,40719,40729,13,8,1,0,'2022-06-15','2022-06-15',1000.00,1,1.00,'Factura C N°: 0001-00000172',NULL,'2022-07-29 22:54:43','2022-07-29 23:20:06','2022-07-29 23:20:06'),(15,7479,2,40719,40730,13,8,1,0,'2022-06-15','2022-06-15',700.00,1,1.00,'Factura C N°: 0001-00000168',NULL,'2022-07-29 22:54:43','2022-07-29 23:20:06','2022-07-29 23:20:06'),(16,7479,2,40719,40731,13,8,1,0,'2022-06-15','2022-06-15',1000.00,1,1.00,'Factura C N°: 0001-00000169',NULL,'2022-07-29 22:54:43','2022-07-29 22:55:57','2022-07-29 22:55:57'),(17,7479,2,40719,40732,13,8,1,0,'2022-06-15','2022-06-15',2000.00,1,1.00,'Factura C N°: 0001-00000170',NULL,'2022-07-29 22:54:43','2022-07-29 23:20:06','2022-07-29 23:20:06'),(18,7479,2,40719,40733,13,8,1,0,'2022-06-15','2022-06-15',1000.00,1,1.00,'Factura C N°: 0001-00000171',NULL,'2022-07-29 22:54:43','2022-07-29 23:20:06','2022-07-29 23:20:06'),(19,7479,2,40719,40734,13,8,1,0,'2022-06-17','2022-06-17',1800.00,1,1.00,'Factura C N°: 0001-00000173',NULL,'2022-07-29 22:54:43','2022-07-29 23:19:50','2022-07-29 23:19:50'),(20,7479,2,40719,40735,13,8,1,0,'2022-06-18','2022-06-18',2000.00,1,1.00,'Factura C N°: 0001-00000174',NULL,'2022-07-29 22:54:43','2022-07-29 23:19:46','2022-07-29 23:19:46'),(21,7479,2,40719,40736,13,8,1,0,'2022-06-21','2022-06-21',1400.00,1,1.00,'Factura C N°: 0001-00000175',NULL,'2022-07-29 22:54:43','2022-07-29 23:19:42','2022-07-29 23:19:42'),(22,7479,2,40719,40737,13,8,1,0,'2022-06-21','2022-06-21',700.00,1,1.00,'Factura C N°: 0001-00000176',NULL,'2022-07-29 22:54:43','2022-07-29 23:19:38','2022-07-29 23:19:38');
INSERT INTO `cta_cte_cliente` VALUES (23,7479,2,40719,40738,13,8,1,0,'2022-06-21','2022-06-21',1000.00,1,1.00,'Factura C N°: 0001-00000177',NULL,'2022-07-29 22:54:43','2022-07-29 23:19:35','2022-07-29 23:19:35'),(24,7479,2,40719,40731,13,8,1,0,'2022-06-15','2022-06-15',1000.00,1,1.00,'Factura C N°: 0001-00000169',NULL,'2022-07-29 22:55:57','2022-07-29 23:20:06','2022-07-29 23:20:06'),(25,7479,2,40719,40726,13,8,1,0,'2022-06-12','2022-06-12',1000.00,1,1.00,'Factura C N°: 0001-00000165',NULL,'2022-07-30 11:23:29','2022-07-30 12:30:19','2022-07-30 12:30:19'),(26,7479,2,40719,40727,13,8,1,0,'2022-06-12','2022-06-12',1000.00,1,1.00,'Factura C N°: 0001-00000166',NULL,'2022-07-30 11:23:29','2022-07-30 12:30:19','2022-07-30 12:30:19'),(27,7479,2,40719,40728,13,8,1,0,'2022-06-12','2022-06-12',1000.00,1,1.00,'Factura C N°: 0001-00000167',NULL,'2022-07-30 11:23:29','2022-07-30 12:30:19','2022-07-30 12:30:19'),(28,7479,2,40719,40729,13,8,1,0,'2022-06-15','2022-06-15',1000.00,1,1.00,'Factura C N°: 0001-00000172',NULL,'2022-07-30 11:23:29','2022-07-30 11:26:42','2022-07-30 11:26:42'),(29,7479,2,40719,40730,13,8,1,0,'2022-06-15','2022-06-15',700.00,1,1.00,'Factura C N°: 0001-00000168',NULL,'2022-07-30 11:23:29','2022-07-30 12:30:19','2022-07-30 12:30:19'),(30,7479,2,40719,40731,13,8,1,0,'2022-06-15','2022-06-15',1000.00,1,1.00,'Factura C N°: 0001-00000169',NULL,'2022-07-30 11:23:29','2022-07-30 11:26:16','2022-07-30 11:26:16'),(31,7479,2,40719,40732,13,8,1,0,'2022-06-15','2022-06-15',2000.00,1,1.00,'Factura C N°: 0001-00000170',NULL,'2022-07-30 11:23:29','2022-07-30 12:30:19','2022-07-30 12:30:19'),(32,7479,2,40719,40733,13,8,1,0,'2022-06-15','2022-06-15',1000.00,1,1.00,'Factura C N°: 0001-00000171',NULL,'2022-07-30 11:23:29','2022-07-30 12:30:19','2022-07-30 12:30:19'),(33,7479,2,40719,40734,13,8,1,0,'2022-06-17','2022-06-17',1800.00,1,1.00,'Factura C N°: 0001-00000173',NULL,'2022-07-30 11:23:29','2022-07-30 12:30:19','2022-07-30 12:30:19'),(34,7479,2,40719,40735,13,8,1,0,'2022-06-18','2022-06-18',2000.00,1,1.00,'Factura C N°: 0001-00000174',NULL,'2022-07-30 11:23:29','2022-07-30 12:30:19','2022-07-30 12:30:19'),(35,7479,2,40719,40736,13,8,1,0,'2022-06-21','2022-06-21',1400.00,1,1.00,'Factura C N°: 0001-00000175',NULL,'2022-07-30 11:23:29','2022-07-30 12:30:19','2022-07-30 12:30:19'),(36,7479,2,40719,40737,13,8,1,0,'2022-06-21','2022-06-21',700.00,1,1.00,'Factura C N°: 0001-00000176',NULL,'2022-07-30 11:23:29','2022-07-30 12:30:19','2022-07-30 12:30:19'),(37,7479,2,40719,40738,13,8,1,0,'2022-06-21','2022-06-21',1000.00,1,1.00,'Factura C N°: 0001-00000177',NULL,'2022-07-30 11:23:29','2022-07-30 12:30:19','2022-07-30 12:30:19'),(38,7479,3,40719,40739,57,8,2,0,'2022-06-16','2022-06-16',520.00,1,1.00,'Factura C N°: 0002-00000623',NULL,'2022-07-30 11:23:49','2022-07-30 13:18:42','2022-07-30 13:18:42'),(39,7479,2,40719,40731,13,8,1,0,'2022-06-15','2022-06-15',1000.00,1,1.00,'Factura C N°: 0001-00000169',NULL,'2022-07-30 11:26:16','2022-07-30 12:30:19','2022-07-30 12:30:19'),(40,7479,2,40719,40729,13,8,1,0,'2022-06-15','2022-06-15',1000.00,1,1.00,'Factura C N°: 0001-00000172',NULL,'2022-07-30 11:26:42','2022-07-30 12:30:19','2022-07-30 12:30:19'),(41,7479,2,40719,40740,13,9,1,0,'2022-07-15','2022-07-15',2000.00,1,1.00,'Factura C N°: 0001-00000178',NULL,'2022-07-30 12:20:39','2022-07-30 12:30:29','2022-07-30 12:30:29'),(42,7479,2,40719,40731,13,9,1,0,'2022-07-15','2022-07-15',1000.00,1,1.00,'Factura C N°: 0001-00000179',NULL,'2022-07-30 12:20:39','2022-07-30 12:30:29','2022-07-30 12:30:29'),(43,7479,2,40719,40730,13,9,1,0,'2022-07-15','2022-07-15',700.00,1,1.00,'Factura C N°: 0001-00000180',NULL,'2022-07-30 12:20:39','2022-07-30 12:30:30','2022-07-30 12:30:30'),(44,7479,2,40719,40726,13,9,1,0,'2022-07-15','2022-07-15',1000.00,1,1.00,'Factura C N°: 0001-00000181',NULL,'2022-07-30 12:20:40','2022-07-30 12:30:30','2022-07-30 12:30:30');
INSERT INTO `cta_cte_cliente` VALUES (45,7479,2,40719,40736,13,9,1,0,'2022-07-15','2022-07-15',1000.00,1,1.00,'Factura C N°: 0001-00000182',NULL,'2022-07-30 12:20:40','2022-07-30 12:30:30','2022-07-30 12:30:30'),(46,7479,2,40719,40741,13,9,1,0,'2022-07-15','2022-07-15',6000.00,1,1.00,'Factura C N°: 0001-00000183',NULL,'2022-07-30 12:20:40','2022-07-30 12:30:30','2022-07-30 12:30:30'),(47,7479,2,40719,40742,13,9,1,0,'2022-07-15','2022-07-15',2000.00,1,1.00,'Factura C N°: 0001-00000184',NULL,'2022-07-30 12:20:40','2022-07-30 12:30:30','2022-07-30 12:30:30'),(48,7479,2,40719,40737,13,9,1,0,'2022-07-15','2022-07-15',1000.00,1,1.00,'Factura C N°: 0001-00000185',NULL,'2022-07-30 12:20:40','2022-07-30 12:30:30','2022-07-30 12:30:30'),(49,7479,2,40719,40743,13,9,1,0,'2022-07-15','2022-07-15',800.00,1,1.00,'Factura C N°: 0001-00000186',NULL,'2022-07-30 12:20:40','2022-07-30 12:30:30','2022-07-30 12:30:30'),(50,7479,2,40719,40727,13,9,1,0,'2022-07-15','2022-07-15',1000.00,1,1.00,'Factura C N°: 0001-00000187',NULL,'2022-07-30 12:20:40','2022-07-30 12:30:30','2022-07-30 12:30:30'),(51,7479,2,40719,40744,13,9,1,0,'2022-07-16','2022-07-16',3000.00,1,1.00,'Factura C N°: 0001-00000188',NULL,'2022-07-30 12:20:40','2022-07-30 12:30:30','2022-07-30 12:30:30'),(52,7479,2,40719,40738,13,9,1,0,'2022-07-17','2022-07-17',1000.00,1,1.00,'Factura C N°: 0001-00000189',NULL,'2022-07-30 12:20:40','2022-07-30 12:30:30','2022-07-30 12:30:30'),(53,7479,2,40719,40745,13,9,1,0,'2022-07-19','2022-07-19',1000.00,1,1.00,'Factura C N°: 0001-00000190',NULL,'2022-07-30 12:20:40','2022-07-30 12:30:30','2022-07-30 12:30:30'),(54,7479,2,40719,40746,13,9,1,0,'2022-07-20','2022-07-20',3000.00,1,1.00,'Factura C N°: 0001-00000191',NULL,'2022-07-30 12:20:40','2022-07-30 12:30:30','2022-07-30 12:30:30'),(55,7479,2,40719,40728,13,9,1,0,'2022-07-21','2022-07-21',1000.00,1,1.00,'Factura C N°: 0001-00000192',NULL,'2022-07-30 12:20:40','2022-07-30 12:30:30','2022-07-30 12:30:30'),(56,7479,2,40719,40734,13,9,1,0,'2022-07-21','2022-07-21',800.00,1,1.00,'Factura C N°: 0001-00000193',NULL,'2022-07-30 12:20:40','2022-07-30 12:30:30','2022-07-30 12:30:30'),(57,7479,2,40719,40747,13,9,1,0,'2022-07-21','2022-07-21',1000.00,1,1.00,'Factura C N°: 0001-00000194',NULL,'2022-07-30 12:20:40','2022-07-30 12:30:30','2022-07-30 12:30:30'),(58,7479,2,40719,40740,13,9,1,0,'2022-07-15','2022-07-15',2000.00,1,1.00,'Factura C N°: 0001-00000178',NULL,'2022-07-30 12:31:18','2022-07-30 13:08:02','2022-07-30 13:08:02'),(59,7479,2,40719,40731,13,9,1,0,'2022-07-15','2022-07-15',1000.00,1,1.00,'Factura C N°: 0001-00000179',NULL,'2022-07-30 12:31:18','2022-07-30 13:08:02','2022-07-30 13:08:02'),(60,7479,2,40719,40730,13,9,1,0,'2022-07-15','2022-07-15',700.00,1,1.00,'Factura C N°: 0001-00000180',NULL,'2022-07-30 12:31:18','2022-07-30 13:08:02','2022-07-30 13:08:02'),(61,7479,2,40719,40726,13,9,1,0,'2022-07-15','2022-07-15',1000.00,1,1.00,'Factura C N°: 0001-00000181',NULL,'2022-07-30 12:31:18','2022-07-30 13:08:02','2022-07-30 13:08:02'),(62,7479,2,40719,40736,13,9,1,0,'2022-07-15','2022-07-15',1000.00,1,1.00,'Factura C N°: 0001-00000182',NULL,'2022-07-30 12:31:18','2022-07-30 13:08:02','2022-07-30 13:08:02'),(63,7479,2,40719,40741,13,9,1,0,'2022-07-15','2022-07-15',6000.00,1,1.00,'Factura C N°: 0001-00000183',NULL,'2022-07-30 12:31:18','2022-07-30 13:08:02','2022-07-30 13:08:02'),(64,7479,2,40719,40742,13,9,1,0,'2022-07-15','2022-07-15',2000.00,1,1.00,'Factura C N°: 0001-00000184',NULL,'2022-07-30 12:31:18','2022-07-30 13:08:02','2022-07-30 13:08:02'),(65,7479,2,40719,40737,13,9,1,0,'2022-07-15','2022-07-15',1000.00,1,1.00,'Factura C N°: 0001-00000185',NULL,'2022-07-30 12:31:18','2022-07-30 13:08:02','2022-07-30 13:08:02'),(66,7479,2,40719,40743,13,9,1,0,'2022-07-15','2022-07-15',800.00,1,1.00,'Factura C N°: 0001-00000186',NULL,'2022-07-30 12:31:18','2022-07-30 13:08:03','2022-07-30 13:08:03');
INSERT INTO `cta_cte_cliente` VALUES (67,7479,2,40719,40727,13,9,1,0,'2022-07-15','2022-07-15',1000.00,1,1.00,'Factura C N°: 0001-00000187',NULL,'2022-07-30 12:31:18','2022-07-30 13:08:03','2022-07-30 13:08:03'),(68,7479,2,40719,40744,13,9,1,0,'2022-07-16','2022-07-16',3000.00,1,1.00,'Factura C N°: 0001-00000188',NULL,'2022-07-30 12:31:18','2022-07-30 13:08:03','2022-07-30 13:08:03'),(69,7479,2,40719,40738,13,9,1,0,'2022-07-17','2022-07-17',1000.00,1,1.00,'Factura C N°: 0001-00000189',NULL,'2022-07-30 12:31:18','2022-07-30 13:08:03','2022-07-30 13:08:03'),(70,7479,2,40719,40745,13,9,1,0,'2022-07-19','2022-07-19',1000.00,1,1.00,'Factura C N°: 0001-00000190',NULL,'2022-07-30 12:31:18','2022-07-30 13:08:03','2022-07-30 13:08:03'),(71,7479,2,40719,40746,13,9,1,0,'2022-07-20','2022-07-20',3000.00,1,1.00,'Factura C N°: 0001-00000191',NULL,'2022-07-30 12:31:18','2022-07-30 13:08:03','2022-07-30 13:08:03'),(72,7479,2,40719,40728,13,9,1,0,'2022-07-21','2022-07-21',1000.00,1,1.00,'Factura C N°: 0001-00000192',NULL,'2022-07-30 12:31:18','2022-07-30 13:08:03','2022-07-30 13:08:03'),(73,7479,2,40719,40734,13,9,1,0,'2022-07-21','2022-07-21',800.00,1,1.00,'Factura C N°: 0001-00000193',NULL,'2022-07-30 12:31:18','2022-07-30 13:08:03','2022-07-30 13:08:03'),(74,7479,2,40719,40747,13,9,1,0,'2022-07-21','2022-07-21',1000.00,1,1.00,'Factura C N°: 0001-00000194',NULL,'2022-07-30 12:31:18','2022-07-30 13:08:03','2022-07-30 13:08:03'),(75,7479,2,40719,40726,13,8,1,0,'2022-06-12','2022-06-12',1000.00,1,1.00,'Factura C N°: 0001-00000165',NULL,'2022-07-30 13:09:53','2022-07-30 13:18:35','2022-07-30 13:18:35'),(76,7479,2,40719,40727,13,8,1,0,'2022-06-12','2022-06-12',1000.00,1,1.00,'Factura C N°: 0001-00000166',NULL,'2022-07-30 13:09:53','2022-07-30 13:18:35','2022-07-30 13:18:35'),(77,7479,2,40719,40728,13,8,1,0,'2022-06-12','2022-06-12',1000.00,1,1.00,'Factura C N°: 0001-00000167',NULL,'2022-07-30 13:09:53','2022-07-30 13:18:35','2022-07-30 13:18:35'),(78,7479,2,40719,40729,13,8,1,0,'2022-06-15','2022-06-15',1000.00,1,1.00,'Factura C N°: 0001-00000172',NULL,'2022-07-30 13:09:53','2022-07-30 13:18:35','2022-07-30 13:18:35'),(79,7479,2,40719,40730,13,8,1,0,'2022-06-15','2022-06-15',700.00,1,1.00,'Factura C N°: 0001-00000168',NULL,'2022-07-30 13:09:53','2022-07-30 13:18:35','2022-07-30 13:18:35'),(80,7479,2,40719,40731,13,8,1,0,'2022-06-15','2022-06-15',1000.00,1,1.00,'Factura C N°: 0001-00000169',NULL,'2022-07-30 13:09:53','2022-07-30 13:18:35','2022-07-30 13:18:35'),(81,7479,2,40719,40732,13,8,1,0,'2022-06-15','2022-06-15',2000.00,1,1.00,'Factura C N°: 0001-00000170',NULL,'2022-07-30 13:09:54','2022-07-30 13:18:35','2022-07-30 13:18:35'),(82,7479,2,40719,40733,13,8,1,0,'2022-06-15','2022-06-15',1000.00,1,1.00,'Factura C N°: 0001-00000171',NULL,'2022-07-30 13:09:54','2022-07-30 13:18:35','2022-07-30 13:18:35'),(83,7479,2,40719,40734,13,8,1,0,'2022-06-17','2022-06-17',1800.00,1,1.00,'Factura C N°: 0001-00000173',NULL,'2022-07-30 13:09:54','2022-07-30 13:18:35','2022-07-30 13:18:35'),(84,7479,2,40719,40735,13,8,1,0,'2022-06-18','2022-06-18',2000.00,1,1.00,'Factura C N°: 0001-00000174',NULL,'2022-07-30 13:09:54','2022-07-30 13:18:35','2022-07-30 13:18:35'),(85,7479,2,40719,40736,13,8,1,0,'2022-06-21','2022-06-21',1400.00,1,1.00,'Factura C N°: 0001-00000175',NULL,'2022-07-30 13:09:54','2022-07-30 13:18:35','2022-07-30 13:18:35'),(86,7479,2,40719,40737,13,8,1,0,'2022-06-21','2022-06-21',700.00,1,1.00,'Factura C N°: 0001-00000176',NULL,'2022-07-30 13:09:54','2022-07-30 13:18:35','2022-07-30 13:18:35'),(87,7479,2,40719,40738,13,8,1,0,'2022-06-21','2022-06-21',1000.00,1,1.00,'Factura C N°: 0001-00000177',NULL,'2022-07-30 13:09:54','2022-07-30 13:18:35','2022-07-30 13:18:35'),(88,7479,2,40719,40726,13,8,1,0,'2022-06-12','2022-06-12',1000.00,1,1.00,'Factura C N°: 0001-00000165',NULL,'2022-07-30 13:30:31','2022-07-30 13:35:17','2022-07-30 13:35:17');
INSERT INTO `cta_cte_cliente` VALUES (89,7479,2,40719,40727,13,8,1,0,'2022-06-12','2022-06-12',1000.00,1,1.00,'Factura C N°: 0001-00000166',NULL,'2022-07-30 13:30:31','2022-07-30 13:35:17','2022-07-30 13:35:17'),(90,7479,2,40719,40728,13,8,1,0,'2022-06-12','2022-06-12',1000.00,1,1.00,'Factura C N°: 0001-00000167',NULL,'2022-07-30 13:30:31','2022-07-30 13:35:17','2022-07-30 13:35:17'),(91,7479,2,40719,40729,13,8,1,0,'2022-06-15','2022-06-15',1000.00,1,1.00,'Factura C N°: 0001-00000172',NULL,'2022-07-30 13:30:31','2022-07-30 13:35:17','2022-07-30 13:35:17'),(92,7479,2,40719,40730,13,8,1,0,'2022-06-15','2022-06-15',700.00,1,1.00,'Factura C N°: 0001-00000168',NULL,'2022-07-30 13:30:31','2022-07-30 13:35:17','2022-07-30 13:35:17'),(93,7479,2,40719,40731,13,8,1,0,'2022-06-15','2022-06-15',1000.00,1,1.00,'Factura C N°: 0001-00000169',NULL,'2022-07-30 13:30:31','2022-07-30 13:35:17','2022-07-30 13:35:17'),(94,7479,2,40719,40732,13,8,1,0,'2022-06-15','2022-06-15',2000.00,1,1.00,'Factura C N°: 0001-00000170',NULL,'2022-07-30 13:30:31','2022-07-30 13:35:18','2022-07-30 13:35:18'),(95,7479,2,40719,40733,13,8,1,0,'2022-06-15','2022-06-15',1000.00,1,1.00,'Factura C N°: 0001-00000171',NULL,'2022-07-30 13:30:31','2022-07-30 13:35:18','2022-07-30 13:35:18'),(96,7479,2,40719,40734,13,8,1,0,'2022-06-17','2022-06-17',1800.00,1,1.00,'Factura C N°: 0001-00000173',NULL,'2022-07-30 13:30:32','2022-07-30 13:35:18','2022-07-30 13:35:18'),(97,7479,2,40719,40735,13,8,1,0,'2022-06-18','2022-06-18',2000.00,1,1.00,'Factura C N°: 0001-00000174',NULL,'2022-07-30 13:30:32','2022-07-30 13:35:18','2022-07-30 13:35:18'),(98,7479,2,40719,40736,13,8,1,0,'2022-06-21','2022-06-21',1400.00,1,1.00,'Factura C N°: 0001-00000175',NULL,'2022-07-30 13:30:32','2022-07-30 13:35:18','2022-07-30 13:35:18'),(99,7479,2,40719,40737,13,8,1,0,'2022-06-21','2022-06-21',700.00,1,1.00,'Factura C N°: 0001-00000176',NULL,'2022-07-30 13:30:32','2022-07-30 13:35:18','2022-07-30 13:35:18'),(100,7479,2,40719,40738,13,8,1,0,'2022-06-21','2022-06-21',1000.00,1,1.00,'Factura C N°: 0001-00000177',NULL,'2022-07-30 13:30:32','2022-07-30 13:35:18','2022-07-30 13:35:18'),(101,7479,3,40719,40739,57,8,2,0,'2022-06-16','2022-06-16',520.00,1,1.00,'Factura C N°: 0002-00000623',NULL,'2022-07-30 13:30:46','2022-07-30 14:16:08','2022-07-30 14:16:08'),(102,7479,2,40719,40726,13,8,1,0,'2022-06-12','2022-06-12',1000.00,1,1.00,'Factura C N°: 0001-00000165',NULL,'2022-07-30 13:35:51','2022-07-30 13:40:56','2022-07-30 13:40:56'),(103,7479,2,40719,40727,13,8,1,0,'2022-06-12','2022-06-12',1000.00,1,1.00,'Factura C N°: 0001-00000166',NULL,'2022-07-30 13:35:51','2022-07-30 13:40:53','2022-07-30 13:40:53'),(104,7479,2,40719,40728,13,8,1,0,'2022-06-12','2022-06-12',1000.00,1,1.00,'Factura C N°: 0001-00000167',NULL,'2022-07-30 13:35:51','2022-07-30 13:40:49','2022-07-30 13:40:49'),(105,7479,2,40719,40729,13,8,1,0,'2022-06-15','2022-06-15',1000.00,1,1.00,'Factura C N°: 0001-00000172',NULL,'2022-07-30 13:35:51','2022-07-30 13:40:37','2022-07-30 13:40:37'),(106,7479,2,40719,40730,13,8,1,0,'2022-06-15','2022-06-15',700.00,1,1.00,'Factura C N°: 0001-00000168',NULL,'2022-07-30 13:35:51','2022-07-30 13:40:45','2022-07-30 13:40:45'),(107,7479,2,40719,40731,13,8,1,0,'2022-06-15','2022-06-15',1000.00,1,1.00,'Factura C N°: 0001-00000169',NULL,'2022-07-30 13:35:51','2022-07-30 13:40:41','2022-07-30 13:40:41'),(108,7479,2,40719,40732,13,8,1,0,'2022-06-15','2022-06-15',2000.00,1,1.00,'Factura C N°: 0001-00000170',NULL,'2022-07-30 13:35:51','2022-07-30 13:41:00','2022-07-30 13:41:00'),(109,7479,2,40719,40733,13,8,1,0,'2022-06-15','2022-06-15',1000.00,1,1.00,'Factura C N°: 0001-00000171',NULL,'2022-07-30 13:35:51','2022-07-30 13:41:04','2022-07-30 13:41:04'),(110,7479,2,40719,40734,13,8,1,0,'2022-06-17','2022-06-17',1800.00,1,1.00,'Factura C N°: 0001-00000173',NULL,'2022-07-30 13:35:51','2022-07-30 13:41:08','2022-07-30 13:41:08');
INSERT INTO `cta_cte_cliente` VALUES (111,7479,2,40719,40735,13,8,1,0,'2022-06-18','2022-06-18',2000.00,1,1.00,'Factura C N°: 0001-00000174',NULL,'2022-07-30 13:35:51','2022-07-30 13:41:12','2022-07-30 13:41:12'),(112,7479,2,40719,40736,13,8,1,0,'2022-06-21','2022-06-21',1400.00,1,1.00,'Factura C N°: 0001-00000175',NULL,'2022-07-30 13:35:51','2022-07-30 13:41:15','2022-07-30 13:41:15'),(113,7479,2,40719,40737,13,8,1,0,'2022-06-21','2022-06-21',700.00,1,1.00,'Factura C N°: 0001-00000176',NULL,'2022-07-30 13:35:51','2022-07-30 13:41:19','2022-07-30 13:41:19'),(114,7479,2,40719,40738,13,8,1,0,'2022-06-21','2022-06-21',1000.00,1,1.00,'Factura C N°: 0001-00000177',NULL,'2022-07-30 13:35:51','2022-07-30 13:42:12','2022-07-30 13:42:12'),(115,7479,2,40719,40738,13,8,1,0,'2022-06-21','2022-06-21',1000.00,1,1.00,'Factura C N°: 0001-00000177',NULL,'2022-07-30 13:42:12','2022-07-30 13:47:34','2022-07-30 13:47:34'),(116,7479,2,40719,40726,13,8,1,0,'2022-06-12','2022-06-12',1000.00,1,1.00,'Factura C N°: 0001-00000165',NULL,'2022-07-30 13:48:32','2022-07-30 14:15:59','2022-07-30 14:15:59'),(117,7479,2,40719,40727,13,8,1,0,'2022-06-12','2022-06-12',1000.00,1,1.00,'Factura C N°: 0001-00000166',NULL,'2022-07-30 13:48:32','2022-07-30 14:15:59','2022-07-30 14:15:59'),(118,7479,2,40719,40728,13,8,1,0,'2022-06-12','2022-06-12',1000.00,1,1.00,'Factura C N°: 0001-00000167',NULL,'2022-07-30 13:48:32','2022-07-30 14:15:59','2022-07-30 14:15:59'),(119,7479,2,40719,40729,13,8,1,0,'2022-06-15','2022-06-15',1000.00,1,1.00,'Factura C N°: 0001-00000172',NULL,'2022-07-30 13:48:32','2022-07-30 14:03:39','2022-07-30 14:03:39'),(120,7479,2,40719,40730,13,8,1,0,'2022-06-15','2022-06-15',700.00,1,1.00,'Factura C N°: 0001-00000168',NULL,'2022-07-30 13:48:32','2022-07-30 14:15:59','2022-07-30 14:15:59'),(121,7479,2,40719,40731,13,8,1,0,'2022-06-15','2022-06-15',1000.00,1,1.00,'Factura C N°: 0001-00000169',NULL,'2022-07-30 13:48:32','2022-07-30 14:03:18','2022-07-30 14:03:18'),(122,7479,2,40719,40732,13,8,1,0,'2022-06-15','2022-06-15',2000.00,1,1.00,'Factura C N°: 0001-00000170',NULL,'2022-07-30 13:48:32','2022-07-30 14:15:59','2022-07-30 14:15:59'),(123,7479,2,40719,40733,13,8,1,0,'2022-06-15','2022-06-15',1000.00,1,1.00,'Factura C N°: 0001-00000171',NULL,'2022-07-30 13:48:32','2022-07-30 14:15:59','2022-07-30 14:15:59'),(124,7479,2,40719,40734,13,8,1,0,'2022-06-17','2022-06-17',1800.00,1,1.00,'Factura C N°: 0001-00000173',NULL,'2022-07-30 13:48:32','2022-07-30 14:15:59','2022-07-30 14:15:59'),(125,7479,2,40719,40735,13,8,1,0,'2022-06-18','2022-06-18',2000.00,1,1.00,'Factura C N°: 0001-00000174',NULL,'2022-07-30 13:48:32','2022-07-30 14:15:59','2022-07-30 14:15:59'),(126,7479,2,40719,40736,13,8,1,0,'2022-06-21','2022-06-21',1400.00,1,1.00,'Factura C N°: 0001-00000175',NULL,'2022-07-30 13:48:32','2022-07-30 14:15:59','2022-07-30 14:15:59'),(127,7479,2,40719,40737,13,8,1,0,'2022-06-21','2022-06-21',700.00,1,1.00,'Factura C N°: 0001-00000176',NULL,'2022-07-30 13:48:32','2022-07-30 14:15:59','2022-07-30 14:15:59'),(128,7479,2,40719,40738,13,8,1,0,'2022-06-21','2022-06-21',1000.00,1,1.00,'Factura C N°: 0001-00000177',NULL,'2022-07-30 13:48:32','2022-07-30 14:15:59','2022-07-30 14:15:59'),(129,7479,2,40719,40731,13,8,1,0,'2022-06-15','2022-06-15',1000.00,1,1.00,'Factura C N°: 0001-00000169',NULL,'2022-07-30 14:03:18','2022-07-30 14:15:59','2022-07-30 14:15:59'),(130,7479,2,40719,40729,13,8,1,0,'2022-06-15','2022-06-15',1000.00,1,1.00,'Factura C N°: 0001-00000172',NULL,'2022-07-30 14:03:39','2022-07-30 14:15:59','2022-07-30 14:15:59'),(131,7479,2,40719,40740,13,9,1,0,'2022-07-15','2022-07-15',2000.00,1,1.00,'Factura C N°: 0001-00000178',NULL,'2022-07-30 14:16:39','2022-07-30 14:18:28','2022-07-30 14:18:28'),(132,7479,2,40719,40731,13,9,1,0,'2022-07-15','2022-07-15',1000.00,1,1.00,'Factura C N°: 0001-00000179',NULL,'2022-07-30 14:16:39','2022-07-30 14:18:28','2022-07-30 14:18:28');
INSERT INTO `cta_cte_cliente` VALUES (133,7479,2,40719,40730,13,9,1,0,'2022-07-15','2022-07-15',700.00,1,1.00,'Factura C N°: 0001-00000180',NULL,'2022-07-30 14:16:39','2022-07-30 14:18:28','2022-07-30 14:18:28'),(134,7479,2,40719,40726,13,9,1,0,'2022-07-15','2022-07-15',1000.00,1,1.00,'Factura C N°: 0001-00000181',NULL,'2022-07-30 14:16:39','2022-07-30 14:18:28','2022-07-30 14:18:28'),(135,7479,2,40719,40736,13,9,1,0,'2022-07-15','2022-07-15',1000.00,1,1.00,'Factura C N°: 0001-00000182',NULL,'2022-07-30 14:16:39','2022-07-30 14:18:28','2022-07-30 14:18:28'),(136,7479,2,40719,40741,13,9,1,0,'2022-07-15','2022-07-15',6000.00,1,1.00,'Factura C N°: 0001-00000183',NULL,'2022-07-30 14:16:39','2022-07-30 14:18:28','2022-07-30 14:18:28'),(137,7479,2,40719,40742,13,9,1,0,'2022-07-15','2022-07-15',2000.00,1,1.00,'Factura C N°: 0001-00000184',NULL,'2022-07-30 14:16:39','2022-07-30 14:18:28','2022-07-30 14:18:28'),(138,7479,2,40719,40737,13,9,1,0,'2022-07-15','2022-07-15',1000.00,1,1.00,'Factura C N°: 0001-00000185',NULL,'2022-07-30 14:16:39','2022-07-30 14:18:28','2022-07-30 14:18:28'),(139,7479,2,40719,40743,13,9,1,0,'2022-07-15','2022-07-15',800.00,1,1.00,'Factura C N°: 0001-00000186',NULL,'2022-07-30 14:16:39','2022-07-30 14:18:28','2022-07-30 14:18:28'),(140,7479,2,40719,40727,13,9,1,0,'2022-07-15','2022-07-15',1000.00,1,1.00,'Factura C N°: 0001-00000187',NULL,'2022-07-30 14:16:39','2022-07-30 14:18:28','2022-07-30 14:18:28'),(141,7479,2,40719,40744,13,9,1,0,'2022-07-16','2022-07-16',3000.00,1,1.00,'Factura C N°: 0001-00000188',NULL,'2022-07-30 14:16:39','2022-07-30 14:18:28','2022-07-30 14:18:28'),(142,7479,2,40719,40738,13,9,1,0,'2022-07-17','2022-07-17',1000.00,1,1.00,'Factura C N°: 0001-00000189',NULL,'2022-07-30 14:16:39','2022-07-30 14:18:28','2022-07-30 14:18:28'),(143,7479,2,40719,40745,13,9,1,0,'2022-07-19','2022-07-19',1000.00,1,1.00,'Factura C N°: 0001-00000190',NULL,'2022-07-30 14:16:39','2022-07-30 14:18:28','2022-07-30 14:18:28'),(144,7479,2,40719,40746,13,9,1,0,'2022-07-20','2022-07-20',3000.00,1,1.00,'Factura C N°: 0001-00000191',NULL,'2022-07-30 14:16:39','2022-07-30 14:18:28','2022-07-30 14:18:28'),(145,7479,2,40719,40728,13,9,1,0,'2022-07-21','2022-07-21',1000.00,1,1.00,'Factura C N°: 0001-00000192',NULL,'2022-07-30 14:16:39','2022-07-30 14:18:28','2022-07-30 14:18:28'),(146,7479,2,40719,40734,13,9,1,0,'2022-07-21','2022-07-21',800.00,1,1.00,'Factura C N°: 0001-00000193',NULL,'2022-07-30 14:16:39','2022-07-30 14:18:28','2022-07-30 14:18:28'),(147,7479,2,40719,40747,13,9,1,0,'2022-07-21','2022-07-21',1000.00,1,1.00,'Factura C N°: 0001-00000194',NULL,'2022-07-30 14:16:39','2022-07-30 14:18:28','2022-07-30 14:18:28'),(148,7479,2,40719,40740,13,9,1,0,'2022-07-15','2022-07-15',2000.00,1,1.00,'Factura C N°: 0001-00000178',NULL,'2022-07-30 14:18:56','2022-07-30 14:26:44','2022-07-30 14:26:44'),(149,7479,2,40719,40731,13,9,1,0,'2022-07-15','2022-07-15',1000.00,1,1.00,'Factura C N°: 0001-00000179',NULL,'2022-07-30 14:18:56','2022-07-30 14:26:44','2022-07-30 14:26:44'),(150,7479,2,40719,40730,13,9,1,0,'2022-07-15','2022-07-15',700.00,1,1.00,'Factura C N°: 0001-00000180',NULL,'2022-07-30 14:18:56','2022-07-30 14:26:44','2022-07-30 14:26:44'),(151,7479,2,40719,40726,13,9,1,0,'2022-07-15','2022-07-15',1000.00,1,1.00,'Factura C N°: 0001-00000181',NULL,'2022-07-30 14:18:56','2022-07-30 14:26:44','2022-07-30 14:26:44'),(152,7479,2,40719,40736,13,9,1,0,'2022-07-15','2022-07-15',1000.00,1,1.00,'Factura C N°: 0001-00000182',NULL,'2022-07-30 14:18:56','2022-07-30 14:26:44','2022-07-30 14:26:44'),(153,7479,2,40719,40741,13,9,1,0,'2022-07-15','2022-07-15',6000.00,1,1.00,'Factura C N°: 0001-00000183',NULL,'2022-07-30 14:18:56','2022-07-30 14:26:44','2022-07-30 14:26:44'),(154,7479,2,40719,40742,13,9,1,0,'2022-07-15','2022-07-15',2000.00,1,1.00,'Factura C N°: 0001-00000184',NULL,'2022-07-30 14:18:56','2022-07-30 14:26:44','2022-07-30 14:26:44');
INSERT INTO `cta_cte_cliente` VALUES (155,7479,2,40719,40737,13,9,1,0,'2022-07-15','2022-07-15',1000.00,1,1.00,'Factura C N°: 0001-00000185',NULL,'2022-07-30 14:18:56','2022-07-30 14:26:44','2022-07-30 14:26:44'),(156,7479,2,40719,40743,13,9,1,0,'2022-07-15','2022-07-15',800.00,1,1.00,'Factura C N°: 0001-00000186',NULL,'2022-07-30 14:18:56','2022-07-30 14:26:44','2022-07-30 14:26:44'),(157,7479,2,40719,40727,13,9,1,0,'2022-07-15','2022-07-15',1000.00,1,1.00,'Factura C N°: 0001-00000187',NULL,'2022-07-30 14:18:56','2022-07-30 14:26:44','2022-07-30 14:26:44'),(158,7479,2,40719,40744,13,9,1,0,'2022-07-16','2022-07-16',3000.00,1,1.00,'Factura C N°: 0001-00000188',NULL,'2022-07-30 14:18:56','2022-07-30 14:26:44','2022-07-30 14:26:44'),(159,7479,2,40719,40738,13,9,1,0,'2022-07-17','2022-07-17',1000.00,1,1.00,'Factura C N°: 0001-00000189',NULL,'2022-07-30 14:18:56','2022-07-30 14:26:44','2022-07-30 14:26:44'),(160,7479,2,40719,40745,13,9,1,0,'2022-07-19','2022-07-19',1000.00,1,1.00,'Factura C N°: 0001-00000190',NULL,'2022-07-30 14:18:57','2022-07-30 14:26:44','2022-07-30 14:26:44'),(161,7479,2,40719,40746,13,9,1,0,'2022-07-20','2022-07-20',3000.00,1,1.00,'Factura C N°: 0001-00000191',NULL,'2022-07-30 14:18:57','2022-07-30 14:26:44','2022-07-30 14:26:44'),(162,7479,2,40719,40728,13,9,1,0,'2022-07-21','2022-07-21',1000.00,1,1.00,'Factura C N°: 0001-00000192',NULL,'2022-07-30 14:18:57','2022-07-30 14:26:44','2022-07-30 14:26:44'),(163,7479,2,40719,40734,13,9,1,0,'2022-07-21','2022-07-21',800.00,1,1.00,'Factura C N°: 0001-00000193',NULL,'2022-07-30 14:18:57','2022-07-30 14:26:44','2022-07-30 14:26:44'),(164,7479,2,40719,40747,13,9,1,0,'2022-07-21','2022-07-21',1000.00,1,1.00,'Factura C N°: 0001-00000194',NULL,'2022-07-30 14:18:57','2022-07-30 14:26:44','2022-07-30 14:26:44'),(165,7479,2,40719,40740,13,9,1,0,'2022-07-15','2022-07-15',2000.00,1,1.00,'Factura C N°: 0001-00000178',NULL,'2022-07-30 14:28:08','2022-07-30 15:46:07','2022-07-30 15:46:07'),(166,7479,2,40719,40731,13,9,1,0,'2022-07-15','2022-07-15',1000.00,1,1.00,'Factura C N°: 0001-00000179',NULL,'2022-07-30 14:28:08','2022-07-30 15:46:07','2022-07-30 15:46:07'),(167,7479,2,40719,40730,13,9,1,0,'2022-07-15','2022-07-15',700.00,1,1.00,'Factura C N°: 0001-00000180',NULL,'2022-07-30 14:28:09','2022-07-30 15:46:07','2022-07-30 15:46:07'),(168,7479,2,40719,40726,13,9,1,0,'2022-07-15','2022-07-15',1000.00,1,1.00,'Factura C N°: 0001-00000181',NULL,'2022-07-30 14:28:09','2022-07-30 15:46:07','2022-07-30 15:46:07'),(169,7479,2,40719,40736,13,9,1,0,'2022-07-15','2022-07-15',1000.00,1,1.00,'Factura C N°: 0001-00000182',NULL,'2022-07-30 14:28:09','2022-07-30 15:46:07','2022-07-30 15:46:07'),(170,7479,2,40719,40741,13,9,1,0,'2022-07-15','2022-07-15',6000.00,1,1.00,'Factura C N°: 0001-00000183',NULL,'2022-07-30 14:28:09','2022-07-30 15:46:07','2022-07-30 15:46:07'),(171,7479,2,40719,40742,13,9,1,0,'2022-07-15','2022-07-15',2000.00,1,1.00,'Factura C N°: 0001-00000184',NULL,'2022-07-30 14:28:09','2022-07-30 15:46:07','2022-07-30 15:46:07'),(172,7479,2,40719,40737,13,9,1,0,'2022-07-15','2022-07-15',1000.00,1,1.00,'Factura C N°: 0001-00000185',NULL,'2022-07-30 14:28:09','2022-07-30 15:46:07','2022-07-30 15:46:07'),(173,7479,2,40719,40743,13,9,1,0,'2022-07-15','2022-07-15',800.00,1,1.00,'Factura C N°: 0001-00000186',NULL,'2022-07-30 14:28:09','2022-07-30 15:46:07','2022-07-30 15:46:07'),(174,7479,2,40719,40727,13,9,1,0,'2022-07-15','2022-07-15',1000.00,1,1.00,'Factura C N°: 0001-00000187',NULL,'2022-07-30 14:28:09','2022-07-30 15:46:07','2022-07-30 15:46:07'),(175,7479,2,40719,40744,13,9,1,0,'2022-07-16','2022-07-16',3000.00,1,1.00,'Factura C N°: 0001-00000188',NULL,'2022-07-30 14:28:09','2022-07-30 15:46:07','2022-07-30 15:46:07'),(176,7479,2,40719,40738,13,9,1,0,'2022-07-17','2022-07-17',1000.00,1,1.00,'Factura C N°: 0001-00000189',NULL,'2022-07-30 14:28:09','2022-07-30 15:46:07','2022-07-30 15:46:07');
INSERT INTO `cta_cte_cliente` VALUES (177,7479,2,40719,40745,13,9,1,0,'2022-07-19','2022-07-19',1000.00,1,1.00,'Factura C N°: 0001-00000190',NULL,'2022-07-30 14:28:09','2022-07-30 15:46:07','2022-07-30 15:46:07'),(178,7479,2,40719,40746,13,9,1,0,'2022-07-20','2022-07-20',3000.00,1,1.00,'Factura C N°: 0001-00000191',NULL,'2022-07-30 14:28:09','2022-07-30 15:46:07','2022-07-30 15:46:07'),(179,7479,2,40719,40728,13,9,1,0,'2022-07-21','2022-07-21',1000.00,1,1.00,'Factura C N°: 0001-00000192',NULL,'2022-07-30 14:28:09','2022-07-30 15:46:07','2022-07-30 15:46:07'),(180,7479,2,40719,40734,13,9,1,0,'2022-07-21','2022-07-21',800.00,1,1.00,'Factura C N°: 0001-00000193',NULL,'2022-07-30 14:28:09','2022-07-30 15:46:07','2022-07-30 15:46:07'),(181,7479,2,40719,40747,13,9,1,0,'2022-07-21','2022-07-21',1000.00,1,1.00,'Factura C N°: 0001-00000194',NULL,'2022-07-30 14:28:09','2022-07-30 15:46:07','2022-07-30 15:46:07'),(182,7479,2,40719,40740,13,9,1,0,'2022-07-15','2022-07-15',2000.00,1,1.00,'Factura C N°: 0001-00000178',NULL,'2022-07-30 15:51:22','2022-07-30 15:57:34','2022-07-30 15:57:34'),(183,7479,2,40719,40731,13,9,1,0,'2022-07-15','2022-07-15',1000.00,1,1.00,'Factura C N°: 0001-00000179',NULL,'2022-07-30 15:51:22','2022-07-30 15:53:14','2022-07-30 15:53:14'),(184,7479,2,40719,40730,13,9,1,0,'2022-07-15','2022-07-15',700.00,1,1.00,'Factura C N°: 0001-00000180',NULL,'2022-07-30 15:51:22','2022-07-30 15:57:34','2022-07-30 15:57:34'),(185,7479,2,40719,40726,13,9,1,0,'2022-07-15','2022-07-15',1000.00,1,1.00,'Factura C N°: 0001-00000181',NULL,'2022-07-30 15:51:22','2022-07-30 15:57:34','2022-07-30 15:57:34'),(186,7479,2,40719,40736,13,9,1,0,'2022-07-15','2022-07-15',1000.00,1,1.00,'Factura C N°: 0001-00000182',NULL,'2022-07-30 15:51:22','2022-07-30 15:57:34','2022-07-30 15:57:34'),(187,7479,2,40719,40741,13,9,1,0,'2022-07-15','2022-07-15',6000.00,1,1.00,'Factura C N°: 0001-00000183',NULL,'2022-07-30 15:51:22','2022-07-30 15:57:34','2022-07-30 15:57:34'),(188,7479,2,40719,40742,13,9,1,0,'2022-07-15','2022-07-15',2000.00,1,1.00,'Factura C N°: 0001-00000184',NULL,'2022-07-30 15:51:22','2022-07-30 15:57:34','2022-07-30 15:57:34'),(189,7479,2,40719,40737,13,9,1,0,'2022-07-15','2022-07-15',1000.00,1,1.00,'Factura C N°: 0001-00000185',NULL,'2022-07-30 15:51:22','2022-07-30 15:57:34','2022-07-30 15:57:34'),(190,7479,2,40719,40743,13,9,1,0,'2022-07-15','2022-07-15',800.00,1,1.00,'Factura C N°: 0001-00000186',NULL,'2022-07-30 15:51:22','2022-07-30 15:57:34','2022-07-30 15:57:34'),(191,7479,2,40719,40727,13,9,1,0,'2022-07-15','2022-07-15',1000.00,1,1.00,'Factura C N°: 0001-00000187',NULL,'2022-07-30 15:51:22','2022-07-30 15:57:34','2022-07-30 15:57:34'),(192,7479,2,40719,40744,13,9,1,0,'2022-07-16','2022-07-16',3000.00,1,1.00,'Factura C N°: 0001-00000188',NULL,'2022-07-30 15:51:22','2022-07-30 15:57:34','2022-07-30 15:57:34'),(193,7479,2,40719,40738,13,9,1,0,'2022-07-17','2022-07-17',1000.00,1,1.00,'Factura C N°: 0001-00000189',NULL,'2022-07-30 15:51:22','2022-07-30 15:57:34','2022-07-30 15:57:34'),(194,7479,2,40719,40745,13,9,1,0,'2022-07-19','2022-07-19',1000.00,1,1.00,'Factura C N°: 0001-00000190',NULL,'2022-07-30 15:51:22','2022-07-30 15:57:34','2022-07-30 15:57:34'),(195,7479,2,40719,40746,13,9,1,0,'2022-07-20','2022-07-20',3000.00,1,1.00,'Factura C N°: 0001-00000191',NULL,'2022-07-30 15:51:22','2022-07-30 15:57:34','2022-07-30 15:57:34'),(196,7479,2,40719,40728,13,9,1,0,'2022-07-21','2022-07-21',1000.00,1,1.00,'Factura C N°: 0001-00000192',NULL,'2022-07-30 15:51:22','2022-07-30 15:57:34','2022-07-30 15:57:34'),(197,7479,2,40719,40734,13,9,1,0,'2022-07-21','2022-07-21',800.00,1,1.00,'Factura C N°: 0001-00000193',NULL,'2022-07-30 15:51:22','2022-07-30 15:57:34','2022-07-30 15:57:34'),(198,7479,2,40719,40747,13,9,1,0,'2022-07-21','2022-07-21',1000.00,1,1.00,'Factura C N°: 0001-00000194',NULL,'2022-07-30 15:51:22','2022-07-30 15:57:34','2022-07-30 15:57:34');
INSERT INTO `cta_cte_cliente` VALUES (199,7479,2,40719,40731,13,9,1,0,'2022-07-15','2022-07-15',1000.00,1,1.00,'Factura C N°: 0001-00000179',NULL,'2022-07-30 15:53:14','2022-07-30 15:57:34','2022-07-30 15:57:34'),(200,7479,2,40719,40740,13,9,1,0,'2022-07-15','2022-07-15',2000.00,1,1.00,'Factura C N°: 0001-00000178',NULL,'2022-07-30 16:00:49','2022-07-30 16:07:09','2022-07-30 16:07:09'),(201,7479,2,40719,40731,13,9,1,0,'2022-07-15','2022-07-15',1000.00,1,1.00,'Factura C N°: 0001-00000179',NULL,'2022-07-30 16:00:49','2022-07-30 16:07:09','2022-07-30 16:07:09'),(202,7479,2,40719,40730,13,9,1,0,'2022-07-15','2022-07-15',700.00,1,1.00,'Factura C N°: 0001-00000180',NULL,'2022-07-30 16:00:49','2022-07-30 16:07:09','2022-07-30 16:07:09'),(203,7479,2,40719,40726,13,9,1,0,'2022-07-15','2022-07-15',1000.00,1,1.00,'Factura C N°: 0001-00000181',NULL,'2022-07-30 16:00:49','2022-07-30 16:07:09','2022-07-30 16:07:09'),(204,7479,2,40719,40736,13,9,1,0,'2022-07-15','2022-07-15',1000.00,1,1.00,'Factura C N°: 0001-00000182',NULL,'2022-07-30 16:00:49','2022-07-30 16:07:09','2022-07-30 16:07:09'),(205,7479,2,40719,40741,13,9,1,0,'2022-07-15','2022-07-15',6000.00,1,1.00,'Factura C N°: 0001-00000183',NULL,'2022-07-30 16:00:49','2022-07-30 16:07:09','2022-07-30 16:07:09'),(206,7479,2,40719,40742,13,9,1,0,'2022-07-15','2022-07-15',2000.00,1,1.00,'Factura C N°: 0001-00000184',NULL,'2022-07-30 16:00:49','2022-07-30 16:07:09','2022-07-30 16:07:09'),(207,7479,2,40719,40737,13,9,1,0,'2022-07-15','2022-07-15',1000.00,1,1.00,'Factura C N°: 0001-00000185',NULL,'2022-07-30 16:00:49','2022-07-30 16:07:09','2022-07-30 16:07:09'),(208,7479,2,40719,40743,13,9,1,0,'2022-07-15','2022-07-15',800.00,1,1.00,'Factura C N°: 0001-00000186',NULL,'2022-07-30 16:00:49','2022-07-30 16:07:09','2022-07-30 16:07:09'),(209,7479,2,40719,40727,13,9,1,0,'2022-07-15','2022-07-15',1000.00,1,1.00,'Factura C N°: 0001-00000187',NULL,'2022-07-30 16:00:49','2022-07-30 16:07:09','2022-07-30 16:07:09'),(210,7479,2,40719,40744,13,9,1,0,'2022-07-16','2022-07-16',3000.00,1,1.00,'Factura C N°: 0001-00000188',NULL,'2022-07-30 16:00:49','2022-07-30 16:07:09','2022-07-30 16:07:09'),(211,7479,2,40719,40738,13,9,1,0,'2022-07-17','2022-07-17',1000.00,1,1.00,'Factura C N°: 0001-00000189',NULL,'2022-07-30 16:00:49','2022-07-30 16:07:09','2022-07-30 16:07:09'),(212,7479,2,40719,40745,13,9,1,0,'2022-07-19','2022-07-19',1000.00,1,1.00,'Factura C N°: 0001-00000190',NULL,'2022-07-30 16:00:49','2022-07-30 16:07:09','2022-07-30 16:07:09'),(213,7479,2,40719,40746,13,9,1,0,'2022-07-20','2022-07-20',3000.00,1,1.00,'Factura C N°: 0001-00000191',NULL,'2022-07-30 16:00:49','2022-07-30 16:07:09','2022-07-30 16:07:09'),(214,7479,2,40719,40728,13,9,1,0,'2022-07-21','2022-07-21',1000.00,1,1.00,'Factura C N°: 0001-00000192',NULL,'2022-07-30 16:00:50','2022-07-30 16:07:09','2022-07-30 16:07:09'),(215,7479,2,40719,40734,13,9,1,0,'2022-07-21','2022-07-21',800.00,1,1.00,'Factura C N°: 0001-00000193',NULL,'2022-07-30 16:00:50','2022-07-30 16:07:09','2022-07-30 16:07:09'),(216,7479,2,40719,40747,13,9,1,0,'2022-07-21','2022-07-21',1000.00,1,1.00,'Factura C N°: 0001-00000194',NULL,'2022-07-30 16:00:50','2022-07-30 16:07:09','2022-07-30 16:07:09'),(217,7479,2,40719,40740,13,9,1,0,'2022-07-15','2022-07-15',2000.00,1,1.00,'Factura C N°: 0001-00000178',NULL,'2022-07-30 16:09:42','2022-07-30 16:19:03','2022-07-30 16:19:03'),(218,7479,2,40719,40731,13,9,1,0,'2022-07-15','2022-07-15',1000.00,1,1.00,'Factura C N°: 0001-00000179',NULL,'2022-07-30 16:09:42','2022-07-30 16:19:03','2022-07-30 16:19:03'),(219,7479,2,40719,40730,13,9,1,0,'2022-07-15','2022-07-15',700.00,1,1.00,'Factura C N°: 0001-00000180',NULL,'2022-07-30 16:09:42','2022-07-30 16:19:03','2022-07-30 16:19:03'),(220,7479,2,40719,40726,13,9,1,0,'2022-07-15','2022-07-15',1000.00,1,1.00,'Factura C N°: 0001-00000181',NULL,'2022-07-30 16:09:42','2022-07-30 16:19:03','2022-07-30 16:19:03');
INSERT INTO `cta_cte_cliente` VALUES (221,7479,2,40719,40736,13,9,1,0,'2022-07-15','2022-07-15',1000.00,1,1.00,'Factura C N°: 0001-00000182',NULL,'2022-07-30 16:09:42','2022-07-30 16:19:03','2022-07-30 16:19:03'),(222,7479,2,40719,40741,13,9,1,0,'2022-07-15','2022-07-15',6000.00,1,1.00,'Factura C N°: 0001-00000183',NULL,'2022-07-30 16:09:42','2022-07-30 16:19:03','2022-07-30 16:19:03'),(223,7479,2,40719,40742,13,9,1,0,'2022-07-15','2022-07-15',2000.00,1,1.00,'Factura C N°: 0001-00000184',NULL,'2022-07-30 16:09:42','2022-07-30 16:19:03','2022-07-30 16:19:03'),(224,7479,2,40719,40737,13,9,1,0,'2022-07-15','2022-07-15',1000.00,1,1.00,'Factura C N°: 0001-00000185',NULL,'2022-07-30 16:09:42','2022-07-30 16:19:03','2022-07-30 16:19:03'),(225,7479,2,40719,40743,13,9,1,0,'2022-07-15','2022-07-15',800.00,1,1.00,'Factura C N°: 0001-00000186',NULL,'2022-07-30 16:09:42','2022-07-30 16:19:03','2022-07-30 16:19:03'),(226,7479,2,40719,40727,13,9,1,0,'2022-07-15','2022-07-15',1000.00,1,1.00,'Factura C N°: 0001-00000187',NULL,'2022-07-30 16:09:42','2022-07-30 16:19:03','2022-07-30 16:19:03'),(227,7479,2,40719,40744,13,9,1,0,'2022-07-16','2022-07-16',3000.00,1,1.00,'Factura C N°: 0001-00000188',NULL,'2022-07-30 16:09:42','2022-07-30 16:19:03','2022-07-30 16:19:03'),(228,7479,2,40719,40738,13,9,1,0,'2022-07-17','2022-07-17',1000.00,1,1.00,'Factura C N°: 0001-00000189',NULL,'2022-07-30 16:09:42','2022-07-30 16:19:03','2022-07-30 16:19:03'),(229,7479,2,40719,40745,13,9,1,0,'2022-07-19','2022-07-19',1000.00,1,1.00,'Factura C N°: 0001-00000190',NULL,'2022-07-30 16:09:42','2022-07-30 16:19:03','2022-07-30 16:19:03'),(230,7479,2,40719,40746,13,9,1,0,'2022-07-20','2022-07-20',3000.00,1,1.00,'Factura C N°: 0001-00000191',NULL,'2022-07-30 16:09:42','2022-07-30 16:19:03','2022-07-30 16:19:03'),(231,7479,2,40719,40728,13,9,1,0,'2022-07-21','2022-07-21',1000.00,1,1.00,'Factura C N°: 0001-00000192',NULL,'2022-07-30 16:09:43','2022-07-30 16:19:03','2022-07-30 16:19:03'),(232,7479,2,40719,40734,13,9,1,0,'2022-07-21','2022-07-21',800.00,1,1.00,'Factura C N°: 0001-00000193',NULL,'2022-07-30 16:09:43','2022-07-30 16:19:03','2022-07-30 16:19:03'),(233,7479,2,40719,40747,13,9,1,0,'2022-07-21','2022-07-21',1000.00,1,1.00,'Factura C N°: 0001-00000194',NULL,'2022-07-30 16:09:43','2022-07-30 16:19:03','2022-07-30 16:19:03'),(234,7479,2,40748,40749,13,6121,1,0,'2022-07-26','2022-07-26',56000.00,1,1.00,'Factura C N°: 0002-00000093',NULL,'2022-07-30 16:29:21','2022-07-30 18:55:49','2022-07-30 18:55:49'),(235,7479,2,40748,40749,13,6121,1,0,'2022-07-26','2022-07-26',15000.00,1,1.00,'Factura C N°: 0002-00000094',NULL,'2022-07-30 16:29:21','2022-07-30 18:55:49','2022-07-30 18:55:49'),(236,7479,2,40748,40749,13,6121,1,0,'2022-07-26','2022-07-26',20000.00,1,1.00,'Factura C N°: 0002-00000095',NULL,'2022-07-30 16:29:21','2022-07-30 18:55:49','2022-07-30 18:55:49'),(237,7479,2,40748,40749,13,6121,1,0,'2022-07-26','2022-07-26',15000.00,1,1.00,'Factura C N°: 0002-00000096',NULL,'2022-07-30 16:29:21','2022-07-30 18:55:49','2022-07-30 18:55:49'),(238,7479,2,40748,40749,13,7707,1,0,'2022-05-05','2022-05-05',27000.00,1,1.00,'Factura C N°: 0002-00000088',NULL,'2022-07-30 16:33:51','2022-07-30 17:23:18','2022-07-30 17:23:18'),(239,7479,2,40748,40750,13,7707,1,0,'2022-05-16','2022-05-16',25000.00,1,1.00,'Factura C N°: 0002-00000089',NULL,'2022-07-30 16:33:51','2022-07-30 17:23:18','2022-07-30 17:23:18'),(240,7479,2,40748,40749,13,7707,1,0,'2022-05-21','2022-05-21',36000.00,1,1.00,'Factura C N°: 0002-00000090',NULL,'2022-07-30 16:33:51','2022-07-30 17:23:18','2022-07-30 17:23:18'),(241,7479,2,40748,40749,13,7707,1,0,'2022-05-27','2022-05-27',75000.00,1,1.00,'Factura C N°: 0002-00000091',NULL,'2022-07-30 16:33:51','2022-07-30 17:23:18','2022-07-30 17:23:18'),(242,7479,2,40748,40751,13,7707,1,0,'2022-05-30','2022-05-30',6000.00,1,1.00,'Factura C N°: 0002-00000092',NULL,'2022-07-30 16:33:51','2022-07-30 17:23:18','2022-07-30 17:23:18');
INSERT INTO `cta_cte_cliente` VALUES (243,7479,2,40748,40749,13,7707,1,0,'2022-05-05','2022-05-05',0.00,1,1.00,'Factura C N°: 0002-00000088',NULL,'2022-07-30 17:23:53','2022-07-30 17:27:10','2022-07-30 17:27:10'),(244,7479,2,40748,40750,13,7707,1,0,'2022-05-16','2022-05-16',0.00,1,1.00,'Factura C N°: 0002-00000089',NULL,'2022-07-30 17:23:53','2022-07-30 17:27:10','2022-07-30 17:27:10'),(245,7479,2,40748,40749,13,7707,1,0,'2022-05-21','2022-05-21',0.00,1,1.00,'Factura C N°: 0002-00000090',NULL,'2022-07-30 17:23:53','2022-07-30 17:27:10','2022-07-30 17:27:10'),(246,7479,2,40748,40749,13,7707,1,0,'2022-05-27','2022-05-27',0.00,1,1.00,'Factura C N°: 0002-00000091',NULL,'2022-07-30 17:23:53','2022-07-30 17:27:10','2022-07-30 17:27:10'),(247,7479,2,40748,40751,13,7707,1,0,'2022-05-30','2022-05-30',0.00,1,1.00,'Factura C N°: 0002-00000092',NULL,'2022-07-30 17:23:53','2022-07-30 17:27:10','2022-07-30 17:27:10'),(248,7479,2,40748,40749,13,7707,1,0,'2022-05-05','2022-05-05',27000.00,1,1.00,'Factura C N°: 0002-00000088',NULL,'2022-07-30 17:28:26','2022-07-30 18:55:49','2022-07-30 18:55:49'),(249,7479,2,40748,40750,13,7707,1,0,'2022-05-16','2022-05-16',25000.00,1,1.00,'Factura C N°: 0002-00000089',NULL,'2022-07-30 17:28:26','2022-07-30 18:55:49','2022-07-30 18:55:49'),(250,7479,2,40748,40749,13,7707,1,0,'2022-05-21','2022-05-21',36000.00,1,1.00,'Factura C N°: 0002-00000090',NULL,'2022-07-30 17:28:26','2022-07-30 18:55:49','2022-07-30 18:55:49'),(251,7479,2,40748,40749,13,7707,1,0,'2022-05-27','2022-05-27',75000.00,1,1.00,'Factura C N°: 0002-00000091',NULL,'2022-07-30 17:28:26','2022-07-30 18:55:49','2022-07-30 18:55:49'),(252,7479,2,40748,40751,13,7707,1,0,'2022-05-30','2022-05-30',6000.00,1,1.00,'Factura C N°: 0002-00000092',NULL,'2022-07-30 17:28:26','2022-07-30 18:55:49','2022-07-30 18:55:49'),(253,7479,2,40748,40749,13,7707,1,0,'2022-05-05','2022-05-05',27000.00,1,1.00,'Factura C N°: 0002-00000088',NULL,'2022-07-30 18:59:21','2022-08-02 20:17:21','2022-08-02 20:17:21'),(254,7479,2,40748,40750,13,7707,1,0,'2022-05-16','2022-05-16',25000.00,1,1.00,'Factura C N°: 0002-00000089',NULL,'2022-07-30 18:59:21','2022-08-02 20:17:21','2022-08-02 20:17:21'),(255,7479,2,40748,40749,13,7707,1,0,'2022-05-21','2022-05-21',36000.00,1,1.00,'Factura C N°: 0002-00000090',NULL,'2022-07-30 18:59:21','2022-08-02 20:17:21','2022-08-02 20:17:21'),(256,7479,2,40748,40749,13,7707,1,0,'2022-05-27','2022-05-27',75000.00,1,1.00,'Factura C N°: 0002-00000091',NULL,'2022-07-30 18:59:21','2022-08-02 20:17:21','2022-08-02 20:17:21'),(257,7479,2,40748,40751,13,7707,1,0,'2022-05-30','2022-05-30',6000.00,1,1.00,'Factura C N°: 0002-00000092',NULL,'2022-07-30 18:59:21','2022-08-02 20:17:21','2022-08-02 20:17:21'),(258,7479,2,40727,40752,13,7710,1,0,'2022-06-23','2022-06-23',176600.00,1,1.00,'Factura C N°: 0001-00000038',NULL,'2022-07-30 19:15:16','2022-08-01 18:59:34','2022-08-01 18:59:34'),(259,7479,3,40727,40753,57,7710,2,0,'2022-06-02','2022-06-02',43.59,1,1.00,'Factura B N°: 5015-02372738',NULL,'2022-07-30 19:15:28','2022-07-30 19:15:28',NULL),(260,7479,3,40727,40719,57,7710,2,0,'2022-06-12','2022-06-12',1000.00,1,1.00,'Factura C N°: 0001-00000166',NULL,'2022-07-30 19:15:28','2022-07-30 19:15:28',NULL),(261,7479,3,40727,40754,57,7710,2,0,'2022-06-13','2022-06-13',500.00,1,1.00,'Factura B N°: 2221-12169022',NULL,'2022-07-30 19:15:28','2022-07-30 19:15:28',NULL),(262,7479,3,40727,40755,57,7710,2,0,'2022-06-13','2022-06-13',41998.00,1,1.00,'Factura B N°: 2369-00000061',NULL,'2022-07-30 19:15:28','2022-07-30 19:15:28',NULL),(263,7479,3,40727,40756,57,7710,2,0,'2022-06-30','2022-06-30',4999.00,1,1.00,'Factura B N°: 0003-00004120',NULL,'2022-07-30 19:15:28','2022-07-30 19:15:28',NULL),(264,7479,3,40727,40757,57,7710,2,0,'2022-06-30','2022-06-30',12499.00,1,1.00,'Factura B N°: 0020-00002011',NULL,'2022-07-30 19:15:28','2022-07-30 19:15:28',NULL);
INSERT INTO `cta_cte_cliente` VALUES (265,7479,2,40727,40752,13,7710,1,0,'2022-06-23','2022-06-23',176600.00,1,1.00,'Factura C N°: 0001-00000038',NULL,'2022-08-01 18:59:34','2022-08-01 19:56:34','2022-08-01 19:56:34'),(266,7479,2,40727,40752,13,7710,1,0,'2022-06-23','2022-06-23',176600.00,1,1.00,'Factura C N°: 0001-00000038',NULL,'2022-08-01 19:57:38','2022-08-01 20:01:30','2022-08-01 20:01:30'),(267,7479,2,40727,40752,13,7710,1,0,'2022-06-23','2022-06-23',176600.00,1,1.00,'Factura C N°: 0001-00000038',NULL,'2022-08-01 20:03:12','2022-08-01 20:11:56','2022-08-01 20:11:56'),(268,7479,2,40727,40752,13,7710,1,0,'2022-06-23','2022-06-23',176600.00,1,1.00,'Factura C N°: 0001-00000038',NULL,'2022-08-01 20:25:12','2022-08-01 20:25:52','2022-08-01 20:25:52'),(269,7479,2,40727,40752,13,7710,1,0,'2022-06-23','2022-06-23',176600.00,1,1.00,'Factura C N°: 0001-00000038',NULL,'2022-08-01 20:25:52','2022-08-01 20:26:48','2022-08-01 20:26:48'),(270,7479,2,40727,40752,13,7710,1,0,'2022-06-23','2022-06-23',176600.00,1,1.00,'Factura C N°: 0001-00000038',NULL,'2022-08-01 20:26:48','2022-08-01 20:26:56','2022-08-01 20:26:56'),(271,7479,2,40727,40752,13,7710,1,0,'2022-06-23','2022-06-23',176600.00,1,1.00,'Factura C N°: 0001-00000038',NULL,'2022-08-01 20:26:56','2022-08-01 20:27:34','2022-08-01 20:27:34'),(272,7479,2,40727,40752,13,7710,1,0,'2022-06-23','2022-06-23',176600.00,1,1.00,'Factura C N°: 0001-00000038',NULL,'2022-08-01 20:27:34','2022-08-02 18:38:32','2022-08-02 18:38:32'),(273,7479,2,40727,40752,13,7711,1,0,'2022-07-15','2022-07-15',176600.00,1,1.00,'Factura C N°: 0001-00000039',NULL,'2022-08-02 18:31:06','2022-08-02 18:38:28','2022-08-02 18:38:28'),(274,7479,2,40727,40752,13,7711,1,0,'2022-07-15','2022-07-15',176600.00,1,1.00,'Factura C N°: 0001-00000039',NULL,'2022-08-02 18:46:50','2022-08-04 21:51:28','2022-08-04 21:51:28'),(275,7479,2,40722,40723,13,4533,1,0,'2022-07-03','2022-07-03',17120.00,1,1.00,'Factura C N°: 0001-00000005',NULL,'2022-08-02 18:56:19','2022-08-02 18:57:51','2022-08-02 18:57:51'),(276,7479,2,40722,40723,13,4533,1,0,'2022-07-03','2022-07-03',124120.00,1,1.00,'Factura C N°: 0001-00000006',NULL,'2022-08-02 18:56:19','2022-08-02 18:57:51','2022-08-02 18:57:51'),(277,7479,2,40719,40740,13,9,1,0,'2022-07-15','2022-07-15',2000.00,1,1.00,'Factura C N°: 0001-00000178',NULL,'2022-08-02 19:01:50','2022-08-11 18:10:24','2022-08-11 18:10:24'),(278,7479,2,40719,40731,13,9,1,0,'2022-07-15','2022-07-15',1000.00,1,1.00,'Factura C N°: 0001-00000179',NULL,'2022-08-02 19:01:50','2022-08-11 18:10:24','2022-08-11 18:10:24'),(279,7479,2,40719,40730,13,9,1,0,'2022-07-15','2022-07-15',700.00,1,1.00,'Factura C N°: 0001-00000180',NULL,'2022-08-02 19:01:50','2022-08-11 18:10:24','2022-08-11 18:10:24'),(280,7479,2,40719,40726,13,9,1,0,'2022-07-15','2022-07-15',1000.00,1,1.00,'Factura C N°: 0001-00000181',NULL,'2022-08-02 19:01:50','2022-08-11 18:10:24','2022-08-11 18:10:24'),(281,7479,2,40719,40736,13,9,1,0,'2022-07-15','2022-07-15',1000.00,1,1.00,'Factura C N°: 0001-00000182',NULL,'2022-08-02 19:01:50','2022-08-11 18:10:24','2022-08-11 18:10:24'),(282,7479,2,40719,40741,13,9,1,0,'2022-07-15','2022-07-15',6000.00,1,1.00,'Factura C N°: 0001-00000183',NULL,'2022-08-02 19:01:50','2022-08-11 18:10:24','2022-08-11 18:10:24'),(283,7479,2,40719,40742,13,9,1,0,'2022-07-15','2022-07-15',2000.00,1,1.00,'Factura C N°: 0001-00000184',NULL,'2022-08-02 19:01:50','2022-08-11 18:10:24','2022-08-11 18:10:24'),(284,7479,2,40719,40737,13,9,1,0,'2022-07-15','2022-07-15',1000.00,1,1.00,'Factura C N°: 0001-00000185',NULL,'2022-08-02 19:01:50','2022-08-11 18:10:24','2022-08-11 18:10:24'),(285,7479,2,40719,40743,13,9,1,0,'2022-07-15','2022-07-15',800.00,1,1.00,'Factura C N°: 0001-00000186',NULL,'2022-08-02 19:01:50','2022-08-11 18:10:24','2022-08-11 18:10:24'),(286,7479,2,40719,40727,13,9,1,0,'2022-07-15','2022-07-15',1000.00,1,1.00,'Factura C N°: 0001-00000187',NULL,'2022-08-02 19:01:50','2022-08-11 18:10:24','2022-08-11 18:10:24');
INSERT INTO `cta_cte_cliente` VALUES (287,7479,2,40719,40744,13,9,1,0,'2022-07-16','2022-07-16',3000.00,1,1.00,'Factura C N°: 0001-00000188',NULL,'2022-08-02 19:01:50','2022-08-11 18:10:24','2022-08-11 18:10:24'),(288,7479,2,40719,40738,13,9,1,0,'2022-07-17','2022-07-17',1000.00,1,1.00,'Factura C N°: 0001-00000189',NULL,'2022-08-02 19:01:50','2022-08-11 18:10:24','2022-08-11 18:10:24'),(289,7479,2,40719,40745,13,9,1,0,'2022-07-19','2022-07-19',1000.00,1,1.00,'Factura C N°: 0001-00000190',NULL,'2022-08-02 19:01:50','2022-08-11 18:10:24','2022-08-11 18:10:24'),(290,7479,2,40719,40746,13,9,1,0,'2022-07-20','2022-07-20',3000.00,1,1.00,'Factura C N°: 0001-00000191',NULL,'2022-08-02 19:01:50','2022-08-11 18:10:24','2022-08-11 18:10:24'),(291,7479,2,40719,40728,13,9,1,0,'2022-07-21','2022-07-21',1000.00,1,1.00,'Factura C N°: 0001-00000192',NULL,'2022-08-02 19:01:50','2022-08-11 18:10:24','2022-08-11 18:10:24'),(292,7479,2,40719,40734,13,9,1,0,'2022-07-21','2022-07-21',800.00,1,1.00,'Factura C N°: 0001-00000193',NULL,'2022-08-02 19:01:50','2022-08-11 18:10:24','2022-08-11 18:10:24'),(293,7479,2,40719,40747,13,9,1,0,'2022-07-21','2022-07-21',1000.00,1,1.00,'Factura C N°: 0001-00000194',NULL,'2022-08-02 19:01:50','2022-08-11 18:10:24','2022-08-11 18:10:24'),(294,7479,2,40748,40749,13,6121,1,0,'2022-07-26','2022-07-26',56000.00,1,1.00,'Factura C N°: 0002-00000093',NULL,'2022-08-02 20:20:13','2022-08-02 20:22:12','2022-08-02 20:22:12'),(295,7479,2,40748,40749,13,6121,1,0,'2022-07-26','2022-07-26',15000.00,1,1.00,'Factura C N°: 0002-00000094',NULL,'2022-08-02 20:20:13','2022-08-02 20:22:12','2022-08-02 20:22:12'),(296,7479,2,40748,40749,13,6121,1,0,'2022-07-26','2022-07-26',20000.00,1,1.00,'Factura C N°: 0002-00000095',NULL,'2022-08-02 20:20:13','2022-08-02 20:22:12','2022-08-02 20:22:12'),(297,7479,2,40748,40749,13,6121,1,0,'2022-07-26','2022-07-26',15000.00,1,1.00,'Factura C N°: 0002-00000096',NULL,'2022-08-02 20:20:13','2022-08-02 20:22:12','2022-08-02 20:22:12'),(298,7479,2,40727,40752,13,7711,1,0,'2022-07-15','2022-07-15',176600.00,1,1.00,'Factura C N°: 0001-00000039',NULL,'2022-08-04 21:54:19','2022-08-04 22:00:22','2022-08-04 22:00:22'),(299,7479,2,40727,40752,13,7711,1,0,'2022-07-15','2022-07-15',176600.00,1,1.00,'Factura C N°: 0001-00000039',NULL,'2022-08-04 22:01:23','2022-08-04 22:04:12','2022-08-04 22:04:12'),(300,7479,2,40727,40752,13,7711,1,0,'2022-07-15','2022-07-15',176600.00,1,1.00,'Factura C N°: 0001-00000039',NULL,'2022-08-06 11:10:13','2022-08-06 11:17:48','2022-08-06 11:17:48'),(301,7479,2,40727,40752,13,7711,1,0,'2022-07-15','2022-07-15',176600.00,1,1.00,'Factura C N°: 0001-00000039',NULL,'2022-08-06 11:26:42','2022-08-11 18:41:16','2022-08-11 18:41:16'),(302,7479,2,40719,40740,13,9,1,0,'2022-07-15','2022-07-15',2000.00,1,1.00,'Factura C N°: 0001-00000178',NULL,'2022-08-11 18:14:44','2022-08-11 18:27:52','2022-08-11 18:27:52'),(303,7479,2,40719,40731,13,9,1,0,'2022-07-15','2022-07-15',1000.00,1,1.00,'Factura C N°: 0001-00000179',NULL,'2022-08-11 18:14:44','2022-08-11 18:27:52','2022-08-11 18:27:52'),(304,7479,2,40719,40730,13,9,1,0,'2022-07-15','2022-07-15',700.00,1,1.00,'Factura C N°: 0001-00000180',NULL,'2022-08-11 18:14:44','2022-08-11 18:27:52','2022-08-11 18:27:52'),(305,7479,2,40719,40726,13,9,1,0,'2022-07-15','2022-07-15',1000.00,1,1.00,'Factura C N°: 0001-00000181',NULL,'2022-08-11 18:14:44','2022-08-11 18:27:52','2022-08-11 18:27:52'),(306,7479,2,40719,40736,13,9,1,0,'2022-07-15','2022-07-15',1000.00,1,1.00,'Factura C N°: 0001-00000182',NULL,'2022-08-11 18:14:44','2022-08-11 18:27:52','2022-08-11 18:27:52'),(307,7479,2,40719,40741,13,9,1,0,'2022-07-15','2022-07-15',6000.00,1,1.00,'Factura C N°: 0001-00000183',NULL,'2022-08-11 18:14:44','2022-08-11 18:27:52','2022-08-11 18:27:52'),(308,7479,2,40719,40742,13,9,1,0,'2022-07-15','2022-07-15',2000.00,1,1.00,'Factura C N°: 0001-00000184',NULL,'2022-08-11 18:14:44','2022-08-11 18:27:52','2022-08-11 18:27:52');
INSERT INTO `cta_cte_cliente` VALUES (309,7479,2,40719,40737,13,9,1,0,'2022-07-15','2022-07-15',1000.00,1,1.00,'Factura C N°: 0001-00000185',NULL,'2022-08-11 18:14:44','2022-08-11 18:27:52','2022-08-11 18:27:52'),(310,7479,2,40719,40743,13,9,1,0,'2022-07-15','2022-07-15',800.00,1,1.00,'Factura C N°: 0001-00000186',NULL,'2022-08-11 18:14:45','2022-08-11 18:27:52','2022-08-11 18:27:52'),(311,7479,2,40719,40727,13,9,1,0,'2022-07-15','2022-07-15',1000.00,1,1.00,'Factura C N°: 0001-00000187',NULL,'2022-08-11 18:14:45','2022-08-11 18:27:52','2022-08-11 18:27:52'),(312,7479,2,40719,40744,13,9,1,0,'2022-07-16','2022-07-16',3000.00,1,1.00,'Factura C N°: 0001-00000188',NULL,'2022-08-11 18:14:45','2022-08-11 18:27:52','2022-08-11 18:27:52'),(313,7479,2,40719,40738,13,9,1,0,'2022-07-17','2022-07-17',1000.00,1,1.00,'Factura C N°: 0001-00000189',NULL,'2022-08-11 18:14:45','2022-08-11 18:27:52','2022-08-11 18:27:52'),(314,7479,2,40719,40745,13,9,1,0,'2022-07-19','2022-07-19',1000.00,1,1.00,'Factura C N°: 0001-00000190',NULL,'2022-08-11 18:14:45','2022-08-11 18:27:52','2022-08-11 18:27:52'),(315,7479,2,40719,40746,13,9,1,0,'2022-07-20','2022-07-20',3000.00,1,1.00,'Factura C N°: 0001-00000191',NULL,'2022-08-11 18:14:45','2022-08-11 18:27:52','2022-08-11 18:27:52'),(316,7479,2,40719,40728,13,9,1,0,'2022-07-21','2022-07-21',1000.00,1,1.00,'Factura C N°: 0001-00000192',NULL,'2022-08-11 18:14:45','2022-08-11 18:27:44','2022-08-11 18:27:44'),(317,7479,2,40719,40734,13,9,1,0,'2022-07-21','2022-07-21',800.00,1,1.00,'Factura C N°: 0001-00000193',NULL,'2022-08-11 18:14:45','2022-08-11 18:27:36','2022-08-11 18:27:36'),(318,7479,2,40719,40747,13,9,1,0,'2022-07-21','2022-07-21',1000.00,1,1.00,'Factura C N°: 0001-00000194',NULL,'2022-08-11 18:14:45','2022-08-11 18:27:18','2022-08-11 18:27:18'),(319,7479,2,40719,40747,13,9,1,0,'2022-07-21','2022-07-21',1000.00,1,1.00,'Factura C N°: 0001-00000194',NULL,'2022-08-11 18:27:18','2022-08-11 18:27:52','2022-08-11 18:27:52'),(320,7479,2,40719,40734,13,9,1,0,'2022-07-21','2022-07-21',800.00,1,1.00,'Factura C N°: 0001-00000193',NULL,'2022-08-11 18:27:36','2022-08-11 18:27:52','2022-08-11 18:27:52'),(321,7479,2,40719,40728,13,9,1,0,'2022-07-21','2022-07-21',1000.00,1,1.00,'Factura C N°: 0001-00000192',NULL,'2022-08-11 18:27:44','2022-08-11 18:27:52','2022-08-11 18:27:52'),(322,7479,2,40719,40740,13,9,1,0,'2022-07-15','2022-07-15',2000.00,1,1.00,'Factura C N°: 0001-00000178',NULL,'2022-08-11 18:29:38','2023-06-29 21:42:51','2023-06-29 21:42:51'),(323,7479,2,40719,40731,13,9,1,0,'2022-07-15','2022-07-15',1000.00,1,1.00,'Factura C N°: 0001-00000179',NULL,'2022-08-11 18:29:38','2023-06-29 21:42:48','2023-06-29 21:42:48'),(324,7479,2,40719,40730,13,9,1,0,'2022-07-15','2022-07-15',700.00,1,1.00,'Factura C N°: 0001-00000180',NULL,'2022-08-11 18:29:38','2023-06-29 21:42:44','2023-06-29 21:42:44'),(325,7479,2,40719,40726,13,9,1,0,'2022-07-15','2022-07-15',1000.00,1,1.00,'Factura C N°: 0001-00000181',NULL,'2022-08-11 18:29:38','2023-06-29 21:42:41','2023-06-29 21:42:41'),(326,7479,2,40719,40736,13,9,1,0,'2022-07-15','2022-07-15',1000.00,1,1.00,'Factura C N°: 0001-00000182',NULL,'2022-08-11 18:29:38','2023-06-29 21:42:37','2023-06-29 21:42:37'),(327,7479,2,40719,40741,13,9,1,0,'2022-07-15','2022-07-15',6000.00,1,1.00,'Factura C N°: 0001-00000183',NULL,'2022-08-11 18:29:38','2023-06-29 21:42:32','2023-06-29 21:42:32'),(328,7479,2,40719,40742,13,9,1,0,'2022-07-15','2022-07-15',2000.00,1,1.00,'Factura C N°: 0001-00000184',NULL,'2022-08-11 18:29:38','2023-06-29 21:42:21','2023-06-29 21:42:21'),(329,7479,2,40719,40737,13,9,1,0,'2022-07-15','2022-07-15',1000.00,1,1.00,'Factura C N°: 0001-00000185',NULL,'2022-08-11 18:29:38','2023-06-29 21:42:17','2023-06-29 21:42:17'),(330,7479,2,40719,40743,13,9,1,0,'2022-07-15','2022-07-15',800.00,1,1.00,'Factura C N°: 0001-00000186',NULL,'2022-08-11 18:29:38','2023-06-29 21:42:14','2023-06-29 21:42:14');
INSERT INTO `cta_cte_cliente` VALUES (331,7479,2,40719,40727,13,9,1,0,'2022-07-15','2022-07-15',1000.00,1,1.00,'Factura C N°: 0001-00000187',NULL,'2022-08-11 18:29:38','2023-06-29 21:42:11','2023-06-29 21:42:11'),(332,7479,2,40719,40744,13,9,1,0,'2022-07-16','2022-07-16',3000.00,1,1.00,'Factura C N°: 0001-00000188',NULL,'2022-08-11 18:29:38','2023-06-29 21:42:07','2023-06-29 21:42:07'),(333,7479,2,40719,40738,13,9,1,0,'2022-07-17','2022-07-17',1000.00,1,1.00,'Factura C N°: 0001-00000189',NULL,'2022-08-11 18:29:38','2023-06-29 21:42:04','2023-06-29 21:42:04'),(334,7479,2,40719,40745,13,9,1,0,'2022-07-19','2022-07-19',1000.00,1,1.00,'Factura C N°: 0001-00000190',NULL,'2022-08-11 18:29:38','2023-06-29 21:42:00','2023-06-29 21:42:00'),(335,7479,2,40719,40746,13,9,1,0,'2022-07-20','2022-07-20',3000.00,1,1.00,'Factura C N°: 0001-00000191',NULL,'2022-08-11 18:29:38','2023-06-29 21:41:56','2023-06-29 21:41:56'),(336,7479,2,40719,40728,13,9,1,0,'2022-07-21','2022-07-21',1000.00,1,1.00,'Factura C N°: 0001-00000192',NULL,'2022-08-11 18:29:38','2023-06-29 21:14:24','2023-06-29 21:14:24'),(337,7479,2,40719,40734,13,9,1,0,'2022-07-21','2022-07-21',800.00,1,1.00,'Factura C N°: 0001-00000193',NULL,'2022-08-11 18:29:39','2023-06-29 21:14:21','2023-06-29 21:14:21'),(338,7479,2,40719,40747,13,9,1,0,'2022-07-21','2022-07-21',1000.00,1,1.00,'Factura C N°: 0001-00000194',NULL,'2022-08-11 18:29:39','2023-06-29 21:14:17','2023-06-29 21:14:17'),(339,7479,2,40727,40752,13,7711,1,0,'2022-07-15','2022-07-15',176600.00,1,1.00,'Factura C N°: 0001-00000039',NULL,'2022-08-11 18:41:57','2022-08-23 18:32:46','2022-08-23 18:32:46'),(340,7479,2,40748,40749,13,6121,1,0,'2022-07-26','2022-07-26',56000.00,1,1.00,'Factura C N°: 0002-00000093',NULL,'2022-08-11 19:03:30','2022-08-12 18:44:46','2022-08-12 18:44:46'),(341,7479,2,40748,40749,13,6121,1,0,'2022-07-26','2022-07-26',15000.00,1,1.00,'Factura C N°: 0002-00000094',NULL,'2022-08-11 19:03:30','2022-08-12 18:44:37','2022-08-12 18:44:37'),(342,7479,2,40748,40749,13,6121,1,0,'2022-07-26','2022-07-26',20000.00,1,1.00,'Factura C N°: 0002-00000095',NULL,'2022-08-11 19:03:30','2022-08-12 18:44:29','2022-08-12 18:44:29'),(343,7479,2,40748,40749,13,6121,1,0,'2022-07-26','2022-07-26',15000.00,1,1.00,'Factura C N°: 0002-00000096',NULL,'2022-08-11 19:03:30','2022-08-12 18:44:21','2022-08-12 18:44:21'),(344,7479,2,40748,40749,13,6121,1,0,'2022-07-26','2022-07-26',15000.00,1,1.00,'Factura C N°: 0002-00000096',NULL,'2022-08-12 18:44:21','2022-08-12 18:45:40','2022-08-12 18:45:40'),(345,7479,2,40748,40749,13,6121,1,0,'2022-07-26','2022-07-26',20000.00,1,1.00,'Factura C N°: 0002-00000095',NULL,'2022-08-12 18:44:29','2022-08-12 18:45:40','2022-08-12 18:45:40'),(346,7479,2,40748,40749,13,6121,1,0,'2022-07-26','2022-07-26',15000.00,1,1.00,'Factura C N°: 0002-00000094',NULL,'2022-08-12 18:44:37','2022-08-12 18:45:40','2022-08-12 18:45:40'),(347,7479,2,40748,40749,13,6121,1,0,'2022-07-26','2022-07-26',56000.00,1,1.00,'Factura C N°: 0002-00000093',NULL,'2022-08-12 18:44:46','2022-08-12 18:45:40','2022-08-12 18:45:40'),(348,7479,2,40748,40749,13,6121,1,0,'2022-07-26','2022-07-26',56000.00,1,1.00,'Factura C N°: 0002-00000093',NULL,'2022-08-12 18:46:35','2022-08-12 18:46:35',NULL),(349,7479,2,40748,40749,13,6121,1,0,'2022-07-26','2022-07-26',15000.00,1,1.00,'Factura C N°: 0002-00000094',NULL,'2022-08-12 18:46:35','2022-08-12 18:46:35',NULL),(350,7479,2,40748,40749,13,6121,1,0,'2022-07-26','2022-07-26',20000.00,1,1.00,'Factura C N°: 0002-00000095',NULL,'2022-08-12 18:46:35','2022-08-12 18:46:35',NULL),(351,7479,2,40748,40749,13,6121,1,0,'2022-07-26','2022-07-26',15000.00,1,1.00,'Factura C N°: 0002-00000096',NULL,'2022-08-12 18:46:35','2022-08-12 18:46:35',NULL),(352,7479,2,40727,40752,13,7712,1,0,'2022-08-18','2022-08-18',176600.00,1,1.00,'Factura C N°: 0001-00000040',NULL,'2022-08-23 18:35:45','2022-08-23 18:36:27','2022-08-23 18:36:27');
INSERT INTO `cta_cte_cliente` VALUES (353,7479,2,40727,40752,13,7712,1,0,'2022-08-18','2022-08-18',176600.00,1,1.00,'Factura C N°: 0001-00000040',NULL,'2022-08-23 18:36:27','2022-08-23 18:47:09','2022-08-23 18:47:09'),(354,7479,2,40727,40752,13,7712,1,0,'2022-08-18','2022-08-18',176000.00,1,1.00,'Factura C N°: 0001-00000040',NULL,'2022-08-23 18:47:09','2022-08-23 18:47:09',NULL),(355,7479,2,40719,40726,13,23,1,0,'2023-06-15','2023-06-15',3500.00,1,1.00,'Factura C N°: 0001-00000355',NULL,'2023-06-29 21:50:05','2023-06-29 21:50:05',NULL),(356,7479,2,40719,40728,13,23,1,0,'2023-06-15','2023-06-15',3500.00,1,1.00,'Factura C N°: 0001-00000356',NULL,'2023-06-29 21:50:05','2023-06-29 22:16:53','2023-06-29 22:16:53'),(357,7479,2,40719,40743,13,23,1,0,'2023-06-15','2023-06-15',3500.00,1,1.00,'Factura C N°: 0001-00000357',NULL,'2023-06-29 21:50:05','2023-06-29 22:16:49','2023-06-29 22:16:49'),(358,7479,2,40719,40758,13,23,1,0,'2023-06-15','2023-06-15',4000.00,1,1.00,'Factura C N°: 0001-00000358',NULL,'2023-06-29 21:50:05','2023-06-29 22:16:46','2023-06-29 22:16:46'),(359,7479,2,40719,40729,13,23,1,0,'2023-06-15','2023-06-15',3500.00,1,1.00,'Factura C N°: 0001-00000359',NULL,'2023-06-29 21:50:05','2023-06-29 22:16:42','2023-06-29 22:16:42'),(360,7479,2,40719,40742,13,23,1,0,'2023-06-15','2023-06-15',9500.00,1,1.00,'Factura C N°: 0001-00000360',NULL,'2023-06-29 21:50:05','2023-06-29 22:16:39','2023-06-29 22:16:39'),(361,7479,2,40719,40727,13,23,1,0,'2023-06-16','2023-06-16',3500.00,1,1.00,'Factura C N°: 0001-00000361',NULL,'2023-06-29 21:50:05','2023-06-29 22:16:34','2023-06-29 22:16:34'),(362,7479,2,40719,40759,13,23,1,0,'2023-06-18','2023-06-18',10000.00,1,1.00,'Factura C N°: 0001-00000362',NULL,'2023-06-29 21:50:06','2023-06-29 22:00:49','2023-06-29 22:00:49'),(363,7479,2,40719,40722,13,23,1,0,'2023-06-20','2023-06-20',3500.00,1,1.00,'Factura C N°: 0001-00000363',NULL,'2023-06-29 21:50:06','2023-06-29 22:16:28','2023-06-29 22:16:28'),(364,7479,2,40719,40738,13,23,1,0,'2023-06-22','2023-06-22',3500.00,1,1.00,'Factura C N°: 0001-00000364',NULL,'2023-06-29 21:50:06','2023-06-29 22:16:24','2023-06-29 22:16:24'),(365,7479,2,40719,40736,13,23,1,0,'2023-06-22','2023-06-22',3500.00,1,1.00,'Factura C N°: 0001-00000365',NULL,'2023-06-29 21:50:06','2023-06-29 22:16:20','2023-06-29 22:16:20'),(366,7479,2,40719,40760,13,23,1,0,'2023-06-23','2023-06-23',48000.00,1,1.00,'Factura C N°: 0001-00000366',NULL,'2023-06-29 21:50:06','2023-06-29 22:16:13','2023-06-29 22:16:13'),(367,7479,2,40719,40747,13,23,1,0,'2023-06-24','2023-06-24',3500.00,1,1.00,'Factura C N°: 0001-00000367',NULL,'2023-06-29 21:50:06','2023-06-29 22:16:09','2023-06-29 22:16:09'),(368,7479,2,40719,40761,13,23,1,0,'2023-06-26','2023-06-26',35000.00,1,1.00,'Factura C N°: 0001-00000368',NULL,'2023-06-29 21:50:06','2023-06-29 22:16:06','2023-06-29 22:16:06'),(369,7479,2,40719,40762,13,23,1,0,'2023-06-29','2023-06-29',3500.00,1,1.00,'Factura C N°: 0001-00000369',NULL,'2023-06-29 21:50:06','2023-06-29 22:16:02','2023-06-29 22:16:02'),(370,7479,2,40719,40763,13,23,1,0,'2023-06-29','2023-06-29',4000.00,1,1.00,'Factura C N°: 0001-00000370',NULL,'2023-06-29 21:50:06','2023-06-29 22:16:17','2023-06-29 22:16:17'),(371,7479,2,40719,40759,13,23,1,0,'2023-06-18','2023-06-18',10000.00,1,1.00,'Factura C N°: 0001-00000362',NULL,'2023-06-29 22:00:49','2023-06-29 22:16:31','2023-06-29 22:16:31');

--
-- Table structure for table `cta_cte_cliente_details`
--

CREATE TABLE `cta_cte_cliente_details` (
  `id` int(10) unsigned NOT NULL AUTO_INCREMENT,
  `user_id` int(10) unsigned DEFAULT NULL,
  `cta_cte_cliente_id` int(10) unsigned NOT NULL,
  `person_id` int(10) unsigned DEFAULT NULL,
  `person_id_relationed` int(10) unsigned DEFAULT NULL,
  `cta_cte_tesoreria_cuenta_id` int(10) unsigned DEFAULT NULL,
  `period_id` int(10) unsigned DEFAULT NULL,
  `tipo_asiento_id` int(10) unsigned NOT NULL,
  `saldo_id` int(10) unsigned NOT NULL,
  `monto` decimal(16,2) NOT NULL,
  `created_at` timestamp NULL DEFAULT NULL,
  `updated_at` timestamp NULL DEFAULT NULL,
  `deleted_at` timestamp NULL DEFAULT NULL,
  PRIMARY KEY (`id`),
  KEY `cta_cte_cliente_details_cta_cte_cliente_id_foreign` (`cta_cte_cliente_id`),
  KEY `cta_cte_cliente_details_person_id_foreign` (`person_id`),
  KEY `cta_cte_cliente_details_person_id_relationed_foreign` (`person_id_relationed`),
  KEY `cta_cte_cliente_details_period_id_foreign` (`period_id`),
  KEY `cta_cte_cliente_details_tipo_asiento_id_foreign` (`tipo_asiento_id`),
  KEY `cta_cte_cliente_details_saldo_id_foreign` (`saldo_id`),
  KEY `cta_cte_cliente_details_cta_cte_tesoreria_cuenta_id_foreign` (`cta_cte_tesoreria_cuenta_id`),
  CONSTRAINT `cta_cte_cliente_details_cta_cte_cliente_id_foreign` FOREIGN KEY (`cta_cte_cliente_id`) REFERENCES `cta_cte_cliente` (`id`),
  CONSTRAINT `cta_cte_cliente_details_cta_cte_tesoreria_cuenta_id_foreign` FOREIGN KEY (`cta_cte_tesoreria_cuenta_id`) REFERENCES `cta_cte_tesoreria_cuentas` (`id`),
  CONSTRAINT `cta_cte_cliente_details_period_id_foreign` FOREIGN KEY (`period_id`) REFERENCES `periods` (`id`),
  CONSTRAINT `cta_cte_cliente_details_person_id_foreign` FOREIGN KEY (`person_id`) REFERENCES `persons` (`id`),
  CONSTRAINT `cta_cte_cliente_details_person_id_relationed_foreign` FOREIGN KEY (`person_id_relationed`) REFERENCES `persons` (`id`),
  CONSTRAINT `cta_cte_cliente_details_saldo_id_foreign` FOREIGN KEY (`saldo_id`) REFERENCES `conta_tipo_saldos` (`id`),
  CONSTRAINT `cta_cte_cliente_details_tipo_asiento_id_foreign` FOREIGN KEY (`tipo_asiento_id`) REFERENCES `conta_tipo_asientos` (`id`)
) ENGINE=InnoDB DEFAULT CHARSET=utf8mb4 COLLATE=utf8mb4_unicode_ci;

--
-- Dumping data for table `cta_cte_cliente_details`
--


--
-- Table structure for table `cta_cte_cliente_pivot_receipt`
--

CREATE TABLE `cta_cte_cliente_pivot_receipt` (
  `id` int(10) unsigned NOT NULL AUTO_INCREMENT,
  `user_id` int(10) unsigned DEFAULT NULL,
  `cta_cte_cliente_id` int(10) unsigned NOT NULL,
  `receipt_id` int(11) DEFAULT NULL,
  `importe` decimal(16,2) DEFAULT NULL,
  `created_at` timestamp NULL DEFAULT NULL,
  `updated_at` timestamp NULL DEFAULT NULL,
  `deleted_at` timestamp NULL DEFAULT NULL,
  PRIMARY KEY (`id`)
) ENGINE=InnoDB AUTO_INCREMENT=372 DEFAULT CHARSET=utf8mb4 COLLATE=utf8mb4_unicode_ci;

--
-- Dumping data for table `cta_cte_cliente_pivot_receipt`
--

INSERT INTO `cta_cte_cliente_pivot_receipt` VALUES (1,7479,1,1,NULL,'2022-07-29 19:26:36','2022-07-29 20:20:19','2022-07-29 20:20:19'),(2,7479,2,2,NULL,'2022-07-29 19:26:36','2022-07-29 20:20:06','2022-07-29 20:20:06'),(3,7479,3,3,NULL,'2022-07-29 19:26:36','2022-07-29 20:19:55','2022-07-29 20:19:55'),(4,7479,4,4,NULL,'2022-07-29 19:26:36','2022-07-29 20:19:36','2022-07-29 20:19:36'),(5,7479,5,5,NULL,'2022-07-29 19:28:35','2022-07-29 19:28:35',NULL),(6,7479,6,6,NULL,'2022-07-29 19:28:35','2022-07-29 19:28:35',NULL),(7,7479,7,4,NULL,'2022-07-29 20:19:36','2022-07-29 20:19:36',NULL),(8,7479,8,3,NULL,'2022-07-29 20:19:55','2022-07-29 20:19:55',NULL),(9,7479,9,2,NULL,'2022-07-29 20:20:06','2022-07-29 20:20:06',NULL),(10,7479,10,1,NULL,'2022-07-29 20:20:19','2022-07-29 20:20:19',NULL),(11,7479,11,7,NULL,'2022-07-29 22:54:43','2022-07-29 22:54:43',NULL),(12,7479,12,8,NULL,'2022-07-29 22:54:43','2022-07-29 22:54:43',NULL),(13,7479,13,9,NULL,'2022-07-29 22:54:43','2022-07-29 22:54:43',NULL),(14,7479,14,10,NULL,'2022-07-29 22:54:43','2022-07-29 22:54:43',NULL),(15,7479,15,11,NULL,'2022-07-29 22:54:43','2022-07-29 22:54:43',NULL),(16,7479,16,12,NULL,'2022-07-29 22:54:43','2022-07-29 22:55:57','2022-07-29 22:55:57'),(17,7479,17,13,NULL,'2022-07-29 22:54:43','2022-07-29 22:54:43',NULL),(18,7479,18,14,NULL,'2022-07-29 22:54:43','2022-07-29 22:54:43',NULL),(19,7479,19,15,NULL,'2022-07-29 22:54:43','2022-07-29 22:54:43',NULL),(20,7479,20,16,NULL,'2022-07-29 22:54:43','2022-07-29 22:54:43',NULL),(21,7479,21,17,NULL,'2022-07-29 22:54:43','2022-07-29 22:54:43',NULL),(22,7479,22,18,NULL,'2022-07-29 22:54:43','2022-07-29 22:54:43',NULL),(23,7479,23,19,NULL,'2022-07-29 22:54:43','2022-07-29 22:54:43',NULL),(24,7479,24,12,NULL,'2022-07-29 22:55:57','2022-07-29 22:55:57',NULL),(25,7479,25,22,NULL,'2022-07-30 11:23:29','2022-07-30 11:23:29',NULL),(26,7479,26,23,NULL,'2022-07-30 11:23:29','2022-07-30 11:23:29',NULL),(27,7479,27,24,NULL,'2022-07-30 11:23:29','2022-07-30 11:23:29',NULL),(28,7479,28,25,NULL,'2022-07-30 11:23:29','2022-07-30 11:26:42','2022-07-30 11:26:42'),(29,7479,29,26,NULL,'2022-07-30 11:23:29','2022-07-30 11:23:29',NULL),(30,7479,30,27,NULL,'2022-07-30 11:23:29','2022-07-30 11:26:16','2022-07-30 11:26:16'),(31,7479,31,28,NULL,'2022-07-30 11:23:29','2022-07-30 11:23:29',NULL),(32,7479,32,29,NULL,'2022-07-30 11:23:29','2022-07-30 11:23:29',NULL),(33,7479,33,30,NULL,'2022-07-30 11:23:29','2022-07-30 11:23:29',NULL),(34,7479,34,31,NULL,'2022-07-30 11:23:29','2022-07-30 11:23:29',NULL),(35,7479,35,32,NULL,'2022-07-30 11:23:29','2022-07-30 11:23:29',NULL),(36,7479,36,33,NULL,'2022-07-30 11:23:29','2022-07-30 11:23:29',NULL),(37,7479,37,34,NULL,'2022-07-30 11:23:29','2022-07-30 11:23:29',NULL),(38,7479,38,35,NULL,'2022-07-30 11:23:49','2022-07-30 11:23:49',NULL),(39,7479,39,27,NULL,'2022-07-30 11:26:16','2022-07-30 11:26:16',NULL),(40,7479,40,25,NULL,'2022-07-30 11:26:42','2022-07-30 11:26:42',NULL),(41,7479,41,36,NULL,'2022-07-30 12:20:39','2022-07-30 12:20:39',NULL),(42,7479,42,37,NULL,'2022-07-30 12:20:39','2022-07-30 12:20:39',NULL),(43,7479,43,38,NULL,'2022-07-30 12:20:39','2022-07-30 12:20:39',NULL),(44,7479,44,39,NULL,'2022-07-30 12:20:40','2022-07-30 12:20:40',NULL),(45,7479,45,40,NULL,'2022-07-30 12:20:40','2022-07-30 12:20:40',NULL),(46,7479,46,41,NULL,'2022-07-30 12:20:40','2022-07-30 12:20:40',NULL),(47,7479,47,42,NULL,'2022-07-30 12:20:40','2022-07-30 12:20:40',NULL),(48,7479,48,43,NULL,'2022-07-30 12:20:40','2022-07-30 12:20:40',NULL),(49,7479,49,44,NULL,'2022-07-30 12:20:40','2022-07-30 12:20:40',NULL),(50,7479,50,45,NULL,'2022-07-30 12:20:40','2022-07-30 12:20:40',NULL),(51,7479,51,46,NULL,'2022-07-30 12:20:40','2022-07-30 12:20:40',NULL),(52,7479,52,47,NULL,'2022-07-30 12:20:40','2022-07-30 12:20:40',NULL),(53,7479,53,48,NULL,'2022-07-30 12:20:40','2022-07-30 12:20:40',NULL),(54,7479,54,49,NULL,'2022-07-30 12:20:40','2022-07-30 12:20:40',NULL),(55,7479,55,50,NULL,'2022-07-30 12:20:40','2022-07-30 12:20:40',NULL);
INSERT INTO `cta_cte_cliente_pivot_receipt` VALUES (56,7479,56,51,NULL,'2022-07-30 12:20:40','2022-07-30 12:20:40',NULL),(57,7479,57,52,NULL,'2022-07-30 12:20:40','2022-07-30 12:20:40',NULL),(58,7479,58,53,NULL,'2022-07-30 12:31:18','2022-07-30 12:31:18',NULL),(59,7479,59,54,NULL,'2022-07-30 12:31:18','2022-07-30 12:31:18',NULL),(60,7479,60,55,NULL,'2022-07-30 12:31:18','2022-07-30 12:31:18',NULL),(61,7479,61,56,NULL,'2022-07-30 12:31:18','2022-07-30 12:31:18',NULL),(62,7479,62,57,NULL,'2022-07-30 12:31:18','2022-07-30 12:31:18',NULL),(63,7479,63,58,NULL,'2022-07-30 12:31:18','2022-07-30 12:31:18',NULL),(64,7479,64,59,NULL,'2022-07-30 12:31:18','2022-07-30 12:31:18',NULL),(65,7479,65,60,NULL,'2022-07-30 12:31:18','2022-07-30 12:31:18',NULL),(66,7479,66,61,NULL,'2022-07-30 12:31:18','2022-07-30 12:31:18',NULL),(67,7479,67,62,NULL,'2022-07-30 12:31:18','2022-07-30 12:31:18',NULL),(68,7479,68,63,NULL,'2022-07-30 12:31:18','2022-07-30 12:31:18',NULL),(69,7479,69,64,NULL,'2022-07-30 12:31:18','2022-07-30 12:31:18',NULL),(70,7479,70,65,NULL,'2022-07-30 12:31:18','2022-07-30 12:31:18',NULL),(71,7479,71,66,NULL,'2022-07-30 12:31:18','2022-07-30 12:31:18',NULL),(72,7479,72,67,NULL,'2022-07-30 12:31:18','2022-07-30 12:31:18',NULL),(73,7479,73,68,NULL,'2022-07-30 12:31:18','2022-07-30 12:31:18',NULL),(74,7479,74,69,NULL,'2022-07-30 12:31:18','2022-07-30 12:31:18',NULL),(75,7479,75,70,NULL,'2022-07-30 13:09:53','2022-07-30 13:09:53',NULL),(76,7479,76,71,NULL,'2022-07-30 13:09:53','2022-07-30 13:09:53',NULL),(77,7479,77,72,NULL,'2022-07-30 13:09:53','2022-07-30 13:09:53',NULL),(78,7479,78,73,NULL,'2022-07-30 13:09:53','2022-07-30 13:09:53',NULL),(79,7479,79,74,NULL,'2022-07-30 13:09:53','2022-07-30 13:09:53',NULL),(80,7479,80,75,NULL,'2022-07-30 13:09:53','2022-07-30 13:09:53',NULL),(81,7479,81,76,NULL,'2022-07-30 13:09:54','2022-07-30 13:09:54',NULL),(82,7479,82,77,NULL,'2022-07-30 13:09:54','2022-07-30 13:09:54',NULL),(83,7479,83,78,NULL,'2022-07-30 13:09:54','2022-07-30 13:09:54',NULL),(84,7479,84,79,NULL,'2022-07-30 13:09:54','2022-07-30 13:09:54',NULL),(85,7479,85,80,NULL,'2022-07-30 13:09:54','2022-07-30 13:09:54',NULL),(86,7479,86,81,NULL,'2022-07-30 13:09:54','2022-07-30 13:09:54',NULL),(87,7479,87,82,NULL,'2022-07-30 13:09:54','2022-07-30 13:09:54',NULL),(88,7479,88,83,NULL,'2022-07-30 13:30:31','2022-07-30 13:30:31',NULL),(89,7479,89,84,NULL,'2022-07-30 13:30:31','2022-07-30 13:30:31',NULL),(90,7479,90,85,NULL,'2022-07-30 13:30:31','2022-07-30 13:30:31',NULL),(91,7479,91,86,NULL,'2022-07-30 13:30:31','2022-07-30 13:30:31',NULL),(92,7479,92,87,NULL,'2022-07-30 13:30:31','2022-07-30 13:30:31',NULL),(93,7479,93,88,NULL,'2022-07-30 13:30:31','2022-07-30 13:30:31',NULL),(94,7479,94,89,NULL,'2022-07-30 13:30:31','2022-07-30 13:30:31',NULL),(95,7479,95,90,NULL,'2022-07-30 13:30:31','2022-07-30 13:30:31',NULL),(96,7479,96,91,NULL,'2022-07-30 13:30:32','2022-07-30 13:30:32',NULL),(97,7479,97,92,NULL,'2022-07-30 13:30:32','2022-07-30 13:30:32',NULL),(98,7479,98,93,NULL,'2022-07-30 13:30:32','2022-07-30 13:30:32',NULL),(99,7479,99,94,NULL,'2022-07-30 13:30:32','2022-07-30 13:30:32',NULL),(100,7479,100,95,NULL,'2022-07-30 13:30:32','2022-07-30 13:30:32',NULL),(101,7479,101,96,NULL,'2022-07-30 13:30:46','2022-07-30 13:30:46',NULL),(102,7479,102,97,NULL,'2022-07-30 13:35:51','2022-07-30 13:35:51',NULL),(103,7479,103,98,NULL,'2022-07-30 13:35:51','2022-07-30 13:35:51',NULL),(104,7479,104,99,NULL,'2022-07-30 13:35:51','2022-07-30 13:35:51',NULL),(105,7479,105,100,NULL,'2022-07-30 13:35:51','2022-07-30 13:35:51',NULL),(106,7479,106,101,NULL,'2022-07-30 13:35:51','2022-07-30 13:35:51',NULL),(107,7479,107,102,NULL,'2022-07-30 13:35:51','2022-07-30 13:35:51',NULL),(108,7479,108,103,NULL,'2022-07-30 13:35:51','2022-07-30 13:35:51',NULL),(109,7479,109,104,NULL,'2022-07-30 13:35:51','2022-07-30 13:35:51',NULL),(110,7479,110,105,NULL,'2022-07-30 13:35:51','2022-07-30 13:35:51',NULL),(111,7479,111,106,NULL,'2022-07-30 13:35:51','2022-07-30 13:35:51',NULL);
INSERT INTO `cta_cte_cliente_pivot_receipt` VALUES (112,7479,112,107,NULL,'2022-07-30 13:35:51','2022-07-30 13:35:51',NULL),(113,7479,113,108,NULL,'2022-07-30 13:35:51','2022-07-30 13:35:51',NULL),(114,7479,114,109,NULL,'2022-07-30 13:35:51','2022-07-30 13:42:12','2022-07-30 13:42:12'),(115,7479,115,109,NULL,'2022-07-30 13:42:12','2022-07-30 13:42:12',NULL),(116,7479,116,110,NULL,'2022-07-30 13:48:32','2022-07-30 13:48:32',NULL),(117,7479,117,111,NULL,'2022-07-30 13:48:32','2022-07-30 13:48:32',NULL),(118,7479,118,112,NULL,'2022-07-30 13:48:32','2022-07-30 13:48:32',NULL),(119,7479,119,113,NULL,'2022-07-30 13:48:32','2022-07-30 14:03:39','2022-07-30 14:03:39'),(120,7479,120,114,NULL,'2022-07-30 13:48:32','2022-07-30 13:48:32',NULL),(121,7479,121,115,NULL,'2022-07-30 13:48:32','2022-07-30 14:03:18','2022-07-30 14:03:18'),(122,7479,122,116,NULL,'2022-07-30 13:48:32','2022-07-30 13:48:32',NULL),(123,7479,123,117,NULL,'2022-07-30 13:48:32','2022-07-30 13:48:32',NULL),(124,7479,124,118,NULL,'2022-07-30 13:48:32','2022-07-30 13:48:32',NULL),(125,7479,125,119,NULL,'2022-07-30 13:48:32','2022-07-30 13:48:32',NULL),(126,7479,126,120,NULL,'2022-07-30 13:48:32','2022-07-30 13:48:32',NULL),(127,7479,127,121,NULL,'2022-07-30 13:48:32','2022-07-30 13:48:32',NULL),(128,7479,128,122,NULL,'2022-07-30 13:48:32','2022-07-30 13:48:32',NULL),(129,7479,129,115,NULL,'2022-07-30 14:03:18','2022-07-30 14:03:18',NULL),(130,7479,130,113,NULL,'2022-07-30 14:03:39','2022-07-30 14:03:39',NULL),(131,7479,131,123,NULL,'2022-07-30 14:16:39','2022-07-30 14:16:39',NULL),(132,7479,132,124,NULL,'2022-07-30 14:16:39','2022-07-30 14:16:39',NULL),(133,7479,133,125,NULL,'2022-07-30 14:16:39','2022-07-30 14:16:39',NULL),(134,7479,134,126,NULL,'2022-07-30 14:16:39','2022-07-30 14:16:39',NULL),(135,7479,135,127,NULL,'2022-07-30 14:16:39','2022-07-30 14:16:39',NULL),(136,7479,136,128,NULL,'2022-07-30 14:16:39','2022-07-30 14:16:39',NULL),(137,7479,137,129,NULL,'2022-07-30 14:16:39','2022-07-30 14:16:39',NULL),(138,7479,138,130,NULL,'2022-07-30 14:16:39','2022-07-30 14:16:39',NULL),(139,7479,139,131,NULL,'2022-07-30 14:16:39','2022-07-30 14:16:39',NULL),(140,7479,140,132,NULL,'2022-07-30 14:16:39','2022-07-30 14:16:39',NULL),(141,7479,141,133,NULL,'2022-07-30 14:16:39','2022-07-30 14:16:39',NULL),(142,7479,142,134,NULL,'2022-07-30 14:16:39','2022-07-30 14:16:39',NULL),(143,7479,143,135,NULL,'2022-07-30 14:16:39','2022-07-30 14:16:39',NULL),(144,7479,144,136,NULL,'2022-07-30 14:16:39','2022-07-30 14:16:39',NULL),(145,7479,145,137,NULL,'2022-07-30 14:16:39','2022-07-30 14:16:39',NULL),(146,7479,146,138,NULL,'2022-07-30 14:16:39','2022-07-30 14:16:39',NULL),(147,7479,147,139,NULL,'2022-07-30 14:16:39','2022-07-30 14:16:39',NULL),(148,7479,148,140,NULL,'2022-07-30 14:18:56','2022-07-30 14:18:56',NULL),(149,7479,149,141,NULL,'2022-07-30 14:18:56','2022-07-30 14:18:56',NULL),(150,7479,150,142,NULL,'2022-07-30 14:18:56','2022-07-30 14:18:56',NULL),(151,7479,151,143,NULL,'2022-07-30 14:18:56','2022-07-30 14:18:56',NULL),(152,7479,152,144,NULL,'2022-07-30 14:18:56','2022-07-30 14:18:56',NULL),(153,7479,153,145,NULL,'2022-07-30 14:18:56','2022-07-30 14:18:56',NULL),(154,7479,154,146,NULL,'2022-07-30 14:18:56','2022-07-30 14:18:56',NULL),(155,7479,155,147,NULL,'2022-07-30 14:18:56','2022-07-30 14:18:56',NULL),(156,7479,156,148,NULL,'2022-07-30 14:18:56','2022-07-30 14:18:56',NULL),(157,7479,157,149,NULL,'2022-07-30 14:18:56','2022-07-30 14:18:56',NULL),(158,7479,158,150,NULL,'2022-07-30 14:18:56','2022-07-30 14:18:56',NULL),(159,7479,159,151,NULL,'2022-07-30 14:18:56','2022-07-30 14:18:56',NULL),(160,7479,160,152,NULL,'2022-07-30 14:18:57','2022-07-30 14:18:57',NULL),(161,7479,161,153,NULL,'2022-07-30 14:18:57','2022-07-30 14:18:57',NULL),(162,7479,162,154,NULL,'2022-07-30 14:18:57','2022-07-30 14:18:57',NULL),(163,7479,163,155,NULL,'2022-07-30 14:18:57','2022-07-30 14:18:57',NULL),(164,7479,164,156,NULL,'2022-07-30 14:18:57','2022-07-30 14:18:57',NULL);
INSERT INTO `cta_cte_cliente_pivot_receipt` VALUES (165,7479,165,157,NULL,'2022-07-30 14:28:08','2022-07-30 14:28:08',NULL),(166,7479,166,158,NULL,'2022-07-30 14:28:08','2022-07-30 14:28:08',NULL),(167,7479,167,159,NULL,'2022-07-30 14:28:09','2022-07-30 14:28:09',NULL),(168,7479,168,160,NULL,'2022-07-30 14:28:09','2022-07-30 14:28:09',NULL),(169,7479,169,161,NULL,'2022-07-30 14:28:09','2022-07-30 14:28:09',NULL),(170,7479,170,162,NULL,'2022-07-30 14:28:09','2022-07-30 14:28:09',NULL),(171,7479,171,163,NULL,'2022-07-30 14:28:09','2022-07-30 14:28:09',NULL),(172,7479,172,164,NULL,'2022-07-30 14:28:09','2022-07-30 14:28:09',NULL),(173,7479,173,165,NULL,'2022-07-30 14:28:09','2022-07-30 14:28:09',NULL),(174,7479,174,166,NULL,'2022-07-30 14:28:09','2022-07-30 14:28:09',NULL),(175,7479,175,167,NULL,'2022-07-30 14:28:09','2022-07-30 14:28:09',NULL),(176,7479,176,168,NULL,'2022-07-30 14:28:09','2022-07-30 14:28:09',NULL),(177,7479,177,169,NULL,'2022-07-30 14:28:09','2022-07-30 14:28:09',NULL),(178,7479,178,170,NULL,'2022-07-30 14:28:09','2022-07-30 14:28:09',NULL),(179,7479,179,171,NULL,'2022-07-30 14:28:09','2022-07-30 14:28:09',NULL),(180,7479,180,172,NULL,'2022-07-30 14:28:09','2022-07-30 14:28:09',NULL),(181,7479,181,173,NULL,'2022-07-30 14:28:09','2022-07-30 14:28:09',NULL),(182,7479,182,174,NULL,'2022-07-30 15:51:22','2022-07-30 15:51:22',NULL),(183,7479,183,175,NULL,'2022-07-30 15:51:22','2022-07-30 15:53:14','2022-07-30 15:53:14'),(184,7479,184,176,NULL,'2022-07-30 15:51:22','2022-07-30 15:51:22',NULL),(185,7479,185,177,NULL,'2022-07-30 15:51:22','2022-07-30 15:51:22',NULL),(186,7479,186,178,NULL,'2022-07-30 15:51:22','2022-07-30 15:51:22',NULL),(187,7479,187,179,NULL,'2022-07-30 15:51:22','2022-07-30 15:51:22',NULL),(188,7479,188,180,NULL,'2022-07-30 15:51:22','2022-07-30 15:51:22',NULL),(189,7479,189,181,NULL,'2022-07-30 15:51:22','2022-07-30 15:51:22',NULL),(190,7479,190,182,NULL,'2022-07-30 15:51:22','2022-07-30 15:51:22',NULL),(191,7479,191,183,NULL,'2022-07-30 15:51:22','2022-07-30 15:51:22',NULL),(192,7479,192,184,NULL,'2022-07-30 15:51:22','2022-07-30 15:51:22',NULL),(193,7479,193,185,NULL,'2022-07-30 15:51:22','2022-07-30 15:51:22',NULL),(194,7479,194,186,NULL,'2022-07-30 15:51:22','2022-07-30 15:51:22',NULL),(195,7479,195,187,NULL,'2022-07-30 15:51:22','2022-07-30 15:51:22',NULL),(196,7479,196,188,NULL,'2022-07-30 15:51:22','2022-07-30 15:51:22',NULL),(197,7479,197,189,NULL,'2022-07-30 15:51:22','2022-07-30 15:51:22',NULL),(198,7479,198,190,NULL,'2022-07-30 15:51:22','2022-07-30 15:51:22',NULL),(199,7479,199,175,NULL,'2022-07-30 15:53:14','2022-07-30 15:53:14',NULL),(200,7479,200,191,NULL,'2022-07-30 16:00:49','2022-07-30 16:00:49',NULL),(201,7479,201,192,NULL,'2022-07-30 16:00:49','2022-07-30 16:00:49',NULL),(202,7479,202,193,NULL,'2022-07-30 16:00:49','2022-07-30 16:00:49',NULL),(203,7479,203,194,NULL,'2022-07-30 16:00:49','2022-07-30 16:00:49',NULL),(204,7479,204,195,NULL,'2022-07-30 16:00:49','2022-07-30 16:00:49',NULL),(205,7479,205,196,NULL,'2022-07-30 16:00:49','2022-07-30 16:00:49',NULL),(206,7479,206,197,NULL,'2022-07-30 16:00:49','2022-07-30 16:00:49',NULL),(207,7479,207,198,NULL,'2022-07-30 16:00:49','2022-07-30 16:00:49',NULL),(208,7479,208,199,NULL,'2022-07-30 16:00:49','2022-07-30 16:00:49',NULL),(209,7479,209,200,NULL,'2022-07-30 16:00:49','2022-07-30 16:00:49',NULL),(210,7479,210,201,NULL,'2022-07-30 16:00:49','2022-07-30 16:00:49',NULL),(211,7479,211,202,NULL,'2022-07-30 16:00:49','2022-07-30 16:00:49',NULL),(212,7479,212,203,NULL,'2022-07-30 16:00:49','2022-07-30 16:00:49',NULL),(213,7479,213,204,NULL,'2022-07-30 16:00:49','2022-07-30 16:00:49',NULL),(214,7479,214,205,NULL,'2022-07-30 16:00:50','2022-07-30 16:00:50',NULL),(215,7479,215,206,NULL,'2022-07-30 16:00:50','2022-07-30 16:00:50',NULL),(216,7479,216,207,NULL,'2022-07-30 16:00:50','2022-07-30 16:00:50',NULL),(217,7479,217,208,NULL,'2022-07-30 16:09:42','2022-07-30 16:09:42',NULL),(218,7479,218,209,NULL,'2022-07-30 16:09:42','2022-07-30 16:09:42',NULL);
INSERT INTO `cta_cte_cliente_pivot_receipt` VALUES (219,7479,219,210,NULL,'2022-07-30 16:09:42','2022-07-30 16:09:42',NULL),(220,7479,220,211,NULL,'2022-07-30 16:09:42','2022-07-30 16:09:42',NULL),(221,7479,221,212,NULL,'2022-07-30 16:09:42','2022-07-30 16:09:42',NULL),(222,7479,222,213,NULL,'2022-07-30 16:09:42','2022-07-30 16:09:42',NULL),(223,7479,223,214,NULL,'2022-07-30 16:09:42','2022-07-30 16:09:42',NULL),(224,7479,224,215,NULL,'2022-07-30 16:09:42','2022-07-30 16:09:42',NULL),(225,7479,225,216,NULL,'2022-07-30 16:09:42','2022-07-30 16:09:42',NULL),(226,7479,226,217,NULL,'2022-07-30 16:09:42','2022-07-30 16:09:42',NULL),(227,7479,227,218,NULL,'2022-07-30 16:09:42','2022-07-30 16:09:42',NULL),(228,7479,228,219,NULL,'2022-07-30 16:09:42','2022-07-30 16:09:42',NULL),(229,7479,229,220,NULL,'2022-07-30 16:09:42','2022-07-30 16:09:42',NULL),(230,7479,230,221,NULL,'2022-07-30 16:09:42','2022-07-30 16:09:42',NULL),(231,7479,231,222,NULL,'2022-07-30 16:09:43','2022-07-30 16:09:43',NULL),(232,7479,232,223,NULL,'2022-07-30 16:09:43','2022-07-30 16:09:43',NULL),(233,7479,233,224,NULL,'2022-07-30 16:09:43','2022-07-30 16:09:43',NULL),(234,7479,234,225,NULL,'2022-07-30 16:29:21','2022-07-30 16:29:21',NULL),(235,7479,235,226,NULL,'2022-07-30 16:29:21','2022-07-30 16:29:21',NULL),(236,7479,236,227,NULL,'2022-07-30 16:29:21','2022-07-30 16:29:21',NULL),(237,7479,237,228,NULL,'2022-07-30 16:29:21','2022-07-30 16:29:21',NULL),(238,7479,238,229,NULL,'2022-07-30 16:33:51','2022-07-30 16:33:51',NULL),(239,7479,239,230,NULL,'2022-07-30 16:33:51','2022-07-30 16:33:51',NULL),(240,7479,240,231,NULL,'2022-07-30 16:33:51','2022-07-30 16:33:51',NULL),(241,7479,241,232,NULL,'2022-07-30 16:33:51','2022-07-30 16:33:51',NULL),(242,7479,242,233,NULL,'2022-07-30 16:33:51','2022-07-30 16:33:51',NULL),(243,7479,243,234,NULL,'2022-07-30 17:23:53','2022-07-30 17:23:53',NULL),(244,7479,244,235,NULL,'2022-07-30 17:23:53','2022-07-30 17:23:53',NULL),(245,7479,245,236,NULL,'2022-07-30 17:23:53','2022-07-30 17:23:53',NULL),(246,7479,246,237,NULL,'2022-07-30 17:23:53','2022-07-30 17:23:53',NULL),(247,7479,247,238,NULL,'2022-07-30 17:23:53','2022-07-30 17:23:53',NULL),(248,7479,248,239,NULL,'2022-07-30 17:28:26','2022-07-30 17:28:26',NULL),(249,7479,249,240,NULL,'2022-07-30 17:28:26','2022-07-30 17:28:26',NULL),(250,7479,250,241,NULL,'2022-07-30 17:28:26','2022-07-30 17:28:26',NULL),(251,7479,251,242,NULL,'2022-07-30 17:28:26','2022-07-30 17:28:26',NULL),(252,7479,252,243,NULL,'2022-07-30 17:28:26','2022-07-30 17:28:26',NULL),(253,7479,253,244,NULL,'2022-07-30 18:59:21','2022-07-30 18:59:21',NULL),(254,7479,254,245,NULL,'2022-07-30 18:59:21','2022-07-30 18:59:21',NULL),(255,7479,255,246,NULL,'2022-07-30 18:59:21','2022-07-30 18:59:21',NULL),(256,7479,256,247,NULL,'2022-07-30 18:59:21','2022-07-30 18:59:21',NULL),(257,7479,257,248,NULL,'2022-07-30 18:59:21','2022-07-30 18:59:21',NULL),(258,7479,258,249,NULL,'2022-07-30 19:15:16','2022-08-01 18:59:34','2022-08-01 18:59:34'),(259,7479,259,250,NULL,'2022-07-30 19:15:28','2022-07-30 19:15:28',NULL),(260,7479,260,251,NULL,'2022-07-30 19:15:28','2022-07-30 19:15:28',NULL),(261,7479,261,252,NULL,'2022-07-30 19:15:28','2022-07-30 19:15:28',NULL),(262,7479,262,253,NULL,'2022-07-30 19:15:28','2022-07-30 19:15:28',NULL),(263,7479,263,254,NULL,'2022-07-30 19:15:28','2022-07-30 19:15:28',NULL),(264,7479,264,255,NULL,'2022-07-30 19:15:28','2022-07-30 19:15:28',NULL),(265,7479,265,249,NULL,'2022-08-01 18:59:34','2022-08-01 18:59:34',NULL),(266,7479,266,256,NULL,'2022-08-01 19:57:38','2022-08-01 19:57:38',NULL),(267,7479,267,257,NULL,'2022-08-01 20:03:12','2022-08-01 20:03:12',NULL),(268,7479,268,258,NULL,'2022-08-01 20:25:12','2022-08-01 20:25:52','2022-08-01 20:25:52'),(269,7479,269,258,NULL,'2022-08-01 20:25:52','2022-08-01 20:26:48','2022-08-01 20:26:48'),(270,7479,270,258,NULL,'2022-08-01 20:26:48','2022-08-01 20:26:56','2022-08-01 20:26:56'),(271,7479,271,258,NULL,'2022-08-01 20:26:56','2022-08-01 20:27:34','2022-08-01 20:27:34');
INSERT INTO `cta_cte_cliente_pivot_receipt` VALUES (272,7479,272,258,NULL,'2022-08-01 20:27:34','2022-08-01 20:27:34',NULL),(273,7479,273,259,NULL,'2022-08-02 18:31:06','2022-08-02 18:31:06',NULL),(274,7479,274,261,NULL,'2022-08-02 18:46:50','2022-08-02 18:46:50',NULL),(275,7479,275,262,NULL,'2022-08-02 18:56:19','2022-08-02 18:56:19',NULL),(276,7479,276,263,NULL,'2022-08-02 18:56:19','2022-08-02 18:56:19',NULL),(277,7479,277,264,NULL,'2022-08-02 19:01:50','2022-08-02 19:01:50',NULL),(278,7479,278,265,NULL,'2022-08-02 19:01:50','2022-08-02 19:01:50',NULL),(279,7479,279,266,NULL,'2022-08-02 19:01:50','2022-08-02 19:01:50',NULL),(280,7479,280,267,NULL,'2022-08-02 19:01:50','2022-08-02 19:01:50',NULL),(281,7479,281,268,NULL,'2022-08-02 19:01:50','2022-08-02 19:01:50',NULL),(282,7479,282,269,NULL,'2022-08-02 19:01:50','2022-08-02 19:01:50',NULL),(283,7479,283,270,NULL,'2022-08-02 19:01:50','2022-08-02 19:01:50',NULL),(284,7479,284,271,NULL,'2022-08-02 19:01:50','2022-08-02 19:01:50',NULL),(285,7479,285,272,NULL,'2022-08-02 19:01:50','2022-08-02 19:01:50',NULL),(286,7479,286,273,NULL,'2022-08-02 19:01:50','2022-08-02 19:01:50',NULL),(287,7479,287,274,NULL,'2022-08-02 19:01:50','2022-08-02 19:01:50',NULL),(288,7479,288,275,NULL,'2022-08-02 19:01:50','2022-08-02 19:01:50',NULL),(289,7479,289,276,NULL,'2022-08-02 19:01:50','2022-08-02 19:01:50',NULL),(290,7479,290,277,NULL,'2022-08-02 19:01:50','2022-08-02 19:01:50',NULL),(291,7479,291,278,NULL,'2022-08-02 19:01:50','2022-08-02 19:01:50',NULL),(292,7479,292,279,NULL,'2022-08-02 19:01:50','2022-08-02 19:01:50',NULL),(293,7479,293,280,NULL,'2022-08-02 19:01:50','2022-08-02 19:01:50',NULL),(294,7479,294,281,NULL,'2022-08-02 20:20:13','2022-08-02 20:20:13',NULL),(295,7479,295,282,NULL,'2022-08-02 20:20:13','2022-08-02 20:20:13',NULL),(296,7479,296,283,NULL,'2022-08-02 20:20:13','2022-08-02 20:20:13',NULL),(297,7479,297,284,NULL,'2022-08-02 20:20:13','2022-08-02 20:20:13',NULL),(298,7479,298,289,NULL,'2022-08-04 21:54:19','2022-08-04 21:54:19',NULL),(299,7479,299,290,NULL,'2022-08-04 22:01:23','2022-08-04 22:01:23',NULL),(300,7479,300,292,NULL,'2022-08-06 11:10:13','2022-08-06 11:10:13',NULL),(301,7479,301,293,NULL,'2022-08-06 11:26:42','2022-08-06 11:26:42',NULL),(302,7479,302,294,NULL,'2022-08-11 18:14:44','2022-08-11 18:14:44',NULL),(303,7479,303,295,NULL,'2022-08-11 18:14:44','2022-08-11 18:14:44',NULL),(304,7479,304,296,NULL,'2022-08-11 18:14:44','2022-08-11 18:14:44',NULL),(305,7479,305,297,NULL,'2022-08-11 18:14:44','2022-08-11 18:14:44',NULL),(306,7479,306,298,NULL,'2022-08-11 18:14:44','2022-08-11 18:14:44',NULL),(307,7479,307,299,NULL,'2022-08-11 18:14:44','2022-08-11 18:14:44',NULL),(308,7479,308,300,NULL,'2022-08-11 18:14:44','2022-08-11 18:14:44',NULL),(309,7479,309,301,NULL,'2022-08-11 18:14:44','2022-08-11 18:14:44',NULL),(310,7479,310,302,NULL,'2022-08-11 18:14:45','2022-08-11 18:14:45',NULL),(311,7479,311,303,NULL,'2022-08-11 18:14:45','2022-08-11 18:14:45',NULL),(312,7479,312,304,NULL,'2022-08-11 18:14:45','2022-08-11 18:14:45',NULL),(313,7479,313,305,NULL,'2022-08-11 18:14:45','2022-08-11 18:14:45',NULL),(314,7479,314,306,NULL,'2022-08-11 18:14:45','2022-08-11 18:14:45',NULL),(315,7479,315,307,NULL,'2022-08-11 18:14:45','2022-08-11 18:14:45',NULL),(316,7479,316,308,NULL,'2022-08-11 18:14:45','2022-08-11 18:27:44','2022-08-11 18:27:44'),(317,7479,317,309,NULL,'2022-08-11 18:14:45','2022-08-11 18:27:36','2022-08-11 18:27:36'),(318,7479,318,310,NULL,'2022-08-11 18:14:45','2022-08-11 18:27:18','2022-08-11 18:27:18'),(319,7479,319,310,NULL,'2022-08-11 18:27:18','2022-08-11 18:27:18',NULL),(320,7479,320,309,NULL,'2022-08-11 18:27:36','2022-08-11 18:27:36',NULL),(321,7479,321,308,NULL,'2022-08-11 18:27:44','2022-08-11 18:27:44',NULL),(322,7479,322,311,NULL,'2022-08-11 18:29:38','2022-08-11 18:29:38',NULL),(323,7479,323,312,NULL,'2022-08-11 18:29:38','2022-08-11 18:29:38',NULL),(324,7479,324,313,NULL,'2022-08-11 18:29:38','2022-08-11 18:29:38',NULL);
INSERT INTO `cta_cte_cliente_pivot_receipt` VALUES (325,7479,325,314,NULL,'2022-08-11 18:29:38','2022-08-11 18:29:38',NULL),(326,7479,326,315,NULL,'2022-08-11 18:29:38','2022-08-11 18:29:38',NULL),(327,7479,327,316,NULL,'2022-08-11 18:29:38','2022-08-11 18:29:38',NULL),(328,7479,328,317,NULL,'2022-08-11 18:29:38','2022-08-11 18:29:38',NULL),(329,7479,329,318,NULL,'2022-08-11 18:29:38','2022-08-11 18:29:38',NULL),(330,7479,330,319,NULL,'2022-08-11 18:29:38','2022-08-11 18:29:38',NULL),(331,7479,331,320,NULL,'2022-08-11 18:29:38','2022-08-11 18:29:38',NULL),(332,7479,332,321,NULL,'2022-08-11 18:29:38','2022-08-11 18:29:38',NULL),(333,7479,333,322,NULL,'2022-08-11 18:29:38','2022-08-11 18:29:38',NULL),(334,7479,334,323,NULL,'2022-08-11 18:29:38','2022-08-11 18:29:38',NULL),(335,7479,335,324,NULL,'2022-08-11 18:29:38','2022-08-11 18:29:38',NULL),(336,7479,336,325,NULL,'2022-08-11 18:29:38','2022-08-11 18:29:38',NULL),(337,7479,337,326,NULL,'2022-08-11 18:29:39','2022-08-11 18:29:39',NULL),(338,7479,338,327,NULL,'2022-08-11 18:29:39','2022-08-11 18:29:39',NULL),(339,7479,339,328,NULL,'2022-08-11 18:41:57','2022-08-11 18:41:57',NULL),(340,7479,340,329,NULL,'2022-08-11 19:03:30','2022-08-12 18:44:46','2022-08-12 18:44:46'),(341,7479,341,330,NULL,'2022-08-11 19:03:30','2022-08-12 18:44:37','2022-08-12 18:44:37'),(342,7479,342,331,NULL,'2022-08-11 19:03:30','2022-08-12 18:44:29','2022-08-12 18:44:29'),(343,7479,343,332,NULL,'2022-08-11 19:03:30','2022-08-12 18:44:21','2022-08-12 18:44:21'),(344,7479,344,332,NULL,'2022-08-12 18:44:21','2022-08-12 18:44:21',NULL),(345,7479,345,331,NULL,'2022-08-12 18:44:29','2022-08-12 18:44:29',NULL),(346,7479,346,330,NULL,'2022-08-12 18:44:37','2022-08-12 18:44:37',NULL),(347,7479,347,329,NULL,'2022-08-12 18:44:46','2022-08-12 18:44:46',NULL),(348,7479,348,333,NULL,'2022-08-12 18:46:35','2022-08-12 18:46:35',NULL),(349,7479,349,334,NULL,'2022-08-12 18:46:35','2022-08-12 18:46:35',NULL),(350,7479,350,335,NULL,'2022-08-12 18:46:35','2022-08-12 18:46:35',NULL),(351,7479,351,336,NULL,'2022-08-12 18:46:35','2022-08-12 18:46:35',NULL),(352,7479,352,337,NULL,'2022-08-23 18:35:45','2022-08-23 18:36:27','2022-08-23 18:36:27'),(353,7479,353,337,NULL,'2022-08-23 18:36:27','2022-08-23 18:47:09','2022-08-23 18:47:09'),(354,7479,354,337,NULL,'2022-08-23 18:47:09','2022-08-23 18:47:09',NULL),(355,7479,355,338,NULL,'2023-06-29 21:50:05','2023-06-29 21:50:05',NULL),(356,7479,356,339,NULL,'2023-06-29 21:50:05','2023-06-29 21:50:05',NULL),(357,7479,357,340,NULL,'2023-06-29 21:50:05','2023-06-29 21:50:05',NULL),(358,7479,358,341,NULL,'2023-06-29 21:50:05','2023-06-29 21:50:05',NULL),(359,7479,359,342,NULL,'2023-06-29 21:50:05','2023-06-29 21:50:05',NULL),(360,7479,360,343,NULL,'2023-06-29 21:50:05','2023-06-29 21:50:05',NULL),(361,7479,361,344,NULL,'2023-06-29 21:50:05','2023-06-29 21:50:05',NULL),(362,7479,362,345,NULL,'2023-06-29 21:50:06','2023-06-29 22:00:49','2023-06-29 22:00:49'),(363,7479,363,346,NULL,'2023-06-29 21:50:06','2023-06-29 21:50:06',NULL),(364,7479,364,347,NULL,'2023-06-29 21:50:06','2023-06-29 21:50:06',NULL),(365,7479,365,348,NULL,'2023-06-29 21:50:06','2023-06-29 21:50:06',NULL),(366,7479,366,349,NULL,'2023-06-29 21:50:06','2023-06-29 21:50:06',NULL),(367,7479,367,350,NULL,'2023-06-29 21:50:06','2023-06-29 21:50:06',NULL),(368,7479,368,351,NULL,'2023-06-29 21:50:06','2023-06-29 21:50:06',NULL),(369,7479,369,352,NULL,'2023-06-29 21:50:06','2023-06-29 21:50:06',NULL),(370,7479,370,353,NULL,'2023-06-29 21:50:06','2023-06-29 21:50:06',NULL),(371,7479,371,345,NULL,'2023-06-29 22:00:49','2023-06-29 22:00:49',NULL);

--
-- Table structure for table `cta_cte_tesoreria`
--

CREATE TABLE `cta_cte_tesoreria` (
  `id` int(10) unsigned NOT NULL AUTO_INCREMENT,
  `user_id` int(10) unsigned DEFAULT NULL,
  `person_id` int(10) unsigned NOT NULL,
  `cta_cte_cliente_id` int(10) unsigned DEFAULT NULL,
  `nf_cta_cte_id` int(10) unsigned DEFAULT NULL,
  `cta_cte_tesoreria_cuenta_id` int(10) unsigned NOT NULL,
  `period_id` int(10) unsigned NOT NULL,
  `fecha` date DEFAULT NULL,
  `total` decimal(16,2) NOT NULL,
  `moneda_id` int(10) unsigned NOT NULL DEFAULT '1',
  `cotizacion` decimal(9,2) NOT NULL DEFAULT '1.00',
  `comentario` varchar(191) COLLATE utf8mb4_unicode_ci DEFAULT NULL,
  `file` varchar(191) COLLATE utf8mb4_unicode_ci DEFAULT NULL,
  `created_at` timestamp NULL DEFAULT NULL,
  `updated_at` timestamp NULL DEFAULT NULL,
  `deleted_at` timestamp NULL DEFAULT NULL,
  `ticket_id` bigint(20) unsigned DEFAULT NULL,
  PRIMARY KEY (`id`),
  KEY `cta_cte_tesoreria_person_id_foreign` (`person_id`),
  KEY `cta_cte_tesoreria_cta_cte_cliente_id_foreign` (`cta_cte_cliente_id`),
  KEY `cta_cte_tesoreria_cta_cte_tesoreria_cuenta_id_foreign` (`cta_cte_tesoreria_cuenta_id`),
  KEY `cta_cte_tesoreria_period_id_foreign` (`period_id`),
  KEY `cta_cte_tesoreria_nf_cta_cte_id_foreign` (`nf_cta_cte_id`),
  KEY `cta_cte_tesoreria_moneda_id_foreign` (`moneda_id`),
  KEY `cta_cte_tesoreria_ticket_id_foreign` (`ticket_id`),
  CONSTRAINT `cta_cte_tesoreria_cta_cte_cliente_id_foreign` FOREIGN KEY (`cta_cte_cliente_id`) REFERENCES `cta_cte_cliente` (`id`),
  CONSTRAINT `cta_cte_tesoreria_cta_cte_tesoreria_cuenta_id_foreign` FOREIGN KEY (`cta_cte_tesoreria_cuenta_id`) REFERENCES `cta_cte_tesoreria_cuentas` (`id`),
  CONSTRAINT `cta_cte_tesoreria_moneda_id_foreign` FOREIGN KEY (`moneda_id`) REFERENCES `monedas` (`id`),
  CONSTRAINT `cta_cte_tesoreria_nf_cta_cte_id_foreign` FOREIGN KEY (`nf_cta_cte_id`) REFERENCES `nf_cta_cte` (`id`),
  CONSTRAINT `cta_cte_tesoreria_period_id_foreign` FOREIGN KEY (`period_id`) REFERENCES `periods` (`id`),
  CONSTRAINT `cta_cte_tesoreria_person_id_foreign` FOREIGN KEY (`person_id`) REFERENCES `persons` (`id`),
  CONSTRAINT `cta_cte_tesoreria_ticket_id_foreign` FOREIGN KEY (`ticket_id`) REFERENCES `tickets` (`id`)
) ENGINE=InnoDB DEFAULT CHARSET=utf8mb4 COLLATE=utf8mb4_unicode_ci;

--
-- Dumping data for table `cta_cte_tesoreria`
--


--
-- Table structure for table `cta_cte_tesoreria_banco_cheq`
--

CREATE TABLE `cta_cte_tesoreria_banco_cheq` (
  `id` int(10) unsigned NOT NULL AUTO_INCREMENT,
  `user_id` int(10) unsigned DEFAULT NULL,
  `person_id` int(10) unsigned NOT NULL,
  `cta_cte_tesoreria_cuenta_id` int(10) unsigned NOT NULL,
  `cta_cte_tesoreria_banco_id` int(10) unsigned NOT NULL,
  `chequera_tipo_id` int(10) unsigned NOT NULL,
  `serie` text COLLATE utf8mb4_unicode_ci,
  `numero_cheque` int(11) DEFAULT NULL,
  `habilitado` tinyint(1) NOT NULL DEFAULT '1',
  `created_at` timestamp NULL DEFAULT NULL,
  `updated_at` timestamp NULL DEFAULT NULL,
  `deleted_at` timestamp NULL DEFAULT NULL,
  PRIMARY KEY (`id`),
  KEY `cta_cte_tesoreria_banco_cheq_person_id_foreign` (`person_id`),
  KEY `cta_cte_tesoreria_banco_cheq_cta_cte_tesoreria_cuenta_id_foreign` (`cta_cte_tesoreria_cuenta_id`),
  KEY `cta_cte_tesoreria_banco_cheq_cta_cte_tesoreria_banco_id_foreign` (`cta_cte_tesoreria_banco_id`),
  KEY `cta_cte_tesoreria_banco_cheq_chequera_tipo_id_foreign` (`chequera_tipo_id`),
  CONSTRAINT `cta_cte_tesoreria_banco_cheq_chequera_tipo_id_foreign` FOREIGN KEY (`chequera_tipo_id`) REFERENCES `chequeras_tipos` (`id`),
  CONSTRAINT `cta_cte_tesoreria_banco_cheq_cta_cte_tesoreria_banco_id_foreign` FOREIGN KEY (`cta_cte_tesoreria_banco_id`) REFERENCES `cta_cte_tesoreria_bancos` (`id`),
  CONSTRAINT `cta_cte_tesoreria_banco_cheq_cta_cte_tesoreria_cuenta_id_foreign` FOREIGN KEY (`cta_cte_tesoreria_cuenta_id`) REFERENCES `cta_cte_tesoreria_cuentas` (`id`),
  CONSTRAINT `cta_cte_tesoreria_banco_cheq_person_id_foreign` FOREIGN KEY (`person_id`) REFERENCES `persons` (`id`)
) ENGINE=InnoDB DEFAULT CHARSET=utf8mb4 COLLATE=utf8mb4_unicode_ci;

--
-- Dumping data for table `cta_cte_tesoreria_banco_cheq`
--


--
-- Table structure for table `cta_cte_tesoreria_banco_claves`
--

CREATE TABLE `cta_cte_tesoreria_banco_claves` (
  `id` int(10) unsigned NOT NULL AUTO_INCREMENT,
  `user_id` int(10) unsigned DEFAULT NULL,
  `person_id` int(10) unsigned NOT NULL,
  `cta_cte_tesoreria_cuenta_id` int(10) unsigned NOT NULL,
  `cta_cte_tesoreria_banco_id` int(10) unsigned NOT NULL,
  `descripcion` longtext COLLATE utf8mb4_unicode_ci,
  `created_at` timestamp NULL DEFAULT NULL,
  `updated_at` timestamp NULL DEFAULT NULL,
  `deleted_at` timestamp NULL DEFAULT NULL,
  PRIMARY KEY (`id`),
  KEY `cta_cte_tesoreria_banco_claves_person_id_foreign` (`person_id`),
  KEY `ct_cuenta_id` (`cta_cte_tesoreria_cuenta_id`),
  KEY `ct_banco_id` (`cta_cte_tesoreria_banco_id`),
  CONSTRAINT `ct_banco_id` FOREIGN KEY (`cta_cte_tesoreria_banco_id`) REFERENCES `cta_cte_tesoreria_bancos` (`id`),
  CONSTRAINT `ct_cuenta_id` FOREIGN KEY (`cta_cte_tesoreria_cuenta_id`) REFERENCES `cta_cte_tesoreria_cuentas` (`id`),
  CONSTRAINT `cta_cte_tesoreria_banco_claves_person_id_foreign` FOREIGN KEY (`person_id`) REFERENCES `persons` (`id`)
) ENGINE=InnoDB DEFAULT CHARSET=utf8mb4 COLLATE=utf8mb4_unicode_ci;

--
-- Dumping data for table `cta_cte_tesoreria_banco_claves`
--


--
-- Table structure for table `cta_cte_tesoreria_bancos`
--

CREATE TABLE `cta_cte_tesoreria_bancos` (
  `id` int(10) unsigned NOT NULL AUTO_INCREMENT,
  `user_id` int(10) unsigned DEFAULT NULL,
  `person_id` int(10) unsigned NOT NULL,
  `cta_cte_tesoreria_cuenta_id` int(10) unsigned NOT NULL,
  `ctacte_banco_id` int(10) unsigned NOT NULL,
  `persona_empresa` int(11) NOT NULL DEFAULT '1',
  `zone_id` int(10) unsigned NOT NULL,
  `cuenta_contable_id` int(10) unsigned NOT NULL,
  `cuenta_contable_id_diferido` int(10) unsigned DEFAULT NULL,
  `cuenta_contable_id_pend_acred` int(10) unsigned DEFAULT NULL,
  `numero_cuenta` text COLLATE utf8mb4_unicode_ci,
  `cbu` text COLLATE utf8mb4_unicode_ci,
  `alias` text COLLATE utf8mb4_unicode_ci,
  `habilitado` tinyint(1) NOT NULL DEFAULT '1',
  `created_at` timestamp NULL DEFAULT NULL,
  `updated_at` timestamp NULL DEFAULT NULL,
  `deleted_at` timestamp NULL DEFAULT NULL,
  PRIMARY KEY (`id`),
  KEY `cta_cte_tesoreria_bancos_person_id_foreign` (`person_id`),
  KEY `cta_cte_tesoreria_bancos_cta_cte_tesoreria_cuenta_id_foreign` (`cta_cte_tesoreria_cuenta_id`),
  KEY `cta_cte_tesoreria_bancos_ctacte_banco_id_foreign` (`ctacte_banco_id`),
  KEY `cta_cte_tesoreria_bancos_zone_id_foreign` (`zone_id`),
  KEY `cta_cte_tesoreria_bancos_cuenta_contable_id_foreign` (`cuenta_contable_id`),
  KEY `cta_cte_tesoreria_bancos_cuenta_contable_id_diferido_foreign` (`cuenta_contable_id_diferido`),
  KEY `cta_cte_tesoreria_bancos_cuenta_contable_id_pend_acred_foreign` (`cuenta_contable_id_pend_acred`),
  CONSTRAINT `cta_cte_tesoreria_bancos_cta_cte_tesoreria_cuenta_id_foreign` FOREIGN KEY (`cta_cte_tesoreria_cuenta_id`) REFERENCES `cta_cte_tesoreria_cuentas` (`id`),
  CONSTRAINT `cta_cte_tesoreria_bancos_ctacte_banco_id_foreign` FOREIGN KEY (`ctacte_banco_id`) REFERENCES `ctacte_bancos` (`id`),
  CONSTRAINT `cta_cte_tesoreria_bancos_cuenta_contable_id_diferido_foreign` FOREIGN KEY (`cuenta_contable_id_diferido`) REFERENCES `conta_plan_cuenta` (`id`),
  CONSTRAINT `cta_cte_tesoreria_bancos_cuenta_contable_id_foreign` FOREIGN KEY (`cuenta_contable_id`) REFERENCES `conta_plan_cuenta` (`id`),
  CONSTRAINT `cta_cte_tesoreria_bancos_cuenta_contable_id_pend_acred_foreign` FOREIGN KEY (`cuenta_contable_id_pend_acred`) REFERENCES `conta_plan_cuenta` (`id`),
  CONSTRAINT `cta_cte_tesoreria_bancos_person_id_foreign` FOREIGN KEY (`person_id`) REFERENCES `persons` (`id`),
  CONSTRAINT `cta_cte_tesoreria_bancos_zone_id_foreign` FOREIGN KEY (`zone_id`) REFERENCES `zones` (`id`)
) ENGINE=InnoDB DEFAULT CHARSET=utf8mb4 COLLATE=utf8mb4_unicode_ci;

--
