-- Table structure for table `cta_cte_tesoreria_detail`
--

CREATE TABLE `cta_cte_tesoreria_detail` (
  `id` int(10) unsigned NOT NULL AUTO_INCREMENT,
  `user_id` int(10) unsigned DEFAULT NULL,
  `cta_cte_tesoreria_id` int(10) unsigned NOT NULL,
  `cta_cte_tesoreria_cuenta_id` int(10) unsigned NOT NULL,
  `person_id` int(10) unsigned DEFAULT NULL,
  `period_id` int(10) unsigned DEFAULT NULL,
  `saldo_id` int(10) unsigned NOT NULL,
  `monto` decimal(16,2) NOT NULL,
  `is_conciliado` tinyint(1) NOT NULL DEFAULT '0',
  `fecha` date DEFAULT NULL,
  `created_at` timestamp NULL DEFAULT NULL,
  `updated_at` timestamp NULL DEFAULT NULL,
  `deleted_at` timestamp NULL DEFAULT NULL,
  PRIMARY KEY (`id`),
  KEY `cta_cte_tesoreria_detail_cta_cte_tesoreria_id_foreign` (`cta_cte_tesoreria_id`),
  KEY `cta_cte_tesoreria_detail_cta_cte_tesoreria_cuenta_id_foreign` (`cta_cte_tesoreria_cuenta_id`),
  KEY `cta_cte_tesoreria_detail_person_id_foreign` (`person_id`),
  KEY `cta_cte_tesoreria_detail_period_id_foreign` (`period_id`),
  KEY `cta_cte_tesoreria_detail_saldo_id_foreign` (`saldo_id`),
  CONSTRAINT `cta_cte_tesoreria_detail_cta_cte_tesoreria_cuenta_id_foreign` FOREIGN KEY (`cta_cte_tesoreria_cuenta_id`) REFERENCES `cta_cte_tesoreria_cuentas` (`id`),
  CONSTRAINT `cta_cte_tesoreria_detail_cta_cte_tesoreria_id_foreign` FOREIGN KEY (`cta_cte_tesoreria_id`) REFERENCES `cta_cte_tesoreria` (`id`),
  CONSTRAINT `cta_cte_tesoreria_detail_period_id_foreign` FOREIGN KEY (`period_id`) REFERENCES `periods` (`id`),
  CONSTRAINT `cta_cte_tesoreria_detail_person_id_foreign` FOREIGN KEY (`person_id`) REFERENCES `persons` (`id`),
  CONSTRAINT `cta_cte_tesoreria_detail_saldo_id_foreign` FOREIGN KEY (`saldo_id`) REFERENCES `conta_tipo_saldos` (`id`)
) ENGINE=InnoDB DEFAULT CHARSET=utf8mb4 COLLATE=utf8mb4_unicode_ci;

--
-- Dumping data for table `cta_cte_tesoreria_detail`
--


--
-- Table structure for table `ctacte_bancos`
--

CREATE TABLE `ctacte_bancos` (
  `id` int(10) unsigned NOT NULL AUTO_INCREMENT,
  `user_id` int(10) unsigned DEFAULT NULL,
  `nombre` varchar(255) COLLATE utf8mb4_unicode_ci DEFAULT NULL,
  `codigoBCRA` int(11) DEFAULT NULL,
  `cuit` varchar(191) COLLATE utf8mb4_unicode_ci DEFAULT NULL,
  `created_at` timestamp NULL DEFAULT NULL,
  `updated_at` timestamp NULL DEFAULT NULL,
  `deleted_at` timestamp NULL DEFAULT NULL,
  PRIMARY KEY (`id`)
) ENGINE=InnoDB AUTO_INCREMENT=82 DEFAULT CHARSET=utf8mb4 COLLATE=utf8mb4_unicode_ci;

--
-- Dumping data for table `ctacte_bancos`
--

INSERT INTO `ctacte_bancos` VALUES (1,NULL,'BANCO DE GALICIA Y BUENOS AIRES S.A.',7,'30-50000173-5',NULL,NULL,NULL),(2,NULL,'BANCO DE LA NACION ARGENTINA',11,'30-50001091-2',NULL,NULL,NULL),(3,NULL,'BANCO DE LA PROVINCIA DE BUENOS AIRES',14,'33-99924210-9',NULL,NULL,NULL),(4,NULL,'INDUSTRIAL AND COMMERCIAL BANK OF CHINA',15,'30-70944784-6',NULL,NULL,NULL),(5,NULL,'CITIBANK N.A.',16,'30-50000562-5',NULL,NULL,NULL),(6,NULL,'BBVA BANCO FRANCES S.A.',17,'30-50000319-3',NULL,NULL,NULL),(7,NULL,'THE BANK OF TOKYO-MITSUBISHI UFJ, LTD.',18,'30-50001183-8',NULL,NULL,NULL),(8,NULL,'BANCO DE LA PROVINCIA DE CORDOBA S.A.',20,'30-99922856-5',NULL,NULL,NULL),(9,NULL,'BANCO SUPERVIELLE S.A.',27,'33-50000517-9',NULL,NULL,NULL),(10,NULL,'BANCO DE LA CIUDAD DE BUENOS AIRES',29,'30-99903208-3',NULL,NULL,NULL),(11,NULL,'BANCO PATAGONIA S.A.',34,'30-50000661-3',NULL,NULL,NULL),(12,NULL,'BANCO HIPOTECARIO S.A.',44,'30-50001107-2',NULL,NULL,NULL),(13,NULL,'BANCO DE SAN JUAN S.A.',45,'30-50000944-2',NULL,NULL,NULL),(14,NULL,'BANCO DEL TUCUMAN S.A.',60,'30-51794820-5',NULL,NULL,NULL),(15,NULL,'BANCO MUNICIPAL DE ROSARIO',65,'33-99918181-9',NULL,NULL,NULL),(16,NULL,'BANCO SANTANDER RIO S.A.',72,'30-50000845-4',NULL,NULL,NULL),(17,NULL,'BANCO DEL CHUBUT S.A.',83,'30-50001299-0',NULL,NULL,NULL),(18,NULL,'BANCO DE SANTA CRUZ S.A.',86,'30-50009880-1',NULL,NULL,NULL),(19,NULL,'BANCO DE LA PAMPA SOCIEDAD DE ECONOMÍA M',93,'30-50001251-6',NULL,NULL,NULL),(20,NULL,'BANCO DE CORRIENTES S.A.',94,'30-50001060-2',NULL,NULL,NULL),(21,NULL,'BANCO PROVINCIA DEL NEUQUÉN SOCIEDAD ANÓ',97,'30-50001404-7',NULL,NULL,NULL),(22,NULL,'BANCO INTERFINANZAS S.A.',147,'30-52271441-7',NULL,NULL,NULL),(23,NULL,'HSBC BANK ARGENTINA S.A.',150,'33-53718600-9',NULL,NULL,NULL),(24,NULL,'JPMORGAN CHASE BANK, NATIONAL ASSOCIATIO',165,'30-58313794-3',NULL,NULL,NULL),(25,NULL,'BANCO CREDICOOP COOPERATIVO LIMITADO',191,'30-57142135-2',NULL,NULL,NULL),(26,NULL,'BANCO DE VALORES S.A.',198,'30-57612427-5',NULL,NULL,NULL),(27,NULL,'BANCO ROELA S.A.',247,'30-53561044-0',NULL,NULL,NULL),(28,NULL,'BANCO MARIVA S.A.',254,'30-51642044-4',NULL,NULL,NULL),(29,NULL,'BANCO ITAU ARGENTINA S.A.',259,'30-58018941-1',NULL,NULL,NULL),(30,NULL,'BANK OF AMERICA, NATIONAL ASSOCIATION',262,'30-50005055-8',NULL,NULL,NULL),(31,NULL,'BNP PARIBAS',266,'30-58472756-6',NULL,NULL,NULL),(32,NULL,'BANCO PROVINCIA DE TIERRA DEL FUEGO',268,'30-57565578-1',NULL,NULL,NULL),(33,NULL,'BANCO DE LA REPUBLICA ORIENTAL DEL URUGU',269,'30-58833784-3',NULL,NULL,NULL),(34,NULL,'BANCO SAENZ S.A.',277,'30-53467243-4',NULL,NULL,NULL),(35,NULL,'BANCO MERIDIAN S.A.',281,'30-53448749-1',NULL,NULL,NULL),(36,NULL,'BANCO MACRO S.A.',285,'30-50001008-4',NULL,NULL,NULL),(37,NULL,'BANCO COMAFI SOCIEDAD ANONIMA',299,'30-60473101-8',NULL,NULL,NULL),(38,NULL,'BANCO DE INVERSION Y COMERCIO EXTERIOR S',300,'30-65112908-3',NULL,NULL,NULL),(39,NULL,'BANCO PIANO S.A.',301,'30-56915176-3',NULL,NULL,NULL),(40,NULL,'BANCO JULIO SOCIEDAD ANONIMA',305,'30-65744121-6',NULL,NULL,NULL),(41,NULL,'BANCO RIOJA SOCIEDAD ANONIMA UNIPERSONAL',309,'30-67185933-9',NULL,NULL,NULL),(42,NULL,'BANCO DEL SOL S.A.',310,'30-67793756-0',NULL,NULL,NULL),(43,NULL,'NUEVO BANCO DEL CHACO S. A.',311,'30-67015779-9',NULL,NULL,NULL),(44,NULL,'BANCO VOII S.A.',312,'30-54674163-6',NULL,NULL,NULL),(45,NULL,'BANCO DE FORMOSA S.A.',315,'30-67137590-0',NULL,NULL,NULL),(46,NULL,'BANCO CMF S.A.',319,'30-57661429-9',NULL,NULL,NULL),(47,NULL,'BANCO DE SANTIAGO DEL ESTERO S.A.',321,'33-68666464-9',NULL,NULL,NULL),(48,NULL,'BANCO INDUSTRIAL S.A.',322,'30-68502995-9',NULL,NULL,NULL),(49,NULL,'NUEVO BANCO DE SANTA FE SOCIEDAD ANONIMA',330,'30-69243266-1',NULL,NULL,NULL),(50,NULL,'BANCO CETELEM ARGENTINA S.A.',331,'30-69730636-2',NULL,NULL,NULL),(51,NULL,'BANCO DE SERVICIOS FINANCIEROS S.A.',332,'30-69726589-5',NULL,NULL,NULL),(52,NULL,'BANCO BRADESCO ARGENTINA S.A.U.',336,'30-70125555-7',NULL,NULL,NULL),(53,NULL,'BANCO DE SERVICIOS Y TRANSACCIONES S.A.',338,'30-70496099-5',NULL,NULL,NULL);
INSERT INTO `ctacte_bancos` VALUES (54,NULL,'RCI BANQUE S.A.',339,'30-70710834-3',NULL,NULL,NULL),(55,NULL,'BACS BANCO DE CREDITO Y SECURITIZACION S',340,'30-70722741-5',NULL,NULL,NULL),(56,NULL,'BANCO MASVENTAS S.A.',341,'30-54061826-3',NULL,NULL,NULL),(57,NULL,'BANCO WANAP S.A.',384,'30-71565463-2',NULL,NULL,NULL),(58,NULL,'NUEVO BANCO DE ENTRE RÍOS S.A.',386,'33-70799551-9',NULL,NULL,NULL),(59,NULL,'BANCO COLUMBIA S.A.',389,'30-51763749-8',NULL,NULL,NULL),(60,NULL,'BANCO BICA S.A.',426,'30-71233123-9',NULL,NULL,NULL),(61,NULL,'BANCO COINAG S.A.',431,'30-71419596-0',NULL,NULL,NULL),(62,NULL,'BANCO DE COMERCIO S.A.',432,'30-54203363-7',NULL,NULL,NULL),(63,NULL,'FORD CREDIT COMPAÑIA FINANCIERA S.A.',44059,'30-51654454-2',NULL,NULL,NULL),(64,NULL,'COMPAÑIA FINANCIERA ARGENTINA S.A.',44077,'30-53800640-4',NULL,NULL,NULL),(65,NULL,'VOLKWAGEN FINANCIAL SERVICES CIA.FIN.S.A',44088,'30-68241957-8',NULL,NULL,NULL),(66,NULL,'CORDIAL COMPAÑÍA FINANCIERA S.A.',44090,'30-70181085-2',NULL,NULL,NULL),(67,NULL,'FCA COMPAÑIA FINANCIERA S.A.',44092,'30-69230488-4',NULL,NULL,NULL),(68,NULL,'GPAT COMPAÑIA FINANCIERA S.A.',44093,'30-67856482-2',NULL,NULL,NULL),(69,NULL,'MERCEDES-BENZ COMPAÑÍA FINANCIERA ARGENT',44094,'30-70700229-4',NULL,NULL,NULL),(70,NULL,'ROMBO COMPAÑÍA FINANCIERA S.A.',44095,'33-70712490-9',NULL,NULL,NULL),(71,NULL,'JOHN DEERE CREDIT COMPAÑÍA FINANCIERA S.',44096,'30-70702485-9',NULL,NULL,NULL),(72,NULL,'PSA FINANCE ARGENTINA COMPAÑÍA FINANCIER',44098,'30-70784736-7',NULL,NULL,NULL),(73,NULL,'TOYOTA COMPAÑÍA FINANCIERA DE ARGENTINA',44099,'30-70900042-6',NULL,NULL,NULL),(74,NULL,'FINANDINO COMPAÑIA FINANCIERA S.A.',44100,'30-71259240-7',NULL,NULL,NULL),(75,NULL,'MONTEMAR COMPAÑIA FINANCIERA S.A.',45056,'30-58138551-6',NULL,NULL,NULL),(76,NULL,'MULTIFINANZAS COMPAÑIA FINANCIERA S.A.',45072,'30-62828435-7',NULL,NULL,NULL),(77,NULL,'CAJA DE CREDITO \"CUENCA\" COOPERATIVA LIM',65203,'30-71622694-4',NULL,NULL,NULL),(78,NULL,'MERCADO PAGO',NULL,NULL,NULL,NULL,NULL),(79,NULL,'UALA',NULL,NULL,NULL,NULL,NULL),(80,NULL,'ICBC',NULL,NULL,NULL,NULL,NULL),(81,NULL,'BMA SAU',NULL,NULL,NULL,NULL,NULL);

--
-- Table structure for table `ctacte_bancos_datos`
--

CREATE TABLE `ctacte_bancos_datos` (
  `id` int(10) unsigned NOT NULL AUTO_INCREMENT,
  `cuenta_conta_id` int(10) unsigned DEFAULT NULL,
  `nombre` varchar(255) COLLATE utf8mb4_unicode_ci DEFAULT NULL,
  `cuit` varchar(255) COLLATE utf8mb4_unicode_ci DEFAULT NULL,
  `titular` varchar(255) COLLATE utf8mb4_unicode_ci DEFAULT NULL,
  `cuenta` varchar(255) COLLATE utf8mb4_unicode_ci DEFAULT NULL,
  `num_cuenta` varchar(255) COLLATE utf8mb4_unicode_ci DEFAULT NULL,
  `cbu` varchar(255) COLLATE utf8mb4_unicode_ci DEFAULT NULL,
  `alias` varchar(255) COLLATE utf8mb4_unicode_ci DEFAULT NULL,
  `status` int(11) NOT NULL DEFAULT '1',
  `created_at` timestamp NULL DEFAULT NULL,
  `updated_at` timestamp NULL DEFAULT NULL,
  PRIMARY KEY (`id`),
  KEY `ctacte_bancos_datos_cuenta_conta_id_foreign` (`cuenta_conta_id`),
  CONSTRAINT `ctacte_bancos_datos_cuenta_conta_id_foreign` FOREIGN KEY (`cuenta_conta_id`) REFERENCES `conta_plan_cuenta` (`id`)
) ENGINE=InnoDB DEFAULT CHARSET=utf8mb4 COLLATE=utf8mb4_unicode_ci;

--
-- Dumping data for table `ctacte_bancos_datos`
--


--
-- Table structure for table `ctacte_cheques`
--

CREATE TABLE `ctacte_cheques` (
  `id` int(10) unsigned NOT NULL AUTO_INCREMENT,
  `user_id` int(10) unsigned DEFAULT NULL,
  `asiento_id` varchar(191) COLLATE utf8mb4_unicode_ci DEFAULT NULL,
  `cuenta_conta_id` int(10) unsigned DEFAULT NULL,
  `cta_cte_tesoreria_cuenta_id` int(10) unsigned DEFAULT NULL,
  `cta_cte_tesoreria_id` int(10) unsigned DEFAULT NULL,
  `cta_cte_tesoreria_detail_id` int(10) unsigned DEFAULT NULL,
  `cta_cte_cliente_id` int(10) unsigned DEFAULT NULL,
  `cta_cte_cliente_id2` int(10) unsigned DEFAULT NULL,
  `cta_cte_cliente_detail_id` int(10) unsigned DEFAULT NULL,
  `nf_cta_cte_id2` int(10) unsigned DEFAULT NULL,
  `nf_cta_cte_id` int(10) unsigned DEFAULT NULL,
  `monto` decimal(16,2) DEFAULT NULL,
  `cheque3ros` tinyint(1) NOT NULL DEFAULT '0',
  `cheque_emitidos` tinyint(1) NOT NULL DEFAULT '0',
  `fecha` date DEFAULT NULL,
  `fecha_cobro` date DEFAULT NULL,
  `banco_id` int(10) unsigned NOT NULL,
  `person_id` int(10) unsigned DEFAULT NULL,
  `cuit` text COLLATE utf8mb4_unicode_ci,
  `titular` varchar(255) COLLATE utf8mb4_unicode_ci DEFAULT NULL,
  `abierto_cruzado` int(11) NOT NULL DEFAULT '1',
  `is_no_a_la_orden` tinyint(1) NOT NULL DEFAULT '0',
  `numero` int(10) unsigned DEFAULT NULL,
  `foto` varchar(255) COLLATE utf8mb4_unicode_ci DEFAULT NULL,
  `comentario` varchar(255) COLLATE utf8mb4_unicode_ci DEFAULT NULL,
  `status` int(11) NOT NULL DEFAULT '1',
  `created_at` timestamp NULL DEFAULT NULL,
  `updated_at` timestamp NULL DEFAULT NULL,
  `deleted_at` timestamp NULL DEFAULT NULL,
  PRIMARY KEY (`id`),
  KEY `ctacte_cheques_asiento_id_foreign` (`asiento_id`),
  KEY `ctacte_cheques_cuenta_conta_id_foreign` (`cuenta_conta_id`),
  KEY `ctacte_cheques_banco_id_foreign` (`banco_id`),
  KEY `ctacte_cheques_person_id_foreign` (`person_id`),
  KEY `ctacte_cheques_cta_cte_cliente_id2_foreign` (`cta_cte_cliente_id2`),
  KEY `ctacte_cheques_cta_cte_cliente_id_foreign` (`cta_cte_cliente_id`),
  KEY `cta_cte_tesorer_id` (`cta_cte_tesoreria_id`),
  KEY `ctacte_cheques_nf_cta_cte_id_foreign` (`nf_cta_cte_id`),
  KEY `ctacte_cheques_nf_cta_cte_id2_foreign` (`nf_cta_cte_id2`),
  KEY `ctacte_cheques_cta_cte_tesoreria_cuenta_id_foreign` (`cta_cte_tesoreria_cuenta_id`),
  KEY `ctacte_cheques_cta_cte_cliente_detail_id_foreign` (`cta_cte_cliente_detail_id`),
  KEY `ctacte_cheques_cta_cte_tesoreria_detail_id_foreign` (`cta_cte_tesoreria_detail_id`),
  CONSTRAINT `cta_cte_tesorer_id` FOREIGN KEY (`cta_cte_tesoreria_id`) REFERENCES `cta_cte_tesoreria` (`id`),
  CONSTRAINT `ctacte_cheques_banco_id_foreign` FOREIGN KEY (`banco_id`) REFERENCES `ctacte_bancos` (`id`),
  CONSTRAINT `ctacte_cheques_cta_cte_cliente_detail_id_foreign` FOREIGN KEY (`cta_cte_cliente_detail_id`) REFERENCES `cta_cte_cliente_details` (`id`),
  CONSTRAINT `ctacte_cheques_cta_cte_cliente_id2_foreign` FOREIGN KEY (`cta_cte_cliente_id2`) REFERENCES `cta_cte_cliente` (`id`),
  CONSTRAINT `ctacte_cheques_cta_cte_cliente_id_foreign` FOREIGN KEY (`cta_cte_cliente_id`) REFERENCES `cta_cte_cliente` (`id`),
  CONSTRAINT `ctacte_cheques_cta_cte_tesoreria_cuenta_id_foreign` FOREIGN KEY (`cta_cte_tesoreria_cuenta_id`) REFERENCES `cta_cte_tesoreria_cuentas` (`id`),
  CONSTRAINT `ctacte_cheques_cta_cte_tesoreria_detail_id_foreign` FOREIGN KEY (`cta_cte_tesoreria_detail_id`) REFERENCES `cta_cte_tesoreria_detail` (`id`),
  CONSTRAINT `ctacte_cheques_cuenta_conta_id_foreign` FOREIGN KEY (`cuenta_conta_id`) REFERENCES `conta_plan_cuenta` (`id`),
  CONSTRAINT `ctacte_cheques_nf_cta_cte_id2_foreign` FOREIGN KEY (`nf_cta_cte_id2`) REFERENCES `nf_cta_cte` (`id`),
  CONSTRAINT `ctacte_cheques_nf_cta_cte_id_foreign` FOREIGN KEY (`nf_cta_cte_id`) REFERENCES `nf_cta_cte` (`id`),
  CONSTRAINT `ctacte_cheques_person_id_foreign` FOREIGN KEY (`person_id`) REFERENCES `persons` (`id`)
) ENGINE=InnoDB DEFAULT CHARSET=utf8mb4 COLLATE=utf8mb4_unicode_ci;

--
-- Dumping data for table `ctacte_cheques`
--


--
-- Table structure for table `ctactegastos_centrocosto`
--

CREATE TABLE `ctactegastos_centrocosto` (
  `id` int(10) unsigned NOT NULL AUTO_INCREMENT,
  `user_id` int(10) unsigned DEFAULT NULL,
  `nombre` varchar(255) COLLATE utf8mb4_unicode_ci NOT NULL,
  `created_at` timestamp NULL DEFAULT NULL,
  `updated_at` timestamp NULL DEFAULT NULL,
  `deleted_at` timestamp NULL DEFAULT NULL,
  PRIMARY KEY (`id`)
) ENGINE=InnoDB AUTO_INCREMENT=9 DEFAULT CHARSET=utf8mb4 COLLATE=utf8mb4_unicode_ci;

--
-- Dumping data for table `ctactegastos_centrocosto`
--

INSERT INTO `ctactegastos_centrocosto` VALUES (1,NULL,'OFICINA',NULL,NULL,NULL),(2,NULL,'FIJO',NULL,NULL,NULL),(3,NULL,'VARIABLE',NULL,NULL,NULL),(4,NULL,'GISELA',NULL,NULL,NULL),(5,NULL,'LIA',NULL,NULL,NULL),(6,NULL,'PADRES',NULL,NULL,NULL),(7,NULL,'CASA',NULL,NULL,NULL),(8,NULL,'VANESA',NULL,NULL,NULL);

--
-- Table structure for table `ctactegastos_cuenta_tipo`
--

CREATE TABLE `ctactegastos_cuenta_tipo` (
  `idCuentaTipo` int(10) unsigned NOT NULL AUTO_INCREMENT,
  `user_id` int(10) unsigned DEFAULT NULL,
  `cta_cte_tesoreria_cuenta_id` int(10) unsigned DEFAULT NULL,
  `idTipo` int(10) unsigned NOT NULL,
  `created_at` timestamp NULL DEFAULT NULL,
  `updated_at` timestamp NULL DEFAULT NULL,
  `deleted_at` timestamp NULL DEFAULT NULL,
  PRIMARY KEY (`idCuentaTipo`),
  KEY `ctactegastos_cuenta_tipo_idtipo_foreign` (`idTipo`),
  KEY `ctactegastos_cuenta_tipo_cta_cte_tesoreria_cuenta_id_foreign` (`cta_cte_tesoreria_cuenta_id`),
  CONSTRAINT `ctactegastos_cuenta_tipo_cta_cte_tesoreria_cuenta_id_foreign` FOREIGN KEY (`cta_cte_tesoreria_cuenta_id`) REFERENCES `cta_cte_tesoreria_cuentas` (`id`),
  CONSTRAINT `ctactegastos_cuenta_tipo_idtipo_foreign` FOREIGN KEY (`idTipo`) REFERENCES `ctactegastos_tiposdegastos` (`id`)
) ENGINE=InnoDB AUTO_INCREMENT=18 DEFAULT CHARSET=utf8mb4 COLLATE=utf8mb4_unicode_ci;

--
-- Dumping data for table `ctactegastos_cuenta_tipo`
--

INSERT INTO `ctactegastos_cuenta_tipo` VALUES (1,NULL,NULL,3,NULL,NULL,NULL),(2,NULL,NULL,6,NULL,NULL,NULL),(3,NULL,NULL,3,NULL,NULL,NULL),(4,NULL,NULL,4,NULL,NULL,NULL),(5,NULL,NULL,5,NULL,NULL,NULL),(6,NULL,NULL,3,NULL,NULL,NULL),(7,NULL,NULL,4,NULL,NULL,NULL),(8,NULL,NULL,3,NULL,NULL,NULL),(9,NULL,NULL,4,NULL,NULL,NULL),(10,NULL,NULL,7,NULL,NULL,NULL),(11,NULL,NULL,8,NULL,NULL,NULL),(12,NULL,NULL,3,NULL,NULL,NULL),(13,NULL,NULL,3,NULL,NULL,NULL),(14,NULL,NULL,4,NULL,NULL,NULL),(15,NULL,NULL,1,NULL,NULL,NULL),(16,NULL,NULL,2,NULL,NULL,NULL),(17,NULL,NULL,5,NULL,NULL,NULL);

--
-- Table structure for table `ctactegastos_mensuales`
--

CREATE TABLE `ctactegastos_mensuales` (
  `id` int(10) unsigned NOT NULL AUTO_INCREMENT,
  `user_id` int(10) unsigned DEFAULT NULL,
  `CuentaTipo_id` int(10) unsigned NOT NULL,
  `cta_cte_tesoreria_cuenta_id` int(10) unsigned NOT NULL DEFAULT '13',
  `TipoDeGasto_id` int(10) unsigned NOT NULL,
  `CentroCosto_id` int(10) unsigned NOT NULL,
  `gasto_cta_cte_tesoreria_cuenta_id` int(10) unsigned NOT NULL DEFAULT '13',
  `monto` decimal(16,2) DEFAULT NULL,
  `comentario` varchar(255) COLLATE utf8mb4_unicode_ci DEFAULT NULL,
  `status` int(11) NOT NULL DEFAULT '1',
  `created_at` timestamp NULL DEFAULT NULL,
  `updated_at` timestamp NULL DEFAULT NULL,
  `deleted_at` timestamp NULL DEFAULT NULL,
  PRIMARY KEY (`id`),
  KEY `ctactegastos_mensuales_cuentatipo_id_foreign` (`CuentaTipo_id`),
  KEY `ctactegastos_mensuales_tipodegasto_id_foreign` (`TipoDeGasto_id`),
  KEY `ctactegastos_mensuales_centrocosto_id_foreign` (`CentroCosto_id`),
  KEY `ctactegastos_mensuales_cta_cte_tesoreria_cuenta_id_foreign` (`cta_cte_tesoreria_cuenta_id`),
  KEY `ctactegastos_mensuales_gasto_cta_cte_tesoreria_cuenta_id_foreign` (`gasto_cta_cte_tesoreria_cuenta_id`),
  CONSTRAINT `ctactegastos_mensuales_centrocosto_id_foreign` FOREIGN KEY (`CentroCosto_id`) REFERENCES `ctactegastos_centrocosto` (`id`),
  CONSTRAINT `ctactegastos_mensuales_cta_cte_tesoreria_cuenta_id_foreign` FOREIGN KEY (`cta_cte_tesoreria_cuenta_id`) REFERENCES `cta_cte_tesoreria_cuentas` (`id`),
  CONSTRAINT `ctactegastos_mensuales_cuentatipo_id_foreign` FOREIGN KEY (`CuentaTipo_id`) REFERENCES `ctactegastos_cuenta_tipo` (`idCuentaTipo`),
  CONSTRAINT `ctactegastos_mensuales_gasto_cta_cte_tesoreria_cuenta_id_foreign` FOREIGN KEY (`gasto_cta_cte_tesoreria_cuenta_id`) REFERENCES `cta_cte_tesoreria_cuentas` (`id`),
  CONSTRAINT `ctactegastos_mensuales_tipodegasto_id_foreign` FOREIGN KEY (`TipoDeGasto_id`) REFERENCES `ctactegastos_tiposdegastos` (`id`)
) ENGINE=InnoDB DEFAULT CHARSET=utf8mb4 COLLATE=utf8mb4_unicode_ci;

--
-- Dumping data for table `ctactegastos_mensuales`
--


--
-- Table structure for table `ctactegastos_tiposdegastos`
--

CREATE TABLE `ctactegastos_tiposdegastos` (
  `id` int(10) unsigned NOT NULL AUTO_INCREMENT,
  `user_id` int(10) unsigned DEFAULT NULL,
  `nombre` varchar(255) COLLATE utf8mb4_unicode_ci DEFAULT NULL,
  `created_at` timestamp NULL DEFAULT NULL,
  `updated_at` timestamp NULL DEFAULT NULL,
  `deleted_at` timestamp NULL DEFAULT NULL,
  PRIMARY KEY (`id`)
) ENGINE=InnoDB AUTO_INCREMENT=11 DEFAULT CHARSET=utf8mb4 COLLATE=utf8mb4_unicode_ci;

--
-- Dumping data for table `ctactegastos_tiposdegastos`
--

INSERT INTO `ctactegastos_tiposdegastos` VALUES (1,NULL,'Oficina',NULL,NULL,NULL),(2,NULL,'Personales',NULL,NULL,NULL),(3,NULL,'Tarjeta VISA',NULL,NULL,NULL),(4,NULL,'Tarjeta Mastercard',NULL,NULL,NULL),(5,NULL,'Debito Automatico',NULL,NULL,NULL),(6,NULL,'American Express',NULL,NULL,NULL),(7,NULL,'Tarjeta Shopping',NULL,NULL,NULL),(8,NULL,'Tarjeta Cencosud',NULL,NULL,NULL),(9,NULL,'Tarjeta Coto',NULL,NULL,NULL),(10,NULL,'Tarjeta Nativa',NULL,NULL,NULL);

--
-- Table structure for table `cursos`
--

CREATE TABLE `cursos` (
  `id` int(10) unsigned NOT NULL AUTO_INCREMENT,
  `nombre` varchar(191) COLLATE utf8mb4_unicode_ci NOT NULL,
  `descripcion` longtext COLLATE utf8mb4_unicode_ci NOT NULL,
  `fecha` date DEFAULT NULL,
  `hora` varchar(191) COLLATE utf8mb4_unicode_ci DEFAULT NULL,
  `profesor` varchar(191) COLLATE utf8mb4_unicode_ci DEFAULT NULL,
  `cant_clases` varchar(191) COLLATE utf8mb4_unicode_ci DEFAULT NULL,
  `duracion` varchar(191) COLLATE utf8mb4_unicode_ci DEFAULT NULL,
  `adjuntos` varchar(191) COLLATE utf8mb4_unicode_ci DEFAULT NULL,
  `link_zoom` longtext COLLATE utf8mb4_unicode_ci,
  `cod_zoom` varchar(191) COLLATE utf8mb4_unicode_ci DEFAULT NULL,
  `contraseña_zoom` varchar(191) COLLATE utf8mb4_unicode_ci DEFAULT NULL,
  `link_youtube` varchar(191) COLLATE utf8mb4_unicode_ci DEFAULT NULL,
  `materiales` varchar(191) COLLATE utf8mb4_unicode_ci DEFAULT NULL,
  `habilitado` tinyint(1) NOT NULL DEFAULT '1',
  `created_at` timestamp NULL DEFAULT NULL,
  `updated_at` timestamp NULL DEFAULT NULL,
  `deleted_at` timestamp NULL DEFAULT NULL,
  PRIMARY KEY (`id`)
) ENGINE=InnoDB DEFAULT CHARSET=utf8mb4 COLLATE=utf8mb4_unicode_ci;

--
-- Dumping data for table `cursos`
--


--
-- Table structure for table `cursos_detail`
--

CREATE TABLE `cursos_detail` (
  `id` int(10) unsigned NOT NULL AUTO_INCREMENT,
  `curso_id` int(10) unsigned NOT NULL,
  `field_name1` varchar(191) COLLATE utf8mb4_unicode_ci NOT NULL,
  `email` varchar(191) COLLATE utf8mb4_unicode_ci NOT NULL,
  `celular` int(11) NOT NULL,
  `created_at` timestamp NULL DEFAULT NULL,
  `updated_at` timestamp NULL DEFAULT NULL,
  `deleted_at` timestamp NULL DEFAULT NULL,
  PRIMARY KEY (`id`),
  KEY `cursos_detail_curso_id_foreign` (`curso_id`),
  CONSTRAINT `cursos_detail_curso_id_foreign` FOREIGN KEY (`curso_id`) REFERENCES `cursos` (`id`)
) ENGINE=InnoDB DEFAULT CHARSET=utf8mb4 COLLATE=utf8mb4_unicode_ci;

--
-- Dumping data for table `cursos_detail`
--


--
-- Table structure for table `data_types`
--

CREATE TABLE `data_types` (
  `id` int(10) unsigned NOT NULL AUTO_INCREMENT,
  `description` varchar(180) COLLATE utf8mb4_unicode_ci NOT NULL,
  `class` int(10) unsigned NOT NULL,
  `class_description` varchar(180) COLLATE utf8mb4_unicode_ci NOT NULL,
  `data_type` varchar(100) COLLATE utf8mb4_unicode_ci NOT NULL,
  `path` varchar(255) COLLATE utf8mb4_unicode_ci DEFAULT NULL,
  `created_at` timestamp NULL DEFAULT NULL,
  `updated_at` timestamp NULL DEFAULT NULL,
  PRIMARY KEY (`id`),
  UNIQUE KEY `data_types_description_unique` (`description`)
) ENGINE=InnoDB AUTO_INCREMENT=9 DEFAULT CHARSET=utf8mb4 COLLATE=utf8mb4_unicode_ci;

--
-- Dumping data for table `data_types`
--

INSERT INTO `data_types` VALUES (1,'Comprobantes XLS',1,'Importación','XLS','data/imports/receipts/xls',NULL,NULL),(2,'CITI-Ventas',1,'Importación','TXT','data/imports/receipts/CitiVentas',NULL,NULL),(3,'CITI Compras',2,'Exportación','TXT','data/exports/receipts/citi',NULL,NULL),(4,'CITI Ventas',2,'Exportación','TXT','data/exports/receipts/CitiVentasExport',NULL,NULL),(5,'Convenio Multilateral',2,'Exportación','TXT','data/exports/receipts/convenio',NULL,NULL),(6,'Libro IVA Digital',2,'Exportación','TXT','data/exports/receipts/libro_iva_digital',NULL,'2019-11-20 21:43:44'),(7,'Mis Comprobantes',1,'Importacion','','data/imports/receipts/mis_comprobantes',NULL,NULL),(8,'Consulta AFIP',3,'AFIP','','data/afip/index','2019-12-06 14:49:55','2019-12-06 14:49:55');

--
-- Table structure for table `dc_estados`
--

CREATE TABLE `dc_estados` (
  `id` bigint(20) unsigned NOT NULL AUTO_INCREMENT,
  `user_id` int(10) unsigned DEFAULT NULL,
  `descripcion` text COLLATE utf8mb4_unicode_ci NOT NULL,
  `habilitado` tinyint(1) NOT NULL DEFAULT '1',
  `created_at` timestamp NULL DEFAULT NULL,
  `updated_at` timestamp NULL DEFAULT NULL,
  `deleted_at` timestamp NULL DEFAULT NULL,
  PRIMARY KEY (`id`)
) ENGINE=InnoDB AUTO_INCREMENT=6 DEFAULT CHARSET=utf8mb4 COLLATE=utf8mb4_unicode_ci;

--
-- Dumping data for table `dc_estados`
--

INSERT INTO `dc_estados` VALUES (1,NULL,'BORRADOR',1,NULL,'2023-08-06 23:56:11',NULL),(2,NULL,'TERMINADO',1,NULL,'2023-08-06 23:56:11',NULL),(3,NULL,'ELIMINADO',1,NULL,'2023-08-13 09:16:32',NULL),(4,NULL,'PAGADO',1,NULL,'2023-08-06 23:56:11','2023-08-06 23:56:11'),(5,NULL,'CONCILIADO',1,NULL,'2023-08-06 23:56:11','2023-08-06 23:56:11');

--
-- Table structure for table `dc_estados_decisiones`
--

CREATE TABLE `dc_estados_decisiones` (
  `id` bigint(20) unsigned NOT NULL AUTO_INCREMENT,
  `user_id` int(10) unsigned DEFAULT NULL,
  `dc_orden_tipo_id` bigint(20) unsigned NOT NULL,
  `descripcion` varchar(191) COLLATE utf8mb4_unicode_ci NOT NULL,
  `habilitado` tinyint(1) NOT NULL DEFAULT '1',
  `created_at` timestamp NULL DEFAULT NULL,
  `updated_at` timestamp NULL DEFAULT NULL,
  `deleted_at` timestamp NULL DEFAULT NULL,
  PRIMARY KEY (`id`),
  KEY `dc_estados_decisiones_dc_orden_tipo_id_foreign` (`dc_orden_tipo_id`),
  CONSTRAINT `dc_estados_decisiones_dc_orden_tipo_id_foreign` FOREIGN KEY (`dc_orden_tipo_id`) REFERENCES `dc_ordenes_tipos` (`id`)
) ENGINE=InnoDB AUTO_INCREMENT=5 DEFAULT CHARSET=utf8mb4 COLLATE=utf8mb4_unicode_ci;

--
-- Dumping data for table `dc_estados_decisiones`
--

INSERT INTO `dc_estados_decisiones` VALUES (1,NULL,3,'Pendiente',1,NULL,NULL,NULL),(2,NULL,3,'Aprobado',1,NULL,NULL,NULL),(3,NULL,3,'Rechazado',1,NULL,NULL,NULL),(4,NULL,3,'Cancelado',1,NULL,NULL,NULL);

--
-- Table structure for table `dc_firmas`
--

CREATE TABLE `dc_firmas` (
  `id` bigint(20) unsigned NOT NULL AUTO_INCREMENT,
  `user_id` int(10) unsigned DEFAULT NULL,
  `descripcion` text COLLATE utf8mb4_unicode_ci NOT NULL,
  `show_firmante_dc` tinyint(1) NOT NULL DEFAULT '0',
  `show_create_dc` tinyint(1) NOT NULL DEFAULT '0',
  `faltan_firmas` tinyint(1) NOT NULL DEFAULT '0',
  `habilitado` tinyint(1) NOT NULL DEFAULT '1',
  `created_at` timestamp NULL DEFAULT NULL,
  `updated_at` timestamp NULL DEFAULT NULL,
  `deleted_at` timestamp NULL DEFAULT NULL,
  PRIMARY KEY (`id`)
) ENGINE=InnoDB AUTO_INCREMENT=6 DEFAULT CHARSET=utf8mb4 COLLATE=utf8mb4_unicode_ci;

--
-- Dumping data for table `dc_firmas`
--

INSERT INTO `dc_firmas` VALUES (1,NULL,'NO',1,1,0,1,NULL,'2023-08-06 23:56:11',NULL),(2,NULL,'RECHAZADO',1,1,0,1,NULL,'2023-08-06 23:56:11',NULL),(3,NULL,'ACEPTADO',1,0,0,1,NULL,'2023-08-06 23:56:11',NULL),(4,NULL,'FALTAN FIRMAS',0,0,1,1,'2023-08-06 23:56:11','2023-08-06 23:56:11',NULL),(5,NULL,'EMITIDO',1,0,0,1,'2023-10-12 08:05:45','2023-10-12 08:05:45',NULL);

--
-- Table structure for table `dc_firmas_ordenes`
--

CREATE TABLE `dc_firmas_ordenes` (
  `id` bigint(20) unsigned NOT NULL AUTO_INCREMENT,
  `user_id` int(10) unsigned DEFAULT NULL,
  `person_id` int(10) unsigned NOT NULL,
  `dc_orden_id` bigint(20) unsigned NOT NULL,
  `user_id_que_firma` int(10) unsigned NOT NULL,
  `dc_firma_id` bigint(20) unsigned NOT NULL,
  `created_at` timestamp NULL DEFAULT NULL,
  `updated_at` timestamp NULL DEFAULT NULL,
  `deleted_at` timestamp NULL DEFAULT NULL,
  PRIMARY KEY (`id`),
  KEY `dc_firmas_ordenes_person_id_foreign` (`person_id`),
  KEY `dc_firmas_ordenes_dc_orden_id_foreign` (`dc_orden_id`),
  KEY `dc_firmas_ordenes_dc_firma_id_foreign` (`dc_firma_id`),
  CONSTRAINT `dc_firmas_ordenes_dc_firma_id_foreign` FOREIGN KEY (`dc_firma_id`) REFERENCES `dc_firmas` (`id`),
  CONSTRAINT `dc_firmas_ordenes_dc_orden_id_foreign` FOREIGN KEY (`dc_orden_id`) REFERENCES `dc_ordenes` (`id`),
  CONSTRAINT `dc_firmas_ordenes_person_id_foreign` FOREIGN KEY (`person_id`) REFERENCES `persons` (`id`)
) ENGINE=InnoDB DEFAULT CHARSET=utf8mb4 COLLATE=utf8mb4_unicode_ci;

--
-- Dumping data for table `dc_firmas_ordenes`
--


--
-- Table structure for table `dc_firmas_reglas`
--

CREATE TABLE `dc_firmas_reglas` (
  `id` bigint(20) unsigned NOT NULL AUTO_INCREMENT,
  `user_id` int(10) unsigned DEFAULT NULL,
  `person_id` int(10) unsigned NOT NULL,
  `dc_orden_id` bigint(20) unsigned NOT NULL,
  `importe` decimal(16,2) NOT NULL,
  `grupos_users_ids` longtext COLLATE utf8mb4_unicode_ci,
  `created_at` timestamp NULL DEFAULT NULL,
  `updated_at` timestamp NULL DEFAULT NULL,
  `deleted_at` timestamp NULL DEFAULT NULL,
  PRIMARY KEY (`id`),
  KEY `dc_firmas_reglas_person_id_foreign` (`person_id`),
  KEY `dc_firmas_reglas_dc_orden_id_foreign` (`dc_orden_id`),
  CONSTRAINT `dc_firmas_reglas_dc_orden_id_foreign` FOREIGN KEY (`dc_orden_id`) REFERENCES `dc_ordenes` (`id`),
  CONSTRAINT `dc_firmas_reglas_person_id_foreign` FOREIGN KEY (`person_id`) REFERENCES `persons` (`id`)
) ENGINE=InnoDB DEFAULT CHARSET=utf8mb4 COLLATE=utf8mb4_unicode_ci;

--
-- Dumping data for table `dc_firmas_reglas`
--


--
-- Table structure for table `dc_orden_de_pago`
--

CREATE TABLE `dc_orden_de_pago` (
  `id` bigint(20) unsigned NOT NULL AUTO_INCREMENT,
  `user_id` int(10) unsigned DEFAULT NULL,
  `fecha` datetime NOT NULL DEFAULT '2023-09-28 16:29:43',
  `dc_orden_id` bigint(20) unsigned NOT NULL DEFAULT '10',
  `person_id` int(10) unsigned NOT NULL,
  `person_id_relationed` int(10) unsigned NOT NULL,
  `request` longtext COLLATE utf8mb4_unicode_ci NOT NULL,
  `dc_estado_id` bigint(20) unsigned NOT NULL DEFAULT '1',
  `dc_firma_id` bigint(20) unsigned NOT NULL DEFAULT '1',
  `created_at` timestamp NULL DEFAULT NULL,
  `updated_at` timestamp NULL DEFAULT NULL,
  `deleted_at` timestamp NULL DEFAULT NULL,
  PRIMARY KEY (`id`),
  KEY `dc_orden_de_pago_person_id_foreign` (`person_id`),
  KEY `dc_orden_de_pago_person_id_relationed_foreign` (`person_id_relationed`),
  KEY `dc_orden_de_pago_dc_orden_id_foreign` (`dc_orden_id`),
  KEY `dc_orden_de_pago_dc_firma_id_foreign` (`dc_firma_id`),
  KEY `dc_orden_de_pago_dc_estado_id_foreign` (`dc_estado_id`),
  CONSTRAINT `dc_orden_de_pago_dc_estado_id_foreign` FOREIGN KEY (`dc_estado_id`) REFERENCES `dc_estados` (`id`),
  CONSTRAINT `dc_orden_de_pago_dc_firma_id_foreign` FOREIGN KEY (`dc_firma_id`) REFERENCES `dc_firmas` (`id`),
  CONSTRAINT `dc_orden_de_pago_dc_orden_id_foreign` FOREIGN KEY (`dc_orden_id`) REFERENCES `dc_ordenes` (`id`),
  CONSTRAINT `dc_orden_de_pago_person_id_foreign` FOREIGN KEY (`person_id`) REFERENCES `persons` (`id`),
  CONSTRAINT `dc_orden_de_pago_person_id_relationed_foreign` FOREIGN KEY (`person_id_relationed`) REFERENCES `persons` (`id`)
) ENGINE=InnoDB DEFAULT CHARSET=utf8mb4 COLLATE=utf8mb4_unicode_ci;

--
-- Dumping data for table `dc_orden_de_pago`
--


--
-- Table structure for table `dc_orden_de_pago_cheques`
--

CREATE TABLE `dc_orden_de_pago_cheques` (
  `id` bigint(20) unsigned NOT NULL AUTO_INCREMENT,
  `user_id` int(10) unsigned DEFAULT NULL,
  `dc_orden_de_pago_id` bigint(20) unsigned NOT NULL,
  `ctacte_cheque_id` int(10) unsigned NOT NULL,
  `created_at` timestamp NULL DEFAULT NULL,
  `updated_at` timestamp NULL DEFAULT NULL,
  `deleted_at` timestamp NULL DEFAULT NULL,
  PRIMARY KEY (`id`),
  KEY `dc_orden_de_pago_cheques_dc_orden_de_pago_id_foreign` (`dc_orden_de_pago_id`),
  KEY `dc_orden_de_pago_cheques_ctacte_cheque_id_foreign` (`ctacte_cheque_id`),
  CONSTRAINT `dc_orden_de_pago_cheques_ctacte_cheque_id_foreign` FOREIGN KEY (`ctacte_cheque_id`) REFERENCES `ctacte_cheques` (`id`),
  CONSTRAINT `dc_orden_de_pago_cheques_dc_orden_de_pago_id_foreign` FOREIGN KEY (`dc_orden_de_pago_id`) REFERENCES `dc_orden_de_pago` (`id`)
) ENGINE=InnoDB DEFAULT CHARSET=utf8mb4 COLLATE=utf8mb4_unicode_ci;

--
-- Dumping data for table `dc_orden_de_pago_cheques`
--


--
-- Table structure for table `dc_orden_de_pago_receipts`
--

CREATE TABLE `dc_orden_de_pago_receipts` (
  `id` bigint(20) unsigned NOT NULL AUTO_INCREMENT,
  `user_id` int(10) unsigned DEFAULT NULL,
  `dc_orden_de_pago_id` bigint(20) unsigned NOT NULL,
  `receipt_id` int(10) unsigned DEFAULT NULL,
  `importe` decimal(16,2) NOT NULL,
  `created_at` timestamp NULL DEFAULT NULL,
  `updated_at` timestamp NULL DEFAULT NULL,
  `deleted_at` timestamp NULL DEFAULT NULL,
  PRIMARY KEY (`id`),
  KEY `dc_orden_de_pago_receipts_dc_orden_de_pago_id_foreign` (`dc_orden_de_pago_id`),
  KEY `dc_orden_de_pago_receipts_receipt_id_foreign` (`receipt_id`),
  CONSTRAINT `dc_orden_de_pago_receipts_dc_orden_de_pago_id_foreign` FOREIGN KEY (`dc_orden_de_pago_id`) REFERENCES `dc_orden_de_pago` (`id`),
  CONSTRAINT `dc_orden_de_pago_receipts_receipt_id_foreign` FOREIGN KEY (`receipt_id`) REFERENCES `receipts` (`id`)
) ENGINE=InnoDB DEFAULT CHARSET=utf8mb4 COLLATE=utf8mb4_unicode_ci;

--
-- Dumping data for table `dc_orden_de_pago_receipts`
--


--
-- Table structure for table `dc_orden_files`
--

CREATE TABLE `dc_orden_files` (
  `id` bigint(20) unsigned NOT NULL AUTO_INCREMENT,
  `user_id` int(10) unsigned DEFAULT NULL,
  `dc_orden_id` bigint(20) unsigned NOT NULL,
  `file` text COLLATE utf8mb4_unicode_ci NOT NULL,
  `original_name` text COLLATE utf8mb4_unicode_ci,
  `created_at` timestamp NULL DEFAULT NULL,
  `updated_at` timestamp NULL DEFAULT NULL,
  `deleted_at` timestamp NULL DEFAULT NULL,
  PRIMARY KEY (`id`),
  KEY `dc_orden_files_dc_orden_id_foreign` (`dc_orden_id`),
  CONSTRAINT `dc_orden_files_dc_orden_id_foreign` FOREIGN KEY (`dc_orden_id`) REFERENCES `dc_ordenes` (`id`)
) ENGINE=InnoDB DEFAULT CHARSET=utf8mb4 COLLATE=utf8mb4_unicode_ci;

--
-- Dumping data for table `dc_orden_files`
--


--
-- Table structure for table `dc_ordenes`
--

CREATE TABLE `dc_ordenes` (
  `id` bigint(20) unsigned NOT NULL AUTO_INCREMENT,
  `user_id` int(10) unsigned DEFAULT NULL,
  `dc_orden_tipo_id` bigint(20) unsigned NOT NULL,
  `person_id` int(10) unsigned NOT NULL,
  `person_id_relationed` int(10) unsigned DEFAULT NULL,
  `titulo` text COLLATE utf8mb4_unicode_ci,
  `sucursal` int(11) NOT NULL DEFAULT '1',
  `numero` int(11) NOT NULL,
  `numero_text` varchar(255) COLLATE utf8mb4_unicode_ci DEFAULT NULL,
  `sector` varchar(191) COLLATE utf8mb4_unicode_ci DEFAULT NULL,
  `solicitante` varchar(191) COLLATE utf8mb4_unicode_ci DEFAULT NULL,
  `syj_empleado_id` int(10) unsigned DEFAULT NULL,
  `fecha` date NOT NULL,
  `fecha_entrega` date DEFAULT NULL,
  `fecha_asignacion` datetime DEFAULT NULL,
  `fecha_cumplido` datetime DEFAULT NULL,
  `condicion_venta_id` int(10) unsigned DEFAULT NULL,
  `is_pago_adelantado` tinyint(1) DEFAULT NULL,
  `is_garantia` tinyint(1) NOT NULL DEFAULT '0',
  `forma_de_entrega_id` int(10) unsigned DEFAULT NULL,
  `plazo_de_pago_id` int(10) unsigned DEFAULT NULL,
  `cantidades` decimal(16,2) NOT NULL,
  `moneda_id` int(10) unsigned NOT NULL DEFAULT '1',
  `cotizacion` decimal(16,2) NOT NULL DEFAULT '1.00',
  `neto` decimal(16,2) NOT NULL,
  `iva` decimal(16,2) NOT NULL,
  `total` decimal(16,2) NOT NULL,
  `facturada` decimal(16,2) NOT NULL DEFAULT '0.00',
  `is_pagada` tinyint(1) NOT NULL,
  `garantia` varchar(100) COLLATE utf8mb4_unicode_ci DEFAULT NULL,
  `mant_oferta` varchar(100) COLLATE utf8mb4_unicode_ci DEFAULT NULL,
  `comen_para_cliente` text COLLATE utf8mb4_unicode_ci,
  `comentario` longtext COLLATE utf8mb4_unicode_ci NOT NULL,
  `dc_ov_origen_id` bigint(20) unsigned DEFAULT NULL,
  `dc_ov_status_cobranza_id` bigint(20) unsigned DEFAULT NULL,
  `dc_ov_status_factura_id` bigint(20) unsigned DEFAULT NULL,
  `dc_ov_status_entrega_id` bigint(20) unsigned DEFAULT NULL,
  `dc_ov_status_venta_id` bigint(20) unsigned DEFAULT NULL,
  `dc_estado_id` bigint(20) unsigned NOT NULL,
  `dc_estado_decision_id` bigint(20) unsigned DEFAULT NULL,
  `inv_orden_trabajo_id` bigint(20) unsigned DEFAULT NULL,
  `conta_cc_id` bigint(20) unsigned DEFAULT NULL,
  `origendestinoable_type` text COLLATE utf8mb4_unicode_ci,
  `origendestinoable_id` int(10) unsigned DEFAULT NULL,
  `is_multiples_ot` tinyint(1) unsigned NOT NULL DEFAULT '0',
  `dc_orden_origen_destino_id` bigint(20) unsigned DEFAULT NULL,
  `is_completado` tinyint(1) NOT NULL DEFAULT '0',
  `is_credit` tinyint(1) DEFAULT NULL,
  `dc_firma_id` bigint(20) unsigned NOT NULL DEFAULT '1',
  `created_at` timestamp NULL DEFAULT NULL,
  `updated_at` timestamp NULL DEFAULT NULL,
  `deleted_at` timestamp NULL DEFAULT NULL,
  PRIMARY KEY (`id`),
  KEY `dc_ordenes_dc_orden_tipo_id_foreign` (`dc_orden_tipo_id`),
  KEY `dc_ordenes_person_id_foreign` (`person_id`),
  KEY `dc_ordenes_person_id_relationed_foreign` (`person_id_relationed`),
  KEY `dc_ordenes_dc_estado_id_foreign` (`dc_estado_id`),
  KEY `dc_ordenes_conta_cc_id_foreign` (`conta_cc_id`),
  KEY `dc_ordenes_inv_orden_trabajo_id_foreign` (`inv_orden_trabajo_id`),
  KEY `dc_ordenes_dc_orden_origen_destino_id_foreign` (`dc_orden_origen_destino_id`),
  KEY `dc_ordenes_moneda_id_foreign` (`moneda_id`),
  KEY `dc_ordenes_dc_firma_id_foreign` (`dc_firma_id`),
  KEY `dc_ordenes_syj_empleado_id_foreign` (`syj_empleado_id`),
  KEY `dc_ordenes_dc_estado_decision_id_foreign` (`dc_estado_decision_id`),
  KEY `dc_ordenes_dc_ov_origen_id_foreign` (`dc_ov_origen_id`),
  KEY `dc_ordenes_dc_ov_status_venta_id_foreign` (`dc_ov_status_venta_id`),
  KEY `dc_ordenes_dc_ov_status_entrega_id_foreign` (`dc_ov_status_entrega_id`),
  KEY `dc_ordenes_dc_ov_status_factura_id_foreign` (`dc_ov_status_factura_id`),
  KEY `dc_ordenes_dc_ov_status_cobranza_id_foreign` (`dc_ov_status_cobranza_id`),
  CONSTRAINT `dc_ordenes_conta_cc_id_foreign` FOREIGN KEY (`conta_cc_id`) REFERENCES `conta_centro_costos` (`id`),
  CONSTRAINT `dc_ordenes_dc_estado_decision_id_foreign` FOREIGN KEY (`dc_estado_decision_id`) REFERENCES `dc_estados_decisiones` (`id`),
  CONSTRAINT `dc_ordenes_dc_estado_id_foreign` FOREIGN KEY (`dc_estado_id`) REFERENCES `dc_estados` (`id`),
  CONSTRAINT `dc_ordenes_dc_firma_id_foreign` FOREIGN KEY (`dc_firma_id`) REFERENCES `dc_firmas` (`id`),
  CONSTRAINT `dc_ordenes_dc_orden_origen_destino_id_foreign` FOREIGN KEY (`dc_orden_origen_destino_id`) REFERENCES `dc_ordenes_origen_destino` (`id`),
  CONSTRAINT `dc_ordenes_dc_orden_tipo_id_foreign` FOREIGN KEY (`dc_orden_tipo_id`) REFERENCES `dc_ordenes_tipos` (`id`),
  CONSTRAINT `dc_ordenes_dc_ov_origen_id_foreign` FOREIGN KEY (`dc_ov_origen_id`) REFERENCES `dc_ov_origenes` (`id`),
  CONSTRAINT `dc_ordenes_dc_ov_status_cobranza_id_foreign` FOREIGN KEY (`dc_ov_status_cobranza_id`) REFERENCES `dc_ov_status_cobranza` (`id`),
  CONSTRAINT `dc_ordenes_dc_ov_status_entrega_id_foreign` FOREIGN KEY (`dc_ov_status_entrega_id`) REFERENCES `dc_ov_status_entrega` (`id`),
  CONSTRAINT `dc_ordenes_dc_ov_status_factura_id_foreign` FOREIGN KEY (`dc_ov_status_factura_id`) REFERENCES `dc_ov_status_factura` (`id`),
  CONSTRAINT `dc_ordenes_dc_ov_status_venta_id_foreign` FOREIGN KEY (`dc_ov_status_venta_id`) REFERENCES `dc_ov_status_venta` (`id`),
  CONSTRAINT `dc_ordenes_inv_orden_trabajo_id_foreign` FOREIGN KEY (`inv_orden_trabajo_id`) REFERENCES `inv_orden_trabajos` (`id`),
  CONSTRAINT `dc_ordenes_moneda_id_foreign` FOREIGN KEY (`moneda_id`) REFERENCES `monedas` (`id`),
  CONSTRAINT `dc_ordenes_person_id_foreign` FOREIGN KEY (`person_id`) REFERENCES `persons` (`id`),
  CONSTRAINT `dc_ordenes_person_id_relationed_foreign` FOREIGN KEY (`person_id_relationed`) REFERENCES `persons` (`id`),
  CONSTRAINT `dc_ordenes_syj_empleado_id_foreign` FOREIGN KEY (`syj_empleado_id`) REFERENCES `syj_empleados` (`id`)
) ENGINE=InnoDB DEFAULT CHARSET=utf8mb4 COLLATE=utf8mb4_unicode_ci;

--
-- Dumping data for table `dc_ordenes`
--


--
-- Table structure for table `dc_ordenes_compra_coti`
--

CREATE TABLE `dc_ordenes_compra_coti` (
  `id` int(10) unsigned NOT NULL AUTO_INCREMENT,
  `user_id` int(10) unsigned DEFAULT NULL,
  `dc_orden_id` bigint(20) unsigned NOT NULL,
  `dc_orden_coti_id` bigint(20) unsigned NOT NULL,
  `created_at` timestamp NULL DEFAULT NULL,
  `updated_at` timestamp NULL DEFAULT NULL,
  `deleted_at` timestamp NULL DEFAULT NULL,
  PRIMARY KEY (`id`),
  KEY `dc_ordenes_compra_coti_dc_orden_id_foreign` (`dc_orden_id`),
  KEY `dc_ordenes_compra_coti_dc_orden_coti_id_foreign` (`dc_orden_coti_id`),
  CONSTRAINT `dc_ordenes_compra_coti_dc_orden_coti_id_foreign` FOREIGN KEY (`dc_orden_coti_id`) REFERENCES `dc_ordenes` (`id`),
  CONSTRAINT `dc_ordenes_compra_coti_dc_orden_id_foreign` FOREIGN KEY (`dc_orden_id`) REFERENCES `dc_ordenes` (`id`)
) ENGINE=InnoDB DEFAULT CHARSET=utf8mb4 COLLATE=utf8mb4_unicode_ci;

--
-- Dumping data for table `dc_ordenes_compra_coti`
--


--
-- Table structure for table `dc_ordenes_compra_req`
--

CREATE TABLE `dc_ordenes_compra_req` (
  `id` int(10) unsigned NOT NULL AUTO_INCREMENT,
  `user_id` int(10) unsigned DEFAULT NULL,
  `dc_orden_id` bigint(20) unsigned NOT NULL,
  `dc_orden_detail_id` bigint(20) unsigned NOT NULL,
  `dc_orden_req_id` bigint(20) unsigned NOT NULL,
  `dc_orden_req_detail_id` bigint(20) unsigned NOT NULL,
  `created_at` timestamp NULL DEFAULT NULL,
  `updated_at` timestamp NULL DEFAULT NULL,
  `deleted_at` timestamp NULL DEFAULT NULL,
  PRIMARY KEY (`id`),
  KEY `dc_ordenes_compra_req_dc_orden_id_foreign` (`dc_orden_id`),
  KEY `dc_ordenes_compra_req_dc_orden_detail_id_foreign` (`dc_orden_detail_id`),
  KEY `dc_ordenes_compra_req_dc_orden_req_id_foreign` (`dc_orden_req_id`),
  KEY `dc_ordenes_compra_req_dc_orden_req_detail_id_foreign` (`dc_orden_req_detail_id`),
  CONSTRAINT `dc_ordenes_compra_req_dc_orden_detail_id_foreign` FOREIGN KEY (`dc_orden_detail_id`) REFERENCES `dc_ordenes_details` (`id`),
  CONSTRAINT `dc_ordenes_compra_req_dc_orden_id_foreign` FOREIGN KEY (`dc_orden_id`) REFERENCES `dc_ordenes` (`id`),
  CONSTRAINT `dc_ordenes_compra_req_dc_orden_req_detail_id_foreign` FOREIGN KEY (`dc_orden_req_detail_id`) REFERENCES `dc_ordenes_details` (`id`),
  CONSTRAINT `dc_ordenes_compra_req_dc_orden_req_id_foreign` FOREIGN KEY (`dc_orden_req_id`) REFERENCES `dc_ordenes` (`id`)
) ENGINE=InnoDB DEFAULT CHARSET=utf8mb4 COLLATE=utf8mb4_unicode_ci;

--
-- Dumping data for table `dc_ordenes_compra_req`
--


--
-- Table structure for table `dc_ordenes_cotizacion_req`
--

CREATE TABLE `dc_ordenes_cotizacion_req` (
  `id` int(10) unsigned NOT NULL AUTO_INCREMENT,
  `user_id` int(10) unsigned DEFAULT NULL,
  `dc_orden_id` bigint(20) unsigned NOT NULL,
  `dc_orden_detail_id` bigint(20) unsigned NOT NULL,
  `dc_orden_req_id` bigint(20) unsigned NOT NULL,
  `dc_orden_req_detail_id` bigint(20) unsigned NOT NULL,
  `created_at` timestamp NULL DEFAULT NULL,
  `updated_at` timestamp NULL DEFAULT NULL,
  `deleted_at` timestamp NULL DEFAULT NULL,
  PRIMARY KEY (`id`),
  KEY `dc_ordenes_cotizacion_req_dc_orden_id_foreign` (`dc_orden_id`),
  KEY `dc_ordenes_cotizacion_req_dc_orden_detail_id_foreign` (`dc_orden_detail_id`),
  KEY `dc_ordenes_cotizacion_req_dc_orden_req_id_foreign` (`dc_orden_req_id`),
  KEY `dc_ordenes_cotizacion_req_dc_orden_req_detail_id_foreign` (`dc_orden_req_detail_id`),
  CONSTRAINT `dc_ordenes_cotizacion_req_dc_orden_detail_id_foreign` FOREIGN KEY (`dc_orden_detail_id`) REFERENCES `dc_ordenes_details` (`id`),
  CONSTRAINT `dc_ordenes_cotizacion_req_dc_orden_id_foreign` FOREIGN KEY (`dc_orden_id`) REFERENCES `dc_ordenes` (`id`),
  CONSTRAINT `dc_ordenes_cotizacion_req_dc_orden_req_detail_id_foreign` FOREIGN KEY (`dc_orden_req_detail_id`) REFERENCES `dc_ordenes_details` (`id`),
  CONSTRAINT `dc_ordenes_cotizacion_req_dc_orden_req_id_foreign` FOREIGN KEY (`dc_orden_req_id`) REFERENCES `dc_ordenes` (`id`)
) ENGINE=InnoDB DEFAULT CHARSET=utf8mb4 COLLATE=utf8mb4_unicode_ci;

--
-- Dumping data for table `dc_ordenes_cotizacion_req`
--


--
-- Table structure for table `dc_ordenes_details`
--

CREATE TABLE `dc_ordenes_details` (
  `id` bigint(20) unsigned NOT NULL AUTO_INCREMENT,
  `user_id` int(10) unsigned DEFAULT NULL,
  `dc_orden_id` bigint(20) unsigned NOT NULL,
  `dc_orden_origen_destino_id` bigint(20) unsigned DEFAULT NULL,
  `origendestinoable_id` int(10) unsigned DEFAULT NULL,
  `origendestinoable_type` text COLLATE utf8mb4_unicode_ci,
  `cantidades` decimal(16,2) NOT NULL,
  `inv_deposito_id` bigint(20) unsigned DEFAULT NULL,
  `inv_producto_id` bigint(20) unsigned DEFAULT NULL,
  `inv_producto_id_destino` bigint(20) unsigned DEFAULT NULL,
  `prod_variant_id` bigint(20) unsigned DEFAULT NULL,
  `inv_deposito_id_destino` bigint(20) unsigned DEFAULT NULL,
  `descripcion` varchar(191) COLLATE utf8mb4_unicode_ci DEFAULT NULL,
  `neto` decimal(16,2) NOT NULL,
  `desc_porc` decimal(16,2) DEFAULT NULL,
  `descuento` decimal(16,2) DEFAULT NULL,
  `system_tax_id` int(10) unsigned NOT NULL,
  `iva` decimal(16,2) NOT NULL,
  `subtotal` decimal(16,2) NOT NULL,
  `created_at` timestamp NULL DEFAULT NULL,
  `updated_at` timestamp NULL DEFAULT NULL,
  `deleted_at` timestamp NULL DEFAULT NULL,
  PRIMARY KEY (`id`),
  KEY `dc_ordenes_details_dc_orden_id_foreign` (`dc_orden_id`),
  KEY `dc_ordenes_details_inv_producto_id_foreign` (`inv_producto_id`),
  KEY `dc_ordenes_details_system_tax_id_foreign` (`system_tax_id`),
  KEY `dc_ordenes_details_inv_producto_id_destino_foreign` (`inv_producto_id_destino`),
  KEY `dc_ordenes_details_dc_orden_origen_destino_id_foreign` (`dc_orden_origen_destino_id`),
  KEY `dc_ordenes_details_inv_deposito_id_foreign` (`inv_deposito_id`),
  KEY `dc_ordenes_details_inv_deposito_id_destino_foreign` (`inv_deposito_id_destino`),
  KEY `dc_ordenes_details_prod_variant_id_foreign` (`prod_variant_id`),
  CONSTRAINT `dc_ordenes_details_dc_orden_id_foreign` FOREIGN KEY (`dc_orden_id`) REFERENCES `dc_ordenes` (`id`),
  CONSTRAINT `dc_ordenes_details_dc_orden_origen_destino_id_foreign` FOREIGN KEY (`dc_orden_origen_destino_id`) REFERENCES `dc_ordenes_origen_destino` (`id`),
  CONSTRAINT `dc_ordenes_details_inv_deposito_id_destino_foreign` FOREIGN KEY (`inv_deposito_id_destino`) REFERENCES `inv_depositos` (`id`),
  CONSTRAINT `dc_ordenes_details_inv_deposito_id_foreign` FOREIGN KEY (`inv_deposito_id`) REFERENCES `inv_depositos` (`id`),
  CONSTRAINT `dc_ordenes_details_inv_producto_id_destino_foreign` FOREIGN KEY (`inv_producto_id_destino`) REFERENCES `inv_productos` (`id`),
  CONSTRAINT `dc_ordenes_details_inv_producto_id_foreign` FOREIGN KEY (`inv_producto_id`) REFERENCES `inv_productos` (`id`),
  CONSTRAINT `dc_ordenes_details_prod_variant_id_foreign` FOREIGN KEY (`prod_variant_id`) REFERENCES `prod_variants` (`id`) ON DELETE SET NULL,
  CONSTRAINT `dc_ordenes_details_system_tax_id_foreign` FOREIGN KEY (`system_tax_id`) REFERENCES `system_taxes` (`id`)
) ENGINE=InnoDB DEFAULT CHARSET=utf8mb4 COLLATE=utf8mb4_unicode_ci;

--
-- Dumping data for table `dc_ordenes_details`
--


--
-- Table structure for table `dc_ordenes_facturada`
--

CREATE TABLE `dc_ordenes_facturada` (
  `id` bigint(20) unsigned NOT NULL AUTO_INCREMENT,
  `user_id` int(10) unsigned DEFAULT NULL,
  `person_id` int(10) unsigned NOT NULL,
  `dc_orden_id` bigint(20) unsigned DEFAULT NULL,
  `fact_elec_receipt_id` int(11) DEFAULT NULL,
  `receipt_id` int(10) unsigned DEFAULT NULL,
  `created_at` timestamp NULL DEFAULT NULL,
  `updated_at` timestamp NULL DEFAULT NULL,
  `deleted_at` timestamp NULL DEFAULT NULL,
  PRIMARY KEY (`id`),
  KEY `dc_ordenes_facturada_person_id_foreign` (`person_id`),
  KEY `dc_ordenes_facturada_dc_orden_id_foreign` (`dc_orden_id`),
  KEY `dc_ordenes_facturada_fact_elec_receipt_id_foreign` (`fact_elec_receipt_id`),
  KEY `dc_ordenes_facturada_receipt_id_foreign` (`receipt_id`),
  CONSTRAINT `dc_ordenes_facturada_dc_orden_id_foreign` FOREIGN KEY (`dc_orden_id`) REFERENCES `dc_ordenes` (`id`),
  CONSTRAINT `dc_ordenes_facturada_person_id_foreign` FOREIGN KEY (`person_id`) REFERENCES `persons` (`id`),
  CONSTRAINT `dc_ordenes_facturada_receipt_id_foreign` FOREIGN KEY (`receipt_id`) REFERENCES `receipts` (`id`)
) ENGINE=InnoDB DEFAULT CHARSET=utf8mb4 COLLATE=utf8mb4_unicode_ci;

--
-- Dumping data for table `dc_ordenes_facturada`
--


--
-- Table structure for table `dc_ordenes_ingreso_compra`
--

CREATE TABLE `dc_ordenes_ingreso_compra` (
  `id` int(10) unsigned NOT NULL AUTO_INCREMENT,
  `user_id` int(10) unsigned DEFAULT NULL,
  `dc_orden_id` bigint(20) unsigned NOT NULL,
  `dc_orden_detail_id` bigint(20) unsigned NOT NULL,
  `dc_orden_compra_id` bigint(20) unsigned NOT NULL,
  `dc_orden_compra_detail_id` bigint(20) unsigned NOT NULL,
  `created_at` timestamp NULL DEFAULT NULL,
  `updated_at` timestamp NULL DEFAULT NULL,
  `deleted_at` timestamp NULL DEFAULT NULL,
  PRIMARY KEY (`id`),
  KEY `dc_ordenes_ingreso_compra_dc_orden_id_foreign` (`dc_orden_id`),
  KEY `dc_ordenes_ingreso_compra_dc_orden_detail_id_foreign` (`dc_orden_detail_id`),
  KEY `dc_ordenes_ingreso_compra_dc_orden_compra_id_foreign` (`dc_orden_compra_id`),
  KEY `dc_ordenes_ingreso_compra_dc_orden_compra_detail_id_foreign` (`dc_orden_compra_detail_id`),
  CONSTRAINT `dc_ordenes_ingreso_compra_dc_orden_compra_detail_id_foreign` FOREIGN KEY (`dc_orden_compra_detail_id`) REFERENCES `dc_ordenes_details` (`id`),
  CONSTRAINT `dc_ordenes_ingreso_compra_dc_orden_compra_id_foreign` FOREIGN KEY (`dc_orden_compra_id`) REFERENCES `dc_ordenes` (`id`),
  CONSTRAINT `dc_ordenes_ingreso_compra_dc_orden_detail_id_foreign` FOREIGN KEY (`dc_orden_detail_id`) REFERENCES `dc_ordenes_details` (`id`),
  CONSTRAINT `dc_ordenes_ingreso_compra_dc_orden_id_foreign` FOREIGN KEY (`dc_orden_id`) REFERENCES `dc_ordenes` (`id`)
) ENGINE=InnoDB DEFAULT CHARSET=utf8mb4 COLLATE=utf8mb4_unicode_ci;

--
-- Dumping data for table `dc_ordenes_ingreso_compra`
--


--
-- Table structure for table `dc_ordenes_ingxdev_rem_egr`
--

CREATE TABLE `dc_ordenes_ingxdev_rem_egr` (
  `id` int(10) unsigned NOT NULL AUTO_INCREMENT,
  `user_id` int(10) unsigned DEFAULT NULL,
  `dc_orden_id` bigint(20) unsigned NOT NULL,
  `dc_orden_detail_id` bigint(20) unsigned NOT NULL,
  `dc_orden_rem_egr_id` bigint(20) unsigned NOT NULL,
  `dc_orden_rem_egr_detail_id` bigint(20) unsigned NOT NULL,
  `created_at` timestamp NULL DEFAULT NULL,
  `updated_at` timestamp NULL DEFAULT NULL,
  `deleted_at` timestamp NULL DEFAULT NULL,
  PRIMARY KEY (`id`),
  KEY `dc_ordenes_ingxdev_rem_egr_dc_orden_id_foreign` (`dc_orden_id`),
  KEY `dc_ordenes_ingxdev_rem_egr_dc_orden_detail_id_foreign` (`dc_orden_detail_id`),
  KEY `dc_ordenes_ingxdev_rem_egr_dc_orden_rem_egr_id_foreign` (`dc_orden_rem_egr_id`),
  KEY `dc_ordenes_ingxdev_rem_egr_dc_orden_rem_egr_detail_id_foreign` (`dc_orden_rem_egr_detail_id`),
  CONSTRAINT `dc_ordenes_ingxdev_rem_egr_dc_orden_detail_id_foreign` FOREIGN KEY (`dc_orden_detail_id`) REFERENCES `dc_ordenes_details` (`id`),
  CONSTRAINT `dc_ordenes_ingxdev_rem_egr_dc_orden_id_foreign` FOREIGN KEY (`dc_orden_id`) REFERENCES `dc_ordenes` (`id`),
  CONSTRAINT `dc_ordenes_ingxdev_rem_egr_dc_orden_rem_egr_detail_id_foreign` FOREIGN KEY (`dc_orden_rem_egr_detail_id`) REFERENCES `dc_ordenes_details` (`id`),
  CONSTRAINT `dc_ordenes_ingxdev_rem_egr_dc_orden_rem_egr_id_foreign` FOREIGN KEY (`dc_orden_rem_egr_id`) REFERENCES `dc_ordenes` (`id`)
) ENGINE=InnoDB DEFAULT CHARSET=utf8mb4 COLLATE=utf8mb4_unicode_ci;

--
-- Dumping data for table `dc_ordenes_ingxdev_rem_egr`
--


--
-- Table structure for table `dc_ordenes_logs`
--

CREATE TABLE `dc_ordenes_logs` (
  `id` bigint(20) unsigned NOT NULL AUTO_INCREMENT,
  `user_id` bigint(20) unsigned DEFAULT NULL,
  `loggable_type` varchar(191) COLLATE utf8mb4_unicode_ci NOT NULL,
  `loggable_id` bigint(20) unsigned NOT NULL,
  `related_id` bigint(20) unsigned DEFAULT NULL,
  `related_type` varchar(191) COLLATE utf8mb4_unicode_ci DEFAULT NULL,
  `comentario` text COLLATE utf8mb4_unicode_ci,
  `created_at` timestamp NULL DEFAULT NULL,
  `updated_at` timestamp NULL DEFAULT NULL,
  `deleted_at` timestamp NULL DEFAULT NULL,
  PRIMARY KEY (`id`),
  KEY `dc_ordenes_logs_loggable_type_loggable_id_index` (`loggable_type`,`loggable_id`)
) ENGINE=InnoDB DEFAULT CHARSET=utf8mb4 COLLATE=utf8mb4_unicode_ci;

--
-- Dumping data for table `dc_ordenes_logs`
--


--
-- Table structure for table `dc_ordenes_origen_destino`
--

CREATE TABLE `dc_ordenes_origen_destino` (
  `id` bigint(20) unsigned NOT NULL AUTO_INCREMENT,
  `user_id` int(10) unsigned DEFAULT NULL,
  `descripcion` text COLLATE utf8mb4_unicode_ci NOT NULL,
  `modelo` text COLLATE utf8mb4_unicode_ci NOT NULL,
  `is_deposito` tinyint(1) NOT NULL DEFAULT '0',
  `habilitado` tinyint(1) NOT NULL DEFAULT '1',
  `created_at` timestamp NULL DEFAULT NULL,
  `updated_at` timestamp NULL DEFAULT NULL,
  `deleted_at` timestamp NULL DEFAULT NULL,
  PRIMARY KEY (`id`)
) ENGINE=InnoDB AUTO_INCREMENT=5 DEFAULT CHARSET=utf8mb4 COLLATE=utf8mb4_unicode_ci;

--
-- Dumping data for table `dc_ordenes_origen_destino`
--

INSERT INTO `dc_ordenes_origen_destino` VALUES (1,NULL,'Orden de Trabajo','App\\Models\\Inventario\\InvOrdenTrabajo',0,1,NULL,NULL,NULL),(2,NULL,'Centro de Costos','App\\Models\\Inventario\\InvOrdenTrabajoHorasTipo',0,1,NULL,'2023-09-12 22:18:05',NULL),(3,NULL,'Deposito','App\\Models\\Inventario\\InvDeposito',1,1,NULL,'2024-05-07 20:11:57',NULL),(4,NULL,'Empleado','App\\Models\\SyJEmpleado',0,0,NULL,'2023-07-03 22:08:21',NULL);

--
-- Table structure for table `dc_ordenes_pdf_templates`
--

CREATE TABLE `dc_ordenes_pdf_templates` (
  `id` bigint(20) unsigned NOT NULL AUTO_INCREMENT,
  `user_id` int(10) unsigned DEFAULT NULL,
  `person_id` int(10) unsigned NOT NULL,
  `dc_orden_tipo_id` bigint(20) unsigned NOT NULL,
  `nombre` varchar(191) COLLATE utf8mb4_unicode_ci NOT NULL,
  `vista_blade` text COLLATE utf8mb4_unicode_ci,
  `pdf_base_path` varchar(191) COLLATE utf8mb4_unicode_ci DEFAULT NULL,
  `tipo_plantilla` enum('blade','pdf_base') COLLATE utf8mb4_unicode_ci NOT NULL DEFAULT 'blade',
  `configuracion` json DEFAULT NULL,
  `habilitado` tinyint(1) NOT NULL DEFAULT '1',
  `created_at` timestamp NULL DEFAULT NULL,
  `updated_at` timestamp NULL DEFAULT NULL,
  `deleted_at` timestamp NULL DEFAULT NULL,
  PRIMARY KEY (`id`),
  UNIQUE KEY `unique_person_tipo_template` (`person_id`,`dc_orden_tipo_id`),
  KEY `dc_ordenes_pdf_templates_dc_orden_tipo_id_foreign` (`dc_orden_tipo_id`),
  CONSTRAINT `dc_ordenes_pdf_templates_dc_orden_tipo_id_foreign` FOREIGN KEY (`dc_orden_tipo_id`) REFERENCES `dc_ordenes_tipos` (`id`),
  CONSTRAINT `dc_ordenes_pdf_templates_person_id_foreign` FOREIGN KEY (`person_id`) REFERENCES `persons` (`id`)
) ENGINE=InnoDB DEFAULT CHARSET=utf8mb4 COLLATE=utf8mb4_unicode_ci;

--
-- Dumping data for table `dc_ordenes_pdf_templates`
--


--
-- Table structure for table `dc_ordenes_revocadas`
--

CREATE TABLE `dc_ordenes_revocadas` (
  `id` bigint(20) unsigned NOT NULL AUTO_INCREMENT,
  `user_id` int(10) unsigned DEFAULT NULL,
  `dc_orden_id` bigint(20) unsigned NOT NULL,
  `comentario` longtext COLLATE utf8mb4_unicode_ci,
  `created_at` timestamp NULL DEFAULT NULL,
  `updated_at` timestamp NULL DEFAULT NULL,
  `deleted_at` timestamp NULL DEFAULT NULL,
  PRIMARY KEY (`id`),
  KEY `dc_ordenes_revocadas_dc_orden_id_foreign` (`dc_orden_id`),
  CONSTRAINT `dc_ordenes_revocadas_dc_orden_id_foreign` FOREIGN KEY (`dc_orden_id`) REFERENCES `dc_ordenes` (`id`)
) ENGINE=InnoDB DEFAULT CHARSET=utf8mb4 COLLATE=utf8mb4_unicode_ci;

--
-- Dumping data for table `dc_ordenes_revocadas`
--


--
-- Table structure for table `dc_ordenes_servicio_compra`
--

CREATE TABLE `dc_ordenes_servicio_compra` (
  `id` int(10) unsigned NOT NULL AUTO_INCREMENT,
  `user_id` int(10) unsigned DEFAULT NULL,
  `dc_orden_id` bigint(20) unsigned NOT NULL,
  `dc_orden_detail_id` bigint(20) unsigned NOT NULL,
  `dc_orden_compra_id` bigint(20) unsigned NOT NULL,
  `dc_orden_compra_detail_id` bigint(20) unsigned NOT NULL,
  `created_at` timestamp NULL DEFAULT NULL,
  `updated_at` timestamp NULL DEFAULT NULL,
  `deleted_at` timestamp NULL DEFAULT NULL,
  PRIMARY KEY (`id`),
  KEY `dc_ordenes_servicio_compra_dc_orden_id_foreign` (`dc_orden_id`),
  KEY `dc_ordenes_servicio_compra_dc_orden_detail_id_foreign` (`dc_orden_detail_id`),
  KEY `dc_ordenes_servicio_compra_dc_orden_compra_id_foreign` (`dc_orden_compra_id`),
  KEY `dc_ordenes_servicio_compra_dc_orden_compra_detail_id_foreign` (`dc_orden_compra_detail_id`),
  CONSTRAINT `dc_ordenes_servicio_compra_dc_orden_compra_detail_id_foreign` FOREIGN KEY (`dc_orden_compra_detail_id`) REFERENCES `dc_ordenes_details` (`id`),
  CONSTRAINT `dc_ordenes_servicio_compra_dc_orden_compra_id_foreign` FOREIGN KEY (`dc_orden_compra_id`) REFERENCES `dc_ordenes` (`id`),
  CONSTRAINT `dc_ordenes_servicio_compra_dc_orden_detail_id_foreign` FOREIGN KEY (`dc_orden_detail_id`) REFERENCES `dc_ordenes_details` (`id`),
  CONSTRAINT `dc_ordenes_servicio_compra_dc_orden_id_foreign` FOREIGN KEY (`dc_orden_id`) REFERENCES `dc_ordenes` (`id`)
) ENGINE=InnoDB DEFAULT CHARSET=utf8mb4 COLLATE=utf8mb4_unicode_ci;

--
-- Dumping data for table `dc_ordenes_servicio_compra`
--


--
-- Table structure for table `dc_ordenes_tipos`
--

CREATE TABLE `dc_ordenes_tipos` (
  `id` bigint(20) unsigned NOT NULL AUTO_INCREMENT,
  `user_id` int(10) unsigned DEFAULT NULL,
  `descripcion` text COLLATE utf8mb4_unicode_ci NOT NULL,
  `usabilidad` longtext COLLATE utf8mb4_unicode_ci,
  `habilitado` tinyint(1) NOT NULL DEFAULT '1',
  `created_at` timestamp NULL DEFAULT NULL,
  `updated_at` timestamp NULL DEFAULT NULL,
  `deleted_at` timestamp NULL DEFAULT NULL,
  PRIMARY KEY (`id`)
) ENGINE=InnoDB AUTO_INCREMENT=23 DEFAULT CHARSET=utf8mb4 COLLATE=utf8mb4_unicode_ci;

--
-- Dumping data for table `dc_ordenes_tipos`
--

INSERT INTO `dc_ordenes_tipos` VALUES (1,NULL,'ORDEN DE COMPRAS',NULL,1,NULL,'2022-09-09 16:51:44',NULL),(2,NULL,'ORDEN DE VENTAS',NULL,1,NULL,'2022-09-09 16:51:44',NULL),(3,NULL,'PRESUPUESTO',NULL,1,NULL,NULL,NULL),(4,NULL,'REQUERIMIENTO',NULL,1,NULL,NULL,NULL),(5,NULL,'REMITO DE INGRESO',NULL,1,NULL,'2023-06-12 23:27:04',NULL),(6,NULL,'REMITO DE EGRESO',NULL,1,NULL,NULL,NULL),(7,NULL,'REMITO INTERNO',NULL,1,NULL,NULL,NULL),(8,NULL,'REMITO DE INGRESO','Es lo mismo que un remito de ingreso, \n        pero los productosa ingresar provienen de una Orden de Compra',1,NULL,NULL,NULL),(9,NULL,'REMITO DE SERVICIO','Es un remito de Ingreso de un servicio que se\n        asigna directo a una OT',1,NULL,NULL,NULL),(10,NULL,'ORDEN DE PAGO',NULL,1,'2023-09-28 16:29:43','2023-09-28 16:29:43',NULL),(11,NULL,'ANULACION REQUERIMIENTOS',NULL,1,'2024-04-02 23:07:28','2024-04-02 23:07:28',NULL),(12,NULL,'ANULACION COMPRAS PRODUCTOS',NULL,1,'2024-04-02 23:07:28','2024-04-02 23:07:28',NULL),(13,NULL,'ANULACION COMPRAS SERVICIOS',NULL,1,'2024-04-02 23:07:28','2024-04-02 23:07:28',NULL),(14,NULL,'REMITO DE GASTO',NULL,1,'2024-05-07 20:11:57','2024-05-07 20:11:57',NULL),(15,NULL,'COTIZACIONES',NULL,1,'2024-06-26 07:54:30','2024-06-26 07:54:30',NULL),(16,NULL,'REMITO INGRESO-DEVOLUCION',NULL,1,'2024-09-02 13:18:19','2024-09-02 13:18:19',NULL),(17,NULL,'REMITO EGRESO-DEVOLUCION',NULL,1,'2024-10-17 08:51:29','2024-10-17 08:51:29',NULL),(18,NULL,'REMITO','Es un remito de servicio, que no tiene ni ingreso ni egreso',1,'2024-12-03 21:47:31','2024-12-03 21:47:31',NULL),(19,NULL,'Remito de Cliente','Se usa en las Ordenes de Venta para demostrar que se entrego mercaderia al cliente',1,NULL,NULL,NULL),(20,NULL,'Orden de Compra de Cliente','Es la OC que envia el cliente para que se le haga el pedido',1,NULL,NULL,NULL),(21,NULL,'Solicitud de Facturacion','Es un documento que se usa para que se pueda facturar',1,NULL,NULL,NULL),(22,NULL,'Ordenes de Compra','Es una OC para Empresas',1,NULL,NULL,NULL);

--
-- Table structure for table `dc_ov_cta_cte_cliente`
--

CREATE TABLE `dc_ov_cta_cte_cliente` (
  `id` bigint(20) unsigned NOT NULL AUTO_INCREMENT,
  `user_id` int(10) unsigned DEFAULT NULL,
  `dc_orden_id` bigint(20) unsigned NOT NULL,
  `cta_cte_cliente_id` int(10) unsigned DEFAULT NULL,
  `created_at` timestamp NULL DEFAULT NULL,
  `updated_at` timestamp NULL DEFAULT NULL,
  `deleted_at` timestamp NULL DEFAULT NULL,
  PRIMARY KEY (`id`),
  KEY `dc_ov_cta_cte_cliente_dc_orden_id_foreign` (`dc_orden_id`),
  KEY `dc_ov_cta_cte_cliente_cta_cte_cliente_id_foreign` (`cta_cte_cliente_id`),
  CONSTRAINT `dc_ov_cta_cte_cliente_cta_cte_cliente_id_foreign` FOREIGN KEY (`cta_cte_cliente_id`) REFERENCES `cta_cte_cliente` (`id`),
  CONSTRAINT `dc_ov_cta_cte_cliente_dc_orden_id_foreign` FOREIGN KEY (`dc_orden_id`) REFERENCES `dc_ordenes` (`id`)
) ENGINE=InnoDB DEFAULT CHARSET=utf8mb4 COLLATE=utf8mb4_unicode_ci;

--
-- Dumping data for table `dc_ov_cta_cte_cliente`
--


--
-- Table structure for table `dc_ov_fact_electronicas`
--

CREATE TABLE `dc_ov_fact_electronicas` (
  `id` bigint(20) unsigned NOT NULL AUTO_INCREMENT,
  `user_id` int(10) unsigned DEFAULT NULL,
  `dc_orden_id` bigint(20) unsigned NOT NULL,
  `fact_elec_receipt_id` int(10) unsigned DEFAULT NULL,
  `created_at` timestamp NULL DEFAULT NULL,
  `updated_at` timestamp NULL DEFAULT NULL,
  `deleted_at` timestamp NULL DEFAULT NULL,
  PRIMARY KEY (`id`),
  KEY `dc_ov_fact_electronicas_dc_orden_id_foreign` (`dc_orden_id`),
  KEY `dc_ov_fact_electronicas_fact_elec_receipt_id_foreign` (`fact_elec_receipt_id`),
  CONSTRAINT `dc_ov_fact_electronicas_dc_orden_id_foreign` FOREIGN KEY (`dc_orden_id`) REFERENCES `dc_ordenes` (`id`),
  CONSTRAINT `dc_ov_fact_electronicas_fact_elec_receipt_id_foreign` FOREIGN KEY (`fact_elec_receipt_id`) REFERENCES `fact_elec_receipts` (`id`)
) ENGINE=InnoDB DEFAULT CHARSET=utf8mb4 COLLATE=utf8mb4_unicode_ci;

--
-- Dumping data for table `dc_ov_fact_electronicas`
--


--
-- Table structure for table `dc_ov_oc_presupuestos`
--

CREATE TABLE `dc_ov_oc_presupuestos` (
  `id` int(10) unsigned NOT NULL AUTO_INCREMENT,
  `user_id` int(10) unsigned DEFAULT NULL,
  `dc_orden_id` bigint(20) unsigned NOT NULL,
  `dc_orden_presupuesto_id` bigint(20) unsigned NOT NULL,
  `created_at` timestamp NULL DEFAULT NULL,
  `updated_at` timestamp NULL DEFAULT NULL,
  `deleted_at` timestamp NULL DEFAULT NULL,
  PRIMARY KEY (`id`),
  KEY `dc_ov_oc_presupuestos_dc_orden_id_foreign` (`dc_orden_id`),
  KEY `dc_ov_oc_presupuestos_dc_orden_presupuesto_id_foreign` (`dc_orden_presupuesto_id`),
  CONSTRAINT `dc_ov_oc_presupuestos_dc_orden_id_foreign` FOREIGN KEY (`dc_orden_id`) REFERENCES `dc_ordenes` (`id`),
  CONSTRAINT `dc_ov_oc_presupuestos_dc_orden_presupuesto_id_foreign` FOREIGN KEY (`dc_orden_presupuesto_id`) REFERENCES `dc_ordenes` (`id`)
) ENGINE=InnoDB DEFAULT CHARSET=utf8mb4 COLLATE=utf8mb4_unicode_ci;

--
-- Dumping data for table `dc_ov_oc_presupuestos`
--


--
-- Table structure for table `dc_ov_ocs`
--

CREATE TABLE `dc_ov_ocs` (
  `id` bigint(20) unsigned NOT NULL AUTO_INCREMENT,
  `user_id` int(10) unsigned DEFAULT NULL,
  `dc_orden_id` bigint(20) unsigned NOT NULL,
  `dc_orden_compra_id` bigint(20) unsigned NOT NULL,
  `created_at` timestamp NULL DEFAULT NULL,
  `updated_at` timestamp NULL DEFAULT NULL,
  `deleted_at` timestamp NULL DEFAULT NULL,
  PRIMARY KEY (`id`),
  KEY `dc_ov_ocs_dc_orden_id_foreign` (`dc_orden_id`),
  KEY `dc_ov_ocs_dc_orden_compra_id_foreign` (`dc_orden_compra_id`),
  CONSTRAINT `dc_ov_ocs_dc_orden_compra_id_foreign` FOREIGN KEY (`dc_orden_compra_id`) REFERENCES `dc_ordenes` (`id`),
  CONSTRAINT `dc_ov_ocs_dc_orden_id_foreign` FOREIGN KEY (`dc_orden_id`) REFERENCES `dc_ordenes` (`id`)
) ENGINE=InnoDB DEFAULT CHARSET=utf8mb4 COLLATE=utf8mb4_unicode_ci;

--
-- Dumping data for table `dc_ov_ocs`
--


--
-- Table structure for table `dc_ov_origenes`
--

CREATE TABLE `dc_ov_origenes` (
  `id` bigint(20) unsigned NOT NULL AUTO_INCREMENT,
  `user_id` int(10) unsigned DEFAULT NULL,
  `descripcion` varchar(191) COLLATE utf8mb4_unicode_ci NOT NULL,
  `habilitado` tinyint(1) NOT NULL DEFAULT '1',
  `created_at` timestamp NULL DEFAULT NULL,
  `updated_at` timestamp NULL DEFAULT NULL,
  `deleted_at` timestamp NULL DEFAULT NULL,
  PRIMARY KEY (`id`)
) ENGINE=InnoDB AUTO_INCREMENT=4 DEFAULT CHARSET=utf8mb4 COLLATE=utf8mb4_unicode_ci;

--
-- Dumping data for table `dc_ov_origenes`
--

INSERT INTO `dc_ov_origenes` VALUES (1,NULL,'Taller',1,NULL,NULL,NULL),(2,NULL,'Comercial',1,NULL,NULL,NULL),(3,NULL,'Repuestos',1,NULL,NULL,NULL);

--
-- Table structure for table `dc_ov_origenes_users`
--

CREATE TABLE `dc_ov_origenes_users` (
  `id` int(10) unsigned NOT NULL AUTO_INCREMENT,
  `dc_ov_origen_id` bigint(20) unsigned NOT NULL,
  `user_id` int(10) unsigned NOT NULL,
  `created_at` timestamp NULL DEFAULT NULL,
  `updated_at` timestamp NULL DEFAULT NULL,
  `deleted_at` timestamp NULL DEFAULT NULL,
  PRIMARY KEY (`id`),
  KEY `dc_ov_origenes_users_dc_ov_origen_id_foreign` (`dc_ov_origen_id`),
  CONSTRAINT `dc_ov_origenes_users_dc_ov_origen_id_foreign` FOREIGN KEY (`dc_ov_origen_id`) REFERENCES `dc_ov_origenes` (`id`) ON DELETE CASCADE
) ENGINE=InnoDB DEFAULT CHARSET=utf8mb4 COLLATE=utf8mb4_unicode_ci;

--
-- Dumping data for table `dc_ov_origenes_users`
--


--
-- Table structure for table `dc_ov_ots`
--

CREATE TABLE `dc_ov_ots` (
  `id` bigint(20) unsigned NOT NULL AUTO_INCREMENT,
  `user_id` int(10) unsigned DEFAULT NULL,
  `dc_orden_id` bigint(20) unsigned NOT NULL,
  `ot_id` bigint(20) unsigned NOT NULL,
  `created_at` timestamp NULL DEFAULT NULL,
  `updated_at` timestamp NULL DEFAULT NULL,
  `deleted_at` timestamp NULL DEFAULT NULL,
  PRIMARY KEY (`id`),
  KEY `dc_ov_ots_dc_orden_id_foreign` (`dc_orden_id`),
  KEY `dc_ov_ots_ot_id_foreign` (`ot_id`),
  CONSTRAINT `dc_ov_ots_dc_orden_id_foreign` FOREIGN KEY (`dc_orden_id`) REFERENCES `dc_ordenes` (`id`),
  CONSTRAINT `dc_ov_ots_ot_id_foreign` FOREIGN KEY (`ot_id`) REFERENCES `inv_orden_trabajos` (`id`)
) ENGINE=InnoDB DEFAULT CHARSET=utf8mb4 COLLATE=utf8mb4_unicode_ci;

--
-- Dumping data for table `dc_ov_ots`
--


--
-- Table structure for table `dc_ov_pres_clientes`
--

CREATE TABLE `dc_ov_pres_clientes` (
  `id` bigint(20) unsigned NOT NULL AUTO_INCREMENT,
  `user_id` int(10) unsigned DEFAULT NULL,
  `dc_orden_id` bigint(20) unsigned NOT NULL,
  `dc_orden_pres_id` bigint(20) unsigned NOT NULL,
  `created_at` timestamp NULL DEFAULT NULL,
  `updated_at` timestamp NULL DEFAULT NULL,
  `deleted_at` timestamp NULL DEFAULT NULL,
  PRIMARY KEY (`id`),
  KEY `dc_ov_pres_clientes_dc_orden_id_foreign` (`dc_orden_id`),
  KEY `dc_ov_pres_clientes_dc_orden_pres_id_foreign` (`dc_orden_pres_id`),
  CONSTRAINT `dc_ov_pres_clientes_dc_orden_id_foreign` FOREIGN KEY (`dc_orden_id`) REFERENCES `dc_ordenes` (`id`),
  CONSTRAINT `dc_ov_pres_clientes_dc_orden_pres_id_foreign` FOREIGN KEY (`dc_orden_pres_id`) REFERENCES `dc_ordenes` (`id`)
) ENGINE=InnoDB DEFAULT CHARSET=utf8mb4 COLLATE=utf8mb4_unicode_ci;

--
-- Dumping data for table `dc_ov_pres_clientes`
--


--
-- Table structure for table `dc_ov_rem_clientes`
--

CREATE TABLE `dc_ov_rem_clientes` (
  `id` bigint(20) unsigned NOT NULL AUTO_INCREMENT,
  `user_id` int(10) unsigned DEFAULT NULL,
  `dc_orden_id` bigint(20) unsigned NOT NULL,
  `dc_orden_rem_id` bigint(20) unsigned NOT NULL,
  `created_at` timestamp NULL DEFAULT NULL,
  `updated_at` timestamp NULL DEFAULT NULL,
  `deleted_at` timestamp NULL DEFAULT NULL,
  PRIMARY KEY (`id`),
  KEY `dc_ov_rem_clientes_dc_orden_id_foreign` (`dc_orden_id`),
  KEY `dc_ov_rem_clientes_dc_orden_rem_id_foreign` (`dc_orden_rem_id`),
  CONSTRAINT `dc_ov_rem_clientes_dc_orden_id_foreign` FOREIGN KEY (`dc_orden_id`) REFERENCES `dc_ordenes` (`id`),
  CONSTRAINT `dc_ov_rem_clientes_dc_orden_rem_id_foreign` FOREIGN KEY (`dc_orden_rem_id`) REFERENCES `dc_ordenes` (`id`)
) ENGINE=InnoDB DEFAULT CHARSET=utf8mb4 COLLATE=utf8mb4_unicode_ci;

--
-- Dumping data for table `dc_ov_rem_clientes`
--


--
-- Table structure for table `dc_ov_remc_occ`
--

CREATE TABLE `dc_ov_remc_occ` (
  `id` bigint(20) unsigned NOT NULL AUTO_INCREMENT,
  `dc_orden_id` bigint(20) unsigned DEFAULT NULL,
  `dc_orden_detail_id` bigint(20) unsigned DEFAULT NULL,
  `dc_occ_id` bigint(20) unsigned DEFAULT NULL,
  `dc_occ_detail_id` bigint(20) unsigned DEFAULT NULL,
  `user_id` bigint(20) unsigned DEFAULT NULL,
  `created_at` timestamp NULL DEFAULT NULL,
  `updated_at` timestamp NULL DEFAULT NULL,
  `deleted_at` timestamp NULL DEFAULT NULL,
  PRIMARY KEY (`id`),
  KEY `dc_ov_remc_occ_dc_orden_id_foreign` (`dc_orden_id`),
  KEY `dc_ov_remc_occ_dc_orden_detail_id_foreign` (`dc_orden_detail_id`),
  KEY `dc_ov_remc_occ_dc_occ_id_foreign` (`dc_occ_id`),
  KEY `dc_ov_remc_occ_dc_occ_detail_id_foreign` (`dc_occ_detail_id`),
  CONSTRAINT `dc_ov_remc_occ_dc_occ_detail_id_foreign` FOREIGN KEY (`dc_occ_detail_id`) REFERENCES `dc_ordenes_details` (`id`),
  CONSTRAINT `dc_ov_remc_occ_dc_occ_id_foreign` FOREIGN KEY (`dc_occ_id`) REFERENCES `dc_ordenes` (`id`),
  CONSTRAINT `dc_ov_remc_occ_dc_orden_detail_id_foreign` FOREIGN KEY (`dc_orden_detail_id`) REFERENCES `dc_ordenes_details` (`id`),
  CONSTRAINT `dc_ov_remc_occ_dc_orden_id_foreign` FOREIGN KEY (`dc_orden_id`) REFERENCES `dc_ordenes` (`id`)
) ENGINE=InnoDB DEFAULT CHARSET=utf8mb4 COLLATE=utf8mb4_unicode_ci;

--
-- Dumping data for table `dc_ov_remc_occ`
--


--
-- Table structure for table `dc_ov_sol_facturacion`
--

CREATE TABLE `dc_ov_sol_facturacion` (
  `id` bigint(20) unsigned NOT NULL AUTO_INCREMENT,
  `user_id` int(10) unsigned DEFAULT NULL,
  `dc_orden_id` bigint(20) unsigned NOT NULL,
  `dc_sol_facturacion_id` bigint(20) unsigned NOT NULL,
  `created_at` timestamp NULL DEFAULT NULL,
  `updated_at` timestamp NULL DEFAULT NULL,
  `deleted_at` timestamp NULL DEFAULT NULL,
  PRIMARY KEY (`id`),
  KEY `dc_ov_sol_facturacion_dc_orden_id_foreign` (`dc_orden_id`),
  KEY `dc_ov_sol_facturacion_dc_sol_facturacion_id_foreign` (`dc_sol_facturacion_id`),
  CONSTRAINT `dc_ov_sol_facturacion_dc_orden_id_foreign` FOREIGN KEY (`dc_orden_id`) REFERENCES `dc_ordenes` (`id`),
  CONSTRAINT `dc_ov_sol_facturacion_dc_sol_facturacion_id_foreign` FOREIGN KEY (`dc_sol_facturacion_id`) REFERENCES `dc_ordenes` (`id`)
) ENGINE=InnoDB DEFAULT CHARSET=utf8mb4 COLLATE=utf8mb4_unicode_ci;

--
-- Dumping data for table `dc_ov_sol_facturacion`
--


--
-- Table structure for table `dc_ov_status_cobranza`
--

CREATE TABLE `dc_ov_status_cobranza` (
  `id` bigint(20) unsigned NOT NULL AUTO_INCREMENT,
  `user_id` int(10) unsigned DEFAULT NULL,
  `descripcion` varchar(191) COLLATE utf8mb4_unicode_ci NOT NULL,
  `habilitado` tinyint(1) NOT NULL DEFAULT '1',
  `created_at` timestamp NULL DEFAULT NULL,
  `updated_at` timestamp NULL DEFAULT NULL,
  `deleted_at` timestamp NULL DEFAULT NULL,
  PRIMARY KEY (`id`)
) ENGINE=InnoDB AUTO_INCREMENT=4 DEFAULT CHARSET=utf8mb4 COLLATE=utf8mb4_unicode_ci;

--
-- Dumping data for table `dc_ov_status_cobranza`
--

INSERT INTO `dc_ov_status_cobranza` VALUES (1,NULL,'Pendiente',1,NULL,NULL,NULL),(2,NULL,'Parcial',1,NULL,NULL,NULL),(3,NULL,'Completa',1,NULL,NULL,NULL);

--
-- Table structure for table `dc_ov_status_entrega`
--

CREATE TABLE `dc_ov_status_entrega` (
  `id` bigint(20) unsigned NOT NULL AUTO_INCREMENT,
  `user_id` int(10) unsigned DEFAULT NULL,
  `descripcion` varchar(191) COLLATE utf8mb4_unicode_ci NOT NULL,
  `habilitado` tinyint(1) NOT NULL DEFAULT '1',
  `created_at` timestamp NULL DEFAULT NULL,
  `updated_at` timestamp NULL DEFAULT NULL,
  `deleted_at` timestamp NULL DEFAULT NULL,
  PRIMARY KEY (`id`)
) ENGINE=InnoDB AUTO_INCREMENT=4 DEFAULT CHARSET=utf8mb4 COLLATE=utf8mb4_unicode_ci;

--
-- Dumping data for table `dc_ov_status_entrega`
--

INSERT INTO `dc_ov_status_entrega` VALUES (1,NULL,'Pendiente',1,NULL,NULL,NULL),(2,NULL,'Parcial',1,NULL,NULL,NULL),(3,NULL,'Completa',1,NULL,NULL,NULL);

--
-- Table structure for table `dc_ov_status_factura`
--

CREATE TABLE `dc_ov_status_factura` (
  `id` bigint(20) unsigned NOT NULL AUTO_INCREMENT,
  `user_id` int(10) unsigned DEFAULT NULL,
  `descripcion` varchar(191) COLLATE utf8mb4_unicode_ci NOT NULL,
  `habilitado` tinyint(1) NOT NULL DEFAULT '1',
  `created_at` timestamp NULL DEFAULT NULL,
  `updated_at` timestamp NULL DEFAULT NULL,
  `deleted_at` timestamp NULL DEFAULT NULL,
  PRIMARY KEY (`id`)
) ENGINE=InnoDB AUTO_INCREMENT=5 DEFAULT CHARSET=utf8mb4 COLLATE=utf8mb4_unicode_ci;

--
-- Dumping data for table `dc_ov_status_factura`
--

INSERT INTO `dc_ov_status_factura` VALUES (1,NULL,'Pendiente',1,NULL,NULL,NULL),(2,NULL,'Facturable',1,NULL,NULL,NULL),(3,NULL,'Facturado Parcialmente',1,NULL,NULL,NULL),(4,NULL,'Facturado Totalmente',1,NULL,NULL,NULL);

--
-- Table structure for table `dc_ov_status_venta`
--

CREATE TABLE `dc_ov_status_venta` (
  `id` bigint(20) unsigned NOT NULL AUTO_INCREMENT,
  `user_id` int(10) unsigned DEFAULT NULL,
  `descripcion` varchar(191) COLLATE utf8mb4_unicode_ci NOT NULL,
  `habilitado` tinyint(1) NOT NULL DEFAULT '1',
  `created_at` timestamp NULL DEFAULT NULL,
  `updated_at` timestamp NULL DEFAULT NULL,
  `deleted_at` timestamp NULL DEFAULT NULL,
  PRIMARY KEY (`id`)
) ENGINE=InnoDB AUTO_INCREMENT=5 DEFAULT CHARSET=utf8mb4 COLLATE=utf8mb4_unicode_ci;

--
-- Dumping data for table `dc_ov_status_venta`
--

INSERT INTO `dc_ov_status_venta` VALUES (1,NULL,'Pendiente',1,NULL,NULL,NULL),(2,NULL,'Presupuesto',1,NULL,NULL,NULL),(3,NULL,'Venta',1,NULL,NULL,NULL),(4,NULL,'Rechazada',1,NULL,NULL,NULL);

--
-- Table structure for table `dc_sol_fac_occ`
--

CREATE TABLE `dc_sol_fac_occ` (
  `id` bigint(20) unsigned NOT NULL AUTO_INCREMENT,
  `user_id` int(10) unsigned DEFAULT NULL,
  `dc_orden_id` bigint(20) unsigned NOT NULL COMMENT 'Solicitud Facturación (tipo 21)',
  `dc_orden_detail_id` bigint(20) unsigned NOT NULL COMMENT 'Detalle de SF',
  `dc_occ_id` bigint(20) unsigned NOT NULL COMMENT 'OC Cliente (tipo 20)',
  `dc_occ_detail_id` bigint(20) unsigned NOT NULL COMMENT 'Detalle de OCC',
  `created_at` timestamp NULL DEFAULT NULL,
  `updated_at` timestamp NULL DEFAULT NULL,
  `deleted_at` timestamp NULL DEFAULT NULL,
  PRIMARY KEY (`id`),
  KEY `idx_sf` (`dc_orden_id`),
  KEY `idx_occ` (`dc_occ_id`),
  KEY `dc_sol_fac_occ_dc_orden_detail_id_foreign` (`dc_orden_detail_id`),
  KEY `dc_sol_fac_occ_dc_occ_detail_id_foreign` (`dc_occ_detail_id`),
  CONSTRAINT `dc_sol_fac_occ_dc_occ_detail_id_foreign` FOREIGN KEY (`dc_occ_detail_id`) REFERENCES `dc_ordenes_details` (`id`),
  CONSTRAINT `dc_sol_fac_occ_dc_occ_id_foreign` FOREIGN KEY (`dc_occ_id`) REFERENCES `dc_ordenes` (`id`),
  CONSTRAINT `dc_sol_fac_occ_dc_orden_detail_id_foreign` FOREIGN KEY (`dc_orden_detail_id`) REFERENCES `dc_ordenes_details` (`id`),
  CONSTRAINT `dc_sol_fac_occ_dc_orden_id_foreign` FOREIGN KEY (`dc_orden_id`) REFERENCES `dc_ordenes` (`id`)
) ENGINE=InnoDB DEFAULT CHARSET=utf8mb4 COLLATE=utf8mb4_unicode_ci;

--
-- Dumping data for table `dc_sol_fac_occ`
--


--
-- Table structure for table `despachos`
--

CREATE TABLE `despachos` (
  `id` bigint(20) unsigned NOT NULL AUTO_INCREMENT,
  `user_id` int(10) unsigned DEFAULT NULL,
  `person_id` int(10) unsigned NOT NULL,
  `person_id_relationed` int(10) unsigned NOT NULL,
  `moneda_id` int(10) unsigned NOT NULL,
  `fecha` datetime NOT NULL DEFAULT '2025-04-28 16:08:43',
  `is_ponderacion_autom` tinyint(1) NOT NULL DEFAULT '1',
  `is_garantia` tinyint(1) NOT NULL DEFAULT '0',
  `numero` int(10) unsigned DEFAULT NULL,
  `comentario` longtext COLLATE utf8mb4_unicode_ci,
  `total` decimal(16,2) NOT NULL DEFAULT '0.00',
  `total_parte_1` decimal(16,2) NOT NULL DEFAULT '0.00',
  `total_parte_2` decimal(16,2) NOT NULL DEFAULT '0.00',
  `total_parte_3` decimal(16,2) NOT NULL DEFAULT '0.00',
  `cotizacion` decimal(16,2) NOT NULL DEFAULT '0.00',
  `created_at` timestamp NULL DEFAULT NULL,
  `updated_at` timestamp NULL DEFAULT NULL,
  `deleted_at` timestamp NULL DEFAULT NULL,
  PRIMARY KEY (`id`),
  KEY `despachos_person_id_foreign` (`person_id`),
  KEY `despachos_person_id_relationed_foreign` (`person_id_relationed`),
  KEY `despachos_moneda_id_foreign` (`moneda_id`),
  CONSTRAINT `despachos_moneda_id_foreign` FOREIGN KEY (`moneda_id`) REFERENCES `monedas` (`id`),
  CONSTRAINT `despachos_person_id_foreign` FOREIGN KEY (`person_id`) REFERENCES `persons` (`id`),
  CONSTRAINT `despachos_person_id_relationed_foreign` FOREIGN KEY (`person_id_relationed`) REFERENCES `persons` (`id`)
) ENGINE=InnoDB DEFAULT CHARSET=utf8mb4 COLLATE=utf8mb4_unicode_ci;

--
-- Dumping data for table `despachos`
--


--
-- Table structure for table `despachos_cierres`
--

CREATE TABLE `despachos_cierres` (
  `id` bigint(20) unsigned NOT NULL AUTO_INCREMENT,
  `user_id` int(10) unsigned DEFAULT NULL,
  `despacho_id` bigint(20) unsigned NOT NULL,
  `receipt_id` int(10) unsigned DEFAULT NULL,
  `dc_orden_id` bigint(20) unsigned NOT NULL,
  `dc_orden_detail_id` bigint(20) unsigned NOT NULL,
  `inv_producto_id` bigint(20) unsigned DEFAULT NULL,
  `costo_antes` decimal(16,2) NOT NULL DEFAULT '0.00',
  `cantidades` decimal(16,2) DEFAULT '0.00',
  `precio_x_cantidad` decimal(16,2) DEFAULT '0.00',
  `ratio` decimal(16,4) NOT NULL DEFAULT '0.0000',
  `incremento` decimal(16,2) NOT NULL DEFAULT '0.00',
  `incremento_x_cantidad` decimal(16,2) DEFAULT '0.00',
  `costo_despues` decimal(16,2) NOT NULL DEFAULT '0.00',
  `created_at` timestamp NULL DEFAULT NULL,
  `updated_at` timestamp NULL DEFAULT NULL,
  `deleted_at` timestamp NULL DEFAULT NULL,
  PRIMARY KEY (`id`),
  KEY `despachos_cierres_despacho_id_foreign` (`despacho_id`),
  KEY `despachos_cierres_receipt_id_foreign` (`receipt_id`),
  KEY `despachos_cierres_dc_orden_id_foreign` (`dc_orden_id`),
  KEY `despachos_cierres_dc_orden_detail_id_foreign` (`dc_orden_detail_id`),
  KEY `despachos_cierres_inv_producto_id_foreign` (`inv_producto_id`),
  CONSTRAINT `despachos_cierres_dc_orden_detail_id_foreign` FOREIGN KEY (`dc_orden_detail_id`) REFERENCES `dc_ordenes_details` (`id`),
  CONSTRAINT `despachos_cierres_dc_orden_id_foreign` FOREIGN KEY (`dc_orden_id`) REFERENCES `dc_ordenes` (`id`),
  CONSTRAINT `despachos_cierres_despacho_id_foreign` FOREIGN KEY (`despacho_id`) REFERENCES `despachos` (`id`),
  CONSTRAINT `despachos_cierres_inv_producto_id_foreign` FOREIGN KEY (`inv_producto_id`) REFERENCES `inv_productos` (`id`),
  CONSTRAINT `despachos_cierres_receipt_id_foreign` FOREIGN KEY (`receipt_id`) REFERENCES `receipts` (`id`)
) ENGINE=InnoDB DEFAULT CHARSET=utf8mb4 COLLATE=utf8mb4_unicode_ci;

--
-- Dumping data for table `despachos_cierres`
--


--
-- Table structure for table `despachos_details`
--

CREATE TABLE `despachos_details` (
  `id` bigint(20) unsigned NOT NULL AUTO_INCREMENT,
  `user_id` int(10) unsigned DEFAULT NULL,
  `despacho_id` bigint(20) unsigned NOT NULL,
  `despacho_parte_id` bigint(20) unsigned NOT NULL,
  `receipt_id` int(10) unsigned DEFAULT NULL,
  `porcentaje_ponderacion` decimal(8,2) NOT NULL DEFAULT '0.00',
  `created_at` timestamp NULL DEFAULT NULL,
  `updated_at` timestamp NULL DEFAULT NULL,
  `deleted_at` timestamp NULL DEFAULT NULL,
  PRIMARY KEY (`id`),
  KEY `despachos_details_despacho_id_foreign` (`despacho_id`),
  KEY `despachos_details_despacho_parte_id_foreign` (`despacho_parte_id`),
  KEY `despachos_details_receipt_id_foreign` (`receipt_id`),
  CONSTRAINT `despachos_details_despacho_id_foreign` FOREIGN KEY (`despacho_id`) REFERENCES `despachos` (`id`),
  CONSTRAINT `despachos_details_despacho_parte_id_foreign` FOREIGN KEY (`despacho_parte_id`) REFERENCES `despachos_partes` (`id`),
  CONSTRAINT `despachos_details_receipt_id_foreign` FOREIGN KEY (`receipt_id`) REFERENCES `receipts` (`id`)
) ENGINE=InnoDB DEFAULT CHARSET=utf8mb4 COLLATE=utf8mb4_unicode_ci;

--
-- Dumping data for table `despachos_details`
--


--
-- Table structure for table `despachos_files`
--

CREATE TABLE `despachos_files` (
  `id` bigint(20) unsigned NOT NULL AUTO_INCREMENT,
  `user_id` int(10) unsigned DEFAULT NULL,
  `despacho_id` bigint(20) unsigned NOT NULL,
  `descripcion` varchar(255) COLLATE utf8mb4_unicode_ci DEFAULT NULL,
  `path` varchar(191) COLLATE utf8mb4_unicode_ci DEFAULT NULL,
  `name_original` varchar(191) COLLATE utf8mb4_unicode_ci DEFAULT NULL,
  `created_at` timestamp NULL DEFAULT NULL,
  `updated_at` timestamp NULL DEFAULT NULL,
  `deleted_at` timestamp NULL DEFAULT NULL,
  PRIMARY KEY (`id`),
  KEY `despachos_files_despacho_id_foreign` (`despacho_id`),
  CONSTRAINT `despachos_files_despacho_id_foreign` FOREIGN KEY (`despacho_id`) REFERENCES `despachos` (`id`)
) ENGINE=InnoDB DEFAULT CHARSET=utf8mb4 COLLATE=utf8mb4_unicode_ci;

--
-- Dumping data for table `despachos_files`
--


--
-- Table structure for table `despachos_partes`
--

CREATE TABLE `despachos_partes` (
  `id` bigint(20) unsigned NOT NULL AUTO_INCREMENT,
  `user_id` int(10) unsigned DEFAULT NULL,
  `descripcion` varchar(255) COLLATE utf8mb4_unicode_ci DEFAULT NULL,
  `habilitado` tinyint(1) NOT NULL DEFAULT '1',
  `created_at` timestamp NULL DEFAULT NULL,
  `updated_at` timestamp NULL DEFAULT NULL,
  `deleted_at` timestamp NULL DEFAULT NULL,
  PRIMARY KEY (`id`)
) ENGINE=InnoDB AUTO_INCREMENT=4 DEFAULT CHARSET=utf8mb4 COLLATE=utf8mb4_unicode_ci;

--
-- Dumping data for table `despachos_partes`
--

INSERT INTO `despachos_partes` VALUES (1,NULL,'Facturas del Proveedor',1,NULL,NULL,NULL),(2,NULL,'Despachos de Importacion',1,NULL,NULL,NULL),(3,NULL,'Facturas de Logistica',1,NULL,NULL,NULL);

--
-- Table structure for table `deudas_impositivas`
--

CREATE TABLE `deudas_impositivas` (
  `id` int(10) unsigned NOT NULL AUTO_INCREMENT,
  `user_id` int(10) unsigned DEFAULT NULL,
  `person_id` int(10) unsigned NOT NULL,
  `vto_impuesto_id` int(10) unsigned NOT NULL,
  `periodo_deuda` varchar(191) COLLATE utf8mb4_unicode_ci DEFAULT NULL,
  `concepto` varchar(191) COLLATE utf8mb4_unicode_ci DEFAULT NULL,
  `importe` decimal(16,2) NOT NULL DEFAULT '0.00',
  `created_at` timestamp NULL DEFAULT NULL,
  `updated_at` timestamp NULL DEFAULT NULL,
  `deleted_at` timestamp NULL DEFAULT NULL,
  PRIMARY KEY (`id`),
  KEY `deudas_impositivas_vto_impuesto_id_foreign` (`vto_impuesto_id`),
  KEY `deudas_impositivas_person_id_foreign` (`person_id`),
  CONSTRAINT `deudas_impositivas_person_id_foreign` FOREIGN KEY (`person_id`) REFERENCES `persons` (`id`),
  CONSTRAINT `deudas_impositivas_vto_impuesto_id_foreign` FOREIGN KEY (`vto_impuesto_id`) REFERENCES `vto_impuestos` (`id`)
) ENGINE=InnoDB DEFAULT CHARSET=utf8mb4 COLLATE=utf8mb4_unicode_ci;

--
-- Dumping data for table `deudas_impositivas`
--


--
-- Table structure for table `ejer_anteriores`
--

CREATE TABLE `ejer_anteriores` (
  `id` int(10) unsigned NOT NULL AUTO_INCREMENT,
  `user_id` int(10) unsigned DEFAULT NULL,
  `person_id` int(10) unsigned NOT NULL,
  `anio` int(11) NOT NULL,
  `ventas` decimal(16,2) DEFAULT NULL,
  `compras` decimal(16,2) DEFAULT NULL,
  `sueldos` decimal(16,2) DEFAULT NULL,
  `impuesto` decimal(16,2) DEFAULT NULL,
  `apagar` decimal(16,2) DEFAULT NULL,
  `afavor` decimal(16,2) DEFAULT NULL,
  `comentario` varchar(255) COLLATE utf8mb4_unicode_ci DEFAULT NULL,
  `created_at` timestamp NULL DEFAULT NULL,
  `updated_at` timestamp NULL DEFAULT NULL,
  `deleted_at` timestamp NULL DEFAULT NULL,
  PRIMARY KEY (`id`),
  KEY `ejer_anteriores_person_id_foreign` (`person_id`),
  CONSTRAINT `ejer_anteriores_person_id_foreign` FOREIGN KEY (`person_id`) REFERENCES `persons` (`id`)
) ENGINE=InnoDB DEFAULT CHARSET=utf8mb4 COLLATE=utf8mb4_unicode_ci;

--
-- Dumping data for table `ejer_anteriores`
--


--
-- Table structure for table `estado_civil`
--

CREATE TABLE `estado_civil` (
  `id` int(10) unsigned NOT NULL AUTO_INCREMENT,
  `user_id` int(10) unsigned DEFAULT NULL,
  `descripcion` varchar(191) COLLATE utf8mb4_unicode_ci NOT NULL,
  `habilitado` tinyint(1) NOT NULL DEFAULT '1',
  `created_at` timestamp NULL DEFAULT NULL,
  `updated_at` timestamp NULL DEFAULT NULL,
  `deleted_at` timestamp NULL DEFAULT NULL,
  PRIMARY KEY (`id`),
  UNIQUE KEY `estado_civil_descripcion_unique` (`descripcion`)
) ENGINE=InnoDB AUTO_INCREMENT=8 DEFAULT CHARSET=utf8mb4 COLLATE=utf8mb4_unicode_ci;

--
-- Dumping data for table `estado_civil`
--

INSERT INTO `estado_civil` VALUES (1,NULL,'Separado Legal',1,'2020-05-28 20:55:23','2020-05-28 20:55:23',NULL),(2,NULL,'Separado de Hecho',1,'2020-05-28 20:55:23','2020-05-28 20:55:23',NULL),(3,NULL,'Divorciado',1,'2020-05-28 20:55:23','2020-05-28 20:55:23',NULL),(4,NULL,'Convivencia',1,'2020-05-28 20:55:23','2020-05-28 20:55:23',NULL),(5,NULL,'Soltero',1,'2020-05-28 20:55:23','2020-05-28 20:55:23',NULL),(6,NULL,'Casado',1,'2020-05-28 20:55:23','2020-05-28 20:55:23',NULL),(7,NULL,'Viudo',1,'2020-05-28 20:55:23','2020-05-28 20:55:23',NULL);

--
-- Table structure for table `fa_masiva`
--

CREATE TABLE `fa_masiva` (
  `id` int(10) unsigned NOT NULL AUTO_INCREMENT,
  `person_id` int(11) NOT NULL,
  `user_id` int(11) NOT NULL,
  `created_at` timestamp NULL DEFAULT NULL,
  `updated_at` timestamp NULL DEFAULT NULL,
  `deleted_at` timestamp NULL DEFAULT NULL,
  PRIMARY KEY (`id`)
) ENGINE=InnoDB AUTO_INCREMENT=2 DEFAULT CHARSET=utf8mb4 COLLATE=utf8mb4_unicode_ci;

--
-- Dumping data for table `fa_masiva`
--

INSERT INTO `fa_masiva` VALUES (1,40719,7566,'2025-03-05 18:13:03','2025-03-05 18:13:03',NULL);

--
-- Table structure for table `fa_masiva_detalle`
--

CREATE TABLE `fa_masiva_detalle` (
  `id` int(10) unsigned NOT NULL AUTO_INCREMENT,
  `user_id` int(10) unsigned DEFAULT NULL,
  `fa_masiva_id` int(11) NOT NULL,
  `cliente_id` int(11) NOT NULL,
  `tipo_comprobante_id` int(10) unsigned NOT NULL DEFAULT '1',
  `zone_id` int(10) unsigned NOT NULL DEFAULT '22',
  `activity_id` int(10) unsigned NOT NULL DEFAULT '1',
  `cond_frente_iva_id` int(10) unsigned NOT NULL DEFAULT '1',
  `system_tax_id` int(10) unsigned NOT NULL DEFAULT '1',
  `concepto_id` int(10) unsigned NOT NULL DEFAULT '1',
  `taxable_iibb` int(10) unsigned NOT NULL DEFAULT '2',
  `renglon1` varchar(180) COLLATE utf8mb4_unicode_ci DEFAULT NULL,
  `importe1` decimal(20,2) DEFAULT NULL,
  `renglon2` varchar(180) COLLATE utf8mb4_unicode_ci DEFAULT NULL,
  `importe2` decimal(20,2) DEFAULT NULL,
  `renglon3` varchar(180) COLLATE utf8mb4_unicode_ci DEFAULT NULL,
  `importe3` decimal(20,2) DEFAULT NULL,
  `punto_venta_id` int(11) DEFAULT NULL,
  `fecha_comprobante` date DEFAULT NULL,
  `fecha_facturado_desde` date DEFAULT NULL,
  `fecha_facturado_hasta` date DEFAULT NULL,
  `fecha_vencimiento_pago` date DEFAULT NULL,
  `created_at` timestamp NULL DEFAULT NULL,
  `updated_at` timestamp NULL DEFAULT NULL,
  `deleted_at` timestamp NULL DEFAULT NULL,
  PRIMARY KEY (`id`),
  KEY `fa_masiva_detalle_concepto_id_foreign` (`concepto_id`),
  KEY `fa_masiva_detalle_system_tax_id_foreign` (`system_tax_id`),
  KEY `fa_masiva_detalle_cond_frente_iva_id_foreign` (`cond_frente_iva_id`),
  KEY `fa_masiva_detalle_zone_id_foreign` (`zone_id`),
  KEY `fa_masiva_detalle_tipo_comprobante_id_foreign` (`tipo_comprobante_id`),
  KEY `fa_masiva_detalle_activity_id_foreign` (`activity_id`),
  CONSTRAINT `fa_masiva_detalle_activity_id_foreign` FOREIGN KEY (`activity_id`) REFERENCES `activities` (`id`),
  CONSTRAINT `fa_masiva_detalle_concepto_id_foreign` FOREIGN KEY (`concepto_id`) REFERENCES `fact_elec_conceptos_afip` (`id`),
  CONSTRAINT `fa_masiva_detalle_cond_frente_iva_id_foreign` FOREIGN KEY (`cond_frente_iva_id`) REFERENCES `fac_elec_cond_frente_iva` (`id`),
  CONSTRAINT `fa_masiva_detalle_system_tax_id_foreign` FOREIGN KEY (`system_tax_id`) REFERENCES `system_taxes` (`id`),
  CONSTRAINT `fa_masiva_detalle_tipo_comprobante_id_foreign` FOREIGN KEY (`tipo_comprobante_id`) REFERENCES `receipt_types` (`id`),
  CONSTRAINT `fa_masiva_detalle_zone_id_foreign` FOREIGN KEY (`zone_id`) REFERENCES `zones` (`id`)
) ENGINE=InnoDB AUTO_INCREMENT=45 DEFAULT CHARSET=utf8mb4 COLLATE=utf8mb4_unicode_ci;

--
-- Dumping data for table `fa_masiva_detalle`
--

INSERT INTO `fa_masiva_detalle` VALUES (1,7566,1,40884,7,13,849,6,7,2,2,'Servicios correspondientes al mes de abril 2025',13000.00,NULL,NULL,NULL,NULL,1,NULL,'2025-04-01','2025-04-30','2025-04-10','2025-03-05 18:13:03','2025-04-09 20:18:21',NULL),(2,7566,1,40809,7,13,849,6,7,2,2,'Servicios correspondientes al mes de marzo 2025',21000.00,NULL,NULL,NULL,NULL,1,NULL,'2025-04-09','2025-04-09','2025-04-10','2025-03-05 18:45:47','2025-04-09 20:05:11',NULL),(3,7566,1,40885,7,13,849,6,7,2,2,'Servicios correspondientes al mes de abril 2025',13000.00,NULL,NULL,NULL,NULL,1,NULL,'2025-04-01','2025-04-30','2025-04-10','2025-03-05 18:48:48','2025-04-09 20:05:59',NULL),(4,7566,1,40811,7,13,849,6,7,2,2,'Servicios correspondientes al mes de abril 2025',17000.00,NULL,NULL,NULL,NULL,1,NULL,'2025-04-01','2025-04-30','2025-04-10','2025-03-05 19:13:50','2025-04-09 20:06:31',NULL),(5,7566,1,40886,7,13,849,6,7,2,2,'Servicios correspondientes al mes de abril 2025',13000.00,NULL,NULL,NULL,NULL,1,NULL,'2025-04-01','2025-04-30','2025-04-10','2025-03-05 19:16:05','2025-04-09 20:07:03',NULL),(20,7566,1,40808,7,13,849,6,7,2,2,'Servicios correspondientes al mes de abril 2025',18000.00,NULL,NULL,NULL,NULL,1,NULL,'2025-04-01','2025-04-30','2025-04-10','2025-03-05 20:12:42','2025-04-09 20:07:42',NULL),(25,7566,1,40812,7,22,849,6,7,2,2,'Servicios correspondientes al mes de marzo 2025',30000.00,NULL,NULL,NULL,NULL,1,NULL,'2025-04-09','2025-04-09','2025-04-10','2025-04-09 18:21:06','2025-04-09 20:08:16',NULL),(26,7566,1,40798,7,13,849,6,7,2,2,'Servicios correspondientes al mes de abril 2025',15000.00,NULL,NULL,NULL,NULL,1,NULL,'2025-04-01','2025-04-30','2025-04-10','2025-04-09 18:22:52','2025-04-09 20:08:41',NULL),(27,7566,1,40798,7,13,849,6,7,2,2,'Reintegro por gastos',42221.31,NULL,NULL,NULL,NULL,1,NULL,'2025-04-09','2025-04-09','2025-04-10','2025-04-09 18:23:58','2025-04-10 18:59:24',NULL),(28,7566,1,40720,7,13,849,1,7,2,2,'Servicios correspondientes al mes de marzo 2025',92000.00,NULL,NULL,NULL,NULL,1,NULL,'2025-04-09','2025-04-09','2025-04-10','2025-04-09 18:24:59','2025-04-09 20:09:27',NULL),(29,7566,1,40799,7,13,849,6,7,2,2,'Servicios correspondientes al mes de marzo 2025',16300.00,NULL,NULL,NULL,NULL,1,NULL,'2025-04-09','2025-04-09','2025-04-10','2025-04-09 18:25:50','2025-04-09 20:09:52',NULL),(31,7566,1,40887,7,13,849,6,7,2,2,'Servicios correspondientes al mes de abril 2025',18800.00,NULL,NULL,NULL,NULL,1,NULL,'2025-04-01','2025-04-30','2025-04-10','2025-04-09 18:27:35','2025-04-09 20:10:16',NULL),(32,7566,1,40887,7,13,849,6,7,2,2,'Reintegro por gastos',69584.48,NULL,NULL,NULL,NULL,1,NULL,'2025-04-09','2025-04-09','2025-04-10','2025-04-09 18:28:21','2025-04-10 18:59:12',NULL),(33,7566,1,40800,7,13,849,6,7,2,2,'Servicios correspondientes al mes de abril 2025',15000.00,NULL,NULL,NULL,NULL,1,NULL,'2025-04-01','2025-04-30','2025-04-10','2025-04-09 18:29:32','2025-04-09 20:11:11',NULL),(34,7566,1,40888,7,13,849,6,7,2,2,'Servicios correspondientes al mes de abril 2025',14500.00,NULL,NULL,NULL,NULL,1,NULL,'2025-04-01','2025-04-30','2025-04-10','2025-04-09 18:31:20','2025-04-09 20:11:33',NULL),(35,7566,1,40889,7,13,849,6,7,2,2,'Servicios correspondientes al mes de marzo 2025',16300.00,NULL,NULL,NULL,NULL,1,NULL,'2025-04-09','2025-04-09','2025-04-10','2025-04-09 18:32:58','2025-04-09 20:12:10',NULL),(36,7566,1,40803,7,13,849,6,7,2,2,'Servicios correspondientes al mes de abril 2025',14000.00,NULL,NULL,NULL,NULL,1,NULL,'2025-04-01','2025-04-30','2025-04-10','2025-04-09 18:33:44','2025-04-09 20:12:33',NULL),(37,7566,1,40890,7,13,849,6,7,2,2,'Servicios correspondientes al mes de abril 2025',12000.00,NULL,NULL,NULL,NULL,1,NULL,'2025-04-01','2025-04-30','2025-04-10','2025-04-09 18:34:27','2025-04-09 20:12:56',NULL),(38,7566,1,40890,7,13,849,6,7,2,2,'Reintegro por gastos',51679.00,NULL,NULL,NULL,NULL,1,NULL,'2025-04-09','2025-04-09','2025-04-10','2025-04-09 18:35:01','2025-04-10 18:58:59',NULL);
INSERT INTO `fa_masiva_detalle` VALUES (39,7566,1,40804,7,13,849,6,7,2,2,'Servicios correspondientes al mes de abril 2025',14700.00,NULL,NULL,NULL,NULL,1,NULL,'2025-04-01','2025-04-30','2025-04-10','2025-04-09 18:35:45','2025-04-09 20:13:42',NULL),(40,7566,1,40891,7,13,849,6,7,2,2,'Servicios correspondientes al mes de abril 2025',13000.00,NULL,NULL,NULL,NULL,1,NULL,'2025-04-01','2025-04-30','2025-04-10','2025-04-09 18:36:30','2025-04-09 20:15:47',NULL),(41,7566,1,40892,7,13,849,6,7,2,2,'Servicios correspondientes al mes de abril 2025',18000.00,NULL,NULL,NULL,NULL,1,NULL,'2025-04-01','2025-04-30','2025-04-10','2025-04-09 18:37:06','2025-04-09 20:16:13',NULL),(42,7566,1,40807,7,13,849,6,7,2,2,'Servicios correspondientes al mes de marzo 2025',15000.00,NULL,NULL,NULL,NULL,1,NULL,'2025-04-01','2025-04-30','2025-04-10','2025-04-09 18:37:54','2025-04-10 18:58:41',NULL),(43,7566,1,40894,7,13,849,6,7,2,2,'Servicios correspondientes al mes de abril 2025',12000.00,NULL,NULL,NULL,NULL,1,NULL,'2025-04-01','2025-04-30','2025-04-10','2025-04-09 20:14:54','2025-04-10 18:58:38',NULL),(44,7566,1,40892,7,13,849,6,7,2,2,'Reintegro por gastos',106958.96,NULL,NULL,NULL,NULL,1,NULL,'2025-04-09','2025-04-09','2025-04-10','2025-04-09 20:16:31','2025-04-10 18:58:32',NULL);

--
-- Table structure for table `fa_masiva_stock`
--

CREATE TABLE `fa_masiva_stock` (
  `id` bigint(20) unsigned NOT NULL AUTO_INCREMENT,
  `user_id` int(10) unsigned DEFAULT NULL,
  `person_id` int(10) unsigned NOT NULL,
  `person_id_relationed` int(10) unsigned NOT NULL,
  `data` longtext COLLATE utf8mb4_unicode_ci,
  `created_at` timestamp NULL DEFAULT NULL,
  `updated_at` timestamp NULL DEFAULT NULL,
  `deleted_at` timestamp NULL DEFAULT NULL,
  PRIMARY KEY (`id`),
  KEY `fa_masiva_stock_person_id_foreign` (`person_id`),
  KEY `fa_masiva_stock_person_id_relationed_foreign` (`person_id_relationed`),
  CONSTRAINT `fa_masiva_stock_person_id_foreign` FOREIGN KEY (`person_id`) REFERENCES `persons` (`id`),
  CONSTRAINT `fa_masiva_stock_person_id_relationed_foreign` FOREIGN KEY (`person_id_relationed`) REFERENCES `persons` (`id`)
) ENGINE=InnoDB DEFAULT CHARSET=utf8mb4 COLLATE=utf8mb4_unicode_ci;

--
-- Dumping data for table `fa_masiva_stock`
--


--
-- Table structure for table `fac_elec_cond_frente_iva`
--

CREATE TABLE `fac_elec_cond_frente_iva` (
  `id` int(10) unsigned NOT NULL AUTO_INCREMENT,
  `name` varchar(191) COLLATE utf8mb4_unicode_ci NOT NULL,
  `created_at` timestamp NULL DEFAULT NULL,
  `updated_at` timestamp NULL DEFAULT NULL,
  `deleted_at` timestamp NULL DEFAULT NULL,
  PRIMARY KEY (`id`),
  UNIQUE KEY `fac_elec_cond_frente_iva_name_unique` (`name`)
) ENGINE=InnoDB AUTO_INCREMENT=11 DEFAULT CHARSET=utf8mb4 COLLATE=utf8mb4_unicode_ci;

--
-- Dumping data for table `fac_elec_cond_frente_iva`
--

INSERT INTO `fac_elec_cond_frente_iva` VALUES (1,'IVA Responsable Inscripto','2019-07-15 18:37:39','2019-07-15 18:37:39',NULL),(2,'IVA Sujeto Exento','2019-07-15 18:37:39','2019-07-15 18:37:39',NULL),(3,'Consumidor Final','2019-07-15 18:37:39','2019-07-15 18:37:39',NULL),(4,'Responsable Monotributo','2019-07-15 18:37:39','2019-07-15 18:37:39',NULL),(5,'Proveedor del Exterior','2019-07-15 18:37:39','2019-07-15 18:37:39',NULL),(6,'Cliente del Exterior','2019-07-15 18:37:39','2019-07-15 18:37:39',NULL),(7,'IVA Liberado - Ley Nº 19.640','2019-07-15 18:37:39','2019-07-15 18:37:39',NULL),(8,'IVA Responsable Inscripto - Agente de Percepción','2019-07-15 18:37:39','2019-07-15 18:37:39',NULL),(9,'Monotributista Social','2019-07-15 18:37:39','2019-07-15 18:37:39',NULL),(10,'IVA No Alcanzado','2019-07-15 18:37:39','2019-07-15 18:37:39',NULL);

--
-- Table structure for table `fac_elec_unidad_medidas`
--

CREATE TABLE `fac_elec_unidad_medidas` (
  `id` int(10) unsigned NOT NULL AUTO_INCREMENT,
  `name` varchar(191) COLLATE utf8mb4_unicode_ci NOT NULL,
  `created_at` timestamp NULL DEFAULT NULL,
  `updated_at` timestamp NULL DEFAULT NULL,
  `deleted_at` timestamp NULL DEFAULT NULL,
  PRIMARY KEY (`id`),
  UNIQUE KEY `fac_elec_unidad_medidas_name_unique` (`name`)
) ENGINE=InnoDB AUTO_INCREMENT=19 DEFAULT CHARSET=utf8mb4 COLLATE=utf8mb4_unicode_ci;

--
-- Dumping data for table `fac_elec_unidad_medidas`
--

INSERT INTO `fac_elec_unidad_medidas` VALUES (1,'Grs','2019-07-15 18:37:39','2019-07-15 18:37:39',NULL),(2,'Kg','2019-07-15 18:37:39','2019-07-15 18:37:39',NULL),(3,'Mts','2019-07-15 18:37:39','2019-07-15 18:37:39',NULL),(4,'Mts2','2019-07-15 18:37:39','2019-07-15 18:37:39',NULL),(5,'Mts3','2019-07-15 18:37:39','2019-07-15 18:37:39',NULL),(6,'Lts','2019-07-15 18:37:39','2019-07-15 18:37:39',NULL),(7,'1000 Kwh','2019-07-15 18:37:39','2019-07-15 18:37:39',NULL),(8,'Unidades','2019-07-15 18:37:39','2019-07-15 18:37:39',NULL),(9,'Pares','2019-07-15 18:37:39','2019-07-15 18:37:39',NULL),(10,'Doc','2019-07-15 18:37:39','2019-07-15 18:37:39',NULL),(11,'Quilates','2019-07-15 18:37:39','2019-07-15 18:37:39',NULL),(12,'Millares','2019-07-15 18:37:39','2019-07-15 18:37:39',NULL),(13,'Milimetros','2019-07-15 18:37:39','2019-07-15 18:37:39',NULL),(14,'Mm 3','2019-07-15 18:37:39','2019-07-15 18:37:39',NULL),(15,'Km','2019-07-15 18:37:39','2019-07-15 18:37:39',NULL),(16,'Hectolitros','2019-07-15 18:37:39','2019-07-15 18:37:39',NULL),(17,'Cm','2019-07-15 18:37:39','2019-07-15 18:37:39',NULL),(18,'Cm 3','2019-07-15 18:37:39','2019-07-15 18:37:39',NULL);

--
-- Table structure for table `fact_elec_conceptos_afip`
--

CREATE TABLE `fact_elec_conceptos_afip` (
  `id` int(10) unsigned NOT NULL AUTO_INCREMENT,
  `afip_comprobante_id` int(10) unsigned NOT NULL,
  `descripcion` varchar(180) COLLATE utf8mb4_unicode_ci NOT NULL,
  `created_at` timestamp NULL DEFAULT NULL,
  `updated_at` timestamp NULL DEFAULT NULL,
  PRIMARY KEY (`id`)
) ENGINE=InnoDB AUTO_INCREMENT=4 DEFAULT CHARSET=utf8mb4 COLLATE=utf8mb4_unicode_ci;

--
-- Dumping data for table `fact_elec_conceptos_afip`
--

INSERT INTO `fact_elec_conceptos_afip` VALUES (1,1,'Producto','2019-03-13 13:29:34','2019-03-13 13:29:34'),(2,2,'Servicios','2019-03-13 13:29:34','2019-03-13 13:29:34'),(3,3,'Productos y Servicios','2019-03-13 13:29:34','2019-03-13 13:29:34');

--
-- Table structure for table `fact_elec_perc_ret`
--

CREATE TABLE `fact_elec_perc_ret` (
  `id` int(10) unsigned NOT NULL AUTO_INCREMENT,
  `user_id` int(10) unsigned DEFAULT NULL,
  `descripcion` varchar(191) COLLATE utf8mb4_unicode_ci NOT NULL,
  `codigo_afip` int(10) unsigned NOT NULL,
  `other_tax_id` int(10) unsigned NOT NULL,
  `habilitado` tinyint(1) NOT NULL DEFAULT '1',
  `created_at` timestamp NULL DEFAULT NULL,
  `updated_at` timestamp NULL DEFAULT NULL,
  `deleted_at` timestamp NULL DEFAULT NULL,
  PRIMARY KEY (`id`),
  KEY `fact_elec_perc_ret_other_tax_id_foreign` (`other_tax_id`),
  CONSTRAINT `fact_elec_perc_ret_other_tax_id_foreign` FOREIGN KEY (`other_tax_id`) REFERENCES `other_taxes` (`id`)
) ENGINE=InnoDB AUTO_INCREMENT=6 DEFAULT CHARSET=utf8mb4 COLLATE=utf8mb4_unicode_ci;

--
-- Dumping data for table `fact_elec_perc_ret`
--

INSERT INTO `fact_elec_perc_ret` VALUES (1,NULL,'Per./Ret de Imp. a las Ganancias',1,1032,1,NULL,NULL,NULL),(2,NULL,'Per./Ret de IVA',1,1000,1,NULL,NULL,NULL),(3,NULL,'Per./Ret de IIBB',2,1006,1,NULL,NULL,NULL),(4,NULL,'Impuestos Internos',4,1001,1,NULL,NULL,NULL),(5,NULL,'Impuestos Municipales',3,1031,1,NULL,NULL,NULL);

--
-- Table structure for table `fact_elec_perc_ret_details`
--

CREATE TABLE `fact_elec_perc_ret_details` (
  `id` bigint(20) unsigned NOT NULL AUTO_INCREMENT,
  `user_id` int(10) unsigned DEFAULT NULL,
  `fact_elec_perc_ret_id` int(10) unsigned NOT NULL,
  `person_id` int(10) unsigned NOT NULL,
  `fact_elec_receipt_id` int(10) unsigned NOT NULL,
  `detalle` varchar(191) COLLATE utf8mb4_unicode_ci DEFAULT NULL,
  `zone_id` int(10) unsigned DEFAULT NULL,
  `base_imponible` decimal(16,2) DEFAULT NULL,
  `alicuota` decimal(16,2) DEFAULT NULL,
  `importe` decimal(16,2) DEFAULT NULL,
  `created_at` timestamp NULL DEFAULT NULL,
  `updated_at` timestamp NULL DEFAULT NULL,
  `deleted_at` timestamp NULL DEFAULT NULL,
  PRIMARY KEY (`id`),
  KEY `fact_elec_perc_ret_details_fact_elec_perc_ret_id_foreign` (`fact_elec_perc_ret_id`),
  KEY `fact_elec_perc_ret_details_person_id_foreign` (`person_id`),
  KEY `fact_elec_perc_ret_details_fact_elec_receipt_id_foreign` (`fact_elec_receipt_id`),
  KEY `fact_elec_perc_ret_details_zone_id_foreign` (`zone_id`),
  CONSTRAINT `fact_elec_perc_ret_details_fact_elec_perc_ret_id_foreign` FOREIGN KEY (`fact_elec_perc_ret_id`) REFERENCES `fact_elec_perc_ret` (`id`),
  CONSTRAINT `fact_elec_perc_ret_details_fact_elec_receipt_id_foreign` FOREIGN KEY (`fact_elec_receipt_id`) REFERENCES `fact_elec_receipts` (`id`),
  CONSTRAINT `fact_elec_perc_ret_details_person_id_foreign` FOREIGN KEY (`person_id`) REFERENCES `persons` (`id`),
  CONSTRAINT `fact_elec_perc_ret_details_zone_id_foreign` FOREIGN KEY (`zone_id`) REFERENCES `zones` (`id`)
) ENGINE=InnoDB DEFAULT CHARSET=utf8mb4 COLLATE=utf8mb4_unicode_ci;

--
-- Dumping data for table `fact_elec_perc_ret_details`
--


--
-- Table structure for table `fact_elec_puntos_venta`
--

CREATE TABLE `fact_elec_puntos_venta` (
  `id` int(10) unsigned NOT NULL AUTO_INCREMENT,
  `user_id` int(10) unsigned DEFAULT NULL,
  `direccion` varchar(180) COLLATE utf8mb4_unicode_ci NOT NULL,
  `created_at` timestamp NULL DEFAULT NULL,
  `updated_at` timestamp NULL DEFAULT NULL,
  `person_id` int(10) unsigned NOT NULL,
  `codigo` varchar(255) COLLATE utf8mb4_unicode_ci DEFAULT '0000',
  `codigo_postal` varchar(20) COLLATE utf8mb4_unicode_ci DEFAULT NULL,
  `zone_id` int(11) DEFAULT NULL,
  `logo` varchar(191) COLLATE utf8mb4_unicode_ci DEFAULT NULL,
  `habilitado` tinyint(1) NOT NULL DEFAULT '1',
  `deleted_at` timestamp NULL DEFAULT NULL,
  PRIMARY KEY (`id`),
  KEY `fact_elec_puntos_venta_person_id_foreign` (`person_id`),
  CONSTRAINT `fact_elec_puntos_venta_person_id_foreign` FOREIGN KEY (`person_id`) REFERENCES `persons` (`id`)
) ENGINE=InnoDB AUTO_INCREMENT=2 DEFAULT CHARSET=utf8mb4 COLLATE=utf8mb4_unicode_ci;

--
-- Dumping data for table `fact_elec_puntos_venta`
--

INSERT INTO `fact_elec_puntos_venta` VALUES (1,7566,'Colombia 444','2024-12-12 17:42:32','2025-02-03 18:14:26',40719,'0002','8324',13,NULL,1,NULL);

--
-- Table structure for table `fact_elec_receipt_details`
--

CREATE TABLE `fact_elec_receipt_details` (
  `id` int(10) unsigned NOT NULL AUTO_INCREMENT,
  `user_id` int(10) unsigned DEFAULT NULL,
  `fact_elec_receipt_id` int(10) unsigned NOT NULL,
  `descripcion` text COLLATE utf8mb4_unicode_ci NOT NULL,
  `cantidad` decimal(20,2) NOT NULL,
  `unidad_medida` text COLLATE utf8mb4_unicode_ci,
  `precio_unitario` decimal(20,2) NOT NULL,
  `neto_gravado` decimal(20,2) NOT NULL,
  `bonificacion_porcentaje` decimal(20,2) DEFAULT NULL,
  `bonificacion_monto` decimal(20,2) DEFAULT NULL,
  `bonificacion_subtotal` decimal(20,2) DEFAULT NULL,
  `system_tax_id` int(10) unsigned NOT NULL DEFAULT '1',
  `iva_monto` decimal(20,2) DEFAULT NULL,
  `iva_subtotal` decimal(20,2) DEFAULT NULL,
  `created_at` timestamp NULL DEFAULT NULL,
  `updated_at` timestamp NULL DEFAULT NULL,
  `codigo` varchar(100) COLLATE utf8mb4_unicode_ci DEFAULT NULL,
  `deleted_at` timestamp NULL DEFAULT NULL,
  PRIMARY KEY (`id`),
  KEY `fact_elec_receipt_details_fact_elec_receipt_id_foreign` (`fact_elec_receipt_id`),
  KEY `fact_elec_receipt_details_system_tax_id_foreign` (`system_tax_id`),
  CONSTRAINT `fact_elec_receipt_details_fact_elec_receipt_id_foreign` FOREIGN KEY (`fact_elec_receipt_id`) REFERENCES `fact_elec_receipts` (`id`),
  CONSTRAINT `fact_elec_receipt_details_system_tax_id_foreign` FOREIGN KEY (`system_tax_id`) REFERENCES `system_taxes` (`id`)
) ENGINE=InnoDB AUTO_INCREMENT=141 DEFAULT CHARSET=utf8mb4 COLLATE=utf8mb4_unicode_ci;

--
-- Dumping data for table `fact_elec_receipt_details`
--

INSERT INTO `fact_elec_receipt_details` VALUES (1,7566,1,'Servicios correspondientes al mes de diciembre 2024\n',1.00,'8',16000.00,16000.00,0.00,0.00,0.00,7,0.00,16000.00,'2025-02-19 21:20:41','2025-02-19 21:20:41','',NULL),(2,7566,1,'Servicios correspondientes al mes de enero 2025',1.00,'8',16000.00,16000.00,0.00,0.00,0.00,7,0.00,16000.00,'2025-02-19 21:20:41','2025-02-19 21:20:41','',NULL),(3,NULL,2,'Servicios correspondientes a dic 2024 - enero 2025 - febrero 2025',1.00,'8',36000.00,36000.00,0.00,0.00,0.00,7,0.00,36000.00,'2025-03-05 20:45:09','2025-03-05 20:45:09',NULL,NULL),(4,NULL,3,'Servicios correspondiente a noviembre 2024 - diciembre 2024 - enero 2025.\nDDJJ dev, percepciones770',1.00,'8',77000.00,77000.00,0.00,0.00,0.00,7,0.00,77000.00,'2025-03-05 20:45:10','2025-03-05 20:45:10',NULL,NULL),(5,NULL,4,'Servicios correspondientes a diciembre 2024 - enero 2025 - febrero 2025',1.00,'8',36000.00,36000.00,0.00,0.00,0.00,7,0.00,36000.00,'2025-03-05 20:45:11','2025-03-05 20:45:11',NULL,NULL),(6,NULL,5,'Servicios correspondientes a diciembre 2024 - enero 2025 - febrero 2025',1.00,'8',45200.00,45200.00,0.00,0.00,0.00,7,0.00,45200.00,'2025-03-05 20:45:13','2025-03-05 20:45:13',NULL,NULL),(7,NULL,6,'Servicios correspondientes a diciembre 2024 - enero 2025 - febrero 2025',1.00,'8',36000.00,36000.00,0.00,0.00,0.00,7,0.00,36000.00,'2025-03-05 20:45:14','2025-03-05 20:45:14',NULL,NULL),(8,NULL,7,'Servicios correspondientes a noviembre 2024 - diciembre 2024 - enero 2025',1.00,'8',84000.00,84000.00,0.00,0.00,0.00,7,0.00,84000.00,'2025-03-05 20:45:15','2025-03-05 20:45:15',NULL,NULL),(9,NULL,8,'Servicios correspondientes a diciembre 2024 - noviembre 2024 - enero 2025',1.00,'8',255000.00,255000.00,0.00,0.00,0.00,7,0.00,255000.00,'2025-03-05 20:45:16','2025-03-05 20:45:16',NULL,NULL),(10,NULL,9,'Servicios correspondientes a diciembre 2024 - enero 2025 - febrero 2025',1.00,'8',155500.44,155500.44,0.00,0.00,0.00,7,0.00,155500.44,'2025-03-05 20:45:17','2025-03-05 20:45:17',NULL,NULL),(11,NULL,10,'Servicios correspondientes a diciembre 2024 - noviembre 2024 - enero 2025',1.00,'8',45600.00,45600.00,0.00,0.00,0.00,7,0.00,45600.00,'2025-03-05 20:45:19','2025-03-05 20:45:19',NULL,NULL),(12,NULL,11,'Servicios correspondientes a diciembre 2024 - enero 2025 - febrero 2025',1.00,'8',197000.00,197000.00,0.00,0.00,0.00,7,0.00,197000.00,'2025-03-05 20:45:20','2025-03-05 20:45:20',NULL,NULL),(13,NULL,12,'Servicios correspondientes a diciembre 2024 - enero 2025 - febrero 2025',1.00,'8',42000.00,42000.00,0.00,0.00,0.00,7,0.00,42000.00,'2025-03-05 20:45:21','2025-03-05 20:45:21',NULL,NULL),(14,NULL,13,'Servicios correspondientes a diciembre 2024 - enero 2025 - febrero 2025',1.00,'8',39000.00,39000.00,0.00,0.00,0.00,7,0.00,39000.00,'2025-03-05 20:45:22','2025-03-05 20:45:22',NULL,NULL),(15,NULL,14,'Servicios correspondientes a diciembre 2024 - noviembre 2024 - enero 2025',1.00,'8',39800.00,39800.00,0.00,0.00,0.00,7,0.00,39800.00,'2025-03-05 20:45:23','2025-03-05 20:45:23',NULL,NULL),(16,NULL,15,'Servicios correspondientes a diciembre 2024 - enero 2025 - febrero 2025',1.00,'8',36000.00,36000.00,0.00,0.00,0.00,7,0.00,36000.00,'2025-03-05 20:45:24','2025-03-05 20:45:24',NULL,NULL),(17,NULL,16,'Servicios correspondientes a diciembre 2024 - enero 2025 - febrero 2025',1.00,'8',155879.00,155879.00,0.00,0.00,0.00,7,0.00,155879.00,'2025-03-05 20:45:26','2025-03-05 20:45:26',NULL,NULL),(18,NULL,17,'Servicios correspondientes a diciembre 2024 - enero 2025 - febrero 2025',1.00,'8',41100.00,41100.00,0.00,0.00,0.00,7,0.00,41100.00,'2025-03-05 20:45:27','2025-03-05 20:45:27',NULL,NULL),(19,NULL,18,'Servicios correspondientes a diciembre 2024 - enero 2025 - febrero 2025',1.00,'8',36000.00,36000.00,0.00,0.00,0.00,7,0.00,36000.00,'2025-03-05 20:45:28','2025-03-05 20:45:28',NULL,NULL),(20,NULL,19,'Servicios correspondientes a diciembre 2024 - enero 2025 - febrero 2025',1.00,'8',44500.00,44500.00,0.00,0.00,0.00,7,0.00,44500.00,'2025-03-05 20:45:29','2025-03-05 20:45:29',NULL,NULL);
INSERT INTO `fact_elec_receipt_details` VALUES (21,NULL,20,'Servicios correspondientes a diciembre 2024 - noviembre 2024 - enero 2025',1.00,'8',42000.00,42000.00,0.00,0.00,0.00,7,0.00,42000.00,'2025-03-05 20:45:30','2025-03-05 20:45:30',NULL,NULL),(22,NULL,21,'Servicios correspondientes a febrero 2025',1.00,'8',16000.00,16000.00,0.00,0.00,0.00,7,0.00,16000.00,'2025-03-05 20:45:31','2025-03-05 20:45:31',NULL,NULL),(23,NULL,22,'Servicios correspondientes a dic 2024 - enero 2025 - febrero 2025',1.00,'8',36000.00,36000.00,0.00,0.00,0.00,7,0.00,36000.00,'2025-03-05 20:46:35','2025-03-05 20:46:35',NULL,NULL),(24,NULL,23,'Servicios correspondiente a noviembre 2024 - diciembre 2024 - enero 2025.\nDDJJ dev, percepciones770',1.00,'8',77000.00,77000.00,0.00,0.00,0.00,7,0.00,77000.00,'2025-03-05 20:46:36','2025-03-05 20:46:36',NULL,NULL),(25,NULL,24,'Servicios correspondientes a diciembre 2024 - enero 2025 - febrero 2025',1.00,'8',36000.00,36000.00,0.00,0.00,0.00,7,0.00,36000.00,'2025-03-05 20:46:37','2025-03-05 20:46:37',NULL,NULL),(26,NULL,25,'Servicios correspondientes a diciembre 2024 - enero 2025 - febrero 2025',1.00,'8',45200.00,45200.00,0.00,0.00,0.00,7,0.00,45200.00,'2025-03-05 20:46:38','2025-03-05 20:46:38',NULL,NULL),(27,NULL,26,'Servicios correspondientes a diciembre 2024 - enero 2025 - febrero 2025',1.00,'8',36000.00,36000.00,0.00,0.00,0.00,7,0.00,36000.00,'2025-03-05 20:46:39','2025-03-05 20:46:39',NULL,NULL),(28,NULL,27,'Servicios correspondientes a noviembre 2024 - diciembre 2024 - enero 2025',1.00,'8',84000.00,84000.00,0.00,0.00,0.00,7,0.00,84000.00,'2025-03-05 20:46:40','2025-03-05 20:46:40',NULL,NULL),(29,NULL,28,'Servicios correspondientes a diciembre 2024 - noviembre 2024 - enero 2025',1.00,'8',255000.00,255000.00,0.00,0.00,0.00,7,0.00,255000.00,'2025-03-05 20:46:42','2025-03-05 20:46:42',NULL,NULL),(30,NULL,29,'Servicios correspondientes a diciembre 2024 - enero 2025 - febrero 2025',1.00,'8',155500.44,155500.44,0.00,0.00,0.00,7,0.00,155500.44,'2025-03-05 20:46:43','2025-03-05 20:46:43',NULL,NULL),(31,NULL,30,'Servicios correspondientes a diciembre 2024 - noviembre 2024 - enero 2025',1.00,'8',45600.00,45600.00,0.00,0.00,0.00,7,0.00,45600.00,'2025-03-05 20:46:44','2025-03-05 20:46:44',NULL,NULL),(32,NULL,31,'Servicios correspondientes a diciembre 2024 - enero 2025 - febrero 2025',1.00,'8',197000.00,197000.00,0.00,0.00,0.00,7,0.00,197000.00,'2025-03-05 20:46:45','2025-03-05 20:46:45',NULL,NULL),(33,NULL,32,'Servicios correspondientes a diciembre 2024 - enero 2025 - febrero 2025',1.00,'8',42000.00,42000.00,0.00,0.00,0.00,7,0.00,42000.00,'2025-03-05 20:46:46','2025-03-05 20:46:46',NULL,NULL),(34,NULL,33,'Servicios correspondientes a diciembre 2024 - enero 2025 - febrero 2025',1.00,'8',39000.00,39000.00,0.00,0.00,0.00,7,0.00,39000.00,'2025-03-05 20:46:47','2025-03-05 20:46:47',NULL,NULL),(35,NULL,34,'Servicios correspondientes a diciembre 2024 - noviembre 2024 - enero 2025',1.00,'8',39800.00,39800.00,0.00,0.00,0.00,7,0.00,39800.00,'2025-03-05 20:46:48','2025-03-05 20:46:48',NULL,NULL),(36,NULL,35,'Servicios correspondientes a diciembre 2024 - enero 2025 - febrero 2025',1.00,'8',36000.00,36000.00,0.00,0.00,0.00,7,0.00,36000.00,'2025-03-05 20:46:50','2025-03-05 20:46:50',NULL,NULL),(37,NULL,36,'Servicios correspondientes a diciembre 2024 - enero 2025 - febrero 2025',1.00,'8',155879.00,155879.00,0.00,0.00,0.00,7,0.00,155879.00,'2025-03-05 20:46:51','2025-03-05 20:46:51',NULL,NULL),(38,NULL,37,'Servicios correspondientes a diciembre 2024 - enero 2025 - febrero 2025',1.00,'8',41100.00,41100.00,0.00,0.00,0.00,7,0.00,41100.00,'2025-03-05 20:46:52','2025-03-05 20:46:52',NULL,NULL),(39,NULL,38,'Servicios correspondientes a diciembre 2024 - enero 2025 - febrero 2025',1.00,'8',36000.00,36000.00,0.00,0.00,0.00,7,0.00,36000.00,'2025-03-05 20:46:53','2025-03-05 20:46:53',NULL,NULL),(40,NULL,39,'Servicios correspondientes a diciembre 2024 - enero 2025 - febrero 2025',1.00,'8',44500.00,44500.00,0.00,0.00,0.00,7,0.00,44500.00,'2025-03-05 20:46:54','2025-03-05 20:46:54',NULL,NULL);
INSERT INTO `fact_elec_receipt_details` VALUES (41,NULL,40,'Servicios correspondientes a diciembre 2024 - noviembre 2024 - enero 2025',1.00,'8',42000.00,42000.00,0.00,0.00,0.00,7,0.00,42000.00,'2025-03-05 20:46:55','2025-03-05 20:46:55',NULL,NULL),(42,NULL,41,'Servicios correspondientes a febrero 2025',1.00,'8',16000.00,16000.00,0.00,0.00,0.00,7,0.00,16000.00,'2025-03-05 20:46:56','2025-03-05 20:46:56',NULL,NULL),(43,7566,42,'Anulo por duplicación ',1.00,'8',36000.00,36000.00,0.00,0.00,0.00,7,0.00,36000.00,'2025-03-23 17:57:03','2025-03-23 17:57:03','',NULL),(44,7566,43,'Anulo por duplicación ',1.00,'8',77000.00,77000.00,0.00,0.00,0.00,7,0.00,77000.00,'2025-03-23 18:01:42','2025-03-23 18:01:42','',NULL),(45,7566,44,'Anulo por duplicación ',1.00,'8',36000.00,36000.00,0.00,0.00,0.00,7,0.00,36000.00,'2025-03-23 18:07:20','2025-03-23 18:07:20','',NULL),(46,7566,45,'Se anula por factura duplicada',1.00,'8',45200.00,45200.00,0.00,0.00,0.00,7,0.00,45200.00,'2025-03-23 18:31:53','2025-03-23 18:31:53','',NULL),(47,7566,46,'Se anula por factura duplicada',1.00,'8',36000.00,36000.00,0.00,0.00,0.00,7,0.00,36000.00,'2025-03-23 18:33:51','2025-03-23 18:33:51','',NULL),(48,7566,47,'Se anula por factura duplicada',1.00,'8',84000.00,84000.00,0.00,0.00,0.00,7,0.00,84000.00,'2025-03-23 18:34:56','2025-03-23 18:34:56','',NULL),(49,7566,48,'GLOWAKRZYWO',1.00,'8',255000.00,255000.00,0.00,0.00,0.00,7,0.00,255000.00,'2025-03-23 18:35:59','2025-03-23 18:35:59','',NULL),(50,7566,49,'GLOWAKRZYWO',1.00,'8',155500.44,155500.44,0.00,0.00,0.00,7,0.00,155500.44,'2025-03-23 18:39:00','2025-03-23 18:39:00','',NULL),(51,7566,50,'GLOWAKRZYWO',1.00,'8',45600.00,45600.00,0.00,0.00,0.00,7,0.00,45600.00,'2025-03-23 18:40:20','2025-03-23 18:40:20','',NULL),(52,7566,51,'Anulo por factura duplicada',1.00,'7',197000.00,197000.00,0.00,0.00,0.00,7,0.00,197000.00,'2025-03-23 18:42:48','2025-03-23 18:42:48','',NULL),(53,7566,52,'Anulo por factura duplicada',1.00,'7',42000.00,42000.00,0.00,0.00,0.00,7,0.00,42000.00,'2025-03-23 18:44:05','2025-03-23 18:44:05','',NULL),(54,7566,53,'Anulo por factura duplicada',1.00,'7',39000.00,39000.00,0.00,0.00,0.00,7,0.00,39000.00,'2025-03-23 18:45:26','2025-03-23 18:45:26','',NULL),(55,7566,54,'Anulo por factura duplicada',1.00,'8',39800.00,39800.00,0.00,0.00,0.00,7,0.00,39800.00,'2025-03-23 18:46:52','2025-03-23 18:46:52','',NULL),(56,7566,55,'Anulo por factura duplicada',1.00,'8',36000.00,36000.00,0.00,0.00,0.00,7,0.00,36000.00,'2025-03-23 18:49:01','2025-03-23 18:49:01','',NULL),(57,7566,56,'Anulo por factura duplicada',1.00,'8',155879.00,155879.00,0.00,0.00,0.00,7,0.00,155879.00,'2025-03-23 18:50:00','2025-03-23 18:50:00','',NULL),(58,7566,57,'Anulo por factura duplicada',1.00,'8',41100.00,41100.00,0.00,0.00,0.00,7,0.00,41100.00,'2025-03-23 18:51:05','2025-03-23 18:51:05','',NULL),(59,7566,58,'Anulo por factura duplicada',1.00,'8',36000.00,36000.00,0.00,0.00,0.00,7,0.00,36000.00,'2025-03-23 18:52:02','2025-03-23 18:52:02','',NULL),(60,7566,59,'Anulo por factura duplicada',1.00,'8',44500.00,44500.00,0.00,0.00,0.00,7,0.00,44500.00,'2025-03-23 18:53:04','2025-03-23 18:53:04','',NULL),(61,7566,60,'Anulo por factura duplicada',1.00,'8',42000.00,42000.00,0.00,0.00,0.00,7,0.00,42000.00,'2025-03-23 18:53:59','2025-03-23 18:53:59','',NULL),(62,7566,61,'Anulo por factura duplicada',1.00,'8',16000.00,16000.00,0.00,0.00,0.00,7,0.00,16000.00,'2025-03-23 18:55:01','2025-03-23 18:55:01','',NULL),(63,NULL,62,'Servicios correspondientes a marzo 2025',1.00,'8',13000.00,13000.00,0.00,0.00,0.00,7,0.00,13000.00,'2025-04-09 18:49:31','2025-04-09 18:49:31',NULL,NULL),(64,NULL,63,'Servicios correspondientes a febrero 2025',1.00,'8',21000.00,21000.00,0.00,0.00,0.00,7,0.00,21000.00,'2025-04-09 18:49:33','2025-04-09 18:49:33',NULL,NULL),(65,NULL,64,'Servicios correspondientes a marzo 2025',1.00,'8',13000.00,13000.00,0.00,0.00,0.00,7,0.00,13000.00,'2025-04-09 18:49:34','2025-04-09 18:49:34',NULL,NULL);
INSERT INTO `fact_elec_receipt_details` VALUES (66,NULL,65,'Servicios correspondientes a marzo 2025',1.00,'8',16000.00,16000.00,0.00,0.00,0.00,7,0.00,16000.00,'2025-04-09 18:49:35','2025-04-09 18:49:35',NULL,NULL),(67,NULL,66,'Servicios correspondientes a marzo 2025',1.00,'8',13000.00,13000.00,0.00,0.00,0.00,7,0.00,13000.00,'2025-04-09 18:49:36','2025-04-09 18:49:36',NULL,NULL),(68,NULL,67,'Servicios correspondientes a marzo 2025',1.00,'8',18000.00,18000.00,0.00,0.00,0.00,7,0.00,18000.00,'2025-04-09 18:49:37','2025-04-09 18:49:37',NULL,NULL),(69,NULL,68,'DJ siradig 2024',1.00,'8',18000.00,18000.00,0.00,0.00,0.00,7,0.00,18000.00,'2025-04-09 18:49:38','2025-04-09 18:49:38',NULL,NULL),(70,NULL,69,'Servicios correspondientes al mes de febrero 2025',1.00,'8',30000.00,30000.00,0.00,0.00,0.00,7,0.00,30000.00,'2025-04-09 18:49:39','2025-04-09 18:49:39',NULL,NULL),(71,NULL,70,'Servicios correspondientes al mes de marzo 2025',1.00,'8',15000.00,15000.00,0.00,0.00,0.00,7,0.00,15000.00,'2025-04-09 18:49:40','2025-04-09 18:49:40',NULL,NULL),(72,NULL,71,'Reintegro por gastos',1.00,'8',42221.31,42221.31,0.00,0.00,0.00,7,0.00,42221.31,'2025-04-09 18:49:41','2025-04-09 18:49:41',NULL,NULL),(73,NULL,72,'Servicios correspondientes al mes de febrero 2025',1.00,'8',92000.00,92000.00,0.00,0.00,0.00,7,0.00,92000.00,'2025-04-09 18:49:42','2025-04-09 18:49:42',NULL,NULL),(74,NULL,73,'Servicios correspondientes al mes de febrero 2025',1.00,'8',16300.00,16300.00,0.00,0.00,0.00,7,0.00,16300.00,'2025-04-09 18:49:44','2025-04-09 18:49:44',NULL,NULL),(75,NULL,74,'DJ Siradig 2024',1.00,'8',20000.00,20000.00,0.00,0.00,0.00,7,0.00,20000.00,'2025-04-09 18:49:45','2025-04-09 18:49:45',NULL,NULL),(76,NULL,75,'Servicios correspondientes al mes de marzo 2025',1.00,'8',17000.00,17000.00,0.00,0.00,0.00,7,0.00,17000.00,'2025-04-09 18:49:45','2025-04-09 18:49:45',NULL,NULL),(77,NULL,76,'Reintegro por gastos',1.00,'8',69584.48,69584.48,0.00,0.00,0.00,7,0.00,69584.48,'2025-04-09 18:49:46','2025-04-09 18:49:46',NULL,NULL),(78,NULL,77,'Servicios correspondientes al mes de marzo 2025',1.00,'8',14000.00,14000.00,0.00,0.00,0.00,7,0.00,14000.00,'2025-04-09 18:49:48','2025-04-09 18:49:48',NULL,NULL),(79,NULL,78,'Servicios correspondientes al mes de marzo 2025',1.00,'8',13500.00,13500.00,0.00,0.00,0.00,7,0.00,13500.00,'2025-04-09 18:49:49','2025-04-09 18:49:49',NULL,NULL),(80,NULL,79,'Servicios correspondientes al mes de febrero 2025',1.00,'8',15000.00,15000.00,0.00,0.00,0.00,7,0.00,15000.00,'2025-04-09 18:49:50','2025-04-09 18:49:50',NULL,NULL),(81,NULL,80,'Servicios correspondientes al mes de marzo 2025',1.00,'8',14000.00,14000.00,0.00,0.00,0.00,7,0.00,14000.00,'2025-04-09 18:49:51','2025-04-09 18:49:51',NULL,NULL),(82,NULL,81,'Servicios correspondientes al mes de marzo 2025',1.00,'8',12000.00,12000.00,0.00,0.00,0.00,7,0.00,12000.00,'2025-04-09 18:49:52','2025-04-09 18:49:52',NULL,NULL),(83,NULL,82,'Reintegro por gastos',1.00,'8',51679.00,51679.00,0.00,0.00,0.00,7,0.00,51679.00,'2025-04-09 18:49:53','2025-04-09 18:49:53',NULL,NULL),(84,NULL,83,'Servicios correspondientes al mes de marzo 2025',1.00,'8',13700.00,13700.00,0.00,0.00,0.00,7,0.00,13700.00,'2025-04-09 18:49:54','2025-04-09 18:49:54',NULL,NULL),(85,NULL,84,'Servicios correspondientes al mes de marzo 2025',1.00,'8',13000.00,13000.00,0.00,0.00,0.00,7,0.00,13000.00,'2025-04-09 18:49:55','2025-04-09 18:49:55',NULL,NULL),(86,NULL,85,'Servicios correspondientes al mes de marzo 2025',1.00,'8',16000.00,16000.00,0.00,0.00,0.00,7,0.00,16000.00,'2025-04-09 18:49:57','2025-04-09 18:49:57',NULL,NULL),(87,NULL,86,'Servicios correspondientes al mes de febrero 2025',1.00,'8',15000.00,15000.00,0.00,0.00,0.00,7,0.00,15000.00,'2025-04-09 18:49:58','2025-04-09 18:49:58',NULL,NULL),(88,NULL,87,'Servicios correspondientes al mes de abril 2025',1.00,'8',13000.00,13000.00,0.00,0.00,0.00,7,0.00,13000.00,'2025-04-10 18:59:34','2025-04-10 18:59:34',NULL,NULL);
INSERT INTO `fact_elec_receipt_details` VALUES (89,NULL,88,'Servicios correspondientes al mes de marzo 2025',1.00,'8',21000.00,21000.00,0.00,0.00,0.00,7,0.00,21000.00,'2025-04-10 18:59:35','2025-04-10 18:59:35',NULL,NULL),(90,NULL,89,'Servicios correspondientes al mes de abril 2025',1.00,'8',13000.00,13000.00,0.00,0.00,0.00,7,0.00,13000.00,'2025-04-10 18:59:37','2025-04-10 18:59:37',NULL,NULL),(91,NULL,90,'Servicios correspondientes al mes de abril 2025',1.00,'8',17000.00,17000.00,0.00,0.00,0.00,7,0.00,17000.00,'2025-04-10 18:59:38','2025-04-10 18:59:38',NULL,NULL),(92,NULL,91,'Servicios correspondientes al mes de abril 2025',1.00,'8',13000.00,13000.00,0.00,0.00,0.00,7,0.00,13000.00,'2025-04-10 18:59:39','2025-04-10 18:59:39',NULL,NULL),(93,NULL,92,'Servicios correspondientes al mes de abril 2025',1.00,'8',18000.00,18000.00,0.00,0.00,0.00,7,0.00,18000.00,'2025-04-10 18:59:40','2025-04-10 18:59:40',NULL,NULL),(94,NULL,93,'Servicios correspondientes al mes de marzo 2025',1.00,'8',30000.00,30000.00,0.00,0.00,0.00,7,0.00,30000.00,'2025-04-10 18:59:41','2025-04-10 18:59:41',NULL,NULL),(95,NULL,94,'Servicios correspondientes al mes de abril 2025',1.00,'8',15000.00,15000.00,0.00,0.00,0.00,7,0.00,15000.00,'2025-04-10 18:59:42','2025-04-10 18:59:42',NULL,NULL),(96,NULL,95,'Reintegro por gastos',1.00,'8',42221.31,42221.31,0.00,0.00,0.00,7,0.00,42221.31,'2025-04-10 18:59:43','2025-04-10 18:59:43',NULL,NULL),(97,NULL,96,'Servicios correspondientes al mes de marzo 2025',1.00,'8',92000.00,92000.00,0.00,0.00,0.00,7,0.00,92000.00,'2025-04-10 18:59:44','2025-04-10 18:59:44',NULL,NULL),(98,NULL,97,'Servicios correspondientes al mes de marzo 2025',1.00,'8',16300.00,16300.00,0.00,0.00,0.00,7,0.00,16300.00,'2025-04-10 18:59:46','2025-04-10 18:59:46',NULL,NULL),(99,NULL,98,'Servicios correspondientes al mes de abril 2025',1.00,'8',18800.00,18800.00,0.00,0.00,0.00,7,0.00,18800.00,'2025-04-10 18:59:47','2025-04-10 18:59:47',NULL,NULL),(100,NULL,99,'Reintegro por gastos',1.00,'8',69584.48,69584.48,0.00,0.00,0.00,7,0.00,69584.48,'2025-04-10 18:59:48','2025-04-10 18:59:48',NULL,NULL),(101,NULL,100,'Servicios correspondientes al mes de abril 2025',1.00,'8',15000.00,15000.00,0.00,0.00,0.00,7,0.00,15000.00,'2025-04-10 18:59:49','2025-04-10 18:59:49',NULL,NULL),(102,NULL,101,'Servicios correspondientes al mes de abril 2025',1.00,'8',14500.00,14500.00,0.00,0.00,0.00,7,0.00,14500.00,'2025-04-10 18:59:50','2025-04-10 18:59:50',NULL,NULL),(103,NULL,102,'Servicios correspondientes al mes de marzo 2025',1.00,'8',16300.00,16300.00,0.00,0.00,0.00,7,0.00,16300.00,'2025-04-10 18:59:51','2025-04-10 18:59:51',NULL,NULL),(104,NULL,103,'Servicios correspondientes al mes de abril 2025',1.00,'8',14000.00,14000.00,0.00,0.00,0.00,7,0.00,14000.00,'2025-04-10 18:59:52','2025-04-10 18:59:52',NULL,NULL),(105,NULL,104,'Servicios correspondientes al mes de abril 2025',1.00,'8',12000.00,12000.00,0.00,0.00,0.00,7,0.00,12000.00,'2025-04-10 18:59:54','2025-04-10 18:59:54',NULL,NULL),(106,NULL,105,'Reintegro por gastos',1.00,'8',51679.00,51679.00,0.00,0.00,0.00,7,0.00,51679.00,'2025-04-10 18:59:55','2025-04-10 18:59:55',NULL,NULL),(107,NULL,106,'Servicios correspondientes al mes de abril 2025',1.00,'8',14700.00,14700.00,0.00,0.00,0.00,7,0.00,14700.00,'2025-04-10 18:59:56','2025-04-10 18:59:56',NULL,NULL),(108,NULL,107,'Servicios correspondientes al mes de abril 2025',1.00,'8',13000.00,13000.00,0.00,0.00,0.00,7,0.00,13000.00,'2025-04-10 18:59:57','2025-04-10 18:59:57',NULL,NULL),(109,NULL,108,'Servicios correspondientes al mes de abril 2025',1.00,'8',18000.00,18000.00,0.00,0.00,0.00,7,0.00,18000.00,'2025-04-10 18:59:58','2025-04-10 18:59:58',NULL,NULL),(110,NULL,109,'Servicios correspondientes al mes de marzo 2025',1.00,'8',15000.00,15000.00,0.00,0.00,0.00,7,0.00,15000.00,'2025-04-10 18:59:59','2025-04-10 18:59:59',NULL,NULL),(111,NULL,110,'Servicios correspondientes al mes de abril 2025',1.00,'8',12000.00,12000.00,0.00,0.00,0.00,7,0.00,12000.00,'2025-04-10 19:00:00','2025-04-10 19:00:00',NULL,NULL);
INSERT INTO `fact_elec_receipt_details` VALUES (112,NULL,111,'Reintegro por gastos',1.00,'8',106958.96,106958.96,0.00,0.00,0.00,7,0.00,106958.96,'2025-04-10 19:00:01','2025-04-10 19:00:01',NULL,NULL),(113,7566,112,'Servicios correspondientes al mes de mayo 2025\n',1.00,'8',13000.00,13000.00,0.00,0.00,0.00,7,0.00,13000.00,'2025-05-21 19:50:21','2025-05-21 19:50:21','',NULL),(114,7566,113,'Servicios correspondientes al mes de mayo 2025\n',1.00,'8',18000.00,18000.00,0.00,0.00,0.00,7,0.00,18000.00,'2025-05-21 19:52:28','2025-05-21 19:52:28','',NULL),(115,7566,114,'Servicios correspondientes al mes de abril 2025\n',1.00,'8',21000.00,21000.00,0.00,0.00,0.00,7,0.00,21000.00,'2025-05-21 19:53:20','2025-05-21 19:53:20','',NULL),(116,7566,115,'Servicios correspondientes al mes de mayo 2025\n',1.00,'8',13000.00,13000.00,0.00,0.00,0.00,7,0.00,13000.00,'2025-05-21 19:54:35','2025-05-21 19:54:35','',NULL),(117,7566,116,'Servicios correspondientes al mes de mayo 2025\n',1.00,'8',12000.00,12000.00,0.00,0.00,0.00,7,0.00,12000.00,'2025-05-21 19:57:48','2025-05-21 19:57:48','',NULL),(118,7566,116,'Reintegro por gastos',1.00,'8',32200.09,32200.09,0.00,0.00,0.00,7,0.00,32200.09,'2025-05-21 19:57:48','2025-05-21 19:57:48','',NULL),(119,7566,117,'Servicios correspondientes al mes de mayo 2025\n',1.00,'8',17000.00,17000.00,0.00,0.00,0.00,7,0.00,17000.00,'2025-05-21 19:58:34','2025-05-21 19:58:34','',NULL),(120,7566,118,'Servicios correspondientes al mes de mayo 2025\n',1.00,'8',13000.00,13000.00,0.00,0.00,0.00,7,0.00,13000.00,'2025-05-21 19:59:24','2025-05-21 19:59:24','',NULL),(121,7566,119,'Servicios correspondientes al mes de abril 2025\n',1.00,'8',30000.00,30000.00,0.00,0.00,0.00,7,0.00,30000.00,'2025-05-21 20:00:29','2025-05-21 20:00:29','',NULL),(122,7566,120,'Servicios correspondientes al mes de mayo 2025\n',1.00,'8',15000.00,15000.00,0.00,0.00,0.00,7,0.00,15000.00,'2025-05-21 20:01:51','2025-05-21 20:01:51','',NULL),(123,7566,120,'Reintegro por gastos',1.00,'8',42221.31,42221.31,0.00,0.00,0.00,7,0.00,42221.31,'2025-05-21 20:01:51','2025-05-21 20:01:51','',NULL),(124,7566,121,'Servicios correspondientes al mes de abril 2025\n',1.00,'8',92000.00,92000.00,0.00,0.00,0.00,7,0.00,92000.00,'2025-05-21 20:02:45','2025-05-21 20:02:45','',NULL),(125,7566,122,'Servicios correspondientes al mes de abril 2025\n',1.00,'8',18000.00,18000.00,0.00,0.00,0.00,7,0.00,18000.00,'2025-05-21 20:03:36','2025-05-21 20:03:36','',NULL),(126,7566,123,'Servicios correspondientes al mes de mayo 2025\n',1.00,'8',18800.00,18800.00,0.00,0.00,0.00,7,0.00,18800.00,'2025-05-21 20:04:23','2025-05-21 20:04:23','',NULL),(127,7566,124,'Reintegro por gastos',1.00,'8',69584.48,69584.48,0.00,0.00,0.00,7,0.00,69584.48,'2025-05-21 20:05:13','2025-05-21 20:05:13','',NULL),(128,7566,125,'Servicios correspondientes al mes de mayo 2025\n',1.00,'8',15000.00,15000.00,0.00,0.00,0.00,7,0.00,15000.00,'2025-05-21 20:05:59','2025-05-21 20:05:59','',NULL),(129,7566,126,'Servicios correspondientes al mes de mayo 2025\n',1.00,'8',14500.00,14500.00,0.00,0.00,0.00,7,0.00,14500.00,'2025-05-21 20:06:44','2025-05-21 20:06:44','',NULL),(130,7566,127,'Servicios correspondientes al mes de abril 2025\n',1.00,'8',16300.00,16300.00,0.00,0.00,0.00,7,0.00,16300.00,'2025-05-21 20:07:24','2025-05-21 20:07:24','',NULL),(131,7566,128,'Servicios correspondientes al mes de mayo 2025\n',1.00,'8',14000.00,14000.00,0.00,0.00,0.00,7,0.00,14000.00,'2025-05-21 20:08:09','2025-05-21 20:08:09','',NULL),(132,7566,129,'Servicios correspondientes al mes de mayo 2025\n',1.00,'8',12000.00,12000.00,0.00,0.00,0.00,7,0.00,12000.00,'2025-05-21 20:09:11','2025-05-21 20:09:11','',NULL),(133,7566,129,'Reintegro por gastos',1.00,'8',51679.00,51679.00,0.00,0.00,0.00,7,0.00,51679.00,'2025-05-21 20:09:11','2025-05-21 20:09:11','',NULL),(134,7566,130,'Servicios correspondientes al mes de mayo 2025\n',1.00,'8',12000.00,12000.00,0.00,0.00,0.00,7,0.00,12000.00,'2025-05-21 20:10:18','2025-05-21 20:10:18','',NULL);
INSERT INTO `fact_elec_receipt_details` VALUES (135,7566,131,'Servicios correspondientes al mes de mayo 2025\n',1.00,'8',14700.00,14700.00,0.00,0.00,0.00,7,0.00,14700.00,'2025-05-21 20:11:14','2025-05-21 20:11:14','',NULL),(136,7566,132,'Servicios correspondientes al mes de mayo 2025\n',1.00,'8',12000.00,12000.00,0.00,0.00,0.00,7,0.00,12000.00,'2025-05-21 20:12:45','2025-05-21 20:12:45','',NULL),(137,7566,133,'Servicios correspondientes al mes de mayo 2025\n',1.00,'8',13000.00,13000.00,0.00,0.00,0.00,7,0.00,13000.00,'2025-05-21 20:13:32','2025-05-21 20:13:32','',NULL),(138,7566,134,'Servicios correspondientes al mes de mayo 2025\n',1.00,'8',18000.00,18000.00,0.00,0.00,0.00,7,0.00,18000.00,'2025-05-21 20:15:21','2025-05-21 20:15:21','',NULL),(139,7566,134,'Reintegro por gastos',1.00,'8',171769.69,171769.69,0.00,0.00,0.00,7,0.00,171769.69,'2025-05-21 20:15:21','2025-05-21 20:15:21','',NULL),(140,7566,135,'Servicios correspondientes al mes de abril 2025\n',1.00,'8',15000.00,15000.00,0.00,0.00,0.00,7,0.00,15000.00,'2025-05-21 20:16:07','2025-05-21 20:16:07','',NULL);

--
-- Table structure for table `fact_elec_receipts`
--

CREATE TABLE `fact_elec_receipts` (
  `id` int(10) unsigned NOT NULL AUTO_INCREMENT,
  `user_id` int(11) DEFAULT NULL,
  `fecha_comprobante` date NOT NULL,
  `fecha_facturado_desde` date DEFAULT NULL,
  `fecha_facturado_hasta` date DEFAULT NULL,
  `fecha_vencimiento_pago` date DEFAULT NULL,
  `concepto_id` int(10) unsigned NOT NULL,
  `punto_venta_id` int(10) unsigned NOT NULL,
  `tipo_comprobante_id` int(10) unsigned NOT NULL,
  `condiciones_venta` varchar(180) COLLATE utf8mb4_unicode_ci NOT NULL,
  `comprobante_asoc` longtext COLLATE utf8mb4_unicode_ci,
  `created_at` timestamp NULL DEFAULT NULL,
  `updated_at` timestamp NULL DEFAULT NULL,
  `cae` varchar(180) COLLATE utf8mb4_unicode_ci DEFAULT NULL,
  `cae_vencimiento` date DEFAULT NULL,
  `nro_comprobante_afip` varchar(191) COLLATE utf8mb4_unicode_ci DEFAULT NULL,
  `fecha_proceso_afip` varchar(191) COLLATE utf8mb4_unicode_ci DEFAULT NULL,
  `person_id` int(10) unsigned NOT NULL,
  `person_id_receptor` int(10) unsigned NOT NULL,
  `condicion_venta_id` int(11) DEFAULT NULL,
  `cond_frente_iva_id` int(10) unsigned NOT NULL DEFAULT '1',
  `cbu` varchar(191) COLLATE utf8mb4_unicode_ci DEFAULT NULL,
  `opcion_transferencia` longtext COLLATE utf8mb4_unicode_ci,
  `referencia` text COLLATE utf8mb4_unicode_ci,
  `alias_cbu` varchar(191) COLLATE utf8mb4_unicode_ci DEFAULT NULL,
  `total_otros_tributos` decimal(16,2) DEFAULT '0.00',
  `total` decimal(16,2) NOT NULL DEFAULT '0.00',
  `moneda_id` int(10) unsigned NOT NULL DEFAULT '1',
  `cotizacion` decimal(9,2) NOT NULL DEFAULT '1.00',
  `deleted_at` timestamp NULL DEFAULT NULL,
  PRIMARY KEY (`id`),
  KEY `fact_elec_receipts_user_id_foreign` (`user_id`),
  KEY `fact_elec_receipts_punto_venta_id_foreign` (`punto_venta_id`),
  KEY `fact_elec_receipts_tipo_comprobante_id_foreign` (`tipo_comprobante_id`),
  KEY `fact_elec_receipts_person_id_foreign` (`person_id`),
  KEY `fact_elec_receipts_person_id_receptor_foreign` (`person_id_receptor`),
  KEY `fact_elec_receipts_cond_frente_iva_id_foreign` (`cond_frente_iva_id`),
  KEY `fact_elec_receipts_moneda_id_foreign` (`moneda_id`),
  CONSTRAINT `fact_elec_receipts_cond_frente_iva_id_foreign` FOREIGN KEY (`cond_frente_iva_id`) REFERENCES `condicion_frente_al_iva` (`id`),
  CONSTRAINT `fact_elec_receipts_moneda_id_foreign` FOREIGN KEY (`moneda_id`) REFERENCES `monedas` (`id`),
  CONSTRAINT `fact_elec_receipts_person_id_foreign` FOREIGN KEY (`person_id`) REFERENCES `persons` (`id`),
  CONSTRAINT `fact_elec_receipts_person_id_receptor_foreign` FOREIGN KEY (`person_id_receptor`) REFERENCES `persons` (`id`),
  CONSTRAINT `fact_elec_receipts_punto_venta_id_foreign` FOREIGN KEY (`punto_venta_id`) REFERENCES `fact_elec_puntos_venta` (`id`),
  CONSTRAINT `fact_elec_receipts_tipo_comprobante_id_foreign` FOREIGN KEY (`tipo_comprobante_id`) REFERENCES `receipt_types` (`id`)
) ENGINE=InnoDB AUTO_INCREMENT=136 DEFAULT CHARSET=utf8mb4 COLLATE=utf8mb4_unicode_ci;

--
-- Dumping data for table `fact_elec_receipts`
--

INSERT INTO `fact_elec_receipts` VALUES (1,7566,'2025-02-19','2025-02-19','2025-02-19','2025-02-19',3,1,7,'','{\"Tipo\":null,\"PtoVta\":null,\"Nro\":null,\"CbteFch\":\"02-19-2025\",\"anula_comp_rechazado\":\"N\"}','2025-02-19 21:20:41','2025-02-19 21:20:41','75083058454749','2025-03-01','1','2025-03-01',40719,40808,4,6,NULL,NULL,NULL,NULL,0.00,32000.00,1,1030.00,NULL),(2,NULL,'2025-02-28','2025-02-28','2025-02-28','2025-02-28',2,1,7,'',NULL,'2025-03-05 20:45:09','2025-03-05 20:45:09','75103691667147','2025-03-10','2','2025-03-10',40719,40884,4,6,NULL,NULL,NULL,NULL,0.00,36000.00,1,1034.00,NULL),(3,NULL,'2025-02-28','2025-02-28','2025-02-28','2025-02-28',2,1,7,'',NULL,'2025-03-05 20:45:10','2025-03-05 20:45:10','75103691669961','2025-03-10','3','2025-03-10',40719,40809,4,6,NULL,NULL,NULL,NULL,0.00,77000.00,1,1034.00,NULL),(4,NULL,'2025-02-28','2025-02-28','2025-02-28','2025-02-28',2,1,7,'',NULL,'2025-03-05 20:45:11','2025-03-05 20:45:11','75103691672195','2025-03-10','4','2025-03-10',40719,40885,4,6,NULL,NULL,NULL,NULL,0.00,36000.00,1,1034.00,NULL),(5,NULL,'2025-02-28','2025-02-28','2025-02-28','2025-02-28',2,1,7,'',NULL,'2025-03-05 20:45:13','2025-03-05 20:45:13','75103691674391','2025-03-10','5','2025-03-10',40719,40811,4,6,NULL,NULL,NULL,NULL,0.00,45200.00,1,1034.00,NULL),(6,NULL,'2025-02-28','2025-02-28','2025-02-28','2025-02-28',2,1,7,'',NULL,'2025-03-05 20:45:14','2025-03-05 20:45:14','75103691677103','2025-03-10','6','2025-03-10',40719,40886,4,6,NULL,NULL,NULL,NULL,0.00,36000.00,1,1034.00,NULL),(7,NULL,'2025-02-28','2025-02-28','2025-02-28','2025-02-28',2,1,7,'',NULL,'2025-03-05 20:45:15','2025-03-05 20:45:15','75103691679561','2025-03-10','7','2025-03-10',40719,40812,4,6,NULL,NULL,NULL,NULL,0.00,84000.00,1,1034.00,NULL),(8,NULL,'2025-02-28','2025-02-28','2025-02-28','2025-02-28',2,1,7,'',NULL,'2025-03-05 20:45:16','2025-03-05 20:45:16','75103691682148','2025-03-10','8','2025-03-10',40719,40720,4,1,NULL,NULL,NULL,NULL,0.00,255000.00,1,1034.00,NULL),(9,NULL,'2025-02-28','2025-02-28','2025-02-28','2025-02-28',2,1,7,'',NULL,'2025-03-05 20:45:17','2025-03-05 20:45:17','75103691684886','2025-03-10','9','2025-03-10',40719,40798,4,6,NULL,NULL,NULL,NULL,0.00,155500.44,1,1034.00,NULL),(10,NULL,'2025-02-28','2025-02-28','2025-02-28','2025-02-28',2,1,7,'',NULL,'2025-03-05 20:45:19','2025-03-05 20:45:19','75103691687614','2025-03-10','10','2025-03-10',40719,40799,4,6,NULL,NULL,NULL,NULL,0.00,45600.00,1,1034.00,NULL),(11,NULL,'2025-02-28','2025-02-28','2025-02-28','2025-02-28',2,1,7,'',NULL,'2025-03-05 20:45:20','2025-03-05 20:45:20','75103691690026','2025-03-10','11','2025-03-10',40719,40887,4,6,NULL,NULL,NULL,NULL,0.00,197000.00,1,1034.00,NULL),(12,NULL,'2025-02-28','2025-02-28','2025-02-28','2025-02-28',2,1,7,'',NULL,'2025-03-05 20:45:21','2025-03-05 20:45:21','75103691692311','2025-03-10','12','2025-03-10',40719,40800,4,6,NULL,NULL,NULL,NULL,0.00,42000.00,1,1034.00,NULL),(13,NULL,'2025-02-28','2025-02-28','2025-02-28','2025-02-28',2,1,7,'',NULL,'2025-03-05 20:45:22','2025-03-05 20:45:22','75103691694677','2025-03-10','13','2025-03-10',40719,40888,4,6,NULL,NULL,NULL,NULL,0.00,39000.00,1,1034.00,NULL),(14,NULL,'2025-02-28','2025-02-28','2025-02-28','2025-02-28',2,1,7,'',NULL,'2025-03-05 20:45:23','2025-03-05 20:45:23','75103691697036','2025-03-10','14','2025-03-10',40719,40889,4,6,NULL,NULL,NULL,NULL,0.00,39800.00,1,1034.00,NULL),(15,NULL,'2025-02-28','2025-02-28','2025-02-28','2025-02-28',2,1,7,'',NULL,'2025-03-05 20:45:24','2025-03-05 20:45:24','75103691700490','2025-03-10','15','2025-03-10',40719,40803,4,6,NULL,NULL,NULL,NULL,0.00,36000.00,1,1034.00,NULL),(16,NULL,'2025-02-28','2025-02-28','2025-02-28','2025-02-28',2,1,7,'',NULL,'2025-03-05 20:45:26','2025-03-05 20:45:26','75103691704009','2025-03-10','16','2025-03-10',40719,40890,4,6,NULL,NULL,NULL,NULL,0.00,155879.00,1,1034.00,NULL);
INSERT INTO `fact_elec_receipts` VALUES (17,NULL,'2025-02-28','2025-02-28','2025-02-28','2025-02-28',2,1,7,'',NULL,'2025-03-05 20:45:27','2025-03-05 20:45:27','75103691706530','2025-03-10','17','2025-03-10',40719,40804,4,6,NULL,NULL,NULL,NULL,0.00,41100.00,1,1034.00,NULL),(18,NULL,'2025-02-28','2025-02-28','2025-02-28','2025-02-28',2,1,7,'',NULL,'2025-03-05 20:45:28','2025-03-05 20:45:28','75103691708841','2025-03-10','18','2025-03-10',40719,40891,4,6,NULL,NULL,NULL,NULL,0.00,36000.00,1,1034.00,NULL),(19,NULL,'2025-02-28','2025-02-28','2025-02-28','2025-02-28',2,1,7,'',NULL,'2025-03-05 20:45:29','2025-03-05 20:45:29','75103691711300','2025-03-10','19','2025-03-10',40719,40892,4,6,NULL,NULL,NULL,NULL,0.00,44500.00,1,1034.00,NULL),(20,NULL,'2025-02-28','2025-02-28','2025-02-28','2025-02-28',2,1,7,'',NULL,'2025-03-05 20:45:30','2025-03-05 20:45:30','75103691713682','2025-03-10','20','2025-03-10',40719,40807,4,6,NULL,NULL,NULL,NULL,0.00,42000.00,1,1034.00,NULL),(21,NULL,'2025-02-28','2025-02-28','2025-02-28','2025-02-28',2,1,7,'',NULL,'2025-03-05 20:45:31','2025-03-05 20:45:31','75103691716318','2025-03-10','21','2025-03-10',40719,40808,4,6,NULL,NULL,NULL,NULL,0.00,16000.00,1,1034.00,NULL),(22,NULL,'2025-02-28','2025-02-28','2025-02-28','2025-02-28',2,1,7,'',NULL,'2025-03-05 20:46:35','2025-03-05 20:46:35','75103691856171','2025-03-10','22','2025-03-10',40719,40884,4,6,NULL,NULL,NULL,NULL,0.00,36000.00,1,1034.00,NULL),(23,NULL,'2025-02-28','2025-02-28','2025-02-28','2025-02-28',2,1,7,'',NULL,'2025-03-05 20:46:36','2025-03-05 20:46:36','75103691858555','2025-03-10','23','2025-03-10',40719,40809,4,6,NULL,NULL,NULL,NULL,0.00,77000.00,1,1034.00,NULL),(24,NULL,'2025-02-28','2025-02-28','2025-02-28','2025-02-28',2,1,7,'',NULL,'2025-03-05 20:46:37','2025-03-05 20:46:37','75103691860924','2025-03-10','24','2025-03-10',40719,40885,4,6,NULL,NULL,NULL,NULL,0.00,36000.00,1,1034.00,NULL),(25,NULL,'2025-02-28','2025-02-28','2025-02-28','2025-02-28',2,1,7,'',NULL,'2025-03-05 20:46:38','2025-03-05 20:46:38','75103691863396','2025-03-10','25','2025-03-10',40719,40811,4,6,NULL,NULL,NULL,NULL,0.00,45200.00,1,1034.00,NULL),(26,NULL,'2025-02-28','2025-02-28','2025-02-28','2025-02-28',2,1,7,'',NULL,'2025-03-05 20:46:39','2025-03-05 20:46:39','75103691865589','2025-03-10','26','2025-03-10',40719,40886,4,6,NULL,NULL,NULL,NULL,0.00,36000.00,1,1034.00,NULL),(27,NULL,'2025-02-28','2025-02-28','2025-02-28','2025-02-28',2,1,7,'',NULL,'2025-03-05 20:46:40','2025-03-05 20:46:40','75103691868197','2025-03-10','27','2025-03-10',40719,40812,4,6,NULL,NULL,NULL,NULL,0.00,84000.00,1,1034.00,NULL),(28,NULL,'2025-02-28','2025-02-28','2025-02-28','2025-02-28',2,1,7,'',NULL,'2025-03-05 20:46:42','2025-03-05 20:46:42','75103691870731','2025-03-10','28','2025-03-10',40719,40720,4,1,NULL,NULL,NULL,NULL,0.00,255000.00,1,1034.00,NULL),(29,NULL,'2025-02-28','2025-02-28','2025-02-28','2025-02-28',2,1,7,'',NULL,'2025-03-05 20:46:43','2025-03-05 20:46:43','75103691873098','2025-03-10','29','2025-03-10',40719,40798,4,6,NULL,NULL,NULL,NULL,0.00,155500.44,1,1034.00,NULL),(30,NULL,'2025-02-28','2025-02-28','2025-02-28','2025-02-28',2,1,7,'',NULL,'2025-03-05 20:46:44','2025-03-05 20:46:44','75103691875634','2025-03-10','30','2025-03-10',40719,40799,4,6,NULL,NULL,NULL,NULL,0.00,45600.00,1,1034.00,NULL),(31,NULL,'2025-02-28','2025-02-28','2025-02-28','2025-02-28',2,1,7,'',NULL,'2025-03-05 20:46:45','2025-03-05 20:46:45','75103691877945','2025-03-10','31','2025-03-10',40719,40887,4,6,NULL,NULL,NULL,NULL,0.00,197000.00,1,1034.00,NULL),(32,NULL,'2025-02-28','2025-02-28','2025-02-28','2025-02-28',2,1,7,'',NULL,'2025-03-05 20:46:46','2025-03-05 20:46:46','75103691880182','2025-03-10','32','2025-03-10',40719,40800,4,6,NULL,NULL,NULL,NULL,0.00,42000.00,1,1034.00,NULL),(33,NULL,'2025-02-28','2025-02-28','2025-02-28','2025-02-28',2,1,7,'',NULL,'2025-03-05 20:46:47','2025-03-05 20:46:47','75103691882702','2025-03-10','33','2025-03-10',40719,40888,4,6,NULL,NULL,NULL,NULL,0.00,39000.00,1,1034.00,NULL);
INSERT INTO `fact_elec_receipts` VALUES (34,NULL,'2025-02-28','2025-02-28','2025-02-28','2025-02-28',2,1,7,'',NULL,'2025-03-05 20:46:48','2025-03-05 20:46:48','75103691885218','2025-03-10','34','2025-03-10',40719,40889,4,6,NULL,NULL,NULL,NULL,0.00,39800.00,1,1034.00,NULL),(35,NULL,'2025-02-28','2025-02-28','2025-02-28','2025-02-28',2,1,7,'',NULL,'2025-03-05 20:46:49','2025-03-05 20:46:49','75103691889209','2025-03-10','35','2025-03-10',40719,40803,4,6,NULL,NULL,NULL,NULL,0.00,36000.00,1,1034.00,NULL),(36,NULL,'2025-02-28','2025-02-28','2025-02-28','2025-02-28',2,1,7,'',NULL,'2025-03-05 20:46:51','2025-03-05 20:46:51','75103691892093','2025-03-10','36','2025-03-10',40719,40890,4,6,NULL,NULL,NULL,NULL,0.00,155879.00,1,1034.00,NULL),(37,NULL,'2025-02-28','2025-02-28','2025-02-28','2025-02-28',2,1,7,'',NULL,'2025-03-05 20:46:52','2025-03-05 20:46:52','75103691894524','2025-03-10','37','2025-03-10',40719,40804,4,6,NULL,NULL,NULL,NULL,0.00,41100.00,1,1034.00,NULL),(38,NULL,'2025-02-28','2025-02-28','2025-02-28','2025-02-28',2,1,7,'',NULL,'2025-03-05 20:46:53','2025-03-05 20:46:53','75103691896791','2025-03-10','38','2025-03-10',40719,40891,4,6,NULL,NULL,NULL,NULL,0.00,36000.00,1,1034.00,NULL),(39,NULL,'2025-02-28','2025-02-28','2025-02-28','2025-02-28',2,1,7,'',NULL,'2025-03-05 20:46:54','2025-03-05 20:46:54','75103691899252','2025-03-10','39','2025-03-10',40719,40892,4,6,NULL,NULL,NULL,NULL,0.00,44500.00,1,1034.00,NULL),(40,NULL,'2025-02-28','2025-02-28','2025-02-28','2025-02-28',2,1,7,'',NULL,'2025-03-05 20:46:55','2025-03-05 20:46:55','75103691901908','2025-03-10','40','2025-03-10',40719,40807,4,6,NULL,NULL,NULL,NULL,0.00,42000.00,1,1034.00,NULL),(41,NULL,'2025-02-28','2025-02-28','2025-02-28','2025-02-28',2,1,7,'',NULL,'2025-03-05 20:46:56','2025-03-05 20:46:56','75103691904090','2025-03-10','41','2025-03-10',40719,40808,4,6,NULL,NULL,NULL,NULL,0.00,16000.00,1,1034.00,NULL),(42,7566,'2025-03-23','2025-03-23','2025-03-23','2025-03-23',2,1,9,'','{\"Tipo\":{\"id\":7,\"user_id\":null,\"created_at\":null,\"updated_at\":\"2019-07-30T01:19:32.000000Z\",\"name\":\"Factura C\",\"code\":\"11\",\"credit\":0,\"agroup_iva_module\":0,\"sell_no_taxabled\":1,\"buy_no_taxabled\":1,\"iva_condition_id\":1,\"is_fce_pyme\":0,\"afip_comprobante_id\":11,\"tipo\":\"Factura\",\"letra\":\"C\",\"facta_electronica\":1,\"is_stock_lpg\":0,\"show_from_total\":0,\"deleted_at\":null},\"PtoVta\":\"00002\",\"Nro\":\"22\",\"CbteFch\":\"02-28-2025\",\"anula_comp_rechazado\":\"N\"}','2025-03-23 17:57:03','2025-03-23 17:57:03','75123878936607','2025-04-02','1','2025-04-02',40719,40884,4,6,NULL,NULL,NULL,NULL,0.00,36000.00,1,1041.00,NULL),(43,7566,'2025-03-23','2025-03-23','2025-03-23','2025-03-23',2,1,9,'','{\"Tipo\":{\"id\":9,\"user_id\":null,\"created_at\":null,\"updated_at\":\"2019-07-30T01:19:32.000000Z\",\"name\":\"Nota de cr\\u00e9dito C\",\"code\":\"13\",\"credit\":1,\"agroup_iva_module\":null,\"sell_no_taxabled\":1,\"buy_no_taxabled\":1,\"iva_condition_id\":1,\"is_fce_pyme\":0,\"afip_comprobante_id\":13,\"tipo\":\"Nota de Cr\\u00e9dito\",\"letra\":\"C\",\"facta_electronica\":1,\"is_stock_lpg\":0,\"show_from_total\":0,\"deleted_at\":null},\"PtoVta\":\"00002\",\"Nro\":\"00000002\",\"CbteFch\":\"02-28-2025\",\"anula_comp_rechazado\":\"N\"}','2025-03-23 18:01:42','2025-03-23 18:01:42','75123879309859','2025-04-02','2','2025-04-02',40719,40809,4,6,NULL,NULL,NULL,NULL,0.00,77000.00,1,1041.00,NULL);
INSERT INTO `fact_elec_receipts` VALUES (44,7566,'2025-03-23','2025-03-23','2025-03-23','2025-03-23',2,1,9,'','{\"Tipo\":{\"id\":7,\"user_id\":null,\"created_at\":null,\"updated_at\":\"2019-07-30T01:19:32.000000Z\",\"name\":\"Factura C\",\"code\":\"11\",\"credit\":0,\"agroup_iva_module\":0,\"sell_no_taxabled\":1,\"buy_no_taxabled\":1,\"iva_condition_id\":1,\"is_fce_pyme\":0,\"afip_comprobante_id\":11,\"tipo\":\"Factura\",\"letra\":\"C\",\"facta_electronica\":1,\"is_stock_lpg\":0,\"show_from_total\":0,\"deleted_at\":null},\"PtoVta\":\"00002\",\"Nro\":\"24\",\"CbteFch\":\"02-28-2025\",\"anula_comp_rechazado\":\"N\"}','2025-03-23 18:07:20','2025-03-23 18:07:20','75123879874148','2025-04-02','3','2025-04-02',40719,40885,4,6,NULL,NULL,NULL,NULL,0.00,36000.00,1,1041.00,NULL),(45,7566,'2025-03-23','2025-03-23','2025-03-23','2025-03-23',2,1,9,'','{\"Tipo\":{\"id\":7,\"user_id\":null,\"created_at\":null,\"updated_at\":\"2019-07-30T01:19:32.000000Z\",\"name\":\"Factura C\",\"code\":\"11\",\"credit\":0,\"agroup_iva_module\":0,\"sell_no_taxabled\":1,\"buy_no_taxabled\":1,\"iva_condition_id\":1,\"is_fce_pyme\":0,\"afip_comprobante_id\":11,\"tipo\":\"Factura\",\"letra\":\"C\",\"facta_electronica\":1,\"is_stock_lpg\":0,\"show_from_total\":0,\"deleted_at\":null},\"PtoVta\":\"00002\",\"Nro\":\"00000025\",\"CbteFch\":\"02-28-2025\",\"anula_comp_rechazado\":\"N\"}','2025-03-23 18:31:53','2025-03-23 18:31:53','75123882397438','2025-04-02','4','2025-04-02',40719,40811,4,6,NULL,NULL,NULL,NULL,0.00,45200.00,1,1041.00,NULL),(46,7566,'2025-03-23','2025-03-23','2025-03-23','2025-03-23',2,1,9,'','{\"Tipo\":{\"id\":7,\"user_id\":null,\"created_at\":null,\"updated_at\":\"2019-07-30T01:19:32.000000Z\",\"name\":\"Factura C\",\"code\":\"11\",\"credit\":0,\"agroup_iva_module\":0,\"sell_no_taxabled\":1,\"buy_no_taxabled\":1,\"iva_condition_id\":1,\"is_fce_pyme\":0,\"afip_comprobante_id\":11,\"tipo\":\"Factura\",\"letra\":\"C\",\"facta_electronica\":1,\"is_stock_lpg\":0,\"show_from_total\":0,\"deleted_at\":null},\"PtoVta\":\"00002\",\"Nro\":\"26\",\"CbteFch\":\"02-28-2025\",\"anula_comp_rechazado\":\"N\"}','2025-03-23 18:33:51','2025-03-23 18:33:51','75123882595558','2025-04-02','5','2025-04-02',40719,40886,4,6,NULL,NULL,NULL,NULL,0.00,36000.00,1,1041.00,NULL),(47,7566,'2025-03-23','2025-03-23','2025-03-23','2025-03-23',2,1,9,'','{\"Tipo\":{\"id\":7,\"user_id\":null,\"created_at\":null,\"updated_at\":\"2019-07-30T01:19:32.000000Z\",\"name\":\"Factura C\",\"code\":\"11\",\"credit\":0,\"agroup_iva_module\":0,\"sell_no_taxabled\":1,\"buy_no_taxabled\":1,\"iva_condition_id\":1,\"is_fce_pyme\":0,\"afip_comprobante_id\":11,\"tipo\":\"Factura\",\"letra\":\"C\",\"facta_electronica\":1,\"is_stock_lpg\":0,\"show_from_total\":0,\"deleted_at\":null},\"PtoVta\":\"00002\",\"Nro\":\"27\",\"CbteFch\":\"02-28-2025\",\"anula_comp_rechazado\":\"N\"}','2025-03-23 18:34:56','2025-03-23 18:34:56','75123882705932','2025-04-02','6','2025-04-02',40719,40812,4,6,NULL,NULL,NULL,NULL,0.00,84000.00,1,1041.00,NULL),(48,7566,'2025-03-23','2025-03-23','2025-03-23','2025-03-23',2,1,9,'','{\"Tipo\":{\"id\":7,\"user_id\":null,\"created_at\":null,\"updated_at\":\"2019-07-30T01:19:32.000000Z\",\"name\":\"Factura C\",\"code\":\"11\",\"credit\":0,\"agroup_iva_module\":0,\"sell_no_taxabled\":1,\"buy_no_taxabled\":1,\"iva_condition_id\":1,\"is_fce_pyme\":0,\"afip_comprobante_id\":11,\"tipo\":\"Factura\",\"letra\":\"C\",\"facta_electronica\":1,\"is_stock_lpg\":0,\"show_from_total\":0,\"deleted_at\":null},\"PtoVta\":\"00002\",\"Nro\":\"28\",\"CbteFch\":\"02-28-2025\",\"anula_comp_rechazado\":\"N\"}','2025-03-23 18:35:59','2025-03-23 18:35:59','75123882810267','2025-04-02','7','2025-04-02',40719,40720,4,1,NULL,NULL,NULL,NULL,0.00,255000.00,1,1041.00,NULL);
INSERT INTO `fact_elec_receipts` VALUES (49,7566,'2025-03-23','2025-03-23','2025-03-23','2025-03-23',2,1,9,'','{\"Tipo\":{\"id\":7,\"user_id\":null,\"created_at\":null,\"updated_at\":\"2019-07-30T01:19:32.000000Z\",\"name\":\"Factura C\",\"code\":\"11\",\"credit\":0,\"agroup_iva_module\":0,\"sell_no_taxabled\":1,\"buy_no_taxabled\":1,\"iva_condition_id\":1,\"is_fce_pyme\":0,\"afip_comprobante_id\":11,\"tipo\":\"Factura\",\"letra\":\"C\",\"facta_electronica\":1,\"is_stock_lpg\":0,\"show_from_total\":0,\"deleted_at\":null},\"PtoVta\":\"00002\",\"Nro\":\"29\",\"CbteFch\":\"02-28-2025\",\"anula_comp_rechazado\":\"N\"}','2025-03-23 18:39:00','2025-03-23 18:39:00','75123883117114','2025-04-02','8','2025-04-02',40719,40798,4,1,NULL,NULL,NULL,NULL,0.00,155500.44,1,1041.00,NULL),(50,7566,'2025-03-23','2025-03-23','2025-03-23','2025-03-23',2,1,9,'','{\"Tipo\":{\"id\":7,\"user_id\":null,\"created_at\":null,\"updated_at\":\"2019-07-30T01:19:32.000000Z\",\"name\":\"Factura C\",\"code\":\"11\",\"credit\":0,\"agroup_iva_module\":0,\"sell_no_taxabled\":1,\"buy_no_taxabled\":1,\"iva_condition_id\":1,\"is_fce_pyme\":0,\"afip_comprobante_id\":11,\"tipo\":\"Factura\",\"letra\":\"C\",\"facta_electronica\":1,\"is_stock_lpg\":0,\"show_from_total\":0,\"deleted_at\":null},\"PtoVta\":\"00002\",\"Nro\":\"30\",\"CbteFch\":\"02-28-2025\",\"anula_comp_rechazado\":\"N\"}','2025-03-23 18:40:20','2025-03-23 18:40:20','75123883268285','2025-04-02','9','2025-04-02',40719,40799,4,6,NULL,NULL,NULL,NULL,0.00,45600.00,1,1041.00,NULL),(51,7566,'2025-03-23','2025-03-23','2025-03-23','2025-03-23',2,1,9,'','{\"Tipo\":{\"id\":7,\"user_id\":null,\"created_at\":null,\"updated_at\":\"2019-07-30T01:19:32.000000Z\",\"name\":\"Factura C\",\"code\":\"11\",\"credit\":0,\"agroup_iva_module\":0,\"sell_no_taxabled\":1,\"buy_no_taxabled\":1,\"iva_condition_id\":1,\"is_fce_pyme\":0,\"afip_comprobante_id\":11,\"tipo\":\"Factura\",\"letra\":\"C\",\"facta_electronica\":1,\"is_stock_lpg\":0,\"show_from_total\":0,\"deleted_at\":null},\"PtoVta\":\"00002\",\"Nro\":\"31\",\"CbteFch\":\"02-28-2025\",\"anula_comp_rechazado\":\"N\"}','2025-03-23 18:42:48','2025-03-23 18:42:48','75123883544451','2025-04-02','10','2025-04-02',40719,40887,4,6,NULL,NULL,NULL,NULL,0.00,197000.00,1,1041.00,NULL),(52,7566,'2025-03-23','2025-03-23','2025-03-23','2025-03-23',2,1,9,'','{\"Tipo\":{\"id\":7,\"user_id\":null,\"created_at\":null,\"updated_at\":\"2019-07-30T01:19:32.000000Z\",\"name\":\"Factura C\",\"code\":\"11\",\"credit\":0,\"agroup_iva_module\":0,\"sell_no_taxabled\":1,\"buy_no_taxabled\":1,\"iva_condition_id\":1,\"is_fce_pyme\":0,\"afip_comprobante_id\":11,\"tipo\":\"Factura\",\"letra\":\"C\",\"facta_electronica\":1,\"is_stock_lpg\":0,\"show_from_total\":0,\"deleted_at\":null},\"PtoVta\":\"00002\",\"Nro\":\"32\",\"CbteFch\":\"02-28-2025\",\"anula_comp_rechazado\":\"N\"}','2025-03-23 18:44:05','2025-03-23 18:44:05','75123883675055','2025-04-02','11','2025-04-02',40719,40800,4,6,NULL,NULL,NULL,NULL,0.00,42000.00,1,1041.00,NULL),(53,7566,'2025-03-23','2025-03-23','2025-03-23','2025-03-23',2,1,9,'','{\"Tipo\":{\"id\":7,\"user_id\":null,\"created_at\":null,\"updated_at\":\"2019-07-30T01:19:32.000000Z\",\"name\":\"Factura C\",\"code\":\"11\",\"credit\":0,\"agroup_iva_module\":0,\"sell_no_taxabled\":1,\"buy_no_taxabled\":1,\"iva_condition_id\":1,\"is_fce_pyme\":0,\"afip_comprobante_id\":11,\"tipo\":\"Factura\",\"letra\":\"C\",\"facta_electronica\":1,\"is_stock_lpg\":0,\"show_from_total\":0,\"deleted_at\":null},\"PtoVta\":\"00002\",\"Nro\":\"33\",\"CbteFch\":\"02-28-2025\",\"anula_comp_rechazado\":\"N\"}','2025-03-23 18:45:26','2025-03-23 18:45:26','75123883822145','2025-04-02','12','2025-04-02',40719,40888,4,6,NULL,NULL,NULL,NULL,0.00,39000.00,1,1041.00,NULL);
INSERT INTO `fact_elec_receipts` VALUES (54,7566,'2025-03-23','2025-03-23','2025-03-23','2025-03-23',2,1,9,'','{\"Tipo\":{\"id\":7,\"user_id\":null,\"created_at\":null,\"updated_at\":\"2019-07-30T01:19:32.000000Z\",\"name\":\"Factura C\",\"code\":\"11\",\"credit\":0,\"agroup_iva_module\":0,\"sell_no_taxabled\":1,\"buy_no_taxabled\":1,\"iva_condition_id\":1,\"is_fce_pyme\":0,\"afip_comprobante_id\":11,\"tipo\":\"Factura\",\"letra\":\"C\",\"facta_electronica\":1,\"is_stock_lpg\":0,\"show_from_total\":0,\"deleted_at\":null},\"PtoVta\":\"00002\",\"Nro\":\"34\",\"CbteFch\":\"02-28-2025\",\"anula_comp_rechazado\":\"N\"}','2025-03-23 18:46:52','2025-03-23 18:46:52','75123883969696','2025-04-02','13','2025-04-02',40719,40889,4,6,NULL,NULL,NULL,NULL,0.00,39800.00,1,1041.00,NULL),(55,7566,'2025-03-23','2025-03-23','2025-03-23','2025-03-23',2,1,9,'','{\"Tipo\":{\"id\":7,\"user_id\":null,\"created_at\":null,\"updated_at\":\"2019-07-30T01:19:32.000000Z\",\"name\":\"Factura C\",\"code\":\"11\",\"credit\":0,\"agroup_iva_module\":0,\"sell_no_taxabled\":1,\"buy_no_taxabled\":1,\"iva_condition_id\":1,\"is_fce_pyme\":0,\"afip_comprobante_id\":11,\"tipo\":\"Factura\",\"letra\":\"C\",\"facta_electronica\":1,\"is_stock_lpg\":0,\"show_from_total\":0,\"deleted_at\":null},\"PtoVta\":\"00002\",\"Nro\":\"35\",\"CbteFch\":\"02-28-2025\",\"anula_comp_rechazado\":\"N\"}','2025-03-23 18:49:01','2025-03-23 18:49:01','75123884191003','2025-04-02','14','2025-04-02',40719,40803,4,1,NULL,NULL,NULL,NULL,0.00,36000.00,1,1041.00,NULL),(56,7566,'2025-03-23','2025-03-23','2025-03-23','2025-03-23',2,1,9,'','{\"Tipo\":{\"id\":7,\"user_id\":null,\"created_at\":null,\"updated_at\":\"2019-07-30T01:19:32.000000Z\",\"name\":\"Factura C\",\"code\":\"11\",\"credit\":0,\"agroup_iva_module\":0,\"sell_no_taxabled\":1,\"buy_no_taxabled\":1,\"iva_condition_id\":1,\"is_fce_pyme\":0,\"afip_comprobante_id\":11,\"tipo\":\"Factura\",\"letra\":\"C\",\"facta_electronica\":1,\"is_stock_lpg\":0,\"show_from_total\":0,\"deleted_at\":null},\"PtoVta\":\"00002\",\"Nro\":\"36\",\"CbteFch\":\"02-28-2025\",\"anula_comp_rechazado\":\"N\"}','2025-03-23 18:50:00','2025-03-23 18:50:00','75123884301885','2025-04-02','15','2025-04-02',40719,40890,4,6,NULL,NULL,NULL,NULL,0.00,155879.00,1,1041.00,NULL),(57,7566,'2025-03-23','2025-03-23','2025-03-23','2025-03-23',2,1,9,'','{\"Tipo\":{\"id\":7,\"user_id\":null,\"created_at\":null,\"updated_at\":\"2019-07-30T01:19:32.000000Z\",\"name\":\"Factura C\",\"code\":\"11\",\"credit\":0,\"agroup_iva_module\":0,\"sell_no_taxabled\":1,\"buy_no_taxabled\":1,\"iva_condition_id\":1,\"is_fce_pyme\":0,\"afip_comprobante_id\":11,\"tipo\":\"Factura\",\"letra\":\"C\",\"facta_electronica\":1,\"is_stock_lpg\":0,\"show_from_total\":0,\"deleted_at\":null},\"PtoVta\":\"00002\",\"Nro\":\"37\",\"CbteFch\":\"02-28-2025\",\"anula_comp_rechazado\":\"N\"}','2025-03-23 18:51:05','2025-03-23 18:51:05','75123884427313','2025-04-02','16','2025-04-02',40719,40804,4,6,NULL,NULL,NULL,NULL,0.00,41100.00,1,1041.00,NULL),(58,7566,'2025-03-23','2025-03-23','2025-03-23','2025-03-23',2,1,9,'','{\"Tipo\":{\"id\":7,\"user_id\":null,\"created_at\":null,\"updated_at\":\"2019-07-30T01:19:32.000000Z\",\"name\":\"Factura C\",\"code\":\"11\",\"credit\":0,\"agroup_iva_module\":0,\"sell_no_taxabled\":1,\"buy_no_taxabled\":1,\"iva_condition_id\":1,\"is_fce_pyme\":0,\"afip_comprobante_id\":11,\"tipo\":\"Factura\",\"letra\":\"C\",\"facta_electronica\":1,\"is_stock_lpg\":0,\"show_from_total\":0,\"deleted_at\":null},\"PtoVta\":\"00002\",\"Nro\":\"38\",\"CbteFch\":\"02-28-2025\",\"anula_comp_rechazado\":\"N\"}','2025-03-23 18:52:02','2025-03-23 18:52:02','75123884526500','2025-04-02','17','2025-04-02',40719,40891,4,6,NULL,NULL,NULL,NULL,0.00,36000.00,1,1041.00,NULL);
INSERT INTO `fact_elec_receipts` VALUES (59,7566,'2025-03-23','2025-03-23','2025-03-23','2025-03-23',2,1,9,'','{\"Tipo\":{\"id\":7,\"user_id\":null,\"created_at\":null,\"updated_at\":\"2019-07-30T01:19:32.000000Z\",\"name\":\"Factura C\",\"code\":\"11\",\"credit\":0,\"agroup_iva_module\":0,\"sell_no_taxabled\":1,\"buy_no_taxabled\":1,\"iva_condition_id\":1,\"is_fce_pyme\":0,\"afip_comprobante_id\":11,\"tipo\":\"Factura\",\"letra\":\"C\",\"facta_electronica\":1,\"is_stock_lpg\":0,\"show_from_total\":0,\"deleted_at\":null},\"PtoVta\":\"00002\",\"Nro\":\"39\",\"CbteFch\":\"02-28-2025\",\"anula_comp_rechazado\":\"N\"}','2025-03-23 18:53:04','2025-03-23 18:53:04','75123884634516','2025-04-02','18','2025-04-02',40719,40892,4,6,NULL,NULL,NULL,NULL,0.00,44500.00,1,1041.00,NULL),(60,7566,'2025-03-23','2025-03-23','2025-03-23','2025-03-23',2,1,9,'','{\"Tipo\":{\"id\":7,\"user_id\":null,\"created_at\":null,\"updated_at\":\"2019-07-30T01:19:32.000000Z\",\"name\":\"Factura C\",\"code\":\"11\",\"credit\":0,\"agroup_iva_module\":0,\"sell_no_taxabled\":1,\"buy_no_taxabled\":1,\"iva_condition_id\":1,\"is_fce_pyme\":0,\"afip_comprobante_id\":11,\"tipo\":\"Factura\",\"letra\":\"C\",\"facta_electronica\":1,\"is_stock_lpg\":0,\"show_from_total\":0,\"deleted_at\":null},\"PtoVta\":\"00002\",\"Nro\":\"40\",\"CbteFch\":\"02-28-2025\",\"anula_comp_rechazado\":\"N\"}','2025-03-23 18:53:59','2025-03-23 18:53:59','75123884726753','2025-04-02','19','2025-04-02',40719,40807,4,6,NULL,NULL,NULL,NULL,0.00,42000.00,1,1041.00,NULL),(61,7566,'2025-03-23','2025-03-23','2025-03-23','2025-03-23',2,1,9,'','{\"Tipo\":{\"id\":7,\"user_id\":null,\"created_at\":null,\"updated_at\":\"2019-07-30T01:19:32.000000Z\",\"name\":\"Factura C\",\"code\":\"11\",\"credit\":0,\"agroup_iva_module\":0,\"sell_no_taxabled\":1,\"buy_no_taxabled\":1,\"iva_condition_id\":1,\"is_fce_pyme\":0,\"afip_comprobante_id\":11,\"tipo\":\"Factura\",\"letra\":\"C\",\"facta_electronica\":1,\"is_stock_lpg\":0,\"show_from_total\":0,\"deleted_at\":null},\"PtoVta\":\"00002\",\"Nro\":\"41\",\"CbteFch\":\"02-28-2025\",\"anula_comp_rechazado\":\"N\"}','2025-03-23 18:55:01','2025-03-23 18:55:01','75123884828278','2025-04-02','20','2025-04-02',40719,40808,4,6,NULL,NULL,NULL,NULL,0.00,16000.00,1,1041.00,NULL),(62,NULL,'2025-03-31','2025-03-01','2025-03-31','2025-04-10',2,1,7,'',NULL,'2025-04-09 18:49:31','2025-04-09 18:49:31','75153974717128','2025-04-10','42','2025-04-10',40719,40884,4,6,NULL,NULL,NULL,NULL,0.00,13000.00,1,1047.00,NULL),(63,NULL,'2025-03-31','2025-03-01','2025-03-31','2025-04-10',2,1,7,'',NULL,'2025-04-09 18:49:33','2025-04-09 18:49:33','75153974721146','2025-04-10','43','2025-04-10',40719,40809,4,6,NULL,NULL,NULL,NULL,0.00,21000.00,1,1047.00,NULL),(64,NULL,'2025-03-31','2025-03-01','2025-03-31','2025-04-10',2,1,7,'',NULL,'2025-04-09 18:49:34','2025-04-09 18:49:34','75153974724534','2025-04-10','44','2025-04-10',40719,40885,4,6,NULL,NULL,NULL,NULL,0.00,13000.00,1,1047.00,NULL),(65,NULL,'2025-03-31','2025-03-01','2025-03-31','2025-04-10',2,1,7,'',NULL,'2025-04-09 18:49:35','2025-04-09 18:49:35','75153974728627','2025-04-10','45','2025-04-10',40719,40811,4,6,NULL,NULL,NULL,NULL,0.00,16000.00,1,1047.00,NULL),(66,NULL,'2025-03-31','2025-03-01','2025-03-31','2025-04-10',2,1,7,'',NULL,'2025-04-09 18:49:36','2025-04-09 18:49:36','75153974732187','2025-04-10','46','2025-04-10',40719,40886,4,6,NULL,NULL,NULL,NULL,0.00,13000.00,1,1047.00,NULL),(67,NULL,'2025-03-31','2025-03-01','2025-03-31','2025-04-10',2,1,7,'',NULL,'2025-04-09 18:49:37','2025-04-09 18:49:37','75153974735575','2025-04-10','47','2025-04-10',40719,40808,4,6,NULL,NULL,NULL,NULL,0.00,18000.00,1,1047.00,NULL),(68,NULL,'2025-03-31','2025-03-01','2025-03-31','2025-04-10',2,1,7,'',NULL,'2025-04-09 18:49:38','2025-04-09 18:49:38','75153974738730','2025-04-10','48','2025-04-10',40719,40886,4,6,NULL,NULL,NULL,NULL,0.00,18000.00,1,1047.00,NULL);
INSERT INTO `fact_elec_receipts` VALUES (69,NULL,'2025-03-31','2025-03-01','2025-03-31','2025-04-10',2,1,7,'',NULL,'2025-04-09 18:49:39','2025-04-09 18:49:39','75153974742350','2025-04-10','49','2025-04-10',40719,40812,4,6,NULL,NULL,NULL,NULL,0.00,30000.00,1,1047.00,NULL),(70,NULL,'2025-03-31','2025-03-01','2025-03-31','2025-04-10',2,1,7,'',NULL,'2025-04-09 18:49:40','2025-04-09 18:49:40','75153974746430','2025-04-10','50','2025-04-10',40719,40798,4,6,NULL,NULL,NULL,NULL,0.00,15000.00,1,1047.00,NULL),(71,NULL,'2025-03-31','2025-03-01','2025-03-31','2025-04-10',2,1,7,'',NULL,'2025-04-09 18:49:41','2025-04-09 18:49:41','75153974751446','2025-04-10','51','2025-04-10',40719,40798,4,6,NULL,NULL,NULL,NULL,0.00,42221.31,1,1047.00,NULL),(72,NULL,'2025-03-31','2025-03-01','2025-03-31','2025-04-10',2,1,7,'',NULL,'2025-04-09 18:49:42','2025-04-09 18:49:42','75153974755351','2025-04-10','52','2025-04-10',40719,40720,4,1,NULL,NULL,NULL,NULL,0.00,92000.00,1,1047.00,NULL),(73,NULL,'2025-03-31','2025-03-01','2025-03-31','2025-04-10',2,1,7,'',NULL,'2025-04-09 18:49:44','2025-04-09 18:49:44','75153974759619','2025-04-10','53','2025-04-10',40719,40799,4,6,NULL,NULL,NULL,NULL,0.00,16300.00,1,1047.00,NULL),(74,NULL,'2025-03-31','2025-03-01','2025-03-31','2025-04-10',2,1,7,'',NULL,'2025-04-09 18:49:45','2025-04-09 18:49:45','75153974762652','2025-04-10','54','2025-04-10',40719,40799,4,6,NULL,NULL,NULL,NULL,0.00,20000.00,1,1047.00,NULL),(75,NULL,'2025-03-31','2025-03-01','2025-03-31','2025-04-10',2,1,7,'',NULL,'2025-04-09 18:49:45','2025-04-09 18:49:45','75153974766643','2025-04-10','55','2025-04-10',40719,40887,4,6,NULL,NULL,NULL,NULL,0.00,17000.00,1,1047.00,NULL),(76,NULL,'2025-03-31','2025-03-01','2025-03-31','2025-04-10',2,1,7,'',NULL,'2025-04-09 18:49:46','2025-04-09 18:49:46','75153974769895','2025-04-10','56','2025-04-10',40719,40887,4,6,NULL,NULL,NULL,NULL,0.00,69584.48,1,1047.00,NULL),(77,NULL,'2025-03-31','2025-03-01','2025-03-31','2025-04-10',2,1,7,'',NULL,'2025-04-09 18:49:48','2025-04-09 18:49:48','75153974773355','2025-04-10','57','2025-04-10',40719,40800,4,6,NULL,NULL,NULL,NULL,0.00,14000.00,1,1047.00,NULL),(78,NULL,'2025-03-31','2025-03-01','2025-03-31','2025-04-10',2,1,7,'',NULL,'2025-04-09 18:49:49','2025-04-09 18:49:49','75153974776785','2025-04-10','58','2025-04-10',40719,40888,4,6,NULL,NULL,NULL,NULL,0.00,13500.00,1,1047.00,NULL),(79,NULL,'2025-03-31','2025-03-01','2025-03-31','2025-04-10',2,1,7,'',NULL,'2025-04-09 18:49:50','2025-04-09 18:49:50','75153974780910','2025-04-10','59','2025-04-10',40719,40889,4,6,NULL,NULL,NULL,NULL,0.00,15000.00,1,1047.00,NULL),(80,NULL,'2025-03-31','2025-03-01','2025-03-31','2025-04-10',2,1,7,'',NULL,'2025-04-09 18:49:51','2025-04-09 18:49:51','75153974784812','2025-04-10','60','2025-04-10',40719,40803,4,6,NULL,NULL,NULL,NULL,0.00,14000.00,1,1047.00,NULL),(81,NULL,'2025-03-31','2025-03-01','2025-03-31','2025-04-10',2,1,7,'',NULL,'2025-04-09 18:49:52','2025-04-09 18:49:52','75153974788007','2025-04-10','61','2025-04-10',40719,40890,4,6,NULL,NULL,NULL,NULL,0.00,12000.00,1,1047.00,NULL),(82,NULL,'2025-03-31','2025-03-01','2025-03-31','2025-04-10',2,1,7,'',NULL,'2025-04-09 18:49:53','2025-04-09 18:49:53','75153974791642','2025-04-10','62','2025-04-10',40719,40890,4,6,NULL,NULL,NULL,NULL,0.00,51679.00,1,1047.00,NULL),(83,NULL,'2025-03-31','2025-03-01','2025-03-31','2025-04-10',2,1,7,'',NULL,'2025-04-09 18:49:54','2025-04-09 18:49:54','75153974795031','2025-04-10','63','2025-04-10',40719,40804,4,6,NULL,NULL,NULL,NULL,0.00,13700.00,1,1047.00,NULL),(84,NULL,'2025-03-31','2025-03-01','2025-03-31','2025-04-10',2,1,7,'',NULL,'2025-04-09 18:49:55','2025-04-09 18:49:55','75153974799006','2025-04-10','64','2025-04-10',40719,40891,4,6,NULL,NULL,NULL,NULL,0.00,13000.00,1,1047.00,NULL),(85,NULL,'2025-03-31','2025-03-01','2025-03-31','2025-04-10',2,1,7,'',NULL,'2025-04-09 18:49:57','2025-04-09 18:49:57','75153974802766','2025-04-10','65','2025-04-10',40719,40892,4,6,NULL,NULL,NULL,NULL,0.00,16000.00,1,1047.00,NULL);
INSERT INTO `fact_elec_receipts` VALUES (86,NULL,'2025-03-31','2025-03-01','2025-03-31','2025-04-10',2,1,7,'',NULL,'2025-04-09 18:49:58','2025-04-09 18:49:58','75153974806508','2025-04-10','66','2025-04-10',40719,40807,4,6,NULL,NULL,NULL,NULL,0.00,15000.00,1,1047.00,NULL),(87,NULL,'2025-04-10','2025-04-01','2025-04-30','2025-04-10',2,1,7,'',NULL,'2025-04-10 18:59:34','2025-04-10 18:59:34','75153113173075','2025-04-20','67','2025-04-20',40719,40884,4,6,NULL,NULL,NULL,NULL,0.00,13000.00,1,1047.00,NULL),(88,NULL,'2025-04-10','2025-04-09','2025-04-09','2025-04-10',2,1,7,'',NULL,'2025-04-10 18:59:35','2025-04-10 18:59:35','75153113176269','2025-04-20','68','2025-04-20',40719,40809,4,6,NULL,NULL,NULL,NULL,0.00,21000.00,1,1047.00,NULL),(89,NULL,'2025-04-10','2025-04-01','2025-04-30','2025-04-10',2,1,7,'',NULL,'2025-04-10 18:59:37','2025-04-10 18:59:37','75153113179144','2025-04-20','69','2025-04-20',40719,40885,4,6,NULL,NULL,NULL,NULL,0.00,13000.00,1,1047.00,NULL),(90,NULL,'2025-04-10','2025-04-01','2025-04-30','2025-04-10',2,1,7,'',NULL,'2025-04-10 18:59:38','2025-04-10 18:59:38','75153113182030','2025-04-20','70','2025-04-20',40719,40811,4,6,NULL,NULL,NULL,NULL,0.00,17000.00,1,1047.00,NULL),(91,NULL,'2025-04-10','2025-04-01','2025-04-30','2025-04-10',2,1,7,'',NULL,'2025-04-10 18:59:39','2025-04-10 18:59:39','75153113184985','2025-04-20','71','2025-04-20',40719,40886,4,6,NULL,NULL,NULL,NULL,0.00,13000.00,1,1047.00,NULL),(92,NULL,'2025-04-10','2025-04-01','2025-04-30','2025-04-10',2,1,7,'',NULL,'2025-04-10 18:59:40','2025-04-10 18:59:40','75153113188196','2025-04-20','72','2025-04-20',40719,40808,4,6,NULL,NULL,NULL,NULL,0.00,18000.00,1,1047.00,NULL),(93,NULL,'2025-04-10','2025-04-09','2025-04-09','2025-04-10',2,1,7,'',NULL,'2025-04-10 18:59:41','2025-04-10 18:59:41','75153113191524','2025-04-20','73','2025-04-20',40719,40812,4,6,NULL,NULL,NULL,NULL,0.00,30000.00,1,1047.00,NULL),(94,NULL,'2025-04-10','2025-04-01','2025-04-30','2025-04-10',2,1,7,'',NULL,'2025-04-10 18:59:42','2025-04-10 18:59:42','75153113195353','2025-04-20','74','2025-04-20',40719,40798,4,6,NULL,NULL,NULL,NULL,0.00,15000.00,1,1047.00,NULL),(95,NULL,'2025-04-10','2025-04-09','2025-04-09','2025-04-10',2,1,7,'',NULL,'2025-04-10 18:59:43','2025-04-10 18:59:43','75153113198327','2025-04-20','75','2025-04-20',40719,40798,4,6,NULL,NULL,NULL,NULL,0.00,42221.31,1,1047.00,NULL),(96,NULL,'2025-04-10','2025-04-09','2025-04-09','2025-04-10',2,1,7,'',NULL,'2025-04-10 18:59:44','2025-04-10 18:59:44','75153113201150','2025-04-20','76','2025-04-20',40719,40720,4,1,NULL,NULL,NULL,NULL,0.00,92000.00,1,1047.00,NULL),(97,NULL,'2025-04-10','2025-04-09','2025-04-09','2025-04-10',2,1,7,'',NULL,'2025-04-10 18:59:46','2025-04-10 18:59:46','75153113204991','2025-04-20','77','2025-04-20',40719,40799,4,6,NULL,NULL,NULL,NULL,0.00,16300.00,1,1047.00,NULL),(98,NULL,'2025-04-10','2025-04-01','2025-04-30','2025-04-10',2,1,7,'',NULL,'2025-04-10 18:59:47','2025-04-10 18:59:47','75153113207630','2025-04-20','78','2025-04-20',40719,40887,4,6,NULL,NULL,NULL,NULL,0.00,18800.00,1,1047.00,NULL),(99,NULL,'2025-04-10','2025-04-09','2025-04-09','2025-04-10',2,1,7,'',NULL,'2025-04-10 18:59:48','2025-04-10 18:59:48','75153113210173','2025-04-20','79','2025-04-20',40719,40887,4,6,NULL,NULL,NULL,NULL,0.00,69584.48,1,1047.00,NULL),(100,NULL,'2025-04-10','2025-04-01','2025-04-30','2025-04-10',2,1,7,'',NULL,'2025-04-10 18:59:49','2025-04-10 18:59:49','75153113212688','2025-04-20','80','2025-04-20',40719,40800,4,6,NULL,NULL,NULL,NULL,0.00,15000.00,1,1047.00,NULL),(101,NULL,'2025-04-10','2025-04-01','2025-04-30','2025-04-10',2,1,7,'',NULL,'2025-04-10 18:59:50','2025-04-10 18:59:50','75153113215458','2025-04-20','81','2025-04-20',40719,40888,4,6,NULL,NULL,NULL,NULL,0.00,14500.00,1,1047.00,NULL),(102,NULL,'2025-04-10','2025-04-09','2025-04-09','2025-04-10',2,1,7,'',NULL,'2025-04-10 18:59:51','2025-04-10 18:59:51','75153113218113','2025-04-20','82','2025-04-20',40719,40889,4,6,NULL,NULL,NULL,NULL,0.00,16300.00,1,1047.00,NULL);
INSERT INTO `fact_elec_receipts` VALUES (103,NULL,'2025-04-10','2025-04-01','2025-04-30','2025-04-10',2,1,7,'',NULL,'2025-04-10 18:59:52','2025-04-10 18:59:52','75153113220862','2025-04-20','83','2025-04-20',40719,40803,4,6,NULL,NULL,NULL,NULL,0.00,14000.00,1,1047.00,NULL),(104,NULL,'2025-04-10','2025-04-01','2025-04-30','2025-04-10',2,1,7,'',NULL,'2025-04-10 18:59:53','2025-04-10 18:59:53','75153113223352','2025-04-20','84','2025-04-20',40719,40890,4,6,NULL,NULL,NULL,NULL,0.00,12000.00,1,1047.00,NULL),(105,NULL,'2025-04-10','2025-04-09','2025-04-09','2025-04-10',2,1,7,'',NULL,'2025-04-10 18:59:55','2025-04-10 18:59:55','75153113225841','2025-04-20','85','2025-04-20',40719,40890,4,6,NULL,NULL,NULL,NULL,0.00,51679.00,1,1047.00,NULL),(106,NULL,'2025-04-10','2025-04-01','2025-04-30','2025-04-10',2,1,7,'',NULL,'2025-04-10 18:59:56','2025-04-10 18:59:56','75153113228580','2025-04-20','86','2025-04-20',40719,40804,4,6,NULL,NULL,NULL,NULL,0.00,14700.00,1,1047.00,NULL),(107,NULL,'2025-04-10','2025-04-01','2025-04-30','2025-04-10',2,1,7,'',NULL,'2025-04-10 18:59:57','2025-04-10 18:59:57','75153113231052','2025-04-20','87','2025-04-20',40719,40891,4,6,NULL,NULL,NULL,NULL,0.00,13000.00,1,1047.00,NULL),(108,NULL,'2025-04-10','2025-04-01','2025-04-30','2025-04-10',2,1,7,'',NULL,'2025-04-10 18:59:58','2025-04-10 18:59:58','75153113233567','2025-04-20','88','2025-04-20',40719,40892,4,6,NULL,NULL,NULL,NULL,0.00,18000.00,1,1047.00,NULL),(109,NULL,'2025-04-10','2025-04-01','2025-04-30','2025-04-10',2,1,7,'',NULL,'2025-04-10 18:59:59','2025-04-10 18:59:59','75153113236353','2025-04-20','89','2025-04-20',40719,40807,4,6,NULL,NULL,NULL,NULL,0.00,15000.00,1,1047.00,NULL),(110,NULL,'2025-04-10','2025-04-01','2025-04-30','2025-04-10',2,1,7,'',NULL,'2025-04-10 19:00:00','2025-04-10 19:00:00','75153113239796','2025-04-20','90','2025-04-20',40719,40894,4,6,NULL,NULL,NULL,NULL,0.00,12000.00,1,1047.00,NULL),(111,NULL,'2025-04-10','2025-04-09','2025-04-09','2025-04-10',2,1,7,'',NULL,'2025-04-10 19:00:01','2025-04-10 19:00:01','75153113243654','2025-04-20','91','2025-04-20',40719,40892,4,6,NULL,NULL,NULL,NULL,0.00,106958.96,1,1047.00,NULL),(112,7566,'2025-05-21','2025-05-01','2025-05-31','2025-05-21',2,1,7,'','{\"Tipo\":null,\"PtoVta\":null,\"Nro\":null,\"CbteFch\":\"05-21-2025\",\"anula_comp_rechazado\":\"N\"}','2025-05-21 19:50:21','2025-05-21 19:50:21','75213893839791','2025-05-31','92','2025-05-31',40719,40884,4,6,NULL,NULL,NULL,NULL,0.00,13000.00,1,1117.00,NULL),(113,7566,'2025-05-21','2025-05-01','2025-05-31','2025-05-21',2,1,7,'','{\"Tipo\":null,\"PtoVta\":null,\"Nro\":null,\"CbteFch\":\"05-21-2025\",\"anula_comp_rechazado\":\"N\"}','2025-05-21 19:52:28','2025-05-21 19:52:28','75213894137089','2025-05-31','93','2025-05-31',40719,40808,4,6,NULL,NULL,NULL,NULL,0.00,18000.00,1,1117.00,NULL),(114,7566,'2025-05-21','2025-05-01','2025-05-31','2025-05-21',2,1,7,'','{\"Tipo\":null,\"PtoVta\":null,\"Nro\":null,\"CbteFch\":\"05-21-2025\",\"anula_comp_rechazado\":\"N\"}','2025-05-21 19:53:20','2025-05-21 19:53:20','75213894256303','2025-05-31','94','2025-05-31',40719,40809,4,6,NULL,NULL,NULL,NULL,0.00,21000.00,1,1117.00,NULL),(115,7566,'2025-05-21','2025-05-01','2025-05-31','2025-05-21',2,1,7,'','{\"Tipo\":null,\"PtoVta\":null,\"Nro\":null,\"CbteFch\":\"05-21-2025\",\"anula_comp_rechazado\":\"N\"}','2025-05-21 19:54:35','2025-05-21 19:54:35','75213894438463','2025-05-31','95','2025-05-31',40719,40885,4,6,NULL,NULL,NULL,NULL,0.00,13000.00,1,1117.00,NULL),(116,7566,'2025-05-21','2025-05-01','2025-05-31','2025-05-21',2,1,7,'','{\"Tipo\":null,\"PtoVta\":null,\"Nro\":null,\"CbteFch\":\"05-21-2025\",\"anula_comp_rechazado\":\"N\"}','2025-05-21 19:57:48','2025-05-21 19:57:48','75213894863973','2025-05-31','96','2025-05-31',40719,40903,4,6,NULL,NULL,NULL,NULL,0.00,44200.09,1,1117.00,NULL);
INSERT INTO `fact_elec_receipts` VALUES (117,7566,'2025-05-21','2025-05-01','2025-05-31','2025-05-21',2,1,7,'','{\"Tipo\":null,\"PtoVta\":null,\"Nro\":null,\"CbteFch\":\"05-21-2025\",\"anula_comp_rechazado\":\"N\"}','2025-05-21 19:58:34','2025-05-21 19:58:34','75213894959449','2025-05-31','97','2025-05-31',40719,40811,4,6,NULL,NULL,NULL,NULL,0.00,17000.00,1,1117.00,NULL),(118,7566,'2025-05-21','2025-05-01','2025-05-31','2025-05-21',2,1,7,'','{\"Tipo\":null,\"PtoVta\":null,\"Nro\":null,\"CbteFch\":\"05-21-2025\",\"anula_comp_rechazado\":\"N\"}','2025-05-21 19:59:24','2025-05-21 19:59:24','75213895058187','2025-05-31','98','2025-05-31',40719,40886,4,6,NULL,NULL,NULL,NULL,0.00,13000.00,1,1117.00,NULL),(119,7566,'2025-05-21','2025-05-21','2025-05-21','2025-05-21',2,1,7,'','{\"Tipo\":null,\"PtoVta\":null,\"Nro\":null,\"CbteFch\":\"05-21-2025\",\"anula_comp_rechazado\":\"N\"}','2025-05-21 20:00:29','2025-05-21 20:00:29','75213895194666','2025-05-31','99','2025-05-31',40719,40812,4,6,NULL,NULL,NULL,NULL,0.00,30000.00,1,1117.00,NULL),(120,7566,'2025-05-21','2025-05-01','2025-05-31','2025-05-21',2,1,7,'','{\"Tipo\":null,\"PtoVta\":null,\"Nro\":null,\"CbteFch\":\"05-21-2025\",\"anula_comp_rechazado\":\"N\"}','2025-05-21 20:01:51','2025-05-21 20:01:51','75213895366600','2025-05-31','100','2025-05-31',40719,40798,4,6,NULL,NULL,NULL,NULL,0.00,57221.31,1,1117.00,NULL),(121,7566,'2025-05-21','2025-05-21','2025-05-21','2025-05-21',2,1,7,'','{\"Tipo\":null,\"PtoVta\":null,\"Nro\":null,\"CbteFch\":\"05-21-2025\",\"anula_comp_rechazado\":\"N\"}','2025-05-21 20:02:45','2025-05-21 20:02:45','75213895477782','2025-05-31','101','2025-05-31',40719,40720,4,1,NULL,NULL,NULL,NULL,0.00,92000.00,1,1117.00,NULL),(122,7566,'2025-05-21','2025-05-21','2025-05-21','2025-05-21',2,1,7,'','{\"Tipo\":null,\"PtoVta\":null,\"Nro\":null,\"CbteFch\":\"05-21-2025\",\"anula_comp_rechazado\":\"N\"}','2025-05-21 20:03:36','2025-05-21 20:03:36','75213895584742','2025-05-31','102','2025-05-31',40719,40799,4,6,NULL,NULL,NULL,NULL,0.00,18000.00,1,1117.00,NULL),(123,7566,'2025-05-21','2025-05-01','2025-05-31','2025-05-21',2,1,7,'','{\"Tipo\":null,\"PtoVta\":null,\"Nro\":null,\"CbteFch\":\"05-21-2025\",\"anula_comp_rechazado\":\"N\"}','2025-05-21 20:04:23','2025-05-21 20:04:23','75213895683235','2025-05-31','103','2025-05-31',40719,40887,4,6,NULL,NULL,NULL,NULL,0.00,18800.00,1,1117.00,NULL),(124,7566,'2025-05-21','2025-05-21','2025-05-21','2025-05-21',2,1,7,'','{\"Tipo\":null,\"PtoVta\":null,\"Nro\":null,\"CbteFch\":\"05-21-2025\",\"anula_comp_rechazado\":\"N\"}','2025-05-21 20:05:13','2025-05-21 20:05:13','75213895790431','2025-05-31','104','2025-05-31',40719,40887,4,6,NULL,NULL,NULL,NULL,0.00,69584.48,1,1117.00,NULL),(125,7566,'2025-05-21','2025-05-01','2025-05-31','2025-05-21',2,1,7,'','{\"Tipo\":null,\"PtoVta\":null,\"Nro\":null,\"CbteFch\":\"05-21-2025\",\"anula_comp_rechazado\":\"N\"}','2025-05-21 20:05:59','2025-05-21 20:05:59','75213895892972','2025-05-31','105','2025-05-31',40719,40800,4,6,NULL,NULL,NULL,NULL,0.00,15000.00,1,1117.00,NULL),(126,7566,'2025-05-21','2025-05-01','2025-05-31','2025-05-21',2,1,7,'','{\"Tipo\":null,\"PtoVta\":null,\"Nro\":null,\"CbteFch\":\"05-21-2025\",\"anula_comp_rechazado\":\"N\"}','2025-05-21 20:06:44','2025-05-21 20:06:44','75213895985330','2025-05-31','106','2025-05-31',40719,40888,4,6,NULL,NULL,NULL,NULL,0.00,14500.00,1,1117.00,NULL),(127,7566,'2025-05-21','2025-05-21','2025-05-21','2025-05-21',2,1,7,'','{\"Tipo\":null,\"PtoVta\":null,\"Nro\":null,\"CbteFch\":\"05-21-2025\",\"anula_comp_rechazado\":\"N\"}','2025-05-21 20:07:24','2025-05-21 20:07:24','75213896063851','2025-05-31','107','2025-05-31',40719,40889,4,6,NULL,NULL,NULL,NULL,0.00,16300.00,1,1117.00,NULL),(128,7566,'2025-05-21','2025-05-01','2025-05-31','2025-05-21',2,1,7,'','{\"Tipo\":null,\"PtoVta\":null,\"Nro\":null,\"CbteFch\":\"05-21-2025\",\"anula_comp_rechazado\":\"N\"}','2025-05-21 20:08:09','2025-05-21 20:08:09','75213896151874','2025-05-31','108','2025-05-31',40719,40803,4,6,NULL,NULL,NULL,NULL,0.00,14000.00,1,1117.00,NULL);
INSERT INTO `fact_elec_receipts` VALUES (129,7566,'2025-05-21','2025-05-01','2025-05-31','2025-05-21',2,1,7,'','{\"Tipo\":null,\"PtoVta\":null,\"Nro\":null,\"CbteFch\":\"05-21-2025\",\"anula_comp_rechazado\":\"N\"}','2025-05-21 20:09:11','2025-05-21 20:09:11','75213896272310','2025-05-31','109','2025-05-31',40719,40890,4,6,NULL,NULL,NULL,NULL,0.00,63679.00,1,1117.00,NULL),(130,7566,'2025-05-21','2025-05-01','2025-05-31','2025-05-21',2,1,7,'','{\"Tipo\":null,\"PtoVta\":null,\"Nro\":null,\"CbteFch\":\"05-21-2025\",\"anula_comp_rechazado\":\"N\"}','2025-05-21 20:10:18','2025-05-21 20:10:18','75213896401888','2025-05-31','110','2025-05-31',40719,40904,4,6,NULL,NULL,NULL,NULL,0.00,12000.00,1,1117.00,NULL),(131,7566,'2025-05-21','2025-05-01','2025-05-31','2025-05-21',2,1,7,'','{\"Tipo\":null,\"PtoVta\":null,\"Nro\":null,\"CbteFch\":\"05-21-2025\",\"anula_comp_rechazado\":\"N\"}','2025-05-21 20:11:14','2025-05-21 20:11:14','75213896509809','2025-05-31','111','2025-05-31',40719,40804,4,6,NULL,NULL,NULL,NULL,0.00,14700.00,1,1117.00,NULL),(132,7566,'2025-05-21','2025-05-01','2025-05-31','2025-05-21',2,1,7,'','{\"Tipo\":null,\"PtoVta\":null,\"Nro\":null,\"CbteFch\":\"05-21-2025\",\"anula_comp_rechazado\":\"N\"}','2025-05-21 20:12:45','2025-05-21 20:12:45','75213896685822','2025-05-31','112','2025-05-31',40719,40894,4,6,NULL,NULL,NULL,NULL,0.00,12000.00,1,1117.00,NULL),(133,7566,'2025-05-21','2025-05-01','2025-05-31','2025-05-21',2,1,7,'','{\"Tipo\":null,\"PtoVta\":null,\"Nro\":null,\"CbteFch\":\"05-21-2025\",\"anula_comp_rechazado\":\"N\"}','2025-05-21 20:13:32','2025-05-21 20:13:32','75213896779118','2025-05-31','113','2025-05-31',40719,40891,4,6,NULL,NULL,NULL,NULL,0.00,13000.00,1,1117.00,NULL),(134,7566,'2025-05-21','2025-05-21','2025-05-21','2025-05-21',2,1,7,'','{\"Tipo\":null,\"PtoVta\":null,\"Nro\":null,\"CbteFch\":\"05-21-2025\",\"anula_comp_rechazado\":\"N\"}','2025-05-21 20:15:21','2025-05-21 20:15:21','75213897010414','2025-05-31','114','2025-05-31',40719,40892,4,6,NULL,NULL,NULL,NULL,0.00,189769.69,1,1117.00,NULL),(135,7566,'2025-05-21','2025-05-21','2025-05-21','2025-05-21',2,1,7,'','{\"Tipo\":null,\"PtoVta\":null,\"Nro\":null,\"CbteFch\":\"05-21-2025\",\"anula_comp_rechazado\":\"N\"}','2025-05-21 20:16:07','2025-05-21 20:16:07','75213897110246','2025-05-31','115','2025-05-31',40719,40807,4,6,NULL,NULL,NULL,NULL,0.00,15000.00,1,1117.00,NULL);

--
-- Table structure for table `fact_elec_tipos_docs_afip`
--

CREATE TABLE `fact_elec_tipos_docs_afip` (
  `id` int(10) unsigned NOT NULL AUTO_INCREMENT,
  `afip_tipo_doc_id` int(10) unsigned NOT NULL,
  `descripcion` varchar(180) COLLATE utf8mb4_unicode_ci NOT NULL,
  `created_at` timestamp NULL DEFAULT NULL,
  `updated_at` timestamp NULL DEFAULT NULL,
  PRIMARY KEY (`id`)
) ENGINE=InnoDB AUTO_INCREMENT=100 DEFAULT CHARSET=utf8mb4 COLLATE=utf8mb4_unicode_ci;

--
-- Dumping data for table `fact_elec_tipos_docs_afip`
--

INSERT INTO `fact_elec_tipos_docs_afip` VALUES (1,1,'CI Buenos Aires','2019-03-13 13:29:34','2019-03-13 13:29:34'),(2,2,'CI Catamarca','2019-03-13 13:29:34','2019-03-13 13:29:34'),(3,3,'CI Córdoba','2019-03-13 13:29:34','2019-03-13 13:29:34'),(4,4,'CI Corrientes','2019-03-13 13:29:34','2019-03-13 13:29:34'),(5,5,'CI Entre Ríos','2019-03-13 13:29:34','2019-03-13 13:29:34'),(6,6,'CI Jujuy','2019-03-13 13:29:34','2019-03-13 13:29:34'),(7,7,'CI Mendoza','2019-03-13 13:29:34','2019-03-13 13:29:34'),(8,8,'CI La Rioja','2019-03-13 13:29:34','2019-03-13 13:29:34'),(9,9,'CI Salta','2019-03-13 13:29:34','2019-03-13 13:29:34'),(10,10,'CI San Juan','2019-03-13 13:29:34','2019-03-13 13:29:34'),(11,11,'CI San Luis','2019-03-13 13:29:34','2019-03-13 13:29:34'),(12,12,'CI Santa Fe','2019-03-13 13:29:34','2019-03-13 13:29:34'),(13,13,'CI Santiago del Estero','2019-03-13 13:29:34','2019-03-13 13:29:34'),(14,14,'CI Tucumán','2019-03-13 13:29:34','2019-03-13 13:29:34'),(16,16,'CI Chaco','2019-03-13 13:29:34','2019-03-13 13:29:34'),(17,17,'CI Chubut','2019-03-13 13:29:34','2019-03-13 13:29:34'),(18,18,'CI Formosa','2019-03-13 13:29:34','2019-03-13 13:29:34'),(19,19,'CI Misiones','2019-03-13 13:29:34','2019-03-13 13:29:34'),(20,20,'CI Neuquén','2019-03-13 13:29:34','2019-03-13 13:29:34'),(21,21,'CI La Pampa','2019-03-13 13:29:34','2019-03-13 13:29:34'),(22,22,'CI Río Negro','2019-03-13 13:29:34','2019-03-13 13:29:34'),(23,23,'CI Santa Cruz','2019-03-13 13:29:34','2019-03-13 13:29:34'),(24,24,'CI Tierra del Fuego','2019-03-13 13:29:34','2019-03-13 13:29:34'),(80,80,'CUIT','2019-03-13 13:29:34','2019-03-13 13:29:34'),(86,86,'CUIL','2019-03-13 13:29:34','2019-03-13 13:29:34'),(87,87,'CDI','2019-03-13 13:29:34','2019-03-13 13:29:34'),(89,89,'LE','2019-03-13 13:29:34','2019-03-13 13:29:34'),(90,90,'LC','2019-03-13 13:29:34','2019-03-13 13:29:34'),(91,91,'CI Extranjera','2019-03-13 13:29:34','2019-03-13 13:29:34'),(92,92,'en trámite','2019-03-13 13:29:34','2019-03-13 13:29:34'),(93,93,'Acta Nacimiento','2019-03-13 13:29:34','2019-03-13 13:29:34'),(94,94,'Pasaporte','2019-03-13 13:29:34','2019-03-13 13:29:34'),(95,95,'CI Bs. As. RNP','2019-03-13 13:29:34','2019-03-13 13:29:34'),(96,96,'DNI','2019-03-13 13:29:34','2019-03-13 13:29:34'),(97,0,'CI Policía Federal','2019-03-13 13:29:34','2019-03-13 13:29:34'),(99,99,'Doc. (Otro)','2019-03-13 13:29:34','2019-03-13 13:29:34');

--
-- Table structure for table `failed_jobs`
--

CREATE TABLE `failed_jobs` (
  `id` bigint(20) unsigned NOT NULL AUTO_INCREMENT,
  `user_id` int(10) unsigned DEFAULT NULL,
  `connection` text COLLATE utf8mb4_unicode_ci NOT NULL,
  `queue` text COLLATE utf8mb4_unicode_ci NOT NULL,
  `payload` longtext COLLATE utf8mb4_unicode_ci NOT NULL,
  `exception` longtext COLLATE utf8mb4_unicode_ci NOT NULL,
  `failed_at` timestamp NOT NULL DEFAULT CURRENT_TIMESTAMP,
  `deleted_at` timestamp NULL DEFAULT NULL,
  PRIMARY KEY (`id`)
) ENGINE=InnoDB AUTO_INCREMENT=4 DEFAULT CHARSET=utf8mb4 COLLATE=utf8mb4_unicode_ci;

--
-- Dumping data for table `failed_jobs`
--

INSERT INTO `failed_jobs` VALUES (1,NULL,'finance','finance','{\"uuid\":\"d56d5c73-5f07-4bbe-af73-709b6f6b4bad\",\"displayName\":\"App\\\\Jobs\\\\QueueGenerica\",\"job\":\"Illuminate\\\\Queue\\\\CallQueuedHandler@call\",\"maxTries\":null,\"maxExceptions\":null,\"delay\":null,\"timeout\":null,\"timeoutAt\":null,\"data\":{\"commandName\":\"App\\\\Jobs\\\\QueueGenerica\",\"command\":\"O:22:\\\"App\\\\Jobs\\\\QueueGenerica\\\":9:{s:28:\\\"\\u0000App\\\\Jobs\\\\QueueGenerica\\u0000data\\\";O:29:\\\"Illuminate\\\\Support\\\\Collection\\\":5:{s:8:\\\"\\u0000*\\u0000items\\\";a:0:{}s:11:\\\"controlador\\\";s:53:\\\"\\\\App\\\\Http\\\\Controllers\\\\Taxes\\\\BOTCopiarEnAfipController\\\";s:6:\\\"metodo\\\";s:26:\\\"Execute_Bot_Copiar_en_Afip\\\";s:12:\\\"metodo_error\\\";s:15:\\\"error_queue_bot\\\";s:9:\\\"variables\\\";O:29:\\\"Illuminate\\\\Support\\\\Collection\\\":7:{s:8:\\\"\\u0000*\\u0000items\\\";a:0:{}s:4:\\\"user\\\";O:8:\\\"App\\\\User\\\":28:{s:13:\\\"\\u0000*\\u0000connection\\\";s:9:\\\"seguridad\\\";s:8:\\\"\\u0000*\\u0000table\\\";s:6:\\\"tusers\\\";s:13:\\\"\\u0000*\\u0000primaryKey\\\";s:6:\\\"idUser\\\";s:11:\\\"\\u0000*\\u0000fillable\\\";a:12:{i:0;s:6:\\\"nombre\\\";i:1;s:9:\\\"loginUser\\\";i:2;s:9:\\\"emailUser\\\";i:3;s:5:\\\"clave\\\";i:4;s:9:\\\"claveUser\\\";i:5;s:10:\\\"statusUser\\\";i:6;s:12:\\\"user_type_id\\\";i:7;s:5:\\\"firma\\\";i:8;s:15:\\\"suscrip_plan_id\\\";i:9;s:7:\\\"importe\\\";i:10;s:6:\\\"avatar\\\";i:11;s:18:\\\"es_empresa_externa\\\";}s:9:\\\"\\u0000*\\u0000hidden\\\";a:4:{i:0;s:8:\\\"password\\\";i:1;s:14:\\\"remember_token\\\";i:2;s:9:\\\"claveUser\\\";i:3;s:5:\\\"clave\\\";}s:10:\\\"\\u0000*\\u0000keyType\\\";s:3:\\\"int\\\";s:12:\\\"incrementing\\\";b:1;s:7:\\\"\\u0000*\\u0000with\\\";a:0:{}s:12:\\\"\\u0000*\\u0000withCount\\\";a:0:{}s:10:\\\"\\u0000*\\u0000perPage\\\";i:15;s:6:\\\"exists\\\";b:1;s:18:\\\"wasRecentlyCreated\\\";b:0;s:13:\\\"\\u0000*\\u0000attributes\\\";a:17:{s:6:\\\"idUser\\\";i:7566;s:6:\\\"nombre\\\";s:13:\\\"Viano Daniela\\\";s:9:\\\"loginUser\\\";s:27:\\\"danielaviano322@hotmail.com\\\";s:9:\\\"emailUser\\\";s:27:\\\"danielaviano322@hotmail.com\\\";s:5:\\\"clave\\\";s:11:\\\"27290070053\\\";s:9:\\\"claveUser\\\";s:60:\\\"$2y$10$RnCrHghmSgttcuJxZOP4EeO5Q5CHzTTTgitjbr9HfjojVrDkr.\\/2W\\\";s:5:\\\"firma\\\";N;s:6:\\\"avatar\\\";N;s:10:\\\"statusUser\\\";i:1;s:14:\\\"remember_token\\\";N;s:10:\\\"created_at\\\";s:19:\\\"2022-08-17 20:42:09\\\";s:10:\\\"updated_at\\\";s:19:\\\"2022-08-17 20:42:09\\\";s:12:\\\"user_type_id\\\";i:1;s:18:\\\"es_empresa_externa\\\";i:0;s:15:\\\"suscrip_plan_id\\\";i:1;s:7:\\\"importe\\\";s:4:\\\"0.00\\\";s:6:\\\"person\\\";O:17:\\\"App\\\\Models\\\\Person\\\":27:{s:10:\\\"\\u0000*\\u0000guarded\\\";a:0:{}s:8:\\\"\\u0000*\\u0000table\\\";s:7:\\\"persons\\\";s:13:\\\"\\u0000*\\u0000connection\\\";s:9:\\\"seguridad\\\";s:13:\\\"\\u0000*\\u0000primaryKey\\\";s:2:\\\"id\\\";s:10:\\\"\\u0000*\\u0000keyType\\\";s:3:\\\"int\\\";s:12:\\\"incrementing\\\";b:1;s:7:\\\"\\u0000*\\u0000with\\\";a:0:{}s:12:\\\"\\u0000*\\u0000withCount\\\";a:0:{}s:10:\\\"\\u0000*\\u0000perPage\\\";i:15;s:6:\\\"exists\\\";b:1;s:18:\\\"wasRecentlyCreated\\\";b:0;s:13:\\\"\\u0000*\\u0000attributes\\\";a:21:{s:2:\\\"id\\\";i:45686;s:7:\\\"user_id\\\";i:1;s:11:\\\"field_name1\\\";s:13:\\\"Viano Daniela\\\";s:11:\\\"field_name2\\\";N;s:13:\\\"document_type\\\";s:4:\\\"cuit\\\";s:8:\\\"document\\\";s:13:\\\"27-29007005-3\\\";s:21:\\\"cond_frente_al_iva_id\\\";N;s:10:\\\"country_id\\\";N;s:8:\\\"state_id\\\";N;s:7:\\\"zone_id\\\";N;s:14:\\\"plan_cuenta_id\\\";N;s:20:\\\"iva_creditos_tipo_id\\\";N;s:10:\\\"created_at\\\";s:19:\\\"2020-09-18 21:28:04\\\";s:10:\\\"updated_at\\\";s:19:\\\"2020-09-18 21:28:04\\\";s:11:\\\"activity_id\\\";N;s:7:\\\"address\\\";N;s:14:\\\"person_type_id\\\";i:1;s:19:\\\"fa_iva_condition_id\\\";N;s:16:\\\"fa_codigo_postal\\\";N;s:5:\\\"email\\\";N;s:10:\\\"deleted_at\\\";N;}s:11:\\\"\\u0000*\\u0000original\\\";a:21:{s:2:\\\"id\\\";i:45686;s:7:\\\"user_id\\\";i:1;s:11:\\\"field_name1\\\";s:13:\\\"Viano Daniela\\\";s:11:\\\"field_name2\\\";N;s:13:\\\"document_type\\\";s:4:\\\"cuit\\\";s:8:\\\"document\\\";s:13:\\\"27-29007005-3\\\";s:21:\\\"cond_frente_al_iva_id\\\";N;s:10:\\\"country_id\\\";N;s:8:\\\"state_id\\\";N;s:7:\\\"zone_id\\\";N;s:14:\\\"plan_cuenta_id\\\";N;s:20:\\\"iva_creditos_tipo_id\\\";N;s:10:\\\"created_at\\\";s:19:\\\"2020-09-18 21:28:04\\\";s:10:\\\"updated_at\\\";s:19:\\\"2020-09-18 21:28:04\\\";s:11:\\\"activity_id\\\";N;s:7:\\\"address\\\";N;s:14:\\\"person_type_id\\\";i:1;s:19:\\\"fa_iva_condition_id\\\";N;s:16:\\\"fa_codigo_postal\\\";N;s:5:\\\"email\\\";N;s:10:\\\"deleted_at\\\";N;}s:10:\\\"\\u0000*\\u0000changes\\\";a:0:{}s:8:\\\"\\u0000*\\u0000casts\\\";a:0:{}s:17:\\\"\\u0000*\\u0000classCastCache\\\";a:0:{}s:8:\\\"\\u0000*\\u0000dates\\\";a:0:{}s:13:\\\"\\u0000*\\u0000dateFormat\\\";N;s:10:\\\"\\u0000*\\u0000appends\\\";a:0:{}s:19:\\\"\\u0000*\\u0000dispatchesEvents\\\";a:0:{}s:14:\\\"\\u0000*\\u0000observables\\\";a:0:{}s:12:\\\"\\u0000*\\u0000relations\\\";a:0:{}s:10:\\\"\\u0000*\\u0000touches\\\";a:0:{}s:10:\\\"timestamps\\\";b:1;s:9:\\\"\\u0000*\\u0000hidden\\\";a:0:{}s:10:\\\"\\u0000*\\u0000visible\\\";a:0:{}s:11:\\\"\\u0000*\\u0000fillable\\\";a:0:{}}}s:11:\\\"\\u0000*\\u0000original\\\";a:16:{s:6:\\\"idUser\\\";i:7566;s:6:\\\"nombre\\\";s:13:\\\"Viano Daniela\\\";s:9:\\\"loginUser\\\";s:27:\\\"danielaviano322@hotmail.com\\\";s:9:\\\"emailUser\\\";s:27:\\\"danielaviano322@hotmail.com\\\";s:5:\\\"clave\\\";s:11:\\\"27290070053\\\";s:9:\\\"claveUser\\\";s:60:\\\"$2y$10$RnCrHghmSgttcuJxZOP4EeO5Q5CHzTTTgitjbr9HfjojVrDkr.\\/2W\\\";s:5:\\\"firma\\\";N;s:6:\\\"avatar\\\";N;s:10:\\\"statusUser\\\";i:1;s:14:\\\"remember_token\\\";N;s:10:\\\"created_at\\\";s:19:\\\"2022-08-17 20:42:09\\\";s:10:\\\"updated_at\\\";s:19:\\\"2022-08-17 20:42:09\\\";s:12:\\\"user_type_id\\\";i:1;s:18:\\\"es_empresa_externa\\\";i:0;s:15:\\\"suscrip_plan_id\\\";i:1;s:7:\\\"importe\\\";s:4:\\\"0.00\\\";}s:10:\\\"\\u0000*\\u0000changes\\\";a:0:{}s:8:\\\"\\u0000*\\u0000casts\\\";a:0:{}s:17:\\\"\\u0000*\\u0000classCastCache\\\";a:0:{}s:8:\\\"\\u0000*\\u0000dates\\\";a:0:{}s:13:\\\"\\u0000*\\u0000dateFormat\\\";N;s:10:\\\"\\u0000*\\u0000appends\\\";a:0:{}s:19:\\\"\\u0000*\\u0000dispatchesEvents\\\";a:0:{}s:14:\\\"\\u0000*\\u0000observables\\\";a:0:{}s:12:\\\"\\u0000*\\u0000relations\\\";a:0:{}s:10:\\\"\\u0000*\\u0000touches\\\";a:0:{}s:10:\\\"timestamps\\\";b:1;s:10:\\\"\\u0000*\\u0000visible\\\";a:0:{}s:10:\\\"\\u0000*\\u0000guarded\\\";a:1:{i:0;s:1:\\\"*\\\";}s:20:\\\"\\u0000*\\u0000rememberTokenName\\\";s:14:\\\"remember_token\\\";}s:23:\\\"cuit_administrador_afip\\\";s:11:\\\"20233719529\\\";s:12:\\\"clave_fiscal\\\";s:12:\\\"V1l4sf3d3r3r\\\";s:5:\\\"sitio\\\";s:12:\\\"taxes.com.ar\\\";s:6:\\\"settle\\\";O:28:\\\"App\\\\Models\\\\PeriodLiquidation\\\":28:{s:8:\\\"\\u0000*\\u0000table\\\";s:19:\\\"period_liquidations\\\";s:10:\\\"\\u0000*\\u0000guarded\\\";a:0:{}s:9:\\\"\\u0000*\\u0000hidden\\\";a:2:{i:0;s:10:\\\"created_at\\\";i:1;s:10:\\\"updated_at\\\";}s:10:\\\"\\u0000*\\u0000appends\\\";a:1:{i:0;s:15:\\\"files_relations\\\";}s:13:\\\"\\u0000*\\u0000connection\\\";s:7:\\\"finance\\\";s:13:\\\"\\u0000*\\u0000primaryKey\\\";s:2:\\\"id\\\";s:10:\\\"\\u0000*\\u0000keyType\\\";s:3:\\\"int\\\";s:12:\\\"incrementing\\\";b:1;s:7:\\\"\\u0000*\\u0000with\\\";a:0:{}s:12:\\\"\\u0000*\\u0000withCount\\\";a:0:{}s:10:\\\"\\u0000*\\u0000perPage\\\";i:15;s:6:\\\"exists\\\";b:1;s:18:\\\"wasRecentlyCreated\\\";b:0;s:13:\\\"\\u0000*\\u0000attributes\\\";a:10:{s:2:\\\"id\\\";i:83;s:7:\\\"user_id\\\";i:7566;s:8:\\\"apply_to\\\";s:4:\\\"iibb\\\";s:9:\\\"period_id\\\";i:1524;s:9:\\\"person_id\\\";i:40720;s:6:\\\"status\\\";i:1;s:11:\\\"auxiliar_id\\\";i:4091;s:10:\\\"created_at\\\";s:19:\\\"2022-08-22 16:57:32\\\";s:10:\\\"updated_at\\\";s:19:\\\"2022-08-22 17:15:11\\\";s:10:\\\"deleted_at\\\";N;}s:11:\\\"\\u0000*\\u0000original\\\";a:10:{s:2:\\\"id\\\";i:83;s:7:\\\"user_id\\\";i:7566;s:8:\\\"apply_to\\\";s:4:\\\"iibb\\\";s:9:\\\"period_id\\\";i:1524;s:9:\\\"person_id\\\";i:40720;s:6:\\\"status\\\";i:1;s:11:\\\"auxiliar_id\\\";i:4091;s:10:\\\"created_at\\\";s:19:\\\"2022-08-22 16:57:32\\\";s:10:\\\"updated_at\\\";s:19:\\\"2022-08-22 17:15:11\\\";s:10:\\\"deleted_at\\\";N;}s:10:\\\"\\u0000*\\u0000changes\\\";a:2:{s:11:\\\"auxiliar_id\\\";i:4091;s:10:\\\"updated_at\\\";s:19:\\\"2022-08-22 17:15:11\\\";}s:8:\\\"\\u0000*\\u0000casts\\\";a:0:{}s:17:\\\"\\u0000*\\u0000classCastCache\\\";a:0:{}s:8:\\\"\\u0000*\\u0000dates\\\";a:1:{i:0;s:10:\\\"deleted_at\\\";}s:13:\\\"\\u0000*\\u0000dateFormat\\\";N;s:19:\\\"\\u0000*\\u0000dispatchesEvents\\\";a:0:{}s:14:\\\"\\u0000*\\u0000observables\\\";a:0:{}s:12:\\\"\\u0000*\\u0000relations\\\";a:0:{}s:10:\\\"\\u0000*\\u0000touches\\\";a:0:{}s:10:\\\"timestamps\\\";b:1;s:10:\\\"\\u0000*\\u0000visible\\\";a:0:{}s:11:\\\"\\u0000*\\u0000fillable\\\";a:0:{}s:16:\\\"\\u0000*\\u0000forceDeleting\\\";b:0;}s:8:\\\"auxiliar\\\";O:19:\\\"App\\\\Models\\\\Auxiliar\\\":27:{s:13:\\\"\\u0000*\\u0000connection\\\";s:9:\\\"seguridad\\\";s:8:\\\"\\u0000*\\u0000table\\\";s:8:\\\"auxiliar\\\";s:10:\\\"\\u0000*\\u0000guarded\\\";a:0:{}s:13:\\\"\\u0000*\\u0000primaryKey\\\";s:2:\\\"id\\\";s:10:\\\"\\u0000*\\u0000keyType\\\";s:3:\\\"int\\\";s:12:\\\"incrementing\\\";b:1;s:7:\\\"\\u0000*\\u0000with\\\";a:0:{}s:12:\\\"\\u0000*\\u0000withCount\\\";a:0:{}s:10:\\\"\\u0000*\\u0000perPage\\\";i:15;s:6:\\\"exists\\\";b:1;s:18:\\\"wasRecentlyCreated\\\";b:1;s:13:\\\"\\u0000*\\u0000attributes\\\";a:5:{s:11:\\\"descripcion\\\";s:7629:\\\"{\\\"group_person_zone_actividad\\\":[{\\\"id\\\":1,\\\"user_id\\\":7566,\\\"person_id\\\":40720,\\\"zone_id\\\":13,\\\"actividad_id\\\":784,\\\"calculo_iibb\\\":1,\\\"coef\\\":\\\"0.00000\\\",\\\"alicuota\\\":\\\"0.00000\\\",\\\"cm_articulo_regimen_id\\\":1,\\\"habilitado\\\":1,\\\"created_at\\\":\\\"2022-08-19T20:02:27.000000Z\\\",\\\"updated_at\\\":\\\"2022-08-19T20:02:27.000000Z\\\",\\\"deleted_at\\\":null,\\\"cm_articulo_regimen\\\":{\\\"id\\\":1,\\\"user_id\\\":null,\\\"descripcion\\\":\\\"Articulo 2\\\",\\\"codigo\\\":2,\\\"habilitado\\\":1,\\\"created_at\\\":\\\"2022-08-17T23:42:27.000000Z\\\",\\\"updated_at\\\":\\\"2022-08-17T23:42:27.000000Z\\\",\\\"deleted_at\\\":null},\\\"actividad\\\":{\\\"id\\\":784,\\\"created_at\\\":null,\\\"updated_at\\\":null,\\\"name\\\":\\\"Servicios de productores  y asesores de seguros\\\",\\\"codigo_afip\\\":\\\"662020\\\",\\\"codigo_cm\\\":null}}],\\\"person\\\":{\\\"id\\\":40720,\\\"user_id\\\":7566,\\\"field_name1\\\":\\\"LEONARDO FABIAN GLOWAKRZYWO\\\",\\\"field_name2\\\":null,\\\"document_type\\\":\\\"cuit\\\",\\\"document\\\":\\\"20-23371952-9\\\",\\\"cond_frente_al_iva_id\\\":null,\\\"country_id\\\":null,\\\"state_id\\\":null,\\\"zone_id\\\":null,\\\"plan_cuenta_id\\\":null,\\\"iva_creditos_tipo_id\\\":null,\\\"created_at\\\":\\\"2022-08-19T20:02:27.000000Z\\\",\\\"updated_at\\\":\\\"2022-08-19T20:02:27.000000Z\\\",\\\"activity_id\\\":null,\\\"address\\\":\\\"DON BOSCO 1080\\\",\\\"person_type_id\\\":1,\\\"fa_iva_condition_id\\\":null,\\\"fa_codigo_postal\\\":null,\\\"email\\\":null,\\\"deleted_at\\\":null,\\\"person_config\\\":{\\\"id\\\":3,\\\"user_id\\\":7566,\\\"person_id\\\":40720,\\\"period_id\\\":null,\\\"zone_id\\\":null,\\\"settle_calc_by_coef\\\":0,\\\"created_at\\\":\\\"2022-08-19T20:02:27.000000Z\\\",\\\"updated_at\\\":\\\"2022-08-19T20:02:27.000000Z\\\",\\\"active\\\":2,\\\"enviarMail\\\":1,\\\"honorario\\\":\\\"0.00\\\",\\\"cta_cte_tesoreria_cuenta_id\\\":null,\\\"month_close\\\":12,\\\"iva_condition_id\\\":2,\\\"obligation_sell\\\":1,\\\"obligation_buy\\\":1,\\\"obligation_iva\\\":1,\\\"obligation_electronic_receipt\\\":1,\\\"obligation_iibb\\\":4,\\\"obligation_other_taxes\\\":null,\\\"liquidation_start_period\\\":\\\"2022-01\\\",\\\"obligation_salaries\\\":0,\\\"empleada_domestica\\\":0,\\\"prorratear_iva\\\":0,\\\"is_itc\\\":0,\\\"priority_order\\\":2,\\\"person_id_administrador\\\":40720,\\\"person_id_titular\\\":40720,\\\"logo_path\\\":null,\\\"certificado_afip_path\\\":null,\\\"llave_afip_path\\\":null,\\\"access_electronic_receipt\\\":0,\\\"ruta_logo_fa\\\":null,\\\"inicio_actividades\\\":\\\"-000001-11-30T04:16:48.000000Z\\\",\\\"iibb\\\":\\\"20233719529\\/916\\\",\\\"fe_leyenda\\\":null,\\\"atencion_iva\\\":0,\\\"atencion_iva_comentario\\\":null,\\\"atencion_iibb\\\":0,\\\"atencion_iibb_comentario\\\":null,\\\"deleted_at\\\":null}},\\\"settle\\\":{\\\"id\\\":83,\\\"user_id\\\":7566,\\\"apply_to\\\":\\\"iibb\\\",\\\"period_id\\\":1524,\\\"person_id\\\":40720,\\\"status\\\":1,\\\"auxiliar_id\\\":null,\\\"deleted_at\\\":null,\\\"files_relations\\\":[],\\\"period\\\":{\\\"id\\\":1524,\\\"user_id\\\":null,\\\"code\\\":\\\"2022-07\\\",\\\"year\\\":2022,\\\"period_number\\\":7,\\\"date_from\\\":\\\"2022-07-01\\\",\\\"date_to\\\":\\\"2022-07-31\\\",\\\"created_at\\\":null,\\\"updated_at\\\":null,\\\"person_id\\\":40720,\\\"conta_status\\\":0,\\\"deleted_at\\\":null,\\\"syj_periods_status_id\\\":1,\\\"syj_sin_asiento\\\":0,\\\"syj_asiento_modificado\\\":0,\\\"syj_periods_status_emp_dom_id\\\":1}},\\\"registros\\\":{\\\"id\\\":83,\\\"user_id\\\":7566,\\\"apply_to\\\":\\\"iibb\\\",\\\"period_id\\\":1524,\\\"person_id\\\":40720,\\\"status\\\":1,\\\"auxiliar_id\\\":null,\\\"deleted_at\\\":null,\\\"files_relations\\\":[],\\\"period_liquidation_iibb\\\":[{\\\"id\\\":79,\\\"user_id\\\":7566,\\\"period_liquidation_id\\\":83,\\\"period_id\\\":1524,\\\"person_id\\\":40720,\\\"zone_id\\\":12,\\\"base_amount\\\":\\\"364352.51\\\",\\\"impuesto\\\":\\\"0.00\\\",\\\"saldo_a_favor_ant\\\":0,\\\"sircreb\\\":\\\"37.69\\\",\\\"percepciones\\\":\\\"672.65\\\",\\\"retenciones\\\":\\\"155.86\\\",\\\"a_pagar\\\":\\\"0.00\\\",\\\"a_favor\\\":\\\"866.20\\\",\\\"created_at\\\":\\\"2022-08-22T19:57:32.000000Z\\\",\\\"updated_at\\\":\\\"2022-08-22T19:57:32.000000Z\\\",\\\"deleted_at\\\":null,\\\"zone\\\":{\\\"id\\\":12,\\\"name\\\":\\\"Neuqu\\u00e9n\\\",\\\"sifere_coef\\\":\\\"0.00\\\",\\\"iibb_aliquot\\\":\\\"0.00\\\",\\\"iibb_perception_id\\\":null,\\\"retention_id\\\":null,\\\"created_at\\\":null,\\\"updated_at\\\":\\\"2022-08-17T23:42:30.000000Z\\\",\\\"code\\\":\\\"56\\\",\\\"sircreb_plan_cuenta_id\\\":290,\\\"codigo_cm\\\":915,\\\"codigo_afip\\\":\\\"20\\\"},\\\"details\\\":[{\\\"id\\\":79,\\\"user_id\\\":7566,\\\"period_liquidation_id\\\":83,\\\"period_id\\\":1524,\\\"person_id\\\":40720,\\\"zone_id\\\":13,\\\"calculo_iibb\\\":1,\\\"actividad_id\\\":784,\\\"coef\\\":\\\"0.0000\\\",\\\"aliquot\\\":\\\"0.0000\\\",\\\"cm_articulo_regimen_id\\\":1,\\\"base_amount\\\":\\\"364352.51\\\",\\\"tax_amount\\\":\\\"0.00\\\",\\\"previous_period_balance\\\":\\\"0.00\\\",\\\"sircreb_amount\\\":\\\"0.00\\\",\\\"perception_amount\\\":\\\"0.00\\\",\\\"retention_amount\\\":\\\"0.00\\\",\\\"positive_amount\\\":\\\"0.00\\\",\\\"negative_amount\\\":\\\"0.00\\\",\\\"balance\\\":0,\\\"created_at\\\":\\\"2022-08-22T19:57:32.000000Z\\\",\\\"updated_at\\\":\\\"2022-08-22T19:57:32.000000Z\\\",\\\"deleted_at\\\":null,\\\"actividad\\\":{\\\"id\\\":784,\\\"created_at\\\":null,\\\"updated_at\\\":null,\\\"name\\\":\\\"Servicios de productores  y asesores de seguros\\\",\\\"codigo_afip\\\":\\\"662020\\\",\\\"codigo_cm\\\":null},\\\"cm_articulo_regimen\\\":{\\\"id\\\":1,\\\"user_id\\\":null,\\\"descripcion\\\":\\\"Articulo 2\\\",\\\"codigo\\\":2,\\\"habilitado\\\":1,\\\"created_at\\\":\\\"2022-08-17T23:42:27.000000Z\\\",\\\"updated_at\\\":\\\"2022-08-17T23:42:27.000000Z\\\",\\\"deleted_at\\\":null}},{\\\"id\\\":80,\\\"user_id\\\":7566,\\\"period_liquidation_id\\\":83,\\\"period_id\\\":1524,\\\"person_id\\\":40720,\\\"zone_id\\\":12,\\\"calculo_iibb\\\":1,\\\"actividad_id\\\":784,\\\"coef\\\":\\\"0.0000\\\",\\\"aliquot\\\":\\\"0.0000\\\",\\\"cm_articulo_regimen_id\\\":1,\\\"base_amount\\\":364352.51,\\\"tax_amount\\\":0,\\\"previous_period_balance\\\":\\\"0.00\\\",\\\"sircreb_amount\\\":\\\"0.00\\\",\\\"perception_amount\\\":\\\"0.00\\\",\\\"retention_amount\\\":\\\"0.00\\\",\\\"positive_amount\\\":\\\"0.00\\\",\\\"negative_amount\\\":\\\"0.00\\\",\\\"balance\\\":0,\\\"created_at\\\":\\\"2022-08-22T19:57:32.000000Z\\\",\\\"updated_at\\\":\\\"2022-08-22T19:57:32.000000Z\\\",\\\"deleted_at\\\":null,\\\"actividad\\\":{\\\"id\\\":784,\\\"created_at\\\":null,\\\"updated_at\\\":null,\\\"name\\\":\\\"Servicios de productores  y asesores de seguros\\\",\\\"codigo_afip\\\":\\\"662020\\\",\\\"codigo_cm\\\":null},\\\"cm_articulo_regimen\\\":{\\\"id\\\":1,\\\"user_id\\\":null,\\\"descripcion\\\":\\\"Articulo 2\\\",\\\"codigo\\\":2,\\\"habilitado\\\":1,\\\"created_at\\\":\\\"2022-08-17T23:42:27.000000Z\\\",\\\"updated_at\\\":\\\"2022-08-17T23:42:27.000000Z\\\",\\\"deleted_at\\\":null}}]},{\\\"id\\\":80,\\\"user_id\\\":7566,\\\"period_liquidation_id\\\":83,\\\"period_id\\\":1524,\\\"person_id\\\":40720,\\\"zone_id\\\":13,\\\"base_amount\\\":\\\"364352.51\\\",\\\"impuesto\\\":\\\"0.00\\\",\\\"saldo_a_favor_ant\\\":0,\\\"sircreb\\\":\\\"26895.40\\\",\\\"percepciones\\\":\\\"16.38\\\",\\\"retenciones\\\":\\\"11613.44\\\",\\\"a_pagar\\\":\\\"0.00\\\",\\\"a_favor\\\":\\\"38525.22\\\",\\\"created_at\\\":\\\"2022-08-22T19:57:32.000000Z\\\",\\\"updated_at\\\":\\\"2022-08-22T19:57:32.000000Z\\\",\\\"deleted_at\\\":null,\\\"zone\\\":{\\\"id\\\":13,\\\"name\\\":\\\"R\\u00edo Negro\\\",\\\"sifere_coef\\\":\\\"0.00\\\",\\\"iibb_aliquot\\\":\\\"0.00\\\",\\\"iibb_perception_id\\\":null,\\\"retention_id\\\":null,\\\"created_at\\\":null,\\\"updated_at\\\":\\\"2022-08-17T23:42:30.000000Z\\\",\\\"code\\\":\\\"57\\\",\\\"sircreb_plan_cuenta_id\\\":292,\\\"codigo_cm\\\":916,\\\"codigo_afip\\\":\\\"22\\\"},\\\"details\\\":[{\\\"id\\\":79,\\\"user_id\\\":7566,\\\"period_liquidation_id\\\":83,\\\"period_id\\\":1524,\\\"person_id\\\":40720,\\\"zone_id\\\":13,\\\"calculo_iibb\\\":1,\\\"actividad_id\\\":784,\\\"coef\\\":\\\"0.0000\\\",\\\"aliquot\\\":\\\"0.0000\\\",\\\"cm_articulo_regimen_id\\\":1,\\\"base_amount\\\":364352.51,\\\"tax_amount\\\":0,\\\"previous_period_balance\\\":\\\"0.00\\\",\\\"sircreb_amount\\\":\\\"0.00\\\",\\\"perception_amount\\\":\\\"0.00\\\",\\\"retention_amount\\\":\\\"0.00\\\",\\\"positive_amount\\\":\\\"0.00\\\",\\\"negative_amount\\\":\\\"0.00\\\",\\\"balance\\\":0,\\\"created_at\\\":\\\"2022-08-22T19:57:32.000000Z\\\",\\\"updated_at\\\":\\\"2022-08-22T19:57:32.000000Z\\\",\\\"deleted_at\\\":null,\\\"actividad\\\":{\\\"id\\\":784,\\\"created_at\\\":null,\\\"updated_at\\\":null,\\\"name\\\":\\\"Servicios de productores  y asesores de seguros\\\",\\\"codigo_afip\\\":\\\"662020\\\",\\\"codigo_cm\\\":null},\\\"cm_articulo_regimen\\\":{\\\"id\\\":1,\\\"user_id\\\":null,\\\"descripcion\\\":\\\"Articulo 2\\\",\\\"codigo\\\":2,\\\"habilitado\\\":1,\\\"created_at\\\":\\\"2022-08-17T23:42:27.000000Z\\\",\\\"updated_at\\\":\\\"2022-08-17T23:42:27.000000Z\\\",\\\"deleted_at\\\":null}},{\\\"id\\\":80,\\\"user_id\\\":7566,\\\"period_liquidation_id\\\":83,\\\"period_id\\\":1524,\\\"person_id\\\":40720,\\\"zone_id\\\":12,\\\"calculo_iibb\\\":1,\\\"actividad_id\\\":784,\\\"coef\\\":\\\"0.0000\\\",\\\"aliquot\\\":\\\"0.0000\\\",\\\"cm_articulo_regimen_id\\\":1,\\\"base_amount\\\":\\\"364352.51\\\",\\\"tax_amount\\\":\\\"0.00\\\",\\\"previous_period_balance\\\":\\\"0.00\\\",\\\"sircreb_amount\\\":\\\"0.00\\\",\\\"perception_amount\\\":\\\"0.00\\\",\\\"retention_amount\\\":\\\"0.00\\\",\\\"positive_amount\\\":\\\"0.00\\\",\\\"negative_amount\\\":\\\"0.00\\\",\\\"balance\\\":0,\\\"created_at\\\":\\\"2022-08-22T19:57:32.000000Z\\\",\\\"updated_at\\\":\\\"2022-08-22T19:57:32.000000Z\\\",\\\"deleted_at\\\":null,\\\"actividad\\\":{\\\"id\\\":784,\\\"created_at\\\":null,\\\"updated_at\\\":null,\\\"name\\\":\\\"Servicios de productores  y asesores de seguros\\\",\\\"codigo_afip\\\":\\\"662020\\\",\\\"codigo_cm\\\":null},\\\"cm_articulo_regimen\\\":{\\\"id\\\":1,\\\"user_id\\\":null,\\\"descripcion\\\":\\\"Articulo 2\\\",\\\"codigo\\\":2,\\\"habilitado\\\":1,\\\"created_at\\\":\\\"2022-08-17T23:42:27.000000Z\\\",\\\"updated_at\\\":\\\"2022-08-17T23:42:27.000000Z\\\",\\\"deleted_at\\\":null}}]}]}}\\\";s:7:\\\"user_id\\\";i:7566;s:10:\\\"updated_at\\\";s:19:\\\"2022-08-22 17:15:11\\\";s:10:\\\"created_at\\\";s:19:\\\"2022-08-22 17:15:11\\\";s:2:\\\"id\\\";i:4091;}s:11:\\\"\\u0000*\\u0000original\\\";a:5:{s:11:\\\"descripcion\\\";s:7629:\\\"{\\\"group_person_zone_actividad\\\":[{\\\"id\\\":1,\\\"user_id\\\":7566,\\\"person_id\\\":40720,\\\"zone_id\\\":13,\\\"actividad_id\\\":784,\\\"calculo_iibb\\\":1,\\\"coef\\\":\\\"0.00000\\\",\\\"alicuota\\\":\\\"0.00000\\\",\\\"cm_articulo_regimen_id\\\":1,\\\"habilitado\\\":1,\\\"created_at\\\":\\\"2022-08-19T20:02:27.000000Z\\\",\\\"updated_at\\\":\\\"2022-08-19T20:02:27.000000Z\\\",\\\"deleted_at\\\":null,\\\"cm_articulo_regimen\\\":{\\\"id\\\":1,\\\"user_id\\\":null,\\\"descripcion\\\":\\\"Articulo 2\\\",\\\"codigo\\\":2,\\\"habilitado\\\":1,\\\"created_at\\\":\\\"2022-08-17T23:42:27.000000Z\\\",\\\"updated_at\\\":\\\"2022-08-17T23:42:27.000000Z\\\",\\\"deleted_at\\\":null},\\\"actividad\\\":{\\\"id\\\":784,\\\"created_at\\\":null,\\\"updated_at\\\":null,\\\"name\\\":\\\"Servicios de productores  y asesores de seguros\\\",\\\"codigo_afip\\\":\\\"662020\\\",\\\"codigo_cm\\\":null}}],\\\"person\\\":{\\\"id\\\":40720,\\\"user_id\\\":7566,\\\"field_name1\\\":\\\"LEONARDO FABIAN GLOWAKRZYWO\\\",\\\"field_name2\\\":null,\\\"document_type\\\":\\\"cuit\\\",\\\"document\\\":\\\"20-23371952-9\\\",\\\"cond_frente_al_iva_id\\\":null,\\\"country_id\\\":null,\\\"state_id\\\":null,\\\"zone_id\\\":null,\\\"plan_cuenta_id\\\":null,\\\"iva_creditos_tipo_id\\\":null,\\\"created_at\\\":\\\"2022-08-19T20:02:27.000000Z\\\",\\\"updated_at\\\":\\\"2022-08-19T20:02:27.000000Z\\\",\\\"activity_id\\\":null,\\\"address\\\":\\\"DON BOSCO 1080\\\",\\\"person_type_id\\\":1,\\\"fa_iva_condition_id\\\":null,\\\"fa_codigo_postal\\\":null,\\\"email\\\":null,\\\"deleted_at\\\":null,\\\"person_config\\\":{\\\"id\\\":3,\\\"user_id\\\":7566,\\\"person_id\\\":40720,\\\"period_id\\\":null,\\\"zone_id\\\":null,\\\"settle_calc_by_coef\\\":0,\\\"created_at\\\":\\\"2022-08-19T20:02:27.000000Z\\\",\\\"updated_at\\\":\\\"2022-08-19T20:02:27.000000Z\\\",\\\"active\\\":2,\\\"enviarMail\\\":1,\\\"honorario\\\":\\\"0.00\\\",\\\"cta_cte_tesoreria_cuenta_id\\\":null,\\\"month_close\\\":12,\\\"iva_condition_id\\\":2,\\\"obligation_sell\\\":1,\\\"obligation_buy\\\":1,\\\"obligation_iva\\\":1,\\\"obligation_electronic_receipt\\\":1,\\\"obligation_iibb\\\":4,\\\"obligation_other_taxes\\\":null,\\\"liquidation_start_period\\\":\\\"2022-01\\\",\\\"obligation_salaries\\\":0,\\\"empleada_domestica\\\":0,\\\"prorratear_iva\\\":0,\\\"is_itc\\\":0,\\\"priority_order\\\":2,\\\"person_id_administrador\\\":40720,\\\"person_id_titular\\\":40720,\\\"logo_path\\\":null,\\\"certificado_afip_path\\\":null,\\\"llave_afip_path\\\":null,\\\"access_electronic_receipt\\\":0,\\\"ruta_logo_fa\\\":null,\\\"inicio_actividades\\\":\\\"-000001-11-30T04:16:48.000000Z\\\",\\\"iibb\\\":\\\"20233719529\\/916\\\",\\\"fe_leyenda\\\":null,\\\"atencion_iva\\\":0,\\\"atencion_iva_comentario\\\":null,\\\"atencion_iibb\\\":0,\\\"atencion_iibb_comentario\\\":null,\\\"deleted_at\\\":null}},\\\"settle\\\":{\\\"id\\\":83,\\\"user_id\\\":7566,\\\"apply_to\\\":\\\"iibb\\\",\\\"period_id\\\":1524,\\\"person_id\\\":40720,\\\"status\\\":1,\\\"auxiliar_id\\\":null,\\\"deleted_at\\\":null,\\\"files_relations\\\":[],\\\"period\\\":{\\\"id\\\":1524,\\\"user_id\\\":null,\\\"code\\\":\\\"2022-07\\\",\\\"year\\\":2022,\\\"period_number\\\":7,\\\"date_from\\\":\\\"2022-07-01\\\",\\\"date_to\\\":\\\"2022-07-31\\\",\\\"created_at\\\":null,\\\"updated_at\\\":null,\\\"person_id\\\":40720,\\\"conta_status\\\":0,\\\"deleted_at\\\":null,\\\"syj_periods_status_id\\\":1,\\\"syj_sin_asiento\\\":0,\\\"syj_asiento_modificado\\\":0,\\\"syj_periods_status_emp_dom_id\\\":1}},\\\"registros\\\":{\\\"id\\\":83,\\\"user_id\\\":7566,\\\"apply_to\\\":\\\"iibb\\\",\\\"period_id\\\":1524,\\\"person_id\\\":40720,\\\"status\\\":1,\\\"auxiliar_id\\\":null,\\\"deleted_at\\\":null,\\\"files_relations\\\":[],\\\"period_liquidation_iibb\\\":[{\\\"id\\\":79,\\\"user_id\\\":7566,\\\"period_liquidation_id\\\":83,\\\"period_id\\\":1524,\\\"person_id\\\":40720,\\\"zone_id\\\":12,\\\"base_amount\\\":\\\"364352.51\\\",\\\"impuesto\\\":\\\"0.00\\\",\\\"saldo_a_favor_ant\\\":0,\\\"sircreb\\\":\\\"37.69\\\",\\\"percepciones\\\":\\\"672.65\\\",\\\"retenciones\\\":\\\"155.86\\\",\\\"a_pagar\\\":\\\"0.00\\\",\\\"a_favor\\\":\\\"866.20\\\",\\\"created_at\\\":\\\"2022-08-22T19:57:32.000000Z\\\",\\\"updated_at\\\":\\\"2022-08-22T19:57:32.000000Z\\\",\\\"deleted_at\\\":null,\\\"zone\\\":{\\\"id\\\":12,\\\"name\\\":\\\"Neuqu\\u00e9n\\\",\\\"sifere_coef\\\":\\\"0.00\\\",\\\"iibb_aliquot\\\":\\\"0.00\\\",\\\"iibb_perception_id\\\":null,\\\"retention_id\\\":null,\\\"created_at\\\":null,\\\"updated_at\\\":\\\"2022-08-17T23:42:30.000000Z\\\",\\\"code\\\":\\\"56\\\",\\\"sircreb_plan_cuenta_id\\\":290,\\\"codigo_cm\\\":915,\\\"codigo_afip\\\":\\\"20\\\"},\\\"details\\\":[{\\\"id\\\":79,\\\"user_id\\\":7566,\\\"period_liquidation_id\\\":83,\\\"period_id\\\":1524,\\\"person_id\\\":40720,\\\"zone_id\\\":13,\\\"calculo_iibb\\\":1,\\\"actividad_id\\\":784,\\\"coef\\\":\\\"0.0000\\\",\\\"aliquot\\\":\\\"0.0000\\\",\\\"cm_articulo_regimen_id\\\":1,\\\"base_amount\\\":\\\"364352.51\\\",\\\"tax_amount\\\":\\\"0.00\\\",\\\"previous_period_balance\\\":\\\"0.00\\\",\\\"sircreb_amount\\\":\\\"0.00\\\",\\\"perception_amount\\\":\\\"0.00\\\",\\\"retention_amount\\\":\\\"0.00\\\",\\\"positive_amount\\\":\\\"0.00\\\",\\\"negative_amount\\\":\\\"0.00\\\",\\\"balance\\\":0,\\\"created_at\\\":\\\"2022-08-22T19:57:32.000000Z\\\",\\\"updated_at\\\":\\\"2022-08-22T19:57:32.000000Z\\\",\\\"deleted_at\\\":null,\\\"actividad\\\":{\\\"id\\\":784,\\\"created_at\\\":null,\\\"updated_at\\\":null,\\\"name\\\":\\\"Servicios de productores  y asesores de seguros\\\",\\\"codigo_afip\\\":\\\"662020\\\",\\\"codigo_cm\\\":null},\\\"cm_articulo_regimen\\\":{\\\"id\\\":1,\\\"user_id\\\":null,\\\"descripcion\\\":\\\"Articulo 2\\\",\\\"codigo\\\":2,\\\"habilitado\\\":1,\\\"created_at\\\":\\\"2022-08-17T23:42:27.000000Z\\\",\\\"updated_at\\\":\\\"2022-08-17T23:42:27.000000Z\\\",\\\"deleted_at\\\":null}},{\\\"id\\\":80,\\\"user_id\\\":7566,\\\"period_liquidation_id\\\":83,\\\"period_id\\\":1524,\\\"person_id\\\":40720,\\\"zone_id\\\":12,\\\"calculo_iibb\\\":1,\\\"actividad_id\\\":784,\\\"coef\\\":\\\"0.0000\\\",\\\"aliquot\\\":\\\"0.0000\\\",\\\"cm_articulo_regimen_id\\\":1,\\\"base_amount\\\":364352.51,\\\"tax_amount\\\":0,\\\"previous_period_balance\\\":\\\"0.00\\\",\\\"sircreb_amount\\\":\\\"0.00\\\",\\\"perception_amount\\\":\\\"0.00\\\",\\\"retention_amount\\\":\\\"0.00\\\",\\\"positive_amount\\\":\\\"0.00\\\",\\\"negative_amount\\\":\\\"0.00\\\",\\\"balance\\\":0,\\\"created_at\\\":\\\"2022-08-22T19:57:32.000000Z\\\",\\\"updated_at\\\":\\\"2022-08-22T19:57:32.000000Z\\\",\\\"deleted_at\\\":null,\\\"actividad\\\":{\\\"id\\\":784,\\\"created_at\\\":null,\\\"updated_at\\\":null,\\\"name\\\":\\\"Servicios de productores  y asesores de seguros\\\",\\\"codigo_afip\\\":\\\"662020\\\",\\\"codigo_cm\\\":null},\\\"cm_articulo_regimen\\\":{\\\"id\\\":1,\\\"user_id\\\":null,\\\"descripcion\\\":\\\"Articulo 2\\\",\\\"codigo\\\":2,\\\"habilitado\\\":1,\\\"created_at\\\":\\\"2022-08-17T23:42:27.000000Z\\\",\\\"updated_at\\\":\\\"2022-08-17T23:42:27.000000Z\\\",\\\"deleted_at\\\":null}}]},{\\\"id\\\":80,\\\"user_id\\\":7566,\\\"period_liquidation_id\\\":83,\\\"period_id\\\":1524,\\\"person_id\\\":40720,\\\"zone_id\\\":13,\\\"base_amount\\\":\\\"364352.51\\\",\\\"impuesto\\\":\\\"0.00\\\",\\\"saldo_a_favor_ant\\\":0,\\\"sircreb\\\":\\\"26895.40\\\",\\\"percepciones\\\":\\\"16.38\\\",\\\"retenciones\\\":\\\"11613.44\\\",\\\"a_pagar\\\":\\\"0.00\\\",\\\"a_favor\\\":\\\"38525.22\\\",\\\"created_at\\\":\\\"2022-08-22T19:57:32.000000Z\\\",\\\"updated_at\\\":\\\"2022-08-22T19:57:32.000000Z\\\",\\\"deleted_at\\\":null,\\\"zone\\\":{\\\"id\\\":13,\\\"name\\\":\\\"R\\u00edo Negro\\\",\\\"sifere_coef\\\":\\\"0.00\\\",\\\"iibb_aliquot\\\":\\\"0.00\\\",\\\"iibb_perception_id\\\":null,\\\"retention_id\\\":null,\\\"created_at\\\":null,\\\"updated_at\\\":\\\"2022-08-17T23:42:30.000000Z\\\",\\\"code\\\":\\\"57\\\",\\\"sircreb_plan_cuenta_id\\\":292,\\\"codigo_cm\\\":916,\\\"codigo_afip\\\":\\\"22\\\"},\\\"details\\\":[{\\\"id\\\":79,\\\"user_id\\\":7566,\\\"period_liquidation_id\\\":83,\\\"period_id\\\":1524,\\\"person_id\\\":40720,\\\"zone_id\\\":13,\\\"calculo_iibb\\\":1,\\\"actividad_id\\\":784,\\\"coef\\\":\\\"0.0000\\\",\\\"aliquot\\\":\\\"0.0000\\\",\\\"cm_articulo_regimen_id\\\":1,\\\"base_amount\\\":364352.51,\\\"tax_amount\\\":0,\\\"previous_period_balance\\\":\\\"0.00\\\",\\\"sircreb_amount\\\":\\\"0.00\\\",\\\"perception_amount\\\":\\\"0.00\\\",\\\"retention_amount\\\":\\\"0.00\\\",\\\"positive_amount\\\":\\\"0.00\\\",\\\"negative_amount\\\":\\\"0.00\\\",\\\"balance\\\":0,\\\"created_at\\\":\\\"2022-08-22T19:57:32.000000Z\\\",\\\"updated_at\\\":\\\"2022-08-22T19:57:32.000000Z\\\",\\\"deleted_at\\\":null,\\\"actividad\\\":{\\\"id\\\":784,\\\"created_at\\\":null,\\\"updated_at\\\":null,\\\"name\\\":\\\"Servicios de productores  y asesores de seguros\\\",\\\"codigo_afip\\\":\\\"662020\\\",\\\"codigo_cm\\\":null},\\\"cm_articulo_regimen\\\":{\\\"id\\\":1,\\\"user_id\\\":null,\\\"descripcion\\\":\\\"Articulo 2\\\",\\\"codigo\\\":2,\\\"habilitado\\\":1,\\\"created_at\\\":\\\"2022-08-17T23:42:27.000000Z\\\",\\\"updated_at\\\":\\\"2022-08-17T23:42:27.000000Z\\\",\\\"deleted_at\\\":null}},{\\\"id\\\":80,\\\"user_id\\\":7566,\\\"period_liquidation_id\\\":83,\\\"period_id\\\":1524,\\\"person_id\\\":40720,\\\"zone_id\\\":12,\\\"calculo_iibb\\\":1,\\\"actividad_id\\\":784,\\\"coef\\\":\\\"0.0000\\\",\\\"aliquot\\\":\\\"0.0000\\\",\\\"cm_articulo_regimen_id\\\":1,\\\"base_amount\\\":\\\"364352.51\\\",\\\"tax_amount\\\":\\\"0.00\\\",\\\"previous_period_balance\\\":\\\"0.00\\\",\\\"sircreb_amount\\\":\\\"0.00\\\",\\\"perception_amount\\\":\\\"0.00\\\",\\\"retention_amount\\\":\\\"0.00\\\",\\\"positive_amount\\\":\\\"0.00\\\",\\\"negative_amount\\\":\\\"0.00\\\",\\\"balance\\\":0,\\\"created_at\\\":\\\"2022-08-22T19:57:32.000000Z\\\",\\\"updated_at\\\":\\\"2022-08-22T19:57:32.000000Z\\\",\\\"deleted_at\\\":null,\\\"actividad\\\":{\\\"id\\\":784,\\\"created_at\\\":null,\\\"updated_at\\\":null,\\\"name\\\":\\\"Servicios de productores  y asesores de seguros\\\",\\\"codigo_afip\\\":\\\"662020\\\",\\\"codigo_cm\\\":null},\\\"cm_articulo_regimen\\\":{\\\"id\\\":1,\\\"user_id\\\":null,\\\"descripcion\\\":\\\"Articulo 2\\\",\\\"codigo\\\":2,\\\"habilitado\\\":1,\\\"created_at\\\":\\\"2022-08-17T23:42:27.000000Z\\\",\\\"updated_at\\\":\\\"2022-08-17T23:42:27.000000Z\\\",\\\"deleted_at\\\":null}}]}]}}\\\";s:7:\\\"user_id\\\";i:7566;s:10:\\\"updated_at\\\";s:19:\\\"2022-08-22 17:15:11\\\";s:10:\\\"created_at\\\";s:19:\\\"2022-08-22 17:15:11\\\";s:2:\\\"id\\\";i:4091;}s:10:\\\"\\u0000*\\u0000changes\\\";a:0:{}s:8:\\\"\\u0000*\\u0000casts\\\";a:0:{}s:17:\\\"\\u0000*\\u0000classCastCache\\\";a:0:{}s:8:\\\"\\u0000*\\u0000dates\\\";a:0:{}s:13:\\\"\\u0000*\\u0000dateFormat\\\";N;s:10:\\\"\\u0000*\\u0000appends\\\";a:0:{}s:19:\\\"\\u0000*\\u0000dispatchesEvents\\\";a:0:{}s:14:\\\"\\u0000*\\u0000observables\\\";a:0:{}s:12:\\\"\\u0000*\\u0000relations\\\";a:0:{}s:10:\\\"\\u0000*\\u0000touches\\\";a:0:{}s:10:\\\"timestamps\\\";b:1;s:9:\\\"\\u0000*\\u0000hidden\\\";a:0:{}s:10:\\\"\\u0000*\\u0000visible\\\";a:0:{}s:11:\\\"\\u0000*\\u0000fillable\\\";a:0:{}}}}s:3:\\\"job\\\";N;s:10:\\\"connection\\\";N;s:5:\\\"queue\\\";s:7:\\\"finance\\\";s:15:\\\"chainConnection\\\";N;s:10:\\\"chainQueue\\\";N;s:5:\\\"delay\\\";N;s:10:\\\"middleware\\\";a:0:{}s:7:\\\"chained\\\";a:0:{}}\"}}','Symfony\\Component\\Process\\Exception\\ProcessTimedOutException: The process \"node /home/forge/taxes.com.ar/resources/js/puppeteer/CMCopiarValoresEnDDJJ.js 20233719529 V1l4sf3d3r3r 4091\" exceeded the timeout of 60 seconds. in /home/forge/taxes.com.ar/vendor/symfony/process/Process.php:1213\nStack trace:\n#0 /home/forge/taxes.com.ar/vendor/symfony/process/Process.php(425): Symfony\\Component\\Process\\Process->checkTimeout()\n#1 /home/forge/taxes.com.ar/vendor/symfony/process/Process.php(249): Symfony\\Component\\Process\\Process->wait()\n#2 /home/forge/taxes.com.ar/app/Http/Controllers/Taxes/BOTCopiarEnAfipController.php(83): Symfony\\Component\\Process\\Process->run()\n#3 /home/forge/taxes.com.ar/app/Jobs/QueueGenerica.php(36): App\\Http\\Controllers\\Taxes\\BOTCopiarEnAfipController->Execute_Bot_Copiar_en_Afip(Object(Illuminate\\Support\\Collection))\n#4 /home/forge/taxes.com.ar/vendor/laravel/framework/src/Illuminate/Container/BoundMethod.php(36): App\\Jobs\\QueueGenerica->handle()\n#5 /home/forge/taxes.com.ar/vendor/laravel/framework/src/Illuminate/Container/Util.php(37): Illuminate\\Container\\BoundMethod::Illuminate\\Container\\{closure}()\n#6 /home/forge/taxes.com.ar/vendor/laravel/framework/src/Illuminate/Container/BoundMethod.php(93): Illuminate\\Container\\Util::unwrapIfClosure(Object(Closure))\n#7 /home/forge/taxes.com.ar/vendor/laravel/framework/src/Illuminate/Container/BoundMethod.php(37): Illuminate\\Container\\BoundMethod::callBoundMethod(Object(Illuminate\\Foundation\\Application), Array, Object(Closure))\n#8 /home/forge/taxes.com.ar/vendor/laravel/framework/src/Illuminate/Container/Container.php(596): Illuminate\\Container\\BoundMethod::call(Object(Illuminate\\Foundation\\Application), Array, Array, NULL)\n#9 /home/forge/taxes.com.ar/vendor/laravel/framework/src/Illuminate/Bus/Dispatcher.php(94): Illuminate\\Container\\Container->call(Array)\n#10 /home/forge/taxes.com.ar/vendor/laravel/framework/src/Illuminate/Pipeline/Pipeline.php(128): Illuminate\\Bus\\Dispatcher->Illuminate\\Bus\\{closure}(Object(App\\Jobs\\QueueGenerica))\n#11 /home/forge/taxes.com.ar/vendor/laravel/framework/src/Illuminate/Pipeline/Pipeline.php(103): Illuminate\\Pipeline\\Pipeline->Illuminate\\Pipeline\\{closure}(Object(App\\Jobs\\QueueGenerica))\n#12 /home/forge/taxes.com.ar/vendor/laravel/framework/src/Illuminate/Bus/Dispatcher.php(98): Illuminate\\Pipeline\\Pipeline->then(Object(Closure))\n#13 /home/forge/taxes.com.ar/vendor/laravel/framework/src/Illuminate/Queue/CallQueuedHandler.php(83): Illuminate\\Bus\\Dispatcher->dispatchNow(Object(App\\Jobs\\QueueGenerica), false)\n#14 /home/forge/taxes.com.ar/vendor/laravel/framework/src/Illuminate/Pipeline/Pipeline.php(128): Illuminate\\Queue\\CallQueuedHandler->Illuminate\\Queue\\{closure}(Object(App\\Jobs\\QueueGenerica))\n#15 /home/forge/taxes.com.ar/vendor/laravel/framework/src/Illuminate/Pipeline/Pipeline.php(103): Illuminate\\Pipeline\\Pipeline->Illuminate\\Pipeline\\{closure}(Object(App\\Jobs\\QueueGenerica))\n#16 /home/forge/taxes.com.ar/vendor/laravel/framework/src/Illuminate/Queue/CallQueuedHandler.php(85): Illuminate\\Pipeline\\Pipeline->then(Object(Closure))\n#17 /home/forge/taxes.com.ar/vendor/laravel/framework/src/Illuminate/Queue/CallQueuedHandler.php(59): Illuminate\\Queue\\CallQueuedHandler->dispatchThroughMiddleware(Object(App\\Queue\\DatabaseJob), Object(App\\Jobs\\QueueGenerica))\n#18 /home/forge/taxes.com.ar/vendor/laravel/framework/src/Illuminate/Queue/Jobs/Job.php(98): Illuminate\\Queue\\CallQueuedHandler->call(Object(App\\Queue\\DatabaseJob), Array)\n#19 /home/forge/taxes.com.ar/app/Queue/DatabaseJob.php(26): Illuminate\\Queue\\Jobs\\Job->fire()\n#20 /home/forge/taxes.com.ar/vendor/laravel/framework/src/Illuminate/Queue/Worker.php(356): App\\Queue\\DatabaseJob->fire()\n#21 /home/forge/taxes.com.ar/vendor/laravel/framework/src/Illuminate/Queue/Worker.php(306): Illuminate\\Queue\\Worker->process(\'finance\', Object(App\\Queue\\DatabaseJob), Object(Illuminate\\Queue\\WorkerOptions))\n#22 /home/forge/taxes.com.ar/vendor/laravel/framework/src/Illuminate/Queue/Worker.php(265): Illuminate\\Queue\\Worker->runJob(Object(App\\Queue\\DatabaseJob), \'finance\', Object(Illuminate\\Queue\\WorkerOptions))\n#23 /home/forge/taxes.com.ar/vendor/laravel/framework/src/Illuminate/Queue/Console/WorkCommand.php(112): Illuminate\\Queue\\Worker->runNextJob(\'finance\', \'finance\', Object(Illuminate\\Queue\\WorkerOptions))\n#24 /home/forge/taxes.com.ar/vendor/laravel/framework/src/Illuminate/Queue/Console/WorkCommand.php(96): Illuminate\\Queue\\Console\\WorkCommand->runWorker(\'finance\', \'finance\')\n#25 /home/forge/taxes.com.ar/vendor/laravel/framework/src/Illuminate/Container/BoundMethod.php(36): Illuminate\\Queue\\Console\\WorkCommand->handle()\n#26 /home/forge/taxes.com.ar/vendor/laravel/framework/src/Illuminate/Container/Util.php(37): Illuminate\\Container\\BoundMethod::Illuminate\\Container\\{closure}()\n#27 /home/forge/taxes.com.ar/vendor/laravel/framework/src/Illuminate/Container/BoundMethod.php(93): Illuminate\\Container\\Util::unwrapIfClosure(Object(Closure))\n#28 /home/forge/taxes.com.ar/vendor/laravel/framework/src/Illuminate/Container/BoundMethod.php(37): Illuminate\\Container\\BoundMethod::callBoundMethod(Object(Illuminate\\Foundation\\Application), Array, Object(Closure))\n#29 /home/forge/taxes.com.ar/vendor/laravel/framework/src/Illuminate/Container/Container.php(596): Illuminate\\Container\\BoundMethod::call(Object(Illuminate\\Foundation\\Application), Array, Array, NULL)\n#30 /home/forge/taxes.com.ar/vendor/laravel/framework/src/Illuminate/Console/Command.php(134): Illuminate\\Container\\Container->call(Array)\n#31 /home/forge/taxes.com.ar/vendor/symfony/console/Command/Command.php(256): Illuminate\\Console\\Command->execute(Object(Symfony\\Component\\Console\\Input\\ArgvInput), Object(Illuminate\\Console\\OutputStyle))\n#32 /home/forge/taxes.com.ar/vendor/laravel/framework/src/Illuminate/Console/Command.php(121): Symfony\\Component\\Console\\Command\\Command->run(Object(Symfony\\Component\\Console\\Input\\ArgvInput), Object(Illuminate\\Console\\OutputStyle))\n#33 /home/forge/taxes.com.ar/vendor/symfony/console/Application.php(971): Illuminate\\Console\\Command->run(Object(Symfony\\Component\\Console\\Input\\ArgvInput), Object(Symfony\\Component\\Console\\Output\\ConsoleOutput))\n#34 /home/forge/taxes.com.ar/vendor/symfony/console/Application.php(290): Symfony\\Component\\Console\\Application->doRunCommand(Object(Illuminate\\Queue\\Console\\WorkCommand), Object(Symfony\\Component\\Console\\Input\\ArgvInput), Object(Symfony\\Component\\Console\\Output\\ConsoleOutput))\n#35 /home/forge/taxes.com.ar/vendor/symfony/console/Application.php(166): Symfony\\Component\\Console\\Application->doRun(Object(Symfony\\Component\\Console\\Input\\ArgvInput), Object(Symfony\\Component\\Console\\Output\\ConsoleOutput))\n#36 /home/forge/taxes.com.ar/vendor/laravel/framework/src/Illuminate/Console/Application.php(93): Symfony\\Component\\Console\\Application->run(Object(Symfony\\Component\\Console\\Input\\ArgvInput), Object(Symfony\\Component\\Console\\Output\\ConsoleOutput))\n#37 /home/forge/taxes.com.ar/vendor/laravel/framework/src/Illuminate/Foundation/Console/Kernel.php(129): Illuminate\\Console\\Application->run(Object(Symfony\\Component\\Console\\Input\\ArgvInput), Object(Symfony\\Component\\Console\\Output\\ConsoleOutput))\n#38 /home/forge/taxes.com.ar/artisan(35): Illuminate\\Foundation\\Console\\Kernel->handle(Object(Symfony\\Component\\Console\\Input\\ArgvInput), Object(Symfony\\Component\\Console\\Output\\ConsoleOutput))\n#39 {main}','2022-08-22 17:16:11',NULL);
INSERT INTO `failed_jobs` VALUES (2,NULL,'finance','finance','{\"uuid\":\"3492ec05-8afa-4ad8-aafe-5b2412cf8fe6\",\"displayName\":\"App\\\\Jobs\\\\QueueGenerica\",\"job\":\"Illuminate\\\\Queue\\\\CallQueuedHandler@call\",\"maxTries\":null,\"maxExceptions\":null,\"delay\":null,\"timeout\":null,\"timeoutAt\":null,\"data\":{\"commandName\":\"App\\\\Jobs\\\\QueueGenerica\",\"command\":\"O:22:\\\"App\\\\Jobs\\\\QueueGenerica\\\":9:{s:28:\\\"\\u0000App\\\\Jobs\\\\QueueGenerica\\u0000data\\\";O:29:\\\"Illuminate\\\\Support\\\\Collection\\\":5:{s:8:\\\"\\u0000*\\u0000items\\\";a:0:{}s:11:\\\"controlador\\\";s:53:\\\"\\\\App\\\\Http\\\\Controllers\\\\Taxes\\\\BOTCopiarEnAfipController\\\";s:6:\\\"metodo\\\";s:26:\\\"Execute_Bot_Copiar_en_Afip\\\";s:12:\\\"metodo_error\\\";s:15:\\\"error_queue_bot\\\";s:9:\\\"variables\\\";O:29:\\\"Illuminate\\\\Support\\\\Collection\\\":7:{s:8:\\\"\\u0000*\\u0000items\\\";a:0:{}s:4:\\\"user\\\";O:8:\\\"App\\\\User\\\":28:{s:13:\\\"\\u0000*\\u0000connection\\\";s:9:\\\"seguridad\\\";s:8:\\\"\\u0000*\\u0000table\\\";s:6:\\\"tusers\\\";s:13:\\\"\\u0000*\\u0000primaryKey\\\";s:6:\\\"idUser\\\";s:11:\\\"\\u0000*\\u0000fillable\\\";a:12:{i:0;s:6:\\\"nombre\\\";i:1;s:9:\\\"loginUser\\\";i:2;s:9:\\\"emailUser\\\";i:3;s:5:\\\"clave\\\";i:4;s:9:\\\"claveUser\\\";i:5;s:10:\\\"statusUser\\\";i:6;s:12:\\\"user_type_id\\\";i:7;s:5:\\\"firma\\\";i:8;s:15:\\\"suscrip_plan_id\\\";i:9;s:7:\\\"importe\\\";i:10;s:6:\\\"avatar\\\";i:11;s:18:\\\"es_empresa_externa\\\";}s:9:\\\"\\u0000*\\u0000hidden\\\";a:4:{i:0;s:8:\\\"password\\\";i:1;s:14:\\\"remember_token\\\";i:2;s:9:\\\"claveUser\\\";i:3;s:5:\\\"clave\\\";}s:10:\\\"\\u0000*\\u0000keyType\\\";s:3:\\\"int\\\";s:12:\\\"incrementing\\\";b:1;s:7:\\\"\\u0000*\\u0000with\\\";a:0:{}s:12:\\\"\\u0000*\\u0000withCount\\\";a:0:{}s:10:\\\"\\u0000*\\u0000perPage\\\";i:15;s:6:\\\"exists\\\";b:1;s:18:\\\"wasRecentlyCreated\\\";b:0;s:13:\\\"\\u0000*\\u0000attributes\\\";a:17:{s:6:\\\"idUser\\\";i:7566;s:6:\\\"nombre\\\";s:13:\\\"Viano Daniela\\\";s:9:\\\"loginUser\\\";s:27:\\\"danielaviano322@hotmail.com\\\";s:9:\\\"emailUser\\\";s:27:\\\"danielaviano322@hotmail.com\\\";s:5:\\\"clave\\\";s:11:\\\"27290070053\\\";s:9:\\\"claveUser\\\";s:60:\\\"$2y$10$RnCrHghmSgttcuJxZOP4EeO5Q5CHzTTTgitjbr9HfjojVrDkr.\\/2W\\\";s:5:\\\"firma\\\";N;s:6:\\\"avatar\\\";N;s:10:\\\"statusUser\\\";i:1;s:14:\\\"remember_token\\\";N;s:10:\\\"created_at\\\";s:19:\\\"2022-08-17 20:42:09\\\";s:10:\\\"updated_at\\\";s:19:\\\"2022-08-17 20:42:09\\\";s:12:\\\"user_type_id\\\";i:1;s:18:\\\"es_empresa_externa\\\";i:0;s:15:\\\"suscrip_plan_id\\\";i:1;s:7:\\\"importe\\\";s:4:\\\"0.00\\\";s:6:\\\"person\\\";O:17:\\\"App\\\\Models\\\\Person\\\":27:{s:10:\\\"\\u0000*\\u0000guarded\\\";a:0:{}s:8:\\\"\\u0000*\\u0000table\\\";s:7:\\\"persons\\\";s:13:\\\"\\u0000*\\u0000connection\\\";s:9:\\\"seguridad\\\";s:13:\\\"\\u0000*\\u0000primaryKey\\\";s:2:\\\"id\\\";s:10:\\\"\\u0000*\\u0000keyType\\\";s:3:\\\"int\\\";s:12:\\\"incrementing\\\";b:1;s:7:\\\"\\u0000*\\u0000with\\\";a:0:{}s:12:\\\"\\u0000*\\u0000withCount\\\";a:0:{}s:10:\\\"\\u0000*\\u0000perPage\\\";i:15;s:6:\\\"exists\\\";b:1;s:18:\\\"wasRecentlyCreated\\\";b:0;s:13:\\\"\\u0000*\\u0000attributes\\\";a:21:{s:2:\\\"id\\\";i:45686;s:7:\\\"user_id\\\";i:1;s:11:\\\"field_name1\\\";s:13:\\\"Viano Daniela\\\";s:11:\\\"field_name2\\\";N;s:13:\\\"document_type\\\";s:4:\\\"cuit\\\";s:8:\\\"document\\\";s:13:\\\"27-29007005-3\\\";s:21:\\\"cond_frente_al_iva_id\\\";N;s:10:\\\"country_id\\\";N;s:8:\\\"state_id\\\";N;s:7:\\\"zone_id\\\";N;s:14:\\\"plan_cuenta_id\\\";N;s:20:\\\"iva_creditos_tipo_id\\\";N;s:10:\\\"created_at\\\";s:19:\\\"2020-09-18 21:28:04\\\";s:10:\\\"updated_at\\\";s:19:\\\"2020-09-18 21:28:04\\\";s:11:\\\"activity_id\\\";N;s:7:\\\"address\\\";N;s:14:\\\"person_type_id\\\";i:1;s:19:\\\"fa_iva_condition_id\\\";N;s:16:\\\"fa_codigo_postal\\\";N;s:5:\\\"email\\\";N;s:10:\\\"deleted_at\\\";N;}s:11:\\\"\\u0000*\\u0000original\\\";a:21:{s:2:\\\"id\\\";i:45686;s:7:\\\"user_id\\\";i:1;s:11:\\\"field_name1\\\";s:13:\\\"Viano Daniela\\\";s:11:\\\"field_name2\\\";N;s:13:\\\"document_type\\\";s:4:\\\"cuit\\\";s:8:\\\"document\\\";s:13:\\\"27-29007005-3\\\";s:21:\\\"cond_frente_al_iva_id\\\";N;s:10:\\\"country_id\\\";N;s:8:\\\"state_id\\\";N;s:7:\\\"zone_id\\\";N;s:14:\\\"plan_cuenta_id\\\";N;s:20:\\\"iva_creditos_tipo_id\\\";N;s:10:\\\"created_at\\\";s:19:\\\"2020-09-18 21:28:04\\\";s:10:\\\"updated_at\\\";s:19:\\\"2020-09-18 21:28:04\\\";s:11:\\\"activity_id\\\";N;s:7:\\\"address\\\";N;s:14:\\\"person_type_id\\\";i:1;s:19:\\\"fa_iva_condition_id\\\";N;s:16:\\\"fa_codigo_postal\\\";N;s:5:\\\"email\\\";N;s:10:\\\"deleted_at\\\";N;}s:10:\\\"\\u0000*\\u0000changes\\\";a:0:{}s:8:\\\"\\u0000*\\u0000casts\\\";a:0:{}s:17:\\\"\\u0000*\\u0000classCastCache\\\";a:0:{}s:8:\\\"\\u0000*\\u0000dates\\\";a:0:{}s:13:\\\"\\u0000*\\u0000dateFormat\\\";N;s:10:\\\"\\u0000*\\u0000appends\\\";a:0:{}s:19:\\\"\\u0000*\\u0000dispatchesEvents\\\";a:0:{}s:14:\\\"\\u0000*\\u0000observables\\\";a:0:{}s:12:\\\"\\u0000*\\u0000relations\\\";a:0:{}s:10:\\\"\\u0000*\\u0000touches\\\";a:0:{}s:10:\\\"timestamps\\\";b:1;s:9:\\\"\\u0000*\\u0000hidden\\\";a:0:{}s:10:\\\"\\u0000*\\u0000visible\\\";a:0:{}s:11:\\\"\\u0000*\\u0000fillable\\\";a:0:{}}}s:11:\\\"\\u0000*\\u0000original\\\";a:16:{s:6:\\\"idUser\\\";i:7566;s:6:\\\"nombre\\\";s:13:\\\"Viano Daniela\\\";s:9:\\\"loginUser\\\";s:27:\\\"danielaviano322@hotmail.com\\\";s:9:\\\"emailUser\\\";s:27:\\\"danielaviano322@hotmail.com\\\";s:5:\\\"clave\\\";s:11:\\\"27290070053\\\";s:9:\\\"claveUser\\\";s:60:\\\"$2y$10$RnCrHghmSgttcuJxZOP4EeO5Q5CHzTTTgitjbr9HfjojVrDkr.\\/2W\\\";s:5:\\\"firma\\\";N;s:6:\\\"avatar\\\";N;s:10:\\\"statusUser\\\";i:1;s:14:\\\"remember_token\\\";N;s:10:\\\"created_at\\\";s:19:\\\"2022-08-17 20:42:09\\\";s:10:\\\"updated_at\\\";s:19:\\\"2022-08-17 20:42:09\\\";s:12:\\\"user_type_id\\\";i:1;s:18:\\\"es_empresa_externa\\\";i:0;s:15:\\\"suscrip_plan_id\\\";i:1;s:7:\\\"importe\\\";s:4:\\\"0.00\\\";}s:10:\\\"\\u0000*\\u0000changes\\\";a:0:{}s:8:\\\"\\u0000*\\u0000casts\\\";a:0:{}s:17:\\\"\\u0000*\\u0000classCastCache\\\";a:0:{}s:8:\\\"\\u0000*\\u0000dates\\\";a:0:{}s:13:\\\"\\u0000*\\u0000dateFormat\\\";N;s:10:\\\"\\u0000*\\u0000appends\\\";a:0:{}s:19:\\\"\\u0000*\\u0000dispatchesEvents\\\";a:0:{}s:14:\\\"\\u0000*\\u0000observables\\\";a:0:{}s:12:\\\"\\u0000*\\u0000relations\\\";a:0:{}s:10:\\\"\\u0000*\\u0000touches\\\";a:0:{}s:10:\\\"timestamps\\\";b:1;s:10:\\\"\\u0000*\\u0000visible\\\";a:0:{}s:10:\\\"\\u0000*\\u0000guarded\\\";a:1:{i:0;s:1:\\\"*\\\";}s:20:\\\"\\u0000*\\u0000rememberTokenName\\\";s:14:\\\"remember_token\\\";}s:23:\\\"cuit_administrador_afip\\\";s:11:\\\"20233719529\\\";s:12:\\\"clave_fiscal\\\";s:12:\\\"V1l4sf3d3r3r\\\";s:5:\\\"sitio\\\";s:12:\\\"taxes.com.ar\\\";s:6:\\\"settle\\\";O:28:\\\"App\\\\Models\\\\PeriodLiquidation\\\":28:{s:8:\\\"\\u0000*\\u0000table\\\";s:19:\\\"period_liquidations\\\";s:10:\\\"\\u0000*\\u0000guarded\\\";a:0:{}s:9:\\\"\\u0000*\\u0000hidden\\\";a:2:{i:0;s:10:\\\"created_at\\\";i:1;s:10:\\\"updated_at\\\";}s:10:\\\"\\u0000*\\u0000appends\\\";a:1:{i:0;s:15:\\\"files_relations\\\";}s:13:\\\"\\u0000*\\u0000connection\\\";s:7:\\\"finance\\\";s:13:\\\"\\u0000*\\u0000primaryKey\\\";s:2:\\\"id\\\";s:10:\\\"\\u0000*\\u0000keyType\\\";s:3:\\\"int\\\";s:12:\\\"incrementing\\\";b:1;s:7:\\\"\\u0000*\\u0000with\\\";a:0:{}s:12:\\\"\\u0000*\\u0000withCount\\\";a:0:{}s:10:\\\"\\u0000*\\u0000perPage\\\";i:15;s:6:\\\"exists\\\";b:1;s:18:\\\"wasRecentlyCreated\\\";b:0;s:13:\\\"\\u0000*\\u0000attributes\\\";a:10:{s:2:\\\"id\\\";i:110;s:7:\\\"user_id\\\";i:7566;s:8:\\\"apply_to\\\";s:3:\\\"iva\\\";s:9:\\\"period_id\\\";i:1524;s:9:\\\"person_id\\\";i:40720;s:6:\\\"status\\\";i:1;s:11:\\\"auxiliar_id\\\";i:4095;s:10:\\\"created_at\\\";s:19:\\\"2022-08-22 19:25:47\\\";s:10:\\\"updated_at\\\";s:19:\\\"2022-08-22 19:51:46\\\";s:10:\\\"deleted_at\\\";N;}s:11:\\\"\\u0000*\\u0000original\\\";a:10:{s:2:\\\"id\\\";i:110;s:7:\\\"user_id\\\";i:7566;s:8:\\\"apply_to\\\";s:3:\\\"iva\\\";s:9:\\\"period_id\\\";i:1524;s:9:\\\"person_id\\\";i:40720;s:6:\\\"status\\\";i:1;s:11:\\\"auxiliar_id\\\";i:4095;s:10:\\\"created_at\\\";s:19:\\\"2022-08-22 19:25:47\\\";s:10:\\\"updated_at\\\";s:19:\\\"2022-08-22 19:51:46\\\";s:10:\\\"deleted_at\\\";N;}s:10:\\\"\\u0000*\\u0000changes\\\";a:2:{s:11:\\\"auxiliar_id\\\";i:4095;s:10:\\\"updated_at\\\";s:19:\\\"2022-08-22 19:51:46\\\";}s:8:\\\"\\u0000*\\u0000casts\\\";a:0:{}s:17:\\\"\\u0000*\\u0000classCastCache\\\";a:0:{}s:8:\\\"\\u0000*\\u0000dates\\\";a:1:{i:0;s:10:\\\"deleted_at\\\";}s:13:\\\"\\u0000*\\u0000dateFormat\\\";N;s:19:\\\"\\u0000*\\u0000dispatchesEvents\\\";a:0:{}s:14:\\\"\\u0000*\\u0000observables\\\";a:0:{}s:12:\\\"\\u0000*\\u0000relations\\\";a:0:{}s:10:\\\"\\u0000*\\u0000touches\\\";a:0:{}s:10:\\\"timestamps\\\";b:1;s:10:\\\"\\u0000*\\u0000visible\\\";a:0:{}s:11:\\\"\\u0000*\\u0000fillable\\\";a:0:{}s:16:\\\"\\u0000*\\u0000forceDeleting\\\";b:0;}s:8:\\\"auxiliar\\\";O:19:\\\"App\\\\Models\\\\Auxiliar\\\":27:{s:13:\\\"\\u0000*\\u0000connection\\\";s:9:\\\"seguridad\\\";s:8:\\\"\\u0000*\\u0000table\\\";s:8:\\\"auxiliar\\\";s:10:\\\"\\u0000*\\u0000guarded\\\";a:0:{}s:13:\\\"\\u0000*\\u0000primaryKey\\\";s:2:\\\"id\\\";s:10:\\\"\\u0000*\\u0000keyType\\\";s:3:\\\"int\\\";s:12:\\\"incrementing\\\";b:1;s:7:\\\"\\u0000*\\u0000with\\\";a:0:{}s:12:\\\"\\u0000*\\u0000withCount\\\";a:0:{}s:10:\\\"\\u0000*\\u0000perPage\\\";i:15;s:6:\\\"exists\\\";b:1;s:18:\\\"wasRecentlyCreated\\\";b:1;s:13:\\\"\\u0000*\\u0000attributes\\\";a:5:{s:11:\\\"descripcion\\\";s:168905:\\\"{\\\"totales\\\":{\\\"period_liquidation_id\\\":110,\\\"period_id\\\":1524,\\\"person_id\\\":40720,\\\"total_debit\\\":76514.03,\\\"total_credit\\\":37327.01,\\\"credito_fiscal_comp\\\":\\\"0.00\\\",\\\"previous_technical\\\":\\\"0.00\\\",\\\"technical_balance\\\":\\\"-39187.02\\\",\\\"previous_free_availability\\\":\\\"0.00\\\",\\\"retention_amount\\\":\\\"17642.76\\\",\\\"perception_amount\\\":\\\"1959.69\\\",\\\"compensation_amount\\\":\\\"0.00\\\",\\\"total_perceptions_retentions\\\":\\\"19602.45\\\",\\\"free_availability_balance\\\":\\\"19602.45\\\",\\\"pago_a_cuenta\\\":\\\"0.00\\\",\\\"negative_amount\\\":\\\"19584.57\\\",\\\"positive_amount\\\":\\\"0.00\\\",\\\"total_free_availability\\\":\\\"0.00\\\",\\\"saldo_pago_a_cuenta\\\":\\\"0.00\\\",\\\"total_debito_mis_comp\\\":\\\"0.00\\\",\\\"total_credito_mis_comp\\\":\\\"0.00\\\",\\\"comentarios\\\":null},\\\"actividades\\\":[{\\\"id\\\":3,\\\"user_id\\\":7566,\\\"person_id\\\":40720,\\\"activity_id\\\":784,\\\"is_principal\\\":1,\\\"created_at\\\":\\\"2022-08-19T20:02:27.000000Z\\\",\\\"updated_at\\\":\\\"2022-08-19T20:02:27.000000Z\\\",\\\"deleted_at\\\":null,\\\"type\\\":1,\\\"actividad\\\":{\\\"id\\\":784,\\\"created_at\\\":null,\\\"updated_at\\\":null,\\\"name\\\":\\\"Servicios de productores  y asesores de seguros\\\",\\\"codigo_afip\\\":\\\"662020\\\",\\\"codigo_cm\\\":null,\\\"total_iva\\\":76514.03,\\\"total_gravado\\\":364352.51}}],\\\"iva_creditos_tipos\\\":[{\\\"id\\\":1,\\\"user_id\\\":0,\\\"descripcion\\\":\\\"Compras de bienes (excepto bienes de uso)\\\",\\\"total\\\":37327.01,\\\"habilitado\\\":1,\\\"created_at\\\":null,\\\"updated_at\\\":null,\\\"deleted_at\\\":null},{\\\"id\\\":2,\\\"user_id\\\":0,\\\"descripcion\\\":\\\"Locaciones\\\",\\\"total\\\":0,\\\"habilitado\\\":1,\\\"created_at\\\":null,\\\"updated_at\\\":null,\\\"deleted_at\\\":null},{\\\"id\\\":3,\\\"user_id\\\":0,\\\"descripcion\\\":\\\"Prestaciones de servicios\\\",\\\"total\\\":0,\\\"habilitado\\\":1,\\\"created_at\\\":null,\\\"updated_at\\\":null,\\\"deleted_at\\\":null},{\\\"id\\\":4,\\\"user_id\\\":0,\\\"descripcion\\\":\\\"Inversiones de Bienes de Uso\\\",\\\"total\\\":0,\\\"habilitado\\\":1,\\\"created_at\\\":null,\\\"updated_at\\\":null,\\\"deleted_at\\\":null},{\\\"id\\\":5,\\\"user_id\\\":0,\\\"descripcion\\\":\\\"Compras de bienes usados a consumidores finales\\\",\\\"total\\\":0,\\\"habilitado\\\":1,\\\"created_at\\\":null,\\\"updated_at\\\":null,\\\"deleted_at\\\":null},{\\\"id\\\":6,\\\"user_id\\\":0,\\\"descripcion\\\":\\\"Tur IVA\\\",\\\"total\\\":0,\\\"habilitado\\\":1,\\\"created_at\\\":null,\\\"updated_at\\\":null,\\\"deleted_at\\\":null},{\\\"id\\\":7,\\\"user_id\\\":0,\\\"descripcion\\\":\\\"Contribuciones de la Seguridad Social\\\",\\\"total\\\":0,\\\"habilitado\\\":1,\\\"created_at\\\":null,\\\"updated_at\\\":null,\\\"deleted_at\\\":null},{\\\"id\\\":8,\\\"user_id\\\":0,\\\"descripcion\\\":\\\"Contribuciones de la Seguridad Social - Art\\u00edculo 91 Ley 27.467\\\",\\\"total\\\":0,\\\"habilitado\\\":1,\\\"created_at\\\":null,\\\"updated_at\\\":null,\\\"deleted_at\\\":null},{\\\"id\\\":9,\\\"user_id\\\":0,\\\"descripcion\\\":\\\"Otros Conceptos\\\",\\\"total\\\":0,\\\"habilitado\\\":1,\\\"created_at\\\":null,\\\"updated_at\\\":null,\\\"deleted_at\\\":null},{\\\"id\\\":10,\\\"user_id\\\":0,\\\"descripcion\\\":\\\"Compras de Bienes en el Exterior\\\",\\\"total\\\":0,\\\"habilitado\\\":1,\\\"created_at\\\":null,\\\"updated_at\\\":null,\\\"deleted_at\\\":null},{\\\"id\\\":11,\\\"user_id\\\":0,\\\"descripcion\\\":\\\"Compras de Servicios en el exterior - Impuesto ingresado a trav\\u00e9s de entidades Financieras\\\",\\\"total\\\":0,\\\"habilitado\\\":1,\\\"created_at\\\":null,\\\"updated_at\\\":null,\\\"deleted_at\\\":null},{\\\"id\\\":12,\\\"user_id\\\":0,\\\"descripcion\\\":\\\"Compras de Servicios en el exterior - Impuesto ingresado por el responsable\\\",\\\"total\\\":0,\\\"habilitado\\\":1,\\\"created_at\\\":null,\\\"updated_at\\\":null,\\\"deleted_at\\\":null},{\\\"id\\\":13,\\\"user_id\\\":0,\\\"descripcion\\\":\\\"Locaciones o prestaciones gravadas en el pa\\u00eds realizadas por sujetos del exterior - Impuesto ingresado a trav\\u00e9s de entidades Financieras\\\",\\\"total\\\":0,\\\"habilitado\\\":1,\\\"created_at\\\":null,\\\"updated_at\\\":null,\\\"deleted_at\\\":null},{\\\"id\\\":14,\\\"user_id\\\":0,\\\"descripcion\\\":\\\"R\\u00e9gimen especial de compensaci\\u00f3n para la estabilizaci\\u00f3n de precios - Emergencia alimentaria - Ley 27.519\\\",\\\"total\\\":0,\\\"habilitado\\\":1,\\\"created_at\\\":null,\\\"updated_at\\\":null,\\\"deleted_at\\\":null}],\\\"origenes_ventas\\\":{\\\"0\\\":{\\\"id\\\":1,\\\"type\\\":1,\\\"ordr\\\":1,\\\"total\\\":\\\"0.00\\\",\\\"descripcion\\\":\\\"Operaciones con Responsables Inscriptos\\\",\\\"habilitado\\\":1,\\\"created_at\\\":null,\\\"updated_at\\\":null,\\\"deleted_at\\\":null},\\\"1\\\":{\\\"id\\\":2,\\\"type\\\":1,\\\"ordr\\\":2,\\\"total\\\":\\\"0.00\\\",\\\"descripcion\\\":\\\"Operaciones con Consumidores finales, Exentos y No alcanzados\\\",\\\"habilitado\\\":1,\\\"created_at\\\":null,\\\"updated_at\\\":null,\\\"deleted_at\\\":null},\\\"2\\\":{\\\"id\\\":3,\\\"type\\\":1,\\\"ordr\\\":3,\\\"total\\\":\\\"0.00\\\",\\\"descripcion\\\":\\\"Operaciones no gravadas y exentas\\\",\\\"habilitado\\\":1,\\\"created_at\\\":null,\\\"updated_at\\\":null,\\\"deleted_at\\\":null},\\\"3\\\":{\\\"id\\\":4,\\\"type\\\":1,\\\"ordr\\\":4,\\\"total\\\":\\\"0.00\\\",\\\"descripcion\\\":\\\"Credito fiscal a restituir\\\",\\\"habilitado\\\":1,\\\"created_at\\\":null,\\\"updated_at\\\":null,\\\"deleted_at\\\":null},\\\"7\\\":{\\\"id\\\":8,\\\"type\\\":1,\\\"ordr\\\":8,\\\"total\\\":\\\"0.00\\\",\\\"descripcion\\\":\\\"Operaciones con Monotributistas - Regimen Simmplificado\\\",\\\"habilitado\\\":1,\\\"created_at\\\":\\\"2022-08-17T23:42:30.000000Z\\\",\\\"updated_at\\\":\\\"2022-08-17T23:42:30.000000Z\\\",\\\"deleted_at\\\":null}},\\\"origenes_compras\\\":{\\\"4\\\":{\\\"id\\\":5,\\\"type\\\":2,\\\"ordr\\\":5,\\\"total\\\":\\\"0.00\\\",\\\"descripcion\\\":\\\"Debito fiscal a restituir\\\",\\\"habilitado\\\":1,\\\"created_at\\\":null,\\\"updated_at\\\":null,\\\"deleted_at\\\":null},\\\"5\\\":{\\\"id\\\":6,\\\"type\\\":2,\\\"ordr\\\":6,\\\"total\\\":\\\"0.00\\\",\\\"descripcion\\\":\\\"Total Credito Fiscal\\\",\\\"habilitado\\\":1,\\\"created_at\\\":null,\\\"updated_at\\\":null,\\\"deleted_at\\\":null},\\\"6\\\":{\\\"id\\\":7,\\\"type\\\":2,\\\"ordr\\\":7,\\\"total\\\":\\\"0.00\\\",\\\"descripcion\\\":\\\"Total Operaciones que no Generan Credito Fiscal\\\",\\\"habilitado\\\":1,\\\"created_at\\\":null,\\\"updated_at\\\":null,\\\"deleted_at\\\":null}},\\\"settle\\\":{\\\"id\\\":110,\\\"user_id\\\":7566,\\\"apply_to\\\":\\\"iva\\\",\\\"period_id\\\":1524,\\\"person_id\\\":40720,\\\"status\\\":1,\\\"auxiliar_id\\\":null,\\\"deleted_at\\\":null,\\\"files_relations\\\":[],\\\"period\\\":{\\\"id\\\":1524,\\\"user_id\\\":null,\\\"code\\\":\\\"2022-07\\\",\\\"year\\\":2022,\\\"period_number\\\":7,\\\"date_from\\\":\\\"2022-07-01\\\",\\\"date_to\\\":\\\"2022-07-31\\\",\\\"created_at\\\":null,\\\"updated_at\\\":null,\\\"person_id\\\":40720,\\\"conta_status\\\":0,\\\"deleted_at\\\":null,\\\"syj_periods_status_id\\\":1,\\\"syj_sin_asiento\\\":0,\\\"syj_asiento_modificado\\\":0,\\\"syj_periods_status_emp_dom_id\\\":1},\\\"period_liquidation_i_v_a\\\":{\\\"id\\\":57,\\\"user_id\\\":7566,\\\"period_liquidation_id\\\":110,\\\"period_id\\\":1524,\\\"person_id\\\":40720,\\\"total_debit\\\":\\\"76514.03\\\",\\\"total_debito_mis_comp\\\":\\\"0.00\\\",\\\"total_credit\\\":\\\"37327.01\\\",\\\"credito_fiscal_comp\\\":\\\"0.00\\\",\\\"total_credito_mis_comp\\\":\\\"0.00\\\",\\\"previous_technical\\\":\\\"0.00\\\",\\\"technical_balance\\\":\\\"-39187.02\\\",\\\"previous_free_availability\\\":\\\"0.00\\\",\\\"retention_amount\\\":\\\"17642.76\\\",\\\"perception_amount\\\":\\\"1959.69\\\",\\\"compensation_amount\\\":\\\"0.00\\\",\\\"total_perceptions_retentions\\\":\\\"19602.45\\\",\\\"free_availability_balance\\\":\\\"19602.45\\\",\\\"pago_a_cuenta\\\":\\\"0.00\\\",\\\"negative_amount\\\":\\\"19584.57\\\",\\\"positive_amount\\\":\\\"0.00\\\",\\\"total_free_availability\\\":\\\"0.00\\\",\\\"saldo_pago_a_cuenta\\\":\\\"0.00\\\",\\\"comentarios\\\":null,\\\"created_at\\\":\\\"2022-08-22T22:25:47.000000Z\\\",\\\"updated_at\\\":\\\"2022-08-22T22:25:47.000000Z\\\",\\\"deleted_at\\\":null}},\\\"details\\\":[{\\\"id\\\":13783,\\\"user_id\\\":7566,\\\"period_liquidation_id\\\":110,\\\"period_liquidation_iva_id\\\":57,\\\"period_id\\\":1524,\\\"person_id\\\":40720,\\\"activity_id\\\":784,\\\"iva_creditos_tipo_id\\\":1,\\\"type\\\":1,\\\"tax_id\\\":3,\\\"taxabled_amount\\\":\\\"0.00\\\",\\\"iva_amount\\\":\\\"0.00\\\",\\\"created_at\\\":\\\"2022-08-22T22:25:47.000000Z\\\",\\\"updated_at\\\":\\\"2022-08-22T22:25:47.000000Z\\\",\\\"ordr\\\":1,\\\"deleted_at\\\":null,\\\"base\\\":\\\"0.00\\\",\\\"system_taxes\\\":{\\\"id\\\":3,\\\"created_at\\\":null,\\\"updated_at\\\":\\\"2020-04-16T13:33:23.000000Z\\\",\\\"name\\\":\\\"gravado al 27%\\\",\\\"apply_to\\\":\\\"iva\\\",\\\"ammount_permited\\\":1,\\\"percent_iva\\\":\\\"27.00\\\",\\\"taxable_iibb\\\":1,\\\"taxable_iva\\\":1,\\\"code\\\":6,\\\"status\\\":1,\\\"afip_alicuota_id\\\":6,\\\"plan_cuenta_id\\\":96,\\\"code_citi_alic_iva\\\":6}},{\\\"id\\\":13784,\\\"user_id\\\":7566,\\\"period_liquidation_id\\\":110,\\\"period_liquidation_iva_id\\\":57,\\\"period_id\\\":1524,\\\"person_id\\\":40720,\\\"activity_id\\\":784,\\\"iva_creditos_tipo_id\\\":1,\\\"type\\\":1,\\\"tax_id\\\":2,\\\"taxabled_amount\\\":\\\"364352.51\\\",\\\"iva_amount\\\":\\\"76514.03\\\",\\\"created_at\\\":\\\"2022-08-22T22:25:47.000000Z\\\",\\\"updated_at\\\":\\\"2022-08-22T22:25:47.000000Z\\\",\\\"ordr\\\":1,\\\"deleted_at\\\":null,\\\"base\\\":\\\"364352.51\\\",\\\"system_taxes\\\":{\\\"id\\\":2,\\\"created_at\\\":null,\\\"updated_at\\\":\\\"2020-04-16T13:33:23.000000Z\\\",\\\"name\\\":\\\"gravado al 21%\\\",\\\"apply_to\\\":\\\"iva\\\",\\\"ammount_permited\\\":1,\\\"percent_iva\\\":\\\"21.00\\\",\\\"taxable_iibb\\\":1,\\\"taxable_iva\\\":1,\\\"code\\\":5,\\\"status\\\":1,\\\"afip_alicuota_id\\\":5,\\\"plan_cuenta_id\\\":96,\\\"code_citi_alic_iva\\\":5}},{\\\"id\\\":13785,\\\"user_id\\\":7566,\\\"period_liquidation_id\\\":110,\\\"period_liquidation_iva_id\\\":57,\\\"period_id\\\":1524,\\\"person_id\\\":40720,\\\"activity_id\\\":784,\\\"iva_creditos_tipo_id\\\":1,\\\"type\\\":1,\\\"tax_id\\\":1,\\\"taxabled_amount\\\":\\\"0.00\\\",\\\"iva_amount\\\":\\\"0.00\\\",\\\"created_at\\\":\\\"2022-08-22T22:25:47.000000Z\\\",\\\"updated_at\\\":\\\"2022-08-22T22:25:47.000000Z\\\",\\\"ordr\\\":1,\\\"deleted_at\\\":null,\\\"base\\\":\\\"0.00\\\",\\\"system_taxes\\\":{\\\"id\\\":1,\\\"created_at\\\":null,\\\"updated_at\\\":\\\"2020-04-16T13:33:23.000000Z\\\",\\\"name\\\":\\\"gravado al 10,5%\\\",\\\"apply_to\\\":\\\"iva\\\",\\\"ammount_permited\\\":1,\\\"percent_iva\\\":\\\"10.50\\\",\\\"taxable_iibb\\\":1,\\\"taxable_iva\\\":1,\\\"code\\\":4,\\\"status\\\":1,\\\"afip_alicuota_id\\\":4,\\\"plan_cuenta_id\\\":96,\\\"code_citi_alic_iva\\\":4}},{\\\"id\\\":13786,\\\"user_id\\\":7566,\\\"period_liquidation_id\\\":110,\\\"period_liquidation_iva_id\\\":57,\\\"period_id\\\":1524,\\\"person_id\\\":40720,\\\"activity_id\\\":784,\\\"iva_creditos_tipo_id\\\":1,\\\"type\\\":1,\\\"tax_id\\\":5,\\\"taxabled_amount\\\":\\\"0.00\\\",\\\"iva_amount\\\":\\\"0.00\\\",\\\"created_at\\\":\\\"2022-08-22T22:25:47.000000Z\\\",\\\"updated_at\\\":\\\"2022-08-22T22:25:47.000000Z\\\",\\\"ordr\\\":1,\\\"deleted_at\\\":null,\\\"base\\\":\\\"0.00\\\",\\\"system_taxes\\\":{\\\"id\\\":5,\\\"created_at\\\":null,\\\"updated_at\\\":\\\"2020-04-16T13:33:23.000000Z\\\",\\\"name\\\":\\\"gravado al 5%\\\",\\\"apply_to\\\":\\\"iva\\\",\\\"ammount_permited\\\":1,\\\"percent_iva\\\":\\\"5.00\\\",\\\"taxable_iibb\\\":1,\\\"taxable_iva\\\":1,\\\"code\\\":8,\\\"status\\\":1,\\\"afip_alicuota_id\\\":8,\\\"plan_cuenta_id\\\":96,\\\"code_citi_alic_iva\\\":8}},{\\\"id\\\":13787,\\\"user_id\\\":7566,\\\"period_liquidation_id\\\":110,\\\"period_liquidation_iva_id\\\":57,\\\"period_id\\\":1524,\\\"person_id\\\":40720,\\\"activity_id\\\":784,\\\"iva_creditos_tipo_id\\\":1,\\\"type\\\":1,\\\"tax_id\\\":4,\\\"taxabled_amount\\\":\\\"0.00\\\",\\\"iva_amount\\\":\\\"0.00\\\",\\\"created_at\\\":\\\"2022-08-22T22:25:47.000000Z\\\",\\\"updated_at\\\":\\\"2022-08-22T22:25:47.000000Z\\\",\\\"ordr\\\":1,\\\"deleted_at\\\":null,\\\"base\\\":\\\"0.00\\\",\\\"system_taxes\\\":{\\\"id\\\":4,\\\"created_at\\\":null,\\\"updated_at\\\":\\\"2020-04-16T13:33:23.000000Z\\\",\\\"name\\\":\\\"gravado al 2,5%\\\",\\\"apply_to\\\":\\\"iva\\\",\\\"ammount_permited\\\":1,\\\"percent_iva\\\":\\\"2.50\\\",\\\"taxable_iibb\\\":1,\\\"taxable_iva\\\":1,\\\"code\\\":9,\\\"status\\\":1,\\\"afip_alicuota_id\\\":9,\\\"plan_cuenta_id\\\":96,\\\"code_citi_alic_iva\\\":9}},{\\\"id\\\":13788,\\\"user_id\\\":7566,\\\"period_liquidation_id\\\":110,\\\"period_liquidation_iva_id\\\":57,\\\"period_id\\\":1524,\\\"person_id\\\":40720,\\\"activity_id\\\":784,\\\"iva_creditos_tipo_id\\\":1,\\\"type\\\":1,\\\"tax_id\\\":8,\\\"taxabled_amount\\\":\\\"0.00\\\",\\\"iva_amount\\\":\\\"0.00\\\",\\\"created_at\\\":\\\"2022-08-22T22:25:47.000000Z\\\",\\\"updated_at\\\":\\\"2022-08-22T22:25:47.000000Z\\\",\\\"ordr\\\":1,\\\"deleted_at\\\":null,\\\"base\\\":\\\"0.00\\\",\\\"system_taxes\\\":{\\\"id\\\":8,\\\"created_at\\\":null,\\\"updated_at\\\":\\\"2020-04-16T13:33:23.000000Z\\\",\\\"name\\\":\\\"Exento\\\",\\\"apply_to\\\":\\\"iva\\\",\\\"ammount_permited\\\":1,\\\"percent_iva\\\":\\\"0.00\\\",\\\"taxable_iibb\\\":1,\\\"taxable_iva\\\":1,\\\"code\\\":2,\\\"status\\\":1,\\\"afip_alicuota_id\\\":2,\\\"plan_cuenta_id\\\":218,\\\"code_citi_alic_iva\\\":3}},{\\\"id\\\":13789,\\\"user_id\\\":7566,\\\"period_liquidation_id\\\":110,\\\"period_liquidation_iva_id\\\":57,\\\"period_id\\\":1524,\\\"person_id\\\":40720,\\\"activity_id\\\":784,\\\"iva_creditos_tipo_id\\\":1,\\\"type\\\":1,\\\"tax_id\\\":3,\\\"taxabled_amount\\\":\\\"0.00\\\",\\\"iva_amount\\\":\\\"0.00\\\",\\\"created_at\\\":\\\"2022-08-22T22:25:47.000000Z\\\",\\\"updated_at\\\":\\\"2022-08-22T22:25:47.000000Z\\\",\\\"ordr\\\":2,\\\"deleted_at\\\":null,\\\"base\\\":0,\\\"system_taxes\\\":{\\\"id\\\":3,\\\"created_at\\\":null,\\\"updated_at\\\":\\\"2020-04-16T13:33:23.000000Z\\\",\\\"name\\\":\\\"gravado al 27%\\\",\\\"apply_to\\\":\\\"iva\\\",\\\"ammount_permited\\\":1,\\\"percent_iva\\\":\\\"27.00\\\",\\\"taxable_iibb\\\":1,\\\"taxable_iva\\\":1,\\\"code\\\":6,\\\"status\\\":1,\\\"afip_alicuota_id\\\":6,\\\"plan_cuenta_id\\\":96,\\\"code_citi_alic_iva\\\":6}},{\\\"id\\\":13790,\\\"user_id\\\":7566,\\\"period_liquidation_id\\\":110,\\\"period_liquidation_iva_id\\\":57,\\\"period_id\\\":1524,\\\"person_id\\\":40720,\\\"activity_id\\\":784,\\\"iva_creditos_tipo_id\\\":1,\\\"type\\\":1,\\\"tax_id\\\":2,\\\"taxabled_amount\\\":\\\"0.00\\\",\\\"iva_amount\\\":\\\"0.00\\\",\\\"created_at\\\":\\\"2022-08-22T22:25:47.000000Z\\\",\\\"updated_at\\\":\\\"2022-08-22T22:25:47.000000Z\\\",\\\"ordr\\\":2,\\\"deleted_at\\\":null,\\\"base\\\":0,\\\"system_taxes\\\":{\\\"id\\\":2,\\\"created_at\\\":null,\\\"updated_at\\\":\\\"2020-04-16T13:33:23.000000Z\\\",\\\"name\\\":\\\"gravado al 21%\\\",\\\"apply_to\\\":\\\"iva\\\",\\\"ammount_permited\\\":1,\\\"percent_iva\\\":\\\"21.00\\\",\\\"taxable_iibb\\\":1,\\\"taxable_iva\\\":1,\\\"code\\\":5,\\\"status\\\":1,\\\"afip_alicuota_id\\\":5,\\\"plan_cuenta_id\\\":96,\\\"code_citi_alic_iva\\\":5}},{\\\"id\\\":13791,\\\"user_id\\\":7566,\\\"period_liquidation_id\\\":110,\\\"period_liquidation_iva_id\\\":57,\\\"period_id\\\":1524,\\\"person_id\\\":40720,\\\"activity_id\\\":784,\\\"iva_creditos_tipo_id\\\":1,\\\"type\\\":1,\\\"tax_id\\\":1,\\\"taxabled_amount\\\":\\\"0.00\\\",\\\"iva_amount\\\":\\\"0.00\\\",\\\"created_at\\\":\\\"2022-08-22T22:25:47.000000Z\\\",\\\"updated_at\\\":\\\"2022-08-22T22:25:47.000000Z\\\",\\\"ordr\\\":2,\\\"deleted_at\\\":null,\\\"base\\\":0,\\\"system_taxes\\\":{\\\"id\\\":1,\\\"created_at\\\":null,\\\"updated_at\\\":\\\"2020-04-16T13:33:23.000000Z\\\",\\\"name\\\":\\\"gravado al 10,5%\\\",\\\"apply_to\\\":\\\"iva\\\",\\\"ammount_permited\\\":1,\\\"percent_iva\\\":\\\"10.50\\\",\\\"taxable_iibb\\\":1,\\\"taxable_iva\\\":1,\\\"code\\\":4,\\\"status\\\":1,\\\"afip_alicuota_id\\\":4,\\\"plan_cuenta_id\\\":96,\\\"code_citi_alic_iva\\\":4}},{\\\"id\\\":13792,\\\"user_id\\\":7566,\\\"period_liquidation_id\\\":110,\\\"period_liquidation_iva_id\\\":57,\\\"period_id\\\":1524,\\\"person_id\\\":40720,\\\"activity_id\\\":784,\\\"iva_creditos_tipo_id\\\":1,\\\"type\\\":1,\\\"tax_id\\\":5,\\\"taxabled_amount\\\":\\\"0.00\\\",\\\"iva_amount\\\":\\\"0.00\\\",\\\"created_at\\\":\\\"2022-08-22T22:25:47.000000Z\\\",\\\"updated_at\\\":\\\"2022-08-22T22:25:47.000000Z\\\",\\\"ordr\\\":2,\\\"deleted_at\\\":null,\\\"base\\\":0,\\\"system_taxes\\\":{\\\"id\\\":5,\\\"created_at\\\":null,\\\"updated_at\\\":\\\"2020-04-16T13:33:23.000000Z\\\",\\\"name\\\":\\\"gravado al 5%\\\",\\\"apply_to\\\":\\\"iva\\\",\\\"ammount_permited\\\":1,\\\"percent_iva\\\":\\\"5.00\\\",\\\"taxable_iibb\\\":1,\\\"taxable_iva\\\":1,\\\"code\\\":8,\\\"status\\\":1,\\\"afip_alicuota_id\\\":8,\\\"plan_cuenta_id\\\":96,\\\"code_citi_alic_iva\\\":8}},{\\\"id\\\":13793,\\\"user_id\\\":7566,\\\"period_liquidation_id\\\":110,\\\"period_liquidation_iva_id\\\":57,\\\"period_id\\\":1524,\\\"person_id\\\":40720,\\\"activity_id\\\":784,\\\"iva_creditos_tipo_id\\\":1,\\\"type\\\":1,\\\"tax_id\\\":4,\\\"taxabled_amount\\\":\\\"0.00\\\",\\\"iva_amount\\\":\\\"0.00\\\",\\\"created_at\\\":\\\"2022-08-22T22:25:47.000000Z\\\",\\\"updated_at\\\":\\\"2022-08-22T22:25:47.000000Z\\\",\\\"ordr\\\":2,\\\"deleted_at\\\":null,\\\"base\\\":0,\\\"system_taxes\\\":{\\\"id\\\":4,\\\"created_at\\\":null,\\\"updated_at\\\":\\\"2020-04-16T13:33:23.000000Z\\\",\\\"name\\\":\\\"gravado al 2,5%\\\",\\\"apply_to\\\":\\\"iva\\\",\\\"ammount_permited\\\":1,\\\"percent_iva\\\":\\\"2.50\\\",\\\"taxable_iibb\\\":1,\\\"taxable_iva\\\":1,\\\"code\\\":9,\\\"status\\\":1,\\\"afip_alicuota_id\\\":9,\\\"plan_cuenta_id\\\":96,\\\"code_citi_alic_iva\\\":9}},{\\\"id\\\":13794,\\\"user_id\\\":7566,\\\"period_liquidation_id\\\":110,\\\"period_liquidation_iva_id\\\":57,\\\"period_id\\\":1524,\\\"person_id\\\":40720,\\\"activity_id\\\":784,\\\"iva_creditos_tipo_id\\\":1,\\\"type\\\":1,\\\"tax_id\\\":8,\\\"taxabled_amount\\\":\\\"0.00\\\",\\\"iva_amount\\\":\\\"0.00\\\",\\\"created_at\\\":\\\"2022-08-22T22:25:47.000000Z\\\",\\\"updated_at\\\":\\\"2022-08-22T22:25:47.000000Z\\\",\\\"ordr\\\":2,\\\"deleted_at\\\":null,\\\"base\\\":0,\\\"system_taxes\\\":{\\\"id\\\":8,\\\"created_at\\\":null,\\\"updated_at\\\":\\\"2020-04-16T13:33:23.000000Z\\\",\\\"name\\\":\\\"Exento\\\",\\\"apply_to\\\":\\\"iva\\\",\\\"ammount_permited\\\":1,\\\"percent_iva\\\":\\\"0.00\\\",\\\"taxable_iibb\\\":1,\\\"taxable_iva\\\":1,\\\"code\\\":2,\\\"status\\\":1,\\\"afip_alicuota_id\\\":2,\\\"plan_cuenta_id\\\":218,\\\"code_citi_alic_iva\\\":3}},{\\\"id\\\":13795,\\\"user_id\\\":7566,\\\"period_liquidation_id\\\":110,\\\"period_liquidation_iva_id\\\":57,\\\"period_id\\\":1524,\\\"person_id\\\":40720,\\\"activity_id\\\":784,\\\"iva_creditos_tipo_id\\\":1,\\\"type\\\":1,\\\"tax_id\\\":6,\\\"taxabled_amount\\\":\\\"0.00\\\",\\\"iva_amount\\\":\\\"0.00\\\",\\\"created_at\\\":\\\"2022-08-22T22:25:47.000000Z\\\",\\\"updated_at\\\":\\\"2022-08-22T22:25:47.000000Z\\\",\\\"ordr\\\":3,\\\"deleted_at\\\":null,\\\"base\\\":\\\"0.00\\\",\\\"system_taxes\\\":{\\\"id\\\":6,\\\"created_at\\\":null,\\\"updated_at\\\":\\\"2020-04-16T13:33:23.000000Z\\\",\\\"name\\\":\\\"gravado al 0%\\\",\\\"apply_to\\\":\\\"iva\\\",\\\"ammount_permited\\\":1,\\\"percent_iva\\\":\\\"0.00\\\",\\\"taxable_iibb\\\":1,\\\"taxable_iva\\\":1,\\\"code\\\":3,\\\"status\\\":1,\\\"afip_alicuota_id\\\":3,\\\"plan_cuenta_id\\\":218,\\\"code_citi_alic_iva\\\":3}},{\\\"id\\\":13796,\\\"user_id\\\":7566,\\\"period_liquidation_id\\\":110,\\\"period_liquidation_iva_id\\\":57,\\\"period_id\\\":1524,\\\"person_id\\\":40720,\\\"activity_id\\\":784,\\\"iva_creditos_tipo_id\\\":1,\\\"type\\\":1,\\\"tax_id\\\":7,\\\"taxabled_amount\\\":\\\"0.00\\\",\\\"iva_amount\\\":\\\"0.00\\\",\\\"created_at\\\":\\\"2022-08-22T22:25:47.000000Z\\\",\\\"updated_at\\\":\\\"2022-08-22T22:25:47.000000Z\\\",\\\"ordr\\\":3,\\\"deleted_at\\\":null,\\\"base\\\":\\\"0.00\\\",\\\"system_taxes\\\":{\\\"id\\\":7,\\\"created_at\\\":null,\\\"updated_at\\\":\\\"2020-04-16T13:33:23.000000Z\\\",\\\"name\\\":\\\"no gravado\\\",\\\"apply_to\\\":\\\"iva\\\",\\\"ammount_permited\\\":1,\\\"percent_iva\\\":\\\"0.00\\\",\\\"taxable_iibb\\\":1,\\\"taxable_iva\\\":1,\\\"code\\\":1,\\\"status\\\":1,\\\"afip_alicuota_id\\\":1,\\\"plan_cuenta_id\\\":218,\\\"code_citi_alic_iva\\\":3}},{\\\"id\\\":13797,\\\"user_id\\\":7566,\\\"period_liquidation_id\\\":110,\\\"period_liquidation_iva_id\\\":57,\\\"period_id\\\":1524,\\\"person_id\\\":40720,\\\"activity_id\\\":784,\\\"iva_creditos_tipo_id\\\":1,\\\"type\\\":1,\\\"tax_id\\\":3,\\\"taxabled_amount\\\":\\\"0.00\\\",\\\"iva_amount\\\":\\\"0.00\\\",\\\"created_at\\\":\\\"2022-08-22T22:25:47.000000Z\\\",\\\"updated_at\\\":\\\"2022-08-22T22:25:47.000000Z\\\",\\\"ordr\\\":4,\\\"deleted_at\\\":null,\\\"base\\\":\\\"0.00\\\",\\\"system_taxes\\\":{\\\"id\\\":3,\\\"created_at\\\":null,\\\"updated_at\\\":\\\"2020-04-16T13:33:23.000000Z\\\",\\\"name\\\":\\\"gravado al 27%\\\",\\\"apply_to\\\":\\\"iva\\\",\\\"ammount_permited\\\":1,\\\"percent_iva\\\":\\\"27.00\\\",\\\"taxable_iibb\\\":1,\\\"taxable_iva\\\":1,\\\"code\\\":6,\\\"status\\\":1,\\\"afip_alicuota_id\\\":6,\\\"plan_cuenta_id\\\":96,\\\"code_citi_alic_iva\\\":6}},{\\\"id\\\":13798,\\\"user_id\\\":7566,\\\"period_liquidation_id\\\":110,\\\"period_liquidation_iva_id\\\":57,\\\"period_id\\\":1524,\\\"person_id\\\":40720,\\\"activity_id\\\":784,\\\"iva_creditos_tipo_id\\\":1,\\\"type\\\":1,\\\"tax_id\\\":2,\\\"taxabled_amount\\\":\\\"0.00\\\",\\\"iva_amount\\\":\\\"0.00\\\",\\\"created_at\\\":\\\"2022-08-22T22:25:47.000000Z\\\",\\\"updated_at\\\":\\\"2022-08-22T22:25:47.000000Z\\\",\\\"ordr\\\":4,\\\"deleted_at\\\":null,\\\"base\\\":\\\"0.00\\\",\\\"system_taxes\\\":{\\\"id\\\":2,\\\"created_at\\\":null,\\\"updated_at\\\":\\\"2020-04-16T13:33:23.000000Z\\\",\\\"name\\\":\\\"gravado al 21%\\\",\\\"apply_to\\\":\\\"iva\\\",\\\"ammount_permited\\\":1,\\\"percent_iva\\\":\\\"21.00\\\",\\\"taxable_iibb\\\":1,\\\"taxable_iva\\\":1,\\\"code\\\":5,\\\"status\\\":1,\\\"afip_alicuota_id\\\":5,\\\"plan_cuenta_id\\\":96,\\\"code_citi_alic_iva\\\":5}},{\\\"id\\\":13799,\\\"user_id\\\":7566,\\\"period_liquidation_id\\\":110,\\\"period_liquidation_iva_id\\\":57,\\\"period_id\\\":1524,\\\"person_id\\\":40720,\\\"activity_id\\\":784,\\\"iva_creditos_tipo_id\\\":1,\\\"type\\\":1,\\\"tax_id\\\":1,\\\"taxabled_amount\\\":\\\"0.00\\\",\\\"iva_amount\\\":\\\"0.00\\\",\\\"created_at\\\":\\\"2022-08-22T22:25:47.000000Z\\\",\\\"updated_at\\\":\\\"2022-08-22T22:25:47.000000Z\\\",\\\"ordr\\\":4,\\\"deleted_at\\\":null,\\\"base\\\":\\\"0.00\\\",\\\"system_taxes\\\":{\\\"id\\\":1,\\\"created_at\\\":null,\\\"updated_at\\\":\\\"2020-04-16T13:33:23.000000Z\\\",\\\"name\\\":\\\"gravado al 10,5%\\\",\\\"apply_to\\\":\\\"iva\\\",\\\"ammount_permited\\\":1,\\\"percent_iva\\\":\\\"10.50\\\",\\\"taxable_iibb\\\":1,\\\"taxable_iva\\\":1,\\\"code\\\":4,\\\"status\\\":1,\\\"afip_alicuota_id\\\":4,\\\"plan_cuenta_id\\\":96,\\\"code_citi_alic_iva\\\":4}},{\\\"id\\\":13800,\\\"user_id\\\":7566,\\\"period_liquidation_id\\\":110,\\\"period_liquidation_iva_id\\\":57,\\\"period_id\\\":1524,\\\"person_id\\\":40720,\\\"activity_id\\\":784,\\\"iva_creditos_tipo_id\\\":1,\\\"type\\\":1,\\\"tax_id\\\":5,\\\"taxabled_amount\\\":\\\"0.00\\\",\\\"iva_amount\\\":\\\"0.00\\\",\\\"created_at\\\":\\\"2022-08-22T22:25:47.000000Z\\\",\\\"updated_at\\\":\\\"2022-08-22T22:25:47.000000Z\\\",\\\"ordr\\\":4,\\\"deleted_at\\\":null,\\\"base\\\":\\\"0.00\\\",\\\"system_taxes\\\":{\\\"id\\\":5,\\\"created_at\\\":null,\\\"updated_at\\\":\\\"2020-04-16T13:33:23.000000Z\\\",\\\"name\\\":\\\"gravado al 5%\\\",\\\"apply_to\\\":\\\"iva\\\",\\\"ammount_permited\\\":1,\\\"percent_iva\\\":\\\"5.00\\\",\\\"taxable_iibb\\\":1,\\\"taxable_iva\\\":1,\\\"code\\\":8,\\\"status\\\":1,\\\"afip_alicuota_id\\\":8,\\\"plan_cuenta_id\\\":96,\\\"code_citi_alic_iva\\\":8}},{\\\"id\\\":13801,\\\"user_id\\\":7566,\\\"period_liquidation_id\\\":110,\\\"period_liquidation_iva_id\\\":57,\\\"period_id\\\":1524,\\\"person_id\\\":40720,\\\"activity_id\\\":784,\\\"iva_creditos_tipo_id\\\":1,\\\"type\\\":1,\\\"tax_id\\\":4,\\\"taxabled_amount\\\":\\\"0.00\\\",\\\"iva_amount\\\":\\\"0.00\\\",\\\"created_at\\\":\\\"2022-08-22T22:25:47.000000Z\\\",\\\"updated_at\\\":\\\"2022-08-22T22:25:47.000000Z\\\",\\\"ordr\\\":4,\\\"deleted_at\\\":null,\\\"base\\\":\\\"0.00\\\",\\\"system_taxes\\\":{\\\"id\\\":4,\\\"created_at\\\":null,\\\"updated_at\\\":\\\"2020-04-16T13:33:23.000000Z\\\",\\\"name\\\":\\\"gravado al 2,5%\\\",\\\"apply_to\\\":\\\"iva\\\",\\\"ammount_permited\\\":1,\\\"percent_iva\\\":\\\"2.50\\\",\\\"taxable_iibb\\\":1,\\\"taxable_iva\\\":1,\\\"code\\\":9,\\\"status\\\":1,\\\"afip_alicuota_id\\\":9,\\\"plan_cuenta_id\\\":96,\\\"code_citi_alic_iva\\\":9}},{\\\"id\\\":13802,\\\"user_id\\\":7566,\\\"period_liquidation_id\\\":110,\\\"period_liquidation_iva_id\\\":57,\\\"period_id\\\":1524,\\\"person_id\\\":40720,\\\"activity_id\\\":784,\\\"iva_creditos_tipo_id\\\":1,\\\"type\\\":1,\\\"tax_id\\\":6,\\\"taxabled_amount\\\":\\\"0.00\\\",\\\"iva_amount\\\":\\\"0.00\\\",\\\"created_at\\\":\\\"2022-08-22T22:25:47.000000Z\\\",\\\"updated_at\\\":\\\"2022-08-22T22:25:47.000000Z\\\",\\\"ordr\\\":4,\\\"deleted_at\\\":null,\\\"base\\\":\\\"0.00\\\",\\\"system_taxes\\\":{\\\"id\\\":6,\\\"created_at\\\":null,\\\"updated_at\\\":\\\"2020-04-16T13:33:23.000000Z\\\",\\\"name\\\":\\\"gravado al 0%\\\",\\\"apply_to\\\":\\\"iva\\\",\\\"ammount_permited\\\":1,\\\"percent_iva\\\":\\\"0.00\\\",\\\"taxable_iibb\\\":1,\\\"taxable_iva\\\":1,\\\"code\\\":3,\\\"status\\\":1,\\\"afip_alicuota_id\\\":3,\\\"plan_cuenta_id\\\":218,\\\"code_citi_alic_iva\\\":3}},{\\\"id\\\":13803,\\\"user_id\\\":7566,\\\"period_liquidation_id\\\":110,\\\"period_liquidation_iva_id\\\":57,\\\"period_id\\\":1524,\\\"person_id\\\":40720,\\\"activity_id\\\":784,\\\"iva_creditos_tipo_id\\\":1,\\\"type\\\":1,\\\"tax_id\\\":7,\\\"taxabled_amount\\\":\\\"0.00\\\",\\\"iva_amount\\\":\\\"0.00\\\",\\\"created_at\\\":\\\"2022-08-22T22:25:47.000000Z\\\",\\\"updated_at\\\":\\\"2022-08-22T22:25:47.000000Z\\\",\\\"ordr\\\":4,\\\"deleted_at\\\":null,\\\"base\\\":\\\"0.00\\\",\\\"system_taxes\\\":{\\\"id\\\":7,\\\"created_at\\\":null,\\\"updated_at\\\":\\\"2020-04-16T13:33:23.000000Z\\\",\\\"name\\\":\\\"no gravado\\\",\\\"apply_to\\\":\\\"iva\\\",\\\"ammount_permited\\\":1,\\\"percent_iva\\\":\\\"0.00\\\",\\\"taxable_iibb\\\":1,\\\"taxable_iva\\\":1,\\\"code\\\":1,\\\"status\\\":1,\\\"afip_alicuota_id\\\":1,\\\"plan_cuenta_id\\\":218,\\\"code_citi_alic_iva\\\":3}},{\\\"id\\\":13804,\\\"user_id\\\":7566,\\\"period_liquidation_id\\\":110,\\\"period_liquidation_iva_id\\\":57,\\\"period_id\\\":1524,\\\"person_id\\\":40720,\\\"activity_id\\\":784,\\\"iva_creditos_tipo_id\\\":1,\\\"type\\\":1,\\\"tax_id\\\":8,\\\"taxabled_amount\\\":\\\"0.00\\\",\\\"iva_amount\\\":\\\"0.00\\\",\\\"created_at\\\":\\\"2022-08-22T22:25:47.000000Z\\\",\\\"updated_at\\\":\\\"2022-08-22T22:25:47.000000Z\\\",\\\"ordr\\\":4,\\\"deleted_at\\\":null,\\\"base\\\":\\\"0.00\\\",\\\"system_taxes\\\":{\\\"id\\\":8,\\\"created_at\\\":null,\\\"updated_at\\\":\\\"2020-04-16T13:33:23.000000Z\\\",\\\"name\\\":\\\"Exento\\\",\\\"apply_to\\\":\\\"iva\\\",\\\"ammount_permited\\\":1,\\\"percent_iva\\\":\\\"0.00\\\",\\\"taxable_iibb\\\":1,\\\"taxable_iva\\\":1,\\\"code\\\":2,\\\"status\\\":1,\\\"afip_alicuota_id\\\":2,\\\"plan_cuenta_id\\\":218,\\\"code_citi_alic_iva\\\":3}},{\\\"id\\\":13805,\\\"user_id\\\":7566,\\\"period_liquidation_id\\\":110,\\\"period_liquidation_iva_id\\\":57,\\\"period_id\\\":1524,\\\"person_id\\\":40720,\\\"activity_id\\\":784,\\\"iva_creditos_tipo_id\\\":1,\\\"type\\\":1,\\\"tax_id\\\":3,\\\"taxabled_amount\\\":\\\"0.00\\\",\\\"iva_amount\\\":\\\"0.00\\\",\\\"created_at\\\":\\\"2022-08-22T22:25:47.000000Z\\\",\\\"updated_at\\\":\\\"2022-08-22T22:25:47.000000Z\\\",\\\"ordr\\\":8,\\\"deleted_at\\\":null,\\\"base\\\":0,\\\"system_taxes\\\":{\\\"id\\\":3,\\\"created_at\\\":null,\\\"updated_at\\\":\\\"2020-04-16T13:33:23.000000Z\\\",\\\"name\\\":\\\"gravado al 27%\\\",\\\"apply_to\\\":\\\"iva\\\",\\\"ammount_permited\\\":1,\\\"percent_iva\\\":\\\"27.00\\\",\\\"taxable_iibb\\\":1,\\\"taxable_iva\\\":1,\\\"code\\\":6,\\\"status\\\":1,\\\"afip_alicuota_id\\\":6,\\\"plan_cuenta_id\\\":96,\\\"code_citi_alic_iva\\\":6}},{\\\"id\\\":13806,\\\"user_id\\\":7566,\\\"period_liquidation_id\\\":110,\\\"period_liquidation_iva_id\\\":57,\\\"period_id\\\":1524,\\\"person_id\\\":40720,\\\"activity_id\\\":784,\\\"iva_creditos_tipo_id\\\":1,\\\"type\\\":1,\\\"tax_id\\\":2,\\\"taxabled_amount\\\":\\\"0.00\\\",\\\"iva_amount\\\":\\\"0.00\\\",\\\"created_at\\\":\\\"2022-08-22T22:25:47.000000Z\\\",\\\"updated_at\\\":\\\"2022-08-22T22:25:47.000000Z\\\",\\\"ordr\\\":8,\\\"deleted_at\\\":null,\\\"base\\\":0,\\\"system_taxes\\\":{\\\"id\\\":2,\\\"created_at\\\":null,\\\"updated_at\\\":\\\"2020-04-16T13:33:23.000000Z\\\",\\\"name\\\":\\\"gravado al 21%\\\",\\\"apply_to\\\":\\\"iva\\\",\\\"ammount_permited\\\":1,\\\"percent_iva\\\":\\\"21.00\\\",\\\"taxable_iibb\\\":1,\\\"taxable_iva\\\":1,\\\"code\\\":5,\\\"status\\\":1,\\\"afip_alicuota_id\\\":5,\\\"plan_cuenta_id\\\":96,\\\"code_citi_alic_iva\\\":5}},{\\\"id\\\":13807,\\\"user_id\\\":7566,\\\"period_liquidation_id\\\":110,\\\"period_liquidation_iva_id\\\":57,\\\"period_id\\\":1524,\\\"person_id\\\":40720,\\\"activity_id\\\":784,\\\"iva_creditos_tipo_id\\\":1,\\\"type\\\":1,\\\"tax_id\\\":1,\\\"taxabled_amount\\\":\\\"0.00\\\",\\\"iva_amount\\\":\\\"0.00\\\",\\\"created_at\\\":\\\"2022-08-22T22:25:47.000000Z\\\",\\\"updated_at\\\":\\\"2022-08-22T22:25:47.000000Z\\\",\\\"ordr\\\":8,\\\"deleted_at\\\":null,\\\"base\\\":0,\\\"system_taxes\\\":{\\\"id\\\":1,\\\"created_at\\\":null,\\\"updated_at\\\":\\\"2020-04-16T13:33:23.000000Z\\\",\\\"name\\\":\\\"gravado al 10,5%\\\",\\\"apply_to\\\":\\\"iva\\\",\\\"ammount_permited\\\":1,\\\"percent_iva\\\":\\\"10.50\\\",\\\"taxable_iibb\\\":1,\\\"taxable_iva\\\":1,\\\"code\\\":4,\\\"status\\\":1,\\\"afip_alicuota_id\\\":4,\\\"plan_cuenta_id\\\":96,\\\"code_citi_alic_iva\\\":4}},{\\\"id\\\":13808,\\\"user_id\\\":7566,\\\"period_liquidation_id\\\":110,\\\"period_liquidation_iva_id\\\":57,\\\"period_id\\\":1524,\\\"person_id\\\":40720,\\\"activity_id\\\":784,\\\"iva_creditos_tipo_id\\\":1,\\\"type\\\":1,\\\"tax_id\\\":5,\\\"taxabled_amount\\\":\\\"0.00\\\",\\\"iva_amount\\\":\\\"0.00\\\",\\\"created_at\\\":\\\"2022-08-22T22:25:47.000000Z\\\",\\\"updated_at\\\":\\\"2022-08-22T22:25:47.000000Z\\\",\\\"ordr\\\":8,\\\"deleted_at\\\":null,\\\"base\\\":0,\\\"system_taxes\\\":{\\\"id\\\":5,\\\"created_at\\\":null,\\\"updated_at\\\":\\\"2020-04-16T13:33:23.000000Z\\\",\\\"name\\\":\\\"gravado al 5%\\\",\\\"apply_to\\\":\\\"iva\\\",\\\"ammount_permited\\\":1,\\\"percent_iva\\\":\\\"5.00\\\",\\\"taxable_iibb\\\":1,\\\"taxable_iva\\\":1,\\\"code\\\":8,\\\"status\\\":1,\\\"afip_alicuota_id\\\":8,\\\"plan_cuenta_id\\\":96,\\\"code_citi_alic_iva\\\":8}},{\\\"id\\\":13809,\\\"user_id\\\":7566,\\\"period_liquidation_id\\\":110,\\\"period_liquidation_iva_id\\\":57,\\\"period_id\\\":1524,\\\"person_id\\\":40720,\\\"activity_id\\\":784,\\\"iva_creditos_tipo_id\\\":1,\\\"type\\\":1,\\\"tax_id\\\":4,\\\"taxabled_amount\\\":\\\"0.00\\\",\\\"iva_amount\\\":\\\"0.00\\\",\\\"created_at\\\":\\\"2022-08-22T22:25:47.000000Z\\\",\\\"updated_at\\\":\\\"2022-08-22T22:25:47.000000Z\\\",\\\"ordr\\\":8,\\\"deleted_at\\\":null,\\\"base\\\":0,\\\"system_taxes\\\":{\\\"id\\\":4,\\\"created_at\\\":null,\\\"updated_at\\\":\\\"2020-04-16T13:33:23.000000Z\\\",\\\"name\\\":\\\"gravado al 2,5%\\\",\\\"apply_to\\\":\\\"iva\\\",\\\"ammount_permited\\\":1,\\\"percent_iva\\\":\\\"2.50\\\",\\\"taxable_iibb\\\":1,\\\"taxable_iva\\\":1,\\\"code\\\":9,\\\"status\\\":1,\\\"afip_alicuota_id\\\":9,\\\"plan_cuenta_id\\\":96,\\\"code_citi_alic_iva\\\":9}},{\\\"id\\\":13810,\\\"user_id\\\":7566,\\\"period_liquidation_id\\\":110,\\\"period_liquidation_iva_id\\\":57,\\\"period_id\\\":1524,\\\"person_id\\\":40720,\\\"activity_id\\\":784,\\\"iva_creditos_tipo_id\\\":1,\\\"type\\\":1,\\\"tax_id\\\":8,\\\"taxabled_amount\\\":\\\"0.00\\\",\\\"iva_amount\\\":\\\"0.00\\\",\\\"created_at\\\":\\\"2022-08-22T22:25:47.000000Z\\\",\\\"updated_at\\\":\\\"2022-08-22T22:25:47.000000Z\\\",\\\"ordr\\\":8,\\\"deleted_at\\\":null,\\\"base\\\":0,\\\"system_taxes\\\":{\\\"id\\\":8,\\\"created_at\\\":null,\\\"updated_at\\\":\\\"2020-04-16T13:33:23.000000Z\\\",\\\"name\\\":\\\"Exento\\\",\\\"apply_to\\\":\\\"iva\\\",\\\"ammount_permited\\\":1,\\\"percent_iva\\\":\\\"0.00\\\",\\\"taxable_iibb\\\":1,\\\"taxable_iva\\\":1,\\\"code\\\":2,\\\"status\\\":1,\\\"afip_alicuota_id\\\":2,\\\"plan_cuenta_id\\\":218,\\\"code_citi_alic_iva\\\":3}},{\\\"id\\\":13811,\\\"user_id\\\":7566,\\\"period_liquidation_id\\\":110,\\\"period_liquidation_iva_id\\\":57,\\\"period_id\\\":1524,\\\"person_id\\\":40720,\\\"activity_id\\\":1,\\\"iva_creditos_tipo_id\\\":7,\\\"type\\\":2,\\\"tax_id\\\":3,\\\"taxabled_amount\\\":\\\"0.00\\\",\\\"iva_amount\\\":\\\"0.00\\\",\\\"created_at\\\":\\\"2022-08-22T22:25:47.000000Z\\\",\\\"updated_at\\\":\\\"2022-08-22T22:25:47.000000Z\\\",\\\"ordr\\\":5,\\\"deleted_at\\\":null,\\\"base\\\":\\\"0.00\\\",\\\"system_taxes\\\":{\\\"id\\\":3,\\\"created_at\\\":null,\\\"updated_at\\\":\\\"2020-04-16T13:33:23.000000Z\\\",\\\"name\\\":\\\"gravado al 27%\\\",\\\"apply_to\\\":\\\"iva\\\",\\\"ammount_permited\\\":1,\\\"percent_iva\\\":\\\"27.00\\\",\\\"taxable_iibb\\\":1,\\\"taxable_iva\\\":1,\\\"code\\\":6,\\\"status\\\":1,\\\"afip_alicuota_id\\\":6,\\\"plan_cuenta_id\\\":96,\\\"code_citi_alic_iva\\\":6}},{\\\"id\\\":13812,\\\"user_id\\\":7566,\\\"period_liquidation_id\\\":110,\\\"period_liquidation_iva_id\\\":57,\\\"period_id\\\":1524,\\\"person_id\\\":40720,\\\"activity_id\\\":1,\\\"iva_creditos_tipo_id\\\":11,\\\"type\\\":2,\\\"tax_id\\\":3,\\\"taxabled_amount\\\":\\\"0.00\\\",\\\"iva_amount\\\":\\\"0.00\\\",\\\"created_at\\\":\\\"2022-08-22T22:25:47.000000Z\\\",\\\"updated_at\\\":\\\"2022-08-22T22:25:47.000000Z\\\",\\\"ordr\\\":5,\\\"deleted_at\\\":null,\\\"base\\\":\\\"0.00\\\",\\\"system_taxes\\\":{\\\"id\\\":3,\\\"created_at\\\":null,\\\"updated_at\\\":\\\"2020-04-16T13:33:23.000000Z\\\",\\\"name\\\":\\\"gravado al 27%\\\",\\\"apply_to\\\":\\\"iva\\\",\\\"ammount_permited\\\":1,\\\"percent_iva\\\":\\\"27.00\\\",\\\"taxable_iibb\\\":1,\\\"taxable_iva\\\":1,\\\"code\\\":6,\\\"status\\\":1,\\\"afip_alicuota_id\\\":6,\\\"plan_cuenta_id\\\":96,\\\"code_citi_alic_iva\\\":6}},{\\\"id\\\":13813,\\\"user_id\\\":7566,\\\"period_liquidation_id\\\":110,\\\"period_liquidation_iva_id\\\":57,\\\"period_id\\\":1524,\\\"person_id\\\":40720,\\\"activity_id\\\":1,\\\"iva_creditos_tipo_id\\\":1,\\\"type\\\":2,\\\"tax_id\\\":3,\\\"taxabled_amount\\\":\\\"0.00\\\",\\\"iva_amount\\\":\\\"0.00\\\",\\\"created_at\\\":\\\"2022-08-22T22:25:47.000000Z\\\",\\\"updated_at\\\":\\\"2022-08-22T22:25:47.000000Z\\\",\\\"ordr\\\":5,\\\"deleted_at\\\":null,\\\"base\\\":\\\"0.00\\\",\\\"system_taxes\\\":{\\\"id\\\":3,\\\"created_at\\\":null,\\\"updated_at\\\":\\\"2020-04-16T13:33:23.000000Z\\\",\\\"name\\\":\\\"gravado al 27%\\\",\\\"apply_to\\\":\\\"iva\\\",\\\"ammount_permited\\\":1,\\\"percent_iva\\\":\\\"27.00\\\",\\\"taxable_iibb\\\":1,\\\"taxable_iva\\\":1,\\\"code\\\":6,\\\"status\\\":1,\\\"afip_alicuota_id\\\":6,\\\"plan_cuenta_id\\\":96,\\\"code_citi_alic_iva\\\":6}},{\\\"id\\\":13814,\\\"user_id\\\":7566,\\\"period_liquidation_id\\\":110,\\\"period_liquidation_iva_id\\\":57,\\\"period_id\\\":1524,\\\"person_id\\\":40720,\\\"activity_id\\\":1,\\\"iva_creditos_tipo_id\\\":8,\\\"type\\\":2,\\\"tax_id\\\":3,\\\"taxabled_amount\\\":\\\"0.00\\\",\\\"iva_amount\\\":\\\"0.00\\\",\\\"created_at\\\":\\\"2022-08-22T22:25:47.000000Z\\\",\\\"updated_at\\\":\\\"2022-08-22T22:25:47.000000Z\\\",\\\"ordr\\\":5,\\\"deleted_at\\\":null,\\\"base\\\":\\\"0.00\\\",\\\"system_taxes\\\":{\\\"id\\\":3,\\\"created_at\\\":null,\\\"updated_at\\\":\\\"2020-04-16T13:33:23.000000Z\\\",\\\"name\\\":\\\"gravado al 27%\\\",\\\"apply_to\\\":\\\"iva\\\",\\\"ammount_permited\\\":1,\\\"percent_iva\\\":\\\"27.00\\\",\\\"taxable_iibb\\\":1,\\\"taxable_iva\\\":1,\\\"code\\\":6,\\\"status\\\":1,\\\"afip_alicuota_id\\\":6,\\\"plan_cuenta_id\\\":96,\\\"code_citi_alic_iva\\\":6}},{\\\"id\\\":13815,\\\"user_id\\\":7566,\\\"period_liquidation_id\\\":110,\\\"period_liquidation_iva_id\\\":57,\\\"period_id\\\":1524,\\\"person_id\\\":40720,\\\"activity_id\\\":1,\\\"iva_creditos_tipo_id\\\":12,\\\"type\\\":2,\\\"tax_id\\\":3,\\\"taxabled_amount\\\":\\\"0.00\\\",\\\"iva_amount\\\":\\\"0.00\\\",\\\"created_at\\\":\\\"2022-08-22T22:25:47.000000Z\\\",\\\"updated_at\\\":\\\"2022-08-22T22:25:47.000000Z\\\",\\\"ordr\\\":5,\\\"deleted_at\\\":null,\\\"base\\\":\\\"0.00\\\",\\\"system_taxes\\\":{\\\"id\\\":3,\\\"created_at\\\":null,\\\"updated_at\\\":\\\"2020-04-16T13:33:23.000000Z\\\",\\\"name\\\":\\\"gravado al 27%\\\",\\\"apply_to\\\":\\\"iva\\\",\\\"ammount_permited\\\":1,\\\"percent_iva\\\":\\\"27.00\\\",\\\"taxable_iibb\\\":1,\\\"taxable_iva\\\":1,\\\"code\\\":6,\\\"status\\\":1,\\\"afip_alicuota_id\\\":6,\\\"plan_cuenta_id\\\":96,\\\"code_citi_alic_iva\\\":6}},{\\\"id\\\":13816,\\\"user_id\\\":7566,\\\"period_liquidation_id\\\":110,\\\"period_liquidation_iva_id\\\":57,\\\"period_id\\\":1524,\\\"person_id\\\":40720,\\\"activity_id\\\":1,\\\"iva_creditos_tipo_id\\\":2,\\\"type\\\":2,\\\"tax_id\\\":3,\\\"taxabled_amount\\\":\\\"0.00\\\",\\\"iva_amount\\\":\\\"0.00\\\",\\\"created_at\\\":\\\"2022-08-22T22:25:47.000000Z\\\",\\\"updated_at\\\":\\\"2022-08-22T22:25:47.000000Z\\\",\\\"ordr\\\":5,\\\"deleted_at\\\":null,\\\"base\\\":\\\"0.00\\\",\\\"system_taxes\\\":{\\\"id\\\":3,\\\"created_at\\\":null,\\\"updated_at\\\":\\\"2020-04-16T13:33:23.000000Z\\\",\\\"name\\\":\\\"gravado al 27%\\\",\\\"apply_to\\\":\\\"iva\\\",\\\"ammount_permited\\\":1,\\\"percent_iva\\\":\\\"27.00\\\",\\\"taxable_iibb\\\":1,\\\"taxable_iva\\\":1,\\\"code\\\":6,\\\"status\\\":1,\\\"afip_alicuota_id\\\":6,\\\"plan_cuenta_id\\\":96,\\\"code_citi_alic_iva\\\":6}},{\\\"id\\\":13817,\\\"user_id\\\":7566,\\\"period_liquidation_id\\\":110,\\\"period_liquidation_iva_id\\\":57,\\\"period_id\\\":1524,\\\"person_id\\\":40720,\\\"activity_id\\\":1,\\\"iva_creditos_tipo_id\\\":13,\\\"type\\\":2,\\\"tax_id\\\":3,\\\"taxabled_amount\\\":\\\"0.00\\\",\\\"iva_amount\\\":\\\"0.00\\\",\\\"created_at\\\":\\\"2022-08-22T22:25:47.000000Z\\\",\\\"updated_at\\\":\\\"2022-08-22T22:25:47.000000Z\\\",\\\"ordr\\\":5,\\\"deleted_at\\\":null,\\\"base\\\":\\\"0.00\\\",\\\"system_taxes\\\":{\\\"id\\\":3,\\\"created_at\\\":null,\\\"updated_at\\\":\\\"2020-04-16T13:33:23.000000Z\\\",\\\"name\\\":\\\"gravado al 27%\\\",\\\"apply_to\\\":\\\"iva\\\",\\\"ammount_permited\\\":1,\\\"percent_iva\\\":\\\"27.00\\\",\\\"taxable_iibb\\\":1,\\\"taxable_iva\\\":1,\\\"code\\\":6,\\\"status\\\":1,\\\"afip_alicuota_id\\\":6,\\\"plan_cuenta_id\\\":96,\\\"code_citi_alic_iva\\\":6}},{\\\"id\\\":13818,\\\"user_id\\\":7566,\\\"period_liquidation_id\\\":110,\\\"period_liquidation_iva_id\\\":57,\\\"period_id\\\":1524,\\\"person_id\\\":40720,\\\"activity_id\\\":1,\\\"iva_creditos_tipo_id\\\":9,\\\"type\\\":2,\\\"tax_id\\\":3,\\\"taxabled_amount\\\":\\\"0.00\\\",\\\"iva_amount\\\":\\\"0.00\\\",\\\"created_at\\\":\\\"2022-08-22T22:25:47.000000Z\\\",\\\"updated_at\\\":\\\"2022-08-22T22:25:47.000000Z\\\",\\\"ordr\\\":5,\\\"deleted_at\\\":null,\\\"base\\\":\\\"0.00\\\",\\\"system_taxes\\\":{\\\"id\\\":3,\\\"created_at\\\":null,\\\"updated_at\\\":\\\"2020-04-16T13:33:23.000000Z\\\",\\\"name\\\":\\\"gravado al 27%\\\",\\\"apply_to\\\":\\\"iva\\\",\\\"ammount_permited\\\":1,\\\"percent_iva\\\":\\\"27.00\\\",\\\"taxable_iibb\\\":1,\\\"taxable_iva\\\":1,\\\"code\\\":6,\\\"status\\\":1,\\\"afip_alicuota_id\\\":6,\\\"plan_cuenta_id\\\":96,\\\"code_citi_alic_iva\\\":6}},{\\\"id\\\":13819,\\\"user_id\\\":7566,\\\"period_liquidation_id\\\":110,\\\"period_liquidation_iva_id\\\":57,\\\"period_id\\\":1524,\\\"person_id\\\":40720,\\\"activity_id\\\":1,\\\"iva_creditos_tipo_id\\\":5,\\\"type\\\":2,\\\"tax_id\\\":3,\\\"taxabled_amount\\\":\\\"0.00\\\",\\\"iva_amount\\\":\\\"0.00\\\",\\\"created_at\\\":\\\"2022-08-22T22:25:47.000000Z\\\",\\\"updated_at\\\":\\\"2022-08-22T22:25:47.000000Z\\\",\\\"ordr\\\":5,\\\"deleted_at\\\":null,\\\"base\\\":\\\"0.00\\\",\\\"system_taxes\\\":{\\\"id\\\":3,\\\"created_at\\\":null,\\\"updated_at\\\":\\\"2020-04-16T13:33:23.000000Z\\\",\\\"name\\\":\\\"gravado al 27%\\\",\\\"apply_to\\\":\\\"iva\\\",\\\"ammount_permited\\\":1,\\\"percent_iva\\\":\\\"27.00\\\",\\\"taxable_iibb\\\":1,\\\"taxable_iva\\\":1,\\\"code\\\":6,\\\"status\\\":1,\\\"afip_alicuota_id\\\":6,\\\"plan_cuenta_id\\\":96,\\\"code_citi_alic_iva\\\":6}},{\\\"id\\\":13820,\\\"user_id\\\":7566,\\\"period_liquidation_id\\\":110,\\\"period_liquidation_iva_id\\\":57,\\\"period_id\\\":1524,\\\"person_id\\\":40720,\\\"activity_id\\\":1,\\\"iva_creditos_tipo_id\\\":3,\\\"type\\\":2,\\\"tax_id\\\":3,\\\"taxabled_amount\\\":\\\"0.00\\\",\\\"iva_amount\\\":\\\"0.00\\\",\\\"created_at\\\":\\\"2022-08-22T22:25:47.000000Z\\\",\\\"updated_at\\\":\\\"2022-08-22T22:25:47.000000Z\\\",\\\"ordr\\\":5,\\\"deleted_at\\\":null,\\\"base\\\":\\\"0.00\\\",\\\"system_taxes\\\":{\\\"id\\\":3,\\\"created_at\\\":null,\\\"updated_at\\\":\\\"2020-04-16T13:33:23.000000Z\\\",\\\"name\\\":\\\"gravado al 27%\\\",\\\"apply_to\\\":\\\"iva\\\",\\\"ammount_permited\\\":1,\\\"percent_iva\\\":\\\"27.00\\\",\\\"taxable_iibb\\\":1,\\\"taxable_iva\\\":1,\\\"code\\\":6,\\\"status\\\":1,\\\"afip_alicuota_id\\\":6,\\\"plan_cuenta_id\\\":96,\\\"code_citi_alic_iva\\\":6}},{\\\"id\\\":13821,\\\"user_id\\\":7566,\\\"period_liquidation_id\\\":110,\\\"period_liquidation_iva_id\\\":57,\\\"period_id\\\":1524,\\\"person_id\\\":40720,\\\"activity_id\\\":1,\\\"iva_creditos_tipo_id\\\":6,\\\"type\\\":2,\\\"tax_id\\\":3,\\\"taxabled_amount\\\":\\\"0.00\\\",\\\"iva_amount\\\":\\\"0.00\\\",\\\"created_at\\\":\\\"2022-08-22T22:25:47.000000Z\\\",\\\"updated_at\\\":\\\"2022-08-22T22:25:47.000000Z\\\",\\\"ordr\\\":5,\\\"deleted_at\\\":null,\\\"base\\\":\\\"0.00\\\",\\\"system_taxes\\\":{\\\"id\\\":3,\\\"created_at\\\":null,\\\"updated_at\\\":\\\"2020-04-16T13:33:23.000000Z\\\",\\\"name\\\":\\\"gravado al 27%\\\",\\\"apply_to\\\":\\\"iva\\\",\\\"ammount_permited\\\":1,\\\"percent_iva\\\":\\\"27.00\\\",\\\"taxable_iibb\\\":1,\\\"taxable_iva\\\":1,\\\"code\\\":6,\\\"status\\\":1,\\\"afip_alicuota_id\\\":6,\\\"plan_cuenta_id\\\":96,\\\"code_citi_alic_iva\\\":6}},{\\\"id\\\":13822,\\\"user_id\\\":7566,\\\"period_liquidation_id\\\":110,\\\"period_liquidation_iva_id\\\":57,\\\"period_id\\\":1524,\\\"person_id\\\":40720,\\\"activity_id\\\":1,\\\"iva_creditos_tipo_id\\\":14,\\\"type\\\":2,\\\"tax_id\\\":3,\\\"taxabled_amount\\\":\\\"0.00\\\",\\\"iva_amount\\\":\\\"0.00\\\",\\\"created_at\\\":\\\"2022-08-22T22:25:47.000000Z\\\",\\\"updated_at\\\":\\\"2022-08-22T22:25:47.000000Z\\\",\\\"ordr\\\":5,\\\"deleted_at\\\":null,\\\"base\\\":\\\"0.00\\\",\\\"system_taxes\\\":{\\\"id\\\":3,\\\"created_at\\\":null,\\\"updated_at\\\":\\\"2020-04-16T13:33:23.000000Z\\\",\\\"name\\\":\\\"gravado al 27%\\\",\\\"apply_to\\\":\\\"iva\\\",\\\"ammount_permited\\\":1,\\\"percent_iva\\\":\\\"27.00\\\",\\\"taxable_iibb\\\":1,\\\"taxable_iva\\\":1,\\\"code\\\":6,\\\"status\\\":1,\\\"afip_alicuota_id\\\":6,\\\"plan_cuenta_id\\\":96,\\\"code_citi_alic_iva\\\":6}},{\\\"id\\\":13823,\\\"user_id\\\":7566,\\\"period_liquidation_id\\\":110,\\\"period_liquidation_iva_id\\\":57,\\\"period_id\\\":1524,\\\"person_id\\\":40720,\\\"activity_id\\\":1,\\\"iva_creditos_tipo_id\\\":10,\\\"type\\\":2,\\\"tax_id\\\":3,\\\"taxabled_amount\\\":\\\"0.00\\\",\\\"iva_amount\\\":\\\"0.00\\\",\\\"created_at\\\":\\\"2022-08-22T22:25:47.000000Z\\\",\\\"updated_at\\\":\\\"2022-08-22T22:25:47.000000Z\\\",\\\"ordr\\\":5,\\\"deleted_at\\\":null,\\\"base\\\":\\\"0.00\\\",\\\"system_taxes\\\":{\\\"id\\\":3,\\\"created_at\\\":null,\\\"updated_at\\\":\\\"2020-04-16T13:33:23.000000Z\\\",\\\"name\\\":\\\"gravado al 27%\\\",\\\"apply_to\\\":\\\"iva\\\",\\\"ammount_permited\\\":1,\\\"percent_iva\\\":\\\"27.00\\\",\\\"taxable_iibb\\\":1,\\\"taxable_iva\\\":1,\\\"code\\\":6,\\\"status\\\":1,\\\"afip_alicuota_id\\\":6,\\\"plan_cuenta_id\\\":96,\\\"code_citi_alic_iva\\\":6}},{\\\"id\\\":13824,\\\"user_id\\\":7566,\\\"period_liquidation_id\\\":110,\\\"period_liquidation_iva_id\\\":57,\\\"period_id\\\":1524,\\\"person_id\\\":40720,\\\"activity_id\\\":1,\\\"iva_creditos_tipo_id\\\":4,\\\"type\\\":2,\\\"tax_id\\\":3,\\\"taxabled_amount\\\":\\\"0.00\\\",\\\"iva_amount\\\":\\\"0.00\\\",\\\"created_at\\\":\\\"2022-08-22T22:25:47.000000Z\\\",\\\"updated_at\\\":\\\"2022-08-22T22:25:47.000000Z\\\",\\\"ordr\\\":5,\\\"deleted_at\\\":null,\\\"base\\\":\\\"0.00\\\",\\\"system_taxes\\\":{\\\"id\\\":3,\\\"created_at\\\":null,\\\"updated_at\\\":\\\"2020-04-16T13:33:23.000000Z\\\",\\\"name\\\":\\\"gravado al 27%\\\",\\\"apply_to\\\":\\\"iva\\\",\\\"ammount_permited\\\":1,\\\"percent_iva\\\":\\\"27.00\\\",\\\"taxable_iibb\\\":1,\\\"taxable_iva\\\":1,\\\"code\\\":6,\\\"status\\\":1,\\\"afip_alicuota_id\\\":6,\\\"plan_cuenta_id\\\":96,\\\"code_citi_alic_iva\\\":6}},{\\\"id\\\":13825,\\\"user_id\\\":7566,\\\"period_liquidation_id\\\":110,\\\"period_liquidation_iva_id\\\":57,\\\"period_id\\\":1524,\\\"person_id\\\":40720,\\\"activity_id\\\":1,\\\"iva_creditos_tipo_id\\\":2,\\\"type\\\":2,\\\"tax_id\\\":2,\\\"taxabled_amount\\\":\\\"0.00\\\",\\\"iva_amount\\\":\\\"0.00\\\",\\\"created_at\\\":\\\"2022-08-22T22:25:47.000000Z\\\",\\\"updated_at\\\":\\\"2022-08-22T22:25:47.000000Z\\\",\\\"ordr\\\":5,\\\"deleted_at\\\":null,\\\"base\\\":\\\"0.00\\\",\\\"system_taxes\\\":{\\\"id\\\":2,\\\"created_at\\\":null,\\\"updated_at\\\":\\\"2020-04-16T13:33:23.000000Z\\\",\\\"name\\\":\\\"gravado al 21%\\\",\\\"apply_to\\\":\\\"iva\\\",\\\"ammount_permited\\\":1,\\\"percent_iva\\\":\\\"21.00\\\",\\\"taxable_iibb\\\":1,\\\"taxable_iva\\\":1,\\\"code\\\":5,\\\"status\\\":1,\\\"afip_alicuota_id\\\":5,\\\"plan_cuenta_id\\\":96,\\\"code_citi_alic_iva\\\":5}},{\\\"id\\\":13826,\\\"user_id\\\":7566,\\\"period_liquidation_id\\\":110,\\\"period_liquidation_iva_id\\\":57,\\\"period_id\\\":1524,\\\"person_id\\\":40720,\\\"activity_id\\\":1,\\\"iva_creditos_tipo_id\\\":9,\\\"type\\\":2,\\\"tax_id\\\":2,\\\"taxabled_amount\\\":\\\"0.00\\\",\\\"iva_amount\\\":\\\"0.00\\\",\\\"created_at\\\":\\\"2022-08-22T22:25:47.000000Z\\\",\\\"updated_at\\\":\\\"2022-08-22T22:25:47.000000Z\\\",\\\"ordr\\\":5,\\\"deleted_at\\\":null,\\\"base\\\":\\\"0.00\\\",\\\"system_taxes\\\":{\\\"id\\\":2,\\\"created_at\\\":null,\\\"updated_at\\\":\\\"2020-04-16T13:33:23.000000Z\\\",\\\"name\\\":\\\"gravado al 21%\\\",\\\"apply_to\\\":\\\"iva\\\",\\\"ammount_permited\\\":1,\\\"percent_iva\\\":\\\"21.00\\\",\\\"taxable_iibb\\\":1,\\\"taxable_iva\\\":1,\\\"code\\\":5,\\\"status\\\":1,\\\"afip_alicuota_id\\\":5,\\\"plan_cuenta_id\\\":96,\\\"code_citi_alic_iva\\\":5}},{\\\"id\\\":13827,\\\"user_id\\\":7566,\\\"period_liquidation_id\\\":110,\\\"period_liquidation_iva_id\\\":57,\\\"period_id\\\":1524,\\\"person_id\\\":40720,\\\"activity_id\\\":1,\\\"iva_creditos_tipo_id\\\":5,\\\"type\\\":2,\\\"tax_id\\\":2,\\\"taxabled_amount\\\":\\\"0.00\\\",\\\"iva_amount\\\":\\\"0.00\\\",\\\"created_at\\\":\\\"2022-08-22T22:25:47.000000Z\\\",\\\"updated_at\\\":\\\"2022-08-22T22:25:47.000000Z\\\",\\\"ordr\\\":5,\\\"deleted_at\\\":null,\\\"base\\\":\\\"0.00\\\",\\\"system_taxes\\\":{\\\"id\\\":2,\\\"created_at\\\":null,\\\"updated_at\\\":\\\"2020-04-16T13:33:23.000000Z\\\",\\\"name\\\":\\\"gravado al 21%\\\",\\\"apply_to\\\":\\\"iva\\\",\\\"ammount_permited\\\":1,\\\"percent_iva\\\":\\\"21.00\\\",\\\"taxable_iibb\\\":1,\\\"taxable_iva\\\":1,\\\"code\\\":5,\\\"status\\\":1,\\\"afip_alicuota_id\\\":5,\\\"plan_cuenta_id\\\":96,\\\"code_citi_alic_iva\\\":5}},{\\\"id\\\":13828,\\\"user_id\\\":7566,\\\"period_liquidation_id\\\":110,\\\"period_liquidation_iva_id\\\":57,\\\"period_id\\\":1524,\\\"person_id\\\":40720,\\\"activity_id\\\":1,\\\"iva_creditos_tipo_id\\\":13,\\\"type\\\":2,\\\"tax_id\\\":2,\\\"taxabled_amount\\\":\\\"0.00\\\",\\\"iva_amount\\\":\\\"0.00\\\",\\\"created_at\\\":\\\"2022-08-22T22:25:47.000000Z\\\",\\\"updated_at\\\":\\\"2022-08-22T22:25:47.000000Z\\\",\\\"ordr\\\":5,\\\"deleted_at\\\":null,\\\"base\\\":\\\"0.00\\\",\\\"system_taxes\\\":{\\\"id\\\":2,\\\"created_at\\\":null,\\\"updated_at\\\":\\\"2020-04-16T13:33:23.000000Z\\\",\\\"name\\\":\\\"gravado al 21%\\\",\\\"apply_to\\\":\\\"iva\\\",\\\"ammount_permited\\\":1,\\\"percent_iva\\\":\\\"21.00\\\",\\\"taxable_iibb\\\":1,\\\"taxable_iva\\\":1,\\\"code\\\":5,\\\"status\\\":1,\\\"afip_alicuota_id\\\":5,\\\"plan_cuenta_id\\\":96,\\\"code_citi_alic_iva\\\":5}},{\\\"id\\\":13829,\\\"user_id\\\":7566,\\\"period_liquidation_id\\\":110,\\\"period_liquidation_iva_id\\\":57,\\\"period_id\\\":1524,\\\"person_id\\\":40720,\\\"activity_id\\\":1,\\\"iva_creditos_tipo_id\\\":3,\\\"type\\\":2,\\\"tax_id\\\":2,\\\"taxabled_amount\\\":\\\"0.00\\\",\\\"iva_amount\\\":\\\"0.00\\\",\\\"created_at\\\":\\\"2022-08-22T22:25:47.000000Z\\\",\\\"updated_at\\\":\\\"2022-08-22T22:25:47.000000Z\\\",\\\"ordr\\\":5,\\\"deleted_at\\\":null,\\\"base\\\":\\\"0.00\\\",\\\"system_taxes\\\":{\\\"id\\\":2,\\\"created_at\\\":null,\\\"updated_at\\\":\\\"2020-04-16T13:33:23.000000Z\\\",\\\"name\\\":\\\"gravado al 21%\\\",\\\"apply_to\\\":\\\"iva\\\",\\\"ammount_permited\\\":1,\\\"percent_iva\\\":\\\"21.00\\\",\\\"taxable_iibb\\\":1,\\\"taxable_iva\\\":1,\\\"code\\\":5,\\\"status\\\":1,\\\"afip_alicuota_id\\\":5,\\\"plan_cuenta_id\\\":96,\\\"code_citi_alic_iva\\\":5}},{\\\"id\\\":13830,\\\"user_id\\\":7566,\\\"period_liquidation_id\\\":110,\\\"period_liquidation_iva_id\\\":57,\\\"period_id\\\":1524,\\\"person_id\\\":40720,\\\"activity_id\\\":1,\\\"iva_creditos_tipo_id\\\":6,\\\"type\\\":2,\\\"tax_id\\\":2,\\\"taxabled_amount\\\":\\\"0.00\\\",\\\"iva_amount\\\":\\\"0.00\\\",\\\"created_at\\\":\\\"2022-08-22T22:25:47.000000Z\\\",\\\"updated_at\\\":\\\"2022-08-22T22:25:47.000000Z\\\",\\\"ordr\\\":5,\\\"deleted_at\\\":null,\\\"base\\\":\\\"0.00\\\",\\\"system_taxes\\\":{\\\"id\\\":2,\\\"created_at\\\":null,\\\"updated_at\\\":\\\"2020-04-16T13:33:23.000000Z\\\",\\\"name\\\":\\\"gravado al 21%\\\",\\\"apply_to\\\":\\\"iva\\\",\\\"ammount_permited\\\":1,\\\"percent_iva\\\":\\\"21.00\\\",\\\"taxable_iibb\\\":1,\\\"taxable_iva\\\":1,\\\"code\\\":5,\\\"status\\\":1,\\\"afip_alicuota_id\\\":5,\\\"plan_cuenta_id\\\":96,\\\"code_citi_alic_iva\\\":5}},{\\\"id\\\":13831,\\\"user_id\\\":7566,\\\"period_liquidation_id\\\":110,\\\"period_liquidation_iva_id\\\":57,\\\"period_id\\\":1524,\\\"person_id\\\":40720,\\\"activity_id\\\":1,\\\"iva_creditos_tipo_id\\\":14,\\\"type\\\":2,\\\"tax_id\\\":2,\\\"taxabled_amount\\\":\\\"0.00\\\",\\\"iva_amount\\\":\\\"0.00\\\",\\\"created_at\\\":\\\"2022-08-22T22:25:47.000000Z\\\",\\\"updated_at\\\":\\\"2022-08-22T22:25:47.000000Z\\\",\\\"ordr\\\":5,\\\"deleted_at\\\":null,\\\"base\\\":\\\"0.00\\\",\\\"system_taxes\\\":{\\\"id\\\":2,\\\"created_at\\\":null,\\\"updated_at\\\":\\\"2020-04-16T13:33:23.000000Z\\\",\\\"name\\\":\\\"gravado al 21%\\\",\\\"apply_to\\\":\\\"iva\\\",\\\"ammount_permited\\\":1,\\\"percent_iva\\\":\\\"21.00\\\",\\\"taxable_iibb\\\":1,\\\"taxable_iva\\\":1,\\\"code\\\":5,\\\"status\\\":1,\\\"afip_alicuota_id\\\":5,\\\"plan_cuenta_id\\\":96,\\\"code_citi_alic_iva\\\":5}},{\\\"id\\\":13832,\\\"user_id\\\":7566,\\\"period_liquidation_id\\\":110,\\\"period_liquidation_iva_id\\\":57,\\\"period_id\\\":1524,\\\"person_id\\\":40720,\\\"activity_id\\\":1,\\\"iva_creditos_tipo_id\\\":10,\\\"type\\\":2,\\\"tax_id\\\":2,\\\"taxabled_amount\\\":\\\"0.00\\\",\\\"iva_amount\\\":\\\"0.00\\\",\\\"created_at\\\":\\\"2022-08-22T22:25:47.000000Z\\\",\\\"updated_at\\\":\\\"2022-08-22T22:25:47.000000Z\\\",\\\"ordr\\\":5,\\\"deleted_at\\\":null,\\\"base\\\":\\\"0.00\\\",\\\"system_taxes\\\":{\\\"id\\\":2,\\\"created_at\\\":null,\\\"updated_at\\\":\\\"2020-04-16T13:33:23.000000Z\\\",\\\"name\\\":\\\"gravado al 21%\\\",\\\"apply_to\\\":\\\"iva\\\",\\\"ammount_permited\\\":1,\\\"percent_iva\\\":\\\"21.00\\\",\\\"taxable_iibb\\\":1,\\\"taxable_iva\\\":1,\\\"code\\\":5,\\\"status\\\":1,\\\"afip_alicuota_id\\\":5,\\\"plan_cuenta_id\\\":96,\\\"code_citi_alic_iva\\\":5}},{\\\"id\\\":13833,\\\"user_id\\\":7566,\\\"period_liquidation_id\\\":110,\\\"period_liquidation_iva_id\\\":57,\\\"period_id\\\":1524,\\\"person_id\\\":40720,\\\"activity_id\\\":1,\\\"iva_creditos_tipo_id\\\":4,\\\"type\\\":2,\\\"tax_id\\\":2,\\\"taxabled_amount\\\":\\\"0.00\\\",\\\"iva_amount\\\":\\\"0.00\\\",\\\"created_at\\\":\\\"2022-08-22T22:25:47.000000Z\\\",\\\"updated_at\\\":\\\"2022-08-22T22:25:47.000000Z\\\",\\\"ordr\\\":5,\\\"deleted_at\\\":null,\\\"base\\\":\\\"0.00\\\",\\\"system_taxes\\\":{\\\"id\\\":2,\\\"created_at\\\":null,\\\"updated_at\\\":\\\"2020-04-16T13:33:23.000000Z\\\",\\\"name\\\":\\\"gravado al 21%\\\",\\\"apply_to\\\":\\\"iva\\\",\\\"ammount_permited\\\":1,\\\"percent_iva\\\":\\\"21.00\\\",\\\"taxable_iibb\\\":1,\\\"taxable_iva\\\":1,\\\"code\\\":5,\\\"status\\\":1,\\\"afip_alicuota_id\\\":5,\\\"plan_cuenta_id\\\":96,\\\"code_citi_alic_iva\\\":5}},{\\\"id\\\":13834,\\\"user_id\\\":7566,\\\"period_liquidation_id\\\":110,\\\"period_liquidation_iva_id\\\":57,\\\"period_id\\\":1524,\\\"person_id\\\":40720,\\\"activity_id\\\":1,\\\"iva_creditos_tipo_id\\\":7,\\\"type\\\":2,\\\"tax_id\\\":2,\\\"taxabled_amount\\\":\\\"0.00\\\",\\\"iva_amount\\\":\\\"0.00\\\",\\\"created_at\\\":\\\"2022-08-22T22:25:47.000000Z\\\",\\\"updated_at\\\":\\\"2022-08-22T22:25:47.000000Z\\\",\\\"ordr\\\":5,\\\"deleted_at\\\":null,\\\"base\\\":\\\"0.00\\\",\\\"system_taxes\\\":{\\\"id\\\":2,\\\"created_at\\\":null,\\\"updated_at\\\":\\\"2020-04-16T13:33:23.000000Z\\\",\\\"name\\\":\\\"gravado al 21%\\\",\\\"apply_to\\\":\\\"iva\\\",\\\"ammount_permited\\\":1,\\\"percent_iva\\\":\\\"21.00\\\",\\\"taxable_iibb\\\":1,\\\"taxable_iva\\\":1,\\\"code\\\":5,\\\"status\\\":1,\\\"afip_alicuota_id\\\":5,\\\"plan_cuenta_id\\\":96,\\\"code_citi_alic_iva\\\":5}},{\\\"id\\\":13835,\\\"user_id\\\":7566,\\\"period_liquidation_id\\\":110,\\\"period_liquidation_iva_id\\\":57,\\\"period_id\\\":1524,\\\"person_id\\\":40720,\\\"activity_id\\\":1,\\\"iva_creditos_tipo_id\\\":11,\\\"type\\\":2,\\\"tax_id\\\":2,\\\"taxabled_amount\\\":\\\"0.00\\\",\\\"iva_amount\\\":\\\"0.00\\\",\\\"created_at\\\":\\\"2022-08-22T22:25:47.000000Z\\\",\\\"updated_at\\\":\\\"2022-08-22T22:25:47.000000Z\\\",\\\"ordr\\\":5,\\\"deleted_at\\\":null,\\\"base\\\":\\\"0.00\\\",\\\"system_taxes\\\":{\\\"id\\\":2,\\\"created_at\\\":null,\\\"updated_at\\\":\\\"2020-04-16T13:33:23.000000Z\\\",\\\"name\\\":\\\"gravado al 21%\\\",\\\"apply_to\\\":\\\"iva\\\",\\\"ammount_permited\\\":1,\\\"percent_iva\\\":\\\"21.00\\\",\\\"taxable_iibb\\\":1,\\\"taxable_iva\\\":1,\\\"code\\\":5,\\\"status\\\":1,\\\"afip_alicuota_id\\\":5,\\\"plan_cuenta_id\\\":96,\\\"code_citi_alic_iva\\\":5}},{\\\"id\\\":13836,\\\"user_id\\\":7566,\\\"period_liquidation_id\\\":110,\\\"period_liquidation_iva_id\\\":57,\\\"period_id\\\":1524,\\\"person_id\\\":40720,\\\"activity_id\\\":1,\\\"iva_creditos_tipo_id\\\":1,\\\"type\\\":2,\\\"tax_id\\\":2,\\\"taxabled_amount\\\":\\\"0.00\\\",\\\"iva_amount\\\":\\\"0.00\\\",\\\"created_at\\\":\\\"2022-08-22T22:25:47.000000Z\\\",\\\"updated_at\\\":\\\"2022-08-22T22:25:47.000000Z\\\",\\\"ordr\\\":5,\\\"deleted_at\\\":null,\\\"base\\\":\\\"0.00\\\",\\\"system_taxes\\\":{\\\"id\\\":2,\\\"created_at\\\":null,\\\"updated_at\\\":\\\"2020-04-16T13:33:23.000000Z\\\",\\\"name\\\":\\\"gravado al 21%\\\",\\\"apply_to\\\":\\\"iva\\\",\\\"ammount_permited\\\":1,\\\"percent_iva\\\":\\\"21.00\\\",\\\"taxable_iibb\\\":1,\\\"taxable_iva\\\":1,\\\"code\\\":5,\\\"status\\\":1,\\\"afip_alicuota_id\\\":5,\\\"plan_cuenta_id\\\":96,\\\"code_citi_alic_iva\\\":5}},{\\\"id\\\":13837,\\\"user_id\\\":7566,\\\"period_liquidation_id\\\":110,\\\"period_liquidation_iva_id\\\":57,\\\"period_id\\\":1524,\\\"person_id\\\":40720,\\\"activity_id\\\":1,\\\"iva_creditos_tipo_id\\\":8,\\\"type\\\":2,\\\"tax_id\\\":2,\\\"taxabled_amount\\\":\\\"0.00\\\",\\\"iva_amount\\\":\\\"0.00\\\",\\\"created_at\\\":\\\"2022-08-22T22:25:47.000000Z\\\",\\\"updated_at\\\":\\\"2022-08-22T22:25:47.000000Z\\\",\\\"ordr\\\":5,\\\"deleted_at\\\":null,\\\"base\\\":\\\"0.00\\\",\\\"system_taxes\\\":{\\\"id\\\":2,\\\"created_at\\\":null,\\\"updated_at\\\":\\\"2020-04-16T13:33:23.000000Z\\\",\\\"name\\\":\\\"gravado al 21%\\\",\\\"apply_to\\\":\\\"iva\\\",\\\"ammount_permited\\\":1,\\\"percent_iva\\\":\\\"21.00\\\",\\\"taxable_iibb\\\":1,\\\"taxable_iva\\\":1,\\\"code\\\":5,\\\"status\\\":1,\\\"afip_alicuota_id\\\":5,\\\"plan_cuenta_id\\\":96,\\\"code_citi_alic_iva\\\":5}},{\\\"id\\\":13838,\\\"user_id\\\":7566,\\\"period_liquidation_id\\\":110,\\\"period_liquidation_iva_id\\\":57,\\\"period_id\\\":1524,\\\"person_id\\\":40720,\\\"activity_id\\\":1,\\\"iva_creditos_tipo_id\\\":12,\\\"type\\\":2,\\\"tax_id\\\":2,\\\"taxabled_amount\\\":\\\"0.00\\\",\\\"iva_amount\\\":\\\"0.00\\\",\\\"created_at\\\":\\\"2022-08-22T22:25:47.000000Z\\\",\\\"updated_at\\\":\\\"2022-08-22T22:25:47.000000Z\\\",\\\"ordr\\\":5,\\\"deleted_at\\\":null,\\\"base\\\":\\\"0.00\\\",\\\"system_taxes\\\":{\\\"id\\\":2,\\\"created_at\\\":null,\\\"updated_at\\\":\\\"2020-04-16T13:33:23.000000Z\\\",\\\"name\\\":\\\"gravado al 21%\\\",\\\"apply_to\\\":\\\"iva\\\",\\\"ammount_permited\\\":1,\\\"percent_iva\\\":\\\"21.00\\\",\\\"taxable_iibb\\\":1,\\\"taxable_iva\\\":1,\\\"code\\\":5,\\\"status\\\":1,\\\"afip_alicuota_id\\\":5,\\\"plan_cuenta_id\\\":96,\\\"code_citi_alic_iva\\\":5}},{\\\"id\\\":13839,\\\"user_id\\\":7566,\\\"period_liquidation_id\\\":110,\\\"period_liquidation_iva_id\\\":57,\\\"period_id\\\":1524,\\\"person_id\\\":40720,\\\"activity_id\\\":1,\\\"iva_creditos_tipo_id\\\":3,\\\"type\\\":2,\\\"tax_id\\\":1,\\\"taxabled_amount\\\":\\\"0.00\\\",\\\"iva_amount\\\":\\\"0.00\\\",\\\"created_at\\\":\\\"2022-08-22T22:25:47.000000Z\\\",\\\"updated_at\\\":\\\"2022-08-22T22:25:47.000000Z\\\",\\\"ordr\\\":5,\\\"deleted_at\\\":null,\\\"base\\\":\\\"0.00\\\",\\\"system_taxes\\\":{\\\"id\\\":1,\\\"created_at\\\":null,\\\"updated_at\\\":\\\"2020-04-16T13:33:23.000000Z\\\",\\\"name\\\":\\\"gravado al 10,5%\\\",\\\"apply_to\\\":\\\"iva\\\",\\\"ammount_permited\\\":1,\\\"percent_iva\\\":\\\"10.50\\\",\\\"taxable_iibb\\\":1,\\\"taxable_iva\\\":1,\\\"code\\\":4,\\\"status\\\":1,\\\"afip_alicuota_id\\\":4,\\\"plan_cuenta_id\\\":96,\\\"code_citi_alic_iva\\\":4}},{\\\"id\\\":13840,\\\"user_id\\\":7566,\\\"period_liquidation_id\\\":110,\\\"period_liquidation_iva_id\\\":57,\\\"period_id\\\":1524,\\\"person_id\\\":40720,\\\"activity_id\\\":1,\\\"iva_creditos_tipo_id\\\":6,\\\"type\\\":2,\\\"tax_id\\\":1,\\\"taxabled_amount\\\":\\\"0.00\\\",\\\"iva_amount\\\":\\\"0.00\\\",\\\"created_at\\\":\\\"2022-08-22T22:25:47.000000Z\\\",\\\"updated_at\\\":\\\"2022-08-22T22:25:47.000000Z\\\",\\\"ordr\\\":5,\\\"deleted_at\\\":null,\\\"base\\\":\\\"0.00\\\",\\\"system_taxes\\\":{\\\"id\\\":1,\\\"created_at\\\":null,\\\"updated_at\\\":\\\"2020-04-16T13:33:23.000000Z\\\",\\\"name\\\":\\\"gravado al 10,5%\\\",\\\"apply_to\\\":\\\"iva\\\",\\\"ammount_permited\\\":1,\\\"percent_iva\\\":\\\"10.50\\\",\\\"taxable_iibb\\\":1,\\\"taxable_iva\\\":1,\\\"code\\\":4,\\\"status\\\":1,\\\"afip_alicuota_id\\\":4,\\\"plan_cuenta_id\\\":96,\\\"code_citi_alic_iva\\\":4}},{\\\"id\\\":13841,\\\"user_id\\\":7566,\\\"period_liquidation_id\\\":110,\\\"period_liquidation_iva_id\\\":57,\\\"period_id\\\":1524,\\\"person_id\\\":40720,\\\"activity_id\\\":1,\\\"iva_creditos_tipo_id\\\":14,\\\"type\\\":2,\\\"tax_id\\\":1,\\\"taxabled_amount\\\":\\\"0.00\\\",\\\"iva_amount\\\":\\\"0.00\\\",\\\"created_at\\\":\\\"2022-08-22T22:25:47.000000Z\\\",\\\"updated_at\\\":\\\"2022-08-22T22:25:47.000000Z\\\",\\\"ordr\\\":5,\\\"deleted_at\\\":null,\\\"base\\\":\\\"0.00\\\",\\\"system_taxes\\\":{\\\"id\\\":1,\\\"created_at\\\":null,\\\"updated_at\\\":\\\"2020-04-16T13:33:23.000000Z\\\",\\\"name\\\":\\\"gravado al 10,5%\\\",\\\"apply_to\\\":\\\"iva\\\",\\\"ammount_permited\\\":1,\\\"percent_iva\\\":\\\"10.50\\\",\\\"taxable_iibb\\\":1,\\\"taxable_iva\\\":1,\\\"code\\\":4,\\\"status\\\":1,\\\"afip_alicuota_id\\\":4,\\\"plan_cuenta_id\\\":96,\\\"code_citi_alic_iva\\\":4}},{\\\"id\\\":13842,\\\"user_id\\\":7566,\\\"period_liquidation_id\\\":110,\\\"period_liquidation_iva_id\\\":57,\\\"period_id\\\":1524,\\\"person_id\\\":40720,\\\"activity_id\\\":1,\\\"iva_creditos_tipo_id\\\":10,\\\"type\\\":2,\\\"tax_id\\\":1,\\\"taxabled_amount\\\":\\\"0.00\\\",\\\"iva_amount\\\":\\\"0.00\\\",\\\"created_at\\\":\\\"2022-08-22T22:25:47.000000Z\\\",\\\"updated_at\\\":\\\"2022-08-22T22:25:47.000000Z\\\",\\\"ordr\\\":5,\\\"deleted_at\\\":null,\\\"base\\\":\\\"0.00\\\",\\\"system_taxes\\\":{\\\"id\\\":1,\\\"created_at\\\":null,\\\"updated_at\\\":\\\"2020-04-16T13:33:23.000000Z\\\",\\\"name\\\":\\\"gravado al 10,5%\\\",\\\"apply_to\\\":\\\"iva\\\",\\\"ammount_permited\\\":1,\\\"percent_iva\\\":\\\"10.50\\\",\\\"taxable_iibb\\\":1,\\\"taxable_iva\\\":1,\\\"code\\\":4,\\\"status\\\":1,\\\"afip_alicuota_id\\\":4,\\\"plan_cuenta_id\\\":96,\\\"code_citi_alic_iva\\\":4}},{\\\"id\\\":13843,\\\"user_id\\\":7566,\\\"period_liquidation_id\\\":110,\\\"period_liquidation_iva_id\\\":57,\\\"period_id\\\":1524,\\\"person_id\\\":40720,\\\"activity_id\\\":1,\\\"iva_creditos_tipo_id\\\":4,\\\"type\\\":2,\\\"tax_id\\\":1,\\\"taxabled_amount\\\":\\\"0.00\\\",\\\"iva_amount\\\":\\\"0.00\\\",\\\"created_at\\\":\\\"2022-08-22T22:25:47.000000Z\\\",\\\"updated_at\\\":\\\"2022-08-22T22:25:47.000000Z\\\",\\\"ordr\\\":5,\\\"deleted_at\\\":null,\\\"base\\\":\\\"0.00\\\",\\\"system_taxes\\\":{\\\"id\\\":1,\\\"created_at\\\":null,\\\"updated_at\\\":\\\"2020-04-16T13:33:23.000000Z\\\",\\\"name\\\":\\\"gravado al 10,5%\\\",\\\"apply_to\\\":\\\"iva\\\",\\\"ammount_permited\\\":1,\\\"percent_iva\\\":\\\"10.50\\\",\\\"taxable_iibb\\\":1,\\\"taxable_iva\\\":1,\\\"code\\\":4,\\\"status\\\":1,\\\"afip_alicuota_id\\\":4,\\\"plan_cuenta_id\\\":96,\\\"code_citi_alic_iva\\\":4}},{\\\"id\\\":13844,\\\"user_id\\\":7566,\\\"period_liquidation_id\\\":110,\\\"period_liquidation_iva_id\\\":57,\\\"period_id\\\":1524,\\\"person_id\\\":40720,\\\"activity_id\\\":1,\\\"iva_creditos_tipo_id\\\":7,\\\"type\\\":2,\\\"tax_id\\\":1,\\\"taxabled_amount\\\":\\\"0.00\\\",\\\"iva_amount\\\":\\\"0.00\\\",\\\"created_at\\\":\\\"2022-08-22T22:25:47.000000Z\\\",\\\"updated_at\\\":\\\"2022-08-22T22:25:47.000000Z\\\",\\\"ordr\\\":5,\\\"deleted_at\\\":null,\\\"base\\\":\\\"0.00\\\",\\\"system_taxes\\\":{\\\"id\\\":1,\\\"created_at\\\":null,\\\"updated_at\\\":\\\"2020-04-16T13:33:23.000000Z\\\",\\\"name\\\":\\\"gravado al 10,5%\\\",\\\"apply_to\\\":\\\"iva\\\",\\\"ammount_permited\\\":1,\\\"percent_iva\\\":\\\"10.50\\\",\\\"taxable_iibb\\\":1,\\\"taxable_iva\\\":1,\\\"code\\\":4,\\\"status\\\":1,\\\"afip_alicuota_id\\\":4,\\\"plan_cuenta_id\\\":96,\\\"code_citi_alic_iva\\\":4}},{\\\"id\\\":13845,\\\"user_id\\\":7566,\\\"period_liquidation_id\\\":110,\\\"period_liquidation_iva_id\\\":57,\\\"period_id\\\":1524,\\\"person_id\\\":40720,\\\"activity_id\\\":1,\\\"iva_creditos_tipo_id\\\":11,\\\"type\\\":2,\\\"tax_id\\\":1,\\\"taxabled_amount\\\":\\\"0.00\\\",\\\"iva_amount\\\":\\\"0.00\\\",\\\"created_at\\\":\\\"2022-08-22T22:25:47.000000Z\\\",\\\"updated_at\\\":\\\"2022-08-22T22:25:47.000000Z\\\",\\\"ordr\\\":5,\\\"deleted_at\\\":null,\\\"base\\\":\\\"0.00\\\",\\\"system_taxes\\\":{\\\"id\\\":1,\\\"created_at\\\":null,\\\"updated_at\\\":\\\"2020-04-16T13:33:23.000000Z\\\",\\\"name\\\":\\\"gravado al 10,5%\\\",\\\"apply_to\\\":\\\"iva\\\",\\\"ammount_permited\\\":1,\\\"percent_iva\\\":\\\"10.50\\\",\\\"taxable_iibb\\\":1,\\\"taxable_iva\\\":1,\\\"code\\\":4,\\\"status\\\":1,\\\"afip_alicuota_id\\\":4,\\\"plan_cuenta_id\\\":96,\\\"code_citi_alic_iva\\\":4}},{\\\"id\\\":13846,\\\"user_id\\\":7566,\\\"period_liquidation_id\\\":110,\\\"period_liquidation_iva_id\\\":57,\\\"period_id\\\":1524,\\\"person_id\\\":40720,\\\"activity_id\\\":1,\\\"iva_creditos_tipo_id\\\":1,\\\"type\\\":2,\\\"tax_id\\\":1,\\\"taxabled_amount\\\":\\\"0.00\\\",\\\"iva_amount\\\":\\\"0.00\\\",\\\"created_at\\\":\\\"2022-08-22T22:25:47.000000Z\\\",\\\"updated_at\\\":\\\"2022-08-22T22:25:47.000000Z\\\",\\\"ordr\\\":5,\\\"deleted_at\\\":null,\\\"base\\\":\\\"0.00\\\",\\\"system_taxes\\\":{\\\"id\\\":1,\\\"created_at\\\":null,\\\"updated_at\\\":\\\"2020-04-16T13:33:23.000000Z\\\",\\\"name\\\":\\\"gravado al 10,5%\\\",\\\"apply_to\\\":\\\"iva\\\",\\\"ammount_permited\\\":1,\\\"percent_iva\\\":\\\"10.50\\\",\\\"taxable_iibb\\\":1,\\\"taxable_iva\\\":1,\\\"code\\\":4,\\\"status\\\":1,\\\"afip_alicuota_id\\\":4,\\\"plan_cuenta_id\\\":96,\\\"code_citi_alic_iva\\\":4}},{\\\"id\\\":13847,\\\"user_id\\\":7566,\\\"period_liquidation_id\\\":110,\\\"period_liquidation_iva_id\\\":57,\\\"period_id\\\":1524,\\\"person_id\\\":40720,\\\"activity_id\\\":1,\\\"iva_creditos_tipo_id\\\":8,\\\"type\\\":2,\\\"tax_id\\\":1,\\\"taxabled_amount\\\":\\\"0.00\\\",\\\"iva_amount\\\":\\\"0.00\\\",\\\"created_at\\\":\\\"2022-08-22T22:25:47.000000Z\\\",\\\"updated_at\\\":\\\"2022-08-22T22:25:47.000000Z\\\",\\\"ordr\\\":5,\\\"deleted_at\\\":null,\\\"base\\\":\\\"0.00\\\",\\\"system_taxes\\\":{\\\"id\\\":1,\\\"created_at\\\":null,\\\"updated_at\\\":\\\"2020-04-16T13:33:23.000000Z\\\",\\\"name\\\":\\\"gravado al 10,5%\\\",\\\"apply_to\\\":\\\"iva\\\",\\\"ammount_permited\\\":1,\\\"percent_iva\\\":\\\"10.50\\\",\\\"taxable_iibb\\\":1,\\\"taxable_iva\\\":1,\\\"code\\\":4,\\\"status\\\":1,\\\"afip_alicuota_id\\\":4,\\\"plan_cuenta_id\\\":96,\\\"code_citi_alic_iva\\\":4}},{\\\"id\\\":13848,\\\"user_id\\\":7566,\\\"period_liquidation_id\\\":110,\\\"period_liquidation_iva_id\\\":57,\\\"period_id\\\":1524,\\\"person_id\\\":40720,\\\"activity_id\\\":1,\\\"iva_creditos_tipo_id\\\":12,\\\"type\\\":2,\\\"tax_id\\\":1,\\\"taxabled_amount\\\":\\\"0.00\\\",\\\"iva_amount\\\":\\\"0.00\\\",\\\"created_at\\\":\\\"2022-08-22T22:25:47.000000Z\\\",\\\"updated_at\\\":\\\"2022-08-22T22:25:47.000000Z\\\",\\\"ordr\\\":5,\\\"deleted_at\\\":null,\\\"base\\\":\\\"0.00\\\",\\\"system_taxes\\\":{\\\"id\\\":1,\\\"created_at\\\":null,\\\"updated_at\\\":\\\"2020-04-16T13:33:23.000000Z\\\",\\\"name\\\":\\\"gravado al 10,5%\\\",\\\"apply_to\\\":\\\"iva\\\",\\\"ammount_permited\\\":1,\\\"percent_iva\\\":\\\"10.50\\\",\\\"taxable_iibb\\\":1,\\\"taxable_iva\\\":1,\\\"code\\\":4,\\\"status\\\":1,\\\"afip_alicuota_id\\\":4,\\\"plan_cuenta_id\\\":96,\\\"code_citi_alic_iva\\\":4}},{\\\"id\\\":13849,\\\"user_id\\\":7566,\\\"period_liquidation_id\\\":110,\\\"period_liquidation_iva_id\\\":57,\\\"period_id\\\":1524,\\\"person_id\\\":40720,\\\"activity_id\\\":1,\\\"iva_creditos_tipo_id\\\":2,\\\"type\\\":2,\\\"tax_id\\\":1,\\\"taxabled_amount\\\":\\\"0.00\\\",\\\"iva_amount\\\":\\\"0.00\\\",\\\"created_at\\\":\\\"2022-08-22T22:25:47.000000Z\\\",\\\"updated_at\\\":\\\"2022-08-22T22:25:47.000000Z\\\",\\\"ordr\\\":5,\\\"deleted_at\\\":null,\\\"base\\\":\\\"0.00\\\",\\\"system_taxes\\\":{\\\"id\\\":1,\\\"created_at\\\":null,\\\"updated_at\\\":\\\"2020-04-16T13:33:23.000000Z\\\",\\\"name\\\":\\\"gravado al 10,5%\\\",\\\"apply_to\\\":\\\"iva\\\",\\\"ammount_permited\\\":1,\\\"percent_iva\\\":\\\"10.50\\\",\\\"taxable_iibb\\\":1,\\\"taxable_iva\\\":1,\\\"code\\\":4,\\\"status\\\":1,\\\"afip_alicuota_id\\\":4,\\\"plan_cuenta_id\\\":96,\\\"code_citi_alic_iva\\\":4}},{\\\"id\\\":13850,\\\"user_id\\\":7566,\\\"period_liquidation_id\\\":110,\\\"period_liquidation_iva_id\\\":57,\\\"period_id\\\":1524,\\\"person_id\\\":40720,\\\"activity_id\\\":1,\\\"iva_creditos_tipo_id\\\":9,\\\"type\\\":2,\\\"tax_id\\\":1,\\\"taxabled_amount\\\":\\\"0.00\\\",\\\"iva_amount\\\":\\\"0.00\\\",\\\"created_at\\\":\\\"2022-08-22T22:25:47.000000Z\\\",\\\"updated_at\\\":\\\"2022-08-22T22:25:47.000000Z\\\",\\\"ordr\\\":5,\\\"deleted_at\\\":null,\\\"base\\\":\\\"0.00\\\",\\\"system_taxes\\\":{\\\"id\\\":1,\\\"created_at\\\":null,\\\"updated_at\\\":\\\"2020-04-16T13:33:23.000000Z\\\",\\\"name\\\":\\\"gravado al 10,5%\\\",\\\"apply_to\\\":\\\"iva\\\",\\\"ammount_permited\\\":1,\\\"percent_iva\\\":\\\"10.50\\\",\\\"taxable_iibb\\\":1,\\\"taxable_iva\\\":1,\\\"code\\\":4,\\\"status\\\":1,\\\"afip_alicuota_id\\\":4,\\\"plan_cuenta_id\\\":96,\\\"code_citi_alic_iva\\\":4}},{\\\"id\\\":13851,\\\"user_id\\\":7566,\\\"period_liquidation_id\\\":110,\\\"period_liquidation_iva_id\\\":57,\\\"period_id\\\":1524,\\\"person_id\\\":40720,\\\"activity_id\\\":1,\\\"iva_creditos_tipo_id\\\":5,\\\"type\\\":2,\\\"tax_id\\\":1,\\\"taxabled_amount\\\":\\\"0.00\\\",\\\"iva_amount\\\":\\\"0.00\\\",\\\"created_at\\\":\\\"2022-08-22T22:25:47.000000Z\\\",\\\"updated_at\\\":\\\"2022-08-22T22:25:47.000000Z\\\",\\\"ordr\\\":5,\\\"deleted_at\\\":null,\\\"base\\\":\\\"0.00\\\",\\\"system_taxes\\\":{\\\"id\\\":1,\\\"created_at\\\":null,\\\"updated_at\\\":\\\"2020-04-16T13:33:23.000000Z\\\",\\\"name\\\":\\\"gravado al 10,5%\\\",\\\"apply_to\\\":\\\"iva\\\",\\\"ammount_permited\\\":1,\\\"percent_iva\\\":\\\"10.50\\\",\\\"taxable_iibb\\\":1,\\\"taxable_iva\\\":1,\\\"code\\\":4,\\\"status\\\":1,\\\"afip_alicuota_id\\\":4,\\\"plan_cuenta_id\\\":96,\\\"code_citi_alic_iva\\\":4}},{\\\"id\\\":13852,\\\"user_id\\\":7566,\\\"period_liquidation_id\\\":110,\\\"period_liquidation_iva_id\\\":57,\\\"period_id\\\":1524,\\\"person_id\\\":40720,\\\"activity_id\\\":1,\\\"iva_creditos_tipo_id\\\":13,\\\"type\\\":2,\\\"tax_id\\\":1,\\\"taxabled_amount\\\":\\\"0.00\\\",\\\"iva_amount\\\":\\\"0.00\\\",\\\"created_at\\\":\\\"2022-08-22T22:25:47.000000Z\\\",\\\"updated_at\\\":\\\"2022-08-22T22:25:47.000000Z\\\",\\\"ordr\\\":5,\\\"deleted_at\\\":null,\\\"base\\\":\\\"0.00\\\",\\\"system_taxes\\\":{\\\"id\\\":1,\\\"created_at\\\":null,\\\"updated_at\\\":\\\"2020-04-16T13:33:23.000000Z\\\",\\\"name\\\":\\\"gravado al 10,5%\\\",\\\"apply_to\\\":\\\"iva\\\",\\\"ammount_permited\\\":1,\\\"percent_iva\\\":\\\"10.50\\\",\\\"taxable_iibb\\\":1,\\\"taxable_iva\\\":1,\\\"code\\\":4,\\\"status\\\":1,\\\"afip_alicuota_id\\\":4,\\\"plan_cuenta_id\\\":96,\\\"code_citi_alic_iva\\\":4}},{\\\"id\\\":13853,\\\"user_id\\\":7566,\\\"period_liquidation_id\\\":110,\\\"period_liquidation_iva_id\\\":57,\\\"period_id\\\":1524,\\\"person_id\\\":40720,\\\"activity_id\\\":1,\\\"iva_creditos_tipo_id\\\":2,\\\"type\\\":2,\\\"tax_id\\\":5,\\\"taxabled_amount\\\":\\\"0.00\\\",\\\"iva_amount\\\":\\\"0.00\\\",\\\"created_at\\\":\\\"2022-08-22T22:25:47.000000Z\\\",\\\"updated_at\\\":\\\"2022-08-22T22:25:47.000000Z\\\",\\\"ordr\\\":5,\\\"deleted_at\\\":null,\\\"base\\\":\\\"0.00\\\",\\\"system_taxes\\\":{\\\"id\\\":5,\\\"created_at\\\":null,\\\"updated_at\\\":\\\"2020-04-16T13:33:23.000000Z\\\",\\\"name\\\":\\\"gravado al 5%\\\",\\\"apply_to\\\":\\\"iva\\\",\\\"ammount_permited\\\":1,\\\"percent_iva\\\":\\\"5.00\\\",\\\"taxable_iibb\\\":1,\\\"taxable_iva\\\":1,\\\"code\\\":8,\\\"status\\\":1,\\\"afip_alicuota_id\\\":8,\\\"plan_cuenta_id\\\":96,\\\"code_citi_alic_iva\\\":8}},{\\\"id\\\":13854,\\\"user_id\\\":7566,\\\"period_liquidation_id\\\":110,\\\"period_liquidation_iva_id\\\":57,\\\"period_id\\\":1524,\\\"person_id\\\":40720,\\\"activity_id\\\":1,\\\"iva_creditos_tipo_id\\\":13,\\\"type\\\":2,\\\"tax_id\\\":5,\\\"taxabled_amount\\\":\\\"0.00\\\",\\\"iva_amount\\\":\\\"0.00\\\",\\\"created_at\\\":\\\"2022-08-22T22:25:47.000000Z\\\",\\\"updated_at\\\":\\\"2022-08-22T22:25:47.000000Z\\\",\\\"ordr\\\":5,\\\"deleted_at\\\":null,\\\"base\\\":\\\"0.00\\\",\\\"system_taxes\\\":{\\\"id\\\":5,\\\"created_at\\\":null,\\\"updated_at\\\":\\\"2020-04-16T13:33:23.000000Z\\\",\\\"name\\\":\\\"gravado al 5%\\\",\\\"apply_to\\\":\\\"iva\\\",\\\"ammount_permited\\\":1,\\\"percent_iva\\\":\\\"5.00\\\",\\\"taxable_iibb\\\":1,\\\"taxable_iva\\\":1,\\\"code\\\":8,\\\"status\\\":1,\\\"afip_alicuota_id\\\":8,\\\"plan_cuenta_id\\\":96,\\\"code_citi_alic_iva\\\":8}},{\\\"id\\\":13855,\\\"user_id\\\":7566,\\\"period_liquidation_id\\\":110,\\\"period_liquidation_iva_id\\\":57,\\\"period_id\\\":1524,\\\"person_id\\\":40720,\\\"activity_id\\\":1,\\\"iva_creditos_tipo_id\\\":9,\\\"type\\\":2,\\\"tax_id\\\":5,\\\"taxabled_amount\\\":\\\"0.00\\\",\\\"iva_amount\\\":\\\"0.00\\\",\\\"created_at\\\":\\\"2022-08-22T22:25:47.000000Z\\\",\\\"updated_at\\\":\\\"2022-08-22T22:25:47.000000Z\\\",\\\"ordr\\\":5,\\\"deleted_at\\\":null,\\\"base\\\":\\\"0.00\\\",\\\"system_taxes\\\":{\\\"id\\\":5,\\\"created_at\\\":null,\\\"updated_at\\\":\\\"2020-04-16T13:33:23.000000Z\\\",\\\"name\\\":\\\"gravado al 5%\\\",\\\"apply_to\\\":\\\"iva\\\",\\\"ammount_permited\\\":1,\\\"percent_iva\\\":\\\"5.00\\\",\\\"taxable_iibb\\\":1,\\\"taxable_iva\\\":1,\\\"code\\\":8,\\\"status\\\":1,\\\"afip_alicuota_id\\\":8,\\\"plan_cuenta_id\\\":96,\\\"code_citi_alic_iva\\\":8}},{\\\"id\\\":13856,\\\"user_id\\\":7566,\\\"period_liquidation_id\\\":110,\\\"period_liquidation_iva_id\\\":57,\\\"period_id\\\":1524,\\\"person_id\\\":40720,\\\"activity_id\\\":1,\\\"iva_creditos_tipo_id\\\":5,\\\"type\\\":2,\\\"tax_id\\\":5,\\\"taxabled_amount\\\":\\\"0.00\\\",\\\"iva_amount\\\":\\\"0.00\\\",\\\"created_at\\\":\\\"2022-08-22T22:25:47.000000Z\\\",\\\"updated_at\\\":\\\"2022-08-22T22:25:47.000000Z\\\",\\\"ordr\\\":5,\\\"deleted_at\\\":null,\\\"base\\\":\\\"0.00\\\",\\\"system_taxes\\\":{\\\"id\\\":5,\\\"created_at\\\":null,\\\"updated_at\\\":\\\"2020-04-16T13:33:23.000000Z\\\",\\\"name\\\":\\\"gravado al 5%\\\",\\\"apply_to\\\":\\\"iva\\\",\\\"ammount_permited\\\":1,\\\"percent_iva\\\":\\\"5.00\\\",\\\"taxable_iibb\\\":1,\\\"taxable_iva\\\":1,\\\"code\\\":8,\\\"status\\\":1,\\\"afip_alicuota_id\\\":8,\\\"plan_cuenta_id\\\":96,\\\"code_citi_alic_iva\\\":8}},{\\\"id\\\":13857,\\\"user_id\\\":7566,\\\"period_liquidation_id\\\":110,\\\"period_liquidation_iva_id\\\":57,\\\"period_id\\\":1524,\\\"person_id\\\":40720,\\\"activity_id\\\":1,\\\"iva_creditos_tipo_id\\\":3,\\\"type\\\":2,\\\"tax_id\\\":5,\\\"taxabled_amount\\\":\\\"0.00\\\",\\\"iva_amount\\\":\\\"0.00\\\",\\\"created_at\\\":\\\"2022-08-22T22:25:47.000000Z\\\",\\\"updated_at\\\":\\\"2022-08-22T22:25:47.000000Z\\\",\\\"ordr\\\":5,\\\"deleted_at\\\":null,\\\"base\\\":\\\"0.00\\\",\\\"system_taxes\\\":{\\\"id\\\":5,\\\"created_at\\\":null,\\\"updated_at\\\":\\\"2020-04-16T13:33:23.000000Z\\\",\\\"name\\\":\\\"gravado al 5%\\\",\\\"apply_to\\\":\\\"iva\\\",\\\"ammount_permited\\\":1,\\\"percent_iva\\\":\\\"5.00\\\",\\\"taxable_iibb\\\":1,\\\"taxable_iva\\\":1,\\\"code\\\":8,\\\"status\\\":1,\\\"afip_alicuota_id\\\":8,\\\"plan_cuenta_id\\\":96,\\\"code_citi_alic_iva\\\":8}},{\\\"id\\\":13858,\\\"user_id\\\":7566,\\\"period_liquidation_id\\\":110,\\\"period_liquidation_iva_id\\\":57,\\\"period_id\\\":1524,\\\"person_id\\\":40720,\\\"activity_id\\\":1,\\\"iva_creditos_tipo_id\\\":6,\\\"type\\\":2,\\\"tax_id\\\":5,\\\"taxabled_amount\\\":\\\"0.00\\\",\\\"iva_amount\\\":\\\"0.00\\\",\\\"created_at\\\":\\\"2022-08-22T22:25:47.000000Z\\\",\\\"updated_at\\\":\\\"2022-08-22T22:25:47.000000Z\\\",\\\"ordr\\\":5,\\\"deleted_at\\\":null,\\\"base\\\":\\\"0.00\\\",\\\"system_taxes\\\":{\\\"id\\\":5,\\\"created_at\\\":null,\\\"updated_at\\\":\\\"2020-04-16T13:33:23.000000Z\\\",\\\"name\\\":\\\"gravado al 5%\\\",\\\"apply_to\\\":\\\"iva\\\",\\\"ammount_permited\\\":1,\\\"percent_iva\\\":\\\"5.00\\\",\\\"taxable_iibb\\\":1,\\\"taxable_iva\\\":1,\\\"code\\\":8,\\\"status\\\":1,\\\"afip_alicuota_id\\\":8,\\\"plan_cuenta_id\\\":96,\\\"code_citi_alic_iva\\\":8}},{\\\"id\\\":13859,\\\"user_id\\\":7566,\\\"period_liquidation_id\\\":110,\\\"period_liquidation_iva_id\\\":57,\\\"period_id\\\":1524,\\\"person_id\\\":40720,\\\"activity_id\\\":1,\\\"iva_creditos_tipo_id\\\":14,\\\"type\\\":2,\\\"tax_id\\\":5,\\\"taxabled_amount\\\":\\\"0.00\\\",\\\"iva_amount\\\":\\\"0.00\\\",\\\"created_at\\\":\\\"2022-08-22T22:25:47.000000Z\\\",\\\"updated_at\\\":\\\"2022-08-22T22:25:47.000000Z\\\",\\\"ordr\\\":5,\\\"deleted_at\\\":null,\\\"base\\\":\\\"0.00\\\",\\\"system_taxes\\\":{\\\"id\\\":5,\\\"created_at\\\":null,\\\"updated_at\\\":\\\"2020-04-16T13:33:23.000000Z\\\",\\\"name\\\":\\\"gravado al 5%\\\",\\\"apply_to\\\":\\\"iva\\\",\\\"ammount_permited\\\":1,\\\"percent_iva\\\":\\\"5.00\\\",\\\"taxable_iibb\\\":1,\\\"taxable_iva\\\":1,\\\"code\\\":8,\\\"status\\\":1,\\\"afip_alicuota_id\\\":8,\\\"plan_cuenta_id\\\":96,\\\"code_citi_alic_iva\\\":8}},{\\\"id\\\":13860,\\\"user_id\\\":7566,\\\"period_liquidation_id\\\":110,\\\"period_liquidation_iva_id\\\":57,\\\"period_id\\\":1524,\\\"person_id\\\":40720,\\\"activity_id\\\":1,\\\"iva_creditos_tipo_id\\\":10,\\\"type\\\":2,\\\"tax_id\\\":5,\\\"taxabled_amount\\\":\\\"0.00\\\",\\\"iva_amount\\\":\\\"0.00\\\",\\\"created_at\\\":\\\"2022-08-22T22:25:47.000000Z\\\",\\\"updated_at\\\":\\\"2022-08-22T22:25:47.000000Z\\\",\\\"ordr\\\":5,\\\"deleted_at\\\":null,\\\"base\\\":\\\"0.00\\\",\\\"system_taxes\\\":{\\\"id\\\":5,\\\"created_at\\\":null,\\\"updated_at\\\":\\\"2020-04-16T13:33:23.000000Z\\\",\\\"name\\\":\\\"gravado al 5%\\\",\\\"apply_to\\\":\\\"iva\\\",\\\"ammount_permited\\\":1,\\\"percent_iva\\\":\\\"5.00\\\",\\\"taxable_iibb\\\":1,\\\"taxable_iva\\\":1,\\\"code\\\":8,\\\"status\\\":1,\\\"afip_alicuota_id\\\":8,\\\"plan_cuenta_id\\\":96,\\\"code_citi_alic_iva\\\":8}},{\\\"id\\\":13861,\\\"user_id\\\":7566,\\\"period_liquidation_id\\\":110,\\\"period_liquidation_iva_id\\\":57,\\\"period_id\\\":1524,\\\"person_id\\\":40720,\\\"activity_id\\\":1,\\\"iva_creditos_tipo_id\\\":4,\\\"type\\\":2,\\\"tax_id\\\":5,\\\"taxabled_amount\\\":\\\"0.00\\\",\\\"iva_amount\\\":\\\"0.00\\\",\\\"created_at\\\":\\\"2022-08-22T22:25:47.000000Z\\\",\\\"updated_at\\\":\\\"2022-08-22T22:25:47.000000Z\\\",\\\"ordr\\\":5,\\\"deleted_at\\\":null,\\\"base\\\":\\\"0.00\\\",\\\"system_taxes\\\":{\\\"id\\\":5,\\\"created_at\\\":null,\\\"updated_at\\\":\\\"2020-04-16T13:33:23.000000Z\\\",\\\"name\\\":\\\"gravado al 5%\\\",\\\"apply_to\\\":\\\"iva\\\",\\\"ammount_permited\\\":1,\\\"percent_iva\\\":\\\"5.00\\\",\\\"taxable_iibb\\\":1,\\\"taxable_iva\\\":1,\\\"code\\\":8,\\\"status\\\":1,\\\"afip_alicuota_id\\\":8,\\\"plan_cuenta_id\\\":96,\\\"code_citi_alic_iva\\\":8}},{\\\"id\\\":13862,\\\"user_id\\\":7566,\\\"period_liquidation_id\\\":110,\\\"period_liquidation_iva_id\\\":57,\\\"period_id\\\":1524,\\\"person_id\\\":40720,\\\"activity_id\\\":1,\\\"iva_creditos_tipo_id\\\":7,\\\"type\\\":2,\\\"tax_id\\\":5,\\\"taxabled_amount\\\":\\\"0.00\\\",\\\"iva_amount\\\":\\\"0.00\\\",\\\"created_at\\\":\\\"2022-08-22T22:25:47.000000Z\\\",\\\"updated_at\\\":\\\"2022-08-22T22:25:47.000000Z\\\",\\\"ordr\\\":5,\\\"deleted_at\\\":null,\\\"base\\\":\\\"0.00\\\",\\\"system_taxes\\\":{\\\"id\\\":5,\\\"created_at\\\":null,\\\"updated_at\\\":\\\"2020-04-16T13:33:23.000000Z\\\",\\\"name\\\":\\\"gravado al 5%\\\",\\\"apply_to\\\":\\\"iva\\\",\\\"ammount_permited\\\":1,\\\"percent_iva\\\":\\\"5.00\\\",\\\"taxable_iibb\\\":1,\\\"taxable_iva\\\":1,\\\"code\\\":8,\\\"status\\\":1,\\\"afip_alicuota_id\\\":8,\\\"plan_cuenta_id\\\":96,\\\"code_citi_alic_iva\\\":8}},{\\\"id\\\":13863,\\\"user_id\\\":7566,\\\"period_liquidation_id\\\":110,\\\"period_liquidation_iva_id\\\":57,\\\"period_id\\\":1524,\\\"person_id\\\":40720,\\\"activity_id\\\":1,\\\"iva_creditos_tipo_id\\\":11,\\\"type\\\":2,\\\"tax_id\\\":5,\\\"taxabled_amount\\\":\\\"0.00\\\",\\\"iva_amount\\\":\\\"0.00\\\",\\\"created_at\\\":\\\"2022-08-22T22:25:47.000000Z\\\",\\\"updated_at\\\":\\\"2022-08-22T22:25:47.000000Z\\\",\\\"ordr\\\":5,\\\"deleted_at\\\":null,\\\"base\\\":\\\"0.00\\\",\\\"system_taxes\\\":{\\\"id\\\":5,\\\"created_at\\\":null,\\\"updated_at\\\":\\\"2020-04-16T13:33:23.000000Z\\\",\\\"name\\\":\\\"gravado al 5%\\\",\\\"apply_to\\\":\\\"iva\\\",\\\"ammount_permited\\\":1,\\\"percent_iva\\\":\\\"5.00\\\",\\\"taxable_iibb\\\":1,\\\"taxable_iva\\\":1,\\\"code\\\":8,\\\"status\\\":1,\\\"afip_alicuota_id\\\":8,\\\"plan_cuenta_id\\\":96,\\\"code_citi_alic_iva\\\":8}},{\\\"id\\\":13864,\\\"user_id\\\":7566,\\\"period_liquidation_id\\\":110,\\\"period_liquidation_iva_id\\\":57,\\\"period_id\\\":1524,\\\"person_id\\\":40720,\\\"activity_id\\\":1,\\\"iva_creditos_tipo_id\\\":1,\\\"type\\\":2,\\\"tax_id\\\":5,\\\"taxabled_amount\\\":\\\"0.00\\\",\\\"iva_amount\\\":\\\"0.00\\\",\\\"created_at\\\":\\\"2022-08-22T22:25:47.000000Z\\\",\\\"updated_at\\\":\\\"2022-08-22T22:25:47.000000Z\\\",\\\"ordr\\\":5,\\\"deleted_at\\\":null,\\\"base\\\":\\\"0.00\\\",\\\"system_taxes\\\":{\\\"id\\\":5,\\\"created_at\\\":null,\\\"updated_at\\\":\\\"2020-04-16T13:33:23.000000Z\\\",\\\"name\\\":\\\"gravado al 5%\\\",\\\"apply_to\\\":\\\"iva\\\",\\\"ammount_permited\\\":1,\\\"percent_iva\\\":\\\"5.00\\\",\\\"taxable_iibb\\\":1,\\\"taxable_iva\\\":1,\\\"code\\\":8,\\\"status\\\":1,\\\"afip_alicuota_id\\\":8,\\\"plan_cuenta_id\\\":96,\\\"code_citi_alic_iva\\\":8}},{\\\"id\\\":13865,\\\"user_id\\\":7566,\\\"period_liquidation_id\\\":110,\\\"period_liquidation_iva_id\\\":57,\\\"period_id\\\":1524,\\\"person_id\\\":40720,\\\"activity_id\\\":1,\\\"iva_creditos_tipo_id\\\":8,\\\"type\\\":2,\\\"tax_id\\\":5,\\\"taxabled_amount\\\":\\\"0.00\\\",\\\"iva_amount\\\":\\\"0.00\\\",\\\"created_at\\\":\\\"2022-08-22T22:25:47.000000Z\\\",\\\"updated_at\\\":\\\"2022-08-22T22:25:47.000000Z\\\",\\\"ordr\\\":5,\\\"deleted_at\\\":null,\\\"base\\\":\\\"0.00\\\",\\\"system_taxes\\\":{\\\"id\\\":5,\\\"created_at\\\":null,\\\"updated_at\\\":\\\"2020-04-16T13:33:23.000000Z\\\",\\\"name\\\":\\\"gravado al 5%\\\",\\\"apply_to\\\":\\\"iva\\\",\\\"ammount_permited\\\":1,\\\"percent_iva\\\":\\\"5.00\\\",\\\"taxable_iibb\\\":1,\\\"taxable_iva\\\":1,\\\"code\\\":8,\\\"status\\\":1,\\\"afip_alicuota_id\\\":8,\\\"plan_cuenta_id\\\":96,\\\"code_citi_alic_iva\\\":8}},{\\\"id\\\":13866,\\\"user_id\\\":7566,\\\"period_liquidation_id\\\":110,\\\"period_liquidation_iva_id\\\":57,\\\"period_id\\\":1524,\\\"person_id\\\":40720,\\\"activity_id\\\":1,\\\"iva_creditos_tipo_id\\\":12,\\\"type\\\":2,\\\"tax_id\\\":5,\\\"taxabled_amount\\\":\\\"0.00\\\",\\\"iva_amount\\\":\\\"0.00\\\",\\\"created_at\\\":\\\"2022-08-22T22:25:47.000000Z\\\",\\\"updated_at\\\":\\\"2022-08-22T22:25:47.000000Z\\\",\\\"ordr\\\":5,\\\"deleted_at\\\":null,\\\"base\\\":\\\"0.00\\\",\\\"system_taxes\\\":{\\\"id\\\":5,\\\"created_at\\\":null,\\\"updated_at\\\":\\\"2020-04-16T13:33:23.000000Z\\\",\\\"name\\\":\\\"gravado al 5%\\\",\\\"apply_to\\\":\\\"iva\\\",\\\"ammount_permited\\\":1,\\\"percent_iva\\\":\\\"5.00\\\",\\\"taxable_iibb\\\":1,\\\"taxable_iva\\\":1,\\\"code\\\":8,\\\"status\\\":1,\\\"afip_alicuota_id\\\":8,\\\"plan_cuenta_id\\\":96,\\\"code_citi_alic_iva\\\":8}},{\\\"id\\\":13867,\\\"user_id\\\":7566,\\\"period_liquidation_id\\\":110,\\\"period_liquidation_iva_id\\\":57,\\\"period_id\\\":1524,\\\"person_id\\\":40720,\\\"activity_id\\\":1,\\\"iva_creditos_tipo_id\\\":6,\\\"type\\\":2,\\\"tax_id\\\":4,\\\"taxabled_amount\\\":\\\"0.00\\\",\\\"iva_amount\\\":\\\"0.00\\\",\\\"created_at\\\":\\\"2022-08-22T22:25:47.000000Z\\\",\\\"updated_at\\\":\\\"2022-08-22T22:25:47.000000Z\\\",\\\"ordr\\\":5,\\\"deleted_at\\\":null,\\\"base\\\":\\\"0.00\\\",\\\"system_taxes\\\":{\\\"id\\\":4,\\\"created_at\\\":null,\\\"updated_at\\\":\\\"2020-04-16T13:33:23.000000Z\\\",\\\"name\\\":\\\"gravado al 2,5%\\\",\\\"apply_to\\\":\\\"iva\\\",\\\"ammount_permited\\\":1,\\\"percent_iva\\\":\\\"2.50\\\",\\\"taxable_iibb\\\":1,\\\"taxable_iva\\\":1,\\\"code\\\":9,\\\"status\\\":1,\\\"afip_alicuota_id\\\":9,\\\"plan_cuenta_id\\\":96,\\\"code_citi_alic_iva\\\":9}},{\\\"id\\\":13868,\\\"user_id\\\":7566,\\\"period_liquidation_id\\\":110,\\\"period_liquidation_iva_id\\\":57,\\\"period_id\\\":1524,\\\"person_id\\\":40720,\\\"activity_id\\\":1,\\\"iva_creditos_tipo_id\\\":14,\\\"type\\\":2,\\\"tax_id\\\":4,\\\"taxabled_amount\\\":\\\"0.00\\\",\\\"iva_amount\\\":\\\"0.00\\\",\\\"created_at\\\":\\\"2022-08-22T22:25:47.000000Z\\\",\\\"updated_at\\\":\\\"2022-08-22T22:25:47.000000Z\\\",\\\"ordr\\\":5,\\\"deleted_at\\\":null,\\\"base\\\":\\\"0.00\\\",\\\"system_taxes\\\":{\\\"id\\\":4,\\\"created_at\\\":null,\\\"updated_at\\\":\\\"2020-04-16T13:33:23.000000Z\\\",\\\"name\\\":\\\"gravado al 2,5%\\\",\\\"apply_to\\\":\\\"iva\\\",\\\"ammount_permited\\\":1,\\\"percent_iva\\\":\\\"2.50\\\",\\\"taxable_iibb\\\":1,\\\"taxable_iva\\\":1,\\\"code\\\":9,\\\"status\\\":1,\\\"afip_alicuota_id\\\":9,\\\"plan_cuenta_id\\\":96,\\\"code_citi_alic_iva\\\":9}},{\\\"id\\\":13869,\\\"user_id\\\":7566,\\\"period_liquidation_id\\\":110,\\\"period_liquidation_iva_id\\\":57,\\\"period_id\\\":1524,\\\"person_id\\\":40720,\\\"activity_id\\\":1,\\\"iva_creditos_tipo_id\\\":10,\\\"type\\\":2,\\\"tax_id\\\":4,\\\"taxabled_amount\\\":\\\"0.00\\\",\\\"iva_amount\\\":\\\"0.00\\\",\\\"created_at\\\":\\\"2022-08-22T22:25:47.000000Z\\\",\\\"updated_at\\\":\\\"2022-08-22T22:25:47.000000Z\\\",\\\"ordr\\\":5,\\\"deleted_at\\\":null,\\\"base\\\":\\\"0.00\\\",\\\"system_taxes\\\":{\\\"id\\\":4,\\\"created_at\\\":null,\\\"updated_at\\\":\\\"2020-04-16T13:33:23.000000Z\\\",\\\"name\\\":\\\"gravado al 2,5%\\\",\\\"apply_to\\\":\\\"iva\\\",\\\"ammount_permited\\\":1,\\\"percent_iva\\\":\\\"2.50\\\",\\\"taxable_iibb\\\":1,\\\"taxable_iva\\\":1,\\\"code\\\":9,\\\"status\\\":1,\\\"afip_alicuota_id\\\":9,\\\"plan_cuenta_id\\\":96,\\\"code_citi_alic_iva\\\":9}},{\\\"id\\\":13870,\\\"user_id\\\":7566,\\\"period_liquidation_id\\\":110,\\\"period_liquidation_iva_id\\\":57,\\\"period_id\\\":1524,\\\"person_id\\\":40720,\\\"activity_id\\\":1,\\\"iva_creditos_tipo_id\\\":4,\\\"type\\\":2,\\\"tax_id\\\":4,\\\"taxabled_amount\\\":\\\"0.00\\\",\\\"iva_amount\\\":\\\"0.00\\\",\\\"created_at\\\":\\\"2022-08-22T22:25:47.000000Z\\\",\\\"updated_at\\\":\\\"2022-08-22T22:25:47.000000Z\\\",\\\"ordr\\\":5,\\\"deleted_at\\\":null,\\\"base\\\":\\\"0.00\\\",\\\"system_taxes\\\":{\\\"id\\\":4,\\\"created_at\\\":null,\\\"updated_at\\\":\\\"2020-04-16T13:33:23.000000Z\\\",\\\"name\\\":\\\"gravado al 2,5%\\\",\\\"apply_to\\\":\\\"iva\\\",\\\"ammount_permited\\\":1,\\\"percent_iva\\\":\\\"2.50\\\",\\\"taxable_iibb\\\":1,\\\"taxable_iva\\\":1,\\\"code\\\":9,\\\"status\\\":1,\\\"afip_alicuota_id\\\":9,\\\"plan_cuenta_id\\\":96,\\\"code_citi_alic_iva\\\":9}},{\\\"id\\\":13871,\\\"user_id\\\":7566,\\\"period_liquidation_id\\\":110,\\\"period_liquidation_iva_id\\\":57,\\\"period_id\\\":1524,\\\"person_id\\\":40720,\\\"activity_id\\\":1,\\\"iva_creditos_tipo_id\\\":7,\\\"type\\\":2,\\\"tax_id\\\":4,\\\"taxabled_amount\\\":\\\"0.00\\\",\\\"iva_amount\\\":\\\"0.00\\\",\\\"created_at\\\":\\\"2022-08-22T22:25:47.000000Z\\\",\\\"updated_at\\\":\\\"2022-08-22T22:25:47.000000Z\\\",\\\"ordr\\\":5,\\\"deleted_at\\\":null,\\\"base\\\":\\\"0.00\\\",\\\"system_taxes\\\":{\\\"id\\\":4,\\\"created_at\\\":null,\\\"updated_at\\\":\\\"2020-04-16T13:33:23.000000Z\\\",\\\"name\\\":\\\"gravado al 2,5%\\\",\\\"apply_to\\\":\\\"iva\\\",\\\"ammount_permited\\\":1,\\\"percent_iva\\\":\\\"2.50\\\",\\\"taxable_iibb\\\":1,\\\"taxable_iva\\\":1,\\\"code\\\":9,\\\"status\\\":1,\\\"afip_alicuota_id\\\":9,\\\"plan_cuenta_id\\\":96,\\\"code_citi_alic_iva\\\":9}},{\\\"id\\\":13872,\\\"user_id\\\":7566,\\\"period_liquidation_id\\\":110,\\\"period_liquidation_iva_id\\\":57,\\\"period_id\\\":1524,\\\"person_id\\\":40720,\\\"activity_id\\\":1,\\\"iva_creditos_tipo_id\\\":11,\\\"type\\\":2,\\\"tax_id\\\":4,\\\"taxabled_amount\\\":\\\"0.00\\\",\\\"iva_amount\\\":\\\"0.00\\\",\\\"created_at\\\":\\\"2022-08-22T22:25:47.000000Z\\\",\\\"updated_at\\\":\\\"2022-08-22T22:25:47.000000Z\\\",\\\"ordr\\\":5,\\\"deleted_at\\\":null,\\\"base\\\":\\\"0.00\\\",\\\"system_taxes\\\":{\\\"id\\\":4,\\\"created_at\\\":null,\\\"updated_at\\\":\\\"2020-04-16T13:33:23.000000Z\\\",\\\"name\\\":\\\"gravado al 2,5%\\\",\\\"apply_to\\\":\\\"iva\\\",\\\"ammount_permited\\\":1,\\\"percent_iva\\\":\\\"2.50\\\",\\\"taxable_iibb\\\":1,\\\"taxable_iva\\\":1,\\\"code\\\":9,\\\"status\\\":1,\\\"afip_alicuota_id\\\":9,\\\"plan_cuenta_id\\\":96,\\\"code_citi_alic_iva\\\":9}},{\\\"id\\\":13873,\\\"user_id\\\":7566,\\\"period_liquidation_id\\\":110,\\\"period_liquidation_iva_id\\\":57,\\\"period_id\\\":1524,\\\"person_id\\\":40720,\\\"activity_id\\\":1,\\\"iva_creditos_tipo_id\\\":1,\\\"type\\\":2,\\\"tax_id\\\":4,\\\"taxabled_amount\\\":\\\"0.00\\\",\\\"iva_amount\\\":\\\"0.00\\\",\\\"created_at\\\":\\\"2022-08-22T22:25:47.000000Z\\\",\\\"updated_at\\\":\\\"2022-08-22T22:25:47.000000Z\\\",\\\"ordr\\\":5,\\\"deleted_at\\\":null,\\\"base\\\":\\\"0.00\\\",\\\"system_taxes\\\":{\\\"id\\\":4,\\\"created_at\\\":null,\\\"updated_at\\\":\\\"2020-04-16T13:33:23.000000Z\\\",\\\"name\\\":\\\"gravado al 2,5%\\\",\\\"apply_to\\\":\\\"iva\\\",\\\"ammount_permited\\\":1,\\\"percent_iva\\\":\\\"2.50\\\",\\\"taxable_iibb\\\":1,\\\"taxable_iva\\\":1,\\\"code\\\":9,\\\"status\\\":1,\\\"afip_alicuota_id\\\":9,\\\"plan_cuenta_id\\\":96,\\\"code_citi_alic_iva\\\":9}},{\\\"id\\\":13874,\\\"user_id\\\":7566,\\\"period_liquidation_id\\\":110,\\\"period_liquidation_iva_id\\\":57,\\\"period_id\\\":1524,\\\"person_id\\\":40720,\\\"activity_id\\\":1,\\\"iva_creditos_tipo_id\\\":8,\\\"type\\\":2,\\\"tax_id\\\":4,\\\"taxabled_amount\\\":\\\"0.00\\\",\\\"iva_amount\\\":\\\"0.00\\\",\\\"created_at\\\":\\\"2022-08-22T22:25:47.000000Z\\\",\\\"updated_at\\\":\\\"2022-08-22T22:25:47.000000Z\\\",\\\"ordr\\\":5,\\\"deleted_at\\\":null,\\\"base\\\":\\\"0.00\\\",\\\"system_taxes\\\":{\\\"id\\\":4,\\\"created_at\\\":null,\\\"updated_at\\\":\\\"2020-04-16T13:33:23.000000Z\\\",\\\"name\\\":\\\"gravado al 2,5%\\\",\\\"apply_to\\\":\\\"iva\\\",\\\"ammount_permited\\\":1,\\\"percent_iva\\\":\\\"2.50\\\",\\\"taxable_iibb\\\":1,\\\"taxable_iva\\\":1,\\\"code\\\":9,\\\"status\\\":1,\\\"afip_alicuota_id\\\":9,\\\"plan_cuenta_id\\\":96,\\\"code_citi_alic_iva\\\":9}},{\\\"id\\\":13875,\\\"user_id\\\":7566,\\\"period_liquidation_id\\\":110,\\\"period_liquidation_iva_id\\\":57,\\\"period_id\\\":1524,\\\"person_id\\\":40720,\\\"activity_id\\\":1,\\\"iva_creditos_tipo_id\\\":12,\\\"type\\\":2,\\\"tax_id\\\":4,\\\"taxabled_amount\\\":\\\"0.00\\\",\\\"iva_amount\\\":\\\"0.00\\\",\\\"created_at\\\":\\\"2022-08-22T22:25:47.000000Z\\\",\\\"updated_at\\\":\\\"2022-08-22T22:25:47.000000Z\\\",\\\"ordr\\\":5,\\\"deleted_at\\\":null,\\\"base\\\":\\\"0.00\\\",\\\"system_taxes\\\":{\\\"id\\\":4,\\\"created_at\\\":null,\\\"updated_at\\\":\\\"2020-04-16T13:33:23.000000Z\\\",\\\"name\\\":\\\"gravado al 2,5%\\\",\\\"apply_to\\\":\\\"iva\\\",\\\"ammount_permited\\\":1,\\\"percent_iva\\\":\\\"2.50\\\",\\\"taxable_iibb\\\":1,\\\"taxable_iva\\\":1,\\\"code\\\":9,\\\"status\\\":1,\\\"afip_alicuota_id\\\":9,\\\"plan_cuenta_id\\\":96,\\\"code_citi_alic_iva\\\":9}},{\\\"id\\\":13876,\\\"user_id\\\":7566,\\\"period_liquidation_id\\\":110,\\\"period_liquidation_iva_id\\\":57,\\\"period_id\\\":1524,\\\"person_id\\\":40720,\\\"activity_id\\\":1,\\\"iva_creditos_tipo_id\\\":2,\\\"type\\\":2,\\\"tax_id\\\":4,\\\"taxabled_amount\\\":\\\"0.00\\\",\\\"iva_amount\\\":\\\"0.00\\\",\\\"created_at\\\":\\\"2022-08-22T22:25:47.000000Z\\\",\\\"updated_at\\\":\\\"2022-08-22T22:25:47.000000Z\\\",\\\"ordr\\\":5,\\\"deleted_at\\\":null,\\\"base\\\":\\\"0.00\\\",\\\"system_taxes\\\":{\\\"id\\\":4,\\\"created_at\\\":null,\\\"updated_at\\\":\\\"2020-04-16T13:33:23.000000Z\\\",\\\"name\\\":\\\"gravado al 2,5%\\\",\\\"apply_to\\\":\\\"iva\\\",\\\"ammount_permited\\\":1,\\\"percent_iva\\\":\\\"2.50\\\",\\\"taxable_iibb\\\":1,\\\"taxable_iva\\\":1,\\\"code\\\":9,\\\"status\\\":1,\\\"afip_alicuota_id\\\":9,\\\"plan_cuenta_id\\\":96,\\\"code_citi_alic_iva\\\":9}},{\\\"id\\\":13877,\\\"user_id\\\":7566,\\\"period_liquidation_id\\\":110,\\\"period_liquidation_iva_id\\\":57,\\\"period_id\\\":1524,\\\"person_id\\\":40720,\\\"activity_id\\\":1,\\\"iva_creditos_tipo_id\\\":13,\\\"type\\\":2,\\\"tax_id\\\":4,\\\"taxabled_amount\\\":\\\"0.00\\\",\\\"iva_amount\\\":\\\"0.00\\\",\\\"created_at\\\":\\\"2022-08-22T22:25:47.000000Z\\\",\\\"updated_at\\\":\\\"2022-08-22T22:25:47.000000Z\\\",\\\"ordr\\\":5,\\\"deleted_at\\\":null,\\\"base\\\":\\\"0.00\\\",\\\"system_taxes\\\":{\\\"id\\\":4,\\\"created_at\\\":null,\\\"updated_at\\\":\\\"2020-04-16T13:33:23.000000Z\\\",\\\"name\\\":\\\"gravado al 2,5%\\\",\\\"apply_to\\\":\\\"iva\\\",\\\"ammount_permited\\\":1,\\\"percent_iva\\\":\\\"2.50\\\",\\\"taxable_iibb\\\":1,\\\"taxable_iva\\\":1,\\\"code\\\":9,\\\"status\\\":1,\\\"afip_alicuota_id\\\":9,\\\"plan_cuenta_id\\\":96,\\\"code_citi_alic_iva\\\":9}},{\\\"id\\\":13878,\\\"user_id\\\":7566,\\\"period_liquidation_id\\\":110,\\\"period_liquidation_iva_id\\\":57,\\\"period_id\\\":1524,\\\"person_id\\\":40720,\\\"activity_id\\\":1,\\\"iva_creditos_tipo_id\\\":9,\\\"type\\\":2,\\\"tax_id\\\":4,\\\"taxabled_amount\\\":\\\"0.00\\\",\\\"iva_amount\\\":\\\"0.00\\\",\\\"created_at\\\":\\\"2022-08-22T22:25:47.000000Z\\\",\\\"updated_at\\\":\\\"2022-08-22T22:25:47.000000Z\\\",\\\"ordr\\\":5,\\\"deleted_at\\\":null,\\\"base\\\":\\\"0.00\\\",\\\"system_taxes\\\":{\\\"id\\\":4,\\\"created_at\\\":null,\\\"updated_at\\\":\\\"2020-04-16T13:33:23.000000Z\\\",\\\"name\\\":\\\"gravado al 2,5%\\\",\\\"apply_to\\\":\\\"iva\\\",\\\"ammount_permited\\\":1,\\\"percent_iva\\\":\\\"2.50\\\",\\\"taxable_iibb\\\":1,\\\"taxable_iva\\\":1,\\\"code\\\":9,\\\"status\\\":1,\\\"afip_alicuota_id\\\":9,\\\"plan_cuenta_id\\\":96,\\\"code_citi_alic_iva\\\":9}},{\\\"id\\\":13879,\\\"user_id\\\":7566,\\\"period_liquidation_id\\\":110,\\\"period_liquidation_iva_id\\\":57,\\\"period_id\\\":1524,\\\"person_id\\\":40720,\\\"activity_id\\\":1,\\\"iva_creditos_tipo_id\\\":5,\\\"type\\\":2,\\\"tax_id\\\":4,\\\"taxabled_amount\\\":\\\"0.00\\\",\\\"iva_amount\\\":\\\"0.00\\\",\\\"created_at\\\":\\\"2022-08-22T22:25:47.000000Z\\\",\\\"updated_at\\\":\\\"2022-08-22T22:25:47.000000Z\\\",\\\"ordr\\\":5,\\\"deleted_at\\\":null,\\\"base\\\":\\\"0.00\\\",\\\"system_taxes\\\":{\\\"id\\\":4,\\\"created_at\\\":null,\\\"updated_at\\\":\\\"2020-04-16T13:33:23.000000Z\\\",\\\"name\\\":\\\"gravado al 2,5%\\\",\\\"apply_to\\\":\\\"iva\\\",\\\"ammount_permited\\\":1,\\\"percent_iva\\\":\\\"2.50\\\",\\\"taxable_iibb\\\":1,\\\"taxable_iva\\\":1,\\\"code\\\":9,\\\"status\\\":1,\\\"afip_alicuota_id\\\":9,\\\"plan_cuenta_id\\\":96,\\\"code_citi_alic_iva\\\":9}},{\\\"id\\\":13880,\\\"user_id\\\":7566,\\\"period_liquidation_id\\\":110,\\\"period_liquidation_iva_id\\\":57,\\\"period_id\\\":1524,\\\"person_id\\\":40720,\\\"activity_id\\\":1,\\\"iva_creditos_tipo_id\\\":3,\\\"type\\\":2,\\\"tax_id\\\":4,\\\"taxabled_amount\\\":\\\"0.00\\\",\\\"iva_amount\\\":\\\"0.00\\\",\\\"created_at\\\":\\\"2022-08-22T22:25:47.000000Z\\\",\\\"updated_at\\\":\\\"2022-08-22T22:25:47.000000Z\\\",\\\"ordr\\\":5,\\\"deleted_at\\\":null,\\\"base\\\":\\\"0.00\\\",\\\"system_taxes\\\":{\\\"id\\\":4,\\\"created_at\\\":null,\\\"updated_at\\\":\\\"2020-04-16T13:33:23.000000Z\\\",\\\"name\\\":\\\"gravado al 2,5%\\\",\\\"apply_to\\\":\\\"iva\\\",\\\"ammount_permited\\\":1,\\\"percent_iva\\\":\\\"2.50\\\",\\\"taxable_iibb\\\":1,\\\"taxable_iva\\\":1,\\\"code\\\":9,\\\"status\\\":1,\\\"afip_alicuota_id\\\":9,\\\"plan_cuenta_id\\\":96,\\\"code_citi_alic_iva\\\":9}},{\\\"id\\\":13881,\\\"user_id\\\":7566,\\\"period_liquidation_id\\\":110,\\\"period_liquidation_iva_id\\\":57,\\\"period_id\\\":1524,\\\"person_id\\\":40720,\\\"activity_id\\\":1,\\\"iva_creditos_tipo_id\\\":1,\\\"type\\\":2,\\\"tax_id\\\":6,\\\"taxabled_amount\\\":\\\"0.00\\\",\\\"iva_amount\\\":\\\"0.00\\\",\\\"created_at\\\":\\\"2022-08-22T22:25:47.000000Z\\\",\\\"updated_at\\\":\\\"2022-08-22T22:25:47.000000Z\\\",\\\"ordr\\\":5,\\\"deleted_at\\\":null,\\\"base\\\":\\\"0.00\\\",\\\"system_taxes\\\":{\\\"id\\\":6,\\\"created_at\\\":null,\\\"updated_at\\\":\\\"2020-04-16T13:33:23.000000Z\\\",\\\"name\\\":\\\"gravado al 0%\\\",\\\"apply_to\\\":\\\"iva\\\",\\\"ammount_permited\\\":1,\\\"percent_iva\\\":\\\"0.00\\\",\\\"taxable_iibb\\\":1,\\\"taxable_iva\\\":1,\\\"code\\\":3,\\\"status\\\":1,\\\"afip_alicuota_id\\\":3,\\\"plan_cuenta_id\\\":218,\\\"code_citi_alic_iva\\\":3}},{\\\"id\\\":13882,\\\"user_id\\\":7566,\\\"period_liquidation_id\\\":110,\\\"period_liquidation_iva_id\\\":57,\\\"period_id\\\":1524,\\\"person_id\\\":40720,\\\"activity_id\\\":1,\\\"iva_creditos_tipo_id\\\":4,\\\"type\\\":2,\\\"tax_id\\\":7,\\\"taxabled_amount\\\":\\\"0.00\\\",\\\"iva_amount\\\":\\\"0.00\\\",\\\"created_at\\\":\\\"2022-08-22T22:25:47.000000Z\\\",\\\"updated_at\\\":\\\"2022-08-22T22:25:47.000000Z\\\",\\\"ordr\\\":5,\\\"deleted_at\\\":null,\\\"base\\\":\\\"0.00\\\",\\\"system_taxes\\\":{\\\"id\\\":7,\\\"created_at\\\":null,\\\"updated_at\\\":\\\"2020-04-16T13:33:23.000000Z\\\",\\\"name\\\":\\\"no gravado\\\",\\\"apply_to\\\":\\\"iva\\\",\\\"ammount_permited\\\":1,\\\"percent_iva\\\":\\\"0.00\\\",\\\"taxable_iibb\\\":1,\\\"taxable_iva\\\":1,\\\"code\\\":1,\\\"status\\\":1,\\\"afip_alicuota_id\\\":1,\\\"plan_cuenta_id\\\":218,\\\"code_citi_alic_iva\\\":3}},{\\\"id\\\":13883,\\\"user_id\\\":7566,\\\"period_liquidation_id\\\":110,\\\"period_liquidation_iva_id\\\":57,\\\"period_id\\\":1524,\\\"person_id\\\":40720,\\\"activity_id\\\":1,\\\"iva_creditos_tipo_id\\\":8,\\\"type\\\":2,\\\"tax_id\\\":6,\\\"taxabled_amount\\\":\\\"0.00\\\",\\\"iva_amount\\\":\\\"0.00\\\",\\\"created_at\\\":\\\"2022-08-22T22:25:47.000000Z\\\",\\\"updated_at\\\":\\\"2022-08-22T22:25:47.000000Z\\\",\\\"ordr\\\":5,\\\"deleted_at\\\":null,\\\"base\\\":\\\"0.00\\\",\\\"system_taxes\\\":{\\\"id\\\":6,\\\"created_at\\\":null,\\\"updated_at\\\":\\\"2020-04-16T13:33:23.000000Z\\\",\\\"name\\\":\\\"gravado al 0%\\\",\\\"apply_to\\\":\\\"iva\\\",\\\"ammount_permited\\\":1,\\\"percent_iva\\\":\\\"0.00\\\",\\\"taxable_iibb\\\":1,\\\"taxable_iva\\\":1,\\\"code\\\":3,\\\"status\\\":1,\\\"afip_alicuota_id\\\":3,\\\"plan_cuenta_id\\\":218,\\\"code_citi_alic_iva\\\":3}},{\\\"id\\\":13884,\\\"user_id\\\":7566,\\\"period_liquidation_id\\\":110,\\\"period_liquidation_iva_id\\\":57,\\\"period_id\\\":1524,\\\"person_id\\\":40720,\\\"activity_id\\\":1,\\\"iva_creditos_tipo_id\\\":3,\\\"type\\\":2,\\\"tax_id\\\":8,\\\"taxabled_amount\\\":\\\"0.00\\\",\\\"iva_amount\\\":\\\"0.00\\\",\\\"created_at\\\":\\\"2022-08-22T22:25:47.000000Z\\\",\\\"updated_at\\\":\\\"2022-08-22T22:25:47.000000Z\\\",\\\"ordr\\\":5,\\\"deleted_at\\\":null,\\\"base\\\":\\\"0.00\\\",\\\"system_taxes\\\":{\\\"id\\\":8,\\\"created_at\\\":null,\\\"updated_at\\\":\\\"2020-04-16T13:33:23.000000Z\\\",\\\"name\\\":\\\"Exento\\\",\\\"apply_to\\\":\\\"iva\\\",\\\"ammount_permited\\\":1,\\\"percent_iva\\\":\\\"0.00\\\",\\\"taxable_iibb\\\":1,\\\"taxable_iva\\\":1,\\\"code\\\":2,\\\"status\\\":1,\\\"afip_alicuota_id\\\":2,\\\"plan_cuenta_id\\\":218,\\\"code_citi_alic_iva\\\":3}},{\\\"id\\\":13885,\\\"user_id\\\":7566,\\\"period_liquidation_id\\\":110,\\\"period_liquidation_iva_id\\\":57,\\\"period_id\\\":1524,\\\"person_id\\\":40720,\\\"activity_id\\\":1,\\\"iva_creditos_tipo_id\\\":12,\\\"type\\\":2,\\\"tax_id\\\":6,\\\"taxabled_amount\\\":\\\"0.00\\\",\\\"iva_amount\\\":\\\"0.00\\\",\\\"created_at\\\":\\\"2022-08-22T22:25:47.000000Z\\\",\\\"updated_at\\\":\\\"2022-08-22T22:25:47.000000Z\\\",\\\"ordr\\\":5,\\\"deleted_at\\\":null,\\\"base\\\":\\\"0.00\\\",\\\"system_taxes\\\":{\\\"id\\\":6,\\\"created_at\\\":null,\\\"updated_at\\\":\\\"2020-04-16T13:33:23.000000Z\\\",\\\"name\\\":\\\"gravado al 0%\\\",\\\"apply_to\\\":\\\"iva\\\",\\\"ammount_permited\\\":1,\\\"percent_iva\\\":\\\"0.00\\\",\\\"taxable_iibb\\\":1,\\\"taxable_iva\\\":1,\\\"code\\\":3,\\\"status\\\":1,\\\"afip_alicuota_id\\\":3,\\\"plan_cuenta_id\\\":218,\\\"code_citi_alic_iva\\\":3}},{\\\"id\\\":13886,\\\"user_id\\\":7566,\\\"period_liquidation_id\\\":110,\\\"period_liquidation_iva_id\\\":57,\\\"period_id\\\":1524,\\\"person_id\\\":40720,\\\"activity_id\\\":1,\\\"iva_creditos_tipo_id\\\":7,\\\"type\\\":2,\\\"tax_id\\\":7,\\\"taxabled_amount\\\":\\\"0.00\\\",\\\"iva_amount\\\":\\\"0.00\\\",\\\"created_at\\\":\\\"2022-08-22T22:25:47.000000Z\\\",\\\"updated_at\\\":\\\"2022-08-22T22:25:47.000000Z\\\",\\\"ordr\\\":5,\\\"deleted_at\\\":null,\\\"base\\\":\\\"0.00\\\",\\\"system_taxes\\\":{\\\"id\\\":7,\\\"created_at\\\":null,\\\"updated_at\\\":\\\"2020-04-16T13:33:23.000000Z\\\",\\\"name\\\":\\\"no gravado\\\",\\\"apply_to\\\":\\\"iva\\\",\\\"ammount_permited\\\":1,\\\"percent_iva\\\":\\\"0.00\\\",\\\"taxable_iibb\\\":1,\\\"taxable_iva\\\":1,\\\"code\\\":1,\\\"status\\\":1,\\\"afip_alicuota_id\\\":1,\\\"plan_cuenta_id\\\":218,\\\"code_citi_alic_iva\\\":3}},{\\\"id\\\":13887,\\\"user_id\\\":7566,\\\"period_liquidation_id\\\":110,\\\"period_liquidation_iva_id\\\":57,\\\"period_id\\\":1524,\\\"person_id\\\":40720,\\\"activity_id\\\":1,\\\"iva_creditos_tipo_id\\\":11,\\\"type\\\":2,\\\"tax_id\\\":7,\\\"taxabled_amount\\\":\\\"0.00\\\",\\\"iva_amount\\\":\\\"0.00\\\",\\\"created_at\\\":\\\"2022-08-22T22:25:47.000000Z\\\",\\\"updated_at\\\":\\\"2022-08-22T22:25:47.000000Z\\\",\\\"ordr\\\":5,\\\"deleted_at\\\":null,\\\"base\\\":\\\"0.00\\\",\\\"system_taxes\\\":{\\\"id\\\":7,\\\"created_at\\\":null,\\\"updated_at\\\":\\\"2020-04-16T13:33:23.000000Z\\\",\\\"name\\\":\\\"no gravado\\\",\\\"apply_to\\\":\\\"iva\\\",\\\"ammount_permited\\\":1,\\\"percent_iva\\\":\\\"0.00\\\",\\\"taxable_iibb\\\":1,\\\"taxable_iva\\\":1,\\\"code\\\":1,\\\"status\\\":1,\\\"afip_alicuota_id\\\":1,\\\"plan_cuenta_id\\\":218,\\\"code_citi_alic_iva\\\":3}},{\\\"id\\\":13888,\\\"user_id\\\":7566,\\\"period_liquidation_id\\\":110,\\\"period_liquidation_iva_id\\\":57,\\\"period_id\\\":1524,\\\"person_id\\\":40720,\\\"activity_id\\\":1,\\\"iva_creditos_tipo_id\\\":6,\\\"type\\\":2,\\\"tax_id\\\":8,\\\"taxabled_amount\\\":\\\"0.00\\\",\\\"iva_amount\\\":\\\"0.00\\\",\\\"created_at\\\":\\\"2022-08-22T22:25:47.000000Z\\\",\\\"updated_at\\\":\\\"2022-08-22T22:25:47.000000Z\\\",\\\"ordr\\\":5,\\\"deleted_at\\\":null,\\\"base\\\":\\\"0.00\\\",\\\"system_taxes\\\":{\\\"id\\\":8,\\\"created_at\\\":null,\\\"updated_at\\\":\\\"2020-04-16T13:33:23.000000Z\\\",\\\"name\\\":\\\"Exento\\\",\\\"apply_to\\\":\\\"iva\\\",\\\"ammount_permited\\\":1,\\\"percent_iva\\\":\\\"0.00\\\",\\\"taxable_iibb\\\":1,\\\"taxable_iva\\\":1,\\\"code\\\":2,\\\"status\\\":1,\\\"afip_alicuota_id\\\":2,\\\"plan_cuenta_id\\\":218,\\\"code_citi_alic_iva\\\":3}},{\\\"id\\\":13889,\\\"user_id\\\":7566,\\\"period_liquidation_id\\\":110,\\\"period_liquidation_iva_id\\\":57,\\\"period_id\\\":1524,\\\"person_id\\\":40720,\\\"activity_id\\\":1,\\\"iva_creditos_tipo_id\\\":14,\\\"type\\\":2,\\\"tax_id\\\":8,\\\"taxabled_amount\\\":\\\"0.00\\\",\\\"iva_amount\\\":\\\"0.00\\\",\\\"created_at\\\":\\\"2022-08-22T22:25:47.000000Z\\\",\\\"updated_at\\\":\\\"2022-08-22T22:25:47.000000Z\\\",\\\"ordr\\\":5,\\\"deleted_at\\\":null,\\\"base\\\":\\\"0.00\\\",\\\"system_taxes\\\":{\\\"id\\\":8,\\\"created_at\\\":null,\\\"updated_at\\\":\\\"2020-04-16T13:33:23.000000Z\\\",\\\"name\\\":\\\"Exento\\\",\\\"apply_to\\\":\\\"iva\\\",\\\"ammount_permited\\\":1,\\\"percent_iva\\\":\\\"0.00\\\",\\\"taxable_iibb\\\":1,\\\"taxable_iva\\\":1,\\\"code\\\":2,\\\"status\\\":1,\\\"afip_alicuota_id\\\":2,\\\"plan_cuenta_id\\\":218,\\\"code_citi_alic_iva\\\":3}},{\\\"id\\\":13890,\\\"user_id\\\":7566,\\\"period_liquidation_id\\\":110,\\\"period_liquidation_iva_id\\\":57,\\\"period_id\\\":1524,\\\"person_id\\\":40720,\\\"activity_id\\\":1,\\\"iva_creditos_tipo_id\\\":10,\\\"type\\\":2,\\\"tax_id\\\":8,\\\"taxabled_amount\\\":\\\"0.00\\\",\\\"iva_amount\\\":\\\"0.00\\\",\\\"created_at\\\":\\\"2022-08-22T22:25:47.000000Z\\\",\\\"updated_at\\\":\\\"2022-08-22T22:25:47.000000Z\\\",\\\"ordr\\\":5,\\\"deleted_at\\\":null,\\\"base\\\":\\\"0.00\\\",\\\"system_taxes\\\":{\\\"id\\\":8,\\\"created_at\\\":null,\\\"updated_at\\\":\\\"2020-04-16T13:33:23.000000Z\\\",\\\"name\\\":\\\"Exento\\\",\\\"apply_to\\\":\\\"iva\\\",\\\"ammount_permited\\\":1,\\\"percent_iva\\\":\\\"0.00\\\",\\\"taxable_iibb\\\":1,\\\"taxable_iva\\\":1,\\\"code\\\":2,\\\"status\\\":1,\\\"afip_alicuota_id\\\":2,\\\"plan_cuenta_id\\\":218,\\\"code_citi_alic_iva\\\":3}},{\\\"id\\\":13891,\\\"user_id\\\":7566,\\\"period_liquidation_id\\\":110,\\\"period_liquidation_iva_id\\\":57,\\\"period_id\\\":1524,\\\"person_id\\\":40720,\\\"activity_id\\\":1,\\\"iva_creditos_tipo_id\\\":2,\\\"type\\\":2,\\\"tax_id\\\":6,\\\"taxabled_amount\\\":\\\"0.00\\\",\\\"iva_amount\\\":\\\"0.00\\\",\\\"created_at\\\":\\\"2022-08-22T22:25:47.000000Z\\\",\\\"updated_at\\\":\\\"2022-08-22T22:25:47.000000Z\\\",\\\"ordr\\\":5,\\\"deleted_at\\\":null,\\\"base\\\":\\\"0.00\\\",\\\"system_taxes\\\":{\\\"id\\\":6,\\\"created_at\\\":null,\\\"updated_at\\\":\\\"2020-04-16T13:33:23.000000Z\\\",\\\"name\\\":\\\"gravado al 0%\\\",\\\"apply_to\\\":\\\"iva\\\",\\\"ammount_permited\\\":1,\\\"percent_iva\\\":\\\"0.00\\\",\\\"taxable_iibb\\\":1,\\\"taxable_iva\\\":1,\\\"code\\\":3,\\\"status\\\":1,\\\"afip_alicuota_id\\\":3,\\\"plan_cuenta_id\\\":218,\\\"code_citi_alic_iva\\\":3}},{\\\"id\\\":13892,\\\"user_id\\\":7566,\\\"period_liquidation_id\\\":110,\\\"period_liquidation_iva_id\\\":57,\\\"period_id\\\":1524,\\\"person_id\\\":40720,\\\"activity_id\\\":1,\\\"iva_creditos_tipo_id\\\":1,\\\"type\\\":2,\\\"tax_id\\\":7,\\\"taxabled_amount\\\":\\\"0.00\\\",\\\"iva_amount\\\":\\\"0.00\\\",\\\"created_at\\\":\\\"2022-08-22T22:25:47.000000Z\\\",\\\"updated_at\\\":\\\"2022-08-22T22:25:47.000000Z\\\",\\\"ordr\\\":5,\\\"deleted_at\\\":null,\\\"base\\\":\\\"0.00\\\",\\\"system_taxes\\\":{\\\"id\\\":7,\\\"created_at\\\":null,\\\"updated_at\\\":\\\"2020-04-16T13:33:23.000000Z\\\",\\\"name\\\":\\\"no gravado\\\",\\\"apply_to\\\":\\\"iva\\\",\\\"ammount_permited\\\":1,\\\"percent_iva\\\":\\\"0.00\\\",\\\"taxable_iibb\\\":1,\\\"taxable_iva\\\":1,\\\"code\\\":1,\\\"status\\\":1,\\\"afip_alicuota_id\\\":1,\\\"plan_cuenta_id\\\":218,\\\"code_citi_alic_iva\\\":3}},{\\\"id\\\":13893,\\\"user_id\\\":7566,\\\"period_liquidation_id\\\":110,\\\"period_liquidation_iva_id\\\":57,\\\"period_id\\\":1524,\\\"person_id\\\":40720,\\\"activity_id\\\":1,\\\"iva_creditos_tipo_id\\\":13,\\\"type\\\":2,\\\"tax_id\\\":6,\\\"taxabled_amount\\\":\\\"0.00\\\",\\\"iva_amount\\\":\\\"0.00\\\",\\\"created_at\\\":\\\"2022-08-22T22:25:47.000000Z\\\",\\\"updated_at\\\":\\\"2022-08-22T22:25:47.000000Z\\\",\\\"ordr\\\":5,\\\"deleted_at\\\":null,\\\"base\\\":\\\"0.00\\\",\\\"system_taxes\\\":{\\\"id\\\":6,\\\"created_at\\\":null,\\\"updated_at\\\":\\\"2020-04-16T13:33:23.000000Z\\\",\\\"name\\\":\\\"gravado al 0%\\\",\\\"apply_to\\\":\\\"iva\\\",\\\"ammount_permited\\\":1,\\\"percent_iva\\\":\\\"0.00\\\",\\\"taxable_iibb\\\":1,\\\"taxable_iva\\\":1,\\\"code\\\":3,\\\"status\\\":1,\\\"afip_alicuota_id\\\":3,\\\"plan_cuenta_id\\\":218,\\\"code_citi_alic_iva\\\":3}},{\\\"id\\\":13894,\\\"user_id\\\":7566,\\\"period_liquidation_id\\\":110,\\\"period_liquidation_iva_id\\\":57,\\\"period_id\\\":1524,\\\"person_id\\\":40720,\\\"activity_id\\\":1,\\\"iva_creditos_tipo_id\\\":9,\\\"type\\\":2,\\\"tax_id\\\":6,\\\"taxabled_amount\\\":\\\"0.00\\\",\\\"iva_amount\\\":\\\"0.00\\\",\\\"created_at\\\":\\\"2022-08-22T22:25:47.000000Z\\\",\\\"updated_at\\\":\\\"2022-08-22T22:25:47.000000Z\\\",\\\"ordr\\\":5,\\\"deleted_at\\\":null,\\\"base\\\":\\\"0.00\\\",\\\"system_taxes\\\":{\\\"id\\\":6,\\\"created_at\\\":null,\\\"updated_at\\\":\\\"2020-04-16T13:33:23.000000Z\\\",\\\"name\\\":\\\"gravado al 0%\\\",\\\"apply_to\\\":\\\"iva\\\",\\\"ammount_permited\\\":1,\\\"percent_iva\\\":\\\"0.00\\\",\\\"taxable_iibb\\\":1,\\\"taxable_iva\\\":1,\\\"code\\\":3,\\\"status\\\":1,\\\"afip_alicuota_id\\\":3,\\\"plan_cuenta_id\\\":218,\\\"code_citi_alic_iva\\\":3}},{\\\"id\\\":13895,\\\"user_id\\\":7566,\\\"period_liquidation_id\\\":110,\\\"period_liquidation_iva_id\\\":57,\\\"period_id\\\":1524,\\\"person_id\\\":40720,\\\"activity_id\\\":1,\\\"iva_creditos_tipo_id\\\":4,\\\"type\\\":2,\\\"tax_id\\\":8,\\\"taxabled_amount\\\":\\\"0.00\\\",\\\"iva_amount\\\":\\\"0.00\\\",\\\"created_at\\\":\\\"2022-08-22T22:25:47.000000Z\\\",\\\"updated_at\\\":\\\"2022-08-22T22:25:47.000000Z\\\",\\\"ordr\\\":5,\\\"deleted_at\\\":null,\\\"base\\\":\\\"0.00\\\",\\\"system_taxes\\\":{\\\"id\\\":8,\\\"created_at\\\":null,\\\"updated_at\\\":\\\"2020-04-16T13:33:23.000000Z\\\",\\\"name\\\":\\\"Exento\\\",\\\"apply_to\\\":\\\"iva\\\",\\\"ammount_permited\\\":1,\\\"percent_iva\\\":\\\"0.00\\\",\\\"taxable_iibb\\\":1,\\\"taxable_iva\\\":1,\\\"code\\\":2,\\\"status\\\":1,\\\"afip_alicuota_id\\\":2,\\\"plan_cuenta_id\\\":218,\\\"code_citi_alic_iva\\\":3}},{\\\"id\\\":13896,\\\"user_id\\\":7566,\\\"period_liquidation_id\\\":110,\\\"period_liquidation_iva_id\\\":57,\\\"period_id\\\":1524,\\\"person_id\\\":40720,\\\"activity_id\\\":1,\\\"iva_creditos_tipo_id\\\":5,\\\"type\\\":2,\\\"tax_id\\\":6,\\\"taxabled_amount\\\":\\\"0.00\\\",\\\"iva_amount\\\":\\\"0.00\\\",\\\"created_at\\\":\\\"2022-08-22T22:25:47.000000Z\\\",\\\"updated_at\\\":\\\"2022-08-22T22:25:47.000000Z\\\",\\\"ordr\\\":5,\\\"deleted_at\\\":null,\\\"base\\\":\\\"0.00\\\",\\\"system_taxes\\\":{\\\"id\\\":6,\\\"created_at\\\":null,\\\"updated_at\\\":\\\"2020-04-16T13:33:23.000000Z\\\",\\\"name\\\":\\\"gravado al 0%\\\",\\\"apply_to\\\":\\\"iva\\\",\\\"ammount_permited\\\":1,\\\"percent_iva\\\":\\\"0.00\\\",\\\"taxable_iibb\\\":1,\\\"taxable_iva\\\":1,\\\"code\\\":3,\\\"status\\\":1,\\\"afip_alicuota_id\\\":3,\\\"plan_cuenta_id\\\":218,\\\"code_citi_alic_iva\\\":3}},{\\\"id\\\":13897,\\\"user_id\\\":7566,\\\"period_liquidation_id\\\":110,\\\"period_liquidation_iva_id\\\":57,\\\"period_id\\\":1524,\\\"person_id\\\":40720,\\\"activity_id\\\":1,\\\"iva_creditos_tipo_id\\\":8,\\\"type\\\":2,\\\"tax_id\\\":7,\\\"taxabled_amount\\\":\\\"0.00\\\",\\\"iva_amount\\\":\\\"0.00\\\",\\\"created_at\\\":\\\"2022-08-22T22:25:47.000000Z\\\",\\\"updated_at\\\":\\\"2022-08-22T22:25:47.000000Z\\\",\\\"ordr\\\":5,\\\"deleted_at\\\":null,\\\"base\\\":\\\"0.00\\\",\\\"system_taxes\\\":{\\\"id\\\":7,\\\"created_at\\\":null,\\\"updated_at\\\":\\\"2020-04-16T13:33:23.000000Z\\\",\\\"name\\\":\\\"no gravado\\\",\\\"apply_to\\\":\\\"iva\\\",\\\"ammount_permited\\\":1,\\\"percent_iva\\\":\\\"0.00\\\",\\\"taxable_iibb\\\":1,\\\"taxable_iva\\\":1,\\\"code\\\":1,\\\"status\\\":1,\\\"afip_alicuota_id\\\":1,\\\"plan_cuenta_id\\\":218,\\\"code_citi_alic_iva\\\":3}},{\\\"id\\\":13898,\\\"user_id\\\":7566,\\\"period_liquidation_id\\\":110,\\\"period_liquidation_iva_id\\\":57,\\\"period_id\\\":1524,\\\"person_id\\\":40720,\\\"activity_id\\\":1,\\\"iva_creditos_tipo_id\\\":12,\\\"type\\\":2,\\\"tax_id\\\":7,\\\"taxabled_amount\\\":\\\"0.00\\\",\\\"iva_amount\\\":\\\"0.00\\\",\\\"created_at\\\":\\\"2022-08-22T22:25:47.000000Z\\\",\\\"updated_at\\\":\\\"2022-08-22T22:25:47.000000Z\\\",\\\"ordr\\\":5,\\\"deleted_at\\\":null,\\\"base\\\":\\\"0.00\\\",\\\"system_taxes\\\":{\\\"id\\\":7,\\\"created_at\\\":null,\\\"updated_at\\\":\\\"2020-04-16T13:33:23.000000Z\\\",\\\"name\\\":\\\"no gravado\\\",\\\"apply_to\\\":\\\"iva\\\",\\\"ammount_permited\\\":1,\\\"percent_iva\\\":\\\"0.00\\\",\\\"taxable_iibb\\\":1,\\\"taxable_iva\\\":1,\\\"code\\\":1,\\\"status\\\":1,\\\"afip_alicuota_id\\\":1,\\\"plan_cuenta_id\\\":218,\\\"code_citi_alic_iva\\\":3}},{\\\"id\\\":13899,\\\"user_id\\\":7566,\\\"period_liquidation_id\\\":110,\\\"period_liquidation_iva_id\\\":57,\\\"period_id\\\":1524,\\\"person_id\\\":40720,\\\"activity_id\\\":1,\\\"iva_creditos_tipo_id\\\":7,\\\"type\\\":2,\\\"tax_id\\\":8,\\\"taxabled_amount\\\":\\\"0.00\\\",\\\"iva_amount\\\":\\\"0.00\\\",\\\"created_at\\\":\\\"2022-08-22T22:25:47.000000Z\\\",\\\"updated_at\\\":\\\"2022-08-22T22:25:47.000000Z\\\",\\\"ordr\\\":5,\\\"deleted_at\\\":null,\\\"base\\\":\\\"0.00\\\",\\\"system_taxes\\\":{\\\"id\\\":8,\\\"created_at\\\":null,\\\"updated_at\\\":\\\"2020-04-16T13:33:23.000000Z\\\",\\\"name\\\":\\\"Exento\\\",\\\"apply_to\\\":\\\"iva\\\",\\\"ammount_permited\\\":1,\\\"percent_iva\\\":\\\"0.00\\\",\\\"taxable_iibb\\\":1,\\\"taxable_iva\\\":1,\\\"code\\\":2,\\\"status\\\":1,\\\"afip_alicuota_id\\\":2,\\\"plan_cuenta_id\\\":218,\\\"code_citi_alic_iva\\\":3}},{\\\"id\\\":13900,\\\"user_id\\\":7566,\\\"period_liquidation_id\\\":110,\\\"period_liquidation_iva_id\\\":57,\\\"period_id\\\":1524,\\\"person_id\\\":40720,\\\"activity_id\\\":1,\\\"iva_creditos_tipo_id\\\":11,\\\"type\\\":2,\\\"tax_id\\\":8,\\\"taxabled_amount\\\":\\\"0.00\\\",\\\"iva_amount\\\":\\\"0.00\\\",\\\"created_at\\\":\\\"2022-08-22T22:25:47.000000Z\\\",\\\"updated_at\\\":\\\"2022-08-22T22:25:47.000000Z\\\",\\\"ordr\\\":5,\\\"deleted_at\\\":null,\\\"base\\\":\\\"0.00\\\",\\\"system_taxes\\\":{\\\"id\\\":8,\\\"created_at\\\":null,\\\"updated_at\\\":\\\"2020-04-16T13:33:23.000000Z\\\",\\\"name\\\":\\\"Exento\\\",\\\"apply_to\\\":\\\"iva\\\",\\\"ammount_permited\\\":1,\\\"percent_iva\\\":\\\"0.00\\\",\\\"taxable_iibb\\\":1,\\\"taxable_iva\\\":1,\\\"code\\\":2,\\\"status\\\":1,\\\"afip_alicuota_id\\\":2,\\\"plan_cuenta_id\\\":218,\\\"code_citi_alic_iva\\\":3}},{\\\"id\\\":13901,\\\"user_id\\\":7566,\\\"period_liquidation_id\\\":110,\\\"period_liquidation_iva_id\\\":57,\\\"period_id\\\":1524,\\\"person_id\\\":40720,\\\"activity_id\\\":1,\\\"iva_creditos_tipo_id\\\":3,\\\"type\\\":2,\\\"tax_id\\\":6,\\\"taxabled_amount\\\":\\\"0.00\\\",\\\"iva_amount\\\":\\\"0.00\\\",\\\"created_at\\\":\\\"2022-08-22T22:25:47.000000Z\\\",\\\"updated_at\\\":\\\"2022-08-22T22:25:47.000000Z\\\",\\\"ordr\\\":5,\\\"deleted_at\\\":null,\\\"base\\\":\\\"0.00\\\",\\\"system_taxes\\\":{\\\"id\\\":6,\\\"created_at\\\":null,\\\"updated_at\\\":\\\"2020-04-16T13:33:23.000000Z\\\",\\\"name\\\":\\\"gravado al 0%\\\",\\\"apply_to\\\":\\\"iva\\\",\\\"ammount_permited\\\":1,\\\"percent_iva\\\":\\\"0.00\\\",\\\"taxable_iibb\\\":1,\\\"taxable_iva\\\":1,\\\"code\\\":3,\\\"status\\\":1,\\\"afip_alicuota_id\\\":3,\\\"plan_cuenta_id\\\":218,\\\"code_citi_alic_iva\\\":3}},{\\\"id\\\":13902,\\\"user_id\\\":7566,\\\"period_liquidation_id\\\":110,\\\"period_liquidation_iva_id\\\":57,\\\"period_id\\\":1524,\\\"person_id\\\":40720,\\\"activity_id\\\":1,\\\"iva_creditos_tipo_id\\\":2,\\\"type\\\":2,\\\"tax_id\\\":7,\\\"taxabled_amount\\\":\\\"0.00\\\",\\\"iva_amount\\\":\\\"0.00\\\",\\\"created_at\\\":\\\"2022-08-22T22:25:47.000000Z\\\",\\\"updated_at\\\":\\\"2022-08-22T22:25:47.000000Z\\\",\\\"ordr\\\":5,\\\"deleted_at\\\":null,\\\"base\\\":\\\"0.00\\\",\\\"system_taxes\\\":{\\\"id\\\":7,\\\"created_at\\\":null,\\\"updated_at\\\":\\\"2020-04-16T13:33:23.000000Z\\\",\\\"name\\\":\\\"no gravado\\\",\\\"apply_to\\\":\\\"iva\\\",\\\"ammount_permited\\\":1,\\\"percent_iva\\\":\\\"0.00\\\",\\\"taxable_iibb\\\":1,\\\"taxable_iva\\\":1,\\\"code\\\":1,\\\"status\\\":1,\\\"afip_alicuota_id\\\":1,\\\"plan_cuenta_id\\\":218,\\\"code_citi_alic_iva\\\":3}},{\\\"id\\\":13903,\\\"user_id\\\":7566,\\\"period_liquidation_id\\\":110,\\\"period_liquidation_iva_id\\\":57,\\\"period_id\\\":1524,\\\"person_id\\\":40720,\\\"activity_id\\\":1,\\\"iva_creditos_tipo_id\\\":6,\\\"type\\\":2,\\\"tax_id\\\":6,\\\"taxabled_amount\\\":\\\"0.00\\\",\\\"iva_amount\\\":\\\"0.00\\\",\\\"created_at\\\":\\\"2022-08-22T22:25:47.000000Z\\\",\\\"updated_at\\\":\\\"2022-08-22T22:25:47.000000Z\\\",\\\"ordr\\\":5,\\\"deleted_at\\\":null,\\\"base\\\":\\\"0.00\\\",\\\"system_taxes\\\":{\\\"id\\\":6,\\\"created_at\\\":null,\\\"updated_at\\\":\\\"2020-04-16T13:33:23.000000Z\\\",\\\"name\\\":\\\"gravado al 0%\\\",\\\"apply_to\\\":\\\"iva\\\",\\\"ammount_permited\\\":1,\\\"percent_iva\\\":\\\"0.00\\\",\\\"taxable_iibb\\\":1,\\\"taxable_iva\\\":1,\\\"code\\\":3,\\\"status\\\":1,\\\"afip_alicuota_id\\\":3,\\\"plan_cuenta_id\\\":218,\\\"code_citi_alic_iva\\\":3}},{\\\"id\\\":13904,\\\"user_id\\\":7566,\\\"period_liquidation_id\\\":110,\\\"period_liquidation_iva_id\\\":57,\\\"period_id\\\":1524,\\\"person_id\\\":40720,\\\"activity_id\\\":1,\\\"iva_creditos_tipo_id\\\":14,\\\"type\\\":2,\\\"tax_id\\\":6,\\\"taxabled_amount\\\":\\\"0.00\\\",\\\"iva_amount\\\":\\\"0.00\\\",\\\"created_at\\\":\\\"2022-08-22T22:25:47.000000Z\\\",\\\"updated_at\\\":\\\"2022-08-22T22:25:47.000000Z\\\",\\\"ordr\\\":5,\\\"deleted_at\\\":null,\\\"base\\\":\\\"0.00\\\",\\\"system_taxes\\\":{\\\"id\\\":6,\\\"created_at\\\":null,\\\"updated_at\\\":\\\"2020-04-16T13:33:23.000000Z\\\",\\\"name\\\":\\\"gravado al 0%\\\",\\\"apply_to\\\":\\\"iva\\\",\\\"ammount_permited\\\":1,\\\"percent_iva\\\":\\\"0.00\\\",\\\"taxable_iibb\\\":1,\\\"taxable_iva\\\":1,\\\"code\\\":3,\\\"status\\\":1,\\\"afip_alicuota_id\\\":3,\\\"plan_cuenta_id\\\":218,\\\"code_citi_alic_iva\\\":3}},{\\\"id\\\":13905,\\\"user_id\\\":7566,\\\"period_liquidation_id\\\":110,\\\"period_liquidation_iva_id\\\":57,\\\"period_id\\\":1524,\\\"person_id\\\":40720,\\\"activity_id\\\":1,\\\"iva_creditos_tipo_id\\\":1,\\\"type\\\":2,\\\"tax_id\\\":8,\\\"taxabled_amount\\\":\\\"0.00\\\",\\\"iva_amount\\\":\\\"0.00\\\",\\\"created_at\\\":\\\"2022-08-22T22:25:47.000000Z\\\",\\\"updated_at\\\":\\\"2022-08-22T22:25:47.000000Z\\\",\\\"ordr\\\":5,\\\"deleted_at\\\":null,\\\"base\\\":\\\"0.00\\\",\\\"system_taxes\\\":{\\\"id\\\":8,\\\"created_at\\\":null,\\\"updated_at\\\":\\\"2020-04-16T13:33:23.000000Z\\\",\\\"name\\\":\\\"Exento\\\",\\\"apply_to\\\":\\\"iva\\\",\\\"ammount_permited\\\":1,\\\"percent_iva\\\":\\\"0.00\\\",\\\"taxable_iibb\\\":1,\\\"taxable_iva\\\":1,\\\"code\\\":2,\\\"status\\\":1,\\\"afip_alicuota_id\\\":2,\\\"plan_cuenta_id\\\":218,\\\"code_citi_alic_iva\\\":3}},{\\\"id\\\":13906,\\\"user_id\\\":7566,\\\"period_liquidation_id\\\":110,\\\"period_liquidation_iva_id\\\":57,\\\"period_id\\\":1524,\\\"person_id\\\":40720,\\\"activity_id\\\":1,\\\"iva_creditos_tipo_id\\\":10,\\\"type\\\":2,\\\"tax_id\\\":6,\\\"taxabled_amount\\\":\\\"0.00\\\",\\\"iva_amount\\\":\\\"0.00\\\",\\\"created_at\\\":\\\"2022-08-22T22:25:47.000000Z\\\",\\\"updated_at\\\":\\\"2022-08-22T22:25:47.000000Z\\\",\\\"ordr\\\":5,\\\"deleted_at\\\":null,\\\"base\\\":\\\"0.00\\\",\\\"system_taxes\\\":{\\\"id\\\":6,\\\"created_at\\\":null,\\\"updated_at\\\":\\\"2020-04-16T13:33:23.000000Z\\\",\\\"name\\\":\\\"gravado al 0%\\\",\\\"apply_to\\\":\\\"iva\\\",\\\"ammount_permited\\\":1,\\\"percent_iva\\\":\\\"0.00\\\",\\\"taxable_iibb\\\":1,\\\"taxable_iva\\\":1,\\\"code\\\":3,\\\"status\\\":1,\\\"afip_alicuota_id\\\":3,\\\"plan_cuenta_id\\\":218,\\\"code_citi_alic_iva\\\":3}},{\\\"id\\\":13907,\\\"user_id\\\":7566,\\\"period_liquidation_id\\\":110,\\\"period_liquidation_iva_id\\\":57,\\\"period_id\\\":1524,\\\"person_id\\\":40720,\\\"activity_id\\\":1,\\\"iva_creditos_tipo_id\\\":5,\\\"type\\\":2,\\\"tax_id\\\":7,\\\"taxabled_amount\\\":\\\"0.00\\\",\\\"iva_amount\\\":\\\"0.00\\\",\\\"created_at\\\":\\\"2022-08-22T22:25:47.000000Z\\\",\\\"updated_at\\\":\\\"2022-08-22T22:25:47.000000Z\\\",\\\"ordr\\\":5,\\\"deleted_at\\\":null,\\\"base\\\":\\\"0.00\\\",\\\"system_taxes\\\":{\\\"id\\\":7,\\\"created_at\\\":null,\\\"updated_at\\\":\\\"2020-04-16T13:33:23.000000Z\\\",\\\"name\\\":\\\"no gravado\\\",\\\"apply_to\\\":\\\"iva\\\",\\\"ammount_permited\\\":1,\\\"percent_iva\\\":\\\"0.00\\\",\\\"taxable_iibb\\\":1,\\\"taxable_iva\\\":1,\\\"code\\\":1,\\\"status\\\":1,\\\"afip_alicuota_id\\\":1,\\\"plan_cuenta_id\\\":218,\\\"code_citi_alic_iva\\\":3}},{\\\"id\\\":13908,\\\"user_id\\\":7566,\\\"period_liquidation_id\\\":110,\\\"period_liquidation_iva_id\\\":57,\\\"period_id\\\":1524,\\\"person_id\\\":40720,\\\"activity_id\\\":1,\\\"iva_creditos_tipo_id\\\":13,\\\"type\\\":2,\\\"tax_id\\\":7,\\\"taxabled_amount\\\":\\\"0.00\\\",\\\"iva_amount\\\":\\\"0.00\\\",\\\"created_at\\\":\\\"2022-08-22T22:25:47.000000Z\\\",\\\"updated_at\\\":\\\"2022-08-22T22:25:47.000000Z\\\",\\\"ordr\\\":5,\\\"deleted_at\\\":null,\\\"base\\\":\\\"0.00\\\",\\\"system_taxes\\\":{\\\"id\\\":7,\\\"created_at\\\":null,\\\"updated_at\\\":\\\"2020-04-16T13:33:23.000000Z\\\",\\\"name\\\":\\\"no gravado\\\",\\\"apply_to\\\":\\\"iva\\\",\\\"ammount_permited\\\":1,\\\"percent_iva\\\":\\\"0.00\\\",\\\"taxable_iibb\\\":1,\\\"taxable_iva\\\":1,\\\"code\\\":1,\\\"status\\\":1,\\\"afip_alicuota_id\\\":1,\\\"plan_cuenta_id\\\":218,\\\"code_citi_alic_iva\\\":3}},{\\\"id\\\":13909,\\\"user_id\\\":7566,\\\"period_liquidation_id\\\":110,\\\"period_liquidation_iva_id\\\":57,\\\"period_id\\\":1524,\\\"person_id\\\":40720,\\\"activity_id\\\":1,\\\"iva_creditos_tipo_id\\\":9,\\\"type\\\":2,\\\"tax_id\\\":7,\\\"taxabled_amount\\\":\\\"0.00\\\",\\\"iva_amount\\\":\\\"0.00\\\",\\\"created_at\\\":\\\"2022-08-22T22:25:47.000000Z\\\",\\\"updated_at\\\":\\\"2022-08-22T22:25:47.000000Z\\\",\\\"ordr\\\":5,\\\"deleted_at\\\":null,\\\"base\\\":\\\"0.00\\\",\\\"system_taxes\\\":{\\\"id\\\":7,\\\"created_at\\\":null,\\\"updated_at\\\":\\\"2020-04-16T13:33:23.000000Z\\\",\\\"name\\\":\\\"no gravado\\\",\\\"apply_to\\\":\\\"iva\\\",\\\"ammount_permited\\\":1,\\\"percent_iva\\\":\\\"0.00\\\",\\\"taxable_iibb\\\":1,\\\"taxable_iva\\\":1,\\\"code\\\":1,\\\"status\\\":1,\\\"afip_alicuota_id\\\":1,\\\"plan_cuenta_id\\\":218,\\\"code_citi_alic_iva\\\":3}},{\\\"id\\\":13910,\\\"user_id\\\":7566,\\\"period_liquidation_id\\\":110,\\\"period_liquidation_iva_id\\\":57,\\\"period_id\\\":1524,\\\"person_id\\\":40720,\\\"activity_id\\\":1,\\\"iva_creditos_tipo_id\\\":8,\\\"type\\\":2,\\\"tax_id\\\":8,\\\"taxabled_amount\\\":\\\"0.00\\\",\\\"iva_amount\\\":\\\"0.00\\\",\\\"created_at\\\":\\\"2022-08-22T22:25:47.000000Z\\\",\\\"updated_at\\\":\\\"2022-08-22T22:25:47.000000Z\\\",\\\"ordr\\\":5,\\\"deleted_at\\\":null,\\\"base\\\":\\\"0.00\\\",\\\"system_taxes\\\":{\\\"id\\\":8,\\\"created_at\\\":null,\\\"updated_at\\\":\\\"2020-04-16T13:33:23.000000Z\\\",\\\"name\\\":\\\"Exento\\\",\\\"apply_to\\\":\\\"iva\\\",\\\"ammount_permited\\\":1,\\\"percent_iva\\\":\\\"0.00\\\",\\\"taxable_iibb\\\":1,\\\"taxable_iva\\\":1,\\\"code\\\":2,\\\"status\\\":1,\\\"afip_alicuota_id\\\":2,\\\"plan_cuenta_id\\\":218,\\\"code_citi_alic_iva\\\":3}},{\\\"id\\\":13911,\\\"user_id\\\":7566,\\\"period_liquidation_id\\\":110,\\\"period_liquidation_iva_id\\\":57,\\\"period_id\\\":1524,\\\"person_id\\\":40720,\\\"activity_id\\\":1,\\\"iva_creditos_tipo_id\\\":12,\\\"type\\\":2,\\\"tax_id\\\":8,\\\"taxabled_amount\\\":\\\"0.00\\\",\\\"iva_amount\\\":\\\"0.00\\\",\\\"created_at\\\":\\\"2022-08-22T22:25:47.000000Z\\\",\\\"updated_at\\\":\\\"2022-08-22T22:25:47.000000Z\\\",\\\"ordr\\\":5,\\\"deleted_at\\\":null,\\\"base\\\":\\\"0.00\\\",\\\"system_taxes\\\":{\\\"id\\\":8,\\\"created_at\\\":null,\\\"updated_at\\\":\\\"2020-04-16T13:33:23.000000Z\\\",\\\"name\\\":\\\"Exento\\\",\\\"apply_to\\\":\\\"iva\\\",\\\"ammount_permited\\\":1,\\\"percent_iva\\\":\\\"0.00\\\",\\\"taxable_iibb\\\":1,\\\"taxable_iva\\\":1,\\\"code\\\":2,\\\"status\\\":1,\\\"afip_alicuota_id\\\":2,\\\"plan_cuenta_id\\\":218,\\\"code_citi_alic_iva\\\":3}},{\\\"id\\\":13912,\\\"user_id\\\":7566,\\\"period_liquidation_id\\\":110,\\\"period_liquidation_iva_id\\\":57,\\\"period_id\\\":1524,\\\"person_id\\\":40720,\\\"activity_id\\\":1,\\\"iva_creditos_tipo_id\\\":4,\\\"type\\\":2,\\\"tax_id\\\":6,\\\"taxabled_amount\\\":\\\"0.00\\\",\\\"iva_amount\\\":\\\"0.00\\\",\\\"created_at\\\":\\\"2022-08-22T22:25:47.000000Z\\\",\\\"updated_at\\\":\\\"2022-08-22T22:25:47.000000Z\\\",\\\"ordr\\\":5,\\\"deleted_at\\\":null,\\\"base\\\":\\\"0.00\\\",\\\"system_taxes\\\":{\\\"id\\\":6,\\\"created_at\\\":null,\\\"updated_at\\\":\\\"2020-04-16T13:33:23.000000Z\\\",\\\"name\\\":\\\"gravado al 0%\\\",\\\"apply_to\\\":\\\"iva\\\",\\\"ammount_permited\\\":1,\\\"percent_iva\\\":\\\"0.00\\\",\\\"taxable_iibb\\\":1,\\\"taxable_iva\\\":1,\\\"code\\\":3,\\\"status\\\":1,\\\"afip_alicuota_id\\\":3,\\\"plan_cuenta_id\\\":218,\\\"code_citi_alic_iva\\\":3}},{\\\"id\\\":13913,\\\"user_id\\\":7566,\\\"period_liquidation_id\\\":110,\\\"period_liquidation_iva_id\\\":57,\\\"period_id\\\":1524,\\\"person_id\\\":40720,\\\"activity_id\\\":1,\\\"iva_creditos_tipo_id\\\":3,\\\"type\\\":2,\\\"tax_id\\\":7,\\\"taxabled_amount\\\":\\\"0.00\\\",\\\"iva_amount\\\":\\\"0.00\\\",\\\"created_at\\\":\\\"2022-08-22T22:25:47.000000Z\\\",\\\"updated_at\\\":\\\"2022-08-22T22:25:47.000000Z\\\",\\\"ordr\\\":5,\\\"deleted_at\\\":null,\\\"base\\\":\\\"0.00\\\",\\\"system_taxes\\\":{\\\"id\\\":7,\\\"created_at\\\":null,\\\"updated_at\\\":\\\"2020-04-16T13:33:23.000000Z\\\",\\\"name\\\":\\\"no gravado\\\",\\\"apply_to\\\":\\\"iva\\\",\\\"ammount_permited\\\":1,\\\"percent_iva\\\":\\\"0.00\\\",\\\"taxable_iibb\\\":1,\\\"taxable_iva\\\":1,\\\"code\\\":1,\\\"status\\\":1,\\\"afip_alicuota_id\\\":1,\\\"plan_cuenta_id\\\":218,\\\"code_citi_alic_iva\\\":3}},{\\\"id\\\":13914,\\\"user_id\\\":7566,\\\"period_liquidation_id\\\":110,\\\"period_liquidation_iva_id\\\":57,\\\"period_id\\\":1524,\\\"person_id\\\":40720,\\\"activity_id\\\":1,\\\"iva_creditos_tipo_id\\\":7,\\\"type\\\":2,\\\"tax_id\\\":6,\\\"taxabled_amount\\\":\\\"0.00\\\",\\\"iva_amount\\\":\\\"0.00\\\",\\\"created_at\\\":\\\"2022-08-22T22:25:47.000000Z\\\",\\\"updated_at\\\":\\\"2022-08-22T22:25:47.000000Z\\\",\\\"ordr\\\":5,\\\"deleted_at\\\":null,\\\"base\\\":\\\"0.00\\\",\\\"system_taxes\\\":{\\\"id\\\":6,\\\"created_at\\\":null,\\\"updated_at\\\":\\\"2020-04-16T13:33:23.000000Z\\\",\\\"name\\\":\\\"gravado al 0%\\\",\\\"apply_to\\\":\\\"iva\\\",\\\"ammount_permited\\\":1,\\\"percent_iva\\\":\\\"0.00\\\",\\\"taxable_iibb\\\":1,\\\"taxable_iva\\\":1,\\\"code\\\":3,\\\"status\\\":1,\\\"afip_alicuota_id\\\":3,\\\"plan_cuenta_id\\\":218,\\\"code_citi_alic_iva\\\":3}},{\\\"id\\\":13915,\\\"user_id\\\":7566,\\\"period_liquidation_id\\\":110,\\\"period_liquidation_iva_id\\\":57,\\\"period_id\\\":1524,\\\"person_id\\\":40720,\\\"activity_id\\\":1,\\\"iva_creditos_tipo_id\\\":2,\\\"type\\\":2,\\\"tax_id\\\":8,\\\"taxabled_amount\\\":\\\"0.00\\\",\\\"iva_amount\\\":\\\"0.00\\\",\\\"created_at\\\":\\\"2022-08-22T22:25:47.000000Z\\\",\\\"updated_at\\\":\\\"2022-08-22T22:25:47.000000Z\\\",\\\"ordr\\\":5,\\\"deleted_at\\\":null,\\\"base\\\":\\\"0.00\\\",\\\"system_taxes\\\":{\\\"id\\\":8,\\\"created_at\\\":null,\\\"updated_at\\\":\\\"2020-04-16T13:33:23.000000Z\\\",\\\"name\\\":\\\"Exento\\\",\\\"apply_to\\\":\\\"iva\\\",\\\"ammount_permited\\\":1,\\\"percent_iva\\\":\\\"0.00\\\",\\\"taxable_iibb\\\":1,\\\"taxable_iva\\\":1,\\\"code\\\":2,\\\"status\\\":1,\\\"afip_alicuota_id\\\":2,\\\"plan_cuenta_id\\\":218,\\\"code_citi_alic_iva\\\":3}},{\\\"id\\\":13916,\\\"user_id\\\":7566,\\\"period_liquidation_id\\\":110,\\\"period_liquidation_iva_id\\\":57,\\\"period_id\\\":1524,\\\"person_id\\\":40720,\\\"activity_id\\\":1,\\\"iva_creditos_tipo_id\\\":11,\\\"type\\\":2,\\\"tax_id\\\":6,\\\"taxabled_amount\\\":\\\"0.00\\\",\\\"iva_amount\\\":\\\"0.00\\\",\\\"created_at\\\":\\\"2022-08-22T22:25:47.000000Z\\\",\\\"updated_at\\\":\\\"2022-08-22T22:25:47.000000Z\\\",\\\"ordr\\\":5,\\\"deleted_at\\\":null,\\\"base\\\":\\\"0.00\\\",\\\"system_taxes\\\":{\\\"id\\\":6,\\\"created_at\\\":null,\\\"updated_at\\\":\\\"2020-04-16T13:33:23.000000Z\\\",\\\"name\\\":\\\"gravado al 0%\\\",\\\"apply_to\\\":\\\"iva\\\",\\\"ammount_permited\\\":1,\\\"percent_iva\\\":\\\"0.00\\\",\\\"taxable_iibb\\\":1,\\\"taxable_iva\\\":1,\\\"code\\\":3,\\\"status\\\":1,\\\"afip_alicuota_id\\\":3,\\\"plan_cuenta_id\\\":218,\\\"code_citi_alic_iva\\\":3}},{\\\"id\\\":13917,\\\"user_id\\\":7566,\\\"period_liquidation_id\\\":110,\\\"period_liquidation_iva_id\\\":57,\\\"period_id\\\":1524,\\\"person_id\\\":40720,\\\"activity_id\\\":1,\\\"iva_creditos_tipo_id\\\":6,\\\"type\\\":2,\\\"tax_id\\\":7,\\\"taxabled_amount\\\":\\\"0.00\\\",\\\"iva_amount\\\":\\\"0.00\\\",\\\"created_at\\\":\\\"2022-08-22T22:25:47.000000Z\\\",\\\"updated_at\\\":\\\"2022-08-22T22:25:47.000000Z\\\",\\\"ordr\\\":5,\\\"deleted_at\\\":null,\\\"base\\\":\\\"0.00\\\",\\\"system_taxes\\\":{\\\"id\\\":7,\\\"created_at\\\":null,\\\"updated_at\\\":\\\"2020-04-16T13:33:23.000000Z\\\",\\\"name\\\":\\\"no gravado\\\",\\\"apply_to\\\":\\\"iva\\\",\\\"ammount_permited\\\":1,\\\"percent_iva\\\":\\\"0.00\\\",\\\"taxable_iibb\\\":1,\\\"taxable_iva\\\":1,\\\"code\\\":1,\\\"status\\\":1,\\\"afip_alicuota_id\\\":1,\\\"plan_cuenta_id\\\":218,\\\"code_citi_alic_iva\\\":3}},{\\\"id\\\":13918,\\\"user_id\\\":7566,\\\"period_liquidation_id\\\":110,\\\"period_liquidation_iva_id\\\":57,\\\"period_id\\\":1524,\\\"person_id\\\":40720,\\\"activity_id\\\":1,\\\"iva_creditos_tipo_id\\\":14,\\\"type\\\":2,\\\"tax_id\\\":7,\\\"taxabled_amount\\\":\\\"0.00\\\",\\\"iva_amount\\\":\\\"0.00\\\",\\\"created_at\\\":\\\"2022-08-22T22:25:47.000000Z\\\",\\\"updated_at\\\":\\\"2022-08-22T22:25:47.000000Z\\\",\\\"ordr\\\":5,\\\"deleted_at\\\":null,\\\"base\\\":\\\"0.00\\\",\\\"system_taxes\\\":{\\\"id\\\":7,\\\"created_at\\\":null,\\\"updated_at\\\":\\\"2020-04-16T13:33:23.000000Z\\\",\\\"name\\\":\\\"no gravado\\\",\\\"apply_to\\\":\\\"iva\\\",\\\"ammount_permited\\\":1,\\\"percent_iva\\\":\\\"0.00\\\",\\\"taxable_iibb\\\":1,\\\"taxable_iva\\\":1,\\\"code\\\":1,\\\"status\\\":1,\\\"afip_alicuota_id\\\":1,\\\"plan_cuenta_id\\\":218,\\\"code_citi_alic_iva\\\":3}},{\\\"id\\\":13919,\\\"user_id\\\":7566,\\\"period_liquidation_id\\\":110,\\\"period_liquidation_iva_id\\\":57,\\\"period_id\\\":1524,\\\"person_id\\\":40720,\\\"activity_id\\\":1,\\\"iva_creditos_tipo_id\\\":10,\\\"type\\\":2,\\\"tax_id\\\":7,\\\"taxabled_amount\\\":\\\"0.00\\\",\\\"iva_amount\\\":\\\"0.00\\\",\\\"created_at\\\":\\\"2022-08-22T22:25:47.000000Z\\\",\\\"updated_at\\\":\\\"2022-08-22T22:25:47.000000Z\\\",\\\"ordr\\\":5,\\\"deleted_at\\\":null,\\\"base\\\":\\\"0.00\\\",\\\"system_taxes\\\":{\\\"id\\\":7,\\\"created_at\\\":null,\\\"updated_at\\\":\\\"2020-04-16T13:33:23.000000Z\\\",\\\"name\\\":\\\"no gravado\\\",\\\"apply_to\\\":\\\"iva\\\",\\\"ammount_permited\\\":1,\\\"percent_iva\\\":\\\"0.00\\\",\\\"taxable_iibb\\\":1,\\\"taxable_iva\\\":1,\\\"code\\\":1,\\\"status\\\":1,\\\"afip_alicuota_id\\\":1,\\\"plan_cuenta_id\\\":218,\\\"code_citi_alic_iva\\\":3}},{\\\"id\\\":13920,\\\"user_id\\\":7566,\\\"period_liquidation_id\\\":110,\\\"period_liquidation_iva_id\\\":57,\\\"period_id\\\":1524,\\\"person_id\\\":40720,\\\"activity_id\\\":1,\\\"iva_creditos_tipo_id\\\":5,\\\"type\\\":2,\\\"tax_id\\\":8,\\\"taxabled_amount\\\":\\\"0.00\\\",\\\"iva_amount\\\":\\\"0.00\\\",\\\"created_at\\\":\\\"2022-08-22T22:25:47.000000Z\\\",\\\"updated_at\\\":\\\"2022-08-22T22:25:47.000000Z\\\",\\\"ordr\\\":5,\\\"deleted_at\\\":null,\\\"base\\\":\\\"0.00\\\",\\\"system_taxes\\\":{\\\"id\\\":8,\\\"created_at\\\":null,\\\"updated_at\\\":\\\"2020-04-16T13:33:23.000000Z\\\",\\\"name\\\":\\\"Exento\\\",\\\"apply_to\\\":\\\"iva\\\",\\\"ammount_permited\\\":1,\\\"percent_iva\\\":\\\"0.00\\\",\\\"taxable_iibb\\\":1,\\\"taxable_iva\\\":1,\\\"code\\\":2,\\\"status\\\":1,\\\"afip_alicuota_id\\\":2,\\\"plan_cuenta_id\\\":218,\\\"code_citi_alic_iva\\\":3}},{\\\"id\\\":13921,\\\"user_id\\\":7566,\\\"period_liquidation_id\\\":110,\\\"period_liquidation_iva_id\\\":57,\\\"period_id\\\":1524,\\\"person_id\\\":40720,\\\"activity_id\\\":1,\\\"iva_creditos_tipo_id\\\":13,\\\"type\\\":2,\\\"tax_id\\\":8,\\\"taxabled_amount\\\":\\\"0.00\\\",\\\"iva_amount\\\":\\\"0.00\\\",\\\"created_at\\\":\\\"2022-08-22T22:25:47.000000Z\\\",\\\"updated_at\\\":\\\"2022-08-22T22:25:47.000000Z\\\",\\\"ordr\\\":5,\\\"deleted_at\\\":null,\\\"base\\\":\\\"0.00\\\",\\\"system_taxes\\\":{\\\"id\\\":8,\\\"created_at\\\":null,\\\"updated_at\\\":\\\"2020-04-16T13:33:23.000000Z\\\",\\\"name\\\":\\\"Exento\\\",\\\"apply_to\\\":\\\"iva\\\",\\\"ammount_permited\\\":1,\\\"percent_iva\\\":\\\"0.00\\\",\\\"taxable_iibb\\\":1,\\\"taxable_iva\\\":1,\\\"code\\\":2,\\\"status\\\":1,\\\"afip_alicuota_id\\\":2,\\\"plan_cuenta_id\\\":218,\\\"code_citi_alic_iva\\\":3}},{\\\"id\\\":13922,\\\"user_id\\\":7566,\\\"period_liquidation_id\\\":110,\\\"period_liquidation_iva_id\\\":57,\\\"period_id\\\":1524,\\\"person_id\\\":40720,\\\"activity_id\\\":1,\\\"iva_creditos_tipo_id\\\":9,\\\"type\\\":2,\\\"tax_id\\\":8,\\\"taxabled_amount\\\":\\\"0.00\\\",\\\"iva_amount\\\":\\\"0.00\\\",\\\"created_at\\\":\\\"2022-08-22T22:25:47.000000Z\\\",\\\"updated_at\\\":\\\"2022-08-22T22:25:47.000000Z\\\",\\\"ordr\\\":5,\\\"deleted_at\\\":null,\\\"base\\\":\\\"0.00\\\",\\\"system_taxes\\\":{\\\"id\\\":8,\\\"created_at\\\":null,\\\"updated_at\\\":\\\"2020-04-16T13:33:23.000000Z\\\",\\\"name\\\":\\\"Exento\\\",\\\"apply_to\\\":\\\"iva\\\",\\\"ammount_permited\\\":1,\\\"percent_iva\\\":\\\"0.00\\\",\\\"taxable_iibb\\\":1,\\\"taxable_iva\\\":1,\\\"code\\\":2,\\\"status\\\":1,\\\"afip_alicuota_id\\\":2,\\\"plan_cuenta_id\\\":218,\\\"code_citi_alic_iva\\\":3}},{\\\"id\\\":13923,\\\"user_id\\\":7566,\\\"period_liquidation_id\\\":110,\\\"period_liquidation_iva_id\\\":57,\\\"period_id\\\":1524,\\\"person_id\\\":40720,\\\"activity_id\\\":1,\\\"iva_creditos_tipo_id\\\":6,\\\"type\\\":2,\\\"tax_id\\\":3,\\\"taxabled_amount\\\":\\\"0.00\\\",\\\"iva_amount\\\":\\\"0.00\\\",\\\"created_at\\\":\\\"2022-08-22T22:25:47.000000Z\\\",\\\"updated_at\\\":\\\"2022-08-22T22:25:47.000000Z\\\",\\\"ordr\\\":6,\\\"deleted_at\\\":null,\\\"base\\\":\\\"0.00\\\",\\\"system_taxes\\\":{\\\"id\\\":3,\\\"created_at\\\":null,\\\"updated_at\\\":\\\"2020-04-16T13:33:23.000000Z\\\",\\\"name\\\":\\\"gravado al 27%\\\",\\\"apply_to\\\":\\\"iva\\\",\\\"ammount_permited\\\":1,\\\"percent_iva\\\":\\\"27.00\\\",\\\"taxable_iibb\\\":1,\\\"taxable_iva\\\":1,\\\"code\\\":6,\\\"status\\\":1,\\\"afip_alicuota_id\\\":6,\\\"plan_cuenta_id\\\":96,\\\"code_citi_alic_iva\\\":6}},{\\\"id\\\":13924,\\\"user_id\\\":7566,\\\"period_liquidation_id\\\":110,\\\"period_liquidation_iva_id\\\":57,\\\"period_id\\\":1524,\\\"person_id\\\":40720,\\\"activity_id\\\":1,\\\"iva_creditos_tipo_id\\\":9,\\\"type\\\":2,\\\"tax_id\\\":3,\\\"taxabled_amount\\\":\\\"0.00\\\",\\\"iva_amount\\\":\\\"0.00\\\",\\\"created_at\\\":\\\"2022-08-22T22:25:47.000000Z\\\",\\\"updated_at\\\":\\\"2022-08-22T22:25:47.000000Z\\\",\\\"ordr\\\":6,\\\"deleted_at\\\":null,\\\"base\\\":\\\"0.00\\\",\\\"system_taxes\\\":{\\\"id\\\":3,\\\"created_at\\\":null,\\\"updated_at\\\":\\\"2020-04-16T13:33:23.000000Z\\\",\\\"name\\\":\\\"gravado al 27%\\\",\\\"apply_to\\\":\\\"iva\\\",\\\"ammount_permited\\\":1,\\\"percent_iva\\\":\\\"27.00\\\",\\\"taxable_iibb\\\":1,\\\"taxable_iva\\\":1,\\\"code\\\":6,\\\"status\\\":1,\\\"afip_alicuota_id\\\":6,\\\"plan_cuenta_id\\\":96,\\\"code_citi_alic_iva\\\":6}},{\\\"id\\\":13925,\\\"user_id\\\":7566,\\\"period_liquidation_id\\\":110,\\\"period_liquidation_iva_id\\\":57,\\\"period_id\\\":1524,\\\"person_id\\\":40720,\\\"activity_id\\\":1,\\\"iva_creditos_tipo_id\\\":12,\\\"type\\\":2,\\\"tax_id\\\":3,\\\"taxabled_amount\\\":\\\"0.00\\\",\\\"iva_amount\\\":\\\"0.00\\\",\\\"created_at\\\":\\\"2022-08-22T22:25:47.000000Z\\\",\\\"updated_at\\\":\\\"2022-08-22T22:25:47.000000Z\\\",\\\"ordr\\\":6,\\\"deleted_at\\\":null,\\\"base\\\":\\\"0.00\\\",\\\"system_taxes\\\":{\\\"id\\\":3,\\\"created_at\\\":null,\\\"updated_at\\\":\\\"2020-04-16T13:33:23.000000Z\\\",\\\"name\\\":\\\"gravado al 27%\\\",\\\"apply_to\\\":\\\"iva\\\",\\\"ammount_permited\\\":1,\\\"percent_iva\\\":\\\"27.00\\\",\\\"taxable_iibb\\\":1,\\\"taxable_iva\\\":1,\\\"code\\\":6,\\\"status\\\":1,\\\"afip_alicuota_id\\\":6,\\\"plan_cuenta_id\\\":96,\\\"code_citi_alic_iva\\\":6}},{\\\"id\\\":13926,\\\"user_id\\\":7566,\\\"period_liquidation_id\\\":110,\\\"period_liquidation_iva_id\\\":57,\\\"period_id\\\":1524,\\\"person_id\\\":40720,\\\"activity_id\\\":1,\\\"iva_creditos_tipo_id\\\":2,\\\"type\\\":2,\\\"tax_id\\\":3,\\\"taxabled_amount\\\":\\\"0.00\\\",\\\"iva_amount\\\":\\\"0.00\\\",\\\"created_at\\\":\\\"2022-08-22T22:25:47.000000Z\\\",\\\"updated_at\\\":\\\"2022-08-22T22:25:47.000000Z\\\",\\\"ordr\\\":6,\\\"deleted_at\\\":null,\\\"base\\\":\\\"0.00\\\",\\\"system_taxes\\\":{\\\"id\\\":3,\\\"created_at\\\":null,\\\"updated_at\\\":\\\"2020-04-16T13:33:23.000000Z\\\",\\\"name\\\":\\\"gravado al 27%\\\",\\\"apply_to\\\":\\\"iva\\\",\\\"ammount_permited\\\":1,\\\"percent_iva\\\":\\\"27.00\\\",\\\"taxable_iibb\\\":1,\\\"taxable_iva\\\":1,\\\"code\\\":6,\\\"status\\\":1,\\\"afip_alicuota_id\\\":6,\\\"plan_cuenta_id\\\":96,\\\"code_citi_alic_iva\\\":6}},{\\\"id\\\":13927,\\\"user_id\\\":7566,\\\"period_liquidation_id\\\":110,\\\"period_liquidation_iva_id\\\":57,\\\"period_id\\\":1524,\\\"person_id\\\":40720,\\\"activity_id\\\":1,\\\"iva_creditos_tipo_id\\\":5,\\\"type\\\":2,\\\"tax_id\\\":3,\\\"taxabled_amount\\\":\\\"0.00\\\",\\\"iva_amount\\\":\\\"0.00\\\",\\\"created_at\\\":\\\"2022-08-22T22:25:47.000000Z\\\",\\\"updated_at\\\":\\\"2022-08-22T22:25:47.000000Z\\\",\\\"ordr\\\":6,\\\"deleted_at\\\":null,\\\"base\\\":\\\"0.00\\\",\\\"system_taxes\\\":{\\\"id\\\":3,\\\"created_at\\\":null,\\\"updated_at\\\":\\\"2020-04-16T13:33:23.000000Z\\\",\\\"name\\\":\\\"gravado al 27%\\\",\\\"apply_to\\\":\\\"iva\\\",\\\"ammount_permited\\\":1,\\\"percent_iva\\\":\\\"27.00\\\",\\\"taxable_iibb\\\":1,\\\"taxable_iva\\\":1,\\\"code\\\":6,\\\"status\\\":1,\\\"afip_alicuota_id\\\":6,\\\"plan_cuenta_id\\\":96,\\\"code_citi_alic_iva\\\":6}},{\\\"id\\\":13928,\\\"user_id\\\":7566,\\\"period_liquidation_id\\\":110,\\\"period_liquidation_iva_id\\\":57,\\\"period_id\\\":1524,\\\"person_id\\\":40720,\\\"activity_id\\\":1,\\\"iva_creditos_tipo_id\\\":8,\\\"type\\\":2,\\\"tax_id\\\":3,\\\"taxabled_amount\\\":\\\"0.00\\\",\\\"iva_amount\\\":\\\"0.00\\\",\\\"created_at\\\":\\\"2022-08-22T22:25:47.000000Z\\\",\\\"updated_at\\\":\\\"2022-08-22T22:25:47.000000Z\\\",\\\"ordr\\\":6,\\\"deleted_at\\\":null,\\\"base\\\":\\\"0.00\\\",\\\"system_taxes\\\":{\\\"id\\\":3,\\\"created_at\\\":null,\\\"updated_at\\\":\\\"2020-04-16T13:33:23.000000Z\\\",\\\"name\\\":\\\"gravado al 27%\\\",\\\"apply_to\\\":\\\"iva\\\",\\\"ammount_permited\\\":1,\\\"percent_iva\\\":\\\"27.00\\\",\\\"taxable_iibb\\\":1,\\\"taxable_iva\\\":1,\\\"code\\\":6,\\\"status\\\":1,\\\"afip_alicuota_id\\\":6,\\\"plan_cuenta_id\\\":96,\\\"code_citi_alic_iva\\\":6}},{\\\"id\\\":13929,\\\"user_id\\\":7566,\\\"period_liquidation_id\\\":110,\\\"period_liquidation_iva_id\\\":57,\\\"period_id\\\":1524,\\\"person_id\\\":40720,\\\"activity_id\\\":1,\\\"iva_creditos_tipo_id\\\":11,\\\"type\\\":2,\\\"tax_id\\\":3,\\\"taxabled_amount\\\":\\\"0.00\\\",\\\"iva_amount\\\":\\\"0.00\\\",\\\"created_at\\\":\\\"2022-08-22T22:25:47.000000Z\\\",\\\"updated_at\\\":\\\"2022-08-22T22:25:47.000000Z\\\",\\\"ordr\\\":6,\\\"deleted_at\\\":null,\\\"base\\\":\\\"0.00\\\",\\\"system_taxes\\\":{\\\"id\\\":3,\\\"created_at\\\":null,\\\"updated_at\\\":\\\"2020-04-16T13:33:23.000000Z\\\",\\\"name\\\":\\\"gravado al 27%\\\",\\\"apply_to\\\":\\\"iva\\\",\\\"ammount_permited\\\":1,\\\"percent_iva\\\":\\\"27.00\\\",\\\"taxable_iibb\\\":1,\\\"taxable_iva\\\":1,\\\"code\\\":6,\\\"status\\\":1,\\\"afip_alicuota_id\\\":6,\\\"plan_cuenta_id\\\":96,\\\"code_citi_alic_iva\\\":6}},{\\\"id\\\":13930,\\\"user_id\\\":7566,\\\"period_liquidation_id\\\":110,\\\"period_liquidation_iva_id\\\":57,\\\"period_id\\\":1524,\\\"person_id\\\":40720,\\\"activity_id\\\":1,\\\"iva_creditos_tipo_id\\\":14,\\\"type\\\":2,\\\"tax_id\\\":3,\\\"taxabled_amount\\\":\\\"0.00\\\",\\\"iva_amount\\\":\\\"0.00\\\",\\\"created_at\\\":\\\"2022-08-22T22:25:47.000000Z\\\",\\\"updated_at\\\":\\\"2022-08-22T22:25:47.000000Z\\\",\\\"ordr\\\":6,\\\"deleted_at\\\":null,\\\"base\\\":\\\"0.00\\\",\\\"system_taxes\\\":{\\\"id\\\":3,\\\"created_at\\\":null,\\\"updated_at\\\":\\\"2020-04-16T13:33:23.000000Z\\\",\\\"name\\\":\\\"gravado al 27%\\\",\\\"apply_to\\\":\\\"iva\\\",\\\"ammount_permited\\\":1,\\\"percent_iva\\\":\\\"27.00\\\",\\\"taxable_iibb\\\":1,\\\"taxable_iva\\\":1,\\\"code\\\":6,\\\"status\\\":1,\\\"afip_alicuota_id\\\":6,\\\"plan_cuenta_id\\\":96,\\\"code_citi_alic_iva\\\":6}},{\\\"id\\\":13931,\\\"user_id\\\":7566,\\\"period_liquidation_id\\\":110,\\\"period_liquidation_iva_id\\\":57,\\\"period_id\\\":1524,\\\"person_id\\\":40720,\\\"activity_id\\\":1,\\\"iva_creditos_tipo_id\\\":1,\\\"type\\\":2,\\\"tax_id\\\":3,\\\"taxabled_amount\\\":\\\"0.00\\\",\\\"iva_amount\\\":\\\"0.00\\\",\\\"created_at\\\":\\\"2022-08-22T22:25:47.000000Z\\\",\\\"updated_at\\\":\\\"2022-08-22T22:25:47.000000Z\\\",\\\"ordr\\\":6,\\\"deleted_at\\\":null,\\\"base\\\":\\\"0.00\\\",\\\"system_taxes\\\":{\\\"id\\\":3,\\\"created_at\\\":null,\\\"updated_at\\\":\\\"2020-04-16T13:33:23.000000Z\\\",\\\"name\\\":\\\"gravado al 27%\\\",\\\"apply_to\\\":\\\"iva\\\",\\\"ammount_permited\\\":1,\\\"percent_iva\\\":\\\"27.00\\\",\\\"taxable_iibb\\\":1,\\\"taxable_iva\\\":1,\\\"code\\\":6,\\\"status\\\":1,\\\"afip_alicuota_id\\\":6,\\\"plan_cuenta_id\\\":96,\\\"code_citi_alic_iva\\\":6}},{\\\"id\\\":13932,\\\"user_id\\\":7566,\\\"period_liquidation_id\\\":110,\\\"period_liquidation_iva_id\\\":57,\\\"period_id\\\":1524,\\\"person_id\\\":40720,\\\"activity_id\\\":1,\\\"iva_creditos_tipo_id\\\":4,\\\"type\\\":2,\\\"tax_id\\\":3,\\\"taxabled_amount\\\":\\\"0.00\\\",\\\"iva_amount\\\":\\\"0.00\\\",\\\"created_at\\\":\\\"2022-08-22T22:25:47.000000Z\\\",\\\"updated_at\\\":\\\"2022-08-22T22:25:47.000000Z\\\",\\\"ordr\\\":6,\\\"deleted_at\\\":null,\\\"base\\\":\\\"0.00\\\",\\\"system_taxes\\\":{\\\"id\\\":3,\\\"created_at\\\":null,\\\"updated_at\\\":\\\"2020-04-16T13:33:23.000000Z\\\",\\\"name\\\":\\\"gravado al 27%\\\",\\\"apply_to\\\":\\\"iva\\\",\\\"ammount_permited\\\":1,\\\"percent_iva\\\":\\\"27.00\\\",\\\"taxable_iibb\\\":1,\\\"taxable_iva\\\":1,\\\"code\\\":6,\\\"status\\\":1,\\\"afip_alicuota_id\\\":6,\\\"plan_cuenta_id\\\":96,\\\"code_citi_alic_iva\\\":6}},{\\\"id\\\":13933,\\\"user_id\\\":7566,\\\"period_liquidation_id\\\":110,\\\"period_liquidation_iva_id\\\":57,\\\"period_id\\\":1524,\\\"person_id\\\":40720,\\\"activity_id\\\":1,\\\"iva_creditos_tipo_id\\\":7,\\\"type\\\":2,\\\"tax_id\\\":3,\\\"taxabled_amount\\\":\\\"0.00\\\",\\\"iva_amount\\\":\\\"0.00\\\",\\\"created_at\\\":\\\"2022-08-22T22:25:47.000000Z\\\",\\\"updated_at\\\":\\\"2022-08-22T22:25:47.000000Z\\\",\\\"ordr\\\":6,\\\"deleted_at\\\":null,\\\"base\\\":\\\"0.00\\\",\\\"system_taxes\\\":{\\\"id\\\":3,\\\"created_at\\\":null,\\\"updated_at\\\":\\\"2020-04-16T13:33:23.000000Z\\\",\\\"name\\\":\\\"gravado al 27%\\\",\\\"apply_to\\\":\\\"iva\\\",\\\"ammount_permited\\\":1,\\\"percent_iva\\\":\\\"27.00\\\",\\\"taxable_iibb\\\":1,\\\"taxable_iva\\\":1,\\\"code\\\":6,\\\"status\\\":1,\\\"afip_alicuota_id\\\":6,\\\"plan_cuenta_id\\\":96,\\\"code_citi_alic_iva\\\":6}},{\\\"id\\\":13934,\\\"user_id\\\":7566,\\\"period_liquidation_id\\\":110,\\\"period_liquidation_iva_id\\\":57,\\\"period_id\\\":1524,\\\"person_id\\\":40720,\\\"activity_id\\\":1,\\\"iva_creditos_tipo_id\\\":10,\\\"type\\\":2,\\\"tax_id\\\":3,\\\"taxabled_amount\\\":\\\"0.00\\\",\\\"iva_amount\\\":\\\"0.00\\\",\\\"created_at\\\":\\\"2022-08-22T22:25:47.000000Z\\\",\\\"updated_at\\\":\\\"2022-08-22T22:25:47.000000Z\\\",\\\"ordr\\\":6,\\\"deleted_at\\\":null,\\\"base\\\":\\\"0.00\\\",\\\"system_taxes\\\":{\\\"id\\\":3,\\\"created_at\\\":null,\\\"updated_at\\\":\\\"2020-04-16T13:33:23.000000Z\\\",\\\"name\\\":\\\"gravado al 27%\\\",\\\"apply_to\\\":\\\"iva\\\",\\\"ammount_permited\\\":1,\\\"percent_iva\\\":\\\"27.00\\\",\\\"taxable_iibb\\\":1,\\\"taxable_iva\\\":1,\\\"code\\\":6,\\\"status\\\":1,\\\"afip_alicuota_id\\\":6,\\\"plan_cuenta_id\\\":96,\\\"code_citi_alic_iva\\\":6}},{\\\"id\\\":13935,\\\"user_id\\\":7566,\\\"period_liquidation_id\\\":110,\\\"period_liquidation_iva_id\\\":57,\\\"period_id\\\":1524,\\\"person_id\\\":40720,\\\"activity_id\\\":1,\\\"iva_creditos_tipo_id\\\":13,\\\"type\\\":2,\\\"tax_id\\\":3,\\\"taxabled_amount\\\":\\\"0.00\\\",\\\"iva_amount\\\":\\\"0.00\\\",\\\"created_at\\\":\\\"2022-08-22T22:25:47.000000Z\\\",\\\"updated_at\\\":\\\"2022-08-22T22:25:47.000000Z\\\",\\\"ordr\\\":6,\\\"deleted_at\\\":null,\\\"base\\\":\\\"0.00\\\",\\\"system_taxes\\\":{\\\"id\\\":3,\\\"created_at\\\":null,\\\"updated_at\\\":\\\"2020-04-16T13:33:23.000000Z\\\",\\\"name\\\":\\\"gravado al 27%\\\",\\\"apply_to\\\":\\\"iva\\\",\\\"ammount_permited\\\":1,\\\"percent_iva\\\":\\\"27.00\\\",\\\"taxable_iibb\\\":1,\\\"taxable_iva\\\":1,\\\"code\\\":6,\\\"status\\\":1,\\\"afip_alicuota_id\\\":6,\\\"plan_cuenta_id\\\":96,\\\"code_citi_alic_iva\\\":6}},{\\\"id\\\":13936,\\\"user_id\\\":7566,\\\"period_liquidation_id\\\":110,\\\"period_liquidation_iva_id\\\":57,\\\"period_id\\\":1524,\\\"person_id\\\":40720,\\\"activity_id\\\":1,\\\"iva_creditos_tipo_id\\\":3,\\\"type\\\":2,\\\"tax_id\\\":3,\\\"taxabled_amount\\\":\\\"0.00\\\",\\\"iva_amount\\\":\\\"0.00\\\",\\\"created_at\\\":\\\"2022-08-22T22:25:47.000000Z\\\",\\\"updated_at\\\":\\\"2022-08-22T22:25:47.000000Z\\\",\\\"ordr\\\":6,\\\"deleted_at\\\":null,\\\"base\\\":\\\"0.00\\\",\\\"system_taxes\\\":{\\\"id\\\":3,\\\"created_at\\\":null,\\\"updated_at\\\":\\\"2020-04-16T13:33:23.000000Z\\\",\\\"name\\\":\\\"gravado al 27%\\\",\\\"apply_to\\\":\\\"iva\\\",\\\"ammount_permited\\\":1,\\\"percent_iva\\\":\\\"27.00\\\",\\\"taxable_iibb\\\":1,\\\"taxable_iva\\\":1,\\\"code\\\":6,\\\"status\\\":1,\\\"afip_alicuota_id\\\":6,\\\"plan_cuenta_id\\\":96,\\\"code_citi_alic_iva\\\":6}},{\\\"id\\\":13937,\\\"user_id\\\":7566,\\\"period_liquidation_id\\\":110,\\\"period_liquidation_iva_id\\\":57,\\\"period_id\\\":1524,\\\"person_id\\\":40720,\\\"activity_id\\\":1,\\\"iva_creditos_tipo_id\\\":5,\\\"type\\\":2,\\\"tax_id\\\":2,\\\"taxabled_amount\\\":\\\"0.00\\\",\\\"iva_amount\\\":\\\"0.00\\\",\\\"created_at\\\":\\\"2022-08-22T22:25:47.000000Z\\\",\\\"updated_at\\\":\\\"2022-08-22T22:25:47.000000Z\\\",\\\"ordr\\\":6,\\\"deleted_at\\\":null,\\\"base\\\":\\\"0.00\\\",\\\"system_taxes\\\":{\\\"id\\\":2,\\\"created_at\\\":null,\\\"updated_at\\\":\\\"2020-04-16T13:33:23.000000Z\\\",\\\"name\\\":\\\"gravado al 21%\\\",\\\"apply_to\\\":\\\"iva\\\",\\\"ammount_permited\\\":1,\\\"percent_iva\\\":\\\"21.00\\\",\\\"taxable_iibb\\\":1,\\\"taxable_iva\\\":1,\\\"code\\\":5,\\\"status\\\":1,\\\"afip_alicuota_id\\\":5,\\\"plan_cuenta_id\\\":96,\\\"code_citi_alic_iva\\\":5}},{\\\"id\\\":13938,\\\"user_id\\\":7566,\\\"period_liquidation_id\\\":110,\\\"period_liquidation_iva_id\\\":57,\\\"period_id\\\":1524,\\\"person_id\\\":40720,\\\"activity_id\\\":1,\\\"iva_creditos_tipo_id\\\":8,\\\"type\\\":2,\\\"tax_id\\\":2,\\\"taxabled_amount\\\":\\\"0.00\\\",\\\"iva_amount\\\":\\\"0.00\\\",\\\"created_at\\\":\\\"2022-08-22T22:25:47.000000Z\\\",\\\"updated_at\\\":\\\"2022-08-22T22:25:47.000000Z\\\",\\\"ordr\\\":6,\\\"deleted_at\\\":null,\\\"base\\\":\\\"0.00\\\",\\\"system_taxes\\\":{\\\"id\\\":2,\\\"created_at\\\":null,\\\"updated_at\\\":\\\"2020-04-16T13:33:23.000000Z\\\",\\\"name\\\":\\\"gravado al 21%\\\",\\\"apply_to\\\":\\\"iva\\\",\\\"ammount_permited\\\":1,\\\"percent_iva\\\":\\\"21.00\\\",\\\"taxable_iibb\\\":1,\\\"taxable_iva\\\":1,\\\"code\\\":5,\\\"status\\\":1,\\\"afip_alicuota_id\\\":5,\\\"plan_cuenta_id\\\":96,\\\"code_citi_alic_iva\\\":5}},{\\\"id\\\":13939,\\\"user_id\\\":7566,\\\"period_liquidation_id\\\":110,\\\"period_liquidation_iva_id\\\":57,\\\"period_id\\\":1524,\\\"person_id\\\":40720,\\\"activity_id\\\":1,\\\"iva_creditos_tipo_id\\\":11,\\\"type\\\":2,\\\"tax_id\\\":2,\\\"taxabled_amount\\\":\\\"0.00\\\",\\\"iva_amount\\\":\\\"0.00\\\",\\\"created_at\\\":\\\"2022-08-22T22:25:47.000000Z\\\",\\\"updated_at\\\":\\\"2022-08-22T22:25:47.000000Z\\\",\\\"ordr\\\":6,\\\"deleted_at\\\":null,\\\"base\\\":\\\"0.00\\\",\\\"system_taxes\\\":{\\\"id\\\":2,\\\"created_at\\\":null,\\\"updated_at\\\":\\\"2020-04-16T13:33:23.000000Z\\\",\\\"name\\\":\\\"gravado al 21%\\\",\\\"apply_to\\\":\\\"iva\\\",\\\"ammount_permited\\\":1,\\\"percent_iva\\\":\\\"21.00\\\",\\\"taxable_iibb\\\":1,\\\"taxable_iva\\\":1,\\\"code\\\":5,\\\"status\\\":1,\\\"afip_alicuota_id\\\":5,\\\"plan_cuenta_id\\\":96,\\\"code_citi_alic_iva\\\":5}},{\\\"id\\\":13940,\\\"user_id\\\":7566,\\\"period_liquidation_id\\\":110,\\\"period_liquidation_iva_id\\\":57,\\\"period_id\\\":1524,\\\"person_id\\\":40720,\\\"activity_id\\\":1,\\\"iva_creditos_tipo_id\\\":14,\\\"type\\\":2,\\\"tax_id\\\":2,\\\"taxabled_amount\\\":\\\"0.00\\\",\\\"iva_amount\\\":\\\"0.00\\\",\\\"created_at\\\":\\\"2022-08-22T22:25:47.000000Z\\\",\\\"updated_at\\\":\\\"2022-08-22T22:25:47.000000Z\\\",\\\"ordr\\\":6,\\\"deleted_at\\\":null,\\\"base\\\":\\\"0.00\\\",\\\"system_taxes\\\":{\\\"id\\\":2,\\\"created_at\\\":null,\\\"updated_at\\\":\\\"2020-04-16T13:33:23.000000Z\\\",\\\"name\\\":\\\"gravado al 21%\\\",\\\"apply_to\\\":\\\"iva\\\",\\\"ammount_permited\\\":1,\\\"percent_iva\\\":\\\"21.00\\\",\\\"taxable_iibb\\\":1,\\\"taxable_iva\\\":1,\\\"code\\\":5,\\\"status\\\":1,\\\"afip_alicuota_id\\\":5,\\\"plan_cuenta_id\\\":96,\\\"code_citi_alic_iva\\\":5}},{\\\"id\\\":13941,\\\"user_id\\\":7566,\\\"period_liquidation_id\\\":110,\\\"period_liquidation_iva_id\\\":57,\\\"period_id\\\":1524,\\\"person_id\\\":40720,\\\"activity_id\\\":1,\\\"iva_creditos_tipo_id\\\":1,\\\"type\\\":2,\\\"tax_id\\\":2,\\\"taxabled_amount\\\":\\\"174948.30\\\",\\\"iva_amount\\\":\\\"36739.14\\\",\\\"created_at\\\":\\\"2022-08-22T22:25:47.000000Z\\\",\\\"updated_at\\\":\\\"2022-08-22T22:25:47.000000Z\\\",\\\"ordr\\\":6,\\\"deleted_at\\\":null,\\\"base\\\":\\\"174948.30\\\",\\\"system_taxes\\\":{\\\"id\\\":2,\\\"created_at\\\":null,\\\"updated_at\\\":\\\"2020-04-16T13:33:23.000000Z\\\",\\\"name\\\":\\\"gravado al 21%\\\",\\\"apply_to\\\":\\\"iva\\\",\\\"ammount_permited\\\":1,\\\"percent_iva\\\":\\\"21.00\\\",\\\"taxable_iibb\\\":1,\\\"taxable_iva\\\":1,\\\"code\\\":5,\\\"status\\\":1,\\\"afip_alicuota_id\\\":5,\\\"plan_cuenta_id\\\":96,\\\"code_citi_alic_iva\\\":5}},{\\\"id\\\":13942,\\\"user_id\\\":7566,\\\"period_liquidation_id\\\":110,\\\"period_liquidation_iva_id\\\":57,\\\"period_id\\\":1524,\\\"person_id\\\":40720,\\\"activity_id\\\":1,\\\"iva_creditos_tipo_id\\\":4,\\\"type\\\":2,\\\"tax_id\\\":2,\\\"taxabled_amount\\\":\\\"0.00\\\",\\\"iva_amount\\\":\\\"0.00\\\",\\\"created_at\\\":\\\"2022-08-22T22:25:47.000000Z\\\",\\\"updated_at\\\":\\\"2022-08-22T22:25:47.000000Z\\\",\\\"ordr\\\":6,\\\"deleted_at\\\":null,\\\"base\\\":\\\"0.00\\\",\\\"system_taxes\\\":{\\\"id\\\":2,\\\"created_at\\\":null,\\\"updated_at\\\":\\\"2020-04-16T13:33:23.000000Z\\\",\\\"name\\\":\\\"gravado al 21%\\\",\\\"apply_to\\\":\\\"iva\\\",\\\"ammount_permited\\\":1,\\\"percent_iva\\\":\\\"21.00\\\",\\\"taxable_iibb\\\":1,\\\"taxable_iva\\\":1,\\\"code\\\":5,\\\"status\\\":1,\\\"afip_alicuota_id\\\":5,\\\"plan_cuenta_id\\\":96,\\\"code_citi_alic_iva\\\":5}},{\\\"id\\\":13943,\\\"user_id\\\":7566,\\\"period_liquidation_id\\\":110,\\\"period_liquidation_iva_id\\\":57,\\\"period_id\\\":1524,\\\"person_id\\\":40720,\\\"activity_id\\\":1,\\\"iva_creditos_tipo_id\\\":7,\\\"type\\\":2,\\\"tax_id\\\":2,\\\"taxabled_amount\\\":\\\"0.00\\\",\\\"iva_amount\\\":0,\\\"created_at\\\":\\\"2022-08-22T22:25:47.000000Z\\\",\\\"updated_at\\\":\\\"2022-08-22T22:25:47.000000Z\\\",\\\"ordr\\\":6,\\\"deleted_at\\\":null,\\\"base\\\":0,\\\"system_taxes\\\":{\\\"id\\\":2,\\\"created_at\\\":null,\\\"updated_at\\\":\\\"2020-04-16T13:33:23.000000Z\\\",\\\"name\\\":\\\"gravado al 21%\\\",\\\"apply_to\\\":\\\"iva\\\",\\\"ammount_permited\\\":1,\\\"percent_iva\\\":\\\"21.00\\\",\\\"taxable_iibb\\\":1,\\\"taxable_iva\\\":1,\\\"code\\\":5,\\\"status\\\":1,\\\"afip_alicuota_id\\\":5,\\\"plan_cuenta_id\\\":96,\\\"code_citi_alic_iva\\\":5}},{\\\"id\\\":13944,\\\"user_id\\\":7566,\\\"period_liquidation_id\\\":110,\\\"period_liquidation_iva_id\\\":57,\\\"period_id\\\":1524,\\\"person_id\\\":40720,\\\"activity_id\\\":1,\\\"iva_creditos_tipo_id\\\":10,\\\"type\\\":2,\\\"tax_id\\\":2,\\\"taxabled_amount\\\":\\\"0.00\\\",\\\"iva_amount\\\":\\\"0.00\\\",\\\"created_at\\\":\\\"2022-08-22T22:25:47.000000Z\\\",\\\"updated_at\\\":\\\"2022-08-22T22:25:47.000000Z\\\",\\\"ordr\\\":6,\\\"deleted_at\\\":null,\\\"base\\\":\\\"0.00\\\",\\\"system_taxes\\\":{\\\"id\\\":2,\\\"created_at\\\":null,\\\"updated_at\\\":\\\"2020-04-16T13:33:23.000000Z\\\",\\\"name\\\":\\\"gravado al 21%\\\",\\\"apply_to\\\":\\\"iva\\\",\\\"ammount_permited\\\":1,\\\"percent_iva\\\":\\\"21.00\\\",\\\"taxable_iibb\\\":1,\\\"taxable_iva\\\":1,\\\"code\\\":5,\\\"status\\\":1,\\\"afip_alicuota_id\\\":5,\\\"plan_cuenta_id\\\":96,\\\"code_citi_alic_iva\\\":5}},{\\\"id\\\":13945,\\\"user_id\\\":7566,\\\"period_liquidation_id\\\":110,\\\"period_liquidation_iva_id\\\":57,\\\"period_id\\\":1524,\\\"person_id\\\":40720,\\\"activity_id\\\":1,\\\"iva_creditos_tipo_id\\\":13,\\\"type\\\":2,\\\"tax_id\\\":2,\\\"taxabled_amount\\\":\\\"0.00\\\",\\\"iva_amount\\\":\\\"0.00\\\",\\\"created_at\\\":\\\"2022-08-22T22:25:47.000000Z\\\",\\\"updated_at\\\":\\\"2022-08-22T22:25:47.000000Z\\\",\\\"ordr\\\":6,\\\"deleted_at\\\":null,\\\"base\\\":\\\"0.00\\\",\\\"system_taxes\\\":{\\\"id\\\":2,\\\"created_at\\\":null,\\\"updated_at\\\":\\\"2020-04-16T13:33:23.000000Z\\\",\\\"name\\\":\\\"gravado al 21%\\\",\\\"apply_to\\\":\\\"iva\\\",\\\"ammount_permited\\\":1,\\\"percent_iva\\\":\\\"21.00\\\",\\\"taxable_iibb\\\":1,\\\"taxable_iva\\\":1,\\\"code\\\":5,\\\"status\\\":1,\\\"afip_alicuota_id\\\":5,\\\"plan_cuenta_id\\\":96,\\\"code_citi_alic_iva\\\":5}},{\\\"id\\\":13946,\\\"user_id\\\":7566,\\\"period_liquidation_id\\\":110,\\\"period_liquidation_iva_id\\\":57,\\\"period_id\\\":1524,\\\"person_id\\\":40720,\\\"activity_id\\\":1,\\\"iva_creditos_tipo_id\\\":3,\\\"type\\\":2,\\\"tax_id\\\":2,\\\"taxabled_amount\\\":\\\"0.00\\\",\\\"iva_amount\\\":\\\"0.00\\\",\\\"created_at\\\":\\\"2022-08-22T22:25:47.000000Z\\\",\\\"updated_at\\\":\\\"2022-08-22T22:25:47.000000Z\\\",\\\"ordr\\\":6,\\\"deleted_at\\\":null,\\\"base\\\":\\\"0.00\\\",\\\"system_taxes\\\":{\\\"id\\\":2,\\\"created_at\\\":null,\\\"updated_at\\\":\\\"2020-04-16T13:33:23.000000Z\\\",\\\"name\\\":\\\"gravado al 21%\\\",\\\"apply_to\\\":\\\"iva\\\",\\\"ammount_permited\\\":1,\\\"percent_iva\\\":\\\"21.00\\\",\\\"taxable_iibb\\\":1,\\\"taxable_iva\\\":1,\\\"code\\\":5,\\\"status\\\":1,\\\"afip_alicuota_id\\\":5,\\\"plan_cuenta_id\\\":96,\\\"code_citi_alic_iva\\\":5}},{\\\"id\\\":13947,\\\"user_id\\\":7566,\\\"period_liquidation_id\\\":110,\\\"period_liquidation_iva_id\\\":57,\\\"period_id\\\":1524,\\\"person_id\\\":40720,\\\"activity_id\\\":1,\\\"iva_creditos_tipo_id\\\":6,\\\"type\\\":2,\\\"tax_id\\\":2,\\\"taxabled_amount\\\":\\\"0.00\\\",\\\"iva_amount\\\":\\\"0.00\\\",\\\"created_at\\\":\\\"2022-08-22T22:25:47.000000Z\\\",\\\"updated_at\\\":\\\"2022-08-22T22:25:47.000000Z\\\",\\\"ordr\\\":6,\\\"deleted_at\\\":null,\\\"base\\\":\\\"0.00\\\",\\\"system_taxes\\\":{\\\"id\\\":2,\\\"created_at\\\":null,\\\"updated_at\\\":\\\"2020-04-16T13:33:23.000000Z\\\",\\\"name\\\":\\\"gravado al 21%\\\",\\\"apply_to\\\":\\\"iva\\\",\\\"ammount_permited\\\":1,\\\"percent_iva\\\":\\\"21.00\\\",\\\"taxable_iibb\\\":1,\\\"taxable_iva\\\":1,\\\"code\\\":5,\\\"status\\\":1,\\\"afip_alicuota_id\\\":5,\\\"plan_cuenta_id\\\":96,\\\"code_citi_alic_iva\\\":5}},{\\\"id\\\":13948,\\\"user_id\\\":7566,\\\"period_liquidation_id\\\":110,\\\"period_liquidation_iva_id\\\":57,\\\"period_id\\\":1524,\\\"person_id\\\":40720,\\\"activity_id\\\":1,\\\"iva_creditos_tipo_id\\\":9,\\\"type\\\":2,\\\"tax_id\\\":2,\\\"taxabled_amount\\\":\\\"0.00\\\",\\\"iva_amount\\\":\\\"0.00\\\",\\\"created_at\\\":\\\"2022-08-22T22:25:47.000000Z\\\",\\\"updated_at\\\":\\\"2022-08-22T22:25:47.000000Z\\\",\\\"ordr\\\":6,\\\"deleted_at\\\":null,\\\"base\\\":\\\"0.00\\\",\\\"system_taxes\\\":{\\\"id\\\":2,\\\"created_at\\\":null,\\\"updated_at\\\":\\\"2020-04-16T13:33:23.000000Z\\\",\\\"name\\\":\\\"gravado al 21%\\\",\\\"apply_to\\\":\\\"iva\\\",\\\"ammount_permited\\\":1,\\\"percent_iva\\\":\\\"21.00\\\",\\\"taxable_iibb\\\":1,\\\"taxable_iva\\\":1,\\\"code\\\":5,\\\"status\\\":1,\\\"afip_alicuota_id\\\":5,\\\"plan_cuenta_id\\\":96,\\\"code_citi_alic_iva\\\":5}},{\\\"id\\\":13949,\\\"user_id\\\":7566,\\\"period_liquidation_id\\\":110,\\\"period_liquidation_iva_id\\\":57,\\\"period_id\\\":1524,\\\"person_id\\\":40720,\\\"activity_id\\\":1,\\\"iva_creditos_tipo_id\\\":12,\\\"type\\\":2,\\\"tax_id\\\":2,\\\"taxabled_amount\\\":\\\"0.00\\\",\\\"iva_amount\\\":\\\"0.00\\\",\\\"created_at\\\":\\\"2022-08-22T22:25:47.000000Z\\\",\\\"updated_at\\\":\\\"2022-08-22T22:25:47.000000Z\\\",\\\"ordr\\\":6,\\\"deleted_at\\\":null,\\\"base\\\":\\\"0.00\\\",\\\"system_taxes\\\":{\\\"id\\\":2,\\\"created_at\\\":null,\\\"updated_at\\\":\\\"2020-04-16T13:33:23.000000Z\\\",\\\"name\\\":\\\"gravado al 21%\\\",\\\"apply_to\\\":\\\"iva\\\",\\\"ammount_permited\\\":1,\\\"percent_iva\\\":\\\"21.00\\\",\\\"taxable_iibb\\\":1,\\\"taxable_iva\\\":1,\\\"code\\\":5,\\\"status\\\":1,\\\"afip_alicuota_id\\\":5,\\\"plan_cuenta_id\\\":96,\\\"code_citi_alic_iva\\\":5}},{\\\"id\\\":13950,\\\"user_id\\\":7566,\\\"period_liquidation_id\\\":110,\\\"period_liquidation_iva_id\\\":57,\\\"period_id\\\":1524,\\\"person_id\\\":40720,\\\"activity_id\\\":1,\\\"iva_creditos_tipo_id\\\":2,\\\"type\\\":2,\\\"tax_id\\\":2,\\\"taxabled_amount\\\":\\\"0.00\\\",\\\"iva_amount\\\":\\\"0.00\\\",\\\"created_at\\\":\\\"2022-08-22T22:25:47.000000Z\\\",\\\"updated_at\\\":\\\"2022-08-22T22:25:47.000000Z\\\",\\\"ordr\\\":6,\\\"deleted_at\\\":null,\\\"base\\\":\\\"0.00\\\",\\\"system_taxes\\\":{\\\"id\\\":2,\\\"created_at\\\":null,\\\"updated_at\\\":\\\"2020-04-16T13:33:23.000000Z\\\",\\\"name\\\":\\\"gravado al 21%\\\",\\\"apply_to\\\":\\\"iva\\\",\\\"ammount_permited\\\":1,\\\"percent_iva\\\":\\\"21.00\\\",\\\"taxable_iibb\\\":1,\\\"taxable_iva\\\":1,\\\"code\\\":5,\\\"status\\\":1,\\\"afip_alicuota_id\\\":5,\\\"plan_cuenta_id\\\":96,\\\"code_citi_alic_iva\\\":5}},{\\\"id\\\":13951,\\\"user_id\\\":7566,\\\"period_liquidation_id\\\":110,\\\"period_liquidation_iva_id\\\":57,\\\"period_id\\\":1524,\\\"person_id\\\":40720,\\\"activity_id\\\":1,\\\"iva_creditos_tipo_id\\\":1,\\\"type\\\":2,\\\"tax_id\\\":1,\\\"taxabled_amount\\\":\\\"5598.72\\\",\\\"iva_amount\\\":\\\"587.87\\\",\\\"created_at\\\":\\\"2022-08-22T22:25:47.000000Z\\\",\\\"updated_at\\\":\\\"2022-08-22T22:25:47.000000Z\\\",\\\"ordr\\\":6,\\\"deleted_at\\\":null,\\\"base\\\":\\\"5598.72\\\",\\\"system_taxes\\\":{\\\"id\\\":1,\\\"created_at\\\":null,\\\"updated_at\\\":\\\"2020-04-16T13:33:23.000000Z\\\",\\\"name\\\":\\\"gravado al 10,5%\\\",\\\"apply_to\\\":\\\"iva\\\",\\\"ammount_permited\\\":1,\\\"percent_iva\\\":\\\"10.50\\\",\\\"taxable_iibb\\\":1,\\\"taxable_iva\\\":1,\\\"code\\\":4,\\\"status\\\":1,\\\"afip_alicuota_id\\\":4,\\\"plan_cuenta_id\\\":96,\\\"code_citi_alic_iva\\\":4}},{\\\"id\\\":13952,\\\"user_id\\\":7566,\\\"period_liquidation_id\\\":110,\\\"period_liquidation_iva_id\\\":57,\\\"period_id\\\":1524,\\\"person_id\\\":40720,\\\"activity_id\\\":1,\\\"iva_creditos_tipo_id\\\":4,\\\"type\\\":2,\\\"tax_id\\\":1,\\\"taxabled_amount\\\":\\\"0.00\\\",\\\"iva_amount\\\":\\\"0.00\\\",\\\"created_at\\\":\\\"2022-08-22T22:25:47.000000Z\\\",\\\"updated_at\\\":\\\"2022-08-22T22:25:47.000000Z\\\",\\\"ordr\\\":6,\\\"deleted_at\\\":null,\\\"base\\\":\\\"0.00\\\",\\\"system_taxes\\\":{\\\"id\\\":1,\\\"created_at\\\":null,\\\"updated_at\\\":\\\"2020-04-16T13:33:23.000000Z\\\",\\\"name\\\":\\\"gravado al 10,5%\\\",\\\"apply_to\\\":\\\"iva\\\",\\\"ammount_permited\\\":1,\\\"percent_iva\\\":\\\"10.50\\\",\\\"taxable_iibb\\\":1,\\\"taxable_iva\\\":1,\\\"code\\\":4,\\\"status\\\":1,\\\"afip_alicuota_id\\\":4,\\\"plan_cuenta_id\\\":96,\\\"code_citi_alic_iva\\\":4}},{\\\"id\\\":13953,\\\"user_id\\\":7566,\\\"period_liquidation_id\\\":110,\\\"period_liquidation_iva_id\\\":57,\\\"period_id\\\":1524,\\\"person_id\\\":40720,\\\"activity_id\\\":1,\\\"iva_creditos_tipo_id\\\":7,\\\"type\\\":2,\\\"tax_id\\\":1,\\\"taxabled_amount\\\":\\\"0.00\\\",\\\"iva_amount\\\":\\\"0.00\\\",\\\"created_at\\\":\\\"2022-08-22T22:25:47.000000Z\\\",\\\"updated_at\\\":\\\"2022-08-22T22:25:47.000000Z\\\",\\\"ordr\\\":6,\\\"deleted_at\\\":null,\\\"base\\\":\\\"0.00\\\",\\\"system_taxes\\\":{\\\"id\\\":1,\\\"created_at\\\":null,\\\"updated_at\\\":\\\"2020-04-16T13:33:23.000000Z\\\",\\\"name\\\":\\\"gravado al 10,5%\\\",\\\"apply_to\\\":\\\"iva\\\",\\\"ammount_permited\\\":1,\\\"percent_iva\\\":\\\"10.50\\\",\\\"taxable_iibb\\\":1,\\\"taxable_iva\\\":1,\\\"code\\\":4,\\\"status\\\":1,\\\"afip_alicuota_id\\\":4,\\\"plan_cuenta_id\\\":96,\\\"code_citi_alic_iva\\\":4}},{\\\"id\\\":13954,\\\"user_id\\\":7566,\\\"period_liquidation_id\\\":110,\\\"period_liquidation_iva_id\\\":57,\\\"period_id\\\":1524,\\\"person_id\\\":40720,\\\"activity_id\\\":1,\\\"iva_creditos_tipo_id\\\":10,\\\"type\\\":2,\\\"tax_id\\\":1,\\\"taxabled_amount\\\":\\\"0.00\\\",\\\"iva_amount\\\":\\\"0.00\\\",\\\"created_at\\\":\\\"2022-08-22T22:25:47.000000Z\\\",\\\"updated_at\\\":\\\"2022-08-22T22:25:47.000000Z\\\",\\\"ordr\\\":6,\\\"deleted_at\\\":null,\\\"base\\\":\\\"0.00\\\",\\\"system_taxes\\\":{\\\"id\\\":1,\\\"created_at\\\":null,\\\"updated_at\\\":\\\"2020-04-16T13:33:23.000000Z\\\",\\\"name\\\":\\\"gravado al 10,5%\\\",\\\"apply_to\\\":\\\"iva\\\",\\\"ammount_permited\\\":1,\\\"percent_iva\\\":\\\"10.50\\\",\\\"taxable_iibb\\\":1,\\\"taxable_iva\\\":1,\\\"code\\\":4,\\\"status\\\":1,\\\"afip_alicuota_id\\\":4,\\\"plan_cuenta_id\\\":96,\\\"code_citi_alic_iva\\\":4}},{\\\"id\\\":13955,\\\"user_id\\\":7566,\\\"period_liquidation_id\\\":110,\\\"period_liquidation_iva_id\\\":57,\\\"period_id\\\":1524,\\\"person_id\\\":40720,\\\"activity_id\\\":1,\\\"iva_creditos_tipo_id\\\":13,\\\"type\\\":2,\\\"tax_id\\\":1,\\\"taxabled_amount\\\":\\\"0.00\\\",\\\"iva_amount\\\":\\\"0.00\\\",\\\"created_at\\\":\\\"2022-08-22T22:25:47.000000Z\\\",\\\"updated_at\\\":\\\"2022-08-22T22:25:47.000000Z\\\",\\\"ordr\\\":6,\\\"deleted_at\\\":null,\\\"base\\\":\\\"0.00\\\",\\\"system_taxes\\\":{\\\"id\\\":1,\\\"created_at\\\":null,\\\"updated_at\\\":\\\"2020-04-16T13:33:23.000000Z\\\",\\\"name\\\":\\\"gravado al 10,5%\\\",\\\"apply_to\\\":\\\"iva\\\",\\\"ammount_permited\\\":1,\\\"percent_iva\\\":\\\"10.50\\\",\\\"taxable_iibb\\\":1,\\\"taxable_iva\\\":1,\\\"code\\\":4,\\\"status\\\":1,\\\"afip_alicuota_id\\\":4,\\\"plan_cuenta_id\\\":96,\\\"code_citi_alic_iva\\\":4}},{\\\"id\\\":13956,\\\"user_id\\\":7566,\\\"period_liquidation_id\\\":110,\\\"period_liquidation_iva_id\\\":57,\\\"period_id\\\":1524,\\\"person_id\\\":40720,\\\"activity_id\\\":1,\\\"iva_creditos_tipo_id\\\":3,\\\"type\\\":2,\\\"tax_id\\\":1,\\\"taxabled_amount\\\":\\\"0.00\\\",\\\"iva_amount\\\":\\\"0.00\\\",\\\"created_at\\\":\\\"2022-08-22T22:25:47.000000Z\\\",\\\"updated_at\\\":\\\"2022-08-22T22:25:47.000000Z\\\",\\\"ordr\\\":6,\\\"deleted_at\\\":null,\\\"base\\\":\\\"0.00\\\",\\\"system_taxes\\\":{\\\"id\\\":1,\\\"created_at\\\":null,\\\"updated_at\\\":\\\"2020-04-16T13:33:23.000000Z\\\",\\\"name\\\":\\\"gravado al 10,5%\\\",\\\"apply_to\\\":\\\"iva\\\",\\\"ammount_permited\\\":1,\\\"percent_iva\\\":\\\"10.50\\\",\\\"taxable_iibb\\\":1,\\\"taxable_iva\\\":1,\\\"code\\\":4,\\\"status\\\":1,\\\"afip_alicuota_id\\\":4,\\\"plan_cuenta_id\\\":96,\\\"code_citi_alic_iva\\\":4}},{\\\"id\\\":13957,\\\"user_id\\\":7566,\\\"period_liquidation_id\\\":110,\\\"period_liquidation_iva_id\\\":57,\\\"period_id\\\":1524,\\\"person_id\\\":40720,\\\"activity_id\\\":1,\\\"iva_creditos_tipo_id\\\":6,\\\"type\\\":2,\\\"tax_id\\\":1,\\\"taxabled_amount\\\":\\\"0.00\\\",\\\"iva_amount\\\":\\\"0.00\\\",\\\"created_at\\\":\\\"2022-08-22T22:25:47.000000Z\\\",\\\"updated_at\\\":\\\"2022-08-22T22:25:47.000000Z\\\",\\\"ordr\\\":6,\\\"deleted_at\\\":null,\\\"base\\\":\\\"0.00\\\",\\\"system_taxes\\\":{\\\"id\\\":1,\\\"created_at\\\":null,\\\"updated_at\\\":\\\"2020-04-16T13:33:23.000000Z\\\",\\\"name\\\":\\\"gravado al 10,5%\\\",\\\"apply_to\\\":\\\"iva\\\",\\\"ammount_permited\\\":1,\\\"percent_iva\\\":\\\"10.50\\\",\\\"taxable_iibb\\\":1,\\\"taxable_iva\\\":1,\\\"code\\\":4,\\\"status\\\":1,\\\"afip_alicuota_id\\\":4,\\\"plan_cuenta_id\\\":96,\\\"code_citi_alic_iva\\\":4}},{\\\"id\\\":13958,\\\"user_id\\\":7566,\\\"period_liquidation_id\\\":110,\\\"period_liquidation_iva_id\\\":57,\\\"period_id\\\":1524,\\\"person_id\\\":40720,\\\"activity_id\\\":1,\\\"iva_creditos_tipo_id\\\":9,\\\"type\\\":2,\\\"tax_id\\\":1,\\\"taxabled_amount\\\":\\\"0.00\\\",\\\"iva_amount\\\":\\\"0.00\\\",\\\"created_at\\\":\\\"2022-08-22T22:25:47.000000Z\\\",\\\"updated_at\\\":\\\"2022-08-22T22:25:47.000000Z\\\",\\\"ordr\\\":6,\\\"deleted_at\\\":null,\\\"base\\\":\\\"0.00\\\",\\\"system_taxes\\\":{\\\"id\\\":1,\\\"created_at\\\":null,\\\"updated_at\\\":\\\"2020-04-16T13:33:23.000000Z\\\",\\\"name\\\":\\\"gravado al 10,5%\\\",\\\"apply_to\\\":\\\"iva\\\",\\\"ammount_permited\\\":1,\\\"percent_iva\\\":\\\"10.50\\\",\\\"taxable_iibb\\\":1,\\\"taxable_iva\\\":1,\\\"code\\\":4,\\\"status\\\":1,\\\"afip_alicuota_id\\\":4,\\\"plan_cuenta_id\\\":96,\\\"code_citi_alic_iva\\\":4}},{\\\"id\\\":13959,\\\"user_id\\\":7566,\\\"period_liquidation_id\\\":110,\\\"period_liquidation_iva_id\\\":57,\\\"period_id\\\":1524,\\\"person_id\\\":40720,\\\"activity_id\\\":1,\\\"iva_creditos_tipo_id\\\":12,\\\"type\\\":2,\\\"tax_id\\\":1,\\\"taxabled_amount\\\":\\\"0.00\\\",\\\"iva_amount\\\":\\\"0.00\\\",\\\"created_at\\\":\\\"2022-08-22T22:25:47.000000Z\\\",\\\"updated_at\\\":\\\"2022-08-22T22:25:47.000000Z\\\",\\\"ordr\\\":6,\\\"deleted_at\\\":null,\\\"base\\\":\\\"0.00\\\",\\\"system_taxes\\\":{\\\"id\\\":1,\\\"created_at\\\":null,\\\"updated_at\\\":\\\"2020-04-16T13:33:23.000000Z\\\",\\\"name\\\":\\\"gravado al 10,5%\\\",\\\"apply_to\\\":\\\"iva\\\",\\\"ammount_permited\\\":1,\\\"percent_iva\\\":\\\"10.50\\\",\\\"taxable_iibb\\\":1,\\\"taxable_iva\\\":1,\\\"code\\\":4,\\\"status\\\":1,\\\"afip_alicuota_id\\\":4,\\\"plan_cuenta_id\\\":96,\\\"code_citi_alic_iva\\\":4}},{\\\"id\\\":13960,\\\"user_id\\\":7566,\\\"period_liquidation_id\\\":110,\\\"period_liquidation_iva_id\\\":57,\\\"period_id\\\":1524,\\\"person_id\\\":40720,\\\"activity_id\\\":1,\\\"iva_creditos_tipo_id\\\":2,\\\"type\\\":2,\\\"tax_id\\\":1,\\\"taxabled_amount\\\":\\\"0.00\\\",\\\"iva_amount\\\":\\\"0.00\\\",\\\"created_at\\\":\\\"2022-08-22T22:25:47.000000Z\\\",\\\"updated_at\\\":\\\"2022-08-22T22:25:47.000000Z\\\",\\\"ordr\\\":6,\\\"deleted_at\\\":null,\\\"base\\\":\\\"0.00\\\",\\\"system_taxes\\\":{\\\"id\\\":1,\\\"created_at\\\":null,\\\"updated_at\\\":\\\"2020-04-16T13:33:23.000000Z\\\",\\\"name\\\":\\\"gravado al 10,5%\\\",\\\"apply_to\\\":\\\"iva\\\",\\\"ammount_permited\\\":1,\\\"percent_iva\\\":\\\"10.50\\\",\\\"taxable_iibb\\\":1,\\\"taxable_iva\\\":1,\\\"code\\\":4,\\\"status\\\":1,\\\"afip_alicuota_id\\\":4,\\\"plan_cuenta_id\\\":96,\\\"code_citi_alic_iva\\\":4}},{\\\"id\\\":13961,\\\"user_id\\\":7566,\\\"period_liquidation_id\\\":110,\\\"period_liquidation_iva_id\\\":57,\\\"period_id\\\":1524,\\\"person_id\\\":40720,\\\"activity_id\\\":1,\\\"iva_creditos_tipo_id\\\":5,\\\"type\\\":2,\\\"tax_id\\\":1,\\\"taxabled_amount\\\":\\\"0.00\\\",\\\"iva_amount\\\":\\\"0.00\\\",\\\"created_at\\\":\\\"2022-08-22T22:25:47.000000Z\\\",\\\"updated_at\\\":\\\"2022-08-22T22:25:47.000000Z\\\",\\\"ordr\\\":6,\\\"deleted_at\\\":null,\\\"base\\\":\\\"0.00\\\",\\\"system_taxes\\\":{\\\"id\\\":1,\\\"created_at\\\":null,\\\"updated_at\\\":\\\"2020-04-16T13:33:23.000000Z\\\",\\\"name\\\":\\\"gravado al 10,5%\\\",\\\"apply_to\\\":\\\"iva\\\",\\\"ammount_permited\\\":1,\\\"percent_iva\\\":\\\"10.50\\\",\\\"taxable_iibb\\\":1,\\\"taxable_iva\\\":1,\\\"code\\\":4,\\\"status\\\":1,\\\"afip_alicuota_id\\\":4,\\\"plan_cuenta_id\\\":96,\\\"code_citi_alic_iva\\\":4}},{\\\"id\\\":13962,\\\"user_id\\\":7566,\\\"period_liquidation_id\\\":110,\\\"period_liquidation_iva_id\\\":57,\\\"period_id\\\":1524,\\\"person_id\\\":40720,\\\"activity_id\\\":1,\\\"iva_creditos_tipo_id\\\":8,\\\"type\\\":2,\\\"tax_id\\\":1,\\\"taxabled_amount\\\":\\\"0.00\\\",\\\"iva_amount\\\":\\\"0.00\\\",\\\"created_at\\\":\\\"2022-08-22T22:25:47.000000Z\\\",\\\"updated_at\\\":\\\"2022-08-22T22:25:47.000000Z\\\",\\\"ordr\\\":6,\\\"deleted_at\\\":null,\\\"base\\\":\\\"0.00\\\",\\\"system_taxes\\\":{\\\"id\\\":1,\\\"created_at\\\":null,\\\"updated_at\\\":\\\"2020-04-16T13:33:23.000000Z\\\",\\\"name\\\":\\\"gravado al 10,5%\\\",\\\"apply_to\\\":\\\"iva\\\",\\\"ammount_permited\\\":1,\\\"percent_iva\\\":\\\"10.50\\\",\\\"taxable_iibb\\\":1,\\\"taxable_iva\\\":1,\\\"code\\\":4,\\\"status\\\":1,\\\"afip_alicuota_id\\\":4,\\\"plan_cuenta_id\\\":96,\\\"code_citi_alic_iva\\\":4}},{\\\"id\\\":13963,\\\"user_id\\\":7566,\\\"period_liquidation_id\\\":110,\\\"period_liquidation_iva_id\\\":57,\\\"period_id\\\":1524,\\\"person_id\\\":40720,\\\"activity_id\\\":1,\\\"iva_creditos_tipo_id\\\":11,\\\"type\\\":2,\\\"tax_id\\\":1,\\\"taxabled_amount\\\":\\\"0.00\\\",\\\"iva_amount\\\":\\\"0.00\\\",\\\"created_at\\\":\\\"2022-08-22T22:25:47.000000Z\\\",\\\"updated_at\\\":\\\"2022-08-22T22:25:47.000000Z\\\",\\\"ordr\\\":6,\\\"deleted_at\\\":null,\\\"base\\\":\\\"0.00\\\",\\\"system_taxes\\\":{\\\"id\\\":1,\\\"created_at\\\":null,\\\"updated_at\\\":\\\"2020-04-16T13:33:23.000000Z\\\",\\\"name\\\":\\\"gravado al 10,5%\\\",\\\"apply_to\\\":\\\"iva\\\",\\\"ammount_permited\\\":1,\\\"percent_iva\\\":\\\"10.50\\\",\\\"taxable_iibb\\\":1,\\\"taxable_iva\\\":1,\\\"code\\\":4,\\\"status\\\":1,\\\"afip_alicuota_id\\\":4,\\\"plan_cuenta_id\\\":96,\\\"code_citi_alic_iva\\\":4}},{\\\"id\\\":13964,\\\"user_id\\\":7566,\\\"period_liquidation_id\\\":110,\\\"period_liquidation_iva_id\\\":57,\\\"period_id\\\":1524,\\\"person_id\\\":40720,\\\"activity_id\\\":1,\\\"iva_creditos_tipo_id\\\":14,\\\"type\\\":2,\\\"tax_id\\\":1,\\\"taxabled_amount\\\":\\\"0.00\\\",\\\"iva_amount\\\":\\\"0.00\\\",\\\"created_at\\\":\\\"2022-08-22T22:25:47.000000Z\\\",\\\"updated_at\\\":\\\"2022-08-22T22:25:47.000000Z\\\",\\\"ordr\\\":6,\\\"deleted_at\\\":null,\\\"base\\\":\\\"0.00\\\",\\\"system_taxes\\\":{\\\"id\\\":1,\\\"created_at\\\":null,\\\"updated_at\\\":\\\"2020-04-16T13:33:23.000000Z\\\",\\\"name\\\":\\\"gravado al 10,5%\\\",\\\"apply_to\\\":\\\"iva\\\",\\\"ammount_permited\\\":1,\\\"percent_iva\\\":\\\"10.50\\\",\\\"taxable_iibb\\\":1,\\\"taxable_iva\\\":1,\\\"code\\\":4,\\\"status\\\":1,\\\"afip_alicuota_id\\\":4,\\\"plan_cuenta_id\\\":96,\\\"code_citi_alic_iva\\\":4}},{\\\"id\\\":13965,\\\"user_id\\\":7566,\\\"period_liquidation_id\\\":110,\\\"period_liquidation_iva_id\\\":57,\\\"period_id\\\":1524,\\\"person_id\\\":40720,\\\"activity_id\\\":1,\\\"iva_creditos_tipo_id\\\":11,\\\"type\\\":2,\\\"tax_id\\\":5,\\\"taxabled_amount\\\":\\\"0.00\\\",\\\"iva_amount\\\":\\\"0.00\\\",\\\"created_at\\\":\\\"2022-08-22T22:25:47.000000Z\\\",\\\"updated_at\\\":\\\"2022-08-22T22:25:47.000000Z\\\",\\\"ordr\\\":6,\\\"deleted_at\\\":null,\\\"base\\\":\\\"0.00\\\",\\\"system_taxes\\\":{\\\"id\\\":5,\\\"created_at\\\":null,\\\"updated_at\\\":\\\"2020-04-16T13:33:23.000000Z\\\",\\\"name\\\":\\\"gravado al 5%\\\",\\\"apply_to\\\":\\\"iva\\\",\\\"ammount_permited\\\":1,\\\"percent_iva\\\":\\\"5.00\\\",\\\"taxable_iibb\\\":1,\\\"taxable_iva\\\":1,\\\"code\\\":8,\\\"status\\\":1,\\\"afip_alicuota_id\\\":8,\\\"plan_cuenta_id\\\":96,\\\"code_citi_alic_iva\\\":8}},{\\\"id\\\":13966,\\\"user_id\\\":7566,\\\"period_liquidation_id\\\":110,\\\"period_liquidation_iva_id\\\":57,\\\"period_id\\\":1524,\\\"person_id\\\":40720,\\\"activity_id\\\":1,\\\"iva_creditos_tipo_id\\\":14,\\\"type\\\":2,\\\"tax_id\\\":5,\\\"taxabled_amount\\\":\\\"0.00\\\",\\\"iva_amount\\\":\\\"0.00\\\",\\\"created_at\\\":\\\"2022-08-22T22:25:47.000000Z\\\",\\\"updated_at\\\":\\\"2022-08-22T22:25:47.000000Z\\\",\\\"ordr\\\":6,\\\"deleted_at\\\":null,\\\"base\\\":\\\"0.00\\\",\\\"system_taxes\\\":{\\\"id\\\":5,\\\"created_at\\\":null,\\\"updated_at\\\":\\\"2020-04-16T13:33:23.000000Z\\\",\\\"name\\\":\\\"gravado al 5%\\\",\\\"apply_to\\\":\\\"iva\\\",\\\"ammount_permited\\\":1,\\\"percent_iva\\\":\\\"5.00\\\",\\\"taxable_iibb\\\":1,\\\"taxable_iva\\\":1,\\\"code\\\":8,\\\"status\\\":1,\\\"afip_alicuota_id\\\":8,\\\"plan_cuenta_id\\\":96,\\\"code_citi_alic_iva\\\":8}},{\\\"id\\\":13967,\\\"user_id\\\":7566,\\\"period_liquidation_id\\\":110,\\\"period_liquidation_iva_id\\\":57,\\\"period_id\\\":1524,\\\"person_id\\\":40720,\\\"activity_id\\\":1,\\\"iva_creditos_tipo_id\\\":1,\\\"type\\\":2,\\\"tax_id\\\":5,\\\"taxabled_amount\\\":\\\"0.00\\\",\\\"iva_amount\\\":\\\"0.00\\\",\\\"created_at\\\":\\\"2022-08-22T22:25:47.000000Z\\\",\\\"updated_at\\\":\\\"2022-08-22T22:25:47.000000Z\\\",\\\"ordr\\\":6,\\\"deleted_at\\\":null,\\\"base\\\":\\\"0.00\\\",\\\"system_taxes\\\":{\\\"id\\\":5,\\\"created_at\\\":null,\\\"updated_at\\\":\\\"2020-04-16T13:33:23.000000Z\\\",\\\"name\\\":\\\"gravado al 5%\\\",\\\"apply_to\\\":\\\"iva\\\",\\\"ammount_permited\\\":1,\\\"percent_iva\\\":\\\"5.00\\\",\\\"taxable_iibb\\\":1,\\\"taxable_iva\\\":1,\\\"code\\\":8,\\\"status\\\":1,\\\"afip_alicuota_id\\\":8,\\\"plan_cuenta_id\\\":96,\\\"code_citi_alic_iva\\\":8}},{\\\"id\\\":13968,\\\"user_id\\\":7566,\\\"period_liquidation_id\\\":110,\\\"period_liquidation_iva_id\\\":57,\\\"period_id\\\":1524,\\\"person_id\\\":40720,\\\"activity_id\\\":1,\\\"iva_creditos_tipo_id\\\":4,\\\"type\\\":2,\\\"tax_id\\\":5,\\\"taxabled_amount\\\":\\\"0.00\\\",\\\"iva_amount\\\":\\\"0.00\\\",\\\"created_at\\\":\\\"2022-08-22T22:25:47.000000Z\\\",\\\"updated_at\\\":\\\"2022-08-22T22:25:47.000000Z\\\",\\\"ordr\\\":6,\\\"deleted_at\\\":null,\\\"base\\\":\\\"0.00\\\",\\\"system_taxes\\\":{\\\"id\\\":5,\\\"created_at\\\":null,\\\"updated_at\\\":\\\"2020-04-16T13:33:23.000000Z\\\",\\\"name\\\":\\\"gravado al 5%\\\",\\\"apply_to\\\":\\\"iva\\\",\\\"ammount_permited\\\":1,\\\"percent_iva\\\":\\\"5.00\\\",\\\"taxable_iibb\\\":1,\\\"taxable_iva\\\":1,\\\"code\\\":8,\\\"status\\\":1,\\\"afip_alicuota_id\\\":8,\\\"plan_cuenta_id\\\":96,\\\"code_citi_alic_iva\\\":8}},{\\\"id\\\":13969,\\\"user_id\\\":7566,\\\"period_liquidation_id\\\":110,\\\"period_liquidation_iva_id\\\":57,\\\"period_id\\\":1524,\\\"person_id\\\":40720,\\\"activity_id\\\":1,\\\"iva_creditos_tipo_id\\\":7,\\\"type\\\":2,\\\"tax_id\\\":5,\\\"taxabled_amount\\\":\\\"0.00\\\",\\\"iva_amount\\\":\\\"0.00\\\",\\\"created_at\\\":\\\"2022-08-22T22:25:47.000000Z\\\",\\\"updated_at\\\":\\\"2022-08-22T22:25:47.000000Z\\\",\\\"ordr\\\":6,\\\"deleted_at\\\":null,\\\"base\\\":\\\"0.00\\\",\\\"system_taxes\\\":{\\\"id\\\":5,\\\"created_at\\\":null,\\\"updated_at\\\":\\\"2020-04-16T13:33:23.000000Z\\\",\\\"name\\\":\\\"gravado al 5%\\\",\\\"apply_to\\\":\\\"iva\\\",\\\"ammount_permited\\\":1,\\\"percent_iva\\\":\\\"5.00\\\",\\\"taxable_iibb\\\":1,\\\"taxable_iva\\\":1,\\\"code\\\":8,\\\"status\\\":1,\\\"afip_alicuota_id\\\":8,\\\"plan_cuenta_id\\\":96,\\\"code_citi_alic_iva\\\":8}},{\\\"id\\\":13970,\\\"user_id\\\":7566,\\\"period_liquidation_id\\\":110,\\\"period_liquidation_iva_id\\\":57,\\\"period_id\\\":1524,\\\"person_id\\\":40720,\\\"activity_id\\\":1,\\\"iva_creditos_tipo_id\\\":10,\\\"type\\\":2,\\\"tax_id\\\":5,\\\"taxabled_amount\\\":\\\"0.00\\\",\\\"iva_amount\\\":\\\"0.00\\\",\\\"created_at\\\":\\\"2022-08-22T22:25:47.000000Z\\\",\\\"updated_at\\\":\\\"2022-08-22T22:25:47.000000Z\\\",\\\"ordr\\\":6,\\\"deleted_at\\\":null,\\\"base\\\":\\\"0.00\\\",\\\"system_taxes\\\":{\\\"id\\\":5,\\\"created_at\\\":null,\\\"updated_at\\\":\\\"2020-04-16T13:33:23.000000Z\\\",\\\"name\\\":\\\"gravado al 5%\\\",\\\"apply_to\\\":\\\"iva\\\",\\\"ammount_permited\\\":1,\\\"percent_iva\\\":\\\"5.00\\\",\\\"taxable_iibb\\\":1,\\\"taxable_iva\\\":1,\\\"code\\\":8,\\\"status\\\":1,\\\"afip_alicuota_id\\\":8,\\\"plan_cuenta_id\\\":96,\\\"code_citi_alic_iva\\\":8}},{\\\"id\\\":13971,\\\"user_id\\\":7566,\\\"period_liquidation_id\\\":110,\\\"period_liquidation_iva_id\\\":57,\\\"period_id\\\":1524,\\\"person_id\\\":40720,\\\"activity_id\\\":1,\\\"iva_creditos_tipo_id\\\":13,\\\"type\\\":2,\\\"tax_id\\\":5,\\\"taxabled_amount\\\":\\\"0.00\\\",\\\"iva_amount\\\":\\\"0.00\\\",\\\"created_at\\\":\\\"2022-08-22T22:25:47.000000Z\\\",\\\"updated_at\\\":\\\"2022-08-22T22:25:47.000000Z\\\",\\\"ordr\\\":6,\\\"deleted_at\\\":null,\\\"base\\\":\\\"0.00\\\",\\\"system_taxes\\\":{\\\"id\\\":5,\\\"created_at\\\":null,\\\"updated_at\\\":\\\"2020-04-16T13:33:23.000000Z\\\",\\\"name\\\":\\\"gravado al 5%\\\",\\\"apply_to\\\":\\\"iva\\\",\\\"ammount_permited\\\":1,\\\"percent_iva\\\":\\\"5.00\\\",\\\"taxable_iibb\\\":1,\\\"taxable_iva\\\":1,\\\"code\\\":8,\\\"status\\\":1,\\\"afip_alicuota_id\\\":8,\\\"plan_cuenta_id\\\":96,\\\"code_citi_alic_iva\\\":8}},{\\\"id\\\":13972,\\\"user_id\\\":7566,\\\"period_liquidation_id\\\":110,\\\"period_liquidation_iva_id\\\":57,\\\"period_id\\\":1524,\\\"person_id\\\":40720,\\\"activity_id\\\":1,\\\"iva_creditos_tipo_id\\\":3,\\\"type\\\":2,\\\"tax_id\\\":5,\\\"taxabled_amount\\\":\\\"0.00\\\",\\\"iva_amount\\\":\\\"0.00\\\",\\\"created_at\\\":\\\"2022-08-22T22:25:47.000000Z\\\",\\\"updated_at\\\":\\\"2022-08-22T22:25:47.000000Z\\\",\\\"ordr\\\":6,\\\"deleted_at\\\":null,\\\"base\\\":\\\"0.00\\\",\\\"system_taxes\\\":{\\\"id\\\":5,\\\"created_at\\\":null,\\\"updated_at\\\":\\\"2020-04-16T13:33:23.000000Z\\\",\\\"name\\\":\\\"gravado al 5%\\\",\\\"apply_to\\\":\\\"iva\\\",\\\"ammount_permited\\\":1,\\\"percent_iva\\\":\\\"5.00\\\",\\\"taxable_iibb\\\":1,\\\"taxable_iva\\\":1,\\\"code\\\":8,\\\"status\\\":1,\\\"afip_alicuota_id\\\":8,\\\"plan_cuenta_id\\\":96,\\\"code_citi_alic_iva\\\":8}},{\\\"id\\\":13973,\\\"user_id\\\":7566,\\\"period_liquidation_id\\\":110,\\\"period_liquidation_iva_id\\\":57,\\\"period_id\\\":1524,\\\"person_id\\\":40720,\\\"activity_id\\\":1,\\\"iva_creditos_tipo_id\\\":6,\\\"type\\\":2,\\\"tax_id\\\":5,\\\"taxabled_amount\\\":\\\"0.00\\\",\\\"iva_amount\\\":\\\"0.00\\\",\\\"created_at\\\":\\\"2022-08-22T22:25:47.000000Z\\\",\\\"updated_at\\\":\\\"2022-08-22T22:25:47.000000Z\\\",\\\"ordr\\\":6,\\\"deleted_at\\\":null,\\\"base\\\":\\\"0.00\\\",\\\"system_taxes\\\":{\\\"id\\\":5,\\\"created_at\\\":null,\\\"updated_at\\\":\\\"2020-04-16T13:33:23.000000Z\\\",\\\"name\\\":\\\"gravado al 5%\\\",\\\"apply_to\\\":\\\"iva\\\",\\\"ammount_permited\\\":1,\\\"percent_iva\\\":\\\"5.00\\\",\\\"taxable_iibb\\\":1,\\\"taxable_iva\\\":1,\\\"code\\\":8,\\\"status\\\":1,\\\"afip_alicuota_id\\\":8,\\\"plan_cuenta_id\\\":96,\\\"code_citi_alic_iva\\\":8}},{\\\"id\\\":13974,\\\"user_id\\\":7566,\\\"period_liquidation_id\\\":110,\\\"period_liquidation_iva_id\\\":57,\\\"period_id\\\":1524,\\\"person_id\\\":40720,\\\"activity_id\\\":1,\\\"iva_creditos_tipo_id\\\":9,\\\"type\\\":2,\\\"tax_id\\\":5,\\\"taxabled_amount\\\":\\\"0.00\\\",\\\"iva_amount\\\":\\\"0.00\\\",\\\"created_at\\\":\\\"2022-08-22T22:25:47.000000Z\\\",\\\"updated_at\\\":\\\"2022-08-22T22:25:47.000000Z\\\",\\\"ordr\\\":6,\\\"deleted_at\\\":null,\\\"base\\\":\\\"0.00\\\",\\\"system_taxes\\\":{\\\"id\\\":5,\\\"created_at\\\":null,\\\"updated_at\\\":\\\"2020-04-16T13:33:23.000000Z\\\",\\\"name\\\":\\\"gravado al 5%\\\",\\\"apply_to\\\":\\\"iva\\\",\\\"ammount_permited\\\":1,\\\"percent_iva\\\":\\\"5.00\\\",\\\"taxable_iibb\\\":1,\\\"taxable_iva\\\":1,\\\"code\\\":8,\\\"status\\\":1,\\\"afip_alicuota_id\\\":8,\\\"plan_cuenta_id\\\":96,\\\"code_citi_alic_iva\\\":8}},{\\\"id\\\":13975,\\\"user_id\\\":7566,\\\"period_liquidation_id\\\":110,\\\"period_liquidation_iva_id\\\":57,\\\"period_id\\\":1524,\\\"person_id\\\":40720,\\\"activity_id\\\":1,\\\"iva_creditos_tipo_id\\\":12,\\\"type\\\":2,\\\"tax_id\\\":5,\\\"taxabled_amount\\\":\\\"0.00\\\",\\\"iva_amount\\\":\\\"0.00\\\",\\\"created_at\\\":\\\"2022-08-22T22:25:47.000000Z\\\",\\\"updated_at\\\":\\\"2022-08-22T22:25:47.000000Z\\\",\\\"ordr\\\":6,\\\"deleted_at\\\":null,\\\"base\\\":\\\"0.00\\\",\\\"system_taxes\\\":{\\\"id\\\":5,\\\"created_at\\\":null,\\\"updated_at\\\":\\\"2020-04-16T13:33:23.000000Z\\\",\\\"name\\\":\\\"gravado al 5%\\\",\\\"apply_to\\\":\\\"iva\\\",\\\"ammount_permited\\\":1,\\\"percent_iva\\\":\\\"5.00\\\",\\\"taxable_iibb\\\":1,\\\"taxable_iva\\\":1,\\\"code\\\":8,\\\"status\\\":1,\\\"afip_alicuota_id\\\":8,\\\"plan_cuenta_id\\\":96,\\\"code_citi_alic_iva\\\":8}},{\\\"id\\\":13976,\\\"user_id\\\":7566,\\\"period_liquidation_id\\\":110,\\\"period_liquidation_iva_id\\\":57,\\\"period_id\\\":1524,\\\"person_id\\\":40720,\\\"activity_id\\\":1,\\\"iva_creditos_tipo_id\\\":2,\\\"type\\\":2,\\\"tax_id\\\":5,\\\"taxabled_amount\\\":\\\"0.00\\\",\\\"iva_amount\\\":\\\"0.00\\\",\\\"created_at\\\":\\\"2022-08-22T22:25:47.000000Z\\\",\\\"updated_at\\\":\\\"2022-08-22T22:25:47.000000Z\\\",\\\"ordr\\\":6,\\\"deleted_at\\\":null,\\\"base\\\":\\\"0.00\\\",\\\"system_taxes\\\":{\\\"id\\\":5,\\\"created_at\\\":null,\\\"updated_at\\\":\\\"2020-04-16T13:33:23.000000Z\\\",\\\"name\\\":\\\"gravado al 5%\\\",\\\"apply_to\\\":\\\"iva\\\",\\\"ammount_permited\\\":1,\\\"percent_iva\\\":\\\"5.00\\\",\\\"taxable_iibb\\\":1,\\\"taxable_iva\\\":1,\\\"code\\\":8,\\\"status\\\":1,\\\"afip_alicuota_id\\\":8,\\\"plan_cuenta_id\\\":96,\\\"code_citi_alic_iva\\\":8}},{\\\"id\\\":13977,\\\"user_id\\\":7566,\\\"period_liquidation_id\\\":110,\\\"period_liquidation_iva_id\\\":57,\\\"period_id\\\":1524,\\\"person_id\\\":40720,\\\"activity_id\\\":1,\\\"iva_creditos_tipo_id\\\":5,\\\"type\\\":2,\\\"tax_id\\\":5,\\\"taxabled_amount\\\":\\\"0.00\\\",\\\"iva_amount\\\":\\\"0.00\\\",\\\"created_at\\\":\\\"2022-08-22T22:25:47.000000Z\\\",\\\"updated_at\\\":\\\"2022-08-22T22:25:47.000000Z\\\",\\\"ordr\\\":6,\\\"deleted_at\\\":null,\\\"base\\\":\\\"0.00\\\",\\\"system_taxes\\\":{\\\"id\\\":5,\\\"created_at\\\":null,\\\"updated_at\\\":\\\"2020-04-16T13:33:23.000000Z\\\",\\\"name\\\":\\\"gravado al 5%\\\",\\\"apply_to\\\":\\\"iva\\\",\\\"ammount_permited\\\":1,\\\"percent_iva\\\":\\\"5.00\\\",\\\"taxable_iibb\\\":1,\\\"taxable_iva\\\":1,\\\"code\\\":8,\\\"status\\\":1,\\\"afip_alicuota_id\\\":8,\\\"plan_cuenta_id\\\":96,\\\"code_citi_alic_iva\\\":8}},{\\\"id\\\":13978,\\\"user_id\\\":7566,\\\"period_liquidation_id\\\":110,\\\"period_liquidation_iva_id\\\":57,\\\"period_id\\\":1524,\\\"person_id\\\":40720,\\\"activity_id\\\":1,\\\"iva_creditos_tipo_id\\\":8,\\\"type\\\":2,\\\"tax_id\\\":5,\\\"taxabled_amount\\\":\\\"0.00\\\",\\\"iva_amount\\\":\\\"0.00\\\",\\\"created_at\\\":\\\"2022-08-22T22:25:47.000000Z\\\",\\\"updated_at\\\":\\\"2022-08-22T22:25:47.000000Z\\\",\\\"ordr\\\":6,\\\"deleted_at\\\":null,\\\"base\\\":\\\"0.00\\\",\\\"system_taxes\\\":{\\\"id\\\":5,\\\"created_at\\\":null,\\\"updated_at\\\":\\\"2020-04-16T13:33:23.000000Z\\\",\\\"name\\\":\\\"gravado al 5%\\\",\\\"apply_to\\\":\\\"iva\\\",\\\"ammount_permited\\\":1,\\\"percent_iva\\\":\\\"5.00\\\",\\\"taxable_iibb\\\":1,\\\"taxable_iva\\\":1,\\\"code\\\":8,\\\"status\\\":1,\\\"afip_alicuota_id\\\":8,\\\"plan_cuenta_id\\\":96,\\\"code_citi_alic_iva\\\":8}},{\\\"id\\\":13979,\\\"user_id\\\":7566,\\\"period_liquidation_id\\\":110,\\\"period_liquidation_iva_id\\\":57,\\\"period_id\\\":1524,\\\"person_id\\\":40720,\\\"activity_id\\\":1,\\\"iva_creditos_tipo_id\\\":10,\\\"type\\\":2,\\\"tax_id\\\":4,\\\"taxabled_amount\\\":\\\"0.00\\\",\\\"iva_amount\\\":\\\"0.00\\\",\\\"created_at\\\":\\\"2022-08-22T22:25:47.000000Z\\\",\\\"updated_at\\\":\\\"2022-08-22T22:25:47.000000Z\\\",\\\"ordr\\\":6,\\\"deleted_at\\\":null,\\\"base\\\":\\\"0.00\\\",\\\"system_taxes\\\":{\\\"id\\\":4,\\\"created_at\\\":null,\\\"updated_at\\\":\\\"2020-04-16T13:33:23.000000Z\\\",\\\"name\\\":\\\"gravado al 2,5%\\\",\\\"apply_to\\\":\\\"iva\\\",\\\"ammount_permited\\\":1,\\\"percent_iva\\\":\\\"2.50\\\",\\\"taxable_iibb\\\":1,\\\"taxable_iva\\\":1,\\\"code\\\":9,\\\"status\\\":1,\\\"afip_alicuota_id\\\":9,\\\"plan_cuenta_id\\\":96,\\\"code_citi_alic_iva\\\":9}},{\\\"id\\\":13980,\\\"user_id\\\":7566,\\\"period_liquidation_id\\\":110,\\\"period_liquidation_iva_id\\\":57,\\\"period_id\\\":1524,\\\"person_id\\\":40720,\\\"activity_id\\\":1,\\\"iva_creditos_tipo_id\\\":13,\\\"type\\\":2,\\\"tax_id\\\":4,\\\"taxabled_amount\\\":\\\"0.00\\\",\\\"iva_amount\\\":\\\"0.00\\\",\\\"created_at\\\":\\\"2022-08-22T22:25:47.000000Z\\\",\\\"updated_at\\\":\\\"2022-08-22T22:25:47.000000Z\\\",\\\"ordr\\\":6,\\\"deleted_at\\\":null,\\\"base\\\":\\\"0.00\\\",\\\"system_taxes\\\":{\\\"id\\\":4,\\\"created_at\\\":null,\\\"updated_at\\\":\\\"2020-04-16T13:33:23.000000Z\\\",\\\"name\\\":\\\"gravado al 2,5%\\\",\\\"apply_to\\\":\\\"iva\\\",\\\"ammount_permited\\\":1,\\\"percent_iva\\\":\\\"2.50\\\",\\\"taxable_iibb\\\":1,\\\"taxable_iva\\\":1,\\\"code\\\":9,\\\"status\\\":1,\\\"afip_alicuota_id\\\":9,\\\"plan_cuenta_id\\\":96,\\\"code_citi_alic_iva\\\":9}},{\\\"id\\\":13981,\\\"user_id\\\":7566,\\\"period_liquidation_id\\\":110,\\\"period_liquidation_iva_id\\\":57,\\\"period_id\\\":1524,\\\"person_id\\\":40720,\\\"activity_id\\\":1,\\\"iva_creditos_tipo_id\\\":3,\\\"type\\\":2,\\\"tax_id\\\":4,\\\"taxabled_amount\\\":\\\"0.00\\\",\\\"iva_amount\\\":\\\"0.00\\\",\\\"created_at\\\":\\\"2022-08-22T22:25:47.000000Z\\\",\\\"updated_at\\\":\\\"2022-08-22T22:25:47.000000Z\\\",\\\"ordr\\\":6,\\\"deleted_at\\\":null,\\\"base\\\":\\\"0.00\\\",\\\"system_taxes\\\":{\\\"id\\\":4,\\\"created_at\\\":null,\\\"updated_at\\\":\\\"2020-04-16T13:33:23.000000Z\\\",\\\"name\\\":\\\"gravado al 2,5%\\\",\\\"apply_to\\\":\\\"iva\\\",\\\"ammount_permited\\\":1,\\\"percent_iva\\\":\\\"2.50\\\",\\\"taxable_iibb\\\":1,\\\"taxable_iva\\\":1,\\\"code\\\":9,\\\"status\\\":1,\\\"afip_alicuota_id\\\":9,\\\"plan_cuenta_id\\\":96,\\\"code_citi_alic_iva\\\":9}},{\\\"id\\\":13982,\\\"user_id\\\":7566,\\\"period_liquidation_id\\\":110,\\\"period_liquidation_iva_id\\\":57,\\\"period_id\\\":1524,\\\"person_id\\\":40720,\\\"activity_id\\\":1,\\\"iva_creditos_tipo_id\\\":6,\\\"type\\\":2,\\\"tax_id\\\":4,\\\"taxabled_amount\\\":\\\"0.00\\\",\\\"iva_amount\\\":\\\"0.00\\\",\\\"created_at\\\":\\\"2022-08-22T22:25:47.000000Z\\\",\\\"updated_at\\\":\\\"2022-08-22T22:25:47.000000Z\\\",\\\"ordr\\\":6,\\\"deleted_at\\\":null,\\\"base\\\":\\\"0.00\\\",\\\"system_taxes\\\":{\\\"id\\\":4,\\\"created_at\\\":null,\\\"updated_at\\\":\\\"2020-04-16T13:33:23.000000Z\\\",\\\"name\\\":\\\"gravado al 2,5%\\\",\\\"apply_to\\\":\\\"iva\\\",\\\"ammount_permited\\\":1,\\\"percent_iva\\\":\\\"2.50\\\",\\\"taxable_iibb\\\":1,\\\"taxable_iva\\\":1,\\\"code\\\":9,\\\"status\\\":1,\\\"afip_alicuota_id\\\":9,\\\"plan_cuenta_id\\\":96,\\\"code_citi_alic_iva\\\":9}},{\\\"id\\\":13983,\\\"user_id\\\":7566,\\\"period_liquidation_id\\\":110,\\\"period_liquidation_iva_id\\\":57,\\\"period_id\\\":1524,\\\"person_id\\\":40720,\\\"activity_id\\\":1,\\\"iva_creditos_tipo_id\\\":9,\\\"type\\\":2,\\\"tax_id\\\":4,\\\"taxabled_amount\\\":\\\"0.00\\\",\\\"iva_amount\\\":\\\"0.00\\\",\\\"created_at\\\":\\\"2022-08-22T22:25:47.000000Z\\\",\\\"updated_at\\\":\\\"2022-08-22T22:25:47.000000Z\\\",\\\"ordr\\\":6,\\\"deleted_at\\\":null,\\\"base\\\":\\\"0.00\\\",\\\"system_taxes\\\":{\\\"id\\\":4,\\\"created_at\\\":null,\\\"updated_at\\\":\\\"2020-04-16T13:33:23.000000Z\\\",\\\"name\\\":\\\"gravado al 2,5%\\\",\\\"apply_to\\\":\\\"iva\\\",\\\"ammount_permited\\\":1,\\\"percent_iva\\\":\\\"2.50\\\",\\\"taxable_iibb\\\":1,\\\"taxable_iva\\\":1,\\\"code\\\":9,\\\"status\\\":1,\\\"afip_alicuota_id\\\":9,\\\"plan_cuenta_id\\\":96,\\\"code_citi_alic_iva\\\":9}},{\\\"id\\\":13984,\\\"user_id\\\":7566,\\\"period_liquidation_id\\\":110,\\\"period_liquidation_iva_id\\\":57,\\\"period_id\\\":1524,\\\"person_id\\\":40720,\\\"activity_id\\\":1,\\\"iva_creditos_tipo_id\\\":12,\\\"type\\\":2,\\\"tax_id\\\":4,\\\"taxabled_amount\\\":\\\"0.00\\\",\\\"iva_amount\\\":\\\"0.00\\\",\\\"created_at\\\":\\\"2022-08-22T22:25:47.000000Z\\\",\\\"updated_at\\\":\\\"2022-08-22T22:25:47.000000Z\\\",\\\"ordr\\\":6,\\\"deleted_at\\\":null,\\\"base\\\":\\\"0.00\\\",\\\"system_taxes\\\":{\\\"id\\\":4,\\\"created_at\\\":null,\\\"updated_at\\\":\\\"2020-04-16T13:33:23.000000Z\\\",\\\"name\\\":\\\"gravado al 2,5%\\\",\\\"apply_to\\\":\\\"iva\\\",\\\"ammount_permited\\\":1,\\\"percent_iva\\\":\\\"2.50\\\",\\\"taxable_iibb\\\":1,\\\"taxable_iva\\\":1,\\\"code\\\":9,\\\"status\\\":1,\\\"afip_alicuota_id\\\":9,\\\"plan_cuenta_id\\\":96,\\\"code_citi_alic_iva\\\":9}},{\\\"id\\\":13985,\\\"user_id\\\":7566,\\\"period_liquidation_id\\\":110,\\\"period_liquidation_iva_id\\\":57,\\\"period_id\\\":1524,\\\"person_id\\\":40720,\\\"activity_id\\\":1,\\\"iva_creditos_tipo_id\\\":2,\\\"type\\\":2,\\\"tax_id\\\":4,\\\"taxabled_amount\\\":\\\"0.00\\\",\\\"iva_amount\\\":\\\"0.00\\\",\\\"created_at\\\":\\\"2022-08-22T22:25:47.000000Z\\\",\\\"updated_at\\\":\\\"2022-08-22T22:25:47.000000Z\\\",\\\"ordr\\\":6,\\\"deleted_at\\\":null,\\\"base\\\":\\\"0.00\\\",\\\"system_taxes\\\":{\\\"id\\\":4,\\\"created_at\\\":null,\\\"updated_at\\\":\\\"2020-04-16T13:33:23.000000Z\\\",\\\"name\\\":\\\"gravado al 2,5%\\\",\\\"apply_to\\\":\\\"iva\\\",\\\"ammount_permited\\\":1,\\\"percent_iva\\\":\\\"2.50\\\",\\\"taxable_iibb\\\":1,\\\"taxable_iva\\\":1,\\\"code\\\":9,\\\"status\\\":1,\\\"afip_alicuota_id\\\":9,\\\"plan_cuenta_id\\\":96,\\\"code_citi_alic_iva\\\":9}},{\\\"id\\\":13986,\\\"user_id\\\":7566,\\\"period_liquidation_id\\\":110,\\\"period_liquidation_iva_id\\\":57,\\\"period_id\\\":1524,\\\"person_id\\\":40720,\\\"activity_id\\\":1,\\\"iva_creditos_tipo_id\\\":5,\\\"type\\\":2,\\\"tax_id\\\":4,\\\"taxabled_amount\\\":\\\"0.00\\\",\\\"iva_amount\\\":\\\"0.00\\\",\\\"created_at\\\":\\\"2022-08-22T22:25:47.000000Z\\\",\\\"updated_at\\\":\\\"2022-08-22T22:25:47.000000Z\\\",\\\"ordr\\\":6,\\\"deleted_at\\\":null,\\\"base\\\":\\\"0.00\\\",\\\"system_taxes\\\":{\\\"id\\\":4,\\\"created_at\\\":null,\\\"updated_at\\\":\\\"2020-04-16T13:33:23.000000Z\\\",\\\"name\\\":\\\"gravado al 2,5%\\\",\\\"apply_to\\\":\\\"iva\\\",\\\"ammount_permited\\\":1,\\\"percent_iva\\\":\\\"2.50\\\",\\\"taxable_iibb\\\":1,\\\"taxable_iva\\\":1,\\\"code\\\":9,\\\"status\\\":1,\\\"afip_alicuota_id\\\":9,\\\"plan_cuenta_id\\\":96,\\\"code_citi_alic_iva\\\":9}},{\\\"id\\\":13987,\\\"user_id\\\":7566,\\\"period_liquidation_id\\\":110,\\\"period_liquidation_iva_id\\\":57,\\\"period_id\\\":1524,\\\"person_id\\\":40720,\\\"activity_id\\\":1,\\\"iva_creditos_tipo_id\\\":8,\\\"type\\\":2,\\\"tax_id\\\":4,\\\"taxabled_amount\\\":\\\"0.00\\\",\\\"iva_amount\\\":\\\"0.00\\\",\\\"created_at\\\":\\\"2022-08-22T22:25:47.000000Z\\\",\\\"updated_at\\\":\\\"2022-08-22T22:25:47.000000Z\\\",\\\"ordr\\\":6,\\\"deleted_at\\\":null,\\\"base\\\":\\\"0.00\\\",\\\"system_taxes\\\":{\\\"id\\\":4,\\\"created_at\\\":null,\\\"updated_at\\\":\\\"2020-04-16T13:33:23.000000Z\\\",\\\"name\\\":\\\"gravado al 2,5%\\\",\\\"apply_to\\\":\\\"iva\\\",\\\"ammount_permited\\\":1,\\\"percent_iva\\\":\\\"2.50\\\",\\\"taxable_iibb\\\":1,\\\"taxable_iva\\\":1,\\\"code\\\":9,\\\"status\\\":1,\\\"afip_alicuota_id\\\":9,\\\"plan_cuenta_id\\\":96,\\\"code_citi_alic_iva\\\":9}},{\\\"id\\\":13988,\\\"user_id\\\":7566,\\\"period_liquidation_id\\\":110,\\\"period_liquidation_iva_id\\\":57,\\\"period_id\\\":1524,\\\"person_id\\\":40720,\\\"activity_id\\\":1,\\\"iva_creditos_tipo_id\\\":11,\\\"type\\\":2,\\\"tax_id\\\":4,\\\"taxabled_amount\\\":\\\"0.00\\\",\\\"iva_amount\\\":\\\"0.00\\\",\\\"created_at\\\":\\\"2022-08-22T22:25:47.000000Z\\\",\\\"updated_at\\\":\\\"2022-08-22T22:25:47.000000Z\\\",\\\"ordr\\\":6,\\\"deleted_at\\\":null,\\\"base\\\":\\\"0.00\\\",\\\"system_taxes\\\":{\\\"id\\\":4,\\\"created_at\\\":null,\\\"updated_at\\\":\\\"2020-04-16T13:33:23.000000Z\\\",\\\"name\\\":\\\"gravado al 2,5%\\\",\\\"apply_to\\\":\\\"iva\\\",\\\"ammount_permited\\\":1,\\\"percent_iva\\\":\\\"2.50\\\",\\\"taxable_iibb\\\":1,\\\"taxable_iva\\\":1,\\\"code\\\":9,\\\"status\\\":1,\\\"afip_alicuota_id\\\":9,\\\"plan_cuenta_id\\\":96,\\\"code_citi_alic_iva\\\":9}},{\\\"id\\\":13989,\\\"user_id\\\":7566,\\\"period_liquidation_id\\\":110,\\\"period_liquidation_iva_id\\\":57,\\\"period_id\\\":1524,\\\"person_id\\\":40720,\\\"activity_id\\\":1,\\\"iva_creditos_tipo_id\\\":14,\\\"type\\\":2,\\\"tax_id\\\":4,\\\"taxabled_amount\\\":\\\"0.00\\\",\\\"iva_amount\\\":\\\"0.00\\\",\\\"created_at\\\":\\\"2022-08-22T22:25:47.000000Z\\\",\\\"updated_at\\\":\\\"2022-08-22T22:25:47.000000Z\\\",\\\"ordr\\\":6,\\\"deleted_at\\\":null,\\\"base\\\":\\\"0.00\\\",\\\"system_taxes\\\":{\\\"id\\\":4,\\\"created_at\\\":null,\\\"updated_at\\\":\\\"2020-04-16T13:33:23.000000Z\\\",\\\"name\\\":\\\"gravado al 2,5%\\\",\\\"apply_to\\\":\\\"iva\\\",\\\"ammount_permited\\\":1,\\\"percent_iva\\\":\\\"2.50\\\",\\\"taxable_iibb\\\":1,\\\"taxable_iva\\\":1,\\\"code\\\":9,\\\"status\\\":1,\\\"afip_alicuota_id\\\":9,\\\"plan_cuenta_id\\\":96,\\\"code_citi_alic_iva\\\":9}},{\\\"id\\\":13990,\\\"user_id\\\":7566,\\\"period_liquidation_id\\\":110,\\\"period_liquidation_iva_id\\\":57,\\\"period_id\\\":1524,\\\"person_id\\\":40720,\\\"activity_id\\\":1,\\\"iva_creditos_tipo_id\\\":1,\\\"type\\\":2,\\\"tax_id\\\":4,\\\"taxabled_amount\\\":\\\"0.00\\\",\\\"iva_amount\\\":\\\"0.00\\\",\\\"created_at\\\":\\\"2022-08-22T22:25:47.000000Z\\\",\\\"updated_at\\\":\\\"2022-08-22T22:25:47.000000Z\\\",\\\"ordr\\\":6,\\\"deleted_at\\\":null,\\\"base\\\":\\\"0.00\\\",\\\"system_taxes\\\":{\\\"id\\\":4,\\\"created_at\\\":null,\\\"updated_at\\\":\\\"2020-04-16T13:33:23.000000Z\\\",\\\"name\\\":\\\"gravado al 2,5%\\\",\\\"apply_to\\\":\\\"iva\\\",\\\"ammount_permited\\\":1,\\\"percent_iva\\\":\\\"2.50\\\",\\\"taxable_iibb\\\":1,\\\"taxable_iva\\\":1,\\\"code\\\":9,\\\"status\\\":1,\\\"afip_alicuota_id\\\":9,\\\"plan_cuenta_id\\\":96,\\\"code_citi_alic_iva\\\":9}},{\\\"id\\\":13991,\\\"user_id\\\":7566,\\\"period_liquidation_id\\\":110,\\\"period_liquidation_iva_id\\\":57,\\\"period_id\\\":1524,\\\"person_id\\\":40720,\\\"activity_id\\\":1,\\\"iva_creditos_tipo_id\\\":4,\\\"type\\\":2,\\\"tax_id\\\":4,\\\"taxabled_amount\\\":\\\"0.00\\\",\\\"iva_amount\\\":\\\"0.00\\\",\\\"created_at\\\":\\\"2022-08-22T22:25:47.000000Z\\\",\\\"updated_at\\\":\\\"2022-08-22T22:25:47.000000Z\\\",\\\"ordr\\\":6,\\\"deleted_at\\\":null,\\\"base\\\":\\\"0.00\\\",\\\"system_taxes\\\":{\\\"id\\\":4,\\\"created_at\\\":null,\\\"updated_at\\\":\\\"2020-04-16T13:33:23.000000Z\\\",\\\"name\\\":\\\"gravado al 2,5%\\\",\\\"apply_to\\\":\\\"iva\\\",\\\"ammount_permited\\\":1,\\\"percent_iva\\\":\\\"2.50\\\",\\\"taxable_iibb\\\":1,\\\"taxable_iva\\\":1,\\\"code\\\":9,\\\"status\\\":1,\\\"afip_alicuota_id\\\":9,\\\"plan_cuenta_id\\\":96,\\\"code_citi_alic_iva\\\":9}},{\\\"id\\\":13992,\\\"user_id\\\":7566,\\\"period_liquidation_id\\\":110,\\\"period_liquidation_iva_id\\\":57,\\\"period_id\\\":1524,\\\"person_id\\\":40720,\\\"activity_id\\\":1,\\\"iva_creditos_tipo_id\\\":7,\\\"type\\\":2,\\\"tax_id\\\":4,\\\"taxabled_amount\\\":\\\"0.00\\\",\\\"iva_amount\\\":\\\"0.00\\\",\\\"created_at\\\":\\\"2022-08-22T22:25:47.000000Z\\\",\\\"updated_at\\\":\\\"2022-08-22T22:25:47.000000Z\\\",\\\"ordr\\\":6,\\\"deleted_at\\\":null,\\\"base\\\":\\\"0.00\\\",\\\"system_taxes\\\":{\\\"id\\\":4,\\\"created_at\\\":null,\\\"updated_at\\\":\\\"2020-04-16T13:33:23.000000Z\\\",\\\"name\\\":\\\"gravado al 2,5%\\\",\\\"apply_to\\\":\\\"iva\\\",\\\"ammount_permited\\\":1,\\\"percent_iva\\\":\\\"2.50\\\",\\\"taxable_iibb\\\":1,\\\"taxable_iva\\\":1,\\\"code\\\":9,\\\"status\\\":1,\\\"afip_alicuota_id\\\":9,\\\"plan_cuenta_id\\\":96,\\\"code_citi_alic_iva\\\":9}},{\\\"id\\\":13993,\\\"user_id\\\":7566,\\\"period_liquidation_id\\\":110,\\\"period_liquidation_iva_id\\\":57,\\\"period_id\\\":1524,\\\"person_id\\\":40720,\\\"activity_id\\\":1,\\\"iva_creditos_tipo_id\\\":2,\\\"type\\\":2,\\\"tax_id\\\":8,\\\"taxabled_amount\\\":\\\"0.00\\\",\\\"iva_amount\\\":\\\"0.00\\\",\\\"created_at\\\":\\\"2022-08-22T22:25:47.000000Z\\\",\\\"updated_at\\\":\\\"2022-08-22T22:25:47.000000Z\\\",\\\"ordr\\\":6,\\\"deleted_at\\\":null,\\\"base\\\":\\\"0.00\\\",\\\"system_taxes\\\":{\\\"id\\\":8,\\\"created_at\\\":null,\\\"updated_at\\\":\\\"2020-04-16T13:33:23.000000Z\\\",\\\"name\\\":\\\"Exento\\\",\\\"apply_to\\\":\\\"iva\\\",\\\"ammount_permited\\\":1,\\\"percent_iva\\\":\\\"0.00\\\",\\\"taxable_iibb\\\":1,\\\"taxable_iva\\\":1,\\\"code\\\":2,\\\"status\\\":1,\\\"afip_alicuota_id\\\":2,\\\"plan_cuenta_id\\\":218,\\\"code_citi_alic_iva\\\":3}},{\\\"id\\\":13994,\\\"user_id\\\":7566,\\\"period_liquidation_id\\\":110,\\\"period_liquidation_iva_id\\\":57,\\\"period_id\\\":1524,\\\"person_id\\\":40720,\\\"activity_id\\\":1,\\\"iva_creditos_tipo_id\\\":5,\\\"type\\\":2,\\\"tax_id\\\":8,\\\"taxabled_amount\\\":\\\"0.00\\\",\\\"iva_amount\\\":\\\"0.00\\\",\\\"created_at\\\":\\\"2022-08-22T22:25:47.000000Z\\\",\\\"updated_at\\\":\\\"2022-08-22T22:25:47.000000Z\\\",\\\"ordr\\\":6,\\\"deleted_at\\\":null,\\\"base\\\":\\\"0.00\\\",\\\"system_taxes\\\":{\\\"id\\\":8,\\\"created_at\\\":null,\\\"updated_at\\\":\\\"2020-04-16T13:33:23.000000Z\\\",\\\"name\\\":\\\"Exento\\\",\\\"apply_to\\\":\\\"iva\\\",\\\"ammount_permited\\\":1,\\\"percent_iva\\\":\\\"0.00\\\",\\\"taxable_iibb\\\":1,\\\"taxable_iva\\\":1,\\\"code\\\":2,\\\"status\\\":1,\\\"afip_alicuota_id\\\":2,\\\"plan_cuenta_id\\\":218,\\\"code_citi_alic_iva\\\":3}},{\\\"id\\\":13995,\\\"user_id\\\":7566,\\\"period_liquidation_id\\\":110,\\\"period_liquidation_iva_id\\\":57,\\\"period_id\\\":1524,\\\"person_id\\\":40720,\\\"activity_id\\\":1,\\\"iva_creditos_tipo_id\\\":8,\\\"type\\\":2,\\\"tax_id\\\":8,\\\"taxabled_amount\\\":\\\"0.00\\\",\\\"iva_amount\\\":\\\"0.00\\\",\\\"created_at\\\":\\\"2022-08-22T22:25:47.000000Z\\\",\\\"updated_at\\\":\\\"2022-08-22T22:25:47.000000Z\\\",\\\"ordr\\\":6,\\\"deleted_at\\\":null,\\\"base\\\":\\\"0.00\\\",\\\"system_taxes\\\":{\\\"id\\\":8,\\\"created_at\\\":null,\\\"updated_at\\\":\\\"2020-04-16T13:33:23.000000Z\\\",\\\"name\\\":\\\"Exento\\\",\\\"apply_to\\\":\\\"iva\\\",\\\"ammount_permited\\\":1,\\\"percent_iva\\\":\\\"0.00\\\",\\\"taxable_iibb\\\":1,\\\"taxable_iva\\\":1,\\\"code\\\":2,\\\"status\\\":1,\\\"afip_alicuota_id\\\":2,\\\"plan_cuenta_id\\\":218,\\\"code_citi_alic_iva\\\":3}},{\\\"id\\\":13996,\\\"user_id\\\":7566,\\\"period_liquidation_id\\\":110,\\\"period_liquidation_iva_id\\\":57,\\\"period_id\\\":1524,\\\"person_id\\\":40720,\\\"activity_id\\\":1,\\\"iva_creditos_tipo_id\\\":11,\\\"type\\\":2,\\\"tax_id\\\":8,\\\"taxabled_amount\\\":\\\"0.00\\\",\\\"iva_amount\\\":\\\"0.00\\\",\\\"created_at\\\":\\\"2022-08-22T22:25:47.000000Z\\\",\\\"updated_at\\\":\\\"2022-08-22T22:25:47.000000Z\\\",\\\"ordr\\\":6,\\\"deleted_at\\\":null,\\\"base\\\":\\\"0.00\\\",\\\"system_taxes\\\":{\\\"id\\\":8,\\\"created_at\\\":null,\\\"updated_at\\\":\\\"2020-04-16T13:33:23.000000Z\\\",\\\"name\\\":\\\"Exento\\\",\\\"apply_to\\\":\\\"iva\\\",\\\"ammount_permited\\\":1,\\\"percent_iva\\\":\\\"0.00\\\",\\\"taxable_iibb\\\":1,\\\"taxable_iva\\\":1,\\\"code\\\":2,\\\"status\\\":1,\\\"afip_alicuota_id\\\":2,\\\"plan_cuenta_id\\\":218,\\\"code_citi_alic_iva\\\":3}},{\\\"id\\\":13997,\\\"user_id\\\":7566,\\\"period_liquidation_id\\\":110,\\\"period_liquidation_iva_id\\\":57,\\\"period_id\\\":1524,\\\"person_id\\\":40720,\\\"activity_id\\\":1,\\\"iva_creditos_tipo_id\\\":14,\\\"type\\\":2,\\\"tax_id\\\":8,\\\"taxabled_amount\\\":\\\"0.00\\\",\\\"iva_amount\\\":\\\"0.00\\\",\\\"created_at\\\":\\\"2022-08-22T22:25:47.000000Z\\\",\\\"updated_at\\\":\\\"2022-08-22T22:25:47.000000Z\\\",\\\"ordr\\\":6,\\\"deleted_at\\\":null,\\\"base\\\":\\\"0.00\\\",\\\"system_taxes\\\":{\\\"id\\\":8,\\\"created_at\\\":null,\\\"updated_at\\\":\\\"2020-04-16T13:33:23.000000Z\\\",\\\"name\\\":\\\"Exento\\\",\\\"apply_to\\\":\\\"iva\\\",\\\"ammount_permited\\\":1,\\\"percent_iva\\\":\\\"0.00\\\",\\\"taxable_iibb\\\":1,\\\"taxable_iva\\\":1,\\\"code\\\":2,\\\"status\\\":1,\\\"afip_alicuota_id\\\":2,\\\"plan_cuenta_id\\\":218,\\\"code_citi_alic_iva\\\":3}},{\\\"id\\\":13998,\\\"user_id\\\":7566,\\\"period_liquidation_id\\\":110,\\\"period_liquidation_iva_id\\\":57,\\\"period_id\\\":1524,\\\"person_id\\\":40720,\\\"activity_id\\\":1,\\\"iva_creditos_tipo_id\\\":1,\\\"type\\\":2,\\\"tax_id\\\":8,\\\"taxabled_amount\\\":\\\"0.00\\\",\\\"iva_amount\\\":\\\"0.00\\\",\\\"created_at\\\":\\\"2022-08-22T22:25:47.000000Z\\\",\\\"updated_at\\\":\\\"2022-08-22T22:25:47.000000Z\\\",\\\"ordr\\\":6,\\\"deleted_at\\\":null,\\\"base\\\":\\\"0.00\\\",\\\"system_taxes\\\":{\\\"id\\\":8,\\\"created_at\\\":null,\\\"updated_at\\\":\\\"2020-04-16T13:33:23.000000Z\\\",\\\"name\\\":\\\"Exento\\\",\\\"apply_to\\\":\\\"iva\\\",\\\"ammount_permited\\\":1,\\\"percent_iva\\\":\\\"0.00\\\",\\\"taxable_iibb\\\":1,\\\"taxable_iva\\\":1,\\\"code\\\":2,\\\"status\\\":1,\\\"afip_alicuota_id\\\":2,\\\"plan_cuenta_id\\\":218,\\\"code_citi_alic_iva\\\":3}},{\\\"id\\\":13999,\\\"user_id\\\":7566,\\\"period_liquidation_id\\\":110,\\\"period_liquidation_iva_id\\\":57,\\\"period_id\\\":1524,\\\"person_id\\\":40720,\\\"activity_id\\\":1,\\\"iva_creditos_tipo_id\\\":4,\\\"type\\\":2,\\\"tax_id\\\":8,\\\"taxabled_amount\\\":\\\"0.00\\\",\\\"iva_amount\\\":\\\"0.00\\\",\\\"created_at\\\":\\\"2022-08-22T22:25:47.000000Z\\\",\\\"updated_at\\\":\\\"2022-08-22T22:25:47.000000Z\\\",\\\"ordr\\\":6,\\\"deleted_at\\\":null,\\\"base\\\":\\\"0.00\\\",\\\"system_taxes\\\":{\\\"id\\\":8,\\\"created_at\\\":null,\\\"updated_at\\\":\\\"2020-04-16T13:33:23.000000Z\\\",\\\"name\\\":\\\"Exento\\\",\\\"apply_to\\\":\\\"iva\\\",\\\"ammount_permited\\\":1,\\\"percent_iva\\\":\\\"0.00\\\",\\\"taxable_iibb\\\":1,\\\"taxable_iva\\\":1,\\\"code\\\":2,\\\"status\\\":1,\\\"afip_alicuota_id\\\":2,\\\"plan_cuenta_id\\\":218,\\\"code_citi_alic_iva\\\":3}},{\\\"id\\\":14000,\\\"user_id\\\":7566,\\\"period_liquidation_id\\\":110,\\\"period_liquidation_iva_id\\\":57,\\\"period_id\\\":1524,\\\"person_id\\\":40720,\\\"activity_id\\\":1,\\\"iva_creditos_tipo_id\\\":7,\\\"type\\\":2,\\\"tax_id\\\":8,\\\"taxabled_amount\\\":\\\"0.00\\\",\\\"iva_amount\\\":\\\"0.00\\\",\\\"created_at\\\":\\\"2022-08-22T22:25:47.000000Z\\\",\\\"updated_at\\\":\\\"2022-08-22T22:25:47.000000Z\\\",\\\"ordr\\\":6,\\\"deleted_at\\\":null,\\\"base\\\":\\\"0.00\\\",\\\"system_taxes\\\":{\\\"id\\\":8,\\\"created_at\\\":null,\\\"updated_at\\\":\\\"2020-04-16T13:33:23.000000Z\\\",\\\"name\\\":\\\"Exento\\\",\\\"apply_to\\\":\\\"iva\\\",\\\"ammount_permited\\\":1,\\\"percent_iva\\\":\\\"0.00\\\",\\\"taxable_iibb\\\":1,\\\"taxable_iva\\\":1,\\\"code\\\":2,\\\"status\\\":1,\\\"afip_alicuota_id\\\":2,\\\"plan_cuenta_id\\\":218,\\\"code_citi_alic_iva\\\":3}},{\\\"id\\\":14001,\\\"user_id\\\":7566,\\\"period_liquidation_id\\\":110,\\\"period_liquidation_iva_id\\\":57,\\\"period_id\\\":1524,\\\"person_id\\\":40720,\\\"activity_id\\\":1,\\\"iva_creditos_tipo_id\\\":10,\\\"type\\\":2,\\\"tax_id\\\":8,\\\"taxabled_amount\\\":\\\"0.00\\\",\\\"iva_amount\\\":\\\"0.00\\\",\\\"created_at\\\":\\\"2022-08-22T22:25:47.000000Z\\\",\\\"updated_at\\\":\\\"2022-08-22T22:25:47.000000Z\\\",\\\"ordr\\\":6,\\\"deleted_at\\\":null,\\\"base\\\":\\\"0.00\\\",\\\"system_taxes\\\":{\\\"id\\\":8,\\\"created_at\\\":null,\\\"updated_at\\\":\\\"2020-04-16T13:33:23.000000Z\\\",\\\"name\\\":\\\"Exento\\\",\\\"apply_to\\\":\\\"iva\\\",\\\"ammount_permited\\\":1,\\\"percent_iva\\\":\\\"0.00\\\",\\\"taxable_iibb\\\":1,\\\"taxable_iva\\\":1,\\\"code\\\":2,\\\"status\\\":1,\\\"afip_alicuota_id\\\":2,\\\"plan_cuenta_id\\\":218,\\\"code_citi_alic_iva\\\":3}},{\\\"id\\\":14002,\\\"user_id\\\":7566,\\\"period_liquidation_id\\\":110,\\\"period_liquidation_iva_id\\\":57,\\\"period_id\\\":1524,\\\"person_id\\\":40720,\\\"activity_id\\\":1,\\\"iva_creditos_tipo_id\\\":13,\\\"type\\\":2,\\\"tax_id\\\":8,\\\"taxabled_amount\\\":\\\"0.00\\\",\\\"iva_amount\\\":\\\"0.00\\\",\\\"created_at\\\":\\\"2022-08-22T22:25:47.000000Z\\\",\\\"updated_at\\\":\\\"2022-08-22T22:25:47.000000Z\\\",\\\"ordr\\\":6,\\\"deleted_at\\\":null,\\\"base\\\":\\\"0.00\\\",\\\"system_taxes\\\":{\\\"id\\\":8,\\\"created_at\\\":null,\\\"updated_at\\\":\\\"2020-04-16T13:33:23.000000Z\\\",\\\"name\\\":\\\"Exento\\\",\\\"apply_to\\\":\\\"iva\\\",\\\"ammount_permited\\\":1,\\\"percent_iva\\\":\\\"0.00\\\",\\\"taxable_iibb\\\":1,\\\"taxable_iva\\\":1,\\\"code\\\":2,\\\"status\\\":1,\\\"afip_alicuota_id\\\":2,\\\"plan_cuenta_id\\\":218,\\\"code_citi_alic_iva\\\":3}},{\\\"id\\\":14003,\\\"user_id\\\":7566,\\\"period_liquidation_id\\\":110,\\\"period_liquidation_iva_id\\\":57,\\\"period_id\\\":1524,\\\"person_id\\\":40720,\\\"activity_id\\\":1,\\\"iva_creditos_tipo_id\\\":3,\\\"type\\\":2,\\\"tax_id\\\":8,\\\"taxabled_amount\\\":\\\"0.00\\\",\\\"iva_amount\\\":\\\"0.00\\\",\\\"created_at\\\":\\\"2022-08-22T22:25:47.000000Z\\\",\\\"updated_at\\\":\\\"2022-08-22T22:25:47.000000Z\\\",\\\"ordr\\\":6,\\\"deleted_at\\\":null,\\\"base\\\":\\\"0.00\\\",\\\"system_taxes\\\":{\\\"id\\\":8,\\\"created_at\\\":null,\\\"updated_at\\\":\\\"2020-04-16T13:33:23.000000Z\\\",\\\"name\\\":\\\"Exento\\\",\\\"apply_to\\\":\\\"iva\\\",\\\"ammount_permited\\\":1,\\\"percent_iva\\\":\\\"0.00\\\",\\\"taxable_iibb\\\":1,\\\"taxable_iva\\\":1,\\\"code\\\":2,\\\"status\\\":1,\\\"afip_alicuota_id\\\":2,\\\"plan_cuenta_id\\\":218,\\\"code_citi_alic_iva\\\":3}},{\\\"id\\\":14004,\\\"user_id\\\":7566,\\\"period_liquidation_id\\\":110,\\\"period_liquidation_iva_id\\\":57,\\\"period_id\\\":1524,\\\"person_id\\\":40720,\\\"activity_id\\\":1,\\\"iva_creditos_tipo_id\\\":6,\\\"type\\\":2,\\\"tax_id\\\":8,\\\"taxabled_amount\\\":\\\"0.00\\\",\\\"iva_amount\\\":\\\"0.00\\\",\\\"created_at\\\":\\\"2022-08-22T22:25:47.000000Z\\\",\\\"updated_at\\\":\\\"2022-08-22T22:25:47.000000Z\\\",\\\"ordr\\\":6,\\\"deleted_at\\\":null,\\\"base\\\":\\\"0.00\\\",\\\"system_taxes\\\":{\\\"id\\\":8,\\\"created_at\\\":null,\\\"updated_at\\\":\\\"2020-04-16T13:33:23.000000Z\\\",\\\"name\\\":\\\"Exento\\\",\\\"apply_to\\\":\\\"iva\\\",\\\"ammount_permited\\\":1,\\\"percent_iva\\\":\\\"0.00\\\",\\\"taxable_iibb\\\":1,\\\"taxable_iva\\\":1,\\\"code\\\":2,\\\"status\\\":1,\\\"afip_alicuota_id\\\":2,\\\"plan_cuenta_id\\\":218,\\\"code_citi_alic_iva\\\":3}},{\\\"id\\\":14005,\\\"user_id\\\":7566,\\\"period_liquidation_id\\\":110,\\\"period_liquidation_iva_id\\\":57,\\\"period_id\\\":1524,\\\"person_id\\\":40720,\\\"activity_id\\\":1,\\\"iva_creditos_tipo_id\\\":9,\\\"type\\\":2,\\\"tax_id\\\":8,\\\"taxabled_amount\\\":\\\"0.00\\\",\\\"iva_amount\\\":\\\"0.00\\\",\\\"created_at\\\":\\\"2022-08-22T22:25:47.000000Z\\\",\\\"updated_at\\\":\\\"2022-08-22T22:25:47.000000Z\\\",\\\"ordr\\\":6,\\\"deleted_at\\\":null,\\\"base\\\":\\\"0.00\\\",\\\"system_taxes\\\":{\\\"id\\\":8,\\\"created_at\\\":null,\\\"updated_at\\\":\\\"2020-04-16T13:33:23.000000Z\\\",\\\"name\\\":\\\"Exento\\\",\\\"apply_to\\\":\\\"iva\\\",\\\"ammount_permited\\\":1,\\\"percent_iva\\\":\\\"0.00\\\",\\\"taxable_iibb\\\":1,\\\"taxable_iva\\\":1,\\\"code\\\":2,\\\"status\\\":1,\\\"afip_alicuota_id\\\":2,\\\"plan_cuenta_id\\\":218,\\\"code_citi_alic_iva\\\":3}},{\\\"id\\\":14006,\\\"user_id\\\":7566,\\\"period_liquidation_id\\\":110,\\\"period_liquidation_iva_id\\\":57,\\\"period_id\\\":1524,\\\"person_id\\\":40720,\\\"activity_id\\\":1,\\\"iva_creditos_tipo_id\\\":12,\\\"type\\\":2,\\\"tax_id\\\":8,\\\"taxabled_amount\\\":\\\"0.00\\\",\\\"iva_amount\\\":\\\"0.00\\\",\\\"created_at\\\":\\\"2022-08-22T22:25:47.000000Z\\\",\\\"updated_at\\\":\\\"2022-08-22T22:25:47.000000Z\\\",\\\"ordr\\\":6,\\\"deleted_at\\\":null,\\\"base\\\":\\\"0.00\\\",\\\"system_taxes\\\":{\\\"id\\\":8,\\\"created_at\\\":null,\\\"updated_at\\\":\\\"2020-04-16T13:33:23.000000Z\\\",\\\"name\\\":\\\"Exento\\\",\\\"apply_to\\\":\\\"iva\\\",\\\"ammount_permited\\\":1,\\\"percent_iva\\\":\\\"0.00\\\",\\\"taxable_iibb\\\":1,\\\"taxable_iva\\\":1,\\\"code\\\":2,\\\"status\\\":1,\\\"afip_alicuota_id\\\":2,\\\"plan_cuenta_id\\\":218,\\\"code_citi_alic_iva\\\":3}},{\\\"id\\\":14007,\\\"user_id\\\":7566,\\\"period_liquidation_id\\\":110,\\\"period_liquidation_iva_id\\\":57,\\\"period_id\\\":1524,\\\"person_id\\\":40720,\\\"activity_id\\\":1,\\\"iva_creditos_tipo_id\\\":2,\\\"type\\\":2,\\\"tax_id\\\":6,\\\"taxabled_amount\\\":\\\"11250.00\\\",\\\"iva_amount\\\":\\\"0.00\\\",\\\"created_at\\\":\\\"2022-08-22T22:25:47.000000Z\\\",\\\"updated_at\\\":\\\"2022-08-22T22:25:47.000000Z\\\",\\\"ordr\\\":7,\\\"deleted_at\\\":null,\\\"base\\\":\\\"11250.00\\\",\\\"system_taxes\\\":{\\\"id\\\":6,\\\"created_at\\\":null,\\\"updated_at\\\":\\\"2020-04-16T13:33:23.000000Z\\\",\\\"name\\\":\\\"gravado al 0%\\\",\\\"apply_to\\\":\\\"iva\\\",\\\"ammount_permited\\\":1,\\\"percent_iva\\\":\\\"0.00\\\",\\\"taxable_iibb\\\":1,\\\"taxable_iva\\\":1,\\\"code\\\":3,\\\"status\\\":1,\\\"afip_alicuota_id\\\":3,\\\"plan_cuenta_id\\\":218,\\\"code_citi_alic_iva\\\":3}},{\\\"id\\\":14008,\\\"user_id\\\":7566,\\\"period_liquidation_id\\\":110,\\\"period_liquidation_iva_id\\\":57,\\\"period_id\\\":1524,\\\"person_id\\\":40720,\\\"activity_id\\\":1,\\\"iva_creditos_tipo_id\\\":14,\\\"type\\\":2,\\\"tax_id\\\":7,\\\"taxabled_amount\\\":\\\"0.00\\\",\\\"iva_amount\\\":\\\"0.00\\\",\\\"created_at\\\":\\\"2022-08-22T22:25:47.000000Z\\\",\\\"updated_at\\\":\\\"2022-08-22T22:25:47.000000Z\\\",\\\"ordr\\\":7,\\\"deleted_at\\\":null,\\\"base\\\":\\\"0.00\\\",\\\"system_taxes\\\":{\\\"id\\\":7,\\\"created_at\\\":null,\\\"updated_at\\\":\\\"2020-04-16T13:33:23.000000Z\\\",\\\"name\\\":\\\"no gravado\\\",\\\"apply_to\\\":\\\"iva\\\",\\\"ammount_permited\\\":1,\\\"percent_iva\\\":\\\"0.00\\\",\\\"taxable_iibb\\\":1,\\\"taxable_iva\\\":1,\\\"code\\\":1,\\\"status\\\":1,\\\"afip_alicuota_id\\\":1,\\\"plan_cuenta_id\\\":218,\\\"code_citi_alic_iva\\\":3}},{\\\"id\\\":14009,\\\"user_id\\\":7566,\\\"period_liquidation_id\\\":110,\\\"period_liquidation_iva_id\\\":57,\\\"period_id\\\":1524,\\\"person_id\\\":40720,\\\"activity_id\\\":1,\\\"iva_creditos_tipo_id\\\":11,\\\"type\\\":2,\\\"tax_id\\\":6,\\\"taxabled_amount\\\":\\\"0.00\\\",\\\"iva_amount\\\":\\\"0.00\\\",\\\"created_at\\\":\\\"2022-08-22T22:25:47.000000Z\\\",\\\"updated_at\\\":\\\"2022-08-22T22:25:47.000000Z\\\",\\\"ordr\\\":7,\\\"deleted_at\\\":null,\\\"base\\\":\\\"0.00\\\",\\\"system_taxes\\\":{\\\"id\\\":6,\\\"created_at\\\":null,\\\"updated_at\\\":\\\"2020-04-16T13:33:23.000000Z\\\",\\\"name\\\":\\\"gravado al 0%\\\",\\\"apply_to\\\":\\\"iva\\\",\\\"ammount_permited\\\":1,\\\"percent_iva\\\":\\\"0.00\\\",\\\"taxable_iibb\\\":1,\\\"taxable_iva\\\":1,\\\"code\\\":3,\\\"status\\\":1,\\\"afip_alicuota_id\\\":3,\\\"plan_cuenta_id\\\":218,\\\"code_citi_alic_iva\\\":3}},{\\\"id\\\":14010,\\\"user_id\\\":7566,\\\"period_liquidation_id\\\":110,\\\"period_liquidation_iva_id\\\":57,\\\"period_id\\\":1524,\\\"person_id\\\":40720,\\\"activity_id\\\":1,\\\"iva_creditos_tipo_id\\\":7,\\\"type\\\":2,\\\"tax_id\\\":7,\\\"taxabled_amount\\\":\\\"0.00\\\",\\\"iva_amount\\\":\\\"0.00\\\",\\\"created_at\\\":\\\"2022-08-22T22:25:47.000000Z\\\",\\\"updated_at\\\":\\\"2022-08-22T22:25:47.000000Z\\\",\\\"ordr\\\":7,\\\"deleted_at\\\":null,\\\"base\\\":\\\"0.00\\\",\\\"system_taxes\\\":{\\\"id\\\":7,\\\"created_at\\\":null,\\\"updated_at\\\":\\\"2020-04-16T13:33:23.000000Z\\\",\\\"name\\\":\\\"no gravado\\\",\\\"apply_to\\\":\\\"iva\\\",\\\"ammount_permited\\\":1,\\\"percent_iva\\\":\\\"0.00\\\",\\\"taxable_iibb\\\":1,\\\"taxable_iva\\\":1,\\\"code\\\":1,\\\"status\\\":1,\\\"afip_alicuota_id\\\":1,\\\"plan_cuenta_id\\\":218,\\\"code_citi_alic_iva\\\":3}},{\\\"id\\\":14011,\\\"user_id\\\":7566,\\\"period_liquidation_id\\\":110,\\\"period_liquidation_iva_id\\\":57,\\\"period_id\\\":1524,\\\"person_id\\\":40720,\\\"activity_id\\\":1,\\\"iva_creditos_tipo_id\\\":4,\\\"type\\\":2,\\\"tax_id\\\":6,\\\"taxabled_amount\\\":\\\"0.00\\\",\\\"iva_amount\\\":\\\"0.00\\\",\\\"created_at\\\":\\\"2022-08-22T22:25:47.000000Z\\\",\\\"updated_at\\\":\\\"2022-08-22T22:25:47.000000Z\\\",\\\"ordr\\\":7,\\\"deleted_at\\\":null,\\\"base\\\":\\\"0.00\\\",\\\"system_taxes\\\":{\\\"id\\\":6,\\\"created_at\\\":null,\\\"updated_at\\\":\\\"2020-04-16T13:33:23.000000Z\\\",\\\"name\\\":\\\"gravado al 0%\\\",\\\"apply_to\\\":\\\"iva\\\",\\\"ammount_permited\\\":1,\\\"percent_iva\\\":\\\"0.00\\\",\\\"taxable_iibb\\\":1,\\\"taxable_iva\\\":1,\\\"code\\\":3,\\\"status\\\":1,\\\"afip_alicuota_id\\\":3,\\\"plan_cuenta_id\\\":218,\\\"code_citi_alic_iva\\\":3}},{\\\"id\\\":14012,\\\"user_id\\\":7566,\\\"period_liquidation_id\\\":110,\\\"period_liquidation_iva_id\\\":57,\\\"period_id\\\":1524,\\\"person_id\\\":40720,\\\"activity_id\\\":1,\\\"iva_creditos_tipo_id\\\":13,\\\"type\\\":2,\\\"tax_id\\\":6,\\\"taxabled_amount\\\":\\\"0.00\\\",\\\"iva_amount\\\":\\\"0.00\\\",\\\"created_at\\\":\\\"2022-08-22T22:25:47.000000Z\\\",\\\"updated_at\\\":\\\"2022-08-22T22:25:47.000000Z\\\",\\\"ordr\\\":7,\\\"deleted_at\\\":null,\\\"base\\\":\\\"0.00\\\",\\\"system_taxes\\\":{\\\"id\\\":6,\\\"created_at\\\":null,\\\"updated_at\\\":\\\"2020-04-16T13:33:23.000000Z\\\",\\\"name\\\":\\\"gravado al 0%\\\",\\\"apply_to\\\":\\\"iva\\\",\\\"ammount_permited\\\":1,\\\"percent_iva\\\":\\\"0.00\\\",\\\"taxable_iibb\\\":1,\\\"taxable_iva\\\":1,\\\"code\\\":3,\\\"status\\\":1,\\\"afip_alicuota_id\\\":3,\\\"plan_cuenta_id\\\":218,\\\"code_citi_alic_iva\\\":3}},{\\\"id\\\":14013,\\\"user_id\\\":7566,\\\"period_liquidation_id\\\":110,\\\"period_liquidation_iva_id\\\":57,\\\"period_id\\\":1524,\\\"person_id\\\":40720,\\\"activity_id\\\":1,\\\"iva_creditos_tipo_id\\\":9,\\\"type\\\":2,\\\"tax_id\\\":7,\\\"taxabled_amount\\\":\\\"0.00\\\",\\\"iva_amount\\\":\\\"0.00\\\",\\\"created_at\\\":\\\"2022-08-22T22:25:47.000000Z\\\",\\\"updated_at\\\":\\\"2022-08-22T22:25:47.000000Z\\\",\\\"ordr\\\":7,\\\"deleted_at\\\":null,\\\"base\\\":\\\"0.00\\\",\\\"system_taxes\\\":{\\\"id\\\":7,\\\"created_at\\\":null,\\\"updated_at\\\":\\\"2020-04-16T13:33:23.000000Z\\\",\\\"name\\\":\\\"no gravado\\\",\\\"apply_to\\\":\\\"iva\\\",\\\"ammount_permited\\\":1,\\\"percent_iva\\\":\\\"0.00\\\",\\\"taxable_iibb\\\":1,\\\"taxable_iva\\\":1,\\\"code\\\":1,\\\"status\\\":1,\\\"afip_alicuota_id\\\":1,\\\"plan_cuenta_id\\\":218,\\\"code_citi_alic_iva\\\":3}},{\\\"id\\\":14014,\\\"user_id\\\":7566,\\\"period_liquidation_id\\\":110,\\\"period_liquidation_iva_id\\\":57,\\\"period_id\\\":1524,\\\"person_id\\\":40720,\\\"activity_id\\\":1,\\\"iva_creditos_tipo_id\\\":6,\\\"type\\\":2,\\\"tax_id\\\":6,\\\"taxabled_amount\\\":\\\"0.00\\\",\\\"iva_amount\\\":\\\"0.00\\\",\\\"created_at\\\":\\\"2022-08-22T22:25:47.000000Z\\\",\\\"updated_at\\\":\\\"2022-08-22T22:25:47.000000Z\\\",\\\"ordr\\\":7,\\\"deleted_at\\\":null,\\\"base\\\":\\\"0.00\\\",\\\"system_taxes\\\":{\\\"id\\\":6,\\\"created_at\\\":null,\\\"updated_at\\\":\\\"2020-04-16T13:33:23.000000Z\\\",\\\"name\\\":\\\"gravado al 0%\\\",\\\"apply_to\\\":\\\"iva\\\",\\\"ammount_permited\\\":1,\\\"percent_iva\\\":\\\"0.00\\\",\\\"taxable_iibb\\\":1,\\\"taxable_iva\\\":1,\\\"code\\\":3,\\\"status\\\":1,\\\"afip_alicuota_id\\\":3,\\\"plan_cuenta_id\\\":218,\\\"code_citi_alic_iva\\\":3}},{\\\"id\\\":14015,\\\"user_id\\\":7566,\\\"period_liquidation_id\\\":110,\\\"period_liquidation_iva_id\\\":57,\\\"period_id\\\":1524,\\\"person_id\\\":40720,\\\"activity_id\\\":1,\\\"iva_creditos_tipo_id\\\":2,\\\"type\\\":2,\\\"tax_id\\\":7,\\\"taxabled_amount\\\":\\\"0.00\\\",\\\"iva_amount\\\":\\\"0.00\\\",\\\"created_at\\\":\\\"2022-08-22T22:25:47.000000Z\\\",\\\"updated_at\\\":\\\"2022-08-22T22:25:47.000000Z\\\",\\\"ordr\\\":7,\\\"deleted_at\\\":null,\\\"base\\\":\\\"0.00\\\",\\\"system_taxes\\\":{\\\"id\\\":7,\\\"created_at\\\":null,\\\"updated_at\\\":\\\"2020-04-16T13:33:23.000000Z\\\",\\\"name\\\":\\\"no gravado\\\",\\\"apply_to\\\":\\\"iva\\\",\\\"ammount_permited\\\":1,\\\"percent_iva\\\":\\\"0.00\\\",\\\"taxable_iibb\\\":1,\\\"taxable_iva\\\":1,\\\"code\\\":1,\\\"status\\\":1,\\\"afip_alicuota_id\\\":1,\\\"plan_cuenta_id\\\":218,\\\"code_citi_alic_iva\\\":3}},{\\\"id\\\":14016,\\\"user_id\\\":7566,\\\"period_liquidation_id\\\":110,\\\"period_liquidation_iva_id\\\":57,\\\"period_id\\\":1524,\\\"person_id\\\":40720,\\\"activity_id\\\":1,\\\"iva_creditos_tipo_id\\\":11,\\\"type\\\":2,\\\"tax_id\\\":7,\\\"taxabled_amount\\\":\\\"0.00\\\",\\\"iva_amount\\\":\\\"0.00\\\",\\\"created_at\\\":\\\"2022-08-22T22:25:47.000000Z\\\",\\\"updated_at\\\":\\\"2022-08-22T22:25:47.000000Z\\\",\\\"ordr\\\":7,\\\"deleted_at\\\":null,\\\"base\\\":\\\"0.00\\\",\\\"system_taxes\\\":{\\\"id\\\":7,\\\"created_at\\\":null,\\\"updated_at\\\":\\\"2020-04-16T13:33:23.000000Z\\\",\\\"name\\\":\\\"no gravado\\\",\\\"apply_to\\\":\\\"iva\\\",\\\"ammount_permited\\\":1,\\\"percent_iva\\\":\\\"0.00\\\",\\\"taxable_iibb\\\":1,\\\"taxable_iva\\\":1,\\\"code\\\":1,\\\"status\\\":1,\\\"afip_alicuota_id\\\":1,\\\"plan_cuenta_id\\\":218,\\\"code_citi_alic_iva\\\":3}},{\\\"id\\\":14017,\\\"user_id\\\":7566,\\\"period_liquidation_id\\\":110,\\\"period_liquidation_iva_id\\\":57,\\\"period_id\\\":1524,\\\"person_id\\\":40720,\\\"activity_id\\\":1,\\\"iva_creditos_tipo_id\\\":8,\\\"type\\\":2,\\\"tax_id\\\":6,\\\"taxabled_amount\\\":\\\"0.00\\\",\\\"iva_amount\\\":\\\"0.00\\\",\\\"created_at\\\":\\\"2022-08-22T22:25:47.000000Z\\\",\\\"updated_at\\\":\\\"2022-08-22T22:25:47.000000Z\\\",\\\"ordr\\\":7,\\\"deleted_at\\\":null,\\\"base\\\":\\\"0.00\\\",\\\"system_taxes\\\":{\\\"id\\\":6,\\\"created_at\\\":null,\\\"updated_at\\\":\\\"2020-04-16T13:33:23.000000Z\\\",\\\"name\\\":\\\"gravado al 0%\\\",\\\"apply_to\\\":\\\"iva\\\",\\\"ammount_permited\\\":1,\\\"percent_iva\\\":\\\"0.00\\\",\\\"taxable_iibb\\\":1,\\\"taxable_iva\\\":1,\\\"code\\\":3,\\\"status\\\":1,\\\"afip_alicuota_id\\\":3,\\\"plan_cuenta_id\\\":218,\\\"code_citi_alic_iva\\\":3}},{\\\"id\\\":14018,\\\"user_id\\\":7566,\\\"period_liquidation_id\\\":110,\\\"period_liquidation_iva_id\\\":57,\\\"period_id\\\":1524,\\\"person_id\\\":40720,\\\"activity_id\\\":1,\\\"iva_creditos_tipo_id\\\":4,\\\"type\\\":2,\\\"tax_id\\\":7,\\\"taxabled_amount\\\":\\\"0.00\\\",\\\"iva_amount\\\":\\\"0.00\\\",\\\"created_at\\\":\\\"2022-08-22T22:25:47.000000Z\\\",\\\"updated_at\\\":\\\"2022-08-22T22:25:47.000000Z\\\",\\\"ordr\\\":7,\\\"deleted_at\\\":null,\\\"base\\\":\\\"0.00\\\",\\\"system_taxes\\\":{\\\"id\\\":7,\\\"created_at\\\":null,\\\"updated_at\\\":\\\"2020-04-16T13:33:23.000000Z\\\",\\\"name\\\":\\\"no gravado\\\",\\\"apply_to\\\":\\\"iva\\\",\\\"ammount_permited\\\":1,\\\"percent_iva\\\":\\\"0.00\\\",\\\"taxable_iibb\\\":1,\\\"taxable_iva\\\":1,\\\"code\\\":1,\\\"status\\\":1,\\\"afip_alicuota_id\\\":1,\\\"plan_cuenta_id\\\":218,\\\"code_citi_alic_iva\\\":3}},{\\\"id\\\":14019,\\\"user_id\\\":7566,\\\"period_liquidation_id\\\":110,\\\"period_liquidation_iva_id\\\":57,\\\"period_id\\\":1524,\\\"person_id\\\":40720,\\\"activity_id\\\":1,\\\"iva_creditos_tipo_id\\\":1,\\\"type\\\":2,\\\"tax_id\\\":6,\\\"taxabled_amount\\\":\\\"0.00\\\",\\\"iva_amount\\\":\\\"0.00\\\",\\\"created_at\\\":\\\"2022-08-22T22:25:47.000000Z\\\",\\\"updated_at\\\":\\\"2022-08-22T22:25:47.000000Z\\\",\\\"ordr\\\":7,\\\"deleted_at\\\":null,\\\"base\\\":\\\"0.00\\\",\\\"system_taxes\\\":{\\\"id\\\":6,\\\"created_at\\\":null,\\\"updated_at\\\":\\\"2020-04-16T13:33:23.000000Z\\\",\\\"name\\\":\\\"gravado al 0%\\\",\\\"apply_to\\\":\\\"iva\\\",\\\"ammount_permited\\\":1,\\\"percent_iva\\\":\\\"0.00\\\",\\\"taxable_iibb\\\":1,\\\"taxable_iva\\\":1,\\\"code\\\":3,\\\"status\\\":1,\\\"afip_alicuota_id\\\":3,\\\"plan_cuenta_id\\\":218,\\\"code_citi_alic_iva\\\":3}},{\\\"id\\\":14020,\\\"user_id\\\":7566,\\\"period_liquidation_id\\\":110,\\\"period_liquidation_iva_id\\\":57,\\\"period_id\\\":1524,\\\"person_id\\\":40720,\\\"activity_id\\\":1,\\\"iva_creditos_tipo_id\\\":13,\\\"type\\\":2,\\\"tax_id\\\":7,\\\"taxabled_amount\\\":\\\"0.00\\\",\\\"iva_amount\\\":\\\"0.00\\\",\\\"created_at\\\":\\\"2022-08-22T22:25:47.000000Z\\\",\\\"updated_at\\\":\\\"2022-08-22T22:25:47.000000Z\\\",\\\"ordr\\\":7,\\\"deleted_at\\\":null,\\\"base\\\":\\\"0.00\\\",\\\"system_taxes\\\":{\\\"id\\\":7,\\\"created_at\\\":null,\\\"updated_at\\\":\\\"2020-04-16T13:33:23.000000Z\\\",\\\"name\\\":\\\"no gravado\\\",\\\"apply_to\\\":\\\"iva\\\",\\\"ammount_permited\\\":1,\\\"percent_iva\\\":\\\"0.00\\\",\\\"taxable_iibb\\\":1,\\\"taxable_iva\\\":1,\\\"code\\\":1,\\\"status\\\":1,\\\"afip_alicuota_id\\\":1,\\\"plan_cuenta_id\\\":218,\\\"code_citi_alic_iva\\\":3}},{\\\"id\\\":14021,\\\"user_id\\\":7566,\\\"period_liquidation_id\\\":110,\\\"period_liquidation_iva_id\\\":57,\\\"period_id\\\":1524,\\\"person_id\\\":40720,\\\"activity_id\\\":1,\\\"iva_creditos_tipo_id\\\":10,\\\"type\\\":2,\\\"tax_id\\\":6,\\\"taxabled_amount\\\":\\\"0.00\\\",\\\"iva_amount\\\":\\\"0.00\\\",\\\"created_at\\\":\\\"2022-08-22T22:25:47.000000Z\\\",\\\"updated_at\\\":\\\"2022-08-22T22:25:47.000000Z\\\",\\\"ordr\\\":7,\\\"deleted_at\\\":null,\\\"base\\\":\\\"0.00\\\",\\\"system_taxes\\\":{\\\"id\\\":6,\\\"created_at\\\":null,\\\"updated_at\\\":\\\"2020-04-16T13:33:23.000000Z\\\",\\\"name\\\":\\\"gravado al 0%\\\",\\\"apply_to\\\":\\\"iva\\\",\\\"ammount_permited\\\":1,\\\"percent_iva\\\":\\\"0.00\\\",\\\"taxable_iibb\\\":1,\\\"taxable_iva\\\":1,\\\"code\\\":3,\\\"status\\\":1,\\\"afip_alicuota_id\\\":3,\\\"plan_cuenta_id\\\":218,\\\"code_citi_alic_iva\\\":3}},{\\\"id\\\":14022,\\\"user_id\\\":7566,\\\"period_liquidation_id\\\":110,\\\"period_liquidation_iva_id\\\":57,\\\"period_id\\\":1524,\\\"person_id\\\":40720,\\\"activity_id\\\":1,\\\"iva_creditos_tipo_id\\\":6,\\\"type\\\":2,\\\"tax_id\\\":7,\\\"taxabled_amount\\\":\\\"0.00\\\",\\\"iva_amount\\\":\\\"0.00\\\",\\\"created_at\\\":\\\"2022-08-22T22:25:47.000000Z\\\",\\\"updated_at\\\":\\\"2022-08-22T22:25:47.000000Z\\\",\\\"ordr\\\":7,\\\"deleted_at\\\":null,\\\"base\\\":\\\"0.00\\\",\\\"system_taxes\\\":{\\\"id\\\":7,\\\"created_at\\\":null,\\\"updated_at\\\":\\\"2020-04-16T13:33:23.000000Z\\\",\\\"name\\\":\\\"no gravado\\\",\\\"apply_to\\\":\\\"iva\\\",\\\"ammount_permited\\\":1,\\\"percent_iva\\\":\\\"0.00\\\",\\\"taxable_iibb\\\":1,\\\"taxable_iva\\\":1,\\\"code\\\":1,\\\"status\\\":1,\\\"afip_alicuota_id\\\":1,\\\"plan_cuenta_id\\\":218,\\\"code_citi_alic_iva\\\":3}},{\\\"id\\\":14023,\\\"user_id\\\":7566,\\\"period_liquidation_id\\\":110,\\\"period_liquidation_iva_id\\\":57,\\\"period_id\\\":1524,\\\"person_id\\\":40720,\\\"activity_id\\\":1,\\\"iva_creditos_tipo_id\\\":3,\\\"type\\\":2,\\\"tax_id\\\":6,\\\"taxabled_amount\\\":\\\"0.00\\\",\\\"iva_amount\\\":\\\"0.00\\\",\\\"created_at\\\":\\\"2022-08-22T22:25:47.000000Z\\\",\\\"updated_at\\\":\\\"2022-08-22T22:25:47.000000Z\\\",\\\"ordr\\\":7,\\\"deleted_at\\\":null,\\\"base\\\":\\\"0.00\\\",\\\"system_taxes\\\":{\\\"id\\\":6,\\\"created_at\\\":null,\\\"updated_at\\\":\\\"2020-04-16T13:33:23.000000Z\\\",\\\"name\\\":\\\"gravado al 0%\\\",\\\"apply_to\\\":\\\"iva\\\",\\\"ammount_permited\\\":1,\\\"percent_iva\\\":\\\"0.00\\\",\\\"taxable_iibb\\\":1,\\\"taxable_iva\\\":1,\\\"code\\\":3,\\\"status\\\":1,\\\"afip_alicuota_id\\\":3,\\\"plan_cuenta_id\\\":218,\\\"code_citi_alic_iva\\\":3}},{\\\"id\\\":14024,\\\"user_id\\\":7566,\\\"period_liquidation_id\\\":110,\\\"period_liquidation_iva_id\\\":57,\\\"period_id\\\":1524,\\\"person_id\\\":40720,\\\"activity_id\\\":1,\\\"iva_creditos_tipo_id\\\":12,\\\"type\\\":2,\\\"tax_id\\\":6,\\\"taxabled_amount\\\":\\\"0.00\\\",\\\"iva_amount\\\":\\\"0.00\\\",\\\"created_at\\\":\\\"2022-08-22T22:25:47.000000Z\\\",\\\"updated_at\\\":\\\"2022-08-22T22:25:47.000000Z\\\",\\\"ordr\\\":7,\\\"deleted_at\\\":null,\\\"base\\\":\\\"0.00\\\",\\\"system_taxes\\\":{\\\"id\\\":6,\\\"created_at\\\":null,\\\"updated_at\\\":\\\"2020-04-16T13:33:23.000000Z\\\",\\\"name\\\":\\\"gravado al 0%\\\",\\\"apply_to\\\":\\\"iva\\\",\\\"ammount_permited\\\":1,\\\"percent_iva\\\":\\\"0.00\\\",\\\"taxable_iibb\\\":1,\\\"taxable_iva\\\":1,\\\"code\\\":3,\\\"status\\\":1,\\\"afip_alicuota_id\\\":3,\\\"plan_cuenta_id\\\":218,\\\"code_citi_alic_iva\\\":3}},{\\\"id\\\":14025,\\\"user_id\\\":7566,\\\"period_liquidation_id\\\":110,\\\"period_liquidation_iva_id\\\":57,\\\"period_id\\\":1524,\\\"person_id\\\":40720,\\\"activity_id\\\":1,\\\"iva_creditos_tipo_id\\\":8,\\\"type\\\":2,\\\"tax_id\\\":7,\\\"taxabled_amount\\\":\\\"0.00\\\",\\\"iva_amount\\\":\\\"0.00\\\",\\\"created_at\\\":\\\"2022-08-22T22:25:47.000000Z\\\",\\\"updated_at\\\":\\\"2022-08-22T22:25:47.000000Z\\\",\\\"ordr\\\":7,\\\"deleted_at\\\":null,\\\"base\\\":\\\"0.00\\\",\\\"system_taxes\\\":{\\\"id\\\":7,\\\"created_at\\\":null,\\\"updated_at\\\":\\\"2020-04-16T13:33:23.000000Z\\\",\\\"name\\\":\\\"no gravado\\\",\\\"apply_to\\\":\\\"iva\\\",\\\"ammount_permited\\\":1,\\\"percent_iva\\\":\\\"0.00\\\",\\\"taxable_iibb\\\":1,\\\"taxable_iva\\\":1,\\\"code\\\":1,\\\"status\\\":1,\\\"afip_alicuota_id\\\":1,\\\"plan_cuenta_id\\\":218,\\\"code_citi_alic_iva\\\":3}},{\\\"id\\\":14026,\\\"user_id\\\":7566,\\\"period_liquidation_id\\\":110,\\\"period_liquidation_iva_id\\\":57,\\\"period_id\\\":1524,\\\"person_id\\\":40720,\\\"activity_id\\\":1,\\\"iva_creditos_tipo_id\\\":5,\\\"type\\\":2,\\\"tax_id\\\":6,\\\"taxabled_amount\\\":\\\"0.00\\\",\\\"iva_amount\\\":\\\"0.00\\\",\\\"created_at\\\":\\\"2022-08-22T22:25:47.000000Z\\\",\\\"updated_at\\\":\\\"2022-08-22T22:25:47.000000Z\\\",\\\"ordr\\\":7,\\\"deleted_at\\\":null,\\\"base\\\":\\\"0.00\\\",\\\"system_taxes\\\":{\\\"id\\\":6,\\\"created_at\\\":null,\\\"updated_at\\\":\\\"2020-04-16T13:33:23.000000Z\\\",\\\"name\\\":\\\"gravado al 0%\\\",\\\"apply_to\\\":\\\"iva\\\",\\\"ammount_permited\\\":1,\\\"percent_iva\\\":\\\"0.00\\\",\\\"taxable_iibb\\\":1,\\\"taxable_iva\\\":1,\\\"code\\\":3,\\\"status\\\":1,\\\"afip_alicuota_id\\\":3,\\\"plan_cuenta_id\\\":218,\\\"code_citi_alic_iva\\\":3}},{\\\"id\\\":14027,\\\"user_id\\\":7566,\\\"period_liquidation_id\\\":110,\\\"period_liquidation_iva_id\\\":57,\\\"period_id\\\":1524,\\\"person_id\\\":40720,\\\"activity_id\\\":1,\\\"iva_creditos_tipo_id\\\":1,\\\"type\\\":2,\\\"tax_id\\\":7,\\\"taxabled_amount\\\":\\\"201.86\\\",\\\"iva_amount\\\":\\\"0.00\\\",\\\"created_at\\\":\\\"2022-08-22T22:25:47.000000Z\\\",\\\"updated_at\\\":\\\"2022-08-22T22:25:47.000000Z\\\",\\\"ordr\\\":7,\\\"deleted_at\\\":null,\\\"base\\\":\\\"201.86\\\",\\\"system_taxes\\\":{\\\"id\\\":7,\\\"created_at\\\":null,\\\"updated_at\\\":\\\"2020-04-16T13:33:23.000000Z\\\",\\\"name\\\":\\\"no gravado\\\",\\\"apply_to\\\":\\\"iva\\\",\\\"ammount_permited\\\":1,\\\"percent_iva\\\":\\\"0.00\\\",\\\"taxable_iibb\\\":1,\\\"taxable_iva\\\":1,\\\"code\\\":1,\\\"status\\\":1,\\\"afip_alicuota_id\\\":1,\\\"plan_cuenta_id\\\":218,\\\"code_citi_alic_iva\\\":3}},{\\\"id\\\":14028,\\\"user_id\\\":7566,\\\"period_liquidation_id\\\":110,\\\"period_liquidation_iva_id\\\":57,\\\"period_id\\\":1524,\\\"person_id\\\":40720,\\\"activity_id\\\":1,\\\"iva_creditos_tipo_id\\\":14,\\\"type\\\":2,\\\"tax_id\\\":6,\\\"taxabled_amount\\\":\\\"0.00\\\",\\\"iva_amount\\\":\\\"0.00\\\",\\\"created_at\\\":\\\"2022-08-22T22:25:47.000000Z\\\",\\\"updated_at\\\":\\\"2022-08-22T22:25:47.000000Z\\\",\\\"ordr\\\":7,\\\"deleted_at\\\":null,\\\"base\\\":\\\"0.00\\\",\\\"system_taxes\\\":{\\\"id\\\":6,\\\"created_at\\\":null,\\\"updated_at\\\":\\\"2020-04-16T13:33:23.000000Z\\\",\\\"name\\\":\\\"gravado al 0%\\\",\\\"apply_to\\\":\\\"iva\\\",\\\"ammount_permited\\\":1,\\\"percent_iva\\\":\\\"0.00\\\",\\\"taxable_iibb\\\":1,\\\"taxable_iva\\\":1,\\\"code\\\":3,\\\"status\\\":1,\\\"afip_alicuota_id\\\":3,\\\"plan_cuenta_id\\\":218,\\\"code_citi_alic_iva\\\":3}},{\\\"id\\\":14029,\\\"user_id\\\":7566,\\\"period_liquidation_id\\\":110,\\\"period_liquidation_iva_id\\\":57,\\\"period_id\\\":1524,\\\"person_id\\\":40720,\\\"activity_id\\\":1,\\\"iva_creditos_tipo_id\\\":10,\\\"type\\\":2,\\\"tax_id\\\":7,\\\"taxabled_amount\\\":\\\"0.00\\\",\\\"iva_amount\\\":\\\"0.00\\\",\\\"created_at\\\":\\\"2022-08-22T22:25:47.000000Z\\\",\\\"updated_at\\\":\\\"2022-08-22T22:25:47.000000Z\\\",\\\"ordr\\\":7,\\\"deleted_at\\\":null,\\\"base\\\":\\\"0.00\\\",\\\"system_taxes\\\":{\\\"id\\\":7,\\\"created_at\\\":null,\\\"updated_at\\\":\\\"2020-04-16T13:33:23.000000Z\\\",\\\"name\\\":\\\"no gravado\\\",\\\"apply_to\\\":\\\"iva\\\",\\\"ammount_permited\\\":1,\\\"percent_iva\\\":\\\"0.00\\\",\\\"taxable_iibb\\\":1,\\\"taxable_iva\\\":1,\\\"code\\\":1,\\\"status\\\":1,\\\"afip_alicuota_id\\\":1,\\\"plan_cuenta_id\\\":218,\\\"code_citi_alic_iva\\\":3}},{\\\"id\\\":14030,\\\"user_id\\\":7566,\\\"period_liquidation_id\\\":110,\\\"period_liquidation_iva_id\\\":57,\\\"period_id\\\":1524,\\\"person_id\\\":40720,\\\"activity_id\\\":1,\\\"iva_creditos_tipo_id\\\":7,\\\"type\\\":2,\\\"tax_id\\\":6,\\\"taxabled_amount\\\":\\\"0.00\\\",\\\"iva_amount\\\":\\\"0.00\\\",\\\"created_at\\\":\\\"2022-08-22T22:25:47.000000Z\\\",\\\"updated_at\\\":\\\"2022-08-22T22:25:47.000000Z\\\",\\\"ordr\\\":7,\\\"deleted_at\\\":null,\\\"base\\\":\\\"0.00\\\",\\\"system_taxes\\\":{\\\"id\\\":6,\\\"created_at\\\":null,\\\"updated_at\\\":\\\"2020-04-16T13:33:23.000000Z\\\",\\\"name\\\":\\\"gravado al 0%\\\",\\\"apply_to\\\":\\\"iva\\\",\\\"ammount_permited\\\":1,\\\"percent_iva\\\":\\\"0.00\\\",\\\"taxable_iibb\\\":1,\\\"taxable_iva\\\":1,\\\"code\\\":3,\\\"status\\\":1,\\\"afip_alicuota_id\\\":3,\\\"plan_cuenta_id\\\":218,\\\"code_citi_alic_iva\\\":3}},{\\\"id\\\":14031,\\\"user_id\\\":7566,\\\"period_liquidation_id\\\":110,\\\"period_liquidation_iva_id\\\":57,\\\"period_id\\\":1524,\\\"person_id\\\":40720,\\\"activity_id\\\":1,\\\"iva_creditos_tipo_id\\\":3,\\\"type\\\":2,\\\"tax_id\\\":7,\\\"taxabled_amount\\\":\\\"0.00\\\",\\\"iva_amount\\\":\\\"0.00\\\",\\\"created_at\\\":\\\"2022-08-22T22:25:47.000000Z\\\",\\\"updated_at\\\":\\\"2022-08-22T22:25:47.000000Z\\\",\\\"ordr\\\":7,\\\"deleted_at\\\":null,\\\"base\\\":\\\"0.00\\\",\\\"system_taxes\\\":{\\\"id\\\":7,\\\"created_at\\\":null,\\\"updated_at\\\":\\\"2020-04-16T13:33:23.000000Z\\\",\\\"name\\\":\\\"no gravado\\\",\\\"apply_to\\\":\\\"iva\\\",\\\"ammount_permited\\\":1,\\\"percent_iva\\\":\\\"0.00\\\",\\\"taxable_iibb\\\":1,\\\"taxable_iva\\\":1,\\\"code\\\":1,\\\"status\\\":1,\\\"afip_alicuota_id\\\":1,\\\"plan_cuenta_id\\\":218,\\\"code_citi_alic_iva\\\":3}},{\\\"id\\\":14032,\\\"user_id\\\":7566,\\\"period_liquidation_id\\\":110,\\\"period_liquidation_iva_id\\\":57,\\\"period_id\\\":1524,\\\"person_id\\\":40720,\\\"activity_id\\\":1,\\\"iva_creditos_tipo_id\\\":12,\\\"type\\\":2,\\\"tax_id\\\":7,\\\"taxabled_amount\\\":\\\"0.00\\\",\\\"iva_amount\\\":\\\"0.00\\\",\\\"created_at\\\":\\\"2022-08-22T22:25:47.000000Z\\\",\\\"updated_at\\\":\\\"2022-08-22T22:25:47.000000Z\\\",\\\"ordr\\\":7,\\\"deleted_at\\\":null,\\\"base\\\":\\\"0.00\\\",\\\"system_taxes\\\":{\\\"id\\\":7,\\\"created_at\\\":null,\\\"updated_at\\\":\\\"2020-04-16T13:33:23.000000Z\\\",\\\"name\\\":\\\"no gravado\\\",\\\"apply_to\\\":\\\"iva\\\",\\\"ammount_permited\\\":1,\\\"percent_iva\\\":\\\"0.00\\\",\\\"taxable_iibb\\\":1,\\\"taxable_iva\\\":1,\\\"code\\\":1,\\\"status\\\":1,\\\"afip_alicuota_id\\\":1,\\\"plan_cuenta_id\\\":218,\\\"code_citi_alic_iva\\\":3}},{\\\"id\\\":14033,\\\"user_id\\\":7566,\\\"period_liquidation_id\\\":110,\\\"period_liquidation_iva_id\\\":57,\\\"period_id\\\":1524,\\\"person_id\\\":40720,\\\"activity_id\\\":1,\\\"iva_creditos_tipo_id\\\":9,\\\"type\\\":2,\\\"tax_id\\\":6,\\\"taxabled_amount\\\":\\\"0.00\\\",\\\"iva_amount\\\":\\\"0.00\\\",\\\"created_at\\\":\\\"2022-08-22T22:25:47.000000Z\\\",\\\"updated_at\\\":\\\"2022-08-22T22:25:47.000000Z\\\",\\\"ordr\\\":7,\\\"deleted_at\\\":null,\\\"base\\\":\\\"0.00\\\",\\\"system_taxes\\\":{\\\"id\\\":6,\\\"created_at\\\":null,\\\"updated_at\\\":\\\"2020-04-16T13:33:23.000000Z\\\",\\\"name\\\":\\\"gravado al 0%\\\",\\\"apply_to\\\":\\\"iva\\\",\\\"ammount_permited\\\":1,\\\"percent_iva\\\":\\\"0.00\\\",\\\"taxable_iibb\\\":1,\\\"taxable_iva\\\":1,\\\"code\\\":3,\\\"status\\\":1,\\\"afip_alicuota_id\\\":3,\\\"plan_cuenta_id\\\":218,\\\"code_citi_alic_iva\\\":3}},{\\\"id\\\":14034,\\\"user_id\\\":7566,\\\"period_liquidation_id\\\":110,\\\"period_liquidation_iva_id\\\":57,\\\"period_id\\\":1524,\\\"person_id\\\":40720,\\\"activity_id\\\":1,\\\"iva_creditos_tipo_id\\\":5,\\\"type\\\":2,\\\"tax_id\\\":7,\\\"taxabled_amount\\\":\\\"0.00\\\",\\\"iva_amount\\\":\\\"0.00\\\",\\\"created_at\\\":\\\"2022-08-22T22:25:47.000000Z\\\",\\\"updated_at\\\":\\\"2022-08-22T22:25:47.000000Z\\\",\\\"ordr\\\":7,\\\"deleted_at\\\":null,\\\"base\\\":\\\"0.00\\\",\\\"system_taxes\\\":{\\\"id\\\":7,\\\"created_at\\\":null,\\\"updated_at\\\":\\\"2020-04-16T13:33:23.000000Z\\\",\\\"name\\\":\\\"no gravado\\\",\\\"apply_to\\\":\\\"iva\\\",\\\"ammount_permited\\\":1,\\\"percent_iva\\\":\\\"0.00\\\",\\\"taxable_iibb\\\":1,\\\"taxable_iva\\\":1,\\\"code\\\":1,\\\"status\\\":1,\\\"afip_alicuota_id\\\":1,\\\"plan_cuenta_id\\\":218,\\\"code_citi_alic_iva\\\":3}}],\\\"person\\\":{\\\"id\\\":40720,\\\"user_id\\\":7566,\\\"field_name1\\\":\\\"LEONARDO FABIAN GLOWAKRZYWO\\\",\\\"field_name2\\\":null,\\\"document_type\\\":\\\"cuit\\\",\\\"document\\\":\\\"20-23371952-9\\\",\\\"cond_frente_al_iva_id\\\":null,\\\"country_id\\\":null,\\\"state_id\\\":null,\\\"zone_id\\\":null,\\\"plan_cuenta_id\\\":null,\\\"iva_creditos_tipo_id\\\":null,\\\"created_at\\\":\\\"2022-08-19T20:02:27.000000Z\\\",\\\"updated_at\\\":\\\"2022-08-19T20:02:27.000000Z\\\",\\\"activity_id\\\":null,\\\"address\\\":\\\"DON BOSCO 1080\\\",\\\"person_type_id\\\":1,\\\"fa_iva_condition_id\\\":null,\\\"fa_codigo_postal\\\":null,\\\"email\\\":null,\\\"deleted_at\\\":null,\\\"person_config\\\":{\\\"id\\\":3,\\\"user_id\\\":7566,\\\"person_id\\\":40720,\\\"period_id\\\":null,\\\"zone_id\\\":null,\\\"settle_calc_by_coef\\\":0,\\\"created_at\\\":\\\"2022-08-19T20:02:27.000000Z\\\",\\\"updated_at\\\":\\\"2022-08-19T20:02:27.000000Z\\\",\\\"active\\\":2,\\\"enviarMail\\\":1,\\\"honorario\\\":\\\"0.00\\\",\\\"cta_cte_tesoreria_cuenta_id\\\":null,\\\"month_close\\\":12,\\\"iva_condition_id\\\":2,\\\"obligation_sell\\\":1,\\\"obligation_buy\\\":1,\\\"obligation_iva\\\":1,\\\"obligation_electronic_receipt\\\":1,\\\"obligation_iibb\\\":4,\\\"obligation_other_taxes\\\":null,\\\"liquidation_start_period\\\":\\\"2022-01\\\",\\\"obligation_salaries\\\":0,\\\"empleada_domestica\\\":0,\\\"prorratear_iva\\\":0,\\\"is_itc\\\":0,\\\"priority_order\\\":2,\\\"person_id_administrador\\\":40720,\\\"person_id_titular\\\":40720,\\\"logo_path\\\":null,\\\"certificado_afip_path\\\":null,\\\"llave_afip_path\\\":null,\\\"access_electronic_receipt\\\":0,\\\"ruta_logo_fa\\\":null,\\\"inicio_actividades\\\":\\\"-000001-11-30T04:16:48.000000Z\\\",\\\"iibb\\\":\\\"20233719529\\/916\\\",\\\"fe_leyenda\\\":null,\\\"atencion_iva\\\":0,\\\"atencion_iva_comentario\\\":null,\\\"atencion_iibb\\\":0,\\\"atencion_iibb_comentario\\\":null,\\\"deleted_at\\\":null}}}\\\";s:7:\\\"user_id\\\";i:7566;s:10:\\\"updated_at\\\";s:19:\\\"2022-08-22 19:51:46\\\";s:10:\\\"created_at\\\";s:19:\\\"2022-08-22 19:51:46\\\";s:2:\\\"id\\\";i:4095;}s:11:\\\"\\u0000*\\u0000original\\\";a:5:{s:11:\\\"descripcion\\\";s:168905:\\\"{\\\"totales\\\":{\\\"period_liquidation_id\\\":110,\\\"period_id\\\":1524,\\\"person_id\\\":40720,\\\"total_debit\\\":76514.03,\\\"total_credit\\\":37327.01,\\\"credito_fiscal_comp\\\":\\\"0.00\\\",\\\"previous_technical\\\":\\\"0.00\\\",\\\"technical_balance\\\":\\\"-39187.02\\\",\\\"previous_free_availability\\\":\\\"0.00\\\",\\\"retention_amount\\\":\\\"17642.76\\\",\\\"perception_amount\\\":\\\"1959.69\\\",\\\"compensation_amount\\\":\\\"0.00\\\",\\\"total_perceptions_retentions\\\":\\\"19602.45\\\",\\\"free_availability_balance\\\":\\\"19602.45\\\",\\\"pago_a_cuenta\\\":\\\"0.00\\\",\\\"negative_amount\\\":\\\"19584.57\\\",\\\"positive_amount\\\":\\\"0.00\\\",\\\"total_free_availability\\\":\\\"0.00\\\",\\\"saldo_pago_a_cuenta\\\":\\\"0.00\\\",\\\"total_debito_mis_comp\\\":\\\"0.00\\\",\\\"total_credito_mis_comp\\\":\\\"0.00\\\",\\\"comentarios\\\":null},\\\"actividades\\\":[{\\\"id\\\":3,\\\"user_id\\\":7566,\\\"person_id\\\":40720,\\\"activity_id\\\":784,\\\"is_principal\\\":1,\\\"created_at\\\":\\\"2022-08-19T20:02:27.000000Z\\\",\\\"updated_at\\\":\\\"2022-08-19T20:02:27.000000Z\\\",\\\"deleted_at\\\":null,\\\"type\\\":1,\\\"actividad\\\":{\\\"id\\\":784,\\\"created_at\\\":null,\\\"updated_at\\\":null,\\\"name\\\":\\\"Servicios de productores  y asesores de seguros\\\",\\\"codigo_afip\\\":\\\"662020\\\",\\\"codigo_cm\\\":null,\\\"total_iva\\\":76514.03,\\\"total_gravado\\\":364352.51}}],\\\"iva_creditos_tipos\\\":[{\\\"id\\\":1,\\\"user_id\\\":0,\\\"descripcion\\\":\\\"Compras de bienes (excepto bienes de uso)\\\",\\\"total\\\":37327.01,\\\"habilitado\\\":1,\\\"created_at\\\":null,\\\"updated_at\\\":null,\\\"deleted_at\\\":null},{\\\"id\\\":2,\\\"user_id\\\":0,\\\"descripcion\\\":\\\"Locaciones\\\",\\\"total\\\":0,\\\"habilitado\\\":1,\\\"created_at\\\":null,\\\"updated_at\\\":null,\\\"deleted_at\\\":null},{\\\"id\\\":3,\\\"user_id\\\":0,\\\"descripcion\\\":\\\"Prestaciones de servicios\\\",\\\"total\\\":0,\\\"habilitado\\\":1,\\\"created_at\\\":null,\\\"updated_at\\\":null,\\\"deleted_at\\\":null},{\\\"id\\\":4,\\\"user_id\\\":0,\\\"descripcion\\\":\\\"Inversiones de Bienes de Uso\\\",\\\"total\\\":0,\\\"habilitado\\\":1,\\\"created_at\\\":null,\\\"updated_at\\\":null,\\\"deleted_at\\\":null},{\\\"id\\\":5,\\\"user_id\\\":0,\\\"descripcion\\\":\\\"Compras de bienes usados a consumidores finales\\\",\\\"total\\\":0,\\\"habilitado\\\":1,\\\"created_at\\\":null,\\\"updated_at\\\":null,\\\"deleted_at\\\":null},{\\\"id\\\":6,\\\"user_id\\\":0,\\\"descripcion\\\":\\\"Tur IVA\\\",\\\"total\\\":0,\\\"habilitado\\\":1,\\\"created_at\\\":null,\\\"updated_at\\\":null,\\\"deleted_at\\\":null},{\\\"id\\\":7,\\\"user_id\\\":0,\\\"descripcion\\\":\\\"Contribuciones de la Seguridad Social\\\",\\\"total\\\":0,\\\"habilitado\\\":1,\\\"created_at\\\":null,\\\"updated_at\\\":null,\\\"deleted_at\\\":null},{\\\"id\\\":8,\\\"user_id\\\":0,\\\"descripcion\\\":\\\"Contribuciones de la Seguridad Social - Art\\u00edculo 91 Ley 27.467\\\",\\\"total\\\":0,\\\"habilitado\\\":1,\\\"created_at\\\":null,\\\"updated_at\\\":null,\\\"deleted_at\\\":null},{\\\"id\\\":9,\\\"user_id\\\":0,\\\"descripcion\\\":\\\"Otros Conceptos\\\",\\\"total\\\":0,\\\"habilitado\\\":1,\\\"created_at\\\":null,\\\"updated_at\\\":null,\\\"deleted_at\\\":null},{\\\"id\\\":10,\\\"user_id\\\":0,\\\"descripcion\\\":\\\"Compras de Bienes en el Exterior\\\",\\\"total\\\":0,\\\"habilitado\\\":1,\\\"created_at\\\":null,\\\"updated_at\\\":null,\\\"deleted_at\\\":null},{\\\"id\\\":11,\\\"user_id\\\":0,\\\"descripcion\\\":\\\"Compras de Servicios en el exterior - Impuesto ingresado a trav\\u00e9s de entidades Financieras\\\",\\\"total\\\":0,\\\"habilitado\\\":1,\\\"created_at\\\":null,\\\"updated_at\\\":null,\\\"deleted_at\\\":null},{\\\"id\\\":12,\\\"user_id\\\":0,\\\"descripcion\\\":\\\"Compras de Servicios en el exterior - Impuesto ingresado por el responsable\\\",\\\"total\\\":0,\\\"habilitado\\\":1,\\\"created_at\\\":null,\\\"updated_at\\\":null,\\\"deleted_at\\\":null},{\\\"id\\\":13,\\\"user_id\\\":0,\\\"descripcion\\\":\\\"Locaciones o prestaciones gravadas en el pa\\u00eds realizadas por sujetos del exterior - Impuesto ingresado a trav\\u00e9s de entidades Financieras\\\",\\\"total\\\":0,\\\"habilitado\\\":1,\\\"created_at\\\":null,\\\"updated_at\\\":null,\\\"deleted_at\\\":null},{\\\"id\\\":14,\\\"user_id\\\":0,\\\"descripcion\\\":\\\"R\\u00e9gimen especial de compensaci\\u00f3n para la estabilizaci\\u00f3n de precios - Emergencia alimentaria - Ley 27.519\\\",\\\"total\\\":0,\\\"habilitado\\\":1,\\\"created_at\\\":null,\\\"updated_at\\\":null,\\\"deleted_at\\\":null}],\\\"origenes_ventas\\\":{\\\"0\\\":{\\\"id\\\":1,\\\"type\\\":1,\\\"ordr\\\":1,\\\"total\\\":\\\"0.00\\\",\\\"descripcion\\\":\\\"Operaciones con Responsables Inscriptos\\\",\\\"habilitado\\\":1,\\\"created_at\\\":null,\\\"updated_at\\\":null,\\\"deleted_at\\\":null},\\\"1\\\":{\\\"id\\\":2,\\\"type\\\":1,\\\"ordr\\\":2,\\\"total\\\":\\\"0.00\\\",\\\"descripcion\\\":\\\"Operaciones con Consumidores finales, Exentos y No alcanzados\\\",\\\"habilitado\\\":1,\\\"created_at\\\":null,\\\"updated_at\\\":null,\\\"deleted_at\\\":null},\\\"2\\\":{\\\"id\\\":3,\\\"type\\\":1,\\\"ordr\\\":3,\\\"total\\\":\\\"0.00\\\",\\\"descripcion\\\":\\\"Operaciones no gravadas y exentas\\\",\\\"habilitado\\\":1,\\\"created_at\\\":null,\\\"updated_at\\\":null,\\\"deleted_at\\\":null},\\\"3\\\":{\\\"id\\\":4,\\\"type\\\":1,\\\"ordr\\\":4,\\\"total\\\":\\\"0.00\\\",\\\"descripcion\\\":\\\"Credito fiscal a restituir\\\",\\\"habilitado\\\":1,\\\"created_at\\\":null,\\\"updated_at\\\":null,\\\"deleted_at\\\":null},\\\"7\\\":{\\\"id\\\":8,\\\"type\\\":1,\\\"ordr\\\":8,\\\"total\\\":\\\"0.00\\\",\\\"descripcion\\\":\\\"Operaciones con Monotributistas - Regimen Simmplificado\\\",\\\"habilitado\\\":1,\\\"created_at\\\":\\\"2022-08-17T23:42:30.000000Z\\\",\\\"updated_at\\\":\\\"2022-08-17T23:42:30.000000Z\\\",\\\"deleted_at\\\":null}},\\\"origenes_compras\\\":{\\\"4\\\":{\\\"id\\\":5,\\\"type\\\":2,\\\"ordr\\\":5,\\\"total\\\":\\\"0.00\\\",\\\"descripcion\\\":\\\"Debito fiscal a restituir\\\",\\\"habilitado\\\":1,\\\"created_at\\\":null,\\\"updated_at\\\":null,\\\"deleted_at\\\":null},\\\"5\\\":{\\\"id\\\":6,\\\"type\\\":2,\\\"ordr\\\":6,\\\"total\\\":\\\"0.00\\\",\\\"descripcion\\\":\\\"Total Credito Fiscal\\\",\\\"habilitado\\\":1,\\\"created_at\\\":null,\\\"updated_at\\\":null,\\\"deleted_at\\\":null},\\\"6\\\":{\\\"id\\\":7,\\\"type\\\":2,\\\"ordr\\\":7,\\\"total\\\":\\\"0.00\\\",\\\"descripcion\\\":\\\"Total Operaciones que no Generan Credito Fiscal\\\",\\\"habilitado\\\":1,\\\"created_at\\\":null,\\\"updated_at\\\":null,\\\"deleted_at\\\":null}},\\\"settle\\\":{\\\"id\\\":110,\\\"user_id\\\":7566,\\\"apply_to\\\":\\\"iva\\\",\\\"period_id\\\":1524,\\\"person_id\\\":40720,\\\"status\\\":1,\\\"auxiliar_id\\\":null,\\\"deleted_at\\\":null,\\\"files_relations\\\":[],\\\"period\\\":{\\\"id\\\":1524,\\\"user_id\\\":null,\\\"code\\\":\\\"2022-07\\\",\\\"year\\\":2022,\\\"period_number\\\":7,\\\"date_from\\\":\\\"2022-07-01\\\",\\\"date_to\\\":\\\"2022-07-31\\\",\\\"created_at\\\":null,\\\"updated_at\\\":null,\\\"person_id\\\":40720,\\\"conta_status\\\":0,\\\"deleted_at\\\":null,\\\"syj_periods_status_id\\\":1,\\\"syj_sin_asiento\\\":0,\\\"syj_asiento_modificado\\\":0,\\\"syj_periods_status_emp_dom_id\\\":1},\\\"period_liquidation_i_v_a\\\":{\\\"id\\\":57,\\\"user_id\\\":7566,\\\"period_liquidation_id\\\":110,\\\"period_id\\\":1524,\\\"person_id\\\":40720,\\\"total_debit\\\":\\\"76514.03\\\",\\\"total_debito_mis_comp\\\":\\\"0.00\\\",\\\"total_credit\\\":\\\"37327.01\\\",\\\"credito_fiscal_comp\\\":\\\"0.00\\\",\\\"total_credito_mis_comp\\\":\\\"0.00\\\",\\\"previous_technical\\\":\\\"0.00\\\",\\\"technical_balance\\\":\\\"-39187.02\\\",\\\"previous_free_availability\\\":\\\"0.00\\\",\\\"retention_amount\\\":\\\"17642.76\\\",\\\"perception_amount\\\":\\\"1959.69\\\",\\\"compensation_amount\\\":\\\"0.00\\\",\\\"total_perceptions_retentions\\\":\\\"19602.45\\\",\\\"free_availability_balance\\\":\\\"19602.45\\\",\\\"pago_a_cuenta\\\":\\\"0.00\\\",\\\"negative_amount\\\":\\\"19584.57\\\",\\\"positive_amount\\\":\\\"0.00\\\",\\\"total_free_availability\\\":\\\"0.00\\\",\\\"saldo_pago_a_cuenta\\\":\\\"0.00\\\",\\\"comentarios\\\":null,\\\"created_at\\\":\\\"2022-08-22T22:25:47.000000Z\\\",\\\"updated_at\\\":\\\"2022-08-22T22:25:47.000000Z\\\",\\\"deleted_at\\\":null}},\\\"details\\\":[{\\\"id\\\":13783,\\\"user_id\\\":7566,\\\"period_liquidation_id\\\":110,\\\"period_liquidation_iva_id\\\":57,\\\"period_id\\\":1524,\\\"person_id\\\":40720,\\\"activity_id\\\":784,\\\"iva_creditos_tipo_id\\\":1,\\\"type\\\":1,\\\"tax_id\\\":3,\\\"taxabled_amount\\\":\\\"0.00\\\",\\\"iva_amount\\\":\\\"0.00\\\",\\\"created_at\\\":\\\"2022-08-22T22:25:47.000000Z\\\",\\\"updated_at\\\":\\\"2022-08-22T22:25:47.000000Z\\\",\\\"ordr\\\":1,\\\"deleted_at\\\":null,\\\"base\\\":\\\"0.00\\\",\\\"system_taxes\\\":{\\\"id\\\":3,\\\"created_at\\\":null,\\\"updated_at\\\":\\\"2020-04-16T13:33:23.000000Z\\\",\\\"name\\\":\\\"gravado al 27%\\\",\\\"apply_to\\\":\\\"iva\\\",\\\"ammount_permited\\\":1,\\\"percent_iva\\\":\\\"27.00\\\",\\\"taxable_iibb\\\":1,\\\"taxable_iva\\\":1,\\\"code\\\":6,\\\"status\\\":1,\\\"afip_alicuota_id\\\":6,\\\"plan_cuenta_id\\\":96,\\\"code_citi_alic_iva\\\":6}},{\\\"id\\\":13784,\\\"user_id\\\":7566,\\\"period_liquidation_id\\\":110,\\\"period_liquidation_iva_id\\\":57,\\\"period_id\\\":1524,\\\"person_id\\\":40720,\\\"activity_id\\\":784,\\\"iva_creditos_tipo_id\\\":1,\\\"type\\\":1,\\\"tax_id\\\":2,\\\"taxabled_amount\\\":\\\"364352.51\\\",\\\"iva_amount\\\":\\\"76514.03\\\",\\\"created_at\\\":\\\"2022-08-22T22:25:47.000000Z\\\",\\\"updated_at\\\":\\\"2022-08-22T22:25:47.000000Z\\\",\\\"ordr\\\":1,\\\"deleted_at\\\":null,\\\"base\\\":\\\"364352.51\\\",\\\"system_taxes\\\":{\\\"id\\\":2,\\\"created_at\\\":null,\\\"updated_at\\\":\\\"2020-04-16T13:33:23.000000Z\\\",\\\"name\\\":\\\"gravado al 21%\\\",\\\"apply_to\\\":\\\"iva\\\",\\\"ammount_permited\\\":1,\\\"percent_iva\\\":\\\"21.00\\\",\\\"taxable_iibb\\\":1,\\\"taxable_iva\\\":1,\\\"code\\\":5,\\\"status\\\":1,\\\"afip_alicuota_id\\\":5,\\\"plan_cuenta_id\\\":96,\\\"code_citi_alic_iva\\\":5}},{\\\"id\\\":13785,\\\"user_id\\\":7566,\\\"period_liquidation_id\\\":110,\\\"period_liquidation_iva_id\\\":57,\\\"period_id\\\":1524,\\\"person_id\\\":40720,\\\"activity_id\\\":784,\\\"iva_creditos_tipo_id\\\":1,\\\"type\\\":1,\\\"tax_id\\\":1,\\\"taxabled_amount\\\":\\\"0.00\\\",\\\"iva_amount\\\":\\\"0.00\\\",\\\"created_at\\\":\\\"2022-08-22T22:25:47.000000Z\\\",\\\"updated_at\\\":\\\"2022-08-22T22:25:47.000000Z\\\",\\\"ordr\\\":1,\\\"deleted_at\\\":null,\\\"base\\\":\\\"0.00\\\",\\\"system_taxes\\\":{\\\"id\\\":1,\\\"created_at\\\":null,\\\"updated_at\\\":\\\"2020-04-16T13:33:23.000000Z\\\",\\\"name\\\":\\\"gravado al 10,5%\\\",\\\"apply_to\\\":\\\"iva\\\",\\\"ammount_permited\\\":1,\\\"percent_iva\\\":\\\"10.50\\\",\\\"taxable_iibb\\\":1,\\\"taxable_iva\\\":1,\\\"code\\\":4,\\\"status\\\":1,\\\"afip_alicuota_id\\\":4,\\\"plan_cuenta_id\\\":96,\\\"code_citi_alic_iva\\\":4}},{\\\"id\\\":13786,\\\"user_id\\\":7566,\\\"period_liquidation_id\\\":110,\\\"period_liquidation_iva_id\\\":57,\\\"period_id\\\":1524,\\\"person_id\\\":40720,\\\"activity_id\\\":784,\\\"iva_creditos_tipo_id\\\":1,\\\"type\\\":1,\\\"tax_id\\\":5,\\\"taxabled_amount\\\":\\\"0.00\\\",\\\"iva_amount\\\":\\\"0.00\\\",\\\"created_at\\\":\\\"2022-08-22T22:25:47.000000Z\\\",\\\"updated_at\\\":\\\"2022-08-22T22:25:47.000000Z\\\",\\\"ordr\\\":1,\\\"deleted_at\\\":null,\\\"base\\\":\\\"0.00\\\",\\\"system_taxes\\\":{\\\"id\\\":5,\\\"created_at\\\":null,\\\"updated_at\\\":\\\"2020-04-16T13:33:23.000000Z\\\",\\\"name\\\":\\\"gravado al 5%\\\",\\\"apply_to\\\":\\\"iva\\\",\\\"ammount_permited\\\":1,\\\"percent_iva\\\":\\\"5.00\\\",\\\"taxable_iibb\\\":1,\\\"taxable_iva\\\":1,\\\"code\\\":8,\\\"status\\\":1,\\\"afip_alicuota_id\\\":8,\\\"plan_cuenta_id\\\":96,\\\"code_citi_alic_iva\\\":8}},{\\\"id\\\":13787,\\\"user_id\\\":7566,\\\"period_liquidation_id\\\":110,\\\"period_liquidation_iva_id\\\":57,\\\"period_id\\\":1524,\\\"person_id\\\":40720,\\\"activity_id\\\":784,\\\"iva_creditos_tipo_id\\\":1,\\\"type\\\":1,\\\"tax_id\\\":4,\\\"taxabled_amount\\\":\\\"0.00\\\",\\\"iva_amount\\\":\\\"0.00\\\",\\\"created_at\\\":\\\"2022-08-22T22:25:47.000000Z\\\",\\\"updated_at\\\":\\\"2022-08-22T22:25:47.000000Z\\\",\\\"ordr\\\":1,\\\"deleted_at\\\":null,\\\"base\\\":\\\"0.00\\\",\\\"system_taxes\\\":{\\\"id\\\":4,\\\"created_at\\\":null,\\\"updated_at\\\":\\\"2020-04-16T13:33:23.000000Z\\\",\\\"name\\\":\\\"gravado al 2,5%\\\",\\\"apply_to\\\":\\\"iva\\\",\\\"ammount_permited\\\":1,\\\"percent_iva\\\":\\\"2.50\\\",\\\"taxable_iibb\\\":1,\\\"taxable_iva\\\":1,\\\"code\\\":9,\\\"status\\\":1,\\\"afip_alicuota_id\\\":9,\\\"plan_cuenta_id\\\":96,\\\"code_citi_alic_iva\\\":9}},{\\\"id\\\":13788,\\\"user_id\\\":7566,\\\"period_liquidation_id\\\":110,\\\"period_liquidation_iva_id\\\":57,\\\"period_id\\\":1524,\\\"person_id\\\":40720,\\\"activity_id\\\":784,\\\"iva_creditos_tipo_id\\\":1,\\\"type\\\":1,\\\"tax_id\\\":8,\\\"taxabled_amount\\\":\\\"0.00\\\",\\\"iva_amount\\\":\\\"0.00\\\",\\\"created_at\\\":\\\"2022-08-22T22:25:47.000000Z\\\",\\\"updated_at\\\":\\\"2022-08-22T22:25:47.000000Z\\\",\\\"ordr\\\":1,\\\"deleted_at\\\":null,\\\"base\\\":\\\"0.00\\\",\\\"system_taxes\\\":{\\\"id\\\":8,\\\"created_at\\\":null,\\\"updated_at\\\":\\\"2020-04-16T13:33:23.000000Z\\\",\\\"name\\\":\\\"Exento\\\",\\\"apply_to\\\":\\\"iva\\\",\\\"ammount_permited\\\":1,\\\"percent_iva\\\":\\\"0.00\\\",\\\"taxable_iibb\\\":1,\\\"taxable_iva\\\":1,\\\"code\\\":2,\\\"status\\\":1,\\\"afip_alicuota_id\\\":2,\\\"plan_cuenta_id\\\":218,\\\"code_citi_alic_iva\\\":3}},{\\\"id\\\":13789,\\\"user_id\\\":7566,\\\"period_liquidation_id\\\":110,\\\"period_liquidation_iva_id\\\":57,\\\"period_id\\\":1524,\\\"person_id\\\":40720,\\\"activity_id\\\":784,\\\"iva_creditos_tipo_id\\\":1,\\\"type\\\":1,\\\"tax_id\\\":3,\\\"taxabled_amount\\\":\\\"0.00\\\",\\\"iva_amount\\\":\\\"0.00\\\",\\\"created_at\\\":\\\"2022-08-22T22:25:47.000000Z\\\",\\\"updated_at\\\":\\\"2022-08-22T22:25:47.000000Z\\\",\\\"ordr\\\":2,\\\"deleted_at\\\":null,\\\"base\\\":0,\\\"system_taxes\\\":{\\\"id\\\":3,\\\"created_at\\\":null,\\\"updated_at\\\":\\\"2020-04-16T13:33:23.000000Z\\\",\\\"name\\\":\\\"gravado al 27%\\\",\\\"apply_to\\\":\\\"iva\\\",\\\"ammount_permited\\\":1,\\\"percent_iva\\\":\\\"27.00\\\",\\\"taxable_iibb\\\":1,\\\"taxable_iva\\\":1,\\\"code\\\":6,\\\"status\\\":1,\\\"afip_alicuota_id\\\":6,\\\"plan_cuenta_id\\\":96,\\\"code_citi_alic_iva\\\":6}},{\\\"id\\\":13790,\\\"user_id\\\":7566,\\\"period_liquidation_id\\\":110,\\\"period_liquidation_iva_id\\\":57,\\\"period_id\\\":1524,\\\"person_id\\\":40720,\\\"activity_id\\\":784,\\\"iva_creditos_tipo_id\\\":1,\\\"type\\\":1,\\\"tax_id\\\":2,\\\"taxabled_amount\\\":\\\"0.00\\\",\\\"iva_amount\\\":\\\"0.00\\\",\\\"created_at\\\":\\\"2022-08-22T22:25:47.000000Z\\\",\\\"updated_at\\\":\\\"2022-08-22T22:25:47.000000Z\\\",\\\"ordr\\\":2,\\\"deleted_at\\\":null,\\\"base\\\":0,\\\"system_taxes\\\":{\\\"id\\\":2,\\\"created_at\\\":null,\\\"updated_at\\\":\\\"2020-04-16T13:33:23.000000Z\\\",\\\"name\\\":\\\"gravado al 21%\\\",\\\"apply_to\\\":\\\"iva\\\",\\\"ammount_permited\\\":1,\\\"percent_iva\\\":\\\"21.00\\\",\\\"taxable_iibb\\\":1,\\\"taxable_iva\\\":1,\\\"code\\\":5,\\\"status\\\":1,\\\"afip_alicuota_id\\\":5,\\\"plan_cuenta_id\\\":96,\\\"code_citi_alic_iva\\\":5}},{\\\"id\\\":13791,\\\"user_id\\\":7566,\\\"period_liquidation_id\\\":110,\\\"period_liquidation_iva_id\\\":57,\\\"period_id\\\":1524,\\\"person_id\\\":40720,\\\"activity_id\\\":784,\\\"iva_creditos_tipo_id\\\":1,\\\"type\\\":1,\\\"tax_id\\\":1,\\\"taxabled_amount\\\":\\\"0.00\\\",\\\"iva_amount\\\":\\\"0.00\\\",\\\"created_at\\\":\\\"2022-08-22T22:25:47.000000Z\\\",\\\"updated_at\\\":\\\"2022-08-22T22:25:47.000000Z\\\",\\\"ordr\\\":2,\\\"deleted_at\\\":null,\\\"base\\\":0,\\\"system_taxes\\\":{\\\"id\\\":1,\\\"created_at\\\":null,\\\"updated_at\\\":\\\"2020-04-16T13:33:23.000000Z\\\",\\\"name\\\":\\\"gravado al 10,5%\\\",\\\"apply_to\\\":\\\"iva\\\",\\\"ammount_permited\\\":1,\\\"percent_iva\\\":\\\"10.50\\\",\\\"taxable_iibb\\\":1,\\\"taxable_iva\\\":1,\\\"code\\\":4,\\\"status\\\":1,\\\"afip_alicuota_id\\\":4,\\\"plan_cuenta_id\\\":96,\\\"code_citi_alic_iva\\\":4}},{\\\"id\\\":13792,\\\"user_id\\\":7566,\\\"period_liquidation_id\\\":110,\\\"period_liquidation_iva_id\\\":57,\\\"period_id\\\":1524,\\\"person_id\\\":40720,\\\"activity_id\\\":784,\\\"iva_creditos_tipo_id\\\":1,\\\"type\\\":1,\\\"tax_id\\\":5,\\\"taxabled_amount\\\":\\\"0.00\\\",\\\"iva_amount\\\":\\\"0.00\\\",\\\"created_at\\\":\\\"2022-08-22T22:25:47.000000Z\\\",\\\"updated_at\\\":\\\"2022-08-22T22:25:47.000000Z\\\",\\\"ordr\\\":2,\\\"deleted_at\\\":null,\\\"base\\\":0,\\\"system_taxes\\\":{\\\"id\\\":5,\\\"created_at\\\":null,\\\"updated_at\\\":\\\"2020-04-16T13:33:23.000000Z\\\",\\\"name\\\":\\\"gravado al 5%\\\",\\\"apply_to\\\":\\\"iva\\\",\\\"ammount_permited\\\":1,\\\"percent_iva\\\":\\\"5.00\\\",\\\"taxable_iibb\\\":1,\\\"taxable_iva\\\":1,\\\"code\\\":8,\\\"status\\\":1,\\\"afip_alicuota_id\\\":8,\\\"plan_cuenta_id\\\":96,\\\"code_citi_alic_iva\\\":8}},{\\\"id\\\":13793,\\\"user_id\\\":7566,\\\"period_liquidation_id\\\":110,\\\"period_liquidation_iva_id\\\":57,\\\"period_id\\\":1524,\\\"person_id\\\":40720,\\\"activity_id\\\":784,\\\"iva_creditos_tipo_id\\\":1,\\\"type\\\":1,\\\"tax_id\\\":4,\\\"taxabled_amount\\\":\\\"0.00\\\",\\\"iva_amount\\\":\\\"0.00\\\",\\\"created_at\\\":\\\"2022-08-22T22:25:47.000000Z\\\",\\\"updated_at\\\":\\\"2022-08-22T22:25:47.000000Z\\\",\\\"ordr\\\":2,\\\"deleted_at\\\":null,\\\"base\\\":0,\\\"system_taxes\\\":{\\\"id\\\":4,\\\"created_at\\\":null,\\\"updated_at\\\":\\\"2020-04-16T13:33:23.000000Z\\\",\\\"name\\\":\\\"gravado al 2,5%\\\",\\\"apply_to\\\":\\\"iva\\\",\\\"ammount_permited\\\":1,\\\"percent_iva\\\":\\\"2.50\\\",\\\"taxable_iibb\\\":1,\\\"taxable_iva\\\":1,\\\"code\\\":9,\\\"status\\\":1,\\\"afip_alicuota_id\\\":9,\\\"plan_cuenta_id\\\":96,\\\"code_citi_alic_iva\\\":9}},{\\\"id\\\":13794,\\\"user_id\\\":7566,\\\"period_liquidation_id\\\":110,\\\"period_liquidation_iva_id\\\":57,\\\"period_id\\\":1524,\\\"person_id\\\":40720,\\\"activity_id\\\":784,\\\"iva_creditos_tipo_id\\\":1,\\\"type\\\":1,\\\"tax_id\\\":8,\\\"taxabled_amount\\\":\\\"0.00\\\",\\\"iva_amount\\\":\\\"0.00\\\",\\\"created_at\\\":\\\"2022-08-22T22:25:47.000000Z\\\",\\\"updated_at\\\":\\\"2022-08-22T22:25:47.000000Z\\\",\\\"ordr\\\":2,\\\"deleted_at\\\":null,\\\"base\\\":0,\\\"system_taxes\\\":{\\\"id\\\":8,\\\"created_at\\\":null,\\\"updated_at\\\":\\\"2020-04-16T13:33:23.000000Z\\\",\\\"name\\\":\\\"Exento\\\",\\\"apply_to\\\":\\\"iva\\\",\\\"ammount_permited\\\":1,\\\"percent_iva\\\":\\\"0.00\\\",\\\"taxable_iibb\\\":1,\\\"taxable_iva\\\":1,\\\"code\\\":2,\\\"status\\\":1,\\\"afip_alicuota_id\\\":2,\\\"plan_cuenta_id\\\":218,\\\"code_citi_alic_iva\\\":3}},{\\\"id\\\":13795,\\\"user_id\\\":7566,\\\"period_liquidation_id\\\":110,\\\"period_liquidation_iva_id\\\":57,\\\"period_id\\\":1524,\\\"person_id\\\":40720,\\\"activity_id\\\":784,\\\"iva_creditos_tipo_id\\\":1,\\\"type\\\":1,\\\"tax_id\\\":6,\\\"taxabled_amount\\\":\\\"0.00\\\",\\\"iva_amount\\\":\\\"0.00\\\",\\\"created_at\\\":\\\"2022-08-22T22:25:47.000000Z\\\",\\\"updated_at\\\":\\\"2022-08-22T22:25:47.000000Z\\\",\\\"ordr\\\":3,\\\"deleted_at\\\":null,\\\"base\\\":\\\"0.00\\\",\\\"system_taxes\\\":{\\\"id\\\":6,\\\"created_at\\\":null,\\\"updated_at\\\":\\\"2020-04-16T13:33:23.000000Z\\\",\\\"name\\\":\\\"gravado al 0%\\\",\\\"apply_to\\\":\\\"iva\\\",\\\"ammount_permited\\\":1,\\\"percent_iva\\\":\\\"0.00\\\",\\\"taxable_iibb\\\":1,\\\"taxable_iva\\\":1,\\\"code\\\":3,\\\"status\\\":1,\\\"afip_alicuota_id\\\":3,\\\"plan_cuenta_id\\\":218,\\\"code_citi_alic_iva\\\":3}},{\\\"id\\\":13796,\\\"user_id\\\":7566,\\\"period_liquidation_id\\\":110,\\\"period_liquidation_iva_id\\\":57,\\\"period_id\\\":1524,\\\"person_id\\\":40720,\\\"activity_id\\\":784,\\\"iva_creditos_tipo_id\\\":1,\\\"type\\\":1,\\\"tax_id\\\":7,\\\"taxabled_amount\\\":\\\"0.00\\\",\\\"iva_amount\\\":\\\"0.00\\\",\\\"created_at\\\":\\\"2022-08-22T22:25:47.000000Z\\\",\\\"updated_at\\\":\\\"2022-08-22T22:25:47.000000Z\\\",\\\"ordr\\\":3,\\\"deleted_at\\\":null,\\\"base\\\":\\\"0.00\\\",\\\"system_taxes\\\":{\\\"id\\\":7,\\\"created_at\\\":null,\\\"updated_at\\\":\\\"2020-04-16T13:33:23.000000Z\\\",\\\"name\\\":\\\"no gravado\\\",\\\"apply_to\\\":\\\"iva\\\",\\\"ammount_permited\\\":1,\\\"percent_iva\\\":\\\"0.00\\\",\\\"taxable_iibb\\\":1,\\\"taxable_iva\\\":1,\\\"code\\\":1,\\\"status\\\":1,\\\"afip_alicuota_id\\\":1,\\\"plan_cuenta_id\\\":218,\\\"code_citi_alic_iva\\\":3}},{\\\"id\\\":13797,\\\"user_id\\\":7566,\\\"period_liquidation_id\\\":110,\\\"period_liquidation_iva_id\\\":57,\\\"period_id\\\":1524,\\\"person_id\\\":40720,\\\"activity_id\\\":784,\\\"iva_creditos_tipo_id\\\":1,\\\"type\\\":1,\\\"tax_id\\\":3,\\\"taxabled_amount\\\":\\\"0.00\\\",\\\"iva_amount\\\":\\\"0.00\\\",\\\"created_at\\\":\\\"2022-08-22T22:25:47.000000Z\\\",\\\"updated_at\\\":\\\"2022-08-22T22:25:47.000000Z\\\",\\\"ordr\\\":4,\\\"deleted_at\\\":null,\\\"base\\\":\\\"0.00\\\",\\\"system_taxes\\\":{\\\"id\\\":3,\\\"created_at\\\":null,\\\"updated_at\\\":\\\"2020-04-16T13:33:23.000000Z\\\",\\\"name\\\":\\\"gravado al 27%\\\",\\\"apply_to\\\":\\\"iva\\\",\\\"ammount_permited\\\":1,\\\"percent_iva\\\":\\\"27.00\\\",\\\"taxable_iibb\\\":1,\\\"taxable_iva\\\":1,\\\"code\\\":6,\\\"status\\\":1,\\\"afip_alicuota_id\\\":6,\\\"plan_cuenta_id\\\":96,\\\"code_citi_alic_iva\\\":6}},{\\\"id\\\":13798,\\\"user_id\\\":7566,\\\"period_liquidation_id\\\":110,\\\"period_liquidation_iva_id\\\":57,\\\"period_id\\\":1524,\\\"person_id\\\":40720,\\\"activity_id\\\":784,\\\"iva_creditos_tipo_id\\\":1,\\\"type\\\":1,\\\"tax_id\\\":2,\\\"taxabled_amount\\\":\\\"0.00\\\",\\\"iva_amount\\\":\\\"0.00\\\",\\\"created_at\\\":\\\"2022-08-22T22:25:47.000000Z\\\",\\\"updated_at\\\":\\\"2022-08-22T22:25:47.000000Z\\\",\\\"ordr\\\":4,\\\"deleted_at\\\":null,\\\"base\\\":\\\"0.00\\\",\\\"system_taxes\\\":{\\\"id\\\":2,\\\"created_at\\\":null,\\\"updated_at\\\":\\\"2020-04-16T13:33:23.000000Z\\\",\\\"name\\\":\\\"gravado al 21%\\\",\\\"apply_to\\\":\\\"iva\\\",\\\"ammount_permited\\\":1,\\\"percent_iva\\\":\\\"21.00\\\",\\\"taxable_iibb\\\":1,\\\"taxable_iva\\\":1,\\\"code\\\":5,\\\"status\\\":1,\\\"afip_alicuota_id\\\":5,\\\"plan_cuenta_id\\\":96,\\\"code_citi_alic_iva\\\":5}},{\\\"id\\\":13799,\\\"user_id\\\":7566,\\\"period_liquidation_id\\\":110,\\\"period_liquidation_iva_id\\\":57,\\\"period_id\\\":1524,\\\"person_id\\\":40720,\\\"activity_id\\\":784,\\\"iva_creditos_tipo_id\\\":1,\\\"type\\\":1,\\\"tax_id\\\":1,\\\"taxabled_amount\\\":\\\"0.00\\\",\\\"iva_amount\\\":\\\"0.00\\\",\\\"created_at\\\":\\\"2022-08-22T22:25:47.000000Z\\\",\\\"updated_at\\\":\\\"2022-08-22T22:25:47.000000Z\\\",\\\"ordr\\\":4,\\\"deleted_at\\\":null,\\\"base\\\":\\\"0.00\\\",\\\"system_taxes\\\":{\\\"id\\\":1,\\\"created_at\\\":null,\\\"updated_at\\\":\\\"2020-04-16T13:33:23.000000Z\\\",\\\"name\\\":\\\"gravado al 10,5%\\\",\\\"apply_to\\\":\\\"iva\\\",\\\"ammount_permited\\\":1,\\\"percent_iva\\\":\\\"10.50\\\",\\\"taxable_iibb\\\":1,\\\"taxable_iva\\\":1,\\\"code\\\":4,\\\"status\\\":1,\\\"afip_alicuota_id\\\":4,\\\"plan_cuenta_id\\\":96,\\\"code_citi_alic_iva\\\":4}},{\\\"id\\\":13800,\\\"user_id\\\":7566,\\\"period_liquidation_id\\\":110,\\\"period_liquidation_iva_id\\\":57,\\\"period_id\\\":1524,\\\"person_id\\\":40720,\\\"activity_id\\\":784,\\\"iva_creditos_tipo_id\\\":1,\\\"type\\\":1,\\\"tax_id\\\":5,\\\"taxabled_amount\\\":\\\"0.00\\\",\\\"iva_amount\\\":\\\"0.00\\\",\\\"created_at\\\":\\\"2022-08-22T22:25:47.000000Z\\\",\\\"updated_at\\\":\\\"2022-08-22T22:25:47.000000Z\\\",\\\"ordr\\\":4,\\\"deleted_at\\\":null,\\\"base\\\":\\\"0.00\\\",\\\"system_taxes\\\":{\\\"id\\\":5,\\\"created_at\\\":null,\\\"updated_at\\\":\\\"2020-04-16T13:33:23.000000Z\\\",\\\"name\\\":\\\"gravado al 5%\\\",\\\"apply_to\\\":\\\"iva\\\",\\\"ammount_permited\\\":1,\\\"percent_iva\\\":\\\"5.00\\\",\\\"taxable_iibb\\\":1,\\\"taxable_iva\\\":1,\\\"code\\\":8,\\\"status\\\":1,\\\"afip_alicuota_id\\\":8,\\\"plan_cuenta_id\\\":96,\\\"code_citi_alic_iva\\\":8}},{\\\"id\\\":13801,\\\"user_id\\\":7566,\\\"period_liquidation_id\\\":110,\\\"period_liquidation_iva_id\\\":57,\\\"period_id\\\":1524,\\\"person_id\\\":40720,\\\"activity_id\\\":784,\\\"iva_creditos_tipo_id\\\":1,\\\"type\\\":1,\\\"tax_id\\\":4,\\\"taxabled_amount\\\":\\\"0.00\\\",\\\"iva_amount\\\":\\\"0.00\\\",\\\"created_at\\\":\\\"2022-08-22T22:25:47.000000Z\\\",\\\"updated_at\\\":\\\"2022-08-22T22:25:47.000000Z\\\",\\\"ordr\\\":4,\\\"deleted_at\\\":null,\\\"base\\\":\\\"0.00\\\",\\\"system_taxes\\\":{\\\"id\\\":4,\\\"created_at\\\":null,\\\"updated_at\\\":\\\"2020-04-16T13:33:23.000000Z\\\",\\\"name\\\":\\\"gravado al 2,5%\\\",\\\"apply_to\\\":\\\"iva\\\",\\\"ammount_permited\\\":1,\\\"percent_iva\\\":\\\"2.50\\\",\\\"taxable_iibb\\\":1,\\\"taxable_iva\\\":1,\\\"code\\\":9,\\\"status\\\":1,\\\"afip_alicuota_id\\\":9,\\\"plan_cuenta_id\\\":96,\\\"code_citi_alic_iva\\\":9}},{\\\"id\\\":13802,\\\"user_id\\\":7566,\\\"period_liquidation_id\\\":110,\\\"period_liquidation_iva_id\\\":57,\\\"period_id\\\":1524,\\\"person_id\\\":40720,\\\"activity_id\\\":784,\\\"iva_creditos_tipo_id\\\":1,\\\"type\\\":1,\\\"tax_id\\\":6,\\\"taxabled_amount\\\":\\\"0.00\\\",\\\"iva_amount\\\":\\\"0.00\\\",\\\"created_at\\\":\\\"2022-08-22T22:25:47.000000Z\\\",\\\"updated_at\\\":\\\"2022-08-22T22:25:47.000000Z\\\",\\\"ordr\\\":4,\\\"deleted_at\\\":null,\\\"base\\\":\\\"0.00\\\",\\\"system_taxes\\\":{\\\"id\\\":6,\\\"created_at\\\":null,\\\"updated_at\\\":\\\"2020-04-16T13:33:23.000000Z\\\",\\\"name\\\":\\\"gravado al 0%\\\",\\\"apply_to\\\":\\\"iva\\\",\\\"ammount_permited\\\":1,\\\"percent_iva\\\":\\\"0.00\\\",\\\"taxable_iibb\\\":1,\\\"taxable_iva\\\":1,\\\"code\\\":3,\\\"status\\\":1,\\\"afip_alicuota_id\\\":3,\\\"plan_cuenta_id\\\":218,\\\"code_citi_alic_iva\\\":3}},{\\\"id\\\":13803,\\\"user_id\\\":7566,\\\"period_liquidation_id\\\":110,\\\"period_liquidation_iva_id\\\":57,\\\"period_id\\\":1524,\\\"person_id\\\":40720,\\\"activity_id\\\":784,\\\"iva_creditos_tipo_id\\\":1,\\\"type\\\":1,\\\"tax_id\\\":7,\\\"taxabled_amount\\\":\\\"0.00\\\",\\\"iva_amount\\\":\\\"0.00\\\",\\\"created_at\\\":\\\"2022-08-22T22:25:47.000000Z\\\",\\\"updated_at\\\":\\\"2022-08-22T22:25:47.000000Z\\\",\\\"ordr\\\":4,\\\"deleted_at\\\":null,\\\"base\\\":\\\"0.00\\\",\\\"system_taxes\\\":{\\\"id\\\":7,\\\"created_at\\\":null,\\\"updated_at\\\":\\\"2020-04-16T13:33:23.000000Z\\\",\\\"name\\\":\\\"no gravado\\\",\\\"apply_to\\\":\\\"iva\\\",\\\"ammount_permited\\\":1,\\\"percent_iva\\\":\\\"0.00\\\",\\\"taxable_iibb\\\":1,\\\"taxable_iva\\\":1,\\\"code\\\":1,\\\"status\\\":1,\\\"afip_alicuota_id\\\":1,\\\"plan_cuenta_id\\\":218,\\\"code_citi_alic_iva\\\":3}},{\\\"id\\\":13804,\\\"user_id\\\":7566,\\\"period_liquidation_id\\\":110,\\\"period_liquidation_iva_id\\\":57,\\\"period_id\\\":1524,\\\"person_id\\\":40720,\\\"activity_id\\\":784,\\\"iva_creditos_tipo_id\\\":1,\\\"type\\\":1,\\\"tax_id\\\":8,\\\"taxabled_amount\\\":\\\"0.00\\\",\\\"iva_amount\\\":\\\"0.00\\\",\\\"created_at\\\":\\\"2022-08-22T22:25:47.000000Z\\\",\\\"updated_at\\\":\\\"2022-08-22T22:25:47.000000Z\\\",\\\"ordr\\\":4,\\\"deleted_at\\\":null,\\\"base\\\":\\\"0.00\\\",\\\"system_taxes\\\":{\\\"id\\\":8,\\\"created_at\\\":null,\\\"updated_at\\\":\\\"2020-04-16T13:33:23.000000Z\\\",\\\"name\\\":\\\"Exento\\\",\\\"apply_to\\\":\\\"iva\\\",\\\"ammount_permited\\\":1,\\\"percent_iva\\\":\\\"0.00\\\",\\\"taxable_iibb\\\":1,\\\"taxable_iva\\\":1,\\\"code\\\":2,\\\"status\\\":1,\\\"afip_alicuota_id\\\":2,\\\"plan_cuenta_id\\\":218,\\\"code_citi_alic_iva\\\":3}},{\\\"id\\\":13805,\\\"user_id\\\":7566,\\\"period_liquidation_id\\\":110,\\\"period_liquidation_iva_id\\\":57,\\\"period_id\\\":1524,\\\"person_id\\\":40720,\\\"activity_id\\\":784,\\\"iva_creditos_tipo_id\\\":1,\\\"type\\\":1,\\\"tax_id\\\":3,\\\"taxabled_amount\\\":\\\"0.00\\\",\\\"iva_amount\\\":\\\"0.00\\\",\\\"created_at\\\":\\\"2022-08-22T22:25:47.000000Z\\\",\\\"updated_at\\\":\\\"2022-08-22T22:25:47.000000Z\\\",\\\"ordr\\\":8,\\\"deleted_at\\\":null,\\\"base\\\":0,\\\"system_taxes\\\":{\\\"id\\\":3,\\\"created_at\\\":null,\\\"updated_at\\\":\\\"2020-04-16T13:33:23.000000Z\\\",\\\"name\\\":\\\"gravado al 27%\\\",\\\"apply_to\\\":\\\"iva\\\",\\\"ammount_permited\\\":1,\\\"percent_iva\\\":\\\"27.00\\\",\\\"taxable_iibb\\\":1,\\\"taxable_iva\\\":1,\\\"code\\\":6,\\\"status\\\":1,\\\"afip_alicuota_id\\\":6,\\\"plan_cuenta_id\\\":96,\\\"code_citi_alic_iva\\\":6}},{\\\"id\\\":13806,\\\"user_id\\\":7566,\\\"period_liquidation_id\\\":110,\\\"period_liquidation_iva_id\\\":57,\\\"period_id\\\":1524,\\\"person_id\\\":40720,\\\"activity_id\\\":784,\\\"iva_creditos_tipo_id\\\":1,\\\"type\\\":1,\\\"tax_id\\\":2,\\\"taxabled_amount\\\":\\\"0.00\\\",\\\"iva_amount\\\":\\\"0.00\\\",\\\"created_at\\\":\\\"2022-08-22T22:25:47.000000Z\\\",\\\"updated_at\\\":\\\"2022-08-22T22:25:47.000000Z\\\",\\\"ordr\\\":8,\\\"deleted_at\\\":null,\\\"base\\\":0,\\\"system_taxes\\\":{\\\"id\\\":2,\\\"created_at\\\":null,\\\"updated_at\\\":\\\"2020-04-16T13:33:23.000000Z\\\",\\\"name\\\":\\\"gravado al 21%\\\",\\\"apply_to\\\":\\\"iva\\\",\\\"ammount_permited\\\":1,\\\"percent_iva\\\":\\\"21.00\\\",\\\"taxable_iibb\\\":1,\\\"taxable_iva\\\":1,\\\"code\\\":5,\\\"status\\\":1,\\\"afip_alicuota_id\\\":5,\\\"plan_cuenta_id\\\":96,\\\"code_citi_alic_iva\\\":5}},{\\\"id\\\":13807,\\\"user_id\\\":7566,\\\"period_liquidation_id\\\":110,\\\"period_liquidation_iva_id\\\":57,\\\"period_id\\\":1524,\\\"person_id\\\":40720,\\\"activity_id\\\":784,\\\"iva_creditos_tipo_id\\\":1,\\\"type\\\":1,\\\"tax_id\\\":1,\\\"taxabled_amount\\\":\\\"0.00\\\",\\\"iva_amount\\\":\\\"0.00\\\",\\\"created_at\\\":\\\"2022-08-22T22:25:47.000000Z\\\",\\\"updated_at\\\":\\\"2022-08-22T22:25:47.000000Z\\\",\\\"ordr\\\":8,\\\"deleted_at\\\":null,\\\"base\\\":0,\\\"system_taxes\\\":{\\\"id\\\":1,\\\"created_at\\\":null,\\\"updated_at\\\":\\\"2020-04-16T13:33:23.000000Z\\\",\\\"name\\\":\\\"gravado al 10,5%\\\",\\\"apply_to\\\":\\\"iva\\\",\\\"ammount_permited\\\":1,\\\"percent_iva\\\":\\\"10.50\\\",\\\"taxable_iibb\\\":1,\\\"taxable_iva\\\":1,\\\"code\\\":4,\\\"status\\\":1,\\\"afip_alicuota_id\\\":4,\\\"plan_cuenta_id\\\":96,\\\"code_citi_alic_iva\\\":4}},{\\\"id\\\":13808,\\\"user_id\\\":7566,\\\"period_liquidation_id\\\":110,\\\"period_liquidation_iva_id\\\":57,\\\"period_id\\\":1524,\\\"person_id\\\":40720,\\\"activity_id\\\":784,\\\"iva_creditos_tipo_id\\\":1,\\\"type\\\":1,\\\"tax_id\\\":5,\\\"taxabled_amount\\\":\\\"0.00\\\",\\\"iva_amount\\\":\\\"0.00\\\",\\\"created_at\\\":\\\"2022-08-22T22:25:47.000000Z\\\",\\\"updated_at\\\":\\\"2022-08-22T22:25:47.000000Z\\\",\\\"ordr\\\":8,\\\"deleted_at\\\":null,\\\"base\\\":0,\\\"system_taxes\\\":{\\\"id\\\":5,\\\"created_at\\\":null,\\\"updated_at\\\":\\\"2020-04-16T13:33:23.000000Z\\\",\\\"name\\\":\\\"gravado al 5%\\\",\\\"apply_to\\\":\\\"iva\\\",\\\"ammount_permited\\\":1,\\\"percent_iva\\\":\\\"5.00\\\",\\\"taxable_iibb\\\":1,\\\"taxable_iva\\\":1,\\\"code\\\":8,\\\"status\\\":1,\\\"afip_alicuota_id\\\":8,\\\"plan_cuenta_id\\\":96,\\\"code_citi_alic_iva\\\":8}},{\\\"id\\\":13809,\\\"user_id\\\":7566,\\\"period_liquidation_id\\\":110,\\\"period_liquidation_iva_id\\\":57,\\\"period_id\\\":1524,\\\"person_id\\\":40720,\\\"activity_id\\\":784,\\\"iva_creditos_tipo_id\\\":1,\\\"type\\\":1,\\\"tax_id\\\":4,\\\"taxabled_amount\\\":\\\"0.00\\\",\\\"iva_amount\\\":\\\"0.00\\\",\\\"created_at\\\":\\\"2022-08-22T22:25:47.000000Z\\\",\\\"updated_at\\\":\\\"2022-08-22T22:25:47.000000Z\\\",\\\"ordr\\\":8,\\\"deleted_at\\\":null,\\\"base\\\":0,\\\"system_taxes\\\":{\\\"id\\\":4,\\\"created_at\\\":null,\\\"updated_at\\\":\\\"2020-04-16T13:33:23.000000Z\\\",\\\"name\\\":\\\"gravado al 2,5%\\\",\\\"apply_to\\\":\\\"iva\\\",\\\"ammount_permited\\\":1,\\\"percent_iva\\\":\\\"2.50\\\",\\\"taxable_iibb\\\":1,\\\"taxable_iva\\\":1,\\\"code\\\":9,\\\"status\\\":1,\\\"afip_alicuota_id\\\":9,\\\"plan_cuenta_id\\\":96,\\\"code_citi_alic_iva\\\":9}},{\\\"id\\\":13810,\\\"user_id\\\":7566,\\\"period_liquidation_id\\\":110,\\\"period_liquidation_iva_id\\\":57,\\\"period_id\\\":1524,\\\"person_id\\\":40720,\\\"activity_id\\\":784,\\\"iva_creditos_tipo_id\\\":1,\\\"type\\\":1,\\\"tax_id\\\":8,\\\"taxabled_amount\\\":\\\"0.00\\\",\\\"iva_amount\\\":\\\"0.00\\\",\\\"created_at\\\":\\\"2022-08-22T22:25:47.000000Z\\\",\\\"updated_at\\\":\\\"2022-08-22T22:25:47.000000Z\\\",\\\"ordr\\\":8,\\\"deleted_at\\\":null,\\\"base\\\":0,\\\"system_taxes\\\":{\\\"id\\\":8,\\\"created_at\\\":null,\\\"updated_at\\\":\\\"2020-04-16T13:33:23.000000Z\\\",\\\"name\\\":\\\"Exento\\\",\\\"apply_to\\\":\\\"iva\\\",\\\"ammount_permited\\\":1,\\\"percent_iva\\\":\\\"0.00\\\",\\\"taxable_iibb\\\":1,\\\"taxable_iva\\\":1,\\\"code\\\":2,\\\"status\\\":1,\\\"afip_alicuota_id\\\":2,\\\"plan_cuenta_id\\\":218,\\\"code_citi_alic_iva\\\":3}},{\\\"id\\\":13811,\\\"user_id\\\":7566,\\\"period_liquidation_id\\\":110,\\\"period_liquidation_iva_id\\\":57,\\\"period_id\\\":1524,\\\"person_id\\\":40720,\\\"activity_id\\\":1,\\\"iva_creditos_tipo_id\\\":7,\\\"type\\\":2,\\\"tax_id\\\":3,\\\"taxabled_amount\\\":\\\"0.00\\\",\\\"iva_amount\\\":\\\"0.00\\\",\\\"created_at\\\":\\\"2022-08-22T22:25:47.000000Z\\\",\\\"updated_at\\\":\\\"2022-08-22T22:25:47.000000Z\\\",\\\"ordr\\\":5,\\\"deleted_at\\\":null,\\\"base\\\":\\\"0.00\\\",\\\"system_taxes\\\":{\\\"id\\\":3,\\\"created_at\\\":null,\\\"updated_at\\\":\\\"2020-04-16T13:33:23.000000Z\\\",\\\"name\\\":\\\"gravado al 27%\\\",\\\"apply_to\\\":\\\"iva\\\",\\\"ammount_permited\\\":1,\\\"percent_iva\\\":\\\"27.00\\\",\\\"taxable_iibb\\\":1,\\\"taxable_iva\\\":1,\\\"code\\\":6,\\\"status\\\":1,\\\"afip_alicuota_id\\\":6,\\\"plan_cuenta_id\\\":96,\\\"code_citi_alic_iva\\\":6}},{\\\"id\\\":13812,\\\"user_id\\\":7566,\\\"period_liquidation_id\\\":110,\\\"period_liquidation_iva_id\\\":57,\\\"period_id\\\":1524,\\\"person_id\\\":40720,\\\"activity_id\\\":1,\\\"iva_creditos_tipo_id\\\":11,\\\"type\\\":2,\\\"tax_id\\\":3,\\\"taxabled_amount\\\":\\\"0.00\\\",\\\"iva_amount\\\":\\\"0.00\\\",\\\"created_at\\\":\\\"2022-08-22T22:25:47.000000Z\\\",\\\"updated_at\\\":\\\"2022-08-22T22:25:47.000000Z\\\",\\\"ordr\\\":5,\\\"deleted_at\\\":null,\\\"base\\\":\\\"0.00\\\",\\\"system_taxes\\\":{\\\"id\\\":3,\\\"created_at\\\":null,\\\"updated_at\\\":\\\"2020-04-16T13:33:23.000000Z\\\",\\\"name\\\":\\\"gravado al 27%\\\",\\\"apply_to\\\":\\\"iva\\\",\\\"ammount_permited\\\":1,\\\"percent_iva\\\":\\\"27.00\\\",\\\"taxable_iibb\\\":1,\\\"taxable_iva\\\":1,\\\"code\\\":6,\\\"status\\\":1,\\\"afip_alicuota_id\\\":6,\\\"plan_cuenta_id\\\":96,\\\"code_citi_alic_iva\\\":6}},{\\\"id\\\":13813,\\\"user_id\\\":7566,\\\"period_liquidation_id\\\":110,\\\"period_liquidation_iva_id\\\":57,\\\"period_id\\\":1524,\\\"person_id\\\":40720,\\\"activity_id\\\":1,\\\"iva_creditos_tipo_id\\\":1,\\\"type\\\":2,\\\"tax_id\\\":3,\\\"taxabled_amount\\\":\\\"0.00\\\",\\\"iva_amount\\\":\\\"0.00\\\",\\\"created_at\\\":\\\"2022-08-22T22:25:47.000000Z\\\",\\\"updated_at\\\":\\\"2022-08-22T22:25:47.000000Z\\\",\\\"ordr\\\":5,\\\"deleted_at\\\":null,\\\"base\\\":\\\"0.00\\\",\\\"system_taxes\\\":{\\\"id\\\":3,\\\"created_at\\\":null,\\\"updated_at\\\":\\\"2020-04-16T13:33:23.000000Z\\\",\\\"name\\\":\\\"gravado al 27%\\\",\\\"apply_to\\\":\\\"iva\\\",\\\"ammount_permited\\\":1,\\\"percent_iva\\\":\\\"27.00\\\",\\\"taxable_iibb\\\":1,\\\"taxable_iva\\\":1,\\\"code\\\":6,\\\"status\\\":1,\\\"afip_alicuota_id\\\":6,\\\"plan_cuenta_id\\\":96,\\\"code_citi_alic_iva\\\":6}},{\\\"id\\\":13814,\\\"user_id\\\":7566,\\\"period_liquidation_id\\\":110,\\\"period_liquidation_iva_id\\\":57,\\\"period_id\\\":1524,\\\"person_id\\\":40720,\\\"activity_id\\\":1,\\\"iva_creditos_tipo_id\\\":8,\\\"type\\\":2,\\\"tax_id\\\":3,\\\"taxabled_amount\\\":\\\"0.00\\\",\\\"iva_amount\\\":\\\"0.00\\\",\\\"created_at\\\":\\\"2022-08-22T22:25:47.000000Z\\\",\\\"updated_at\\