:1;s:15:\\\"comprobanteAfip\\\";N;s:14:\\\"ppc_receipt_id\\\";N;s:20:\\\"fact_elec_receipt_id\\\";N;s:20:\\\"cta_cte_tesoreria_id\\\";N;s:9:\\\"period_id\\\";i:705418;s:7:\\\"zone_id\\\";i:1;s:14:\\\"plan_cuenta_id\\\";N;s:21:\\\"conta_centro_costo_id\\\";N;s:11:\\\"activity_id\\\";i:250;s:20:\\\"iva_creditos_tipo_id\\\";i:1;s:17:\\\"retention_type_id\\\";N;s:15:\\\"person_id_owner\\\";i:63875;s:20:\\\"person_id_relationed\\\";i:64013;s:6:\\\"number\\\";s:8:\\\"00000468\\\";s:5:\\\"hasta\\\";N;s:9:\\\"reference\\\";N;s:12:\\\"receipt_date\\\";s:10:\\\"2025-08-20\\\";s:15:\\\"expiration_date\\\";s:10:\\\"2025-08-20\\\";s:11:\\\"code_ticket\\\";s:4:\\\"0002\\\";s:9:\\\"status_id\\\";i:1;s:14:\\\"tax_account_id\\\";N;s:6:\\\"amount\\\";s:9:\\\"130843.77\\\";s:9:\\\"pendiente\\\";s:9:\\\"130843.77\\\";s:9:\\\"moneda_id\\\";i:1;s:10:\\\"cotizacion\\\";s:4:\\\"1.00\\\";s:11:\\\"dc_firma_id\\\";i:3;s:18:\\\"condicion_venta_id\\\";N;s:18:\\\"is_pago_adelantado\\\";N;s:11:\\\"is_garantia\\\";i:0;s:16:\\\"plazo_de_pago_id\\\";N;s:4:\\\"file\\\";N;s:10:\\\"comentario\\\";N;s:10:\\\"created_at\\\";s:19:\\\"2025-08-26 12:13:27\\\";s:10:\\\"updated_at\\\";s:19:\\\"2025-08-26 12:13:27\\\";s:10:\\\"deleted_at\\\";N;}s:10:\\\"\\u0000*\\u0000changes\\\";a:0:{}s:8:\\\"\\u0000*\\u0000casts\\\";a:1:{s:10:\\\"deleted_at\\\";s:8:\\\"datetime\\\";}s:17:\\\"\\u0000*\\u0000classCastCache\\\";a:0:{}s:21:\\\"\\u0000*\\u0000attributeCastCache\\\";a:0:{}s:13:\\\"\\u0000*\\u0000dateFormat\\\";N;s:10:\\\"\\u0000*\\u0000appends\\\";a:9:{i:0;s:18:\\\"nombre_transaccion\\\";i:1;s:11:\\\"name_modelo\\\";i:2;s:12:\\\"totalGravado\\\";i:3;s:24:\\\"totalNoGravadoExentoCero\\\";i:4;s:31:\\\"totalGravadoNoGravadoExentoCero\\\";i:5;s:8:\\\"totalIVA\\\";i:6;s:19:\\\"totalOtrosImpuestos\\\";i:7;s:19:\\\"formato_comprobante\\\";i:8;s:10:\\\"creado_por\\\";}s:19:\\\"\\u0000*\\u0000dispatchesEvents\\\";a:0:{}s:14:\\\"\\u0000*\\u0000observables\\\";a:0:{}s:12:\\\"\\u0000*\\u0000relations\\\";a:0:{}s:10:\\\"\\u0000*\\u0000touches\\\";a:0:{}s:10:\\\"timestamps\\\";b:1;s:13:\\\"usesUniqueIds\\\";b:0;s:9:\\\"\\u0000*\\u0000hidden\\\";a:0:{}s:10:\\\"\\u0000*\\u0000visible\\\";a:0:{}s:11:\\\"\\u0000*\\u0000fillable\\\";a:0:{}s:10:\\\"\\u0000*\\u0000guarded\\\";a:0:{}s:18:\\\"nombre_transaccion\\\";s:11:\\\"Comprobante\\\";s:16:\\\"\\u0000*\\u0000forceDeleting\\\";b:0;}i:151;O:18:\\\"App\\\\Models\\\\Receipt\\\":32:{s:13:\\\"\\u0000*\\u0000connection\\\";s:7:\\\"finance\\\";s:8:\\\"\\u0000*\\u0000table\\\";s:8:\\\"receipts\\\";s:13:\\\"\\u0000*\\u0000primaryKey\\\";s:2:\\\"id\\\";s:10:\\\"\\u0000*\\u0000keyType\\\";s:3:\\\"int\\\";s:12:\\\"incrementing\\\";b:1;s:7:\\\"\\u0000*\\u0000with\\\";a:0:{}s:12:\\\"\\u0000*\\u0000withCount\\\";a:0:{}s:19:\\\"preventsLazyLoading\\\";b:0;s:10:\\\"\\u0000*\\u0000perPage\\\";i:15;s:6:\\\"exists\\\";b:1;s:18:\\\"wasRecentlyCreated\\\";b:0;s:28:\\\"\\u0000*\\u0000escapeWhenCastingToString\\\";b:0;s:13:\\\"\\u0000*\\u0000attributes\\\";a:40:{s:2:\\\"id\\\";i:308585;s:7:\\\"user_id\\\";i:11706;s:12:\\\"is_no_fiscal\\\";i:0;s:7:\\\"type_id\\\";i:1;s:15:\\\"type_receipt_id\\\";i:1;s:15:\\\"comprobanteAfip\\\";N;s:14:\\\"ppc_receipt_id\\\";N;s:20:\\\"fact_elec_receipt_id\\\";N;s:20:\\\"cta_cte_tesoreria_id\\\";N;s:9:\\\"period_id\\\";i:705418;s:7:\\\"zone_id\\\";i:1;s:14:\\\"plan_cuenta_id\\\";N;s:21:\\\"conta_centro_costo_id\\\";N;s:11:\\\"activity_id\\\";i:250;s:20:\\\"iva_creditos_tipo_id\\\";i:1;s:17:\\\"retention_type_id\\\";N;s:15:\\\"person_id_owner\\\";i:63875;s:20:\\\"person_id_relationed\\\";i:63960;s:6:\\\"number\\\";s:8:\\\"00000462\\\";s:5:\\\"hasta\\\";N;s:9:\\\"reference\\\";N;s:12:\\\"receipt_date\\\";s:10:\\\"2025-08-20\\\";s:15:\\\"expiration_date\\\";s:10:\\\"2025-08-20\\\";s:11:\\\"code_ticket\\\";s:4:\\\"0002\\\";s:9:\\\"status_id\\\";i:1;s:14:\\\"tax_account_id\\\";N;s:6:\\\"amount\\\";s:9:\\\"118694.14\\\";s:9:\\\"pendiente\\\";s:9:\\\"118694.14\\\";s:9:\\\"moneda_id\\\";i:1;s:10:\\\"cotizacion\\\";s:4:\\\"1.00\\\";s:11:\\\"dc_firma_id\\\";i:3;s:18:\\\"condicion_venta_id\\\";N;s:18:\\\"is_pago_adelantado\\\";N;s:11:\\\"is_garantia\\\";i:0;s:16:\\\"plazo_de_pago_id\\\";N;s:4:\\\"file\\\";N;s:10:\\\"comentario\\\";N;s:10:\\\"created_at\\\";s:19:\\\"2025-08-26 12:13:28\\\";s:10:\\\"updated_at\\\";s:19:\\\"2025-08-26 12:13:28\\\";s:10:\\\"deleted_at\\\";N;}s:11:\\\"\\u0000*\\u0000original\\\";a:40:{s:2:\\\"id\\\";i:308585;s:7:\\\"user_id\\\";i:11706;s:12:\\\"is_no_fiscal\\\";i:0;s:7:\\\"type_id\\\";i:1;s:15:\\\"type_receipt_id\\\";i:1;s:15:\\\"comprobanteAfip\\\";N;s:14:\\\"ppc_receipt_id\\\";N;s:20:\\\"fact_elec_receipt_id\\\";N;s:20:\\\"cta_cte_tesoreria_id\\\";N;s:9:\\\"period_id\\\";i:705418;s:7:\\\"zone_id\\\";i:1;s:14:\\\"plan_cuenta_id\\\";N;s:21:\\\"conta_centro_costo_id\\\";N;s:11:\\\"activity_id\\\";i:250;s:20:\\\"iva_creditos_tipo_id\\\";i:1;s:17:\\\"retention_type_id\\\";N;s:15:\\\"person_id_owner\\\";i:63875;s:20:\\\"person_id_relationed\\\";i:63960;s:6:\\\"number\\\";s:8:\\\"00000462\\\";s:5:\\\"hasta\\\";N;s:9:\\\"reference\\\";N;s:12:\\\"receipt_date\\\";s:10:\\\"2025-08-20\\\";s:15:\\\"expiration_date\\\";s:10:\\\"2025-08-20\\\";s:11:\\\"code_ticket\\\";s:4:\\\"0002\\\";s:9:\\\"status_id\\\";i:1;s:14:\\\"tax_account_id\\\";N;s:6:\\\"amount\\\";s:9:\\\"118694.14\\\";s:9:\\\"pendiente\\\";s:9:\\\"118694.14\\\";s:9:\\\"moneda_id\\\";i:1;s:10:\\\"cotizacion\\\";s:4:\\\"1.00\\\";s:11:\\\"dc_firma_id\\\";i:3;s:18:\\\"condicion_venta_id\\\";N;s:18:\\\"is_pago_adelantado\\\";N;s:11:\\\"is_garantia\\\";i:0;s:16:\\\"plazo_de_pago_id\\\";N;s:4:\\\"file\\\";N;s:10:\\\"comentario\\\";N;s:10:\\\"created_at\\\";s:19:\\\"2025-08-26 12:13:28\\\";s:10:\\\"updated_at\\\";s:19:\\\"2025-08-26 12:13:28\\\";s:10:\\\"deleted_at\\\";N;}s:10:\\\"\\u0000*\\u0000changes\\\";a:0:{}s:8:\\\"\\u0000*\\u0000casts\\\";a:1:{s:10:\\\"deleted_at\\\";s:8:\\\"datetime\\\";}s:17:\\\"\\u0000*\\u0000classCastCache\\\";a:0:{}s:21:\\\"\\u0000*\\u0000attributeCastCache\\\";a:0:{}s:13:\\\"\\u0000*\\u0000dateFormat\\\";N;s:10:\\\"\\u0000*\\u0000appends\\\";a:9:{i:0;s:18:\\\"nombre_transaccion\\\";i:1;s:11:\\\"name_modelo\\\";i:2;s:12:\\\"totalGravado\\\";i:3;s:24:\\\"totalNoGravadoExentoCero\\\";i:4;s:31:\\\"totalGravadoNoGravadoExentoCero\\\";i:5;s:8:\\\"totalIVA\\\";i:6;s:19:\\\"totalOtrosImpuestos\\\";i:7;s:19:\\\"formato_comprobante\\\";i:8;s:10:\\\"creado_por\\\";}s:19:\\\"\\u0000*\\u0000dispatchesEvents\\\";a:0:{}s:14:\\\"\\u0000*\\u0000observables\\\";a:0:{}s:12:\\\"\\u0000*\\u0000relations\\\";a:0:{}s:10:\\\"\\u0000*\\u0000touches\\\";a:0:{}s:10:\\\"timestamps\\\";b:1;s:13:\\\"usesUniqueIds\\\";b:0;s:9:\\\"\\u0000*\\u0000hidden\\\";a:0:{}s:10:\\\"\\u0000*\\u0000visible\\\";a:0:{}s:11:\\\"\\u0000*\\u0000fillable\\\";a:0:{}s:10:\\\"\\u0000*\\u0000guarded\\\";a:0:{}s:18:\\\"nombre_transaccion\\\";s:11:\\\"Comprobante\\\";s:16:\\\"\\u0000*\\u0000forceDeleting\\\";b:0;}i:152;O:18:\\\"App\\\\Models\\\\Receipt\\\":32:{s:13:\\\"\\u0000*\\u0000connection\\\";s:7:\\\"finance\\\";s:8:\\\"\\u0000*\\u0000table\\\";s:8:\\\"receipts\\\";s:13:\\\"\\u0000*\\u0000primaryKey\\\";s:2:\\\"id\\\";s:10:\\\"\\u0000*\\u0000keyType\\\";s:3:\\\"int\\\";s:12:\\\"incrementing\\\";b:1;s:7:\\\"\\u0000*\\u0000with\\\";a:0:{}s:12:\\\"\\u0000*\\u0000withCount\\\";a:0:{}s:19:\\\"preventsLazyLoading\\\";b:0;s:10:\\\"\\u0000*\\u0000perPage\\\";i:15;s:6:\\\"exists\\\";b:1;s:18:\\\"wasRecentlyCreated\\\";b:0;s:28:\\\"\\u0000*\\u0000escapeWhenCastingToString\\\";b:0;s:13:\\\"\\u0000*\\u0000attributes\\\";a:40:{s:2:\\\"id\\\";i:308586;s:7:\\\"user_id\\\";i:11706;s:12:\\\"is_no_fiscal\\\";i:0;s:7:\\\"type_id\\\";i:1;s:15:\\\"type_receipt_id\\\";i:1;s:15:\\\"comprobanteAfip\\\";N;s:14:\\\"ppc_receipt_id\\\";N;s:20:\\\"fact_elec_receipt_id\\\";N;s:20:\\\"cta_cte_tesoreria_id\\\";N;s:9:\\\"period_id\\\";i:705418;s:7:\\\"zone_id\\\";i:1;s:14:\\\"plan_cuenta_id\\\";N;s:21:\\\"conta_centro_costo_id\\\";N;s:11:\\\"activity_id\\\";i:250;s:20:\\\"iva_creditos_tipo_id\\\";i:1;s:17:\\\"retention_type_id\\\";N;s:15:\\\"person_id_owner\\\";i:63875;s:20:\\\"person_id_relationed\\\";i:64012;s:6:\\\"number\\\";s:8:\\\"00000458\\\";s:5:\\\"hasta\\\";N;s:9:\\\"reference\\\";N;s:12:\\\"receipt_date\\\";s:10:\\\"2025-08-20\\\";s:15:\\\"expiration_date\\\";s:10:\\\"2025-08-20\\\";s:11:\\\"code_ticket\\\";s:4:\\\"0002\\\";s:9:\\\"status_id\\\";i:1;s:14:\\\"tax_account_id\\\";N;s:6:\\\"amount\\\";s:9:\\\"291948.13\\\";s:9:\\\"pendiente\\\";s:9:\\\"291948.13\\\";s:9:\\\"moneda_id\\\";i:1;s:10:\\\"cotizacion\\\";s:4:\\\"1.00\\\";s:11:\\\"dc_firma_id\\\";i:3;s:18:\\\"condicion_venta_id\\\";N;s:18:\\\"is_pago_adelantado\\\";N;s:11:\\\"is_garantia\\\";i:0;s:16:\\\"plazo_de_pago_id\\\";N;s:4:\\\"file\\\";N;s:10:\\\"comentario\\\";N;s:10:\\\"created_at\\\";s:19:\\\"2025-08-26 12:13:28\\\";s:10:\\\"updated_at\\\";s:19:\\\"2025-08-26 12:13:28\\\";s:10:\\\"deleted_at\\\";N;}s:11:\\\"\\u0000*\\u0000original\\\";a:40:{s:2:\\\"id\\\";i:308586;s:7:\\\"user_id\\\";i:11706;s:12:\\\"is_no_fiscal\\\";i:0;s:7:\\\"type_id\\\";i:1;s:15:\\\"type_receipt_id\\\";i:1;s:15:\\\"comprobanteAfip\\\";N;s:14:\\\"ppc_receipt_id\\\";N;s:20:\\\"fact_elec_receipt_id\\\";N;s:20:\\\"cta_cte_tesoreria_id\\\";N;s:9:\\\"period_id\\\";i:705418;s:7:\\\"zone_id\\\";i:1;s:14:\\\"plan_cuenta_id\\\";N;s:21:\\\"conta_centro_costo_id\\\";N;s:11:\\\"activity_id\\\";i:250;s:20:\\\"iva_creditos_tipo_id\\\";i:1;s:17:\\\"retention_type_id\\\";N;s:15:\\\"person_id_owner\\\";i:63875;s:20:\\\"person_id_relationed\\\";i:64012;s:6:\\\"number\\\";s:8:\\\"00000458\\\";s:5:\\\"hasta\\\";N;s:9:\\\"reference\\\";N;s:12:\\\"receipt_date\\\";s:10:\\\"2025-08-20\\\";s:15:\\\"expiration_date\\\";s:10:\\\"2025-08-20\\\";s:11:\\\"code_ticket\\\";s:4:\\\"0002\\\";s:9:\\\"status_id\\\";i:1;s:14:\\\"tax_account_id\\\";N;s:6:\\\"amount\\\";s:9:\\\"291948.13\\\";s:9:\\\"pendiente\\\";s:9:\\\"291948.13\\\";s:9:\\\"moneda_id\\\";i:1;s:10:\\\"cotizacion\\\";s:4:\\\"1.00\\\";s:11:\\\"dc_firma_id\\\";i:3;s:18:\\\"condicion_venta_id\\\";N;s:18:\\\"is_pago_adelantado\\\";N;s:11:\\\"is_garantia\\\";i:0;s:16:\\\"plazo_de_pago_id\\\";N;s:4:\\\"file\\\";N;s:10:\\\"comentario\\\";N;s:10:\\\"created_at\\\";s:19:\\\"2025-08-26 12:13:28\\\";s:10:\\\"updated_at\\\";s:19:\\\"2025-08-26 12:13:28\\\";s:10:\\\"deleted_at\\\";N;}s:10:\\\"\\u0000*\\u0000changes\\\";a:0:{}s:8:\\\"\\u0000*\\u0000casts\\\";a:1:{s:10:\\\"deleted_at\\\";s:8:\\\"datetime\\\";}s:17:\\\"\\u0000*\\u0000classCastCache\\\";a:0:{}s:21:\\\"\\u0000*\\u0000attributeCastCache\\\";a:0:{}s:13:\\\"\\u0000*\\u0000dateFormat\\\";N;s:10:\\\"\\u0000*\\u0000appends\\\";a:9:{i:0;s:18:\\\"nombre_transaccion\\\";i:1;s:11:\\\"name_modelo\\\";i:2;s:12:\\\"totalGravado\\\";i:3;s:24:\\\"totalNoGravadoExentoCero\\\";i:4;s:31:\\\"totalGravadoNoGravadoExentoCero\\\";i:5;s:8:\\\"totalIVA\\\";i:6;s:19:\\\"totalOtrosImpuestos\\\";i:7;s:19:\\\"formato_comprobante\\\";i:8;s:10:\\\"creado_por\\\";}s:19:\\\"\\u0000*\\u0000dispatchesEvents\\\";a:0:{}s:14:\\\"\\u0000*\\u0000observables\\\";a:0:{}s:12:\\\"\\u0000*\\u0000relations\\\";a:0:{}s:10:\\\"\\u0000*\\u0000touches\\\";a:0:{}s:10:\\\"timestamps\\\";b:1;s:13:\\\"usesUniqueIds\\\";b:0;s:9:\\\"\\u0000*\\u0000hidden\\\";a:0:{}s:10:\\\"\\u0000*\\u0000visible\\\";a:0:{}s:11:\\\"\\u0000*\\u0000fillable\\\";a:0:{}s:10:\\\"\\u0000*\\u0000guarded\\\";a:0:{}s:18:\\\"nombre_transaccion\\\";s:11:\\\"Comprobante\\\";s:16:\\\"\\u0000*\\u0000forceDeleting\\\";b:0;}i:153;O:18:\\\"App\\\\Models\\\\Receipt\\\":32:{s:13:\\\"\\u0000*\\u0000connection\\\";s:7:\\\"finance\\\";s:8:\\\"\\u0000*\\u0000table\\\";s:8:\\\"receipts\\\";s:13:\\\"\\u0000*\\u0000primaryKey\\\";s:2:\\\"id\\\";s:10:\\\"\\u0000*\\u0000keyType\\\";s:3:\\\"int\\\";s:12:\\\"incrementing\\\";b:1;s:7:\\\"\\u0000*\\u0000with\\\";a:0:{}s:12:\\\"\\u0000*\\u0000withCount\\\";a:0:{}s:19:\\\"preventsLazyLoading\\\";b:0;s:10:\\\"\\u0000*\\u0000perPage\\\";i:15;s:6:\\\"exists\\\";b:1;s:18:\\\"wasRecentlyCreated\\\";b:0;s:28:\\\"\\u0000*\\u0000escapeWhenCastingToString\\\";b:0;s:13:\\\"\\u0000*\\u0000attributes\\\";a:40:{s:2:\\\"id\\\";i:308587;s:7:\\\"user_id\\\";i:11706;s:12:\\\"is_no_fiscal\\\";i:0;s:7:\\\"type_id\\\";i:1;s:15:\\\"type_receipt_id\\\";i:1;s:15:\\\"comprobanteAfip\\\";N;s:14:\\\"ppc_receipt_id\\\";N;s:20:\\\"fact_elec_receipt_id\\\";N;s:20:\\\"cta_cte_tesoreria_id\\\";N;s:9:\\\"period_id\\\";i:705418;s:7:\\\"zone_id\\\";i:1;s:14:\\\"plan_cuenta_id\\\";N;s:21:\\\"conta_centro_costo_id\\\";N;s:11:\\\"activity_id\\\";i:250;s:20:\\\"iva_creditos_tipo_id\\\";i:1;s:17:\\\"retention_type_id\\\";N;s:15:\\\"person_id_owner\\\";i:63875;s:20:\\\"person_id_relationed\\\";i:70838;s:6:\\\"number\\\";s:8:\\\"00000470\\\";s:5:\\\"hasta\\\";N;s:9:\\\"reference\\\";N;s:12:\\\"receipt_date\\\";s:10:\\\"2025-08-20\\\";s:15:\\\"expiration_date\\\";s:10:\\\"2025-08-20\\\";s:11:\\\"code_ticket\\\";s:4:\\\"0002\\\";s:9:\\\"status_id\\\";i:1;s:14:\\\"tax_account_id\\\";N;s:6:\\\"amount\\\";s:9:\\\"199223.83\\\";s:9:\\\"pendiente\\\";s:9:\\\"199223.83\\\";s:9:\\\"moneda_id\\\";i:1;s:10:\\\"cotizacion\\\";s:4:\\\"1.00\\\";s:11:\\\"dc_firma_id\\\";i:3;s:18:\\\"condicion_venta_id\\\";N;s:18:\\\"is_pago_adelantado\\\";N;s:11:\\\"is_garantia\\\";i:0;s:16:\\\"plazo_de_pago_id\\\";N;s:4:\\\"file\\\";N;s:10:\\\"comentario\\\";N;s:10:\\\"created_at\\\";s:19:\\\"2025-08-26 12:13:28\\\";s:10:\\\"updated_at\\\";s:19:\\\"2025-08-26 12:13:28\\\";s:10:\\\"deleted_at\\\";N;}s:11:\\\"\\u0000*\\u0000original\\\";a:40:{s:2:\\\"id\\\";i:308587;s:7:\\\"user_id\\\";i:11706;s:12:\\\"is_no_fiscal\\\";i:0;s:7:\\\"type_id\\\";i:1;s:15:\\\"type_receipt_id\\\";i:1;s:15:\\\"comprobanteAfip\\\";N;s:14:\\\"ppc_receipt_id\\\";N;s:20:\\\"fact_elec_receipt_id\\\";N;s:20:\\\"cta_cte_tesoreria_id\\\";N;s:9:\\\"period_id\\\";i:705418;s:7:\\\"zone_id\\\";i:1;s:14:\\\"plan_cuenta_id\\\";N;s:21:\\\"conta_centro_costo_id\\\";N;s:11:\\\"activity_id\\\";i:250;s:20:\\\"iva_creditos_tipo_id\\\";i:1;s:17:\\\"retention_type_id\\\";N;s:15:\\\"person_id_owner\\\";i:63875;s:20:\\\"person_id_relationed\\\";i:70838;s:6:\\\"number\\\";s:8:\\\"00000470\\\";s:5:\\\"hasta\\\";N;s:9:\\\"reference\\\";N;s:12:\\\"receipt_date\\\";s:10:\\\"2025-08-20\\\";s:15:\\\"expiration_date\\\";s:10:\\\"2025-08-20\\\";s:11:\\\"code_ticket\\\";s:4:\\\"0002\\\";s:9:\\\"status_id\\\";i:1;s:14:\\\"tax_account_id\\\";N;s:6:\\\"amount\\\";s:9:\\\"199223.83\\\";s:9:\\\"pendiente\\\";s:9:\\\"199223.83\\\";s:9:\\\"moneda_id\\\";i:1;s:10:\\\"cotizacion\\\";s:4:\\\"1.00\\\";s:11:\\\"dc_firma_id\\\";i:3;s:18:\\\"condicion_venta_id\\\";N;s:18:\\\"is_pago_adelantado\\\";N;s:11:\\\"is_garantia\\\";i:0;s:16:\\\"plazo_de_pago_id\\\";N;s:4:\\\"file\\\";N;s:10:\\\"comentario\\\";N;s:10:\\\"created_at\\\";s:19:\\\"2025-08-26 12:13:28\\\";s:10:\\\"updated_at\\\";s:19:\\\"2025-08-26 12:13:28\\\";s:10:\\\"deleted_at\\\";N;}s:10:\\\"\\u0000*\\u0000changes\\\";a:0:{}s:8:\\\"\\u0000*\\u0000casts\\\";a:1:{s:10:\\\"deleted_at\\\";s:8:\\\"datetime\\\";}s:17:\\\"\\u0000*\\u0000classCastCache\\\";a:0:{}s:21:\\\"\\u0000*\\u0000attributeCastCache\\\";a:0:{}s:13:\\\"\\u0000*\\u0000dateFormat\\\";N;s:10:\\\"\\u0000*\\u0000appends\\\";a:9:{i:0;s:18:\\\"nombre_transaccion\\\";i:1;s:11:\\\"name_modelo\\\";i:2;s:12:\\\"totalGravado\\\";i:3;s:24:\\\"totalNoGravadoExentoCero\\\";i:4;s:31:\\\"totalGravadoNoGravadoExentoCero\\\";i:5;s:8:\\\"totalIVA\\\";i:6;s:19:\\\"totalOtrosImpuestos\\\";i:7;s:19:\\\"formato_comprobante\\\";i:8;s:10:\\\"creado_por\\\";}s:19:\\\"\\u0000*\\u0000dispatchesEvents\\\";a:0:{}s:14:\\\"\\u0000*\\u0000observables\\\";a:0:{}s:12:\\\"\\u0000*\\u0000relations\\\";a:0:{}s:10:\\\"\\u0000*\\u0000touches\\\";a:0:{}s:10:\\\"timestamps\\\";b:1;s:13:\\\"usesUniqueIds\\\";b:0;s:9:\\\"\\u0000*\\u0000hidden\\\";a:0:{}s:10:\\\"\\u0000*\\u0000visible\\\";a:0:{}s:11:\\\"\\u0000*\\u0000fillable\\\";a:0:{}s:10:\\\"\\u0000*\\u0000guarded\\\";a:0:{}s:18:\\\"nombre_transaccion\\\";s:11:\\\"Comprobante\\\";s:16:\\\"\\u0000*\\u0000forceDeleting\\\";b:0;}i:154;O:18:\\\"App\\\\Models\\\\Receipt\\\":32:{s:13:\\\"\\u0000*\\u0000connection\\\";s:7:\\\"finance\\\";s:8:\\\"\\u0000*\\u0000table\\\";s:8:\\\"receipts\\\";s:13:\\\"\\u0000*\\u0000primaryKey\\\";s:2:\\\"id\\\";s:10:\\\"\\u0000*\\u0000keyType\\\";s:3:\\\"int\\\";s:12:\\\"incrementing\\\";b:1;s:7:\\\"\\u0000*\\u0000with\\\";a:0:{}s:12:\\\"\\u0000*\\u0000withCount\\\";a:0:{}s:19:\\\"preventsLazyLoading\\\";b:0;s:10:\\\"\\u0000*\\u0000perPage\\\";i:15;s:6:\\\"exists\\\";b:1;s:18:\\\"wasRecentlyCreated\\\";b:0;s:28:\\\"\\u0000*\\u0000escapeWhenCastingToString\\\";b:0;s:13:\\\"\\u0000*\\u0000attributes\\\";a:40:{s:2:\\\"id\\\";i:308588;s:7:\\\"user_id\\\";i:11706;s:12:\\\"is_no_fiscal\\\";i:0;s:7:\\\"type_id\\\";i:1;s:15:\\\"type_receipt_id\\\";i:1;s:15:\\\"comprobanteAfip\\\";N;s:14:\\\"ppc_receipt_id\\\";N;s:20:\\\"fact_elec_receipt_id\\\";N;s:20:\\\"cta_cte_tesoreria_id\\\";N;s:9:\\\"period_id\\\";i:705418;s:7:\\\"zone_id\\\";i:1;s:14:\\\"plan_cuenta_id\\\";N;s:21:\\\"conta_centro_costo_id\\\";N;s:11:\\\"activity_id\\\";i:250;s:20:\\\"iva_creditos_tipo_id\\\";i:1;s:17:\\\"retention_type_id\\\";N;s:15:\\\"person_id_owner\\\";i:63875;s:20:\\\"person_id_relationed\\\";i:71463;s:6:\\\"number\\\";s:8:\\\"00000471\\\";s:5:\\\"hasta\\\";N;s:9:\\\"reference\\\";N;s:12:\\\"receipt_date\\\";s:10:\\\"2025-08-21\\\";s:15:\\\"expiration_date\\\";s:10:\\\"2025-08-21\\\";s:11:\\\"code_ticket\\\";s:4:\\\"0002\\\";s:9:\\\"status_id\\\";i:1;s:14:\\\"tax_account_id\\\";N;s:6:\\\"amount\\\";s:8:\\\"34609.99\\\";s:9:\\\"pendiente\\\";s:8:\\\"34609.99\\\";s:9:\\\"moneda_id\\\";i:1;s:10:\\\"cotizacion\\\";s:4:\\\"1.00\\\";s:11:\\\"dc_firma_id\\\";i:3;s:18:\\\"condicion_venta_id\\\";N;s:18:\\\"is_pago_adelantado\\\";N;s:11:\\\"is_garantia\\\";i:0;s:16:\\\"plazo_de_pago_id\\\";N;s:4:\\\"file\\\";N;s:10:\\\"comentario\\\";N;s:10:\\\"created_at\\\";s:19:\\\"2025-08-26 12:13:28\\\";s:10:\\\"updated_at\\\";s:19:\\\"2025-08-26 12:13:28\\\";s:10:\\\"deleted_at\\\";N;}s:11:\\\"\\u0000*\\u0000original\\\";a:40:{s:2:\\\"id\\\";i:308588;s:7:\\\"user_id\\\";i:11706;s:12:\\\"is_no_fiscal\\\";i:0;s:7:\\\"type_id\\\";i:1;s:15:\\\"type_receipt_id\\\";i:1;s:15:\\\"comprobanteAfip\\\";N;s:14:\\\"ppc_receipt_id\\\";N;s:20:\\\"fact_elec_receipt_id\\\";N;s:20:\\\"cta_cte_tesoreria_id\\\";N;s:9:\\\"period_id\\\";i:705418;s:7:\\\"zone_id\\\";i:1;s:14:\\\"plan_cuenta_id\\\";N;s:21:\\\"conta_centro_costo_id\\\";N;s:11:\\\"activity_id\\\";i:250;s:20:\\\"iva_creditos_tipo_id\\\";i:1;s:17:\\\"retention_type_id\\\";N;s:15:\\\"person_id_owner\\\";i:63875;s:20:\\\"person_id_relationed\\\";i:71463;s:6:\\\"number\\\";s:8:\\\"00000471\\\";s:5:\\\"hasta\\\";N;s:9:\\\"reference\\\";N;s:12:\\\"receipt_date\\\";s:10:\\\"2025-08-21\\\";s:15:\\\"expiration_date\\\";s:10:\\\"2025-08-21\\\";s:11:\\\"code_ticket\\\";s:4:\\\"0002\\\";s:9:\\\"status_id\\\";i:1;s:14:\\\"tax_account_id\\\";N;s:6:\\\"amount\\\";s:8:\\\"34609.99\\\";s:9:\\\"pendiente\\\";s:8:\\\"34609.99\\\";s:9:\\\"moneda_id\\\";i:1;s:10:\\\"cotizacion\\\";s:4:\\\"1.00\\\";s:11:\\\"dc_firma_id\\\";i:3;s:18:\\\"condicion_venta_id\\\";N;s:18:\\\"is_pago_adelantado\\\";N;s:11:\\\"is_garantia\\\";i:0;s:16:\\\"plazo_de_pago_id\\\";N;s:4:\\\"file\\\";N;s:10:\\\"comentario\\\";N;s:10:\\\"created_at\\\";s:19:\\\"2025-08-26 12:13:28\\\";s:10:\\\"updated_at\\\";s:19:\\\"2025-08-26 12:13:28\\\";s:10:\\\"deleted_at\\\";N;}s:10:\\\"\\u0000*\\u0000changes\\\";a:0:{}s:8:\\\"\\u0000*\\u0000casts\\\";a:1:{s:10:\\\"deleted_at\\\";s:8:\\\"datetime\\\";}s:17:\\\"\\u0000*\\u0000classCastCache\\\";a:0:{}s:21:\\\"\\u0000*\\u0000attributeCastCache\\\";a:0:{}s:13:\\\"\\u0000*\\u0000dateFormat\\\";N;s:10:\\\"\\u0000*\\u0000appends\\\";a:9:{i:0;s:18:\\\"nombre_transaccion\\\";i:1;s:11:\\\"name_modelo\\\";i:2;s:12:\\\"totalGravado\\\";i:3;s:24:\\\"totalNoGravadoExentoCero\\\";i:4;s:31:\\\"totalGravadoNoGravadoExentoCero\\\";i:5;s:8:\\\"totalIVA\\\";i:6;s:19:\\\"totalOtrosImpuestos\\\";i:7;s:19:\\\"formato_comprobante\\\";i:8;s:10:\\\"creado_por\\\";}s:19:\\\"\\u0000*\\u0000dispatchesEvents\\\";a:0:{}s:14:\\\"\\u0000*\\u0000observables\\\";a:0:{}s:12:\\\"\\u0000*\\u0000relations\\\";a:0:{}s:10:\\\"\\u0000*\\u0000touches\\\";a:0:{}s:10:\\\"timestamps\\\";b:1;s:13:\\\"usesUniqueIds\\\";b:0;s:9:\\\"\\u0000*\\u0000hidden\\\";a:0:{}s:10:\\\"\\u0000*\\u0000visible\\\";a:0:{}s:11:\\\"\\u0000*\\u0000fillable\\\";a:0:{}s:10:\\\"\\u0000*\\u0000guarded\\\";a:0:{}s:18:\\\"nombre_transaccion\\\";s:11:\\\"Comprobante\\\";s:16:\\\"\\u0000*\\u0000forceDeleting\\\";b:0;}i:155;O:18:\\\"App\\\\Models\\\\Receipt\\\":32:{s:13:\\\"\\u0000*\\u0000connection\\\";s:7:\\\"finance\\\";s:8:\\\"\\u0000*\\u0000table\\\";s:8:\\\"receipts\\\";s:13:\\\"\\u0000*\\u0000primaryKey\\\";s:2:\\\"id\\\";s:10:\\\"\\u0000*\\u0000keyType\\\";s:3:\\\"int\\\";s:12:\\\"incrementing\\\";b:1;s:7:\\\"\\u0000*\\u0000with\\\";a:0:{}s:12:\\\"\\u0000*\\u0000withCount\\\";a:0:{}s:19:\\\"preventsLazyLoading\\\";b:0;s:10:\\\"\\u0000*\\u0000perPage\\\";i:15;s:6:\\\"exists\\\";b:1;s:18:\\\"wasRecentlyCreated\\\";b:0;s:28:\\\"\\u0000*\\u0000escapeWhenCastingToString\\\";b:0;s:13:\\\"\\u0000*\\u0000attributes\\\";a:40:{s:2:\\\"id\\\";i:308589;s:7:\\\"user_id\\\";i:11706;s:12:\\\"is_no_fiscal\\\";i:0;s:7:\\\"type_id\\\";i:1;s:15:\\\"type_receipt_id\\\";i:1;s:15:\\\"comprobanteAfip\\\";N;s:14:\\\"ppc_receipt_id\\\";N;s:20:\\\"fact_elec_receipt_id\\\";N;s:20:\\\"cta_cte_tesoreria_id\\\";N;s:9:\\\"period_id\\\";i:705418;s:7:\\\"zone_id\\\";i:1;s:14:\\\"plan_cuenta_id\\\";N;s:21:\\\"conta_centro_costo_id\\\";N;s:11:\\\"activity_id\\\";i:250;s:20:\\\"iva_creditos_tipo_id\\\";i:1;s:17:\\\"retention_type_id\\\";N;s:15:\\\"person_id_owner\\\";i:63875;s:20:\\\"person_id_relationed\\\";i:43880;s:6:\\\"number\\\";s:8:\\\"00000473\\\";s:5:\\\"hasta\\\";N;s:9:\\\"reference\\\";N;s:12:\\\"receipt_date\\\";s:10:\\\"2025-08-21\\\";s:15:\\\"expiration_date\\\";s:10:\\\"2025-08-21\\\";s:11:\\\"code_ticket\\\";s:4:\\\"0002\\\";s:9:\\\"status_id\\\";i:1;s:14:\\\"tax_account_id\\\";N;s:6:\\\"amount\\\";s:9:\\\"398976.71\\\";s:9:\\\"pendiente\\\";s:9:\\\"398976.71\\\";s:9:\\\"moneda_id\\\";i:1;s:10:\\\"cotizacion\\\";s:4:\\\"1.00\\\";s:11:\\\"dc_firma_id\\\";i:3;s:18:\\\"condicion_venta_id\\\";N;s:18:\\\"is_pago_adelantado\\\";N;s:11:\\\"is_garantia\\\";i:0;s:16:\\\"plazo_de_pago_id\\\";N;s:4:\\\"file\\\";N;s:10:\\\"comentario\\\";N;s:10:\\\"created_at\\\";s:19:\\\"2025-08-26 12:13:29\\\";s:10:\\\"updated_at\\\";s:19:\\\"2025-08-26 12:13:29\\\";s:10:\\\"deleted_at\\\";N;}s:11:\\\"\\u0000*\\u0000original\\\";a:40:{s:2:\\\"id\\\";i:308589;s:7:\\\"user_id\\\";i:11706;s:12:\\\"is_no_fiscal\\\";i:0;s:7:\\\"type_id\\\";i:1;s:15:\\\"type_receipt_id\\\";i:1;s:15:\\\"comprobanteAfip\\\";N;s:14:\\\"ppc_receipt_id\\\";N;s:20:\\\"fact_elec_receipt_id\\\";N;s:20:\\\"cta_cte_tesoreria_id\\\";N;s:9:\\\"period_id\\\";i:705418;s:7:\\\"zone_id\\\";i:1;s:14:\\\"plan_cuenta_id\\\";N;s:21:\\\"conta_centro_costo_id\\\";N;s:11:\\\"activity_id\\\";i:250;s:20:\\\"iva_creditos_tipo_id\\\";i:1;s:17:\\\"retention_type_id\\\";N;s:15:\\\"person_id_owner\\\";i:63875;s:20:\\\"person_id_relationed\\\";i:43880;s:6:\\\"number\\\";s:8:\\\"00000473\\\";s:5:\\\"hasta\\\";N;s:9:\\\"reference\\\";N;s:12:\\\"receipt_date\\\";s:10:\\\"2025-08-21\\\";s:15:\\\"expiration_date\\\";s:10:\\\"2025-08-21\\\";s:11:\\\"code_ticket\\\";s:4:\\\"0002\\\";s:9:\\\"status_id\\\";i:1;s:14:\\\"tax_account_id\\\";N;s:6:\\\"amount\\\";s:9:\\\"398976.71\\\";s:9:\\\"pendiente\\\";s:9:\\\"398976.71\\\";s:9:\\\"moneda_id\\\";i:1;s:10:\\\"cotizacion\\\";s:4:\\\"1.00\\\";s:11:\\\"dc_firma_id\\\";i:3;s:18:\\\"condicion_venta_id\\\";N;s:18:\\\"is_pago_adelantado\\\";N;s:11:\\\"is_garantia\\\";i:0;s:16:\\\"plazo_de_pago_id\\\";N;s:4:\\\"file\\\";N;s:10:\\\"comentario\\\";N;s:10:\\\"created_at\\\";s:19:\\\"2025-08-26 12:13:29\\\";s:10:\\\"updated_at\\\";s:19:\\\"2025-08-26 12:13:29\\\";s:10:\\\"deleted_at\\\";N;}s:10:\\\"\\u0000*\\u0000changes\\\";a:0:{}s:8:\\\"\\u0000*\\u0000casts\\\";a:1:{s:10:\\\"deleted_at\\\";s:8:\\\"datetime\\\";}s:17:\\\"\\u0000*\\u0000classCastCache\\\";a:0:{}s:21:\\\"\\u0000*\\u0000attributeCastCache\\\";a:0:{}s:13:\\\"\\u0000*\\u0000dateFormat\\\";N;s:10:\\\"\\u0000*\\u0000appends\\\";a:9:{i:0;s:18:\\\"nombre_transaccion\\\";i:1;s:11:\\\"name_modelo\\\";i:2;s:12:\\\"totalGravado\\\";i:3;s:24:\\\"totalNoGravadoExentoCero\\\";i:4;s:31:\\\"totalGravadoNoGravadoExentoCero\\\";i:5;s:8:\\\"totalIVA\\\";i:6;s:19:\\\"totalOtrosImpuestos\\\";i:7;s:19:\\\"formato_comprobante\\\";i:8;s:10:\\\"creado_por\\\";}s:19:\\\"\\u0000*\\u0000dispatchesEvents\\\";a:0:{}s:14:\\\"\\u0000*\\u0000observables\\\";a:0:{}s:12:\\\"\\u0000*\\u0000relations\\\";a:0:{}s:10:\\\"\\u0000*\\u0000touches\\\";a:0:{}s:10:\\\"timestamps\\\";b:1;s:13:\\\"usesUniqueIds\\\";b:0;s:9:\\\"\\u0000*\\u0000hidden\\\";a:0:{}s:10:\\\"\\u0000*\\u0000visible\\\";a:0:{}s:11:\\\"\\u0000*\\u0000fillable\\\";a:0:{}s:10:\\\"\\u0000*\\u0000guarded\\\";a:0:{}s:18:\\\"nombre_transaccion\\\";s:11:\\\"Comprobante\\\";s:16:\\\"\\u0000*\\u0000forceDeleting\\\";b:0;}i:156;O:18:\\\"App\\\\Models\\\\Receipt\\\":32:{s:13:\\\"\\u0000*\\u0000connection\\\";s:7:\\\"finance\\\";s:8:\\\"\\u0000*\\u0000table\\\";s:8:\\\"receipts\\\";s:13:\\\"\\u0000*\\u0000primaryKey\\\";s:2:\\\"id\\\";s:10:\\\"\\u0000*\\u0000keyType\\\";s:3:\\\"int\\\";s:12:\\\"incrementing\\\";b:1;s:7:\\\"\\u0000*\\u0000with\\\";a:0:{}s:12:\\\"\\u0000*\\u0000withCount\\\";a:0:{}s:19:\\\"preventsLazyLoading\\\";b:0;s:10:\\\"\\u0000*\\u0000perPage\\\";i:15;s:6:\\\"exists\\\";b:1;s:18:\\\"wasRecentlyCreated\\\";b:0;s:28:\\\"\\u0000*\\u0000escapeWhenCastingToString\\\";b:0;s:13:\\\"\\u0000*\\u0000attributes\\\";a:40:{s:2:\\\"id\\\";i:308590;s:7:\\\"user_id\\\";i:11706;s:12:\\\"is_no_fiscal\\\";i:0;s:7:\\\"type_id\\\";i:1;s:15:\\\"type_receipt_id\\\";i:1;s:15:\\\"comprobanteAfip\\\";N;s:14:\\\"ppc_receipt_id\\\";N;s:20:\\\"fact_elec_receipt_id\\\";N;s:20:\\\"cta_cte_tesoreria_id\\\";N;s:9:\\\"period_id\\\";i:705418;s:7:\\\"zone_id\\\";i:1;s:14:\\\"plan_cuenta_id\\\";N;s:21:\\\"conta_centro_costo_id\\\";N;s:11:\\\"activity_id\\\";i:250;s:20:\\\"iva_creditos_tipo_id\\\";i:1;s:17:\\\"retention_type_id\\\";N;s:15:\\\"person_id_owner\\\";i:63875;s:20:\\\"person_id_relationed\\\";i:63975;s:6:\\\"number\\\";s:8:\\\"00000474\\\";s:5:\\\"hasta\\\";N;s:9:\\\"reference\\\";N;s:12:\\\"receipt_date\\\";s:10:\\\"2025-08-21\\\";s:15:\\\"expiration_date\\\";s:10:\\\"2025-08-21\\\";s:11:\\\"code_ticket\\\";s:4:\\\"0002\\\";s:9:\\\"status_id\\\";i:1;s:14:\\\"tax_account_id\\\";N;s:6:\\\"amount\\\";s:9:\\\"162001.85\\\";s:9:\\\"pendiente\\\";s:9:\\\"162001.85\\\";s:9:\\\"moneda_id\\\";i:1;s:10:\\\"cotizacion\\\";s:4:\\\"1.00\\\";s:11:\\\"dc_firma_id\\\";i:3;s:18:\\\"condicion_venta_id\\\";N;s:18:\\\"is_pago_adelantado\\\";N;s:11:\\\"is_garantia\\\";i:0;s:16:\\\"plazo_de_pago_id\\\";N;s:4:\\\"file\\\";N;s:10:\\\"comentario\\\";N;s:10:\\\"created_at\\\";s:19:\\\"2025-08-26 12:13:29\\\";s:10:\\\"updated_at\\\";s:19:\\\"2025-08-26 12:13:29\\\";s:10:\\\"deleted_at\\\";N;}s:11:\\\"\\u0000*\\u0000original\\\";a:40:{s:2:\\\"id\\\";i:308590;s:7:\\\"user_id\\\";i:11706;s:12:\\\"is_no_fiscal\\\";i:0;s:7:\\\"type_id\\\";i:1;s:15:\\\"type_receipt_id\\\";i:1;s:15:\\\"comprobanteAfip\\\";N;s:14:\\\"ppc_receipt_id\\\";N;s:20:\\\"fact_elec_receipt_id\\\";N;s:20:\\\"cta_cte_tesoreria_id\\\";N;s:9:\\\"period_id\\\";i:705418;s:7:\\\"zone_id\\\";i:1;s:14:\\\"plan_cuenta_id\\\";N;s:21:\\\"conta_centro_costo_id\\\";N;s:11:\\\"activity_id\\\";i:250;s:20:\\\"iva_creditos_tipo_id\\\";i:1;s:17:\\\"retention_type_id\\\";N;s:15:\\\"person_id_owner\\\";i:63875;s:20:\\\"person_id_relationed\\\";i:63975;s:6:\\\"number\\\";s:8:\\\"00000474\\\";s:5:\\\"hasta\\\";N;s:9:\\\"reference\\\";N;s:12:\\\"receipt_date\\\";s:10:\\\"2025-08-21\\\";s:15:\\\"expiration_date\\\";s:10:\\\"2025-08-21\\\";s:11:\\\"code_ticket\\\";s:4:\\\"0002\\\";s:9:\\\"status_id\\\";i:1;s:14:\\\"tax_account_id\\\";N;s:6:\\\"amount\\\";s:9:\\\"162001.85\\\";s:9:\\\"pendiente\\\";s:9:\\\"162001.85\\\";s:9:\\\"moneda_id\\\";i:1;s:10:\\\"cotizacion\\\";s:4:\\\"1.00\\\";s:11:\\\"dc_firma_id\\\";i:3;s:18:\\\"condicion_venta_id\\\";N;s:18:\\\"is_pago_adelantado\\\";N;s:11:\\\"is_garantia\\\";i:0;s:16:\\\"plazo_de_pago_id\\\";N;s:4:\\\"file\\\";N;s:10:\\\"comentario\\\";N;s:10:\\\"created_at\\\";s:19:\\\"2025-08-26 12:13:29\\\";s:10:\\\"updated_at\\\";s:19:\\\"2025-08-26 12:13:29\\\";s:10:\\\"deleted_at\\\";N;}s:10:\\\"\\u0000*\\u0000changes\\\";a:0:{}s:8:\\\"\\u0000*\\u0000casts\\\";a:1:{s:10:\\\"deleted_at\\\";s:8:\\\"datetime\\\";}s:17:\\\"\\u0000*\\u0000classCastCache\\\";a:0:{}s:21:\\\"\\u0000*\\u0000attributeCastCache\\\";a:0:{}s:13:\\\"\\u0000*\\u0000dateFormat\\\";N;s:10:\\\"\\u0000*\\u0000appends\\\";a:9:{i:0;s:18:\\\"nombre_transaccion\\\";i:1;s:11:\\\"name_modelo\\\";i:2;s:12:\\\"totalGravado\\\";i:3;s:24:\\\"totalNoGravadoExentoCero\\\";i:4;s:31:\\\"totalGravadoNoGravadoExentoCero\\\";i:5;s:8:\\\"totalIVA\\\";i:6;s:19:\\\"totalOtrosImpuestos\\\";i:7;s:19:\\\"formato_comprobante\\\";i:8;s:10:\\\"creado_por\\\";}s:19:\\\"\\u0000*\\u0000dispatchesEvents\\\";a:0:{}s:14:\\\"\\u0000*\\u0000observables\\\";a:0:{}s:12:\\\"\\u0000*\\u0000relations\\\";a:0:{}s:10:\\\"\\u0000*\\u0000touches\\\";a:0:{}s:10:\\\"timestamps\\\";b:1;s:13:\\\"usesUniqueIds\\\";b:0;s:9:\\\"\\u0000*\\u0000hidden\\\";a:0:{}s:10:\\\"\\u0000*\\u0000visible\\\";a:0:{}s:11:\\\"\\u0000*\\u0000fillable\\\";a:0:{}s:10:\\\"\\u0000*\\u0000guarded\\\";a:0:{}s:18:\\\"nombre_transaccion\\\";s:11:\\\"Comprobante\\\";s:16:\\\"\\u0000*\\u0000forceDeleting\\\";b:0;}i:157;O:18:\\\"App\\\\Models\\\\Receipt\\\":32:{s:13:\\\"\\u0000*\\u0000connection\\\";s:7:\\\"finance\\\";s:8:\\\"\\u0000*\\u0000table\\\";s:8:\\\"receipts\\\";s:13:\\\"\\u0000*\\u0000primaryKey\\\";s:2:\\\"id\\\";s:10:\\\"\\u0000*\\u0000keyType\\\";s:3:\\\"int\\\";s:12:\\\"incrementing\\\";b:1;s:7:\\\"\\u0000*\\u0000with\\\";a:0:{}s:12:\\\"\\u0000*\\u0000withCount\\\";a:0:{}s:19:\\\"preventsLazyLoading\\\";b:0;s:10:\\\"\\u0000*\\u0000perPage\\\";i:15;s:6:\\\"exists\\\";b:1;s:18:\\\"wasRecentlyCreated\\\";b:0;s:28:\\\"\\u0000*\\u0000escapeWhenCastingToString\\\";b:0;s:13:\\\"\\u0000*\\u0000attributes\\\";a:40:{s:2:\\\"id\\\";i:308591;s:7:\\\"user_id\\\";i:11706;s:12:\\\"is_no_fiscal\\\";i:0;s:7:\\\"type_id\\\";i:1;s:15:\\\"type_receipt_id\\\";i:1;s:15:\\\"comprobanteAfip\\\";N;s:14:\\\"ppc_receipt_id\\\";N;s:20:\\\"fact_elec_receipt_id\\\";N;s:20:\\\"cta_cte_tesoreria_id\\\";N;s:9:\\\"period_id\\\";i:705418;s:7:\\\"zone_id\\\";i:1;s:14:\\\"plan_cuenta_id\\\";N;s:21:\\\"conta_centro_costo_id\\\";N;s:11:\\\"activity_id\\\";i:250;s:20:\\\"iva_creditos_tipo_id\\\";i:1;s:17:\\\"retention_type_id\\\";N;s:15:\\\"person_id_owner\\\";i:63875;s:20:\\\"person_id_relationed\\\";i:48604;s:6:\\\"number\\\";s:8:\\\"00000475\\\";s:5:\\\"hasta\\\";N;s:9:\\\"reference\\\";N;s:12:\\\"receipt_date\\\";s:10:\\\"2025-08-21\\\";s:15:\\\"expiration_date\\\";s:10:\\\"2025-08-21\\\";s:11:\\\"code_ticket\\\";s:4:\\\"0002\\\";s:9:\\\"status_id\\\";i:1;s:14:\\\"tax_account_id\\\";N;s:6:\\\"amount\\\";s:7:\\\"9814.38\\\";s:9:\\\"pendiente\\\";s:7:\\\"9814.38\\\";s:9:\\\"moneda_id\\\";i:1;s:10:\\\"cotizacion\\\";s:4:\\\"1.00\\\";s:11:\\\"dc_firma_id\\\";i:3;s:18:\\\"condicion_venta_id\\\";N;s:18:\\\"is_pago_adelantado\\\";N;s:11:\\\"is_garantia\\\";i:0;s:16:\\\"plazo_de_pago_id\\\";N;s:4:\\\"file\\\";N;s:10:\\\"comentario\\\";N;s:10:\\\"created_at\\\";s:19:\\\"2025-08-26 12:13:29\\\";s:10:\\\"updated_at\\\";s:19:\\\"2025-08-26 12:13:29\\\";s:10:\\\"deleted_at\\\";N;}s:11:\\\"\\u0000*\\u0000original\\\";a:40:{s:2:\\\"id\\\";i:308591;s:7:\\\"user_id\\\";i:11706;s:12:\\\"is_no_fiscal\\\";i:0;s:7:\\\"type_id\\\";i:1;s:15:\\\"type_receipt_id\\\";i:1;s:15:\\\"comprobanteAfip\\\";N;s:14:\\\"ppc_receipt_id\\\";N;s:20:\\\"fact_elec_receipt_id\\\";N;s:20:\\\"cta_cte_tesoreria_id\\\";N;s:9:\\\"period_id\\\";i:705418;s:7:\\\"zone_id\\\";i:1;s:14:\\\"plan_cuenta_id\\\";N;s:21:\\\"conta_centro_costo_id\\\";N;s:11:\\\"activity_id\\\";i:250;s:20:\\\"iva_creditos_tipo_id\\\";i:1;s:17:\\\"retention_type_id\\\";N;s:15:\\\"person_id_owner\\\";i:63875;s:20:\\\"person_id_relationed\\\";i:48604;s:6:\\\"number\\\";s:8:\\\"00000475\\\";s:5:\\\"hasta\\\";N;s:9:\\\"reference\\\";N;s:12:\\\"receipt_date\\\";s:10:\\\"2025-08-21\\\";s:15:\\\"expiration_date\\\";s:10:\\\"2025-08-21\\\";s:11:\\\"code_ticket\\\";s:4:\\\"0002\\\";s:9:\\\"status_id\\\";i:1;s:14:\\\"tax_account_id\\\";N;s:6:\\\"amount\\\";s:7:\\\"9814.38\\\";s:9:\\\"pendiente\\\";s:7:\\\"9814.38\\\";s:9:\\\"moneda_id\\\";i:1;s:10:\\\"cotizacion\\\";s:4:\\\"1.00\\\";s:11:\\\"dc_firma_id\\\";i:3;s:18:\\\"condicion_venta_id\\\";N;s:18:\\\"is_pago_adelantado\\\";N;s:11:\\\"is_garantia\\\";i:0;s:16:\\\"plazo_de_pago_id\\\";N;s:4:\\\"file\\\";N;s:10:\\\"comentario\\\";N;s:10:\\\"created_at\\\";s:19:\\\"2025-08-26 12:13:29\\\";s:10:\\\"updated_at\\\";s:19:\\\"2025-08-26 12:13:29\\\";s:10:\\\"deleted_at\\\";N;}s:10:\\\"\\u0000*\\u0000changes\\\";a:0:{}s:8:\\\"\\u0000*\\u0000casts\\\";a:1:{s:10:\\\"deleted_at\\\";s:8:\\\"datetime\\\";}s:17:\\\"\\u0000*\\u0000classCastCache\\\";a:0:{}s:21:\\\"\\u0000*\\u0000attributeCastCache\\\";a:0:{}s:13:\\\"\\u0000*\\u0000dateFormat\\\";N;s:10:\\\"\\u0000*\\u0000appends\\\";a:9:{i:0;s:18:\\\"nombre_transaccion\\\";i:1;s:11:\\\"name_modelo\\\";i:2;s:12:\\\"totalGravado\\\";i:3;s:24:\\\"totalNoGravadoExentoCero\\\";i:4;s:31:\\\"totalGravadoNoGravadoExentoCero\\\";i:5;s:8:\\\"totalIVA\\\";i:6;s:19:\\\"totalOtrosImpuestos\\\";i:7;s:19:\\\"formato_comprobante\\\";i:8;s:10:\\\"creado_por\\\";}s:19:\\\"\\u0000*\\u0000dispatchesEvents\\\";a:0:{}s:14:\\\"\\u0000*\\u0000observables\\\";a:0:{}s:12:\\\"\\u0000*\\u0000relations\\\";a:0:{}s:10:\\\"\\u0000*\\u0000touches\\\";a:0:{}s:10:\\\"timestamps\\\";b:1;s:13:\\\"usesUniqueIds\\\";b:0;s:9:\\\"\\u0000*\\u0000hidden\\\";a:0:{}s:10:\\\"\\u0000*\\u0000visible\\\";a:0:{}s:11:\\\"\\u0000*\\u0000fillable\\\";a:0:{}s:10:\\\"\\u0000*\\u0000guarded\\\";a:0:{}s:18:\\\"nombre_transaccion\\\";s:11:\\\"Comprobante\\\";s:16:\\\"\\u0000*\\u0000forceDeleting\\\";b:0;}i:158;O:18:\\\"App\\\\Models\\\\Receipt\\\":32:{s:13:\\\"\\u0000*\\u0000connection\\\";s:7:\\\"finance\\\";s:8:\\\"\\u0000*\\u0000table\\\";s:8:\\\"receipts\\\";s:13:\\\"\\u0000*\\u0000primaryKey\\\";s:2:\\\"id\\\";s:10:\\\"\\u0000*\\u0000keyType\\\";s:3:\\\"int\\\";s:12:\\\"incrementing\\\";b:1;s:7:\\\"\\u0000*\\u0000with\\\";a:0:{}s:12:\\\"\\u0000*\\u0000withCount\\\";a:0:{}s:19:\\\"preventsLazyLoading\\\";b:0;s:10:\\\"\\u0000*\\u0000perPage\\\";i:15;s:6:\\\"exists\\\";b:1;s:18:\\\"wasRecentlyCreated\\\";b:0;s:28:\\\"\\u0000*\\u0000escapeWhenCastingToString\\\";b:0;s:13:\\\"\\u0000*\\u0000attributes\\\";a:40:{s:2:\\\"id\\\";i:308592;s:7:\\\"user_id\\\";i:11706;s:12:\\\"is_no_fiscal\\\";i:0;s:7:\\\"type_id\\\";i:1;s:15:\\\"type_receipt_id\\\";i:1;s:15:\\\"comprobanteAfip\\\";N;s:14:\\\"ppc_receipt_id\\\";N;s:20:\\\"fact_elec_receipt_id\\\";N;s:20:\\\"cta_cte_tesoreria_id\\\";N;s:9:\\\"period_id\\\";i:705418;s:7:\\\"zone_id\\\";i:1;s:14:\\\"plan_cuenta_id\\\";N;s:21:\\\"conta_centro_costo_id\\\";N;s:11:\\\"activity_id\\\";i:250;s:20:\\\"iva_creditos_tipo_id\\\";i:1;s:17:\\\"retention_type_id\\\";N;s:15:\\\"person_id_owner\\\";i:63875;s:20:\\\"person_id_relationed\\\";i:64023;s:6:\\\"number\\\";s:8:\\\"00000472\\\";s:5:\\\"hasta\\\";N;s:9:\\\"reference\\\";N;s:12:\\\"receipt_date\\\";s:10:\\\"2025-08-21\\\";s:15:\\\"expiration_date\\\";s:10:\\\"2025-08-21\\\";s:11:\\\"code_ticket\\\";s:4:\\\"0002\\\";s:9:\\\"status_id\\\";i:1;s:14:\\\"tax_account_id\\\";N;s:6:\\\"amount\\\";s:9:\\\"173111.07\\\";s:9:\\\"pendiente\\\";s:9:\\\"173111.07\\\";s:9:\\\"moneda_id\\\";i:1;s:10:\\\"cotizacion\\\";s:4:\\\"1.00\\\";s:11:\\\"dc_firma_id\\\";i:3;s:18:\\\"condicion_venta_id\\\";N;s:18:\\\"is_pago_adelantado\\\";N;s:11:\\\"is_garantia\\\";i:0;s:16:\\\"plazo_de_pago_id\\\";N;s:4:\\\"file\\\";N;s:10:\\\"comentario\\\";N;s:10:\\\"created_at\\\";s:19:\\\"2025-08-26 12:13:29\\\";s:10:\\\"updated_at\\\";s:19:\\\"2025-08-26 12:13:29\\\";s:10:\\\"deleted_at\\\";N;}s:11:\\\"\\u0000*\\u0000original\\\";a:40:{s:2:\\\"id\\\";i:308592;s:7:\\\"user_id\\\";i:11706;s:12:\\\"is_no_fiscal\\\";i:0;s:7:\\\"type_id\\\";i:1;s:15:\\\"type_receipt_id\\\";i:1;s:15:\\\"comprobanteAfip\\\";N;s:14:\\\"ppc_receipt_id\\\";N;s:20:\\\"fact_elec_receipt_id\\\";N;s:20:\\\"cta_cte_tesoreria_id\\\";N;s:9:\\\"period_id\\\";i:705418;s:7:\\\"zone_id\\\";i:1;s:14:\\\"plan_cuenta_id\\\";N;s:21:\\\"conta_centro_costo_id\\\";N;s:11:\\\"activity_id\\\";i:250;s:20:\\\"iva_creditos_tipo_id\\\";i:1;s:17:\\\"retention_type_id\\\";N;s:15:\\\"person_id_owner\\\";i:63875;s:20:\\\"person_id_relationed\\\";i:64023;s:6:\\\"number\\\";s:8:\\\"00000472\\\";s:5:\\\"hasta\\\";N;s:9:\\\"reference\\\";N;s:12:\\\"receipt_date\\\";s:10:\\\"2025-08-21\\\";s:15:\\\"expiration_date\\\";s:10:\\\"2025-08-21\\\";s:11:\\\"code_ticket\\\";s:4:\\\"0002\\\";s:9:\\\"status_id\\\";i:1;s:14:\\\"tax_account_id\\\";N;s:6:\\\"amount\\\";s:9:\\\"173111.07\\\";s:9:\\\"pendiente\\\";s:9:\\\"173111.07\\\";s:9:\\\"moneda_id\\\";i:1;s:10:\\\"cotizacion\\\";s:4:\\\"1.00\\\";s:11:\\\"dc_firma_id\\\";i:3;s:18:\\\"condicion_venta_id\\\";N;s:18:\\\"is_pago_adelantado\\\";N;s:11:\\\"is_garantia\\\";i:0;s:16:\\\"plazo_de_pago_id\\\";N;s:4:\\\"file\\\";N;s:10:\\\"comentario\\\";N;s:10:\\\"created_at\\\";s:19:\\\"2025-08-26 12:13:29\\\";s:10:\\\"updated_at\\\";s:19:\\\"2025-08-26 12:13:29\\\";s:10:\\\"deleted_at\\\";N;}s:10:\\\"\\u0000*\\u0000changes\\\";a:0:{}s:8:\\\"\\u0000*\\u0000casts\\\";a:1:{s:10:\\\"deleted_at\\\";s:8:\\\"datetime\\\";}s:17:\\\"\\u0000*\\u0000classCastCache\\\";a:0:{}s:21:\\\"\\u0000*\\u0000attributeCastCache\\\";a:0:{}s:13:\\\"\\u0000*\\u0000dateFormat\\\";N;s:10:\\\"\\u0000*\\u0000appends\\\";a:9:{i:0;s:18:\\\"nombre_transaccion\\\";i:1;s:11:\\\"name_modelo\\\";i:2;s:12:\\\"totalGravado\\\";i:3;s:24:\\\"totalNoGravadoExentoCero\\\";i:4;s:31:\\\"totalGravadoNoGravadoExentoCero\\\";i:5;s:8:\\\"totalIVA\\\";i:6;s:19:\\\"totalOtrosImpuestos\\\";i:7;s:19:\\\"formato_comprobante\\\";i:8;s:10:\\\"creado_por\\\";}s:19:\\\"\\u0000*\\u0000dispatchesEvents\\\";a:0:{}s:14:\\\"\\u0000*\\u0000observables\\\";a:0:{}s:12:\\\"\\u0000*\\u0000relations\\\";a:0:{}s:10:\\\"\\u0000*\\u0000touches\\\";a:0:{}s:10:\\\"timestamps\\\";b:1;s:13:\\\"usesUniqueIds\\\";b:0;s:9:\\\"\\u0000*\\u0000hidden\\\";a:0:{}s:10:\\\"\\u0000*\\u0000visible\\\";a:0:{}s:11:\\\"\\u0000*\\u0000fillable\\\";a:0:{}s:10:\\\"\\u0000*\\u0000guarded\\\";a:0:{}s:18:\\\"nombre_transaccion\\\";s:11:\\\"Comprobante\\\";s:16:\\\"\\u0000*\\u0000forceDeleting\\\";b:0;}i:159;O:18:\\\"App\\\\Models\\\\Receipt\\\":32:{s:13:\\\"\\u0000*\\u0000connection\\\";s:7:\\\"finance\\\";s:8:\\\"\\u0000*\\u0000table\\\";s:8:\\\"receipts\\\";s:13:\\\"\\u0000*\\u0000primaryKey\\\";s:2:\\\"id\\\";s:10:\\\"\\u0000*\\u0000keyType\\\";s:3:\\\"int\\\";s:12:\\\"incrementing\\\";b:1;s:7:\\\"\\u0000*\\u0000with\\\";a:0:{}s:12:\\\"\\u0000*\\u0000withCount\\\";a:0:{}s:19:\\\"preventsLazyLoading\\\";b:0;s:10:\\\"\\u0000*\\u0000perPage\\\";i:15;s:6:\\\"exists\\\";b:1;s:18:\\\"wasRecentlyCreated\\\";b:0;s:28:\\\"\\u0000*\\u0000escapeWhenCastingToString\\\";b:0;s:13:\\\"\\u0000*\\u0000attributes\\\";a:40:{s:2:\\\"id\\\";i:308593;s:7:\\\"user_id\\\";i:11706;s:12:\\\"is_no_fiscal\\\";i:0;s:7:\\\"type_id\\\";i:1;s:15:\\\"type_receipt_id\\\";i:1;s:15:\\\"comprobanteAfip\\\";N;s:14:\\\"ppc_receipt_id\\\";N;s:20:\\\"fact_elec_receipt_id\\\";N;s:20:\\\"cta_cte_tesoreria_id\\\";N;s:9:\\\"period_id\\\";i:705418;s:7:\\\"zone_id\\\";i:1;s:14:\\\"plan_cuenta_id\\\";N;s:21:\\\"conta_centro_costo_id\\\";N;s:11:\\\"activity_id\\\";i:250;s:20:\\\"iva_creditos_tipo_id\\\";i:1;s:17:\\\"retention_type_id\\\";N;s:15:\\\"person_id_owner\\\";i:63875;s:20:\\\"person_id_relationed\\\";i:51796;s:6:\\\"number\\\";s:8:\\\"00000476\\\";s:5:\\\"hasta\\\";N;s:9:\\\"reference\\\";N;s:12:\\\"receipt_date\\\";s:10:\\\"2025-08-22\\\";s:15:\\\"expiration_date\\\";s:10:\\\"2025-08-22\\\";s:11:\\\"code_ticket\\\";s:4:\\\"0002\\\";s:9:\\\"status_id\\\";i:1;s:14:\\\"tax_account_id\\\";N;s:6:\\\"amount\\\";s:8:\\\"34730.24\\\";s:9:\\\"pendiente\\\";s:8:\\\"34730.24\\\";s:9:\\\"moneda_id\\\";i:1;s:10:\\\"cotizacion\\\";s:4:\\\"1.00\\\";s:11:\\\"dc_firma_id\\\";i:3;s:18:\\\"condicion_venta_id\\\";N;s:18:\\\"is_pago_adelantado\\\";N;s:11:\\\"is_garantia\\\";i:0;s:16:\\\"plazo_de_pago_id\\\";N;s:4:\\\"file\\\";N;s:10:\\\"comentario\\\";N;s:10:\\\"created_at\\\";s:19:\\\"2025-08-26 12:13:30\\\";s:10:\\\"updated_at\\\";s:19:\\\"2025-08-26 12:13:30\\\";s:10:\\\"deleted_at\\\";N;}s:11:\\\"\\u0000*\\u0000original\\\";a:40:{s:2:\\\"id\\\";i:308593;s:7:\\\"user_id\\\";i:11706;s:12:\\\"is_no_fiscal\\\";i:0;s:7:\\\"type_id\\\";i:1;s:15:\\\"type_receipt_id\\\";i:1;s:15:\\\"comprobanteAfip\\\";N;s:14:\\\"ppc_receipt_id\\\";N;s:20:\\\"fact_elec_receipt_id\\\";N;s:20:\\\"cta_cte_tesoreria_id\\\";N;s:9:\\\"period_id\\\";i:705418;s:7:\\\"zone_id\\\";i:1;s:14:\\\"plan_cuenta_id\\\";N;s:21:\\\"conta_centro_costo_id\\\";N;s:11:\\\"activity_id\\\";i:250;s:20:\\\"iva_creditos_tipo_id\\\";i:1;s:17:\\\"retention_type_id\\\";N;s:15:\\\"person_id_owner\\\";i:63875;s:20:\\\"person_id_relationed\\\";i:51796;s:6:\\\"number\\\";s:8:\\\"00000476\\\";s:5:\\\"hasta\\\";N;s:9:\\\"reference\\\";N;s:12:\\\"receipt_date\\\";s:10:\\\"2025-08-22\\\";s:15:\\\"expiration_date\\\";s:10:\\\"2025-08-22\\\";s:11:\\\"code_ticket\\\";s:4:\\\"0002\\\";s:9:\\\"status_id\\\";i:1;s:14:\\\"tax_account_id\\\";N;s:6:\\\"amount\\\";s:8:\\\"34730.24\\\";s:9:\\\"pendiente\\\";s:8:\\\"34730.24\\\";s:9:\\\"moneda_id\\\";i:1;s:10:\\\"cotizacion\\\";s:4:\\\"1.00\\\";s:11:\\\"dc_firma_id\\\";i:3;s:18:\\\"condicion_venta_id\\\";N;s:18:\\\"is_pago_adelantado\\\";N;s:11:\\\"is_garantia\\\";i:0;s:16:\\\"plazo_de_pago_id\\\";N;s:4:\\\"file\\\";N;s:10:\\\"comentario\\\";N;s:10:\\\"created_at\\\";s:19:\\\"2025-08-26 12:13:30\\\";s:10:\\\"updated_at\\\";s:19:\\\"2025-08-26 12:13:30\\\";s:10:\\\"deleted_at\\\";N;}s:10:\\\"\\u0000*\\u0000changes\\\";a:0:{}s:8:\\\"\\u0000*\\u0000casts\\\";a:1:{s:10:\\\"deleted_at\\\";s:8:\\\"datetime\\\";}s:17:\\\"\\u0000*\\u0000classCastCache\\\";a:0:{}s:21:\\\"\\u0000*\\u0000attributeCastCache\\\";a:0:{}s:13:\\\"\\u0000*\\u0000dateFormat\\\";N;s:10:\\\"\\u0000*\\u0000appends\\\";a:9:{i:0;s:18:\\\"nombre_transaccion\\\";i:1;s:11:\\\"name_modelo\\\";i:2;s:12:\\\"totalGravado\\\";i:3;s:24:\\\"totalNoGravadoExentoCero\\\";i:4;s:31:\\\"totalGravadoNoGravadoExentoCero\\\";i:5;s:8:\\\"totalIVA\\\";i:6;s:19:\\\"totalOtrosImpuestos\\\";i:7;s:19:\\\"formato_comprobante\\\";i:8;s:10:\\\"creado_por\\\";}s:19:\\\"\\u0000*\\u0000dispatchesEvents\\\";a:0:{}s:14:\\\"\\u0000*\\u0000observables\\\";a:0:{}s:12:\\\"\\u0000*\\u0000relations\\\";a:0:{}s:10:\\\"\\u0000*\\u0000touches\\\";a:0:{}s:10:\\\"timestamps\\\";b:1;s:13:\\\"usesUniqueIds\\\";b:0;s:9:\\\"\\u0000*\\u0000hidden\\\";a:0:{}s:10:\\\"\\u0000*\\u0000visible\\\";a:0:{}s:11:\\\"\\u0000*\\u0000fillable\\\";a:0:{}s:10:\\\"\\u0000*\\u0000guarded\\\";a:0:{}s:18:\\\"nombre_transaccion\\\";s:11:\\\"Comprobante\\\";s:16:\\\"\\u0000*\\u0000forceDeleting\\\";b:0;}i:160;O:18:\\\"App\\\\Models\\\\Receipt\\\":32:{s:13:\\\"\\u0000*\\u0000connection\\\";s:7:\\\"finance\\\";s:8:\\\"\\u0000*\\u0000table\\\";s:8:\\\"receipts\\\";s:13:\\\"\\u0000*\\u0000primaryKey\\\";s:2:\\\"id\\\";s:10:\\\"\\u0000*\\u0000keyType\\\";s:3:\\\"int\\\";s:12:\\\"incrementing\\\";b:1;s:7:\\\"\\u0000*\\u0000with\\\";a:0:{}s:12:\\\"\\u0000*\\u0000withCount\\\";a:0:{}s:19:\\\"preventsLazyLoading\\\";b:0;s:10:\\\"\\u0000*\\u0000perPage\\\";i:15;s:6:\\\"exists\\\";b:1;s:18:\\\"wasRecentlyCreated\\\";b:0;s:28:\\\"\\u0000*\\u0000escapeWhenCastingToString\\\";b:0;s:13:\\\"\\u0000*\\u0000attributes\\\";a:40:{s:2:\\\"id\\\";i:308594;s:7:\\\"user_id\\\";i:11706;s:12:\\\"is_no_fiscal\\\";i:0;s:7:\\\"type_id\\\";i:1;s:15:\\\"type_receipt_id\\\";i:1;s:15:\\\"comprobanteAfip\\\";N;s:14:\\\"ppc_receipt_id\\\";N;s:20:\\\"fact_elec_receipt_id\\\";N;s:20:\\\"cta_cte_tesoreria_id\\\";N;s:9:\\\"period_id\\\";i:705418;s:7:\\\"zone_id\\\";i:1;s:14:\\\"plan_cuenta_id\\\";N;s:21:\\\"conta_centro_costo_id\\\";N;s:11:\\\"activity_id\\\";i:250;s:20:\\\"iva_creditos_tipo_id\\\";i:1;s:17:\\\"retention_type_id\\\";N;s:15:\\\"person_id_owner\\\";i:63875;s:20:\\\"person_id_relationed\\\";i:71413;s:6:\\\"number\\\";s:8:\\\"00000479\\\";s:5:\\\"hasta\\\";N;s:9:\\\"reference\\\";N;s:12:\\\"receipt_date\\\";s:10:\\\"2025-08-22\\\";s:15:\\\"expiration_date\\\";s:10:\\\"2025-08-22\\\";s:11:\\\"code_ticket\\\";s:4:\\\"0002\\\";s:9:\\\"status_id\\\";i:1;s:14:\\\"tax_account_id\\\";N;s:6:\\\"amount\\\";s:8:\\\"70221.62\\\";s:9:\\\"pendiente\\\";s:8:\\\"70221.62\\\";s:9:\\\"moneda_id\\\";i:1;s:10:\\\"cotizacion\\\";s:4:\\\"1.00\\\";s:11:\\\"dc_firma_id\\\";i:3;s:18:\\\"condicion_venta_id\\\";N;s:18:\\\"is_pago_adelantado\\\";N;s:11:\\\"is_garantia\\\";i:0;s:16:\\\"plazo_de_pago_id\\\";N;s:4:\\\"file\\\";N;s:10:\\\"comentario\\\";N;s:10:\\\"created_at\\\";s:19:\\\"2025-08-26 12:13:30\\\";s:10:\\\"updated_at\\\";s:19:\\\"2025-08-26 12:13:30\\\";s:10:\\\"deleted_at\\\";N;}s:11:\\\"\\u0000*\\u0000original\\\";a:40:{s:2:\\\"id\\\";i:308594;s:7:\\\"user_id\\\";i:11706;s:12:\\\"is_no_fiscal\\\";i:0;s:7:\\\"type_id\\\";i:1;s:15:\\\"type_receipt_id\\\";i:1;s:15:\\\"comprobanteAfip\\\";N;s:14:\\\"ppc_receipt_id\\\";N;s:20:\\\"fact_elec_receipt_id\\\";N;s:20:\\\"cta_cte_tesoreria_id\\\";N;s:9:\\\"period_id\\\";i:705418;s:7:\\\"zone_id\\\";i:1;s:14:\\\"plan_cuenta_id\\\";N;s:21:\\\"conta_centro_costo_id\\\";N;s:11:\\\"activity_id\\\";i:250;s:20:\\\"iva_creditos_tipo_id\\\";i:1;s:17:\\\"retention_type_id\\\";N;s:15:\\\"person_id_owner\\\";i:63875;s:20:\\\"person_id_relationed\\\";i:71413;s:6:\\\"number\\\";s:8:\\\"00000479\\\";s:5:\\\"hasta\\\";N;s:9:\\\"reference\\\";N;s:12:\\\"receipt_date\\\";s:10:\\\"2025-08-22\\\";s:15:\\\"expiration_date\\\";s:10:\\\"2025-08-22\\\";s:11:\\\"code_ticket\\\";s:4:\\\"0002\\\";s:9:\\\"status_id\\\";i:1;s:14:\\\"tax_account_id\\\";N;s:6:\\\"amount\\\";s:8:\\\"70221.62\\\";s:9:\\\"pendiente\\\";s:8:\\\"70221.62\\\";s:9:\\\"moneda_id\\\";i:1;s:10:\\\"cotizacion\\\";s:4:\\\"1.00\\\";s:11:\\\"dc_firma_id\\\";i:3;s:18:\\\"condicion_venta_id\\\";N;s:18:\\\"is_pago_adelantado\\\";N;s:11:\\\"is_garantia\\\";i:0;s:16:\\\"plazo_de_pago_id\\\";N;s:4:\\\"file\\\";N;s:10:\\\"comentario\\\";N;s:10:\\\"created_at\\\";s:19:\\\"2025-08-26 12:13:30\\\";s:10:\\\"updated_at\\\";s:19:\\\"2025-08-26 12:13:30\\\";s:10:\\\"deleted_at\\\";N;}s:10:\\\"\\u0000*\\u0000changes\\\";a:0:{}s:8:\\\"\\u0000*\\u0000casts\\\";a:1:{s:10:\\\"deleted_at\\\";s:8:\\\"datetime\\\";}s:17:\\\"\\u0000*\\u0000classCastCache\\\";a:0:{}s:21:\\\"\\u0000*\\u0000attributeCastCache\\\";a:0:{}s:13:\\\"\\u0000*\\u0000dateFormat\\\";N;s:10:\\\"\\u0000*\\u0000appends\\\";a:9:{i:0;s:18:\\\"nombre_transaccion\\\";i:1;s:11:\\\"name_modelo\\\";i:2;s:12:\\\"totalGravado\\\";i:3;s:24:\\\"totalNoGravadoExentoCero\\\";i:4;s:31:\\\"totalGravadoNoGravadoExentoCero\\\";i:5;s:8:\\\"totalIVA\\\";i:6;s:19:\\\"totalOtrosImpuestos\\\";i:7;s:19:\\\"formato_comprobante\\\";i:8;s:10:\\\"creado_por\\\";}s:19:\\\"\\u0000*\\u0000dispatchesEvents\\\";a:0:{}s:14:\\\"\\u0000*\\u0000observables\\\";a:0:{}s:12:\\\"\\u0000*\\u0000relations\\\";a:0:{}s:10:\\\"\\u0000*\\u0000touches\\\";a:0:{}s:10:\\\"timestamps\\\";b:1;s:13:\\\"usesUniqueIds\\\";b:0;s:9:\\\"\\u0000*\\u0000hidden\\\";a:0:{}s:10:\\\"\\u0000*\\u0000visible\\\";a:0:{}s:11:\\\"\\u0000*\\u0000fillable\\\";a:0:{}s:10:\\\"\\u0000*\\u0000guarded\\\";a:0:{}s:18:\\\"nombre_transaccion\\\";s:11:\\\"Comprobante\\\";s:16:\\\"\\u0000*\\u0000forceDeleting\\\";b:0;}i:161;O:18:\\\"App\\\\Models\\\\Receipt\\\":32:{s:13:\\\"\\u0000*\\u0000connection\\\";s:7:\\\"finance\\\";s:8:\\\"\\u0000*\\u0000table\\\";s:8:\\\"receipts\\\";s:13:\\\"\\u0000*\\u0000primaryKey\\\";s:2:\\\"id\\\";s:10:\\\"\\u0000*\\u0000keyType\\\";s:3:\\\"int\\\";s:12:\\\"incrementing\\\";b:1;s:7:\\\"\\u0000*\\u0000with\\\";a:0:{}s:12:\\\"\\u0000*\\u0000withCount\\\";a:0:{}s:19:\\\"preventsLazyLoading\\\";b:0;s:10:\\\"\\u0000*\\u0000perPage\\\";i:15;s:6:\\\"exists\\\";b:1;s:18:\\\"wasRecentlyCreated\\\";b:0;s:28:\\\"\\u0000*\\u0000escapeWhenCastingToString\\\";b:0;s:13:\\\"\\u0000*\\u0000attributes\\\";a:40:{s:2:\\\"id\\\";i:308595;s:7:\\\"user_id\\\";i:11706;s:12:\\\"is_no_fiscal\\\";i:0;s:7:\\\"type_id\\\";i:1;s:15:\\\"type_receipt_id\\\";i:1;s:15:\\\"comprobanteAfip\\\";N;s:14:\\\"ppc_receipt_id\\\";N;s:20:\\\"fact_elec_receipt_id\\\";N;s:20:\\\"cta_cte_tesoreria_id\\\";N;s:9:\\\"period_id\\\";i:705418;s:7:\\\"zone_id\\\";i:1;s:14:\\\"plan_cuenta_id\\\";N;s:21:\\\"conta_centro_costo_id\\\";N;s:11:\\\"activity_id\\\";i:250;s:20:\\\"iva_creditos_tipo_id\\\";i:1;s:17:\\\"retention_type_id\\\";N;s:15:\\\"person_id_owner\\\";i:63875;s:20:\\\"person_id_relationed\\\";i:70837;s:6:\\\"number\\\";s:8:\\\"00000032\\\";s:5:\\\"hasta\\\";N;s:9:\\\"reference\\\";N;s:12:\\\"receipt_date\\\";s:10:\\\"2025-08-22\\\";s:15:\\\"expiration_date\\\";s:10:\\\"2025-08-22\\\";s:11:\\\"code_ticket\\\";s:4:\\\"0004\\\";s:9:\\\"status_id\\\";i:1;s:14:\\\"tax_account_id\\\";N;s:6:\\\"amount\\\";s:8:\\\"43706.00\\\";s:9:\\\"pendiente\\\";s:8:\\\"43706.00\\\";s:9:\\\"moneda_id\\\";i:1;s:10:\\\"cotizacion\\\";s:4:\\\"1.00\\\";s:11:\\\"dc_firma_id\\\";i:3;s:18:\\\"condicion_venta_id\\\";N;s:18:\\\"is_pago_adelantado\\\";N;s:11:\\\"is_garantia\\\";i:0;s:16:\\\"plazo_de_pago_id\\\";N;s:4:\\\"file\\\";N;s:10:\\\"comentario\\\";N;s:10:\\\"created_at\\\";s:19:\\\"2025-08-26 12:13:30\\\";s:10:\\\"updated_at\\\";s:19:\\\"2025-08-26 12:13:30\\\";s:10:\\\"deleted_at\\\";N;}s:11:\\\"\\u0000*\\u0000original\\\";a:40:{s:2:\\\"id\\\";i:308595;s:7:\\\"user_id\\\";i:11706;s:12:\\\"is_no_fiscal\\\";i:0;s:7:\\\"type_id\\\";i:1;s:15:\\\"type_receipt_id\\\";i:1;s:15:\\\"comprobanteAfip\\\";N;s:14:\\\"ppc_receipt_id\\\";N;s:20:\\\"fact_elec_receipt_id\\\";N;s:20:\\\"cta_cte_tesoreria_id\\\";N;s:9:\\\"period_id\\\";i:705418;s:7:\\\"zone_id\\\";i:1;s:14:\\\"plan_cuenta_id\\\";N;s:21:\\\"conta_centro_costo_id\\\";N;s:11:\\\"activity_id\\\";i:250;s:20:\\\"iva_creditos_tipo_id\\\";i:1;s:17:\\\"retention_type_id\\\";N;s:15:\\\"person_id_owner\\\";i:63875;s:20:\\\"person_id_relationed\\\";i:70837;s:6:\\\"number\\\";s:8:\\\"00000032\\\";s:5:\\\"hasta\\\";N;s:9:\\\"reference\\\";N;s:12:\\\"receipt_date\\\";s:10:\\\"2025-08-22\\\";s:15:\\\"expiration_date\\\";s:10:\\\"2025-08-22\\\";s:11:\\\"code_ticket\\\";s:4:\\\"0004\\\";s:9:\\\"status_id\\\";i:1;s:14:\\\"tax_account_id\\\";N;s:6:\\\"amount\\\";s:8:\\\"43706.00\\\";s:9:\\\"pendiente\\\";s:8:\\\"43706.00\\\";s:9:\\\"moneda_id\\\";i:1;s:10:\\\"cotizacion\\\";s:4:\\\"1.00\\\";s:11:\\\"dc_firma_id\\\";i:3;s:18:\\\"condicion_venta_id\\\";N;s:18:\\\"is_pago_adelantado\\\";N;s:11:\\\"is_garantia\\\";i:0;s:16:\\\"plazo_de_pago_id\\\";N;s:4:\\\"file\\\";N;s:10:\\\"comentario\\\";N;s:10:\\\"created_at\\\";s:19:\\\"2025-08-26 12:13:30\\\";s:10:\\\"updated_at\\\";s:19:\\\"2025-08-26 12:13:30\\\";s:10:\\\"deleted_at\\\";N;}s:10:\\\"\\u0000*\\u0000changes\\\";a:0:{}s:8:\\\"\\u0000*\\u0000casts\\\";a:1:{s:10:\\\"deleted_at\\\";s:8:\\\"datetime\\\";}s:17:\\\"\\u0000*\\u0000classCastCache\\\";a:0:{}s:21:\\\"\\u0000*\\u0000attributeCastCache\\\";a:0:{}s:13:\\\"\\u0000*\\u0000dateFormat\\\";N;s:10:\\\"\\u0000*\\u0000appends\\\";a:9:{i:0;s:18:\\\"nombre_transaccion\\\";i:1;s:11:\\\"name_modelo\\\";i:2;s:12:\\\"totalGravado\\\";i:3;s:24:\\\"totalNoGravadoExentoCero\\\";i:4;s:31:\\\"totalGravadoNoGravadoExentoCero\\\";i:5;s:8:\\\"totalIVA\\\";i:6;s:19:\\\"totalOtrosImpuestos\\\";i:7;s:19:\\\"formato_comprobante\\\";i:8;s:10:\\\"creado_por\\\";}s:19:\\\"\\u0000*\\u0000dispatchesEvents\\\";a:0:{}s:14:\\\"\\u0000*\\u0000observables\\\";a:0:{}s:12:\\\"\\u0000*\\u0000relations\\\";a:0:{}s:10:\\\"\\u0000*\\u0000touches\\\";a:0:{}s:10:\\\"timestamps\\\";b:1;s:13:\\\"usesUniqueIds\\\";b:0;s:9:\\\"\\u0000*\\u0000hidden\\\";a:0:{}s:10:\\\"\\u0000*\\u0000visible\\\";a:0:{}s:11:\\\"\\u0000*\\u0000fillable\\\";a:0:{}s:10:\\\"\\u0000*\\u0000guarded\\\";a:0:{}s:18:\\\"nombre_transaccion\\\";s:11:\\\"Comprobante\\\";s:16:\\\"\\u0000*\\u0000forceDeleting\\\";b:0;}i:162;O:18:\\\"App\\\\Models\\\\Receipt\\\":32:{s:13:\\\"\\u0000*\\u0000connection\\\";s:7:\\\"finance\\\";s:8:\\\"\\u0000*\\u0000table\\\";s:8:\\\"receipts\\\";s:13:\\\"\\u0000*\\u0000primaryKey\\\";s:2:\\\"id\\\";s:10:\\\"\\u0000*\\u0000keyType\\\";s:3:\\\"int\\\";s:12:\\\"incrementing\\\";b:1;s:7:\\\"\\u0000*\\u0000with\\\";a:0:{}s:12:\\\"\\u0000*\\u0000withCount\\\";a:0:{}s:19:\\\"preventsLazyLoading\\\";b:0;s:10:\\\"\\u0000*\\u0000perPage\\\";i:15;s:6:\\\"exists\\\";b:1;s:18:\\\"wasRecentlyCreated\\\";b:0;s:28:\\\"\\u0000*\\u0000escapeWhenCastingToString\\\";b:0;s:13:\\\"\\u0000*\\u0000attributes\\\";a:40:{s:2:\\\"id\\\";i:308596;s:7:\\\"user_id\\\";i:11706;s:12:\\\"is_no_fiscal\\\";i:0;s:7:\\\"type_id\\\";i:1;s:15:\\\"type_receipt_id\\\";i:1;s:15:\\\"comprobanteAfip\\\";N;s:14:\\\"ppc_receipt_id\\\";N;s:20:\\\"fact_elec_receipt_id\\\";N;s:20:\\\"cta_cte_tesoreria_id\\\";N;s:9:\\\"period_id\\\";i:705418;s:7:\\\"zone_id\\\";i:1;s:14:\\\"plan_cuenta_id\\\";N;s:21:\\\"conta_centro_costo_id\\\";N;s:11:\\\"activity_id\\\";i:250;s:20:\\\"iva_creditos_tipo_id\\\";i:1;s:17:\\\"retention_type_id\\\";N;s:15:\\\"person_id_owner\\\";i:63875;s:20:\\\"person_id_relationed\\\";i:42170;s:6:\\\"number\\\";s:8:\\\"00000477\\\";s:5:\\\"hasta\\\";N;s:9:\\\"reference\\\";N;s:12:\\\"receipt_date\\\";s:10:\\\"2025-08-22\\\";s:15:\\\"expiration_date\\\";s:10:\\\"2025-08-22\\\";s:11:\\\"code_ticket\\\";s:4:\\\"0002\\\";s:9:\\\"status_id\\\";i:1;s:14:\\\"tax_account_id\\\";N;s:6:\\\"amount\\\";s:8:\\\"76368.18\\\";s:9:\\\"pendiente\\\";s:8:\\\"76368.18\\\";s:9:\\\"moneda_id\\\";i:1;s:10:\\\"cotizacion\\\";s:4:\\\"1.00\\\";s:11:\\\"dc_firma_id\\\";i:3;s:18:\\\"condicion_venta_id\\\";N;s:18:\\\"is_pago_adelantado\\\";N;s:11:\\\"is_garantia\\\";i:0;s:16:\\\"plazo_de_pago_id\\\";N;s:4:\\\"file\\\";N;s:10:\\\"comentario\\\";N;s:10:\\\"created_at\\\";s:19:\\\"2025-08-26 12:13:30\\\";s:10:\\\"updated_at\\\";s:19:\\\"2025-08-26 12:13:30\\\";s:10:\\\"deleted_at\\\";N;}s:11:\\\"\\u0000*\\u0000original\\\";a:40:{s:2:\\\"id\\\";i:308596;s:7:\\\"user_id\\\";i:11706;s:12:\\\"is_no_fiscal\\\";i:0;s:7:\\\"type_id\\\";i:1;s:15:\\\"type_receipt_id\\\";i:1;s:15:\\\"comprobanteAfip\\\";N;s:14:\\\"ppc_receipt_id\\\";N;s:20:\\\"fact_elec_receipt_id\\\";N;s:20:\\\"cta_cte_tesoreria_id\\\";N;s:9:\\\"period_id\\\";i:705418;s:7:\\\"zone_id\\\";i:1;s:14:\\\"plan_cuenta_id\\\";N;s:21:\\\"conta_centro_costo_id\\\";N;s:11:\\\"activity_id\\\";i:250;s:20:\\\"iva_creditos_tipo_id\\\";i:1;s:17:\\\"retention_type_id\\\";N;s:15:\\\"person_id_owner\\\";i:63875;s:20:\\\"person_id_relationed\\\";i:42170;s:6:\\\"number\\\";s:8:\\\"00000477\\\";s:5:\\\"hasta\\\";N;s:9:\\\"reference\\\";N;s:12:\\\"receipt_date\\\";s:10:\\\"2025-08-22\\\";s:15:\\\"expiration_date\\\";s:10:\\\"2025-08-22\\\";s:11:\\\"code_ticket\\\";s:4:\\\"0002\\\";s:9:\\\"status_id\\\";i:1;s:14:\\\"tax_account_id\\\";N;s:6:\\\"amount\\\";s:8:\\\"76368.18\\\";s:9:\\\"pendiente\\\";s:8:\\\"76368.18\\\";s:9:\\\"moneda_id\\\";i:1;s:10:\\\"cotizacion\\\";s:4:\\\"1.00\\\";s:11:\\\"dc_firma_id\\\";i:3;s:18:\\\"condicion_venta_id\\\";N;s:18:\\\"is_pago_adelantado\\\";N;s:11:\\\"is_garantia\\\";i:0;s:16:\\\"plazo_de_pago_id\\\";N;s:4:\\\"file\\\";N;s:10:\\\"comentario\\\";N;s:10:\\\"created_at\\\";s:19:\\\"2025-08-26 12:13:30\\\";s:10:\\\"updated_at\\\";s:19:\\\"2025-08-26 12:13:30\\\";s:10:\\\"deleted_at\\\";N;}s:10:\\\"\\u0000*\\u0000changes\\\";a:0:{}s:8:\\\"\\u0000*\\u0000casts\\\";a:1:{s:10:\\\"deleted_at\\\";s:8:\\\"datetime\\\";}s:17:\\\"\\u0000*\\u0000classCastCache\\\";a:0:{}s:21:\\\"\\u0000*\\u0000attributeCastCache\\\";a:0:{}s:13:\\\"\\u0000*\\u0000dateFormat\\\";N;s:10:\\\"\\u0000*\\u0000appends\\\";a:9:{i:0;s:18:\\\"nombre_transaccion\\\";i:1;s:11:\\\"name_modelo\\\";i:2;s:12:\\\"totalGravado\\\";i:3;s:24:\\\"totalNoGravadoExentoCero\\\";i:4;s:31:\\\"totalGravadoNoGravadoExentoCero\\\";i:5;s:8:\\\"totalIVA\\\";i:6;s:19:\\\"totalOtrosImpuestos\\\";i:7;s:19:\\\"formato_comprobante\\\";i:8;s:10:\\\"creado_por\\\";}s:19:\\\"\\u0000*\\u0000dispatchesEvents\\\";a:0:{}s:14:\\\"\\u0000*\\u0000observables\\\";a:0:{}s:12:\\\"\\u0000*\\u0000relations\\\";a:0:{}s:10:\\\"\\u0000*\\u0000touches\\\";a:0:{}s:10:\\\"timestamps\\\";b:1;s:13:\\\"usesUniqueIds\\\";b:0;s:9:\\\"\\u0000*\\u0000hidden\\\";a:0:{}s:10:\\\"\\u0000*\\u0000visible\\\";a:0:{}s:11:\\\"\\u0000*\\u0000fillable\\\";a:0:{}s:10:\\\"\\u0000*\\u0000guarded\\\";a:0:{}s:18:\\\"nombre_transaccion\\\";s:11:\\\"Comprobante\\\";s:16:\\\"\\u0000*\\u0000forceDeleting\\\";b:0;}i:163;O:18:\\\"App\\\\Models\\\\Receipt\\\":32:{s:13:\\\"\\u0000*\\u0000connection\\\";s:7:\\\"finance\\\";s:8:\\\"\\u0000*\\u0000table\\\";s:8:\\\"receipts\\\";s:13:\\\"\\u0000*\\u0000primaryKey\\\";s:2:\\\"id\\\";s:10:\\\"\\u0000*\\u0000keyType\\\";s:3:\\\"int\\\";s:12:\\\"incrementing\\\";b:1;s:7:\\\"\\u0000*\\u0000with\\\";a:0:{}s:12:\\\"\\u0000*\\u0000withCount\\\";a:0:{}s:19:\\\"preventsLazyLoading\\\";b:0;s:10:\\\"\\u0000*\\u0000perPage\\\";i:15;s:6:\\\"exists\\\";b:1;s:18:\\\"wasRecentlyCreated\\\";b:0;s:28:\\\"\\u0000*\\u0000escapeWhenCastingToString\\\";b:0;s:13:\\\"\\u0000*\\u0000attributes\\\";a:40:{s:2:\\\"id\\\";i:308597;s:7:\\\"user_id\\\";i:11706;s:12:\\\"is_no_fiscal\\\";i:0;s:7:\\\"type_id\\\";i:1;s:15:\\\"type_receipt_id\\\";i:1;s:15:\\\"comprobanteAfip\\\";N;s:14:\\\"ppc_receipt_id\\\";N;s:20:\\\"fact_elec_receipt_id\\\";N;s:20:\\\"cta_cte_tesoreria_id\\\";N;s:9:\\\"period_id\\\";i:705418;s:7:\\\"zone_id\\\";i:1;s:14:\\\"plan_cuenta_id\\\";N;s:21:\\\"conta_centro_costo_id\\\";N;s:11:\\\"activity_id\\\";i:250;s:20:\\\"iva_creditos_tipo_id\\\";i:1;s:17:\\\"retention_type_id\\\";N;s:15:\\\"person_id_owner\\\";i:63875;s:20:\\\"person_id_relationed\\\";i:51796;s:6:\\\"number\\\";s:8:\\\"00000478\\\";s:5:\\\"hasta\\\";N;s:9:\\\"reference\\\";N;s:12:\\\"receipt_date\\\";s:10:\\\"2025-08-22\\\";s:15:\\\"expiration_date\\\";s:10:\\\"2025-08-22\\\";s:11:\\\"code_ticket\\\";s:4:\\\"0002\\\";s:9:\\\"status_id\\\";i:1;s:14:\\\"tax_account_id\\\";N;s:6:\\\"amount\\\";s:7:\\\"5845.40\\\";s:9:\\\"pendiente\\\";s:7:\\\"5845.40\\\";s:9:\\\"moneda_id\\\";i:1;s:10:\\\"cotizacion\\\";s:4:\\\"1.00\\\";s:11:\\\"dc_firma_id\\\";i:3;s:18:\\\"condicion_venta_id\\\";N;s:18:\\\"is_pago_adelantado\\\";N;s:11:\\\"is_garantia\\\";i:0;s:16:\\\"plazo_de_pago_id\\\";N;s:4:\\\"file\\\";N;s:10:\\\"comentario\\\";N;s:10:\\\"created_at\\\";s:19:\\\"2025-08-26 12:13:31\\\";s:10:\\\"updated_at\\\";s:19:\\\"2025-08-26 12:13:31\\\";s:10:\\\"deleted_at\\\";N;}s:11:\\\"\\u0000*\\u0000original\\\";a:40:{s:2:\\\"id\\\";i:308597;s:7:\\\"user_id\\\";i:11706;s:12:\\\"is_no_fiscal\\\";i:0;s:7:\\\"type_id\\\";i:1;s:15:\\\"type_receipt_id\\\";i:1;s:15:\\\"comprobanteAfip\\\";N;s:14:\\\"ppc_receipt_id\\\";N;s:20:\\\"fact_elec_receipt_id\\\";N;s:20:\\\"cta_cte_tesoreria_id\\\";N;s:9:\\\"period_id\\\";i:705418;s:7:\\\"zone_id\\\";i:1;s:14:\\\"plan_cuenta_id\\\";N;s:21:\\\"conta_centro_costo_id\\\";N;s:11:\\\"activity_id\\\";i:250;s:20:\\\"iva_creditos_tipo_id\\\";i:1;s:17:\\\"retention_type_id\\\";N;s:15:\\\"person_id_owner\\\";i:63875;s:20:\\\"person_id_relationed\\\";i:51796;s:6:\\\"number\\\";s:8:\\\"00000478\\\";s:5:\\\"hasta\\\";N;s:9:\\\"reference\\\";N;s:12:\\\"receipt_date\\\";s:10:\\\"2025-08-22\\\";s:15:\\\"expiration_date\\\";s:10:\\\"2025-08-22\\\";s:11:\\\"code_ticket\\\";s:4:\\\"0002\\\";s:9:\\\"status_id\\\";i:1;s:14:\\\"tax_account_id\\\";N;s:6:\\\"amount\\\";s:7:\\\"5845.40\\\";s:9:\\\"pendiente\\\";s:7:\\\"5845.40\\\";s:9:\\\"moneda_id\\\";i:1;s:10:\\\"cotizacion\\\";s:4:\\\"1.00\\\";s:11:\\\"dc_firma_id\\\";i:3;s:18:\\\"condicion_venta_id\\\";N;s:18:\\\"is_pago_adelantado\\\";N;s:11:\\\"is_garantia\\\";i:0;s:16:\\\"plazo_de_pago_id\\\";N;s:4:\\\"file\\\";N;s:10:\\\"comentario\\\";N;s:10:\\\"created_at\\\";s:19:\\\"2025-08-26 12:13:31\\\";s:10:\\\"updated_at\\\";s:19:\\\"2025-08-26 12:13:31\\\";s:10:\\\"deleted_at\\\";N;}s:10:\\\"\\u0000*\\u0000changes\\\";a:0:{}s:8:\\\"\\u0000*\\u0000casts\\\";a:1:{s:10:\\\"deleted_at\\\";s:8:\\\"datetime\\\";}s:17:\\\"\\u0000*\\u0000classCastCache\\\";a:0:{}s:21:\\\"\\u0000*\\u0000attributeCastCache\\\";a:0:{}s:13:\\\"\\u0000*\\u0000dateFormat\\\";N;s:10:\\\"\\u0000*\\u0000appends\\\";a:9:{i:0;s:18:\\\"nombre_transaccion\\\";i:1;s:11:\\\"name_modelo\\\";i:2;s:12:\\\"totalGravado\\\";i:3;s:24:\\\"totalNoGravadoExentoCero\\\";i:4;s:31:\\\"totalGravadoNoGravadoExentoCero\\\";i:5;s:8:\\\"totalIVA\\\";i:6;s:19:\\\"totalOtrosImpuestos\\\";i:7;s:19:\\\"formato_comprobante\\\";i:8;s:10:\\\"creado_por\\\";}s:19:\\\"\\u0000*\\u0000dispatchesEvents\\\";a:0:{}s:14:\\\"\\u0000*\\u0000observables\\\";a:0:{}s:12:\\\"\\u0000*\\u0000relations\\\";a:0:{}s:10:\\\"\\u0000*\\u0000touches\\\";a:0:{}s:10:\\\"timestamps\\\";b:1;s:13:\\\"usesUniqueIds\\\";b:0;s:9:\\\"\\u0000*\\u0000hidden\\\";a:0:{}s:10:\\\"\\u0000*\\u0000visible\\\";a:0:{}s:11:\\\"\\u0000*\\u0000fillable\\\";a:0:{}s:10:\\\"\\u0000*\\u0000guarded\\\";a:0:{}s:18:\\\"nombre_transaccion\\\";s:11:\\\"Comprobante\\\";s:16:\\\"\\u0000*\\u0000forceDeleting\\\";b:0;}i:164;O:18:\\\"App\\\\Models\\\\Receipt\\\":32:{s:13:\\\"\\u0000*\\u0000connection\\\";s:7:\\\"finance\\\";s:8:\\\"\\u0000*\\u0000table\\\";s:8:\\\"receipts\\\";s:13:\\\"\\u0000*\\u0000primaryKey\\\";s:2:\\\"id\\\";s:10:\\\"\\u0000*\\u0000keyType\\\";s:3:\\\"int\\\";s:12:\\\"incrementing\\\";b:1;s:7:\\\"\\u0000*\\u0000with\\\";a:0:{}s:12:\\\"\\u0000*\\u0000withCount\\\";a:0:{}s:19:\\\"preventsLazyLoading\\\";b:0;s:10:\\\"\\u0000*\\u0000perPage\\\";i:15;s:6:\\\"exists\\\";b:1;s:18:\\\"wasRecentlyCreated\\\";b:0;s:28:\\\"\\u0000*\\u0000escapeWhenCastingToString\\\";b:0;s:13:\\\"\\u0000*\\u0000attributes\\\";a:40:{s:2:\\\"id\\\";i:308598;s:7:\\\"user_id\\\";i:11706;s:12:\\\"is_no_fiscal\\\";i:0;s:7:\\\"type_id\\\";i:1;s:15:\\\"type_receipt_id\\\";i:1;s:15:\\\"comprobanteAfip\\\";N;s:14:\\\"ppc_receipt_id\\\";N;s:20:\\\"fact_elec_receipt_id\\\";N;s:20:\\\"cta_cte_tesoreria_id\\\";N;s:9:\\\"period_id\\\";i:705418;s:7:\\\"zone_id\\\";i:1;s:14:\\\"plan_cuenta_id\\\";N;s:21:\\\"conta_centro_costo_id\\\";N;s:11:\\\"activity_id\\\";i:250;s:20:\\\"iva_creditos_tipo_id\\\";i:1;s:17:\\\"retention_type_id\\\";N;s:15:\\\"person_id_owner\\\";i:63875;s:20:\\\"person_id_relationed\\\";i:63999;s:6:\\\"number\\\";s:8:\\\"00000480\\\";s:5:\\\"hasta\\\";N;s:9:\\\"reference\\\";N;s:12:\\\"receipt_date\\\";s:10:\\\"2025-08-22\\\";s:15:\\\"expiration_date\\\";s:10:\\\"2025-08-22\\\";s:11:\\\"code_ticket\\\";s:4:\\\"0002\\\";s:9:\\\"status_id\\\";i:1;s:14:\\\"tax_account_id\\\";N;s:6:\\\"amount\\\";s:7:\\\"8507.50\\\";s:9:\\\"pendiente\\\";s:7:\\\"8507.50\\\";s:9:\\\"moneda_id\\\";i:1;s:10:\\\"cotizacion\\\";s:4:\\\"1.00\\\";s:11:\\\"dc_firma_id\\\";i:3;s:18:\\\"condicion_venta_id\\\";N;s:18:\\\"is_pago_adelantado\\\";N;s:11:\\\"is_garantia\\\";i:0;s:16:\\\"plazo_de_pago_id\\\";N;s:4:\\\"file\\\";N;s:10:\\\"comentario\\\";N;s:10:\\\"created_at\\\";s:19:\\\"2025-08-26 12:13:31\\\";s:10:\\\"updated_at\\\";s:19:\\\"2025-08-26 12:13:31\\\";s:10:\\\"deleted_at\\\";N;}s:11:\\\"\\u0000*\\u0000original\\\";a:40:{s:2:\\\"id\\\";i:308598;s:7:\\\"user_id\\\";i:11706;s:12:\\\"is_no_fiscal\\\";i:0;s:7:\\\"type_id\\\";i:1;s:15:\\\"type_receipt_id\\\";i:1;s:15:\\\"comprobanteAfip\\\";N;s:14:\\\"ppc_receipt_id\\\";N;s:20:\\\"fact_elec_receipt_id\\\";N;s:20:\\\"cta_cte_tesoreria_id\\\";N;s:9:\\\"period_id\\\";i:705418;s:7:\\\"zone_id\\\";i:1;s:14:\\\"plan_cuenta_id\\\";N;s:21:\\\"conta_centro_costo_id\\\";N;s:11:\\\"activity_id\\\";i:250;s:20:\\\"iva_creditos_tipo_id\\\";i:1;s:17:\\\"retention_type_id\\\";N;s:15:\\\"person_id_owner\\\";i:63875;s:20:\\\"person_id_relationed\\\";i:63999;s:6:\\\"number\\\";s:8:\\\"00000480\\\";s:5:\\\"hasta\\\";N;s:9:\\\"reference\\\";N;s:12:\\\"receipt_date\\\";s:10:\\\"2025-08-22\\\";s:15:\\\"expiration_date\\\";s:10:\\\"2025-08-22\\\";s:11:\\\"code_ticket\\\";s:4:\\\"0002\\\";s:9:\\\"status_id\\\";i:1;s:14:\\\"tax_account_id\\\";N;s:6:\\\"amount\\\";s:7:\\\"8507.50\\\";s:9:\\\"pendiente\\\";s:7:\\\"8507.50\\\";s:9:\\\"moneda_id\\\";i:1;s:10:\\\"cotizacion\\\";s:4:\\\"1.00\\\";s:11:\\\"dc_firma_id\\\";i:3;s:18:\\\"condicion_venta_id\\\";N;s:18:\\\"is_pago_adelantado\\\";N;s:11:\\\"is_garantia\\\";i:0;s:16:\\\"plazo_de_pago_id\\\";N;s:4:\\\"file\\\";N;s:10:\\\"comentario\\\";N;s:10:\\\"created_at\\\";s:19:\\\"2025-08-26 12:13:31\\\";s:10:\\\"updated_at\\\";s:19:\\\"2025-08-26 12:13:31\\\";s:10:\\\"deleted_at\\\";N;}s:10:\\\"\\u0000*\\u0000changes\\\";a:0:{}s:8:\\\"\\u0000*\\u0000casts\\\";a:1:{s:10:\\\"deleted_at\\\";s:8:\\\"datetime\\\";}s:17:\\\"\\u0000*\\u0000classCastCache\\\";a:0:{}s:21:\\\"\\u0000*\\u0000attributeCastCache\\\";a:0:{}s:13:\\\"\\u0000*\\u0000dateFormat\\\";N;s:10:\\\"\\u0000*\\u0000appends\\\";a:9:{i:0;s:18:\\\"nombre_transaccion\\\";i:1;s:11:\\\"name_modelo\\\";i:2;s:12:\\\"totalGravado\\\";i:3;s:24:\\\"totalNoGravadoExentoCero\\\";i:4;s:31:\\\"totalGravadoNoGravadoExentoCero\\\";i:5;s:8:\\\"totalIVA\\\";i:6;s:19:\\\"totalOtrosImpuestos\\\";i:7;s:19:\\\"formato_comprobante\\\";i:8;s:10:\\\"creado_por\\\";}s:19:\\\"\\u0000*\\u0000dispatchesEvents\\\";a:0:{}s:14:\\\"\\u0000*\\u0000observables\\\";a:0:{}s:12:\\\"\\u0000*\\u0000relations\\\";a:0:{}s:10:\\\"\\u0000*\\u0000touches\\\";a:0:{}s:10:\\\"timestamps\\\";b:1;s:13:\\\"usesUniqueIds\\\";b:0;s:9:\\\"\\u0000*\\u0000hidden\\\";a:0:{}s:10:\\\"\\u0000*\\u0000visible\\\";a:0:{}s:11:\\\"\\u0000*\\u0000fillable\\\";a:0:{}s:10:\\\"\\u0000*\\u0000guarded\\\";a:0:{}s:18:\\\"nombre_transaccion\\\";s:11:\\\"Comprobante\\\";s:16:\\\"\\u0000*\\u0000forceDeleting\\\";b:0;}i:165;O:18:\\\"App\\\\Models\\\\Receipt\\\":32:{s:13:\\\"\\u0000*\\u0000connection\\\";s:7:\\\"finance\\\";s:8:\\\"\\u0000*\\u0000table\\\";s:8:\\\"receipts\\\";s:13:\\\"\\u0000*\\u0000primaryKey\\\";s:2:\\\"id\\\";s:10:\\\"\\u0000*\\u0000keyType\\\";s:3:\\\"int\\\";s:12:\\\"incrementing\\\";b:1;s:7:\\\"\\u0000*\\u0000with\\\";a:0:{}s:12:\\\"\\u0000*\\u0000withCount\\\";a:0:{}s:19:\\\"preventsLazyLoading\\\";b:0;s:10:\\\"\\u0000*\\u0000perPage\\\";i:15;s:6:\\\"exists\\\";b:1;s:18:\\\"wasRecentlyCreated\\\";b:0;s:28:\\\"\\u0000*\\u0000escapeWhenCastingToString\\\";b:0;s:13:\\\"\\u0000*\\u0000attributes\\\";a:40:{s:2:\\\"id\\\";i:308599;s:7:\\\"user_id\\\";i:11706;s:12:\\\"is_no_fiscal\\\";i:0;s:7:\\\"type_id\\\";i:1;s:15:\\\"type_receipt_id\\\";i:1;s:15:\\\"comprobanteAfip\\\";N;s:14:\\\"ppc_receipt_id\\\";N;s:20:\\\"fact_elec_receipt_id\\\";N;s:20:\\\"cta_cte_tesoreria_id\\\";N;s:9:\\\"period_id\\\";i:705418;s:7:\\\"zone_id\\\";i:1;s:14:\\\"plan_cuenta_id\\\";N;s:21:\\\"conta_centro_costo_id\\\";N;s:11:\\\"activity_id\\\";i:250;s:20:\\\"iva_creditos_tipo_id\\\";i:1;s:17:\\\"retention_type_id\\\";N;s:15:\\\"person_id_owner\\\";i:63875;s:20:\\\"person_id_relationed\\\";i:41324;s:6:\\\"number\\\";s:8:\\\"00000481\\\";s:5:\\\"hasta\\\";N;s:9:\\\"reference\\\";N;s:12:\\\"receipt_date\\\";s:10:\\\"2025-08-25\\\";s:15:\\\"expiration_date\\\";s:10:\\\"2025-08-25\\\";s:11:\\\"code_ticket\\\";s:4:\\\"0002\\\";s:9:\\\"status_id\\\";i:1;s:14:\\\"tax_account_id\\\";N;s:6:\\\"amount\\\";s:9:\\\"333296.76\\\";s:9:\\\"pendiente\\\";s:9:\\\"333296.76\\\";s:9:\\\"moneda_id\\\";i:1;s:10:\\\"cotizacion\\\";s:4:\\\"1.00\\\";s:11:\\\"dc_firma_id\\\";i:3;s:18:\\\"condicion_venta_id\\\";N;s:18:\\\"is_pago_adelantado\\\";N;s:11:\\\"is_garantia\\\";i:0;s:16:\\\"plazo_de_pago_id\\\";N;s:4:\\\"file\\\";N;s:10:\\\"comentario\\\";N;s:10:\\\"created_at\\\";s:19:\\\"2025-08-26 12:13:31\\\";s:10:\\\"updated_at\\\";s:19:\\\"2025-08-26 12:13:31\\\";s:10:\\\"deleted_at\\\";N;}s:11:\\\"\\u0000*\\u0000original\\\";a:40:{s:2:\\\"id\\\";i:308599;s:7:\\\"user_id\\\";i:11706;s:12:\\\"is_no_fiscal\\\";i:0;s:7:\\\"type_id\\\";i:1;s:15:\\\"type_receipt_id\\\";i:1;s:15:\\\"comprobanteAfip\\\";N;s:14:\\\"ppc_receipt_id\\\";N;s:20:\\\"fact_elec_receipt_id\\\";N;s:20:\\\"cta_cte_tesoreria_id\\\";N;s:9:\\\"period_id\\\";i:705418;s:7:\\\"zone_id\\\";i:1;s:14:\\\"plan_cuenta_id\\\";N;s:21:\\\"conta_centro_costo_id\\\";N;s:11:\\\"activity_id\\\";i:250;s:20:\\\"iva_creditos_tipo_id\\\";i:1;s:17:\\\"retention_type_id\\\";N;s:15:\\\"person_id_owner\\\";i:63875;s:20:\\\"person_id_relationed\\\";i:41324;s:6:\\\"number\\\";s:8:\\\"00000481\\\";s:5:\\\"hasta\\\";N;s:9:\\\"reference\\\";N;s:12:\\\"receipt_date\\\";s:10:\\\"2025-08-25\\\";s:15:\\\"expiration_date\\\";s:10:\\\"2025-08-25\\\";s:11:\\\"code_ticket\\\";s:4:\\\"0002\\\";s:9:\\\"status_id\\\";i:1;s:14:\\\"tax_account_id\\\";N;s:6:\\\"amount\\\";s:9:\\\"333296.76\\\";s:9:\\\"pendiente\\\";s:9:\\\"333296.76\\\";s:9:\\\"moneda_id\\\";i:1;s:10:\\\"cotizacion\\\";s:4:\\\"1.00\\\";s:11:\\\"dc_firma_id\\\";i:3;s:18:\\\"condicion_venta_id\\\";N;s:18:\\\"is_pago_adelantado\\\";N;s:11:\\\"is_garantia\\\";i:0;s:16:\\\"plazo_de_pago_id\\\";N;s:4:\\\"file\\\";N;s:10:\\\"comentario\\\";N;s:10:\\\"created_at\\\";s:19:\\\"2025-08-26 12:13:31\\\";s:10:\\\"updated_at\\\";s:19:\\\"2025-08-26 12:13:31\\\";s:10:\\\"deleted_at\\\";N;}s:10:\\\"\\u0000*\\u0000changes\\\";a:0:{}s:8:\\\"\\u0000*\\u0000casts\\\";a:1:{s:10:\\\"deleted_at\\\";s:8:\\\"datetime\\\";}s:17:\\\"\\u0000*\\u0000classCastCache\\\";a:0:{}s:21:\\\"\\u0000*\\u0000attributeCastCache\\\";a:0:{}s:13:\\\"\\u0000*\\u0000dateFormat\\\";N;s:10:\\\"\\u0000*\\u0000appends\\\";a:9:{i:0;s:18:\\\"nombre_transaccion\\\";i:1;s:11:\\\"name_modelo\\\";i:2;s:12:\\\"totalGravado\\\";i:3;s:24:\\\"totalNoGravadoExentoCero\\\";i:4;s:31:\\\"totalGravadoNoGravadoExentoCero\\\";i:5;s:8:\\\"totalIVA\\\";i:6;s:19:\\\"totalOtrosImpuestos\\\";i:7;s:19:\\\"formato_comprobante\\\";i:8;s:10:\\\"creado_por\\\";}s:19:\\\"\\u0000*\\u0000dispatchesEvents\\\";a:0:{}s:14:\\\"\\u0000*\\u0000observables\\\";a:0:{}s:12:\\\"\\u0000*\\u0000relations\\\";a:0:{}s:10:\\\"\\u0000*\\u0000touches\\\";a:0:{}s:10:\\\"timestamps\\\";b:1;s:13:\\\"usesUniqueIds\\\";b:0;s:9:\\\"\\u0000*\\u0000hidden\\\";a:0:{}s:10:\\\"\\u0000*\\u0000visible\\\";a:0:{}s:11:\\\"\\u0000*\\u0000fillable\\\";a:0:{}s:10:\\\"\\u0000*\\u0000guarded\\\";a:0:{}s:18:\\\"nombre_transaccion\\\";s:11:\\\"Comprobante\\\";s:16:\\\"\\u0000*\\u0000forceDeleting\\\";b:0;}i:166;O:18:\\\"App\\\\Models\\\\Receipt\\\":32:{s:13:\\\"\\u0000*\\u0000connection\\\";s:7:\\\"finance\\\";s:8:\\\"\\u0000*\\u0000table\\\";s:8:\\\"receipts\\\";s:13:\\\"\\u0000*\\u0000primaryKey\\\";s:2:\\\"id\\\";s:10:\\\"\\u0000*\\u0000keyType\\\";s:3:\\\"int\\\";s:12:\\\"incrementing\\\";b:1;s:7:\\\"\\u0000*\\u0000with\\\";a:0:{}s:12:\\\"\\u0000*\\u0000withCount\\\";a:0:{}s:19:\\\"preventsLazyLoading\\\";b:0;s:10:\\\"\\u0000*\\u0000perPage\\\";i:15;s:6:\\\"exists\\\";b:1;s:18:\\\"wasRecentlyCreated\\\";b:0;s:28:\\\"\\u0000*\\u0000escapeWhenCastingToString\\\";b:0;s:13:\\\"\\u0000*\\u0000attributes\\\";a:40:{s:2:\\\"id\\\";i:308600;s:7:\\\"user_id\\\";i:11706;s:12:\\\"is_no_fiscal\\\";i:0;s:7:\\\"type_id\\\";i:1;s:15:\\\"type_receipt_id\\\";i:1;s:15:\\\"comprobanteAfip\\\";N;s:14:\\\"ppc_receipt_id\\\";N;s:20:\\\"fact_elec_receipt_id\\\";N;s:20:\\\"cta_cte_tesoreria_id\\\";N;s:9:\\\"period_id\\\";i:705418;s:7:\\\"zone_id\\\";i:1;s:14:\\\"plan_cuenta_id\\\";N;s:21:\\\"conta_centro_costo_id\\\";N;s:11:\\\"activity_id\\\";i:250;s:20:\\\"iva_creditos_tipo_id\\\";i:1;s:17:\\\"retention_type_id\\\";N;s:15:\\\"person_id_owner\\\";i:63875;s:20:\\\"person_id_relationed\\\";i:63957;s:6:\\\"number\\\";s:8:\\\"00000482\\\";s:5:\\\"hasta\\\";N;s:9:\\\"reference\\\";N;s:12:\\\"receipt_date\\\";s:10:\\\"2025-08-25\\\";s:15:\\\"expiration_date\\\";s:10:\\\"2025-08-25\\\";s:11:\\\"code_ticket\\\";s:4:\\\"0002\\\";s:9:\\\"status_id\\\";i:1;s:14:\\\"tax_account_id\\\";N;s:6:\\\"amount\\\";s:9:\\\"154432.65\\\";s:9:\\\"pendiente\\\";s:9:\\\"154432.65\\\";s:9:\\\"moneda_id\\\";i:1;s:10:\\\"cotizacion\\\";s:4:\\\"1.00\\\";s:11:\\\"dc_firma_id\\\";i:3;s:18:\\\"condicion_venta_id\\\";N;s:18:\\\"is_pago_adelantado\\\";N;s:11:\\\"is_garantia\\\";i:0;s:16:\\\"plazo_de_pago_id\\\";N;s:4:\\\"file\\\";N;s:10:\\\"comentario\\\";N;s:10:\\\"created_at\\\";s:19:\\\"2025-08-26 12:13:31\\\";s:10:\\\"updated_at\\\";s:19:\\\"2025-08-26 12:13:31\\\";s:10:\\\"deleted_at\\\";N;}s:11:\\\"\\u0000*\\u0000original\\\";a:40:{s:2:\\\"id\\\";i:308600;s:7:\\\"user_id\\\";i:11706;s:12:\\\"is_no_fiscal\\\";i:0;s:7:\\\"type_id\\\";i:1;s:15:\\\"type_receipt_id\\\";i:1;s:15:\\\"comprobanteAfip\\\";N;s:14:\\\"ppc_receipt_id\\\";N;s:20:\\\"fact_elec_receipt_id\\\";N;s:20:\\\"cta_cte_tesoreria_id\\\";N;s:9:\\\"period_id\\\";i:705418;s:7:\\\"zone_id\\\";i:1;s:14:\\\"plan_cuenta_id\\\";N;s:21:\\\"conta_centro_costo_id\\\";N;s:11:\\\"activity_id\\\";i:250;s:20:\\\"iva_creditos_tipo_id\\\";i:1;s:17:\\\"retention_type_id\\\";N;s:15:\\\"person_id_owner\\\";i:63875;s:20:\\\"person_id_relationed\\\";i:63957;s:6:\\\"number\\\";s:8:\\\"00000482\\\";s:5:\\\"hasta\\\";N;s:9:\\\"reference\\\";N;s:12:\\\"receipt_date\\\";s:10:\\\"2025-08-25\\\";s:15:\\\"expiration_date\\\";s:10:\\\"2025-08-25\\\";s:11:\\\"code_ticket\\\";s:4:\\\"0002\\\";s:9:\\\"status_id\\\";i:1;s:14:\\\"tax_account_id\\\";N;s:6:\\\"amount\\\";s:9:\\\"154432.65\\\";s:9:\\\"pendiente\\\";s:9:\\\"154432.65\\\";s:9:\\\"moneda_id\\\";i:1;s:10:\\\"cotizacion\\\";s:4:\\\"1.00\\\";s:11:\\\"dc_firma_id\\\";i:3;s:18:\\\"condicion_venta_id\\\";N;s:18:\\\"is_pago_adelantado\\\";N;s:11:\\\"is_garantia\\\";i:0;s:16:\\\"plazo_de_pago_id\\\";N;s:4:\\\"file\\\";N;s:10:\\\"comentario\\\";N;s:10:\\\"created_at\\\";s:19:\\\"2025-08-26 12:13:31\\\";s:10:\\\"updated_at\\\";s:19:\\\"2025-08-26 12:13:31\\\";s:10:\\\"deleted_at\\\";N;}s:10:\\\"\\u0000*\\u0000changes\\\";a:0:{}s:8:\\\"\\u0000*\\u0000casts\\\";a:1:{s:10:\\\"deleted_at\\\";s:8:\\\"datetime\\\";}s:17:\\\"\\u0000*\\u0000classCastCache\\\";a:0:{}s:21:\\\"\\u0000*\\u0000attributeCastCache\\\";a:0:{}s:13:\\\"\\u0000*\\u0000dateFormat\\\";N;s:10:\\\"\\u0000*\\u0000appends\\\";a:9:{i:0;s:18:\\\"nombre_transaccion\\\";i:1;s:11:\\\"name_modelo\\\";i:2;s:12:\\\"totalGravado\\\";i:3;s:24:\\\"totalNoGravadoExentoCero\\\";i:4;s:31:\\\"totalGravadoNoGravadoExentoCero\\\";i:5;s:8:\\\"totalIVA\\\";i:6;s:19:\\\"totalOtrosImpuestos\\\";i:7;s:19:\\\"formato_comprobante\\\";i:8;s:10:\\\"creado_por\\\";}s:19:\\\"\\u0000*\\u0000dispatchesEvents\\\";a:0:{}s:14:\\\"\\u0000*\\u0000observables\\\";a:0:{}s:12:\\\"\\u0000*\\u0000relations\\\";a:0:{}s:10:\\\"\\u0000*\\u0000touches\\\";a:0:{}s:10:\\\"timestamps\\\";b:1;s:13:\\\"usesUniqueIds\\\";b:0;s:9:\\\"\\u0000*\\u0000hidden\\\";a:0:{}s:10:\\\"\\u0000*\\u0000visible\\\";a:0:{}s:11:\\\"\\u0000*\\u0000fillable\\\";a:0:{}s:10:\\\"\\u0000*\\u0000guarded\\\";a:0:{}s:18:\\\"nombre_transaccion\\\";s:11:\\\"Comprobante\\\";s:16:\\\"\\u0000*\\u0000forceDeleting\\\";b:0;}i:167;O:18:\\\"App\\\\Models\\\\Receipt\\\":32:{s:13:\\\"\\u0000*\\u0000connection\\\";s:7:\\\"finance\\\";s:8:\\\"\\u0000*\\u0000table\\\";s:8:\\\"receipts\\\";s:13:\\\"\\u0000*\\u0000primaryKey\\\";s:2:\\\"id\\\";s:10:\\\"\\u0000*\\u0000keyType\\\";s:3:\\\"int\\\";s:12:\\\"incrementing\\\";b:1;s:7:\\\"\\u0000*\\u0000with\\\";a:0:{}s:12:\\\"\\u0000*\\u0000withCount\\\";a:0:{}s:19:\\\"preventsLazyLoading\\\";b:0;s:10:\\\"\\u0000*\\u0000perPage\\\";i:15;s:6:\\\"exists\\\";b:1;s:18:\\\"wasRecentlyCreated\\\";b:0;s:28:\\\"\\u0000*\\u0000escapeWhenCastingToString\\\";b:0;s:13:\\\"\\u0000*\\u0000attributes\\\";a:40:{s:2:\\\"id\\\";i:308601;s:7:\\\"user_id\\\";i:11706;s:12:\\\"is_no_fiscal\\\";i:0;s:7:\\\"type_id\\\";i:1;s:15:\\\"type_receipt_id\\\";i:3;s:15:\\\"comprobanteAfip\\\";N;s:14:\\\"ppc_receipt_id\\\";N;s:20:\\\"fact_elec_receipt_id\\\";N;s:20:\\\"cta_cte_tesoreria_id\\\";N;s:9:\\\"period_id\\\";i:705418;s:7:\\\"zone_id\\\";i:1;s:14:\\\"plan_cuenta_id\\\";N;s:21:\\\"conta_centro_costo_id\\\";N;s:11:\\\"activity_id\\\";i:250;s:20:\\\"iva_creditos_tipo_id\\\";i:1;s:17:\\\"retention_type_id\\\";N;s:15:\\\"person_id_owner\\\";i:63875;s:20:\\\"person_id_relationed\\\";i:64013;s:6:\\\"number\\\";s:8:\\\"00000023\\\";s:5:\\\"hasta\\\";N;s:9:\\\"reference\\\";N;s:12:\\\"receipt_date\\\";s:10:\\\"2025-08-25\\\";s:15:\\\"expiration_date\\\";s:10:\\\"2025-08-25\\\";s:11:\\\"code_ticket\\\";s:4:\\\"0002\\\";s:9:\\\"status_id\\\";i:1;s:14:\\\"tax_account_id\\\";N;s:6:\\\"amount\\\";s:9:\\\"189425.19\\\";s:9:\\\"pendiente\\\";s:9:\\\"189425.19\\\";s:9:\\\"moneda_id\\\";i:1;s:10:\\\"cotizacion\\\";s:4:\\\"1.00\\\";s:11:\\\"dc_firma_id\\\";i:3;s:18:\\\"condicion_venta_id\\\";N;s:18:\\\"is_pago_adelantado\\\";N;s:11:\\\"is_garantia\\\";i:0;s:16:\\\"plazo_de_pago_id\\\";N;s:4:\\\"file\\\";N;s:10:\\\"comentario\\\";N;s:10:\\\"created_at\\\";s:19:\\\"2025-08-26 12:13:32\\\";s:10:\\\"updated_at\\\";s:19:\\\"2025-08-26 12:13:32\\\";s:10:\\\"deleted_at\\\";N;}s:11:\\\"\\u0000*\\u0000original\\\";a:40:{s:2:\\\"id\\\";i:308601;s:7:\\\"user_id\\\";i:11706;s:12:\\\"is_no_fiscal\\\";i:0;s:7:\\\"type_id\\\";i:1;s:15:\\\"type_receipt_id\\\";i:3;s:15:\\\"comprobanteAfip\\\";N;s:14:\\\"ppc_receipt_id\\\";N;s:20:\\\"fact_elec_receipt_id\\\";N;s:20:\\\"cta_cte_tesoreria_id\\\";N;s:9:\\\"period_id\\\";i:705418;s:7:\\\"zone_id\\\";i:1;s:14:\\\"plan_cuenta_id\\\";N;s:21:\\\"conta_centro_costo_id\\\";N;s:11:\\\"activity_id\\\";i:250;s:20:\\\"iva_creditos_tipo_id\\\";i:1;s:17:\\\"retention_type_id\\\";N;s:15:\\\"person_id_owner\\\";i:63875;s:20:\\\"person_id_relationed\\\";i:64013;s:6:\\\"number\\\";s:8:\\\"00000023\\\";s:5:\\\"hasta\\\";N;s:9:\\\"reference\\\";N;s:12:\\\"receipt_date\\\";s:10:\\\"2025-08-25\\\";s:15:\\\"expiration_date\\\";s:10:\\\"2025-08-25\\\";s:11:\\\"code_ticket\\\";s:4:\\\"0002\\\";s:9:\\\"status_id\\\";i:1;s:14:\\\"tax_account_id\\\";N;s:6:\\\"amount\\\";s:9:\\\"189425.19\\\";s:9:\\\"pendiente\\\";s:9:\\\"189425.19\\\";s:9:\\\"moneda_id\\\";i:1;s:10:\\\"cotizacion\\\";s:4:\\\"1.00\\\";s:11:\\\"dc_firma_id\\\";i:3;s:18:\\\"condicion_venta_id\\\";N;s:18:\\\"is_pago_adelantado\\\";N;s:11:\\\"is_garantia\\\";i:0;s:16:\\\"plazo_de_pago_id\\\";N;s:4:\\\"file\\\";N;s:10:\\\"comentario\\\";N;s:10:\\\"created_at\\\";s:19:\\\"2025-08-26 12:13:32\\\";s:10:\\\"updated_at\\\";s:19:\\\"2025-08-26 12:13:32\\\";s:10:\\\"deleted_at\\\";N;}s:10:\\\"\\u0000*\\u0000changes\\\";a:0:{}s:8:\\\"\\u0000*\\u0000casts\\\";a:1:{s:10:\\\"deleted_at\\\";s:8:\\\"datetime\\\";}s:17:\\\"\\u0000*\\u0000classCastCache\\\";a:0:{}s:21:\\\"\\u0000*\\u0000attributeCastCache\\\";a:0:{}s:13:\\\"\\u0000*\\u0000dateFormat\\\";N;s:10:\\\"\\u0000*\\u0000appends\\\";a:9:{i:0;s:18:\\\"nombre_transaccion\\\";i:1;s:11:\\\"name_modelo\\\";i:2;s:12:\\\"totalGravado\\\";i:3;s:24:\\\"totalNoGravadoExentoCero\\\";i:4;s:31:\\\"totalGravadoNoGravadoExentoCero\\\";i:5;s:8:\\\"totalIVA\\\";i:6;s:19:\\\"totalOtrosImpuestos\\\";i:7;s:19:\\\"formato_comprobante\\\";i:8;s:10:\\\"creado_por\\\";}s:19:\\\"\\u0000*\\u0000dispatchesEvents\\\";a:0:{}s:14:\\\"\\u0000*\\u0000observables\\\";a:0:{}s:12:\\\"\\u0000*\\u0000relations\\\";a:0:{}s:10:\\\"\\u0000*\\u0000touches\\\";a:0:{}s:10:\\\"timestamps\\\";b:1;s:13:\\\"usesUniqueIds\\\";b:0;s:9:\\\"\\u0000*\\u0000hidden\\\";a:0:{}s:10:\\\"\\u0000*\\u0000visible\\\";a:0:{}s:11:\\\"\\u0000*\\u0000fillable\\\";a:0:{}s:10:\\\"\\u0000*\\u0000guarded\\\";a:0:{}s:18:\\\"nombre_transaccion\\\";s:11:\\\"Comprobante\\\";s:16:\\\"\\u0000*\\u0000forceDeleting\\\";b:0;}i:168;O:18:\\\"App\\\\Models\\\\Receipt\\\":32:{s:13:\\\"\\u0000*\\u0000connection\\\";s:7:\\\"finance\\\";s:8:\\\"\\u0000*\\u0000table\\\";s:8:\\\"receipts\\\";s:13:\\\"\\u0000*\\u0000primaryKey\\\";s:2:\\\"id\\\";s:10:\\\"\\u0000*\\u0000keyType\\\";s:3:\\\"int\\\";s:12:\\\"incrementing\\\";b:1;s:7:\\\"\\u0000*\\u0000with\\\";a:0:{}s:12:\\\"\\u0000*\\u0000withCount\\\";a:0:{}s:19:\\\"preventsLazyLoading\\\";b:0;s:10:\\\"\\u0000*\\u0000perPage\\\";i:15;s:6:\\\"exists\\\";b:1;s:18:\\\"wasRecentlyCreated\\\";b:0;s:28:\\\"\\u0000*\\u0000escapeWhenCastingToString\\\";b:0;s:13:\\\"\\u0000*\\u0000attributes\\\";a:40:{s:2:\\\"id\\\";i:310087;s:7:\\\"user_id\\\";i:11707;s:12:\\\"is_no_fiscal\\\";i:0;s:7:\\\"type_id\\\";i:1;s:15:\\\"type_receipt_id\\\";i:4;s:15:\\\"comprobanteAfip\\\";N;s:14:\\\"ppc_receipt_id\\\";N;s:20:\\\"fact_elec_receipt_id\\\";N;s:20:\\\"cta_cte_tesoreria_id\\\";N;s:9:\\\"period_id\\\";i:705418;s:7:\\\"zone_id\\\";i:1;s:14:\\\"plan_cuenta_id\\\";N;s:21:\\\"conta_centro_costo_id\\\";N;s:11:\\\"activity_id\\\";i:250;s:20:\\\"iva_creditos_tipo_id\\\";i:1;s:17:\\\"retention_type_id\\\";N;s:15:\\\"person_id_owner\\\";i:63875;s:20:\\\"person_id_relationed\\\";i:51841;s:6:\\\"number\\\";s:8:\\\"00000092\\\";s:5:\\\"hasta\\\";N;s:9:\\\"reference\\\";N;s:12:\\\"receipt_date\\\";s:10:\\\"2025-08-14\\\";s:15:\\\"expiration_date\\\";s:10:\\\"2025-08-14\\\";s:11:\\\"code_ticket\\\";s:4:\\\"0003\\\";s:9:\\\"status_id\\\";i:1;s:14:\\\"tax_account_id\\\";N;s:6:\\\"amount\\\";s:7:\\\"3316.01\\\";s:9:\\\"pendiente\\\";s:7:\\\"3316.01\\\";s:9:\\\"moneda_id\\\";i:1;s:10:\\\"cotizacion\\\";s:4:\\\"1.00\\\";s:11:\\\"dc_firma_id\\\";i:3;s:18:\\\"condicion_venta_id\\\";N;s:18:\\\"is_pago_adelantado\\\";N;s:11:\\\"is_garantia\\\";i:0;s:16:\\\"plazo_de_pago_id\\\";N;s:4:\\\"file\\\";N;s:10:\\\"comentario\\\";N;s:10:\\\"created_at\\\";s:19:\\\"2025-08-28 11:51:13\\\";s:10:\\\"updated_at\\\";s:19:\\\"2025-08-28 11:51:13\\\";s:10:\\\"deleted_at\\\";N;}s:11:\\\"\\u0000*\\u0000original\\\";a:40:{s:2:\\\"id\\\";i:310087;s:7:\\\"user_id\\\";i:11707;s:12:\\\"is_no_fiscal\\\";i:0;s:7:\\\"type_id\\\";i:1;s:15:\\\"type_receipt_id\\\";i:4;s:15:\\\"comprobanteAfip\\\";N;s:14:\\\"ppc_receipt_id\\\";N;s:20:\\\"fact_elec_receipt_id\\\";N;s:20:\\\"cta_cte_tesoreria_id\\\";N;s:9:\\\"period_id\\\";i:705418;s:7:\\\"zone_id\\\";i:1;s:14:\\\"plan_cuenta_id\\\";N;s:21:\\\"conta_centro_costo_id\\\";N;s:11:\\\"activity_id\\\";i:250;s:20:\\\"iva_creditos_tipo_id\\\";i:1;s:17:\\\"retention_type_id\\\";N;s:15:\\\"person_id_owner\\\";i:63875;s:20:\\\"person_id_relationed\\\";i:51841;s:6:\\\"number\\\";s:8:\\\"00000092\\\";s:5:\\\"hasta\\\";N;s:9:\\\"reference\\\";N;s:12:\\\"receipt_date\\\";s:10:\\\"2025-08-14\\\";s:15:\\\"expiration_date\\\";s:10:\\\"2025-08-14\\\";s:11:\\\"code_ticket\\\";s:4:\\\"0003\\\";s:9:\\\"status_id\\\";i:1;s:14:\\\"tax_account_id\\\";N;s:6:\\\"amount\\\";s:7:\\\"3316.01\\\";s:9:\\\"pendiente\\\";s:7:\\\"3316.01\\\";s:9:\\\"moneda_id\\\";i:1;s:10:\\\"cotizacion\\\";s:4:\\\"1.00\\\";s:11:\\\"dc_firma_id\\\";i:3;s:18:\\\"condicion_venta_id\\\";N;s:18:\\\"is_pago_adelantado\\\";N;s:11:\\\"is_garantia\\\";i:0;s:16:\\\"plazo_de_pago_id\\\";N;s:4:\\\"file\\\";N;s:10:\\\"comentario\\\";N;s:10:\\\"created_at\\\";s:19:\\\"2025-08-28 11:51:13\\\";s:10:\\\"updated_at\\\";s:19:\\\"2025-08-28 11:51:13\\\";s:10:\\\"deleted_at\\\";N;}s:10:\\\"\\u0000*\\u0000changes\\\";a:0:{}s:8:\\\"\\u0000*\\u0000casts\\\";a:1:{s:10:\\\"deleted_at\\\";s:8:\\\"datetime\\\";}s:17:\\\"\\u0000*\\u0000classCastCache\\\";a:0:{}s:21:\\\"\\u0000*\\u0000attributeCastCache\\\";a:0:{}s:13:\\\"\\u0000*\\u0000dateFormat\\\";N;s:10:\\\"\\u0000*\\u0000appends\\\";a:9:{i:0;s:18:\\\"nombre_transaccion\\\";i:1;s:11:\\\"name_modelo\\\";i:2;s:12:\\\"totalGravado\\\";i:3;s:24:\\\"totalNoGravadoExentoCero\\\";i:4;s:31:\\\"totalGravadoNoGravadoExentoCero\\\";i:5;s:8:\\\"totalIVA\\\";i:6;s:19:\\\"totalOtrosImpuestos\\\";i:7;s:19:\\\"formato_comprobante\\\";i:8;s:10:\\\"creado_por\\\";}s:19:\\\"\\u0000*\\u0000dispatchesEvents\\\";a:0:{}s:14:\\\"\\u0000*\\u0000observables\\\";a:0:{}s:12:\\\"\\u0000*\\u0000relations\\\";a:0:{}s:10:\\\"\\u0000*\\u0000touches\\\";a:0:{}s:10:\\\"timestamps\\\";b:1;s:13:\\\"usesUniqueIds\\\";b:0;s:9:\\\"\\u0000*\\u0000hidden\\\";a:0:{}s:10:\\\"\\u0000*\\u0000visible\\\";a:0:{}s:11:\\\"\\u0000*\\u0000fillable\\\";a:0:{}s:10:\\\"\\u0000*\\u0000guarded\\\";a:0:{}s:18:\\\"nombre_transaccion\\\";s:11:\\\"Comprobante\\\";s:16:\\\"\\u0000*\\u0000forceDeleting\\\";b:0;}i:169;O:18:\\\"App\\\\Models\\\\Receipt\\\":32:{s:13:\\\"\\u0000*\\u0000connection\\\";s:7:\\\"finance\\\";s:8:\\\"\\u0000*\\u0000table\\\";s:8:\\\"receipts\\\";s:13:\\\"\\u0000*\\u0000primaryKey\\\";s:2:\\\"id\\\";s:10:\\\"\\u0000*\\u0000keyType\\\";s:3:\\\"int\\\";s:12:\\\"incrementing\\\";b:1;s:7:\\\"\\u0000*\\u0000with\\\";a:0:{}s:12:\\\"\\u0000*\\u0000withCount\\\";a:0:{}s:19:\\\"preventsLazyLoading\\\";b:0;s:10:\\\"\\u0000*\\u0000perPage\\\";i:15;s:6:\\\"exists\\\";b:1;s:18:\\\"wasRecentlyCreated\\\";b:0;s:28:\\\"\\u0000*\\u0000escapeWhenCastingToString\\\";b:0;s:13:\\\"\\u0000*\\u0000attributes\\\";a:40:{s:2:\\\"id\\\";i:310088;s:7:\\\"user_id\\\";i:11707;s:12:\\\"is_no_fiscal\\\";i:0;s:7:\\\"type_id\\\";i:1;s:15:\\\"type_receipt_id\\\";i:4;s:15:\\\"comprobanteAfip\\\";N;s:14:\\\"ppc_receipt_id\\\";N;s:20:\\\"fact_elec_receipt_id\\\";N;s:20:\\\"cta_cte_tesoreria_id\\\";N;s:9:\\\"period_id\\\";i:705418;s:7:\\\"zone_id\\\";i:1;s:14:\\\"plan_cuenta_id\\\";N;s:21:\\\"conta_centro_costo_id\\\";N;s:11:\\\"activity_id\\\";i:250;s:20:\\\"iva_creditos_tipo_id\\\";i:1;s:17:\\\"retention_type_id\\\";N;s:15:\\\"person_id_owner\\\";i:63875;s:20:\\\"person_id_relationed\\\";i:51841;s:6:\\\"number\\\";s:8:\\\"00000095\\\";s:5:\\\"hasta\\\";N;s:9:\\\"reference\\\";N;s:12:\\\"receipt_date\\\";s:10:\\\"2025-08-14\\\";s:15:\\\"expiration_date\\\";s:10:\\\"2025-08-14\\\";s:11:\\\"code_ticket\\\";s:4:\\\"0003\\\";s:9:\\\"status_id\\\";i:1;s:14:\\\"tax_account_id\\\";N;s:6:\\\"amount\\\";s:8:\\\"23800.00\\\";s:9:\\\"pendiente\\\";s:8:\\\"23800.00\\\";s:9:\\\"moneda_id\\\";i:1;s:10:\\\"cotizacion\\\";s:4:\\\"1.00\\\";s:11:\\\"dc_firma_id\\\";i:3;s:18:\\\"condicion_venta_id\\\";N;s:18:\\\"is_pago_adelantado\\\";N;s:11:\\\"is_garantia\\\";i:0;s:16:\\\"plazo_de_pago_id\\\";N;s:4:\\\"file\\\";N;s:10:\\\"comentario\\\";N;s:10:\\\"created_at\\\";s:19:\\\"2025-08-28 11:51:13\\\";s:10:\\\"updated_at\\\";s:19:\\\"2025-08-28 11:51:13\\\";s:10:\\\"deleted_at\\\";N;}s:11:\\\"\\u0000*\\u0000original\\\";a:40:{s:2:\\\"id\\\";i:310088;s:7:\\\"user_id\\\";i:11707;s:12:\\\"is_no_fiscal\\\";i:0;s:7:\\\"type_id\\\";i:1;s:15:\\\"type_receipt_id\\\";i:4;s:15:\\\"comprobanteAfip\\\";N;s:14:\\\"ppc_receipt_id\\\";N;s:20:\\\"fact_elec_receipt_id\\\";N;s:20:\\\"cta_cte_tesoreria_id\\\";N;s:9:\\\"period_id\\\";i:705418;s:7:\\\"zone_id\\\";i:1;s:14:\\\"plan_cuenta_id\\\";N;s:21:\\\"conta_centro_costo_id\\\";N;s:11:\\\"activity_id\\\";i:250;s:20:\\\"iva_creditos_tipo_id\\\";i:1;s:17:\\\"retention_type_id\\\";N;s:15:\\\"person_id_owner\\\";i:63875;s:20:\\\"person_id_relationed\\\";i:51841;s:6:\\\"number\\\";s:8:\\\"00000095\\\";s:5:\\\"hasta\\\";N;s:9:\\\"reference\\\";N;s:12:\\\"receipt_date\\\";s:10:\\\"2025-08-14\\\";s:15:\\\"expiration_date\\\";s:10:\\\"2025-08-14\\\";s:11:\\\"code_ticket\\\";s:4:\\\"0003\\\";s:9:\\\"status_id\\\";i:1;s:14:\\\"tax_account_id\\\";N;s:6:\\\"amount\\\";s:8:\\\"23800.00\\\";s:9:\\\"pendiente\\\";s:8:\\\"23800.00\\\";s:9:\\\"moneda_id\\\";i:1;s:10:\\\"cotizacion\\\";s:4:\\\"1.00\\\";s:11:\\\"dc_firma_id\\\";i:3;s:18:\\\"condicion_venta_id\\\";N;s:18:\\\"is_pago_adelantado\\\";N;s:11:\\\"is_garantia\\\";i:0;s:16:\\\"plazo_de_pago_id\\\";N;s:4:\\\"file\\\";N;s:10:\\\"comentario\\\";N;s:10:\\\"created_at\\\";s:19:\\\"2025-08-28 11:51:13\\\";s:10:\\\"updated_at\\\";s:19:\\\"2025-08-28 11:51:13\\\";s:10:\\\"deleted_at\\\";N;}s:10:\\\"\\u0000*\\u0000changes\\\";a:0:{}s:8:\\\"\\u0000*\\u0000casts\\\";a:1:{s:10:\\\"deleted_at\\\";s:8:\\\"datetime\\\";}s:17:\\\"\\u0000*\\u0000classCastCache\\\";a:0:{}s:21:\\\"\\u0000*\\u0000attributeCastCache\\\";a:0:{}s:13:\\\"\\u0000*\\u0000dateFormat\\\";N;s:10:\\\"\\u0000*\\u0000appends\\\";a:9:{i:0;s:18:\\\"nombre_transaccion\\\";i:1;s:11:\\\"name_modelo\\\";i:2;s:12:\\\"totalGravado\\\";i:3;s:24:\\\"totalNoGravadoExentoCero\\\";i:4;s:31:\\\"totalGravadoNoGravadoExentoCero\\\";i:5;s:8:\\\"totalIVA\\\";i:6;s:19:\\\"totalOtrosImpuestos\\\";i:7;s:19:\\\"formato_comprobante\\\";i:8;s:10:\\\"creado_por\\\";}s:19:\\\"\\u0000*\\u0000dispatchesEvents\\\";a:0:{}s:14:\\\"\\u0000*\\u0000observables\\\";a:0:{}s:12:\\\"\\u0000*\\u0000relations\\\";a:0:{}s:10:\\\"\\u0000*\\u0000touches\\\";a:0:{}s:10:\\\"timestamps\\\";b:1;s:13:\\\"usesUniqueIds\\\";b:0;s:9:\\\"\\u0000*\\u0000hidden\\\";a:0:{}s:10:\\\"\\u0000*\\u0000visible\\\";a:0:{}s:11:\\\"\\u0000*\\u0000fillable\\\";a:0:{}s:10:\\\"\\u0000*\\u0000guarded\\\";a:0:{}s:18:\\\"nombre_transaccion\\\";s:11:\\\"Comprobante\\\";s:16:\\\"\\u0000*\\u0000forceDeleting\\\";b:0;}i:170;O:18:\\\"App\\\\Models\\\\Receipt\\\":32:{s:13:\\\"\\u0000*\\u0000connection\\\";s:7:\\\"finance\\\";s:8:\\\"\\u0000*\\u0000table\\\";s:8:\\\"receipts\\\";s:13:\\\"\\u0000*\\u0000primaryKey\\\";s:2:\\\"id\\\";s:10:\\\"\\u0000*\\u0000keyType\\\";s:3:\\\"int\\\";s:12:\\\"incrementing\\\";b:1;s:7:\\\"\\u0000*\\u0000with\\\";a:0:{}s:12:\\\"\\u0000*\\u0000withCount\\\";a:0:{}s:19:\\\"preventsLazyLoading\\\";b:0;s:10:\\\"\\u0000*\\u0000perPage\\\";i:15;s:6:\\\"exists\\\";b:1;s:18:\\\"wasRecentlyCreated\\\";b:0;s:28:\\\"\\u0000*\\u0000escapeWhenCastingToString\\\";b:0;s:13:\\\"\\u0000*\\u0000attributes\\\";a:40:{s:2:\\\"id\\\";i:310089;s:7:\\\"user_id\\\";i:11707;s:12:\\\"is_no_fiscal\\\";i:0;s:7:\\\"type_id\\\";i:1;s:15:\\\"type_receipt_id\\\";i:4;s:15:\\\"comprobanteAfip\\\";N;s:14:\\\"ppc_receipt_id\\\";N;s:20:\\\"fact_elec_receipt_id\\\";N;s:20:\\\"cta_cte_tesoreria_id\\\";N;s:9:\\\"period_id\\\";i:705418;s:7:\\\"zone_id\\\";i:1;s:14:\\\"plan_cuenta_id\\\";N;s:21:\\\"conta_centro_costo_id\\\";N;s:11:\\\"activity_id\\\";i:250;s:20:\\\"iva_creditos_tipo_id\\\";i:1;s:17:\\\"retention_type_id\\\";N;s:15:\\\"person_id_owner\\\";i:63875;s:20:\\\"person_id_relationed\\\";i:51841;s:6:\\\"number\\\";s:8:\\\"00000094\\\";s:5:\\\"hasta\\\";N;s:9:\\\"reference\\\";N;s:12:\\\"receipt_date\\\";s:10:\\\"2025-08-14\\\";s:15:\\\"expiration_date\\\";s:10:\\\"2025-08-14\\\";s:11:\\\"code_ticket\\\";s:4:\\\"0003\\\";s:9:\\\"status_id\\\";i:1;s:14:\\\"tax_account_id\\\";N;s:6:\\\"amount\\\";s:8:\\\"11196.00\\\";s:9:\\\"pendiente\\\";s:8:\\\"11196.00\\\";s:9:\\\"moneda_id\\\";i:1;s:10:\\\"cotizacion\\\";s:4:\\\"1.00\\\";s:11:\\\"dc_firma_id\\\";i:3;s:18:\\\"condicion_venta_id\\\";N;s:18:\\\"is_pago_adelantado\\\";N;s:11:\\\"is_garantia\\\";i:0;s:16:\\\"plazo_de_pago_id\\\";N;s:4:\\\"file\\\";N;s:10:\\\"comentario\\\";N;s:10:\\\"created_at\\\";s:19:\\\"2025-08-28 11:51:13\\\";s:10:\\\"updated_at\\\";s:19:\\\"2025-08-28 11:51:13\\\";s:10:\\\"deleted_at\\\";N;}s:11:\\\"\\u0000*\\u0000original\\\";a:40:{s:2:\\\"id\\\";i:310089;s:7:\\\"user_id\\\";i:11707;s:12:\\\"is_no_fiscal\\\";i:0;s:7:\\\"type_id\\\";i:1;s:15:\\\"type_receipt_id\\\";i:4;s:15:\\\"comprobanteAfip\\\";N;s:14:\\\"ppc_receipt_id\\\";N;s:20:\\\"fact_elec_receipt_id\\\";N;s:20:\\\"cta_cte_tesoreria_id\\\";N;s:9:\\\"period_id\\\";i:705418;s:7:\\\"zone_id\\\";i:1;s:14:\\\"plan_cuenta_id\\\";N;s:21:\\\"conta_centro_costo_id\\\";N;s:11:\\\"activity_id\\\";i:250;s:20:\\\"iva_creditos_tipo_id\\\";i:1;s:17:\\\"retention_type_id\\\";N;s:15:\\\"person_id_owner\\\";i:63875;s:20:\\\"person_id_relationed\\\";i:51841;s:6:\\\"number\\\";s:8:\\\"00000094\\\";s:5:\\\"hasta\\\";N;s:9:\\\"reference\\\";N;s:12:\\\"receipt_date\\\";s:10:\\\"2025-08-14\\\";s:15:\\\"expiration_date\\\";s:10:\\\"2025-08-14\\\";s:11:\\\"code_ticket\\\";s:4:\\\"0003\\\";s:9:\\\"status_id\\\";i:1;s:14:\\\"tax_account_id\\\";N;s:6:\\\"amount\\\";s:8:\\\"11196.00\\\";s:9:\\\"pendiente\\\";s:8:\\\"11196.00\\\";s:9:\\\"moneda_id\\\";i:1;s:10:\\\"cotizacion\\\";s:4:\\\"1.00\\\";s:11:\\\"dc_firma_id\\\";i:3;s:18:\\\"condicion_venta_id\\\";N;s:18:\\\"is_pago_adelantado\\\";N;s:11:\\\"is_garantia\\\";i:0;s:16:\\\"plazo_de_pago_id\\\";N;s:4:\\\"file\\\";N;s:10:\\\"comentario\\\";N;s:10:\\\"created_at\\\";s:19:\\\"2025-08-28 11:51:13\\\";s:10:\\\"updated_at\\\";s:19:\\\"2025-08-28 11:51:13\\\";s:10:\\\"deleted_at\\\";N;}s:10:\\\"\\u0000*\\u0000changes\\\";a:0:{}s:8:\\\"\\u0000*\\u0000casts\\\";a:1:{s:10:\\\"deleted_at\\\";s:8:\\\"datetime\\\";}s:17:\\\"\\u0000*\\u0000classCastCache\\\";a:0:{}s:21:\\\"\\u0000*\\u0000attributeCastCache\\\";a:0:{}s:13:\\\"\\u0000*\\u0000dateFormat\\\";N;s:10:\\\"\\u0000*\\u0000appends\\\";a:9:{i:0;s:18:\\\"nombre_transaccion\\\";i:1;s:11:\\\"name_modelo\\\";i:2;s:12:\\\"totalGravado\\\";i:3;s:24:\\\"totalNoGravadoExentoCero\\\";i:4;s:31:\\\"totalGravadoNoGravadoExentoCero\\\";i:5;s:8:\\\"totalIVA\\\";i:6;s:19:\\\"totalOtrosImpuestos\\\";i:7;s:19:\\\"formato_comprobante\\\";i:8;s:10:\\\"creado_por\\\";}s:19:\\\"\\u0000*\\u0000dispatchesEvents\\\";a:0:{}s:14:\\\"\\u0000*\\u0000observables\\\";a:0:{}s:12:\\\"\\u0000*\\u0000relations\\\";a:0:{}s:10:\\\"\\u0000*\\u0000touches\\\";a:0:{}s:10:\\\"timestamps\\\";b:1;s:13:\\\"usesUniqueIds\\\";b:0;s:9:\\\"\\u0000*\\u0000hidden\\\";a:0:{}s:10:\\\"\\u0000*\\u0000visible\\\";a:0:{}s:11:\\\"\\u0000*\\u0000fillable\\\";a:0:{}s:10:\\\"\\u0000*\\u0000guarded\\\";a:0:{}s:18:\\\"nombre_transaccion\\\";s:11:\\\"Comprobante\\\";s:16:\\\"\\u0000*\\u0000forceDeleting\\\";b:0;}i:171;O:18:\\\"App\\\\Models\\\\Receipt\\\":32:{s:13:\\\"\\u0000*\\u0000connection\\\";s:7:\\\"finance\\\";s:8:\\\"\\u0000*\\u0000table\\\";s:8:\\\"receipts\\\";s:13:\\\"\\u0000*\\u0000primaryKey\\\";s:2:\\\"id\\\";s:10:\\\"\\u0000*\\u0000keyType\\\";s:3:\\\"int\\\";s:12:\\\"incrementing\\\";b:1;s:7:\\\"\\u0000*\\u0000with\\\";a:0:{}s:12:\\\"\\u0000*\\u0000withCount\\\";a:0:{}s:19:\\\"preventsLazyLoading\\\";b:0;s:10:\\\"\\u0000*\\u0000perPage\\\";i:15;s:6:\\\"exists\\\";b:1;s:18:\\\"wasRecentlyCreated\\\";b:0;s:28:\\\"\\u0000*\\u0000escapeWhenCastingToString\\\";b:0;s:13:\\\"\\u0000*\\u0000attributes\\\";a:40:{s:2:\\\"id\\\";i:310090;s:7:\\\"user_id\\\";i:11707;s:12:\\\"is_no_fiscal\\\";i:0;s:7:\\\"type_id\\\";i:1;s:15:\\\"type_receipt_id\\\";i:4;s:15:\\\"comprobanteAfip\\\";N;s:14:\\\"ppc_receipt_id\\\";N;s:20:\\\"fact_elec_receipt_id\\\";N;s:20:\\\"cta_cte_tesoreria_id\\\";N;s:9:\\\"period_id\\\";i:705418;s:7:\\\"zone_id\\\";i:1;s:14:\\\"plan_cuenta_id\\\";N;s:21:\\\"conta_centro_costo_id\\\";N;s:11:\\\"activity_id\\\";i:250;s:20:\\\"iva_creditos_tipo_id\\\";i:1;s:17:\\\"retention_type_id\\\";N;s:15:\\\"person_id_owner\\\";i:63875;s:20:\\\"person_id_relationed\\\";i:51841;s:6:\\\"number\\\";s:8:\\\"00000091\\\";s:5:\\\"hasta\\\";N;s:9:\\\"reference\\\";N;s:12:\\\"receipt_date\\\";s:10:\\\"2025-08-14\\\";s:15:\\\"expiration_date\\\";s:10:\\\"2025-08-14\\\";s:11:\\\"code_ticket\\\";s:4:\\\"0003\\\";s:9:\\\"status_id\\\";i:1;s:14:\\\"tax_account_id\\\";N;s:6:\\\"amount\\\";s:8:\\\"53082.00\\\";s:9:\\\"pendiente\\\";s:8:\\\"53082.00\\\";s:9:\\\"moneda_id\\\";i:1;s:10:\\\"cotizacion\\\";s:4:\\\"1.00\\\";s:11:\\\"dc_firma_id\\\";i:3;s:18:\\\"condicion_venta_id\\\";N;s:18:\\\"is_pago_adelantado\\\";N;s:11:\\\"is_garantia\\\";i:0;s:16:\\\"plazo_de_pago_id\\\";N;s:4:\\\"file\\\";N;s:10:\\\"comentario\\\";N;s:10:\\\"created_at\\\";s:19:\\\"2025-08-28 11:51:13\\\";s:10:\\\"updated_at\\\";s:19:\\\"2025-08-28 11:51:13\\\";s:10:\\\"deleted_at\\\";N;}s:11:\\\"\\u0000*\\u0000original\\\";a:40:{s:2:\\\"id\\\";i:310090;s:7:\\\"user_id\\\";i:11707;s:12:\\\"is_no_fiscal\\\";i:0;s:7:\\\"type_id\\\";i:1;s:15:\\\"type_receipt_id\\\";i:4;s:15:\\\"comprobanteAfip\\\";N;s:14:\\\"ppc_receipt_id\\\";N;s:20:\\\"fact_elec_receipt_id\\\";N;s:20:\\\"cta_cte_tesoreria_id\\\";N;s:9:\\\"period_id\\\";i:705418;s:7:\\\"zone_id\\\";i:1;s:14:\\\"plan_cuenta_id\\\";N;s:21:\\\"conta_centro_costo_id\\\";N;s:11:\\\"activity_id\\\";i:250;s:20:\\\"iva_creditos_tipo_id\\\";i:1;s:17:\\\"retention_type_id\\\";N;s:15:\\\"person_id_owner\\\";i:63875;s:20:\\\"person_id_relationed\\\";i:51841;s:6:\\\"number\\\";s:8:\\\"00000091\\\";s:5:\\\"hasta\\\";N;s:9:\\\"reference\\\";N;s:12:\\\"receipt_date\\\";s:10:\\\"2025-08-14\\\";s:15:\\\"expiration_date\\\";s:10:\\\"2025-08-14\\\";s:11:\\\"code_ticket\\\";s:4:\\\"0003\\\";s:9:\\\"status_id\\\";i:1;s:14:\\\"tax_account_id\\\";N;s:6:\\\"amount\\\";s:8:\\\"53082.00\\\";s:9:\\\"pendiente\\\";s:8:\\\"53082.00\\\";s:9:\\\"moneda_id\\\";i:1;s:10:\\\"cotizacion\\\";s:4:\\\"1.00\\\";s:11:\\\"dc_firma_id\\\";i:3;s:18:\\\"condicion_venta_id\\\";N;s:18:\\\"is_pago_adelantado\\\";N;s:11:\\\"is_garantia\\\";i:0;s:16:\\\"plazo_de_pago_id\\\";N;s:4:\\\"file\\\";N;s:10:\\\"comentario\\\";N;s:10:\\\"created_at\\\";s:19:\\\"2025-08-28 11:51:13\\\";s:10:\\\"updated_at\\\";s:19:\\\"2025-08-28 11:51:13\\\";s:10:\\\"deleted_at\\\";N;}s:10:\\\"\\u0000*\\u0000changes\\\";a:0:{}s:8:\\\"\\u0000*\\u0000casts\\\";a:1:{s:10:\\\"deleted_at\\\";s:8:\\\"datetime\\\";}s:17:\\\"\\u0000*\\u0000classCastCache\\\";a:0:{}s:21:\\\"\\u0000*\\u0000attributeCastCache\\\";a:0:{}s:13:\\\"\\u0000*\\u0000dateFormat\\\";N;s:10:\\\"\\u0000*\\u0000appends\\\";a:9:{i:0;s:18:\\\"nombre_transaccion\\\";i:1;s:11:\\\"name_modelo\\\";i:2;s:12:\\\"totalGravado\\\";i:3;s:24:\\\"totalNoGravadoExentoCero\\\";i:4;s:31:\\\"totalGravadoNoGravadoExentoCero\\\";i:5;s:8:\\\"totalIVA\\\";i:6;s:19:\\\"totalOtrosImpuestos\\\";i:7;s:19:\\\"formato_comprobante\\\";i:8;s:10:\\\"creado_por\\\";}s:19:\\\"\\u0000*\\u0000dispatchesEvents\\\";a:0:{}s:14:\\\"\\u0000*\\u0000observables\\\";a:0:{}s:12:\\\"\\u0000*\\u0000relations\\\";a:0:{}s:10:\\\"\\u0000*\\u0000touches\\\";a:0:{}s:10:\\\"timestamps\\\";b:1;s:13:\\\"usesUniqueIds\\\";b:0;s:9:\\\"\\u0000*\\u0000hidden\\\";a:0:{}s:10:\\\"\\u0000*\\u0000visible\\\";a:0:{}s:11:\\\"\\u0000*\\u0000fillable\\\";a:0:{}s:10:\\\"\\u0000*\\u0000guarded\\\";a:0:{}s:18:\\\"nombre_transaccion\\\";s:11:\\\"Comprobante\\\";s:16:\\\"\\u0000*\\u0000forceDeleting\\\";b:0;}i:172;O:18:\\\"App\\\\Models\\\\Receipt\\\":32:{s:13:\\\"\\u0000*\\u0000connection\\\";s:7:\\\"finance\\\";s:8:\\\"\\u0000*\\u0000table\\\";s:8:\\\"receipts\\\";s:13:\\\"\\u0000*\\u0000primaryKey\\\";s:2:\\\"id\\\";s:10:\\\"\\u0000*\\u0000keyType\\\";s:3:\\\"int\\\";s:12:\\\"incrementing\\\";b:1;s:7:\\\"\\u0000*\\u0000with\\\";a:0:{}s:12:\\\"\\u0000*\\u0000withCount\\\";a:0:{}s:19:\\\"preventsLazyLoading\\\";b:0;s:10:\\\"\\u0000*\\u0000perPage\\\";i:15;s:6:\\\"exists\\\";b:1;s:18:\\\"wasRecentlyCreated\\\";b:0;s:28:\\\"\\u0000*\\u0000escapeWhenCastingToString\\\";b:0;s:13:\\\"\\u0000*\\u0000attributes\\\";a:40:{s:2:\\\"id\\\";i:310091;s:7:\\\"user_id\\\";i:11707;s:12:\\\"is_no_fiscal\\\";i:0;s:7:\\\"type_id\\\";i:1;s:15:\\\"type_receipt_id\\\";i:4;s:15:\\\"comprobanteAfip\\\";N;s:14:\\\"ppc_receipt_id\\\";N;s:20:\\\"fact_elec_receipt_id\\\";N;s:20:\\\"cta_cte_tesoreria_id\\\";N;s:9:\\\"period_id\\\";i:705418;s:7:\\\"zone_id\\\";i:1;s:14:\\\"plan_cuenta_id\\\";N;s:21:\\\"conta_centro_costo_id\\\";N;s:11:\\\"activity_id\\\";i:250;s:20:\\\"iva_creditos_tipo_id\\\";i:1;s:17:\\\"retention_type_id\\\";N;s:15:\\\"person_id_owner\\\";i:63875;s:20:\\\"person_id_relationed\\\";i:51841;s:6:\\\"number\\\";s:8:\\\"00000093\\\";s:5:\\\"hasta\\\";N;s:9:\\\"reference\\\";N;s:12:\\\"receipt_date\\\";s:10:\\\"2025-08-14\\\";s:15:\\\"expiration_date\\\";s:10:\\\"2025-08-14\\\";s:11:\\\"code_ticket\\\";s:4:\\\"0003\\\";s:9:\\\"status_id\\\";i:1;s:14:\\\"tax_account_id\\\";N;s:6:\\\"amount\\\";s:7:\\\"4242.01\\\";s:9:\\\"pendiente\\\";s:7:\\\"4242.01\\\";s:9:\\\"moneda_id\\\";i:1;s:10:\\\"cotizacion\\\";s:4:\\\"1.00\\\";s:11:\\\"dc_firma_id\\\";i:3;s:18:\\\"condicion_venta_id\\\";N;s:18:\\\"is_pago_adelantado\\\";N;s:11:\\\"is_garantia\\\";i:0;s:16:\\\"plazo_de_pago_id\\\";N;s:4:\\\"file\\\";N;s:10:\\\"comentario\\\";N;s:10:\\\"created_at\\\";s:19:\\\"2025-08-28 11:51:14\\\";s:10:\\\"updated_at\\\";s:19:\\\"2025-08-28 11:51:14\\\";s:10:\\\"deleted_at\\\";N;}s:11:\\\"\\u0000*\\u0000original\\\";a:40:{s:2:\\\"id\\\";i:310091;s:7:\\\"user_id\\\";i:11707;s:12:\\\"is_no_fiscal\\\";i:0;s:7:\\\"type_id\\\";i:1;s:15:\\\"type_receipt_id\\\";i:4;s:15:\\\"comprobanteAfip\\\";N;s:14:\\\"ppc_receipt_id\\\";N;s:20:\\\"fact_elec_receipt_id\\\";N;s:20:\\\"cta_cte_tesoreria_id\\\";N;s:9:\\\"period_id\\\";i:705418;s:7:\\\"zone_id\\\";i:1;s:14:\\\"plan_cuenta_id\\\";N;s:21:\\\"conta_centro_costo_id\\\";N;s:11:\\\"activity_id\\\";i:250;s:20:\\\"iva_creditos_tipo_id\\\";i:1;s:17:\\\"retention_type_id\\\";N;s:15:\\\"person_id_owner\\\";i:63875;s:20:\\\"person_id_relationed\\\";i:51841;s:6:\\\"number\\\";s:8:\\\"00000093\\\";s:5:\\\"hasta\\\";N;s:9:\\\"reference\\\";N;s:12:\\\"receipt_date\\\";s:10:\\\"2025-08-14\\\";s:15:\\\"expiration_date\\\";s:10:\\\"2025-08-14\\\";s:11:\\\"code_ticket\\\";s:4:\\\"0003\\\";s:9:\\\"status_id\\\";i:1;s:14:\\\"tax_account_id\\\";N;s:6:\\\"amount\\\";s:7:\\\"4242.01\\\";s:9:\\\"pendiente\\\";s:7:\\\"4242.01\\\";s:9:\\\"moneda_id\\\";i:1;s:10:\\\"cotizacion\\\";s:4:\\\"1.00\\\";s:11:\\\"dc_firma_id\\\";i:3;s:18:\\\"condicion_venta_id\\\";N;s:18:\\\"is_pago_adelantado\\\";N;s:11:\\\"is_garantia\\\";i:0;s:16:\\\"plazo_de_pago_id\\\";N;s:4:\\\"file\\\";N;s:10:\\\"comentario\\\";N;s:10:\\\"created_at\\\";s:19:\\\"2025-08-28 11:51:14\\\";s:10:\\\"updated_at\\\";s:19:\\\"2025-08-28 11:51:14\\\";s:10:\\\"deleted_at\\\";N;}s:10:\\\"\\u0000*\\u0000changes\\\";a:0:{}s:8:\\\"\\u0000*\\u0000casts\\\";a:1:{s:10:\\\"deleted_at\\\";s:8:\\\"datetime\\\";}s:17:\\\"\\u0000*\\u0000classCastCache\\\";a:0:{}s:21:\\\"\\u0000*\\u0000attributeCastCache\\\";a:0:{}s:13:\\\"\\u0000*\\u0000dateFormat\\\";N;s:10:\\\"\\u0000*\\u0000appends\\\";a:9:{i:0;s:18:\\\"nombre_transaccion\\\";i:1;s:11:\\\"name_modelo\\\";i:2;s:12:\\\"totalGravado\\\";i:3;s:24:\\\"totalNoGravadoExentoCero\\\";i:4;s:31:\\\"totalGravadoNoGravadoExentoCero\\\";i:5;s:8:\\\"totalIVA\\\";i:6;s:19:\\\"totalOtrosImpuestos\\\";i:7;s:19:\\\"formato_comprobante\\\";i:8;s:10:\\\"creado_por\\\";}s:19:\\\"\\u0000*\\u0000dispatchesEvents\\\";a:0:{}s:14:\\\"\\u0000*\\u0000observables\\\";a:0:{}s:12:\\\"\\u0000*\\u0000relations\\\";a:0:{}s:10:\\\"\\u0000*\\u0000touches\\\";a:0:{}s:10:\\\"timestamps\\\";b:1;s:13:\\\"usesUniqueIds\\\";b:0;s:9:\\\"\\u0000*\\u0000hidden\\\";a:0:{}s:10:\\\"\\u0000*\\u0000visible\\\";a:0:{}s:11:\\\"\\u0000*\\u0000fillable\\\";a:0:{}s:10:\\\"\\u0000*\\u0000guarded\\\";a:0:{}s:18:\\\"nombre_transaccion\\\";s:11:\\\"Comprobante\\\";s:16:\\\"\\u0000*\\u0000forceDeleting\\\";b:0;}i:173;O:18:\\\"App\\\\Models\\\\Receipt\\\":32:{s:13:\\\"\\u0000*\\u0000connection\\\";s:7:\\\"finance\\\";s:8:\\\"\\u0000*\\u0000table\\\";s:8:\\\"receipts\\\";s:13:\\\"\\u0000*\\u0000primaryKey\\\";s:2:\\\"id\\\";s:10:\\\"\\u0000*\\u0000keyType\\\";s:3:\\\"int\\\";s:12:\\\"incrementing\\\";b:1;s:7:\\\"\\u0000*\\u0000with\\\";a:0:{}s:12:\\\"\\u0000*\\u0000withCount\\\";a:0:{}s:19:\\\"preventsLazyLoading\\\";b:0;s:10:\\\"\\u0000*\\u0000perPage\\\";i:15;s:6:\\\"exists\\\";b:1;s:18:\\\"wasRecentlyCreated\\\";b:0;s:28:\\\"\\u0000*\\u0000escapeWhenCastingToString\\\";b:0;s:13:\\\"\\u0000*\\u0000attributes\\\";a:40:{s:2:\\\"id\\\";i:310092;s:7:\\\"user_id\\\";i:11707;s:12:\\\"is_no_fiscal\\\";i:0;s:7:\\\"type_id\\\";i:1;s:15:\\\"type_receipt_id\\\";i:4;s:15:\\\"comprobanteAfip\\\";N;s:14:\\\"ppc_receipt_id\\\";N;s:20:\\\"fact_elec_receipt_id\\\";N;s:20:\\\"cta_cte_tesoreria_id\\\";N;s:9:\\\"period_id\\\";i:705418;s:7:\\\"zone_id\\\";i:1;s:14:\\\"plan_cuenta_id\\\";N;s:21:\\\"conta_centro_costo_id\\\";N;s:11:\\\"activity_id\\\";i:250;s:20:\\\"iva_creditos_tipo_id\\\";i:1;s:17:\\\"retention_type_id\\\";N;s:15:\\\"person_id_owner\\\";i:63875;s:20:\\\"person_id_relationed\\\";i:51841;s:6:\\\"number\\\";s:8:\\\"00000090\\\";s:5:\\\"hasta\\\";N;s:9:\\\"reference\\\";N;s:12:\\\"receipt_date\\\";s:10:\\\"2025-08-14\\\";s:15:\\\"expiration_date\\\";s:10:\\\"2025-08-14\\\";s:11:\\\"code_ticket\\\";s:4:\\\"0003\\\";s:9:\\\"status_id\\\";i:1;s:14:\\\"tax_account_id\\\";N;s:6:\\\"amount\\\";s:7:\\\"9978.00\\\";s:9:\\\"pendiente\\\";s:7:\\\"9978.00\\\";s:9:\\\"moneda_id\\\";i:1;s:10:\\\"cotizacion\\\";s:4:\\\"1.00\\\";s:11:\\\"dc_firma_id\\\";i:3;s:18:\\\"condicion_venta_id\\\";N;s:18:\\\"is_pago_adelantado\\\";N;s:11:\\\"is_garantia\\\";i:0;s:16:\\\"plazo_de_pago_id\\\";N;s:4:\\\"file\\\";N;s:10:\\\"comentario\\\";N;s:10:\\\"created_at\\\";s:19:\\\"2025-08-28 11:51:14\\\";s:10:\\\"updated_at\\\";s:19:\\\"2025-08-28 11:51:14\\\";s:10:\\\"deleted_at\\\";N;}s:11:\\\"\\u0000*\\u0000original\\\";a:40:{s:2:\\\"id\\\";i:310092;s:7:\\\"user_id\\\";i:11707;s:12:\\\"is_no_fiscal\\\";i:0;s:7:\\\"type_id\\\";i:1;s:15:\\\"type_receipt_id\\\";i:4;s:15:\\\"comprobanteAfip\\\";N;s:14:\\\"ppc_receipt_id\\\";N;s:20:\\\"fact_elec_receipt_id\\\";N;s:20:\\\"cta_cte_tesoreria_id\\\";N;s:9:\\\"period_id\\\";i:705418;s:7:\\\"zone_id\\\";i:1;s:14:\\\"plan_cuenta_id\\\";N;s:21:\\\"conta_centro_costo_id\\\";N;s:11:\\\"activity_id\\\";i:250;s:20:\\\"iva_creditos_tipo_id\\\";i:1;s:17:\\\"retention_type_id\\\";N;s:15:\\\"person_id_owner\\\";i:63875;s:20:\\\"person_id_relationed\\\";i:51841;s:6:\\\"number\\\";s:8:\\\"00000090\\\";s:5:\\\"hasta\\\";N;s:9:\\\"reference\\\";N;s:12:\\\"receipt_date\\\";s:10:\\\"2025-08-14\\\";s:15:\\\"expiration_date\\\";s:10:\\\"2025-08-14\\\";s:11:\\\"code_ticket\\\";s:4:\\\"0003\\\";s:9:\\\"status_id\\\";i:1;s:14:\\\"tax_account_id\\\";N;s:6:\\\"amount\\\";s:7:\\\"9978.00\\\";s:9:\\\"pendiente\\\";s:7:\\\"9978.00\\\";s:9:\\\"moneda_id\\\";i:1;s:10:\\\"cotizacion\\\";s:4:\\\"1.00\\\";s:11:\\\"dc_firma_id\\\";i:3;s:18:\\\"condicion_venta_id\\\";N;s:18:\\\"is_pago_adelantado\\\";N;s:11:\\\"is_garantia\\\";i:0;s:16:\\\"plazo_de_pago_id\\\";N;s:4:\\\"file\\\";N;s:10:\\\"comentario\\\";N;s:10:\\\"created_at\\\";s:19:\\\"2025-08-28 11:51:14\\\";s:10:\\\"updated_at\\\";s:19:\\\"2025-08-28 11:51:14\\\";s:10:\\\"deleted_at\\\";N;}s:10:\\\"\\u0000*\\u0000changes\\\";a:0:{}s:8:\\\"\\u0000*\\u0000casts\\\";a:1:{s:10:\\\"deleted_at\\\";s:8:\\\"datetime\\\";}s:17:\\\"\\u0000*\\u0000classCastCache\\\";a:0:{}s:21:\\\"\\u0000*\\u0000attributeCastCache\\\";a:0:{}s:13:\\\"\\u0000*\\u0000dateFormat\\\";N;s:10:\\\"\\u0000*\\u0000appends\\\";a:9:{i:0;s:18:\\\"nombre_transaccion\\\";i:1;s:11:\\\"name_modelo\\\";i:2;s:12:\\\"totalGravado\\\";i:3;s:24:\\\"totalNoGravadoExentoCero\\\";i:4;s:31:\\\"totalGravadoNoGravadoExentoCero\\\";i:5;s:8:\\\"totalIVA\\\";i:6;s:19:\\\"totalOtrosImpuestos\\\";i:7;s:19:\\\"formato_comprobante\\\";i:8;s:10:\\\"creado_por\\\";}s:19:\\\"\\u0000*\\u0000dispatchesEvents\\\";a:0:{}s:14:\\\"\\u0000*\\u0000observables\\\";a:0:{}s:12:\\\"\\u0000*\\u0000relations\\\";a:0:{}s:10:\\\"\\u0000*\\u0000touches\\\";a:0:{}s:10:\\\"timestamps\\\";b:1;s:13:\\\"usesUniqueIds\\\";b:0;s:9:\\\"\\u0000*\\u0000hidden\\\";a:0:{}s:10:\\\"\\u0000*\\u0000visible\\\";a:0:{}s:11:\\\"\\u0000*\\u0000fillable\\\";a:0:{}s:10:\\\"\\u0000*\\u0000guarded\\\";a:0:{}s:18:\\\"nombre_transaccion\\\";s:11:\\\"Comprobante\\\";s:16:\\\"\\u0000*\\u0000forceDeleting\\\";b:0;}i:174;O:18:\\\"App\\\\Models\\\\Receipt\\\":32:{s:13:\\\"\\u0000*\\u0000connection\\\";s:7:\\\"finance\\\";s:8:\\\"\\u0000*\\u0000table\\\";s:8:\\\"receipts\\\";s:13:\\\"\\u0000*\\u0000primaryKey\\\";s:2:\\\"id\\\";s:10:\\\"\\u0000*\\u0000keyType\\\";s:3:\\\"int\\\";s:12:\\\"incrementing\\\";b:1;s:7:\\\"\\u0000*\\u0000with\\\";a:0:{}s:12:\\\"\\u0000*\\u0000withCount\\\";a:0:{}s:19:\\\"preventsLazyLoading\\\";b:0;s:10:\\\"\\u0000*\\u0000perPage\\\";i:15;s:6:\\\"exists\\\";b:1;s:18:\\\"wasRecentlyCreated\\\";b:0;s:28:\\\"\\u0000*\\u0000escapeWhenCastingToString\\\";b:0;s:13:\\\"\\u0000*\\u0000attributes\\\";a:40:{s:2:\\\"id\\\";i:310093;s:7:\\\"user_id\\\";i:11707;s:12:\\\"is_no_fiscal\\\";i:0;s:7:\\\"type_id\\\";i:1;s:15:\\\"type_receipt_id\\\";i:4;s:15:\\\"comprobanteAfip\\\";N;s:14:\\\"ppc_receipt_id\\\";N;s:20:\\\"fact_elec_receipt_id\\\";N;s:20:\\\"cta_cte_tesoreria_id\\\";N;s:9:\\\"period_id\\\";i:705418;s:7:\\\"zone_id\\\";i:1;s:14:\\\"plan_cuenta_id\\\";N;s:21:\\\"conta_centro_costo_id\\\";N;s:11:\\\"activity_id\\\";i:250;s:20:\\\"iva_creditos_tipo_id\\\";i:1;s:17:\\\"retention_type_id\\\";N;s:15:\\\"person_id_owner\\\";i:63875;s:20:\\\"person_id_relationed\\\";i:51841;s:6:\\\"number\\\";s:8:\\\"00000096\\\";s:5:\\\"hasta\\\";N;s:9:\\\"reference\\\";N;s:12:\\\"receipt_date\\\";s:10:\\\"2025-08-15\\\";s:15:\\\"expiration_date\\\";s:10:\\\"2025-08-15\\\";s:11:\\\"code_ticket\\\";s:4:\\\"0003\\\";s:9:\\\"status_id\\\";i:1;s:14:\\\"tax_account_id\\\";N;s:6:\\\"amount\\\";s:7:\\\"8303.00\\\";s:9:\\\"pendiente\\\";s:7:\\\"8303.00\\\";s:9:\\\"moneda_id\\\";i:1;s:10:\\\"cotizacion\\\";s:4:\\\"1.00\\\";s:11:\\\"dc_firma_id\\\";i:3;s:18:\\\"condicion_venta_id\\\";N;s:18:\\\"is_pago_adelantado\\\";N;s:11:\\\"is_garantia\\\";i:0;s:16:\\\"plazo_de_pago_id\\\";N;s:4:\\\"file\\\";N;s:10:\\\"comentario\\\";N;s:10:\\\"created_at\\\";s:19:\\\"2025-08-28 11:51:14\\\";s:10:\\\"updated_at\\\";s:19:\\\"2025-08-28 11:51:14\\\";s:10:\\\"deleted_at\\\";N;}s:11:\\\"\\u0000*\\u0000original\\\";a:40:{s:2:\\\"id\\\";i:310093;s:7:\\\"user_id\\\";i:11707;s:12:\\\"is_no_fiscal\\\";i:0;s:7:\\\"type_id\\\";i:1;s:15:\\\"type_receipt_id\\\";i:4;s:15:\\\"comprobanteAfip\\\";N;s:14:\\\"ppc_receipt_id\\\";N;s:20:\\\"fact_elec_receipt_id\\\";N;s:20:\\\"cta_cte_tesoreria_id\\\";N;s:9:\\\"period_id\\\";i:705418;s:7:\\\"zone_id\\\";i:1;s:14:\\\"plan_cuenta_id\\\";N;s:21:\\\"conta_centro_costo_id\\\";N;s:11:\\\"activity_id\\\";i:250;s:20:\\\"iva_creditos_tipo_id\\\";i:1;s:17:\\\"retention_type_id\\\";N;s:15:\\\"person_id_owner\\\";i:63875;s:20:\\\"person_id_relationed\\\";i:51841;s:6:\\\"number\\\";s:8:\\\"00000096\\\";s:5:\\\"hasta\\\";N;s:9:\\\"reference\\\";N;s:12:\\\"receipt_date\\\";s:10:\\\"2025-08-15\\\";s:15:\\\"expiration_date\\\";s:10:\\\"2025-08-15\\\";s:11:\\\"code_ticket\\\";s:4:\\\"0003\\\";s:9:\\\"status_id\\\";i:1;s:14:\\\"tax_account_id\\\";N;s:6:\\\"amount\\\";s:7:\\\"8303.00\\\";s:9:\\\"pendiente\\\";s:7:\\\"8303.00\\\";s:9:\\\"moneda_id\\\";i:1;s:10:\\\"cotizacion\\\";s:4:\\\"1.00\\\";s:11:\\\"dc_firma_id\\\";i:3;s:18:\\\"condicion_venta_id\\\";N;s:18:\\\"is_pago_adelantado\\\";N;s:11:\\\"is_garantia\\\";i:0;s:16:\\\"plazo_de_pago_id\\\";N;s:4:\\\"file\\\";N;s:10:\\\"comentario\\\";N;s:10:\\\"created_at\\\";s:19:\\\"2025-08-28 11:51:14\\\";s:10:\\\"updated_at\\\";s:19:\\\"2025-08-28 11:51:14\\\";s:10:\\\"deleted_at\\\";N;}s:10:\\\"\\u0000*\\u0000changes\\\";a:0:{}s:8:\\\"\\u0000*\\u0000casts\\\";a:1:{s:10:\\\"deleted_at\\\";s:8:\\\"datetime\\\";}s:17:\\\"\\u0000*\\u0000classCastCache\\\";a:0:{}s:21:\\\"\\u0000*\\u0000attributeCastCache\\\";a:0:{}s:13:\\\"\\u0000*\\u0000dateFormat\\\";N;s:10:\\\"\\u0000*\\u0000appends\\\";a:9:{i:0;s:18:\\\"nombre_transaccion\\\";i:1;s:11:\\\"name_modelo\\\";i:2;s:12:\\\"totalGravado\\\";i:3;s:24:\\\"totalNoGravadoExentoCero\\\";i:4;s:31:\\\"totalGravadoNoGravadoExentoCero\\\";i:5;s:8:\\\"totalIVA\\\";i:6;s:19:\\\"totalOtrosImpuestos\\\";i:7;s:19:\\\"formato_comprobante\\\";i:8;s:10:\\\"creado_por\\\";}s:19:\\\"\\u0000*\\u0000dispatchesEvents\\\";a:0:{}s:14:\\\"\\u0000*\\u0000observables\\\";a:0:{}s:12:\\\"\\u0000*\\u0000relations\\\";a:0:{}s:10:\\\"\\u0000*\\u0000touches\\\";a:0:{}s:10:\\\"timestamps\\\";b:1;s:13:\\\"usesUniqueIds\\\";b:0;s:9:\\\"\\u0000*\\u0000hidden\\\";a:0:{}s:10:\\\"\\u0000*\\u0000visible\\\";a:0:{}s:11:\\\"\\u0000*\\u0000fillable\\\";a:0:{}s:10:\\\"\\u0000*\\u0000guarded\\\";a:0:{}s:18:\\\"nombre_transaccion\\\";s:11:\\\"Comprobante\\\";s:16:\\\"\\u0000*\\u0000forceDeleting\\\";b:0;}i:175;O:18:\\\"App\\\\Models\\\\Receipt\\\":32:{s:13:\\\"\\u0000*\\u0000connection\\\";s:7:\\\"finance\\\";s:8:\\\"\\u0000*\\u0000table\\\";s:8:\\\"receipts\\\";s:13:\\\"\\u0000*\\u0000primaryKey\\\";s:2:\\\"id\\\";s:10:\\\"\\u0000*\\u0000keyType\\\";s:3:\\\"int\\\";s:12:\\\"incrementing\\\";b:1;s:7:\\\"\\u0000*\\u0000with\\\";a:0:{}s:12:\\\"\\u0000*\\u0000withCount\\\";a:0:{}s:19:\\\"preventsLazyLoading\\\";b:0;s:10:\\\"\\u0000*\\u0000perPage\\\";i:15;s:6:\\\"exists\\\";b:1;s:18:\\\"wasRecentlyCreated\\\";b:0;s:28:\\\"\\u0000*\\u0000escapeWhenCastingToString\\\";b:0;s:13:\\\"\\u0000*\\u0000attributes\\\";a:40:{s:2:\\\"id\\\";i:310094;s:7:\\\"user_id\\\";i:11707;s:12:\\\"is_no_fiscal\\\";i:0;s:7:\\\"type_id\\\";i:1;s:15:\\\"type_receipt_id\\\";i:4;s:15:\\\"comprobanteAfip\\\";N;s:14:\\\"ppc_receipt_id\\\";N;s:20:\\\"fact_elec_receipt_id\\\";N;s:20:\\\"cta_cte_tesoreria_id\\\";N;s:9:\\\"period_id\\\";i:705418;s:7:\\\"zone_id\\\";i:1;s:14:\\\"plan_cuenta_id\\\";N;s:21:\\\"conta_centro_costo_id\\\";N;s:11:\\\"activity_id\\\";i:250;s:20:\\\"iva_creditos_tipo_id\\\";i:1;s:17:\\\"retention_type_id\\\";N;s:15:\\\"person_id_owner\\\";i:63875;s:20:\\\"person_id_relationed\\\";i:51841;s:6:\\\"number\\\";s:8:\\\"00000098\\\";s:5:\\\"hasta\\\";N;s:9:\\\"reference\\\";N;s:12:\\\"receipt_date\\\";s:10:\\\"2025-08-15\\\";s:15:\\\"expiration_date\\\";s:10:\\\"2025-08-15\\\";s:11:\\\"code_ticket\\\";s:4:\\\"0003\\\";s:9:\\\"status_id\\\";i:1;s:14:\\\"tax_account_id\\\";N;s:6:\\\"amount\\\";s:7:\\\"5319.00\\\";s:9:\\\"pendiente\\\";s:7:\\\"5319.00\\\";s:9:\\\"moneda_id\\\";i:1;s:10:\\\"cotizacion\\\";s:4:\\\"1.00\\\";s:11:\\\"dc_firma_id\\\";i:3;s:18:\\\"condicion_venta_id\\\";N;s:18:\\\"is_pago_adelantado\\\";N;s:11:\\\"is_garantia\\\";i:0;s:16:\\\"plazo_de_pago_id\\\";N;s:4:\\\"file\\\";N;s:10:\\\"comentario\\\";N;s:10:\\\"created_at\\\";s:19:\\\"2025-08-28 11:51:14\\\";s:10:\\\"updated_at\\\";s:19:\\\"2025-08-28 11:51:14\\\";s:10:\\\"deleted_at\\\";N;}s:11:\\\"\\u0000*\\u0000original\\\";a:40:{s:2:\\\"id\\\";i:310094;s:7:\\\"user_id\\\";i:11707;s:12:\\\"is_no_fiscal\\\";i:0;s:7:\\\"type_id\\\";i:1;s:15:\\\"type_receipt_id\\\";i:4;s:15:\\\"comprobanteAfip\\\";N;s:14:\\\"ppc_receipt_id\\\";N;s:20:\\\"fact_elec_receipt_id\\\";N;s:20:\\\"cta_cte_tesoreria_id\\\";N;s:9:\\\"period_id\\\";i:705418;s:7:\\\"zone_id\\\";i:1;s:14:\\\"plan_cuenta_id\\\";N;s:21:\\\"conta_centro_costo_id\\\";N;s:11:\\\"activity_id\\\";i:250;s:20:\\\"iva_creditos_tipo_id\\\";i:1;s:17:\\\"retention_type_id\\\";N;s:15:\\\"person_id_owner\\\";i:63875;s:20:\\\"person_id_relationed\\\";i:51841;s:6:\\\"number\\\";s:8:\\\"00000098\\\";s:5:\\\"hasta\\\";N;s:9:\\\"reference\\\";N;s:12:\\\"receipt_date\\\";s:10:\\\"2025-08-15\\\";s:15:\\\"expiration_date\\\";s:10:\\\"2025-08-15\\\";s:11:\\\"code_ticket\\\";s:4:\\\"0003\\\";s:9:\\\"status_id\\\";i:1;s:14:\\\"tax_account_id\\\";N;s:6:\\\"amount\\\";s:7:\\\"5319.00\\\";s:9:\\\"pendiente\\\";s:7:\\\"5319.00\\\";s:9:\\\"moneda_id\\\";i:1;s:10:\\\"cotizacion\\\";s:4:\\\"1.00\\\";s:11:\\\"dc_firma_id\\\";i:3;s:18:\\\"condicion_venta_id\\\";N;s:18:\\\"is_pago_adelantado\\\";N;s:11:\\\"is_garantia\\\";i:0;s:16:\\\"plazo_de_pago_id\\\";N;s:4:\\\"file\\\";N;s:10:\\\"comentario\\\";N;s:10:\\\"created_at\\\";s:19:\\\"2025-08-28 11:51:14\\\";s:10:\\\"updated_at\\\";s:19:\\\"2025-08-28 11:51:14\\\";s:10:\\\"deleted_at\\\";N;}s:10:\\\"\\u0000*\\u0000changes\\\";a:0:{}s:8:\\\"\\u0000*\\u0000casts\\\";a:1:{s:10:\\\"deleted_at\\\";s:8:\\\"datetime\\\";}s:17:\\\"\\u0000*\\u0000classCastCache\\\";a:0:{}s:21:\\\"\\u0000*\\u0000attributeCastCache\\\";a:0:{}s:13:\\\"\\u0000*\\u0000dateFormat\\\";N;s:10:\\\"\\u0000*\\u0000appends\\\";a:9:{i:0;s:18:\\\"nombre_transaccion\\\";i:1;s:11:\\\"name_modelo\\\";i:2;s:12:\\\"totalGravado\\\";i:3;s:24:\\\"totalNoGravadoExentoCero\\\";i:4;s:31:\\\"totalGravadoNoGravadoExentoCero\\\";i:5;s:8:\\\"totalIVA\\\";i:6;s:19:\\\"totalOtrosImpuestos\\\";i:7;s:19:\\\"formato_comprobante\\\";i:8;s:10:\\\"creado_por\\\";}s:19:\\\"\\u0000*\\u0000dispatchesEvents\\\";a:0:{}s:14:\\\"\\u0000*\\u0000observables\\\";a:0:{}s:12:\\\"\\u0000*\\u0000relations\\\";a:0:{}s:10:\\\"\\u0000*\\u0000touches\\\";a:0:{}s:10:\\\"timestamps\\\";b:1;s:13:\\\"usesUniqueIds\\\";b:0;s:9:\\\"\\u0000*\\u0000hidden\\\";a:0:{}s:10:\\\"\\u0000*\\u0000visible\\\";a:0:{}s:11:\\\"\\u0000*\\u0000fillable\\\";a:0:{}s:10:\\\"\\u0000*\\u0000guarded\\\";a:0:{}s:18:\\\"nombre_transaccion\\\";s:11:\\\"Comprobante\\\";s:16:\\\"\\u0000*\\u0000forceDeleting\\\";b:0;}i:176;O:18:\\\"App\\\\Models\\\\Receipt\\\":32:{s:13:\\\"\\u0000*\\u0000connection\\\";s:7:\\\"finance\\\";s:8:\\\"\\u0000*\\u0000table\\\";s:8:\\\"receipts\\\";s:13:\\\"\\u0000*\\u0000primaryKey\\\";s:2:\\\"id\\\";s:10:\\\"\\u0000*\\u0000keyType\\\";s:3:\\\"int\\\";s:12:\\\"incrementing\\\";b:1;s:7:\\\"\\u0000*\\u0000with\\\";a:0:{}s:12:\\\"\\u0000*\\u0000withCount\\\";a:0:{}s:19:\\\"preventsLazyLoading\\\";b:0;s:10:\\\"\\u0000*\\u0000perPage\\\";i:15;s:6:\\\"exists\\\";b:1;s:18:\\\"wasRecentlyCreated\\\";b:0;s:28:\\\"\\u0000*\\u0000escapeWhenCastingToString\\\";b:0;s:13:\\\"\\u0000*\\u0000attributes\\\";a:40:{s:2:\\\"id\\\";i:310095;s:7:\\\"user_id\\\";i:11707;s:12:\\\"is_no_fiscal\\\";i:0;s:7:\\\"type_id\\\";i:1;s:15:\\\"type_receipt_id\\\";i:4;s:15:\\\"comprobanteAfip\\\";N;s:14:\\\"ppc_receipt_id\\\";N;s:20:\\\"fact_elec_receipt_id\\\";N;s:20:\\\"cta_cte_tesoreria_id\\\";N;s:9:\\\"period_id\\\";i:705418;s:7:\\\"zone_id\\\";i:1;s:14:\\\"plan_cuenta_id\\\";N;s:21:\\\"conta_centro_costo_id\\\";N;s:11:\\\"activity_id\\\";i:250;s:20:\\\"iva_creditos_tipo_id\\\";i:1;s:17:\\\"retention_type_id\\\";N;s:15:\\\"person_id_owner\\\";i:63875;s:20:\\\"person_id_relationed\\\";i:51841;s:6:\\\"number\\\";s:8:\\\"00000099\\\";s:5:\\\"hasta\\\";N;s:9:\\\"reference\\\";N;s:12:\\\"receipt_date\\\";s:10:\\\"2025-08-15\\\";s:15:\\\"expiration_date\\\";s:10:\\\"2025-08-15\\\";s:11:\\\"code_ticket\\\";s:4:\\\"0003\\\";s:9:\\\"status_id\\\";i:1;s:14:\\\"tax_account_id\\\";N;s:6:\\\"amount\\\";s:8:\\\"15416.01\\\";s:9:\\\"pendiente\\\";s:8:\\\"15416.01\\\";s:9:\\\"moneda_id\\\";i:1;s:10:\\\"cotizacion\\\";s:4:\\\"1.00\\\";s:11:\\\"dc_firma_id\\\";i:3;s:18:\\\"condicion_venta_id\\\";N;s:18:\\\"is_pago_adelantado\\\";N;s:11:\\\"is_garantia\\\";i:0;s:16:\\\"plazo_de_pago_id\\\";N;s:4:\\\"file\\\";N;s:10:\\\"comentario\\\";N;s:10:\\\"created_at\\\";s:19:\\\"2025-08-28 11:51:15\\\";s:10:\\\"updated_at\\\";s:19:\\\"2025-08-28 11:51:15\\\";s:10:\\\"deleted_at\\\";N;}s:11:\\\"\\u0000*\\u0000original\\\";a:40:{s:2:\\\"id\\\";i:310095;s:7:\\\"user_id\\\";i:11707;s:12:\\\"is_no_fiscal\\\";i:0;s:7:\\\"type_id\\\";i:1;s:15:\\\"type_receipt_id\\\";i:4;s:15:\\\"comprobanteAfip\\\";N;s:14:\\\"ppc_receipt_id\\\";N;s:20:\\\"fact_elec_receipt_id\\\";N;s:20:\\\"cta_cte_tesoreria_id\\\";N;s:9:\\\"period_id\\\";i:705418;s:7:\\\"zone_id\\\";i:1;s:14:\\\"plan_cuenta_id\\\";N;s:21:\\\"conta_centro_costo_id\\\";N;s:11:\\\"activity_id\\\";i:250;s:20:\\\"iva_creditos_tipo_id\\\";i:1;s:17:\\\"retention_type_id\\\";N;s:15:\\\"person_id_owner\\\";i:63875;s:20:\\\"person_id_relationed\\\";i:51841;s:6:\\\"number\\\";s:8:\\\"00000099\\\";s:5:\\\"hasta\\\";N;s:9:\\\"reference\\\";N;s:12:\\\"receipt_date\\\";s:10:\\\"2025-08-15\\\";s:15:\\\"expiration_date\\\";s:10:\\\"2025-08-15\\\";s:11:\\\"code_ticket\\\";s:4:\\\"0003\\\";s:9:\\\"status_id\\\";i:1;s:14:\\\"tax_account_id\\\";N;s:6:\\\"amount\\\";s:8:\\\"15416.01\\\";s:9:\\\"pendiente\\\";s:8:\\\"15416.01\\\";s:9:\\\"moneda_id\\\";i:1;s:10:\\\"cotizacion\\\";s:4:\\\"1.00\\\";s:11:\\\"dc_firma_id\\\";i:3;s:18:\\\"condicion_venta_id\\\";N;s:18:\\\"is_pago_adelantado\\\";N;s:11:\\\"is_garantia\\\";i:0;s:16:\\\"plazo_de_pago_id\\\";N;s:4:\\\"file\\\";N;s:10:\\\"comentario\\\";N;s:10:\\\"created_at\\\";s:19:\\\"2025-08-28 11:51:15\\\";s:10:\\\"updated_at\\\";s:19:\\\"2025-08-28 11:51:15\\\";s:10:\\\"deleted_at\\\";N;}s:10:\\\"\\u0000*\\u0000changes\\\";a:0:{}s:8:\\\"\\u0000*\\u0000casts\\\";a:1:{s:10:\\\"deleted_at\\\";s:8:\\\"datetime\\\";}s:17:\\\"\\u0000*\\u0000classCastCache\\\";a:0:{}s:21:\\\"\\u0000*\\u0000attributeCastCache\\\";a:0:{}s:13:\\\"\\u0000*\\u0000dateFormat\\\";N;s:10:\\\"\\u0000*\\u0000appends\\\";a:9:{i:0;s:18:\\\"nombre_transaccion\\\";i:1;s:11:\\\"name_modelo\\\";i:2;s:12:\\\"totalGravado\\\";i:3;s:24:\\\"totalNoGravadoExentoCero\\\";i:4;s:31:\\\"totalGravadoNoGravadoExentoCero\\\";i:5;s:8:\\\"totalIVA\\\";i:6;s:19:\\\"totalOtrosImpuestos\\\";i:7;s:19:\\\"formato_comprobante\\\";i:8;s:10:\\\"creado_por\\\";}s:19:\\\"\\u0000*\\u0000dispatchesEvents\\\";a:0:{}s:14:\\\"\\u0000*\\u0000observables\\\";a:0:{}s:12:\\\"\\u0000*\\u0000relations\\\";a:0:{}s:10:\\\"\\u0000*\\u0000touches\\\";a:0:{}s:10:\\\"timestamps\\\";b:1;s:13:\\\"usesUniqueIds\\\";b:0;s:9:\\\"\\u0000*\\u0000hidden\\\";a:0:{}s:10:\\\"\\u0000*\\u0000visible\\\";a:0:{}s:11:\\\"\\u0000*\\u0000fillable\\\";a:0:{}s:10:\\\"\\u0000*\\u0000guarded\\\";a:0:{}s:18:\\\"nombre_transaccion\\\";s:11:\\\"Comprobante\\\";s:16:\\\"\\u0000*\\u0000forceDeleting\\\";b:0;}i:177;O:18:\\\"App\\\\Models\\\\Receipt\\\":32:{s:13:\\\"\\u0000*\\u0000connection\\\";s:7:\\\"finance\\\";s:8:\\\"\\u0000*\\u0000table\\\";s:8:\\\"receipts\\\";s:13:\\\"\\u0000*\\u0000primaryKey\\\";s:2:\\\"id\\\";s:10:\\\"\\u0000*\\u0000keyType\\\";s:3:\\\"int\\\";s:12:\\\"incrementing\\\";b:1;s:7:\\\"\\u0000*\\u0000with\\\";a:0:{}s:12:\\\"\\u0000*\\u0000withCount\\\";a:0:{}s:19:\\\"preventsLazyLoading\\\";b:0;s:10:\\\"\\u0000*\\u0000perPage\\\";i:15;s:6:\\\"exists\\\";b:1;s:18:\\\"wasRecentlyCreated\\\";b:0;s:28:\\\"\\u0000*\\u0000escapeWhenCastingToString\\\";b:0;s:13:\\\"\\u0000*\\u0000attributes\\\";a:40:{s:2:\\\"id\\\";i:310096;s:7:\\\"user_id\\\";i:11707;s:12:\\\"is_no_fiscal\\\";i:0;s:7:\\\"type_id\\\";i:1;s:15:\\\"type_receipt_id\\\";i:4;s:15:\\\"comprobanteAfip\\\";N;s:14:\\\"ppc_receipt_id\\\";N;s:20:\\\"fact_elec_receipt_id\\\";N;s:20:\\\"cta_cte_tesoreria_id\\\";N;s:9:\\\"period_id\\\";i:705418;s:7:\\\"zone_id\\\";i:1;s:14:\\\"plan_cuenta_id\\\";N;s:21:\\\"conta_centro_costo_id\\\";N;s:11:\\\"activity_id\\\";i:250;s:20:\\\"iva_creditos_tipo_id\\\";i:1;s:17:\\\"retention_type_id\\\";N;s:15:\\\"person_id_owner\\\";i:63875;s:20:\\\"person_id_relationed\\\";i:51841;s:6:\\\"number\\\";s:8:\\\"00000100\\\";s:5:\\\"hasta\\\";N;s:9:\\\"reference\\\";N;s:12:\\\"receipt_date\\\";s:10:\\\"2025-08-15\\\";s:15:\\\"expiration_date\\\";s:10:\\\"2025-08-15\\\";s:11:\\\"code_ticket\\\";s:4:\\\"0003\\\";s:9:\\\"status_id\\\";i:1;s:14:\\\"tax_account_id\\\";N;s:6:\\\"amount\\\";s:7:\\\"7995.00\\\";s:9:\\\"pendiente\\\";s:7:\\\"7995.00\\\";s:9:\\\"moneda_id\\\";i:1;s:10:\\\"cotizacion\\\";s:4:\\\"1.00\\\";s:11:\\\"dc_firma_id\\\";i:3;s:18:\\\"condicion_venta_id\\\";N;s:18:\\\"is_pago_adelantado\\\";N;s:11:\\\"is_garantia\\\";i:0;s:16:\\\"plazo_de_pago_id\\\";N;s:4:\\\"file\\\";N;s:10:\\\"comentario\\\";N;s:10:\\\"created_at\\\";s:19:\\\"2025-08-28 11:51:15\\\";s:10:\\\"updated_at\\\";s:19:\\\"2025-08-28 11:51:15\\\";s:10:\\\"deleted_at\\\";N;}s:11:\\\"\\u0000*\\u0000original\\\";a:40:{s:2:\\\"id\\\";i:310096;s:7:\\\"user_id\\\";i:11707;s:12:\\\"is_no_fiscal\\\";i:0;s:7:\\\"type_id\\\";i:1;s:15:\\\"type_receipt_id\\\";i:4;s:15:\\\"comprobanteAfip\\\";N;s:14:\\\"ppc_receipt_id\\\";N;s:20:\\\"fact_elec_receipt_id\\\";N;s:20:\\\"cta_cte_tesoreria_id\\\";N;s:9:\\\"period_id\\\";i:705418;s:7:\\\"zone_id\\\";i:1;s:14:\\\"plan_cuenta_id\\\";N;s:21:\\\"conta_centro_costo_id\\\";N;s:11:\\\"activity_id\\\";i:250;s:20:\\\"iva_creditos_tipo_id\\\";i:1;s:17:\\\"retention_type_id\\\";N;s:15:\\\"person_id_owner\\\";i:63875;s:20:\\\"person_id_relationed\\\";i:51841;s:6:\\\"number\\\";s:8:\\\"00000100\\\";s:5:\\\"hasta\\\";N;s:9:\\\"reference\\\";N;s:12:\\\"receipt_date\\\";s:10:\\\"2025-08-15\\\";s:15:\\\"expiration_date\\\";s:10:\\\"2025-08-15\\\";s:11:\\\"code_ticket\\\";s:4:\\\"0003\\\";s:9:\\\"status_id\\\";i:1;s:14:\\\"tax_account_id\\\";N;s:6:\\\"amount\\\";s:7:\\\"7995.00\\\";s:9:\\\"pendiente\\\";s:7:\\\"7995.00\\\";s:9:\\\"moneda_id\\\";i:1;s:10:\\\"cotizacion\\\";s:4:\\\"1.00\\\";s:11:\\\"dc_firma_id\\\";i:3;s:18:\\\"condicion_venta_id\\\";N;s:18:\\\"is_pago_adelantado\\\";N;s:11:\\\"is_garantia\\\";i:0;s:16:\\\"plazo_de_pago_id\\\";N;s:4:\\\"file\\\";N;s:10:\\\"comentario\\\";N;s:10:\\\"created_at\\\";s:19:\\\"2025-08-28 11:51:15\\\";s:10:\\\"updated_at\\\";s:19:\\\"2025-08-28 11:51:15\\\";s:10:\\\"deleted_at\\\";N;}s:10:\\\"\\u0000*\\u0000changes\\\";a:0:{}s:8:\\\"\\u0000*\\u0000casts\\\";a:1:{s:10:\\\"deleted_at\\\";s:8:\\\"datetime\\\";}s:17:\\\"\\u0000*\\u0000classCastCache\\\";a:0:{}s:21:\\\"\\u0000*\\u0000attributeCastCache\\\";a:0:{}s:13:\\\"\\u0000*\\u0000dateFormat\\\";N;s:10:\\\"\\u0000*\\u0000appends\\\";a:9:{i:0;s:18:\\\"nombre_transaccion\\\";i:1;s:11:\\\"name_modelo\\\";i:2;s:12:\\\"totalGravado\\\";i:3;s:24:\\\"totalNoGravadoExentoCero\\\";i:4;s:31:\\\"totalGravadoNoGravadoExentoCero\\\";i:5;s:8:\\\"totalIVA\\\";i:6;s:19:\\\"totalOtrosImpuestos\\\";i:7;s:19:\\\"formato_comprobante\\\";i:8;s:10:\\\"creado_por\\\";}s:19:\\\"\\u0000*\\u0000dispatchesEvents\\\";a:0:{}s:14:\\\"\\u0000*\\u0000observables\\\";a:0:{}s:12:\\\"\\u0000*\\u0000relations\\\";a:0:{}s:10:\\\"\\u0000*\\u0000touches\\\";a:0:{}s:10:\\\"timestamps\\\";b:1;s:13:\\\"usesUniqueIds\\\";b:0;s:9:\\\"\\u0000*\\u0000hidden\\\";a:0:{}s:10:\\\"\\u0000*\\u0000visible\\\";a:0:{}s:11:\\\"\\u0000*\\u0000fillable\\\";a:0:{}s:10:\\\"\\u0000*\\u0000guarded\\\";a:0:{}s:18:\\\"nombre_transaccion\\\";s:11:\\\"Comprobante\\\";s:16:\\\"\\u0000*\\u0000forceDeleting\\\";b:0;}i:178;O:18:\\\"App\\\\Models\\\\Receipt\\\":32:{s:13:\\\"\\u0000*\\u0000connection\\\";s:7:\\\"finance\\\";s:8:\\\"\\u0000*\\u0000table\\\";s:8:\\\"receipts\\\";s:13:\\\"\\u0000*\\u0000primaryKey\\\";s:2:\\\"id\\\";s:10:\\\"\\u0000*\\u0000keyType\\\";s:3:\\\"int\\\";s:12:\\\"incrementing\\\";b:1;s:7:\\\"\\u0000*\\u0000with\\\";a:0:{}s:12:\\\"\\u0000*\\u0000withCount\\\";a:0:{}s:19:\\\"preventsLazyLoading\\\";b:0;s:10:\\\"\\u0000*\\u0000perPage\\\";i:15;s:6:\\\"exists\\\";b:1;s:18:\\\"wasRecentlyCreated\\\";b:0;s:28:\\\"\\u0000*\\u0000escapeWhenCastingToString\\\";b:0;s:13:\\\"\\u0000*\\u0000attributes\\\";a:40:{s:2:\\\"id\\\";i:310097;s:7:\\\"user_id\\\";i:11707;s:12:\\\"is_no_fiscal\\\";i:0;s:7:\\\"type_id\\\";i:1;s:15:\\\"type_receipt_id\\\";i:4;s:15:\\\"comprobanteAfip\\\";N;s:14:\\\"ppc_receipt_id\\\";N;s:20:\\\"fact_elec_receipt_id\\\";N;s:20:\\\"cta_cte_tesoreria_id\\\";N;s:9:\\\"period_id\\\";i:705418;s:7:\\\"zone_id\\\";i:1;s:14:\\\"plan_cuenta_id\\\";N;s:21:\\\"conta_centro_costo_id\\\";N;s:11:\\\"activity_id\\\";i:250;s:20:\\\"iva_creditos_tipo_id\\\";i:1;s:17:\\\"retention_type_id\\\";N;s:15:\\\"person_id_owner\\\";i:63875;s:20:\\\"person_id_relationed\\\";i:51841;s:6:\\\"number\\\";s:8:\\\"00000097\\\";s:5:\\\"hasta\\\";N;s:9:\\\"reference\\\";N;s:12:\\\"receipt_date\\\";s:10:\\\"2025-08-15\\\";s:15:\\\"expiration_date\\\";s:10:\\\"2025-08-15\\\";s:11:\\\"code_ticket\\\";s:4:\\\"0003\\\";s:9:\\\"status_id\\\";i:1;s:14:\\\"tax_account_id\\\";N;s:6:\\\"amount\\\";s:8:\\\"38428.00\\\";s:9:\\\"pendiente\\\";s:8:\\\"38428.00\\\";s:9:\\\"moneda_id\\\";i:1;s:10:\\\"cotizacion\\\";s:4:\\\"1.00\\\";s:11:\\\"dc_firma_id\\\";i:3;s:18:\\\"condicion_venta_id\\\";N;s:18:\\\"is_pago_adelantado\\\";N;s:11:\\\"is_garantia\\\";i:0;s:16:\\\"plazo_de_pago_id\\\";N;s:4:\\\"file\\\";N;s:10:\\\"comentario\\\";N;s:10:\\\"created_at\\\";s:19:\\\"2025-08-28 11:51:15\\\";s:10:\\\"updated_at\\\";s:19:\\\"2025-08-28 11:51:15\\\";s:10:\\\"deleted_at\\\";N;}s:11:\\\"\\u0000*\\u0000original\\\";a:40:{s:2:\\\"id\\\";i:310097;s:7:\\\"user_id\\\";i:11707;s:12:\\\"is_no_fiscal\\\";i:0;s:7:\\\"type_id\\\";i:1;s:15:\\\"type_receipt_id\\\";i:4;s:15:\\\"comprobanteAfip\\\";N;s:14:\\\"ppc_receipt_id\\\";N;s:20:\\\"fact_elec_receipt_id\\\";N;s:20:\\\"cta_cte_tesoreria_id\\\";N;s:9:\\\"period_id\\\";i:705418;s:7:\\\"zone_id\\\";i:1;s:14:\\\"plan_cuenta_id\\\";N;s:21:\\\"conta_centro_costo_id\\\";N;s:11:\\\"activity_id\\\";i:250;s:20:\\\"iva_creditos_tipo_id\\\";i:1;s:17:\\\"retention_type_id\\\";N;s:15:\\\"person_id_owner\\\";i:63875;s:20:\\\"person_id_relationed\\\";i:51841;s:6:\\\"number\\\";s:8:\\\"00000097\\\";s:5:\\\"hasta\\\";N;s:9:\\\"reference\\\";N;s:12:\\\"receipt_date\\\";s:10:\\\"2025-08-15\\\";s:15:\\\"expiration_date\\\";s:10:\\\"2025-08-15\\\";s:11:\\\"code_ticket\\\";s:4:\\\"0003\\\";s:9:\\\"status_id\\\";i:1;s:14:\\\"tax_account_id\\\";N;s:6:\\\"amount\\\";s:8:\\\"38428.00\\\";s:9:\\\"pendiente\\\";s:8:\\\"38428.00\\\";s:9:\\\"moneda_id\\\";i:1;s:10:\\\"cotizacion\\\";s:4:\\\"1.00\\\";s:11:\\\"dc_firma_id\\\";i:3;s:18:\\\"condicion_venta_id\\\";N;s:18:\\\"is_pago_adelantado\\\";N;s:11:\\\"is_garantia\\\";i:0;s:16:\\\"plazo_de_pago_id\\\";N;s:4:\\\"file\\\";N;s:10:\\\"comentario\\\";N;s:10:\\\"created_at\\\";s:19:\\\"2025-08-28 11:51:15\\\";s:10:\\\"updated_at\\\";s:19:\\\"2025-08-28 11:51:15\\\";s:10:\\\"deleted_at\\\";N;}s:10:\\\"\\u0000*\\u0000changes\\\";a:0:{}s:8:\\\"\\u0000*\\u0000casts\\\";a:1:{s:10:\\\"deleted_at\\\";s:8:\\\"datetime\\\";}s:17:\\\"\\u0000*\\u0000classCastCache\\\";a:0:{}s:21:\\\"\\u0000*\\u0000attributeCastCache\\\";a:0:{}s:13:\\\"\\u0000*\\u0000dateFormat\\\";N;s:10:\\\"\\u0000*\\u0000appends\\\";a:9:{i:0;s:18:\\\"nombre_transaccion\\\";i:1;s:11:\\\"name_modelo\\\";i:2;s:12:\\\"totalGravado\\\";i:3;s:24:\\\"totalNoGravadoExentoCero\\\";i:4;s:31:\\\"totalGravadoNoGravadoExentoCero\\\";i:5;s:8:\\\"totalIVA\\\";i:6;s:19:\\\"totalOtrosImpuestos\\\";i:7;s:19:\\\"formato_comprobante\\\";i:8;s:10:\\\"creado_por\\\";}s:19:\\\"\\u0000*\\u0000dispatchesEvents\\\";a:0:{}s:14:\\\"\\u0000*\\u0000observables\\\";a:0:{}s:12:\\\"\\u0000*\\u0000relations\\\";a:0:{}s:10:\\\"\\u0000*\\u0000touches\\\";a:0:{}s:10:\\\"timestamps\\\";b:1;s:13:\\\"usesUniqueIds\\\";b:0;s:9:\\\"\\u0000*\\u0000hidden\\\";a:0:{}s:10:\\\"\\u0000*\\u0000visible\\\";a:0:{}s:11:\\\"\\u0000*\\u0000fillable\\\";a:0:{}s:10:\\\"\\u0000*\\u0000guarded\\\";a:0:{}s:18:\\\"nombre_transaccion\\\";s:11:\\\"Comprobante\\\";s:16:\\\"\\u0000*\\u0000forceDeleting\\\";b:0;}i:179;O:18:\\\"App\\\\Models\\\\Receipt\\\":32:{s:13:\\\"\\u0000*\\u0000connection\\\";s:7:\\\"finance\\\";s:8:\\\"\\u0000*\\u0000table\\\";s:8:\\\"receipts\\\";s:13:\\\"\\u0000*\\u0000primaryKey\\\";s:2:\\\"id\\\";s:10:\\\"\\u0000*\\u0000keyType\\\";s:3:\\\"int\\\";s:12:\\\"incrementing\\\";b:1;s:7:\\\"\\u0000*\\u0000with\\\";a:0:{}s:12:\\\"\\u0000*\\u0000withCount\\\";a:0:{}s:19:\\\"preventsLazyLoading\\\";b:0;s:10:\\\"\\u0000*\\u0000perPage\\\";i:15;s:6:\\\"exists\\\";b:1;s:18:\\\"wasRecentlyCreated\\\";b:0;s:28:\\\"\\u0000*\\u0000escapeWhenCastingToString\\\";b:0;s:13:\\\"\\u0000*\\u0000attributes\\\";a:40:{s:2:\\\"id\\\";i:310098;s:7:\\\"user_id\\\";i:11707;s:12:\\\"is_no_fiscal\\\";i:0;s:7:\\\"type_id\\\";i:1;s:15:\\\"type_receipt_id\\\";i:4;s:15:\\\"comprobanteAfip\\\";N;s:14:\\\"ppc_receipt_id\\\";N;s:20:\\\"fact_elec_receipt_id\\\";N;s:20:\\\"cta_cte_tesoreria_id\\\";N;s:9:\\\"period_id\\\";i:705418;s:7:\\\"zone_id\\\";i:1;s:14:\\\"plan_cuenta_id\\\";N;s:21:\\\"conta_centro_costo_id\\\";N;s:11:\\\"activity_id\\\";i:250;s:20:\\\"iva_creditos_tipo_id\\\";i:1;s:17:\\\"retention_type_id\\\";N;s:15:\\\"person_id_owner\\\";i:63875;s:20:\\\"person_id_relationed\\\";i:51841;s:6:\\\"number\\\";s:8:\\\"00000101\\\";s:5:\\\"hasta\\\";N;s:9:\\\"reference\\\";N;s:12:\\\"receipt_date\\\";s:10:\\\"2025-08-18\\\";s:15:\\\"expiration_date\\\";s:10:\\\"2025-08-18\\\";s:11:\\\"code_ticket\\\";s:4:\\\"0003\\\";s:9:\\\"status_id\\\";i:1;s:14:\\\"tax_account_id\\\";N;s:6:\\\"amount\\\";s:7:\\\"1215.00\\\";s:9:\\\"pendiente\\\";s:7:\\\"1215.00\\\";s:9:\\\"moneda_id\\\";i:1;s:10:\\\"cotizacion\\\";s:4:\\\"1.00\\\";s:11:\\\"dc_firma_id\\\";i:3;s:18:\\\"condicion_venta_id\\\";N;s:18:\\\"is_pago_adelantado\\\";N;s:11:\\\"is_garantia\\\";i:0;s:16:\\\"plazo_de_pago_id\\\";N;s:4:\\\"file\\\";N;s:10:\\\"comentario\\\";N;s:10:\\\"created_at\\\";s:19:\\\"2025-08-28 11:51:15\\\";s:10:\\\"updated_at\\\";s:19:\\\"2025-08-28 11:51:15\\\";s:10:\\\"deleted_at\\\";N;}s:11:\\\"\\u0000*\\u0000original\\\";a:40:{s:2:\\\"id\\\";i:310098;s:7:\\\"user_id\\\";i:11707;s:12:\\\"is_no_fiscal\\\";i:0;s:7:\\\"type_id\\\";i:1;s:15:\\\"type_receipt_id\\\";i:4;s:15:\\\"comprobanteAfip\\\";N;s:14:\\\"ppc_receipt_id\\\";N;s:20:\\\"fact_elec_receipt_id\\\";N;s:20:\\\"cta_cte_tesoreria_id\\\";N;s:9:\\\"period_id\\\";i:705418;s:7:\\\"zone_id\\\";i:1;s:14:\\\"plan_cuenta_id\\\";N;s:21:\\\"conta_centro_costo_id\\\";N;s:11:\\\"activity_id\\\";i:250;s:20:\\\"iva_creditos_tipo_id\\\";i:1;s:17:\\\"retention_type_id\\\";N;s:15:\\\"person_id_owner\\\";i:63875;s:20:\\\"person_id_relationed\\\";i:51841;s:6:\\\"number\\\";s:8:\\\"00000101\\\";s:5:\\\"hasta\\\";N;s:9:\\\"reference\\\";N;s:12:\\\"receipt_date\\\";s:10:\\\"2025-08-18\\\";s:15:\\\"expiration_date\\\";s:10:\\\"2025-08-18\\\";s:11:\\\"code_ticket\\\";s:4:\\\"0003\\\";s:9:\\\"status_id\\\";i:1;s:14:\\\"tax_account_id\\\";N;s:6:\\\"amount\\\";s:7:\\\"1215.00\\\";s:9:\\\"pendiente\\\";s:7:\\\"1215.00\\\";s:9:\\\"moneda_id\\\";i:1;s:10:\\\"cotizacion\\\";s:4:\\\"1.00\\\";s:11:\\\"dc_firma_id\\\";i:3;s:18:\\\"condicion_venta_id\\\";N;s:18:\\\"is_pago_adelantado\\\";N;s:11:\\\"is_garantia\\\";i:0;s:16:\\\"plazo_de_pago_id\\\";N;s:4:\\\"file\\\";N;s:10:\\\"comentario\\\";N;s:10:\\\"created_at\\\";s:19:\\\"2025-08-28 11:51:15\\\";s:10:\\\"updated_at\\\";s:19:\\\"2025-08-28 11:51:15\\\";s:10:\\\"deleted_at\\\";N;}s:10:\\\"\\u0000*\\u0000changes\\\";a:0:{}s:8:\\\"\\u0000*\\u0000casts\\\";a:1:{s:10:\\\"deleted_at\\\";s:8:\\\"datetime\\\";}s:17:\\\"\\u0000*\\u0000classCastCache\\\";a:0:{}s:21:\\\"\\u0000*\\u0000attributeCastCache\\\";a:0:{}s:13:\\\"\\u0000*\\u0000dateFormat\\\";N;s:10:\\\"\\u0000*\\u0000appends\\\";a:9:{i:0;s:18:\\\"nombre_transaccion\\\";i:1;s:11:\\\"name_modelo\\\";i:2;s:12:\\\"totalGravado\\\";i:3;s:24:\\\"totalNoGravadoExentoCero\\\";i:4;s:31:\\\"totalGravadoNoGravadoExentoCero\\\";i:5;s:8:\\\"totalIVA\\\";i:6;s:19:\\\"totalOtrosImpuestos\\\";i:7;s:19:\\\"formato_comprobante\\\";i:8;s:10:\\\"creado_por\\\";}s:19:\\\"\\u0000*\\u0000dispatchesEvents\\\";a:0:{}s:14:\\\"\\u0000*\\u0000observables\\\";a:0:{}s:12:\\\"\\u0000*\\u0000relations\\\";a:0:{}s:10:\\\"\\u0000*\\u0000touches\\\";a:0:{}s:10:\\\"timestamps\\\";b:1;s:13:\\\"usesUniqueIds\\\";b:0;s:9:\\\"\\u0000*\\u0000hidden\\\";a:0:{}s:10:\\\"\\u0000*\\u0000visible\\\";a:0:{}s:11:\\\"\\u0000*\\u0000fillable\\\";a:0:{}s:10:\\\"\\u0000*\\u0000guarded\\\";a:0:{}s:18:\\\"nombre_transaccion\\\";s:11:\\\"Comprobante\\\";s:16:\\\"\\u0000*\\u0000forceDeleting\\\";b:0;}}s:28:\\\"\\u0000*\\u0000escapeWhenCastingToString\\\";b:0;}s:9:\\\"period_id\\\";i:705418;s:8:\\\"borrados\\\";i:80;s:9:\\\"person_id\\\";i:63875;s:12:\\\"batch_number\\\";i:2;s:13:\\\"total_batches\\\";i:2;s:15:\\\"path_of_file_id\\\";i:161;s:13:\\\"is_last_batch\\\";b:1;}}s:5:\\\"queue\\\";s:7:\\\"finance\\\";s:5:\\\"delay\\\";O:25:\\\"Illuminate\\\\Support\\\\Carbon\\\":4:{s:4:\\\"date\\\";s:26:\\\"2025-08-29 08:18:58.027210\\\";s:13:\\\"timezone_type\\\";i:3;s:8:\\\"timezone\\\";s:30:\\\"America\\/Argentina\\/Buenos_Aires\\\";s:18:\\\"dumpDateProperties\\\";a:2:{s:4:\\\"date\\\";s:26:\\\"2025-08-29 08:18:58.027210\\\";s:8:\\\"timezone\\\";s:111:\\\"O:21:\\\"Carbon\\\\CarbonTimeZone\\\":2:{s:13:\\\"timezone_type\\\";i:3;s:8:\\\"timezone\\\";s:30:\\\"America\\/Argentina\\/Buenos_Aires\\\";}\\\";}}}\"}}','Illuminate\\Queue\\MaxAttemptsExceededException: App\\Jobs\\QueueGenerica has been attempted too many times. in /home/forge/taxes.com.ar/vendor/laravel/framework/src/Illuminate/Queue/MaxAttemptsExceededException.php:24\nStack trace:\n#0 /home/forge/taxes.com.ar/vendor/laravel/framework/src/Illuminate/Queue/Worker.php(785): Illuminate\\Queue\\MaxAttemptsExceededException::forJob()\n#1 /home/forge/taxes.com.ar/vendor/laravel/framework/src/Illuminate/Queue/Worker.php(519): Illuminate\\Queue\\Worker->maxAttemptsExceededException()\n#2 /home/forge/taxes.com.ar/vendor/laravel/framework/src/Illuminate/Queue/Worker.php(428): Illuminate\\Queue\\Worker->markJobAsFailedIfAlreadyExceedsMaxAttempts()\n#3 /home/forge/taxes.com.ar/vendor/laravel/framework/src/Illuminate/Queue/Worker.php(389): Illuminate\\Queue\\Worker->process()\n#4 /home/forge/taxes.com.ar/vendor/laravel/framework/src/Illuminate/Queue/Worker.php(176): Illuminate\\Queue\\Worker->runJob()\n#5 /home/forge/taxes.com.ar/vendor/laravel/framework/src/Illuminate/Queue/Console/WorkCommand.php(137): Illuminate\\Queue\\Worker->daemon()\n#6 /home/forge/taxes.com.ar/vendor/laravel/framework/src/Illuminate/Queue/Console/WorkCommand.php(120): Illuminate\\Queue\\Console\\WorkCommand->runWorker()\n#7 /home/forge/taxes.com.ar/vendor/laravel/framework/src/Illuminate/Container/BoundMethod.php(36): Illuminate\\Queue\\Console\\WorkCommand->handle()\n#8 /home/forge/taxes.com.ar/vendor/laravel/framework/src/Illuminate/Container/Util.php(41): Illuminate\\Container\\BoundMethod::Illuminate\\Container\\{closure}()\n#9 /home/forge/taxes.com.ar/vendor/laravel/framework/src/Illuminate/Container/BoundMethod.php(93): Illuminate\\Container\\Util::unwrapIfClosure()\n#10 /home/forge/taxes.com.ar/vendor/laravel/framework/src/Illuminate/Container/BoundMethod.php(35): Illuminate\\Container\\BoundMethod::callBoundMethod()\n#11 /home/forge/taxes.com.ar/vendor/laravel/framework/src/Illuminate/Container/Container.php(662): Illuminate\\Container\\BoundMethod::call()\n#12 /home/forge/taxes.com.ar/vendor/laravel/framework/src/Illuminate/Console/Command.php(211): Illuminate\\Container\\Container->call()\n#13 /home/forge/taxes.com.ar/vendor/symfony/console/Command/Command.php(326): Illuminate\\Console\\Command->execute()\n#14 /home/forge/taxes.com.ar/vendor/laravel/framework/src/Illuminate/Console/Command.php(180): Symfony\\Component\\Console\\Command\\Command->run()\n#15 /home/forge/taxes.com.ar/vendor/symfony/console/Application.php(1096): Illuminate\\Console\\Command->run()\n#16 /home/forge/taxes.com.ar/vendor/symfony/console/Application.php(324): Symfony\\Component\\Console\\Application->doRunCommand()\n#17 /home/forge/taxes.com.ar/vendor/symfony/console/Application.php(175): Symfony\\Component\\Console\\Application->doRun()\n#18 /home/forge/taxes.com.ar/vendor/laravel/framework/src/Illuminate/Foundation/Console/Kernel.php(201): Symfony\\Component\\Console\\Application->run()\n#19 /home/forge/taxes.com.ar/artisan(33): Illuminate\\Foundation\\Console\\Kernel->handle()\n#20 {main}','2025-08-29 13:19:57',NULL);

--
-- Table structure for table `faq`
--

CREATE TABLE `faq` (
  `id` int(10) unsigned NOT NULL AUTO_INCREMENT,
  `pregunta` longtext COLLATE utf8mb4_unicode_ci NOT NULL,
  `respuesta` longtext COLLATE utf8mb4_unicode_ci NOT NULL,
  `habilitado` tinyint(1) NOT NULL DEFAULT '1',
  `created_at` timestamp NULL DEFAULT NULL,
  `updated_at` timestamp NULL DEFAULT NULL,
  `deleted_at` timestamp NULL DEFAULT NULL,
  PRIMARY KEY (`id`)
) ENGINE=InnoDB DEFAULT CHARSET=utf8mb4 COLLATE=utf8mb4_unicode_ci;

--
-- Dumping data for table `faq`
--


--
-- Table structure for table `file_upload_details`
--

CREATE TABLE `file_upload_details` (
  `id` int(10) unsigned NOT NULL AUTO_INCREMENT,
  `file_upload_id` int(10) unsigned NOT NULL,
  `detail` longtext COLLATE utf8mb4_unicode_ci NOT NULL,
  `created_at` timestamp NULL DEFAULT NULL,
  `updated_at` timestamp NULL DEFAULT NULL,
  PRIMARY KEY (`id`),
  KEY `file_upload_details_file_upload_id_foreign` (`file_upload_id`),
  CONSTRAINT `file_upload_details_file_upload_id_foreign` FOREIGN KEY (`file_upload_id`) REFERENCES `file_uploads` (`id`)
) ENGINE=InnoDB DEFAULT CHARSET=utf8mb4 COLLATE=utf8mb4_unicode_ci;

--
-- Dumping data for table `file_upload_details`
--


--
-- Table structure for table `file_uploads`
--

CREATE TABLE `file_uploads` (
  `id` int(10) unsigned NOT NULL AUTO_INCREMENT,
  `data_type_id` int(10) unsigned NOT NULL,
  `user_id` int(10) unsigned NOT NULL,
  `person_id` int(10) unsigned NOT NULL,
  `period_id` int(10) unsigned DEFAULT NULL,
  `path` varchar(255) COLLATE utf8mb4_unicode_ci NOT NULL,
  `status` int(10) unsigned NOT NULL DEFAULT '1',
  `created_at` timestamp NULL DEFAULT NULL,
  `updated_at` timestamp NULL DEFAULT NULL,
  PRIMARY KEY (`id`),
  KEY `file_uploads_data_type_id_foreign` (`data_type_id`),
  KEY `file_uploads_user_id_foreign` (`user_id`),
  KEY `file_uploads_person_id_foreign` (`person_id`),
  KEY `file_uploads_period_id_foreign` (`period_id`),
  CONSTRAINT `file_uploads_data_type_id_foreign` FOREIGN KEY (`data_type_id`) REFERENCES `data_types` (`id`),
  CONSTRAINT `file_uploads_period_id_foreign` FOREIGN KEY (`period_id`) REFERENCES `periods` (`id`),
  CONSTRAINT `file_uploads_person_id_foreign` FOREIGN KEY (`person_id`) REFERENCES `persons` (`id`),
  CONSTRAINT `file_uploads_user_id_foreign` FOREIGN KEY (`user_id`) REFERENCES `tusers` (`idUser`)
) ENGINE=InnoDB DEFAULT CHARSET=utf8mb4 COLLATE=utf8mb4_unicode_ci;

--
-- Dumping data for table `file_uploads`
--


--
-- Table structure for table `forma_de_entrega`
--

CREATE TABLE `forma_de_entrega` (
  `id` bigint(20) unsigned NOT NULL AUTO_INCREMENT,
  `user_id` int(10) unsigned DEFAULT NULL,
  `person_id` int(10) unsigned NOT NULL,
  `descripcion` text COLLATE utf8mb4_unicode_ci NOT NULL,
  `detalle` longtext COLLATE utf8mb4_unicode_ci,
  `habilitado` tinyint(1) NOT NULL DEFAULT '1',
  `created_at` timestamp NULL DEFAULT NULL,
  `updated_at` timestamp NULL DEFAULT NULL,
  `deleted_at` timestamp NULL DEFAULT NULL,
  PRIMARY KEY (`id`),
  KEY `forma_de_entrega_person_id_foreign` (`person_id`),
  CONSTRAINT `forma_de_entrega_person_id_foreign` FOREIGN KEY (`person_id`) REFERENCES `persons` (`id`)
) ENGINE=InnoDB DEFAULT CHARSET=utf8mb4 COLLATE=utf8mb4_unicode_ci;

--
-- Dumping data for table `forma_de_entrega`
--


--
-- Table structure for table `ganan_art_90`
--

CREATE TABLE `ganan_art_90` (
  `id` int(10) unsigned NOT NULL AUTO_INCREMENT,
  `anio` int(10) unsigned NOT NULL,
  `desde` decimal(16,2) NOT NULL DEFAULT '0.00',
  `hasta` decimal(16,2) NOT NULL DEFAULT '0.00',
  `impuesto` decimal(16,2) NOT NULL DEFAULT '0.00',
  `mas_porcentaje` decimal(16,2) NOT NULL DEFAULT '0.00',
  `excedente` decimal(16,2) NOT NULL DEFAULT '0.00',
  `created_at` timestamp NULL DEFAULT NULL,
  `updated_at` timestamp NULL DEFAULT NULL,
  `deleted_at` timestamp NULL DEFAULT NULL,
  PRIMARY KEY (`id`)
) ENGINE=InnoDB AUTO_INCREMENT=91 DEFAULT CHARSET=utf8mb4 COLLATE=utf8mb4_unicode_ci;

--
-- Dumping data for table `ganan_art_90`
--

INSERT INTO `ganan_art_90` VALUES (1,2017,0.00,20000.00,0.00,0.05,0.00,'2019-11-15 13:24:27','2019-11-15 13:24:27',NULL),(2,2017,20000.00,40000.00,1000.00,0.09,20000.00,'2019-11-15 13:24:27','2019-11-15 13:24:27',NULL),(3,2017,40000.00,60000.00,2800.00,0.12,40000.00,'2019-11-15 13:24:27','2019-11-15 13:24:27',NULL),(4,2017,60000.00,80000.00,5200.00,0.15,60000.00,'2019-11-15 13:24:27','2019-11-15 13:24:27',NULL),(5,2017,80000.00,120000.00,8200.00,0.19,80000.00,'2019-11-15 13:24:27','2019-11-15 13:24:27',NULL),(6,2017,120000.00,160000.00,15800.00,0.23,120000.00,'2019-11-15 13:24:27','2019-11-15 13:24:27',NULL),(7,2017,160000.00,240000.00,25000.00,0.27,160000.00,'2019-11-15 13:24:27','2019-11-15 13:24:27',NULL),(8,2017,240000.00,320000.00,46600.00,0.31,240000.00,'2019-11-15 13:24:27','2019-11-15 13:24:27',NULL),(9,2017,320000.00,999999999.99,71400.00,0.35,320000.00,'2019-11-15 13:24:27','2019-11-15 13:24:27',NULL),(10,2018,0.00,25754.00,0.00,0.05,0.00,'2019-11-15 13:24:27','2019-11-15 13:24:27',NULL),(11,2018,25754.00,51508.00,1287.70,0.09,25754.00,'2019-11-15 13:24:27','2019-11-15 13:24:27',NULL),(12,2018,51508.00,77262.00,3605.56,0.12,51508.00,'2019-11-15 13:24:27','2019-11-15 13:24:27',NULL),(13,2018,77262.00,103016.00,6696.04,0.15,77262.00,'2019-11-15 13:24:27','2019-11-15 13:24:27',NULL),(14,2018,103016.00,154524.00,10559.14,0.19,103016.00,'2019-11-15 13:24:27','2019-11-15 13:24:27',NULL),(15,2018,154524.00,206032.00,20345.66,0.23,154524.00,'2019-11-15 13:24:27','2019-11-15 13:24:27',NULL),(16,2018,206032.00,309048.00,32192.50,0.27,206032.00,'2019-11-15 13:24:27','2019-11-15 13:24:27',NULL),(17,2018,309048.00,412064.00,60006.82,0.31,309048.00,'2019-11-15 13:24:27','2019-11-15 13:24:27',NULL),(18,2018,412064.00,999999999.99,91941.78,0.35,412064.00,'2019-11-15 13:24:27','2019-11-15 13:24:27',NULL),(19,2019,0.00,33039.81,0.00,0.05,0.00,'2019-11-15 13:24:27','2019-11-15 13:24:27',NULL),(20,2019,33039.81,66079.61,1651.99,0.09,33039.81,'2019-11-15 13:24:27','2019-11-15 13:24:27',NULL),(21,2019,66079.61,99119.42,4625.57,0.12,66079.61,'2019-11-15 13:24:27','2019-11-15 13:24:27',NULL),(22,2019,99119.42,132159.23,8590.35,0.15,99119.42,'2019-11-15 13:24:27','2019-11-15 13:24:27',NULL),(23,2019,132159.23,198238.84,13546.32,0.19,132159.23,'2019-11-15 13:24:27','2019-11-15 13:24:27',NULL),(24,2019,198238.84,264318.45,26101.45,0.23,198238.84,'2019-11-15 13:24:27','2019-11-15 13:24:27',NULL),(25,2019,264318.45,396477.68,41299.76,0.27,264318.45,'2019-11-15 13:24:27','2019-11-15 13:24:27',NULL),(26,2019,396477.68,528636.91,76982.75,0.31,396477.68,'2019-11-15 13:24:27','2019-11-15 13:24:27',NULL),(27,2019,528636.91,999999999.99,117952.11,0.35,528636.91,'2019-11-15 13:24:27','2019-11-15 13:24:27',NULL),(28,2016,0.00,10000.00,0.00,0.09,0.00,'2020-01-28 13:48:34','2020-02-27 02:59:44',NULL),(29,2016,10000.00,20000.00,900.00,0.14,10000.00,'2020-01-28 13:48:34','2020-02-27 02:59:44',NULL),(30,2016,20000.00,30000.00,2300.00,0.19,20000.00,'2020-01-28 13:48:34','2020-02-27 02:59:44',NULL),(31,2016,30000.00,60000.00,4200.00,0.23,30000.00,'2020-01-28 13:48:34','2020-02-27 02:59:44',NULL),(32,2016,60000.00,90000.00,11100.00,0.27,60000.00,'2020-01-28 13:48:34','2020-02-27 02:59:44',NULL),(33,2016,90000.00,120000.00,19200.00,0.31,90000.00,'2020-01-28 13:48:34','2020-02-27 02:59:44',NULL),(34,2016,120000.00,999999999.00,28500.00,0.35,120000.00,'2020-01-28 13:48:34','2020-02-27 02:59:44',NULL),(37,2020,0.00,47669.16,0.00,0.05,0.00,'2020-01-28 14:17:39','2020-01-28 14:17:39',NULL),(38,2020,47669.16,95338.32,2383.46,0.09,47669.16,'2020-01-28 14:17:39','2020-01-28 14:17:39',NULL),(39,2020,95338.32,143007.48,6673.68,0.12,95338.32,'2020-01-28 14:17:39','2020-01-28 14:17:39',NULL),(40,2020,143007.48,190676.65,12393.98,0.15,143007.48,'2020-01-28 14:17:39','2020-01-28 14:17:39',NULL),(41,2020,190676.65,286014.96,19544.36,0.19,190676.65,'2020-01-28 14:17:39','2022-08-22 21:07:13',NULL),(42,2020,286014.96,381353.28,37658.64,0.23,286014.96,'2020-01-28 14:17:39','2020-01-28 14:17:39',NULL);
INSERT INTO `ganan_art_90` VALUES (43,2020,381353.28,572029.92,59586.45,0.27,381353.28,'2020-01-28 14:17:39','2020-01-28 14:17:39',NULL),(44,2020,572029.92,762706.57,111069.14,0.31,572029.92,'2020-01-28 14:17:39','2020-01-28 14:17:39',NULL),(45,2020,762706.57,999999999.99,170178.90,0.35,762706.57,'2020-01-28 14:17:39','2020-01-28 14:17:39',NULL),(46,2021,0.00,64532.64,0.00,0.05,0.00,'2022-08-22 21:07:15','2022-08-22 21:07:15',NULL),(47,2021,64532.64,129065.29,3226.63,0.09,64532.64,'2022-08-22 21:07:15','2022-08-22 21:07:15',NULL),(48,2021,129065.29,193597.93,9034.57,0.12,129065.29,'2022-08-22 21:07:15','2022-08-22 21:07:15',NULL),(49,2021,193597.93,258130.58,16778.49,0.15,193597.93,'2022-08-22 21:07:15','2022-08-22 21:07:15',NULL),(50,2021,258130.58,387195.86,26458.39,0.19,258130.58,'2022-08-22 21:07:15','2022-08-22 21:07:15',NULL),(51,2021,387195.86,516261.14,50980.79,0.23,387195.86,'2022-08-22 21:07:15','2022-08-22 21:07:27',NULL),(52,2021,516261.14,774391.71,80665.80,0.27,516261.14,'2022-08-22 21:07:15','2022-08-22 21:07:15',NULL),(53,2021,774391.71,1032522.30,150361.06,0.31,774391.71,'2022-08-22 21:07:15','2022-08-22 21:07:15',NULL),(54,2021,1032522.30,999999999.99,230381.54,0.35,1032522.30,'2022-08-22 21:07:15','2022-08-22 21:07:15',NULL),(55,2022,0.00,97201.99,0.00,0.05,0.00,'2022-08-22 21:07:21','2022-08-22 21:07:22',NULL),(56,2022,97201.99,194404.01,4860.10,0.09,97201.99,'2022-08-22 21:07:21','2022-08-22 21:07:21',NULL),(57,2022,194404.01,291606.01,13608.29,0.12,194404.01,'2022-08-22 21:07:21','2022-08-22 21:07:21',NULL),(58,2022,291606.01,388808.02,25272.52,0.15,291606.01,'2022-08-22 21:07:21','2022-08-22 21:07:21',NULL),(59,2022,388808.02,583212.02,39852.82,0.19,388808.02,'2022-08-22 21:07:21','2022-08-22 21:07:21',NULL),(60,2022,583212.02,777616.02,76789.59,0.23,583212.02,'2022-08-22 21:07:21','2022-08-22 21:07:21',NULL),(61,2022,777616.02,1166424.03,121502.49,0.27,777616.02,'2022-08-22 21:07:21','2022-08-22 21:07:21',NULL),(62,2022,1166424.03,1555232.07,226480.67,0.31,1166424.03,'2022-08-22 21:07:21','2022-08-22 21:07:21',NULL),(63,2022,1555232.07,999999999.99,347011.15,0.35,1555232.07,'2022-08-22 21:07:21','2023-06-27 10:53:41',NULL),(64,2023,0.00,1400000.00,0.00,0.00,0.00,'2022-12-28 17:47:14','2023-09-25 21:55:35',NULL),(65,2023,1400000.00,1526000.00,0.00,0.09,1400000.00,'2022-12-28 17:47:14','2023-09-25 21:55:35',NULL),(66,2023,1526000.00,1648080.00,11340.00,0.12,1526000.00,'2022-12-28 17:47:14','2023-09-25 21:55:35',NULL),(67,2023,1648080.00,1763445.60,25989.60,0.15,1648080.00,'2022-12-28 17:47:14','2023-09-25 21:55:35',NULL),(68,2023,1763445.60,1869252.34,43294.44,0.19,1763445.60,'2022-12-28 17:47:14','2023-09-25 21:55:35',NULL),(69,2023,1869252.34,1962714.95,63397.72,0.23,1869252.34,'2022-12-28 17:47:14','2023-09-25 21:55:35',NULL),(70,2023,1962714.95,2041223.55,84894.12,0.27,1962714.95,'2022-12-28 17:47:14','2023-09-25 21:55:35',NULL),(71,2023,2041223.55,2102460.26,106091.44,0.31,2041223.55,'2022-12-28 17:47:14','2023-09-25 21:55:35',NULL),(72,2023,2102460.26,999999999.00,125074.82,0.35,2102460.26,'2022-12-28 17:47:14','2023-09-25 21:55:35',NULL),(73,2024,0.00,1360200.00,0.00,0.05,0.00,NULL,NULL,NULL),(74,2024,1360200.00,2720400.00,68010.00,0.09,1360200.00,NULL,NULL,NULL),(75,2024,2720400.00,4080600.00,190428.00,0.12,2720400.00,NULL,NULL,NULL),(76,2024,4080600.00,6120900.00,353652.00,0.15,4080600.00,NULL,NULL,NULL),(77,2024,6120900.00,12241800.00,659697.00,0.19,6120900.00,NULL,NULL,NULL),(78,2024,12241800.00,18362700.00,1822668.00,0.23,12241800.00,NULL,NULL,NULL),(79,2024,18362700.00,27544050.00,3230475.00,0.27,18362700.00,NULL,NULL,NULL),(80,2024,27544050.00,41316075.00,5709439.50,0.31,27544050.00,NULL,NULL,NULL),(81,2024,41316075.00,9999999999.00,9978767.25,0.35,41316075.00,NULL,NULL,NULL),(82,2025,0.00,1520371.67,0.00,0.05,0.00,NULL,NULL,NULL),(83,2025,1520371.67,3040743.34,76018.58,0.09,1520371.67,NULL,NULL,NULL),(84,2025,3040743.34,4561115.01,212852.03,0.12,3040743.34,NULL,NULL,NULL);
INSERT INTO `ganan_art_90` VALUES (85,2025,4561115.01,6841672.52,395296.63,0.15,4561115.01,NULL,NULL,NULL),(86,2025,6841672.52,13683345.04,737380.26,0.19,6841672.52,NULL,NULL,NULL),(87,2025,13683345.04,20525017.56,2037298.04,0.23,13683345.04,NULL,NULL,NULL),(88,2025,20525017.56,30787526.34,3610882.72,0.27,20525017.56,NULL,NULL,NULL),(89,2025,30787526.34,46181289.52,6381760.09,0.31,30787526.34,NULL,NULL,NULL),(90,2025,46181289.52,999999999999.00,11153826.67,0.35,46181289.52,NULL,NULL,NULL);

--
-- Table structure for table `ganan_categorias`
--

CREATE TABLE `ganan_categorias` (
  `id` int(10) unsigned NOT NULL AUTO_INCREMENT,
  `nombre` varchar(191) COLLATE utf8mb4_unicode_ci NOT NULL,
  `status` tinyint(1) NOT NULL DEFAULT '1',
  `created_at` timestamp NULL DEFAULT NULL,
  `updated_at` timestamp NULL DEFAULT NULL,
  `deleted_at` timestamp NULL DEFAULT NULL,
  PRIMARY KEY (`id`)
) ENGINE=InnoDB AUTO_INCREMENT=5 DEFAULT CHARSET=utf8mb4 COLLATE=utf8mb4_unicode_ci;

--
-- Dumping data for table `ganan_categorias`
--

INSERT INTO `ganan_categorias` VALUES (1,'Primera',1,'2019-11-15 13:24:28','2019-11-15 13:24:28',NULL),(2,'Segunda',1,'2019-11-15 13:24:28','2019-11-15 13:24:28',NULL),(3,'Tercera',1,'2019-11-15 13:24:28','2019-11-15 13:24:28',NULL),(4,'Cuarta',1,'2019-11-15 13:24:28','2019-11-15 13:24:28',NULL);

--
-- Table structure for table `ganan_conceptos_anticipos`
--

CREATE TABLE `ganan_conceptos_anticipos` (
  `id` int(10) unsigned NOT NULL AUTO_INCREMENT,
  `user_id` int(10) unsigned DEFAULT NULL,
  `nombre` varchar(191) COLLATE utf8mb4_unicode_ci NOT NULL,
  `status` tinyint(1) NOT NULL DEFAULT '1',
  `created_at` timestamp NULL DEFAULT NULL,
  `updated_at` timestamp NULL DEFAULT NULL,
  `deleted_at` timestamp NULL DEFAULT NULL,
  PRIMARY KEY (`id`),
  UNIQUE KEY `ganan_conceptos_anticipos_nombre_unique` (`nombre`)
) ENGINE=InnoDB AUTO_INCREMENT=4 DEFAULT CHARSET=utf8mb4 COLLATE=utf8mb4_unicode_ci;

--
-- Dumping data for table `ganan_conceptos_anticipos`
--

INSERT INTO `ganan_conceptos_anticipos` VALUES (1,NULL,'Anticipos',1,'2019-11-15 13:24:27','2019-11-15 13:24:27',NULL),(2,NULL,'Retenciones y Percepciones',1,'2019-11-15 13:24:27','2019-11-15 13:24:27',NULL),(3,NULL,'Saldo a Favor Anterior',1,'2019-11-15 13:24:27','2019-11-15 13:24:27',NULL);

--
-- Table structure for table `ganan_ddjj_detail_anticipos`
--

CREATE TABLE `ganan_ddjj_detail_anticipos` (
  `id` int(10) unsigned NOT NULL AUTO_INCREMENT,
  `user_id` int(10) unsigned DEFAULT NULL,
  `ganan_ddjj_id` int(10) unsigned NOT NULL,
  `person_id` int(10) unsigned NOT NULL,
  `ganan_concepto_anticipo_id` int(10) unsigned NOT NULL,
  `importe` decimal(16,2) NOT NULL DEFAULT '0.00',
  `created_at` timestamp NULL DEFAULT NULL,
  `updated_at` timestamp NULL DEFAULT NULL,
  `deleted_at` timestamp NULL DEFAULT NULL,
  PRIMARY KEY (`id`),
  KEY `ganan_ddjj_detail_anticipos_ganan_ddjj_id_foreign` (`ganan_ddjj_id`),
  KEY `ganan_ddjj_detail_anticipos_person_id_foreign` (`person_id`),
  KEY `ganan_ddjj_detail_anticipos_ganan_concepto_anticipo_id_foreign` (`ganan_concepto_anticipo_id`),
  CONSTRAINT `ganan_ddjj_detail_anticipos_ganan_concepto_anticipo_id_foreign` FOREIGN KEY (`ganan_concepto_anticipo_id`) REFERENCES `ganan_conceptos_anticipos` (`id`),
  CONSTRAINT `ganan_ddjj_detail_anticipos_ganan_ddjj_id_foreign` FOREIGN KEY (`ganan_ddjj_id`) REFERENCES `ganan_ddjjs` (`id`),
  CONSTRAINT `ganan_ddjj_detail_anticipos_person_id_foreign` FOREIGN KEY (`person_id`) REFERENCES `persons` (`id`)
) ENGINE=InnoDB AUTO_INCREMENT=31 DEFAULT CHARSET=utf8mb4 COLLATE=utf8mb4_unicode_ci;

--
-- Dumping data for table `ganan_ddjj_detail_anticipos`
--

INSERT INTO `ganan_ddjj_detail_anticipos` VALUES (1,7664,1,40720,1,0.00,'2022-09-24 00:40:35','2022-09-24 00:40:35',NULL),(2,7664,1,40720,2,0.00,'2022-09-24 00:40:35','2022-09-24 00:40:35',NULL),(3,7664,1,40720,3,0.00,'2022-09-24 00:40:35','2022-09-24 00:40:35',NULL),(7,7664,3,40867,1,0.00,'2023-05-24 13:05:52','2023-05-24 13:05:52',NULL),(8,7664,3,40867,2,0.00,'2023-05-24 13:05:52','2023-05-24 13:05:52',NULL),(9,7664,3,40867,3,0.00,'2023-05-24 13:05:52','2023-05-24 13:05:52',NULL),(10,7664,4,41148,1,0.00,'2023-05-29 16:47:20','2023-05-29 16:47:20',NULL),(11,7664,4,41148,2,0.00,'2023-05-29 16:47:20','2023-05-29 16:47:20',NULL),(12,7664,4,41148,3,0.00,'2023-05-29 16:47:20','2023-05-29 16:47:20',NULL),(13,8110,5,40871,1,0.00,'2023-12-21 16:09:49','2023-12-21 16:09:49',NULL),(14,8110,5,40871,2,0.00,'2023-12-21 16:09:49','2023-12-21 16:09:49',NULL),(15,8110,5,40871,3,0.00,'2023-12-21 16:09:49','2023-12-21 16:09:49',NULL),(16,8110,6,41083,1,0.00,'2023-12-21 16:10:24','2023-12-21 16:10:24',NULL),(17,8110,6,41083,2,0.00,'2023-12-21 16:10:24','2023-12-21 16:10:24',NULL),(18,8110,6,41083,3,0.00,'2023-12-21 16:10:24','2023-12-21 16:10:24',NULL),(19,8110,7,41148,1,0.00,'2023-12-21 16:11:30','2023-12-21 16:11:30',NULL),(20,8110,7,41148,2,0.00,'2023-12-21 16:11:30','2023-12-21 16:11:30',NULL),(21,8110,7,41148,3,0.00,'2023-12-21 16:11:30','2023-12-21 16:11:30',NULL),(22,7664,8,40719,1,0.00,'2024-08-22 16:29:19','2024-08-22 16:29:19',NULL),(23,7664,8,40719,2,0.00,'2024-08-22 16:29:19','2024-08-22 16:29:19',NULL),(24,7664,8,40719,3,0.00,'2024-08-22 16:29:19','2024-08-22 16:29:19',NULL),(25,7664,9,40867,1,0.00,'2024-08-22 16:51:20','2024-08-22 16:51:20',NULL),(26,7664,9,40867,2,0.00,'2024-08-22 16:51:20','2024-08-22 16:51:20',NULL),(27,7664,9,40867,3,0.00,'2024-08-22 16:51:20','2024-08-22 16:51:20',NULL),(28,7664,10,40867,1,0.00,'2025-05-06 18:01:25','2025-05-06 18:01:25',NULL),(29,7664,10,40867,2,0.00,'2025-05-06 18:01:25','2025-05-06 18:01:25',NULL),(30,7664,10,40867,3,0.00,'2025-05-06 18:01:25','2025-05-06 18:01:25',NULL);

--
-- Table structure for table `ganan_ddjj_detail_deducciones`
--

CREATE TABLE `ganan_ddjj_detail_deducciones` (
  `id` int(10) unsigned NOT NULL AUTO_INCREMENT,
  `user_id` int(10) unsigned DEFAULT NULL,
  `ganan_ddjj_id` int(10) unsigned NOT NULL,
  `person_id` int(10) unsigned NOT NULL,
  `ganan_deduccion_id` int(10) unsigned NOT NULL,
  `importe` decimal(16,2) NOT NULL DEFAULT '0.00',
  `comentario` varchar(191) COLLATE utf8mb4_unicode_ci DEFAULT NULL,
  `created_at` timestamp NULL DEFAULT NULL,
  `updated_at` timestamp NULL DEFAULT NULL,
  `deleted_at` timestamp NULL DEFAULT NULL,
  PRIMARY KEY (`id`),
  KEY `ganan_ddjj_detail_deducciones_ganan_ddjj_id_foreign` (`ganan_ddjj_id`),
  KEY `ganan_ddjj_detail_deducciones_person_id_foreign` (`person_id`),
  KEY `ganan_ddjj_detail_deducciones_ganan_deduccion_id_foreign` (`ganan_deduccion_id`),
  CONSTRAINT `ganan_ddjj_detail_deducciones_ganan_ddjj_id_foreign` FOREIGN KEY (`ganan_ddjj_id`) REFERENCES `ganan_ddjjs` (`id`),
  CONSTRAINT `ganan_ddjj_detail_deducciones_ganan_deduccion_id_foreign` FOREIGN KEY (`ganan_deduccion_id`) REFERENCES `ganan_deducciones` (`id`),
  CONSTRAINT `ganan_ddjj_detail_deducciones_person_id_foreign` FOREIGN KEY (`person_id`) REFERENCES `persons` (`id`)
) ENGINE=InnoDB AUTO_INCREMENT=225 DEFAULT CHARSET=utf8mb4 COLLATE=utf8mb4_unicode_ci;

--
-- Dumping data for table `ganan_ddjj_detail_deducciones`
--

INSERT INTO `ganan_ddjj_detail_deducciones` VALUES (1,7664,1,40720,128,0.00,NULL,'2022-09-24 00:40:35','2022-09-24 00:40:35',NULL),(2,7664,1,40720,129,0.00,NULL,'2022-09-24 00:40:35','2022-09-24 00:40:35',NULL),(3,7664,1,40720,130,0.00,NULL,'2022-09-24 00:40:35','2022-09-24 00:40:35',NULL),(4,7664,1,40720,131,0.00,NULL,'2022-09-24 00:40:35','2022-09-24 00:40:35',NULL),(5,7664,1,40720,132,0.00,NULL,'2022-09-24 00:40:35','2022-09-24 00:40:35',NULL),(6,7664,1,40720,133,0.00,NULL,'2022-09-24 00:40:35','2022-09-24 00:40:35',NULL),(7,7664,1,40720,134,0.00,NULL,'2022-09-24 00:40:35','2022-09-24 00:40:35',NULL),(8,7664,1,40720,135,0.00,NULL,'2022-09-24 00:40:35','2022-09-24 00:40:35',NULL),(9,7664,1,40720,136,0.00,NULL,'2022-09-24 00:40:35','2022-09-24 00:40:35',NULL),(10,7664,1,40720,137,0.00,NULL,'2022-09-24 00:40:35','2022-09-24 00:40:35',NULL),(11,7664,1,40720,138,0.00,NULL,'2022-09-24 00:40:35','2022-09-24 00:40:35',NULL),(12,7664,1,40720,139,0.00,NULL,'2022-09-24 00:40:35','2022-09-24 00:40:35',NULL),(13,7664,1,40720,140,0.00,NULL,'2022-09-24 00:40:35','2022-09-24 00:40:35',NULL),(14,7664,1,40720,141,0.00,NULL,'2022-09-24 00:40:35','2022-09-24 00:40:35',NULL),(15,7664,1,40720,142,0.00,NULL,'2022-09-24 00:40:35','2022-09-24 00:40:35',NULL),(16,7664,1,40720,143,0.00,NULL,'2022-09-24 00:40:35','2022-09-24 00:40:35',NULL),(17,7664,1,40720,144,0.00,NULL,'2022-09-24 00:40:35','2022-09-24 00:40:35',NULL),(18,7664,1,40720,145,0.00,NULL,'2022-09-24 00:40:35','2022-09-24 00:40:35',NULL),(19,7664,1,40720,146,0.00,NULL,'2022-09-24 00:40:35','2022-09-24 00:40:35',NULL),(20,7664,1,40720,147,0.00,NULL,'2022-09-24 00:40:35','2022-09-24 00:40:35',NULL),(21,7664,1,40720,148,0.00,NULL,'2022-09-24 00:40:35','2022-09-24 00:40:35',NULL),(22,7664,1,40720,149,0.00,NULL,'2022-09-24 00:40:35','2022-09-24 00:40:35',NULL),(45,7664,3,40867,128,0.00,NULL,'2023-05-24 13:05:52','2023-05-24 13:05:52',NULL),(46,7664,3,40867,129,0.00,NULL,'2023-05-24 13:05:52','2023-05-24 13:05:52',NULL),(47,7664,3,40867,130,0.00,NULL,'2023-05-24 13:05:52','2023-05-24 13:05:52',NULL),(48,7664,3,40867,131,0.00,NULL,'2023-05-24 13:05:52','2023-05-24 13:05:52',NULL),(49,7664,3,40867,132,0.00,NULL,'2023-05-24 13:05:52','2023-05-24 13:05:52',NULL),(50,7664,3,40867,133,0.00,NULL,'2023-05-24 13:05:52','2023-05-24 13:05:52',NULL),(51,7664,3,40867,134,0.00,NULL,'2023-05-24 13:05:52','2023-05-24 13:05:52',NULL),(52,7664,3,40867,135,0.00,NULL,'2023-05-24 13:05:52','2023-05-24 13:05:52',NULL),(53,7664,3,40867,136,0.00,NULL,'2023-05-24 13:05:52','2023-05-24 13:05:52',NULL),(54,7664,3,40867,137,0.00,NULL,'2023-05-24 13:05:52','2023-05-24 13:05:52',NULL),(55,7664,3,40867,138,0.00,NULL,'2023-05-24 13:05:52','2023-05-24 13:05:52',NULL),(56,7664,3,40867,139,0.00,NULL,'2023-05-24 13:05:52','2023-05-24 13:05:52',NULL),(57,7664,3,40867,140,0.00,NULL,'2023-05-24 13:05:52','2023-05-24 13:05:52',NULL),(58,7664,3,40867,141,0.00,NULL,'2023-05-24 13:05:52','2023-05-24 13:05:52',NULL),(59,7664,3,40867,142,0.00,NULL,'2023-05-24 13:05:52','2023-05-24 13:05:52',NULL),(60,7664,3,40867,143,0.00,NULL,'2023-05-24 13:05:52','2023-05-24 13:05:52',NULL),(61,7664,3,40867,144,0.00,NULL,'2023-05-24 13:05:52','2023-05-24 13:05:52',NULL),(62,7664,3,40867,145,0.00,NULL,'2023-05-24 13:05:52','2023-05-24 13:05:52',NULL),(63,7664,3,40867,146,0.00,NULL,'2023-05-24 13:05:52','2023-05-24 13:05:52',NULL),(64,7664,3,40867,147,0.00,NULL,'2023-05-24 13:05:52','2023-05-24 13:05:52',NULL),(65,7664,3,40867,148,0.00,NULL,'2023-05-24 13:05:52','2023-05-24 13:05:52',NULL),(66,7664,3,40867,149,0.00,NULL,'2023-05-24 13:05:52','2023-05-24 13:05:52',NULL),(67,7664,4,41148,128,0.00,'','2023-05-29 16:47:20','2023-05-29 16:47:20',NULL),(68,7664,4,41148,129,0.00,'','2023-05-29 16:47:20','2023-05-29 16:47:20',NULL),(69,7664,4,41148,130,0.00,'','2023-05-29 16:47:20','2023-05-29 16:47:20',NULL),(70,7664,4,41148,131,0.00,'','2023-05-29 16:47:20','2023-05-29 16:47:20',NULL),(71,7664,4,41148,132,0.00,'','2023-05-29 16:47:20','2023-05-29 16:47:20',NULL);
INSERT INTO `ganan_ddjj_detail_deducciones` VALUES (72,7664,4,41148,133,0.00,'','2023-05-29 16:47:20','2023-05-29 16:47:20',NULL),(73,7664,4,41148,134,0.00,'','2023-05-29 16:47:20','2023-05-29 16:47:20',NULL),(74,7664,4,41148,135,0.00,'','2023-05-29 16:47:20','2023-05-29 16:47:20',NULL),(75,7664,4,41148,136,0.00,'','2023-05-29 16:47:20','2023-05-29 16:47:20',NULL),(76,7664,4,41148,137,0.00,'','2023-05-29 16:47:20','2023-05-29 16:47:20',NULL),(77,7664,4,41148,138,0.00,'','2023-05-29 16:47:20','2023-05-29 16:47:20',NULL),(78,7664,4,41148,139,0.00,'','2023-05-29 16:47:20','2023-05-29 16:47:20',NULL),(79,7664,4,41148,140,0.00,'','2023-05-29 16:47:20','2023-05-29 16:47:20',NULL),(80,7664,4,41148,141,0.00,'','2023-05-29 16:47:20','2023-05-29 16:47:20',NULL),(81,7664,4,41148,142,0.00,'','2023-05-29 16:47:20','2023-05-29 16:47:20',NULL),(82,7664,4,41148,143,0.00,'','2023-05-29 16:47:20','2023-05-29 16:47:20',NULL),(83,7664,4,41148,144,0.00,'','2023-05-29 16:47:20','2023-05-29 16:47:20',NULL),(84,7664,4,41148,145,0.00,'','2023-05-29 16:47:20','2023-05-29 16:47:20',NULL),(85,7664,4,41148,146,0.00,'','2023-05-29 16:47:20','2023-05-29 16:47:20',NULL),(86,7664,4,41148,147,0.00,'','2023-05-29 16:47:20','2023-05-29 16:47:20',NULL),(87,7664,4,41148,148,0.00,'','2023-05-29 16:47:20','2023-05-29 16:47:20',NULL),(88,7664,4,41148,149,0.00,'','2023-05-29 16:47:20','2023-05-29 16:47:20',NULL),(89,8110,5,40871,151,0.00,'','2023-12-21 16:09:49','2023-12-21 16:09:49',NULL),(90,8110,5,40871,152,0.00,'','2023-12-21 16:09:49','2023-12-21 16:09:49',NULL),(91,8110,5,40871,153,0.00,'','2023-12-21 16:09:49','2023-12-21 16:09:49',NULL),(92,8110,5,40871,154,0.00,'','2023-12-21 16:09:49','2023-12-21 16:09:49',NULL),(93,8110,5,40871,155,0.00,'','2023-12-21 16:09:49','2023-12-21 16:09:49',NULL),(94,8110,5,40871,156,0.00,'','2023-12-21 16:09:49','2023-12-21 16:09:49',NULL),(95,8110,5,40871,157,0.00,'','2023-12-21 16:09:49','2023-12-21 16:09:49',NULL),(96,8110,5,40871,158,0.00,'','2023-12-21 16:09:49','2023-12-21 16:09:49',NULL),(97,8110,5,40871,159,0.00,'','2023-12-21 16:09:49','2023-12-21 16:09:49',NULL),(98,8110,5,40871,160,0.00,'','2023-12-21 16:09:49','2023-12-21 16:09:49',NULL),(99,8110,5,40871,161,0.00,'','2023-12-21 16:09:49','2023-12-21 16:09:49',NULL),(100,8110,5,40871,162,0.00,'','2023-12-21 16:09:49','2023-12-21 16:09:49',NULL),(101,8110,5,40871,163,0.00,'','2023-12-21 16:09:49','2023-12-21 16:09:49',NULL),(102,8110,5,40871,164,0.00,'','2023-12-21 16:09:49','2023-12-21 16:09:49',NULL),(103,8110,5,40871,165,0.00,'','2023-12-21 16:09:49','2023-12-21 16:09:49',NULL),(104,8110,5,40871,166,0.00,'','2023-12-21 16:09:49','2023-12-21 16:09:49',NULL),(105,8110,5,40871,167,0.00,'','2023-12-21 16:09:49','2023-12-21 16:09:49',NULL),(106,8110,5,40871,168,0.00,'','2023-12-21 16:09:49','2023-12-21 16:09:49',NULL),(107,8110,5,40871,169,0.00,'','2023-12-21 16:09:49','2023-12-21 16:09:49',NULL),(108,8110,5,40871,170,0.00,'','2023-12-21 16:09:49','2023-12-21 16:09:49',NULL),(109,8110,5,40871,171,0.00,'','2023-12-21 16:09:49','2023-12-21 16:09:49',NULL),(110,8110,5,40871,172,0.00,'','2023-12-21 16:09:49','2023-12-21 16:09:49',NULL),(111,8110,6,41083,151,0.00,'','2023-12-21 16:10:24','2023-12-21 16:10:24',NULL),(112,8110,6,41083,152,0.00,'','2023-12-21 16:10:24','2023-12-21 16:10:24',NULL),(113,8110,6,41083,153,0.00,'','2023-12-21 16:10:24','2023-12-21 16:10:24',NULL),(114,8110,6,41083,154,0.00,'','2023-12-21 16:10:24','2023-12-21 16:10:24',NULL),(115,8110,6,41083,155,0.00,'','2023-12-21 16:10:24','2023-12-21 16:10:24',NULL),(116,8110,6,41083,156,0.00,'','2023-12-21 16:10:24','2023-12-21 16:10:24',NULL),(117,8110,6,41083,157,0.00,'','2023-12-21 16:10:24','2023-12-21 16:10:24',NULL),(118,8110,6,41083,158,0.00,'','2023-12-21 16:10:24','2023-12-21 16:10:24',NULL),(119,8110,6,41083,159,0.00,'','2023-12-21 16:10:24','2023-12-21 16:10:24',NULL),(120,8110,6,41083,160,0.00,'','2023-12-21 16:10:24','2023-12-21 16:10:24',NULL),(121,8110,6,41083,161,0.00,'','2023-12-21 16:10:24','2023-12-21 16:10:24',NULL);
INSERT INTO `ganan_ddjj_detail_deducciones` VALUES (122,8110,6,41083,162,0.00,'','2023-12-21 16:10:24','2023-12-21 16:10:24',NULL),(123,8110,6,41083,163,0.00,'','2023-12-21 16:10:24','2023-12-21 16:10:24',NULL),(124,8110,6,41083,164,0.00,'','2023-12-21 16:10:24','2023-12-21 16:10:24',NULL),(125,8110,6,41083,165,0.00,'','2023-12-21 16:10:24','2023-12-21 16:10:24',NULL),(126,8110,6,41083,166,0.00,'','2023-12-21 16:10:24','2023-12-21 16:10:24',NULL),(127,8110,6,41083,167,0.00,'','2023-12-21 16:10:24','2023-12-21 16:10:24',NULL),(128,8110,6,41083,168,0.00,'','2023-12-21 16:10:24','2023-12-21 16:10:24',NULL),(129,8110,6,41083,169,0.00,'','2023-12-21 16:10:24','2023-12-21 16:10:24',NULL),(130,8110,6,41083,170,0.00,'','2023-12-21 16:10:24','2023-12-21 16:10:24',NULL),(131,8110,6,41083,171,0.00,'','2023-12-21 16:10:24','2023-12-21 16:10:24',NULL),(132,8110,6,41083,172,0.00,'','2023-12-21 16:10:24','2023-12-21 16:10:24',NULL),(133,8110,7,41148,151,0.00,'','2023-12-21 16:11:30','2023-12-21 16:11:30',NULL),(134,8110,7,41148,152,0.00,'','2023-12-21 16:11:30','2023-12-21 16:11:30',NULL),(135,8110,7,41148,153,0.00,'','2023-12-21 16:11:30','2023-12-21 16:11:30',NULL),(136,8110,7,41148,154,0.00,'','2023-12-21 16:11:30','2023-12-21 16:11:30',NULL),(137,8110,7,41148,155,0.00,'','2023-12-21 16:11:30','2023-12-21 16:11:30',NULL),(138,8110,7,41148,156,0.00,'','2023-12-21 16:11:30','2023-12-21 16:11:30',NULL),(139,8110,7,41148,157,0.00,'','2023-12-21 16:11:30','2023-12-21 16:11:30',NULL),(140,8110,7,41148,158,0.00,'','2023-12-21 16:11:30','2023-12-21 16:11:30',NULL),(141,8110,7,41148,159,0.00,'','2023-12-21 16:11:30','2023-12-21 16:11:30',NULL),(142,8110,7,41148,160,0.00,'','2023-12-21 16:11:30','2023-12-21 16:11:30',NULL),(143,8110,7,41148,161,0.00,'','2023-12-21 16:11:30','2023-12-21 16:11:30',NULL),(144,8110,7,41148,162,0.00,'','2023-12-21 16:11:30','2023-12-21 16:11:30',NULL),(145,8110,7,41148,163,0.00,'','2023-12-21 16:11:30','2023-12-21 16:11:30',NULL),(146,8110,7,41148,164,0.00,'','2023-12-21 16:11:30','2023-12-21 16:11:30',NULL),(147,8110,7,41148,165,0.00,'','2023-12-21 16:11:30','2023-12-21 16:11:30',NULL),(148,8110,7,41148,166,0.00,'','2023-12-21 16:11:30','2023-12-21 16:11:30',NULL),(149,8110,7,41148,167,0.00,'','2023-12-21 16:11:30','2023-12-21 16:11:30',NULL),(150,8110,7,41148,168,0.00,'','2023-12-21 16:11:30','2023-12-21 16:11:30',NULL),(151,8110,7,41148,169,0.00,'','2023-12-21 16:11:30','2023-12-21 16:11:30',NULL),(152,8110,7,41148,170,0.00,'','2023-12-21 16:11:30','2023-12-21 16:11:30',NULL),(153,8110,7,41148,171,0.00,'','2023-12-21 16:11:30','2023-12-21 16:11:30',NULL),(154,8110,7,41148,172,0.00,'','2023-12-21 16:11:30','2023-12-21 16:11:30',NULL),(155,7664,8,40719,151,0.00,'','2024-08-22 16:29:18','2024-08-22 16:29:18',NULL),(156,7664,8,40719,152,0.00,'','2024-08-22 16:29:18','2024-08-22 16:29:18',NULL),(157,7664,8,40719,153,0.00,'','2024-08-22 16:29:18','2024-08-22 16:29:18',NULL),(158,7664,8,40719,154,0.00,'','2024-08-22 16:29:18','2024-08-22 16:29:18',NULL),(159,7664,8,40719,155,0.00,'','2024-08-22 16:29:18','2024-08-22 16:29:18',NULL),(160,7664,8,40719,156,0.00,'','2024-08-22 16:29:18','2024-08-22 16:29:18',NULL),(161,7664,8,40719,157,0.00,'','2024-08-22 16:29:18','2024-08-22 16:29:18',NULL),(162,7664,8,40719,158,0.00,'','2024-08-22 16:29:18','2024-08-22 16:29:18',NULL),(163,7664,8,40719,159,0.00,'','2024-08-22 16:29:18','2024-08-22 16:29:18',NULL),(164,7664,8,40719,160,0.00,'','2024-08-22 16:29:18','2024-08-22 16:29:18',NULL),(165,7664,8,40719,161,0.00,'','2024-08-22 16:29:18','2024-08-22 16:29:18',NULL),(166,7664,8,40719,162,0.00,'','2024-08-22 16:29:18','2024-08-22 16:29:18',NULL),(167,7664,8,40719,163,0.00,'','2024-08-22 16:29:18','2024-08-22 16:29:18',NULL),(168,7664,8,40719,164,0.00,'','2024-08-22 16:29:18','2024-08-22 16:29:18',NULL),(169,7664,8,40719,165,0.00,'','2024-08-22 16:29:18','2024-08-22 16:29:18',NULL),(170,7664,8,40719,166,0.00,'','2024-08-22 16:29:18','2024-08-22 16:29:18',NULL);
INSERT INTO `ganan_ddjj_detail_deducciones` VALUES (171,7664,8,40719,167,0.00,'','2024-08-22 16:29:18','2024-08-22 16:29:18',NULL),(172,7664,8,40719,168,0.00,'','2024-08-22 16:29:18','2024-08-22 16:29:18',NULL),(173,7664,8,40719,169,0.00,'','2024-08-22 16:29:18','2024-08-22 16:29:18',NULL),(174,7664,8,40719,170,0.00,'','2024-08-22 16:29:19','2024-08-22 16:29:19',NULL),(175,7664,8,40719,171,0.00,'','2024-08-22 16:29:19','2024-08-22 16:29:19',NULL),(176,7664,8,40719,172,0.00,'','2024-08-22 16:29:19','2024-08-22 16:29:19',NULL),(177,7664,9,40867,151,0.00,'','2024-08-22 16:51:20','2024-08-22 16:51:20',NULL),(178,7664,9,40867,152,0.00,'','2024-08-22 16:51:20','2024-08-22 16:51:20',NULL),(179,7664,9,40867,153,0.00,'','2024-08-22 16:51:20','2024-08-22 16:51:20',NULL),(180,7664,9,40867,154,0.00,'','2024-08-22 16:51:20','2024-08-22 16:51:20',NULL),(181,7664,9,40867,155,0.00,'','2024-08-22 16:51:20','2024-08-22 16:51:20',NULL),(182,7664,9,40867,156,0.00,'','2024-08-22 16:51:20','2024-08-22 16:51:20',NULL),(183,7664,9,40867,157,0.00,'','2024-08-22 16:51:20','2024-08-22 16:51:20',NULL),(184,7664,9,40867,158,0.00,'','2024-08-22 16:51:20','2024-08-22 16:51:20',NULL),(185,7664,9,40867,159,0.00,'','2024-08-22 16:51:20','2024-08-22 16:51:20',NULL),(186,7664,9,40867,160,0.00,'','2024-08-22 16:51:20','2024-08-22 16:51:20',NULL),(187,7664,9,40867,161,0.00,'','2024-08-22 16:51:20','2024-08-22 16:51:20',NULL),(188,7664,9,40867,162,0.00,'','2024-08-22 16:51:20','2024-08-22 16:51:20',NULL),(189,7664,9,40867,163,0.00,'','2024-08-22 16:51:20','2024-08-22 16:51:20',NULL),(190,7664,9,40867,164,0.00,'','2024-08-22 16:51:20','2024-08-22 16:51:20',NULL),(191,7664,9,40867,165,0.00,'','2024-08-22 16:51:20','2024-08-22 16:51:20',NULL),(192,7664,9,40867,166,0.00,'','2024-08-22 16:51:20','2024-08-22 16:51:20',NULL),(193,7664,9,40867,167,0.00,'','2024-08-22 16:51:20','2024-08-22 16:51:20',NULL),(194,7664,9,40867,168,0.00,'','2024-08-22 16:51:20','2024-08-22 16:51:20',NULL),(195,7664,9,40867,169,0.00,'','2024-08-22 16:51:20','2024-08-22 16:51:20',NULL),(196,7664,9,40867,170,0.00,'','2024-08-22 16:51:20','2024-08-22 16:51:20',NULL),(197,7664,9,40867,171,0.00,'','2024-08-22 16:51:20','2024-08-22 16:51:20',NULL),(198,7664,9,40867,172,0.00,'','2024-08-22 16:51:20','2024-08-22 16:51:20',NULL),(199,7664,10,40867,173,0.00,'','2025-05-06 18:01:25','2025-05-06 18:01:25',NULL),(200,7664,10,40867,174,0.00,'','2025-05-06 18:01:25','2025-05-06 18:01:25',NULL),(201,7664,10,40867,175,0.00,'','2025-05-06 18:01:25','2025-05-06 18:01:25',NULL),(202,7664,10,40867,176,0.00,'','2025-05-06 18:01:25','2025-05-06 18:01:25',NULL),(203,7664,10,40867,177,0.00,'','2025-05-06 18:01:25','2025-05-06 18:01:25',NULL),(204,7664,10,40867,178,0.00,'','2025-05-06 18:01:25','2025-05-06 18:01:25',NULL),(205,7664,10,40867,179,0.00,'','2025-05-06 18:01:25','2025-05-06 18:01:25',NULL),(206,7664,10,40867,180,0.00,'','2025-05-06 18:01:25','2025-05-06 18:01:25',NULL),(207,7664,10,40867,181,0.00,'','2025-05-06 18:01:25','2025-05-06 18:01:25',NULL),(208,7664,10,40867,182,0.00,'','2025-05-06 18:01:25','2025-05-06 18:01:25',NULL),(209,7664,10,40867,183,0.00,'','2025-05-06 18:01:25','2025-05-06 18:01:25',NULL),(210,7664,10,40867,184,0.00,'','2025-05-06 18:01:25','2025-05-06 18:01:25',NULL),(211,7664,10,40867,185,0.00,'','2025-05-06 18:01:25','2025-05-06 18:01:25',NULL),(212,7664,10,40867,186,0.00,'','2025-05-06 18:01:25','2025-05-06 18:01:25',NULL),(213,7664,10,40867,187,0.00,'','2025-05-06 18:01:25','2025-05-06 18:01:25',NULL),(214,7664,10,40867,188,0.00,'','2025-05-06 18:01:25','2025-05-06 18:01:25',NULL),(215,7664,10,40867,189,0.00,'','2025-05-06 18:01:25','2025-05-06 18:01:25',NULL),(216,7664,10,40867,190,0.00,'','2025-05-06 18:01:25','2025-05-06 18:01:25',NULL),(217,7664,10,40867,191,0.00,'','2025-05-06 18:01:25','2025-05-06 18:01:25',NULL),(218,7664,10,40867,192,0.00,'','2025-05-06 18:01:25','2025-05-06 18:01:25',NULL),(219,7664,10,40867,193,0.00,'','2025-05-06 18:01:25','2025-05-06 18:01:25',NULL);
INSERT INTO `ganan_ddjj_detail_deducciones` VALUES (220,7664,10,40867,194,0.00,'','2025-05-06 18:01:25','2025-05-06 18:01:25',NULL),(221,7664,10,40867,195,0.00,'','2025-05-06 18:01:25','2025-05-06 18:01:25',NULL),(222,7664,10,40867,196,0.00,'','2025-05-06 18:01:25','2025-05-06 18:01:25',NULL),(223,7664,10,40867,197,0.00,'','2025-05-06 18:01:25','2025-05-06 18:01:25',NULL),(224,7664,10,40867,198,0.00,'','2025-05-06 18:01:25','2025-05-06 18:01:25',NULL);

--
-- Table structure for table `ganan_ddjj_detail_ing_egr`
--

CREATE TABLE `ganan_ddjj_detail_ing_egr` (
  `id` int(10) unsigned NOT NULL AUTO_INCREMENT,
  `user_id` int(10) unsigned DEFAULT NULL,
  `ganan_ddjj_id` int(10) unsigned NOT NULL,
  `person_id` int(10) unsigned NOT NULL,
  `conta_tipo_asiento_id` int(10) unsigned NOT NULL,
  `ganan_categoria_id` int(10) unsigned NOT NULL,
  `ganan_tipo_op_id` int(10) unsigned NOT NULL,
  `importe` decimal(16,2) NOT NULL DEFAULT '0.00',
  `comentario` varchar(191) COLLATE utf8mb4_unicode_ci DEFAULT NULL,
  `created_at` timestamp NULL DEFAULT NULL,
  `updated_at` timestamp NULL DEFAULT NULL,
  `deleted_at` timestamp NULL DEFAULT NULL,
  PRIMARY KEY (`id`),
  KEY `ganan_ddjj_detail_ing_egr_ganan_ddjj_id_foreign` (`ganan_ddjj_id`),
  KEY `ganan_ddjj_detail_ing_egr_person_id_foreign` (`person_id`),
  KEY `ganan_ddjj_detail_ing_egr_conta_tipo_asiento_id_foreign` (`conta_tipo_asiento_id`),
  KEY `ganan_ddjj_detail_ing_egr_ganan_categoria_id_foreign` (`ganan_categoria_id`),
  KEY `ganan_ddjj_detail_ing_egr_ganan_tipo_op_id_foreign` (`ganan_tipo_op_id`),
  CONSTRAINT `ganan_ddjj_detail_ing_egr_conta_tipo_asiento_id_foreign` FOREIGN KEY (`conta_tipo_asiento_id`) REFERENCES `conta_tipo_asientos` (`id`),
  CONSTRAINT `ganan_ddjj_detail_ing_egr_ganan_categoria_id_foreign` FOREIGN KEY (`ganan_categoria_id`) REFERENCES `ganan_categorias` (`id`),
  CONSTRAINT `ganan_ddjj_detail_ing_egr_ganan_ddjj_id_foreign` FOREIGN KEY (`ganan_ddjj_id`) REFERENCES `ganan_ddjjs` (`id`),
  CONSTRAINT `ganan_ddjj_detail_ing_egr_ganan_tipo_op_id_foreign` FOREIGN KEY (`ganan_tipo_op_id`) REFERENCES `ganan_tipos_op` (`id`),
  CONSTRAINT `ganan_ddjj_detail_ing_egr_person_id_foreign` FOREIGN KEY (`person_id`) REFERENCES `persons` (`id`)
) ENGINE=InnoDB AUTO_INCREMENT=161 DEFAULT CHARSET=utf8mb4 COLLATE=utf8mb4_unicode_ci;

--
-- Dumping data for table `ganan_ddjj_detail_ing_egr`
--

INSERT INTO `ganan_ddjj_detail_ing_egr` VALUES (1,7664,1,40720,2,1,1,0.00,NULL,'2022-09-24 00:40:35','2022-09-24 00:40:35',NULL),(2,7664,1,40720,2,2,1,0.00,NULL,'2022-09-24 00:40:35','2022-09-24 00:40:35',NULL),(3,7664,1,40720,2,3,1,0.00,NULL,'2022-09-24 00:40:35','2022-09-24 00:40:35',NULL),(4,7664,1,40720,2,4,1,0.00,NULL,'2022-09-24 00:40:35','2022-09-24 00:40:35',NULL),(5,7664,1,40720,2,1,2,0.00,NULL,'2022-09-24 00:40:35','2022-09-24 00:40:35',NULL),(6,7664,1,40720,2,2,2,0.00,NULL,'2022-09-24 00:40:35','2022-09-24 00:40:35',NULL),(7,7664,1,40720,2,3,2,0.00,NULL,'2022-09-24 00:40:35','2022-09-24 00:40:35',NULL),(8,7664,1,40720,2,4,2,0.00,NULL,'2022-09-24 00:40:35','2022-09-24 00:40:35',NULL),(9,7664,1,40720,3,1,1,0.00,NULL,'2022-09-24 00:40:35','2022-09-24 00:40:35',NULL),(10,7664,1,40720,3,2,1,0.00,NULL,'2022-09-24 00:40:35','2022-09-24 00:40:35',NULL),(11,7664,1,40720,3,3,1,0.00,NULL,'2022-09-24 00:40:35','2022-09-24 00:40:35',NULL),(12,7664,1,40720,3,4,1,0.00,NULL,'2022-09-24 00:40:35','2022-09-24 00:40:35',NULL),(13,7664,1,40720,3,1,2,0.00,NULL,'2022-09-24 00:40:35','2022-09-24 00:40:35',NULL),(14,7664,1,40720,3,2,2,0.00,NULL,'2022-09-24 00:40:35','2022-09-24 00:40:35',NULL),(15,7664,1,40720,3,3,2,0.00,NULL,'2022-09-24 00:40:35','2022-09-24 00:40:35',NULL),(16,7664,1,40720,3,4,2,0.00,NULL,'2022-09-24 00:40:35','2022-09-24 00:40:35',NULL),(33,7664,3,40867,2,1,1,0.00,NULL,'2023-05-24 13:05:52','2023-05-24 13:05:52',NULL),(34,7664,3,40867,2,2,1,0.00,NULL,'2023-05-24 13:05:52','2023-05-24 13:05:52',NULL),(35,7664,3,40867,2,3,1,0.00,NULL,'2023-05-24 13:05:52','2023-05-24 13:05:52',NULL),(36,7664,3,40867,2,4,1,0.00,NULL,'2023-05-24 13:05:52','2023-05-24 13:05:52',NULL),(37,7664,3,40867,2,1,2,0.00,NULL,'2023-05-24 13:05:52','2023-05-24 13:05:52',NULL),(38,7664,3,40867,2,2,2,0.00,NULL,'2023-05-24 13:05:52','2023-05-24 13:05:52',NULL),(39,7664,3,40867,2,3,2,0.00,NULL,'2023-05-24 13:05:52','2023-05-24 13:05:52',NULL),(40,7664,3,40867,2,4,2,0.00,NULL,'2023-05-24 13:05:52','2023-05-24 13:05:52',NULL),(41,7664,3,40867,3,1,1,0.00,NULL,'2023-05-24 13:05:52','2023-05-24 13:05:52',NULL),(42,7664,3,40867,3,2,1,0.00,NULL,'2023-05-24 13:05:52','2023-05-24 13:05:52',NULL),(43,7664,3,40867,3,3,1,0.00,NULL,'2023-05-24 13:05:52','2023-05-24 13:05:52',NULL),(44,7664,3,40867,3,4,1,0.00,NULL,'2023-05-24 13:05:52','2023-05-24 13:05:52',NULL),(45,7664,3,40867,3,1,2,0.00,NULL,'2023-05-24 13:05:52','2023-05-24 13:05:52',NULL),(46,7664,3,40867,3,2,2,0.00,NULL,'2023-05-24 13:05:52','2023-05-24 13:05:52',NULL),(47,7664,3,40867,3,3,2,0.00,NULL,'2023-05-24 13:05:52','2023-05-24 13:05:52',NULL),(48,7664,3,40867,3,4,2,0.00,NULL,'2023-05-24 13:05:52','2023-05-24 13:05:52',NULL),(49,7664,4,41148,2,1,1,0.00,'','2023-05-29 16:47:20','2023-05-29 16:47:20',NULL),(50,7664,4,41148,2,2,1,0.00,'','2023-05-29 16:47:20','2023-05-29 16:47:20',NULL),(51,7664,4,41148,2,3,1,0.00,'','2023-05-29 16:47:20','2023-05-29 16:47:20',NULL),(52,7664,4,41148,2,4,1,0.00,'','2023-05-29 16:47:20','2023-05-29 16:47:20',NULL),(53,7664,4,41148,2,1,2,0.00,'','2023-05-29 16:47:20','2023-05-29 16:47:20',NULL),(54,7664,4,41148,2,2,2,0.00,'','2023-05-29 16:47:20','2023-05-29 16:47:20',NULL),(55,7664,4,41148,2,3,2,0.00,'','2023-05-29 16:47:20','2023-05-29 16:47:20',NULL),(56,7664,4,41148,2,4,2,0.00,'','2023-05-29 16:47:20','2023-05-29 16:47:20',NULL),(57,7664,4,41148,3,1,1,0.00,'','2023-05-29 16:47:20','2023-05-29 16:47:20',NULL),(58,7664,4,41148,3,2,1,0.00,'','2023-05-29 16:47:20','2023-05-29 16:47:20',NULL),(59,7664,4,41148,3,3,1,0.00,'','2023-05-29 16:47:20','2023-05-29 16:47:20',NULL),(60,7664,4,41148,3,4,1,0.00,'','2023-05-29 16:47:20','2023-05-29 16:47:20',NULL),(61,7664,4,41148,3,1,2,0.00,'','2023-05-29 16:47:20','2023-05-29 16:47:20',NULL),(62,7664,4,41148,3,2,2,0.00,'','2023-05-29 16:47:20','2023-05-29 16:47:20',NULL),(63,7664,4,41148,3,3,2,0.00,'','2023-05-29 16:47:20','2023-05-29 16:47:20',NULL),(64,7664,4,41148,3,4,2,0.00,'','2023-05-29 16:47:20','2023-05-29 16:47:20',NULL);
INSERT INTO `ganan_ddjj_detail_ing_egr` VALUES (65,8110,5,40871,2,1,1,0.00,'','2023-12-21 16:09:49','2023-12-21 16:09:49',NULL),(66,8110,5,40871,2,2,1,0.00,'','2023-12-21 16:09:49','2023-12-21 16:09:49',NULL),(67,8110,5,40871,2,3,1,0.00,'','2023-12-21 16:09:49','2023-12-21 16:09:49',NULL),(68,8110,5,40871,2,4,1,0.00,'','2023-12-21 16:09:49','2023-12-21 16:09:49',NULL),(69,8110,5,40871,2,1,2,0.00,'','2023-12-21 16:09:49','2023-12-21 16:09:49',NULL),(70,8110,5,40871,2,2,2,0.00,'','2023-12-21 16:09:49','2023-12-21 16:09:49',NULL),(71,8110,5,40871,2,3,2,0.00,'','2023-12-21 16:09:49','2023-12-21 16:09:49',NULL),(72,8110,5,40871,2,4,2,0.00,'','2023-12-21 16:09:49','2023-12-21 16:09:49',NULL),(73,8110,5,40871,3,1,1,0.00,'','2023-12-21 16:09:49','2023-12-21 16:09:49',NULL),(74,8110,5,40871,3,2,1,0.00,'','2023-12-21 16:09:49','2023-12-21 16:09:49',NULL),(75,8110,5,40871,3,3,1,0.00,'','2023-12-21 16:09:49','2023-12-21 16:09:49',NULL),(76,8110,5,40871,3,4,1,0.00,'','2023-12-21 16:09:49','2023-12-21 16:09:49',NULL),(77,8110,5,40871,3,1,2,0.00,'','2023-12-21 16:09:49','2023-12-21 16:09:49',NULL),(78,8110,5,40871,3,2,2,0.00,'','2023-12-21 16:09:49','2023-12-21 16:09:49',NULL),(79,8110,5,40871,3,3,2,0.00,'','2023-12-21 16:09:49','2023-12-21 16:09:49',NULL),(80,8110,5,40871,3,4,2,0.00,'','2023-12-21 16:09:49','2023-12-21 16:09:49',NULL),(81,8110,6,41083,2,1,1,0.00,'','2023-12-21 16:10:24','2023-12-21 16:10:24',NULL),(82,8110,6,41083,2,2,1,0.00,'','2023-12-21 16:10:24','2023-12-21 16:10:24',NULL),(83,8110,6,41083,2,3,1,0.00,'','2023-12-21 16:10:24','2023-12-21 16:10:24',NULL),(84,8110,6,41083,2,4,1,0.00,'','2023-12-21 16:10:24','2023-12-21 16:10:24',NULL),(85,8110,6,41083,2,1,2,0.00,'','2023-12-21 16:10:24','2023-12-21 16:10:24',NULL),(86,8110,6,41083,2,2,2,0.00,'','2023-12-21 16:10:24','2023-12-21 16:10:24',NULL),(87,8110,6,41083,2,3,2,0.00,'','2023-12-21 16:10:24','2023-12-21 16:10:24',NULL),(88,8110,6,41083,2,4,2,0.00,'','2023-12-21 16:10:24','2023-12-21 16:10:24',NULL),(89,8110,6,41083,3,1,1,0.00,'','2023-12-21 16:10:24','2023-12-21 16:10:24',NULL),(90,8110,6,41083,3,2,1,0.00,'','2023-12-21 16:10:24','2023-12-21 16:10:24',NULL),(91,8110,6,41083,3,3,1,0.00,'','2023-12-21 16:10:24','2023-12-21 16:10:24',NULL),(92,8110,6,41083,3,4,1,0.00,'','2023-12-21 16:10:24','2023-12-21 16:10:24',NULL),(93,8110,6,41083,3,1,2,0.00,'','2023-12-21 16:10:24','2023-12-21 16:10:24',NULL),(94,8110,6,41083,3,2,2,0.00,'','2023-12-21 16:10:24','2023-12-21 16:10:24',NULL),(95,8110,6,41083,3,3,2,0.00,'','2023-12-21 16:10:24','2023-12-21 16:10:24',NULL),(96,8110,6,41083,3,4,2,0.00,'','2023-12-21 16:10:24','2023-12-21 16:10:24',NULL),(97,8110,7,41148,2,1,1,0.00,'','2023-12-21 16:11:30','2023-12-21 16:11:30',NULL),(98,8110,7,41148,2,2,1,0.00,'','2023-12-21 16:11:30','2023-12-21 16:11:30',NULL),(99,8110,7,41148,2,3,1,0.00,'','2023-12-21 16:11:30','2023-12-21 16:11:30',NULL),(100,8110,7,41148,2,4,1,0.00,'','2023-12-21 16:11:30','2023-12-21 16:11:30',NULL),(101,8110,7,41148,2,1,2,0.00,'','2023-12-21 16:11:30','2023-12-21 16:11:30',NULL),(102,8110,7,41148,2,2,2,0.00,'','2023-12-21 16:11:30','2023-12-21 16:11:30',NULL),(103,8110,7,41148,2,3,2,0.00,'','2023-12-21 16:11:30','2023-12-21 16:11:30',NULL),(104,8110,7,41148,2,4,2,0.00,'','2023-12-21 16:11:30','2023-12-21 16:11:30',NULL),(105,8110,7,41148,3,1,1,0.00,'','2023-12-21 16:11:30','2023-12-21 16:11:30',NULL),(106,8110,7,41148,3,2,1,0.00,'','2023-12-21 16:11:30','2023-12-21 16:11:30',NULL),(107,8110,7,41148,3,3,1,0.00,'','2023-12-21 16:11:30','2023-12-21 16:11:30',NULL),(108,8110,7,41148,3,4,1,0.00,'','2023-12-21 16:11:30','2023-12-21 16:11:30',NULL),(109,8110,7,41148,3,1,2,0.00,'','2023-12-21 16:11:30','2023-12-21 16:11:30',NULL),(110,8110,7,41148,3,2,2,0.00,'','2023-12-21 16:11:30','2023-12-21 16:11:30',NULL),(111,8110,7,41148,3,3,2,0.00,'','2023-12-21 16:11:30','2023-12-21 16:11:30',NULL),(112,8110,7,41148,3,4,2,0.00,'','2023-12-21 16:11:30','2023-12-21 16:11:30',NULL),(113,7664,8,40719,2,1,1,0.00,'','2024-08-22 16:29:18','2024-08-22 16:29:18',NULL);
INSERT INTO `ganan_ddjj_detail_ing_egr` VALUES (114,7664,8,40719,2,2,1,0.00,'','2024-08-22 16:29:18','2024-08-22 16:29:18',NULL),(115,7664,8,40719,2,3,1,0.00,'','2024-08-22 16:29:18','2024-08-22 16:29:18',NULL),(116,7664,8,40719,2,4,1,0.00,'','2024-08-22 16:29:18','2024-08-22 16:29:18',NULL),(117,7664,8,40719,2,1,2,0.00,'','2024-08-22 16:29:18','2024-08-22 16:29:18',NULL),(118,7664,8,40719,2,2,2,0.00,'','2024-08-22 16:29:18','2024-08-22 16:29:18',NULL),(119,7664,8,40719,2,3,2,0.00,'','2024-08-22 16:29:18','2024-08-22 16:29:18',NULL),(120,7664,8,40719,2,4,2,0.00,'','2024-08-22 16:29:18','2024-08-22 16:29:18',NULL),(121,7664,8,40719,3,1,1,0.00,'','2024-08-22 16:29:18','2024-08-22 16:29:18',NULL),(122,7664,8,40719,3,2,1,0.00,'','2024-08-22 16:29:18','2024-08-22 16:29:18',NULL),(123,7664,8,40719,3,3,1,0.00,'','2024-08-22 16:29:18','2024-08-22 16:29:18',NULL),(124,7664,8,40719,3,4,1,0.00,'','2024-08-22 16:29:18','2024-08-22 16:29:18',NULL),(125,7664,8,40719,3,1,2,0.00,'','2024-08-22 16:29:18','2024-08-22 16:29:18',NULL),(126,7664,8,40719,3,2,2,0.00,'','2024-08-22 16:29:18','2024-08-22 16:29:18',NULL),(127,7664,8,40719,3,3,2,0.00,'','2024-08-22 16:29:18','2024-08-22 16:29:18',NULL),(128,7664,8,40719,3,4,2,0.00,'','2024-08-22 16:29:18','2024-08-22 16:29:18',NULL),(129,7664,9,40867,2,1,1,0.00,'','2024-08-22 16:51:20','2024-08-22 16:51:20',NULL),(130,7664,9,40867,2,2,1,0.00,'','2024-08-22 16:51:20','2024-08-22 16:51:20',NULL),(131,7664,9,40867,2,3,1,0.00,'','2024-08-22 16:51:20','2024-08-22 16:51:20',NULL),(132,7664,9,40867,2,4,1,0.00,'','2024-08-22 16:51:20','2024-08-22 16:51:20',NULL),(133,7664,9,40867,2,1,2,0.00,'','2024-08-22 16:51:20','2024-08-22 16:51:20',NULL),(134,7664,9,40867,2,2,2,0.00,'','2024-08-22 16:51:20','2024-08-22 16:51:20',NULL),(135,7664,9,40867,2,3,2,0.00,'','2024-08-22 16:51:20','2024-08-22 16:51:20',NULL),(136,7664,9,40867,2,4,2,0.00,'','2024-08-22 16:51:20','2024-08-22 16:51:20',NULL),(137,7664,9,40867,3,1,1,0.00,'','2024-08-22 16:51:20','2024-08-22 16:51:20',NULL),(138,7664,9,40867,3,2,1,0.00,'','2024-08-22 16:51:20','2024-08-22 16:51:20',NULL),(139,7664,9,40867,3,3,1,0.00,'','2024-08-22 16:51:20','2024-08-22 16:51:20',NULL),(140,7664,9,40867,3,4,1,0.00,'','2024-08-22 16:51:20','2024-08-22 16:51:20',NULL),(141,7664,9,40867,3,1,2,0.00,'','2024-08-22 16:51:20','2024-08-22 16:51:20',NULL),(142,7664,9,40867,3,2,2,0.00,'','2024-08-22 16:51:20','2024-08-22 16:51:20',NULL),(143,7664,9,40867,3,3,2,0.00,'','2024-08-22 16:51:20','2024-08-22 16:51:20',NULL),(144,7664,9,40867,3,4,2,0.00,'','2024-08-22 16:51:20','2024-08-22 16:51:20',NULL),(145,7664,10,40867,2,1,1,0.00,'','2025-05-06 18:01:25','2025-05-06 18:01:25',NULL),(146,7664,10,40867,2,2,1,0.00,'','2025-05-06 18:01:25','2025-05-06 18:01:25',NULL),(147,7664,10,40867,2,3,1,0.00,'','2025-05-06 18:01:25','2025-05-06 18:01:25',NULL),(148,7664,10,40867,2,4,1,0.00,'','2025-05-06 18:01:25','2025-05-06 18:01:25',NULL),(149,7664,10,40867,2,1,2,0.00,'','2025-05-06 18:01:25','2025-05-06 18:01:25',NULL),(150,7664,10,40867,2,2,2,0.00,'','2025-05-06 18:01:25','2025-05-06 18:01:25',NULL),(151,7664,10,40867,2,3,2,0.00,'','2025-05-06 18:01:25','2025-05-06 18:01:25',NULL),(152,7664,10,40867,2,4,2,0.00,'','2025-05-06 18:01:25','2025-05-06 18:01:25',NULL),(153,7664,10,40867,3,1,1,0.00,'','2025-05-06 18:01:25','2025-05-06 18:01:25',NULL),(154,7664,10,40867,3,2,1,0.00,'','2025-05-06 18:01:25','2025-05-06 18:01:25',NULL),(155,7664,10,40867,3,3,1,0.00,'','2025-05-06 18:01:25','2025-05-06 18:01:25',NULL),(156,7664,10,40867,3,4,1,0.00,'','2025-05-06 18:01:25','2025-05-06 18:01:25',NULL),(157,7664,10,40867,3,1,2,0.00,'','2025-05-06 18:01:25','2025-05-06 18:01:25',NULL),(158,7664,10,40867,3,2,2,0.00,'','2025-05-06 18:01:25','2025-05-06 18:01:25',NULL),(159,7664,10,40867,3,3,2,0.00,'','2025-05-06 18:01:25','2025-05-06 18:01:25',NULL),(160,7664,10,40867,3,4,2,0.00,'','2025-05-06 18:01:25','2025-05-06 18:01:25',NULL);

--
-- Table structure for table `ganan_ddjjs`
--

CREATE TABLE `ganan_ddjjs` (
  `id` int(10) unsigned NOT NULL AUTO_INCREMENT,
  `user_id` int(10) unsigned DEFAULT NULL,
  `anio` int(10) unsigned NOT NULL,
  `person_id` int(10) unsigned NOT NULL,
  `ingresos_gravados` decimal(16,2) NOT NULL DEFAULT '0.00',
  `ingresos_exentos` decimal(16,2) NOT NULL DEFAULT '0.00',
  `egresos_gravados` decimal(16,2) NOT NULL DEFAULT '0.00',
  `egresos_exentos` decimal(16,2) NOT NULL DEFAULT '0.00',
  `deducciones_total` decimal(16,2) NOT NULL DEFAULT '0.00',
  `base_imponible` decimal(16,2) NOT NULL DEFAULT '0.00',
  `impuesto_determinado` decimal(16,2) NOT NULL DEFAULT '0.00',
  `saldo_a_pagar` decimal(16,2) NOT NULL DEFAULT '0.00',
  `saldo_a_favor` decimal(16,2) NOT NULL DEFAULT '0.00',
  `comentario` varchar(191) COLLATE utf8mb4_unicode_ci DEFAULT NULL,
  `created_at` timestamp NULL DEFAULT NULL,
  `updated_at` timestamp NULL DEFAULT NULL,
  `deleted_at` timestamp NULL DEFAULT NULL,
  PRIMARY KEY (`id`),
  KEY `ganan_ddjjs_person_id_foreign` (`person_id`),
  CONSTRAINT `ganan_ddjjs_person_id_foreign` FOREIGN KEY (`person_id`) REFERENCES `persons` (`id`)
) ENGINE=InnoDB AUTO_INCREMENT=11 DEFAULT CHARSET=utf8mb4 COLLATE=utf8mb4_unicode_ci;

--
-- Dumping data for table `ganan_ddjjs`
--

INSERT INTO `ganan_ddjjs` VALUES (1,7664,2022,40720,0.00,0.00,0.00,0.00,0.00,0.00,0.00,0.00,0.00,NULL,'2022-09-24 00:40:35','2022-09-24 00:40:35',NULL),(3,7664,2022,40867,0.00,0.00,0.00,0.00,0.00,0.00,0.00,0.00,0.00,NULL,'2023-05-24 13:05:52','2023-05-24 13:05:52',NULL),(4,7664,2022,41148,0.00,0.00,0.00,0.00,0.00,0.00,0.00,0.00,0.00,NULL,'2023-05-29 16:47:20','2023-05-29 16:47:20',NULL),(5,8110,2023,40871,0.00,0.00,0.00,0.00,0.00,0.00,0.00,0.00,0.00,NULL,'2023-12-21 16:09:49','2023-12-21 16:09:49',NULL),(6,8110,2023,41083,0.00,0.00,0.00,0.00,0.00,0.00,0.00,0.00,0.00,NULL,'2023-12-21 16:10:24','2023-12-21 16:10:24',NULL),(7,8110,2023,41148,0.00,0.00,0.00,0.00,0.00,0.00,0.00,0.00,0.00,NULL,'2023-12-21 16:11:30','2023-12-21 16:11:30',NULL),(8,7664,2023,40719,0.00,0.00,0.00,0.00,0.00,0.00,0.00,0.00,0.00,NULL,'2024-08-22 16:29:18','2024-08-22 16:29:18',NULL),(9,7664,2023,40867,0.00,0.00,0.00,0.00,0.00,0.00,0.00,0.00,0.00,NULL,'2024-08-22 16:51:19','2024-08-22 16:51:19',NULL),(10,7664,2024,40867,0.00,0.00,0.00,0.00,0.00,0.00,0.00,0.00,0.00,NULL,'2025-05-06 18:01:25','2025-05-06 18:01:25',NULL);

--
-- Table structure for table `ganan_deducciones`
--

CREATE TABLE `ganan_deducciones` (
  `id` int(10) unsigned NOT NULL AUTO_INCREMENT,
  `user_id` int(10) unsigned DEFAULT NULL,
  `anio` int(10) unsigned NOT NULL,
  `generales` tinyint(1) NOT NULL DEFAULT '0',
  `particulares` tinyint(1) NOT NULL DEFAULT '0',
  `nombre` varchar(191) COLLATE utf8mb4_unicode_ci NOT NULL,
  `importe` decimal(16,2) NOT NULL DEFAULT '0.00',
  `status` tinyint(1) NOT NULL DEFAULT '1',
  `created_at` timestamp NULL DEFAULT NULL,
  `updated_at` timestamp NULL DEFAULT NULL,
  `deleted_at` timestamp NULL DEFAULT NULL,
  PRIMARY KEY (`id`)
) ENGINE=InnoDB AUTO_INCREMENT=225 DEFAULT CHARSET=utf8mb4 COLLATE=utf8mb4_unicode_ci;

--
-- Dumping data for table `ganan_deducciones`
--

INSERT INTO `ganan_deducciones` VALUES (1,NULL,2017,1,0,'Primas de seguro para el caso de muerte',999.00,1,'2019-11-15 13:24:27','2019-11-15 13:24:27',NULL),(2,NULL,2017,1,0,'Gastos de Sepelio',999.00,1,'2019-11-15 13:24:27','2019-11-15 13:24:27',NULL),(3,NULL,2017,1,0,'Aportes a Obras Sociales',0.00,1,'2019-11-15 13:24:27','2019-11-15 13:24:27',NULL),(4,NULL,2017,1,0,'Aportes obligatorios a Fondos de jubilaciones, retiros, pensiones o subsidios a cajas nacionales, provinciales o municipales- incluidas las Cajas de Previsión para Profesionales.',0.00,1,'2019-11-15 13:24:27','2019-11-15 13:24:27',NULL),(5,NULL,2017,1,0,'Otras deducciones del Anexo III de la RG 2437: Aportes para fondos de Jubilación, Retiros, Pensiones o Subsidios destinados al ANSES',0.00,1,'2019-11-15 13:24:27','2019-11-15 13:24:27',NULL),(6,NULL,2017,1,0,'Aportes a Cajas Provinciales o Municipales o de Previsión para Profesionales',0.00,1,'2019-11-15 13:24:27','2019-11-15 13:24:27',NULL),(7,NULL,2017,1,0,'Pagos Régimen Nacional de Trabajadores Autónomos',0.00,1,'2019-11-15 13:24:27','2019-11-15 13:24:27',NULL),(8,NULL,2017,1,0,'Aportes a Cajas Complementarias de Previsión',0.00,1,'2019-11-15 13:24:27','2019-11-15 13:24:27',NULL),(9,NULL,2017,1,0,'Aportes a Fondos Compensadores de Previsión',0.00,1,'2019-11-15 13:24:27','2019-11-15 13:24:27',NULL),(10,NULL,2017,1,0,'Intereses Crédito Hipotecario',20000.00,1,'2019-11-15 13:24:27','2019-11-15 13:24:27',NULL),(11,NULL,2017,1,0,'Servicio Doméstico',51967.00,1,'2019-11-15 13:24:27','2019-11-15 13:24:27',NULL),(12,NULL,2017,1,0,'Donaciones',0.00,1,'2019-11-15 13:24:27','2019-11-15 13:24:27',NULL),(13,NULL,2017,1,0,'Cuota médico asistencial abonado por usted y por sus familiares a cargo',0.00,1,'2019-11-15 13:24:27','2019-11-15 13:24:27',NULL),(14,NULL,2017,1,0,'Honorarios Correspondientes a los Servicios de asistencia Sanitaria, Médica y Paramédica',0.00,1,'2019-11-15 13:24:28','2019-11-15 13:24:28',NULL),(15,NULL,2017,0,1,'Conyuge',48447.00,1,'2019-11-15 13:24:28','2019-11-15 13:24:28',NULL),(16,NULL,2017,0,1,'Hijo Incapacitado',24432.00,1,'2019-11-15 13:24:28','2019-11-15 13:24:28',NULL),(17,NULL,2017,0,1,'Hijo Menor 18 años',24432.00,1,'2019-11-15 13:24:28','2019-11-15 13:24:28',NULL),(18,NULL,2017,0,1,'Hijastro Incapacitado',24432.00,1,'2019-11-15 13:24:28','2019-11-15 13:24:28',NULL),(19,NULL,2017,0,1,'Hijastro Menor 18 Años',24432.00,1,'2019-11-15 13:24:28','2019-11-15 13:24:28',NULL),(20,NULL,2017,0,1,'Ganancia No Imponible',51967.00,1,'2019-11-15 13:24:28','2019-11-15 13:24:28',NULL),(21,NULL,2017,0,1,'Deduccion Especial',51967.00,1,'2019-11-15 13:24:28','2019-11-15 13:24:28',NULL),(22,NULL,2018,1,0,'Primas de seguro para el caso de muerte',12000.00,1,'2019-11-15 13:24:28','2019-11-15 13:24:28',NULL),(23,NULL,2018,1,0,'Gastos de Sepelio',999.00,1,'2019-11-15 13:24:28','2019-11-15 13:24:28',NULL),(24,NULL,2018,1,0,'Aportes a Obras Sociales',0.00,1,'2019-11-15 13:24:28','2019-11-15 13:24:28',NULL),(25,NULL,2018,1,0,'Aportes obligatorios a Fondos de jubilaciones, retiros, pensiones o subsidios a cajas nacionales, provinciales o municipales- incluidas las Cajas de Previsión para Profesionales.',0.00,1,'2019-11-15 13:24:28','2019-11-15 13:24:28',NULL),(26,NULL,2018,1,0,'Otras deducciones del Anexo III de la RG 2437: Aportes para fondos de Jubilación, Retiros, Pensiones o Subsidios destinados al ANSES',0.00,1,'2019-11-15 13:24:28','2019-11-15 13:24:28',NULL),(27,NULL,2018,1,0,'Aportes a Cajas Provinciales o Municipales o de Previsión para Profesionales',0.00,1,'2019-11-15 13:24:28','2019-11-15 13:24:28',NULL),(28,NULL,2018,1,0,'Pagos Régimen Nacional de Trabajadores Autónomos',0.00,1,'2019-11-15 13:24:28','2019-11-15 13:24:28',NULL),(29,NULL,2018,1,0,'Aportes a Cajas Complementarias de Previsión',0.00,1,'2019-11-15 13:24:28','2019-11-15 13:24:28',NULL),(30,NULL,2018,1,0,'Aportes a Fondos Compensadores de Previsión',0.00,1,'2019-11-15 13:24:28','2019-11-15 13:24:28',NULL);
INSERT INTO `ganan_deducciones` VALUES (31,NULL,2018,1,0,'Intereses Crédito Hipotecario',20000.00,1,'2019-11-15 13:24:28','2019-11-15 13:24:28',NULL),(32,NULL,2018,1,0,'Servicio Doméstico',66917.91,1,'2019-11-15 13:24:28','2019-11-15 13:24:28',NULL),(33,NULL,2018,1,0,'Donaciones',0.00,1,'2019-11-15 13:24:28','2019-11-15 13:24:28',NULL),(34,NULL,2018,1,0,'Cuota médico asistencial abonado por usted y por sus familiares a cargo',0.00,1,'2019-11-15 13:24:28','2019-11-15 13:24:28',NULL),(35,NULL,2018,1,0,'Honorarios Correspondientes a los Servicios de asistencia Sanitaria, Médica y Paramédica',0.00,1,'2019-11-15 13:24:28','2019-11-15 13:24:28',NULL),(36,NULL,2018,0,1,'Conyuge',66917.91,1,'2019-11-15 13:24:28','2019-11-15 13:24:28',NULL),(37,NULL,2018,0,1,'Hijo Incapacitado',31461.09,1,'2019-11-15 13:24:28','2019-11-15 13:24:28',NULL),(38,NULL,2018,0,1,'Hijo Menor 18 años',31461.09,1,'2019-11-15 13:24:28','2019-11-15 13:24:28',NULL),(39,NULL,2018,0,1,'Hijastro Incapacitado',31461.09,1,'2019-11-15 13:24:28','2019-11-15 13:24:28',NULL),(40,NULL,2018,0,1,'Hijastro Menor 18 Años',31461.09,1,'2019-11-15 13:24:28','2019-11-15 13:24:28',NULL),(41,NULL,2018,0,1,'Ganancia No Imponible',66917.91,1,'2019-11-15 13:24:28','2019-11-15 13:24:28',NULL),(42,NULL,2018,0,1,'Deduccion Especial',66917.91,1,'2019-11-15 13:24:28','2019-11-15 13:24:28',NULL),(43,NULL,2019,1,0,'Primas de seguro para el caso de muerte',18000.00,1,'2019-11-15 13:24:28','2019-11-15 13:24:28',NULL),(44,NULL,2019,1,0,'Gastos de Sepelio',999.00,1,'2019-11-15 13:24:28','2019-11-15 13:24:28',NULL),(45,NULL,2019,1,0,'Aportes a Obras Sociales',0.00,1,'2019-11-15 13:24:28','2019-11-15 13:24:28',NULL),(46,NULL,2019,1,0,'Aportes obligatorios a Fondos de jubilaciones, retiros, pensiones o subsidios a cajas nacionales, provinciales o municipales- incluidas las Cajas de Previsión para Profesionales.',0.00,1,'2019-11-15 13:24:28','2019-11-15 13:24:28',NULL),(47,NULL,2019,1,0,'Otras deducciones del Anexo III de la RG 2437: Aportes para fondos de Jubilación, Retiros, Pensiones o Subsidios destinados al ANSES',0.00,1,'2019-11-15 13:24:28','2019-11-15 13:24:28',NULL),(48,NULL,2019,1,0,'Aportes a Cajas Provinciales o Municipales o de Previsión para Profesionales',0.00,1,'2019-11-15 13:24:28','2019-11-15 13:24:28',NULL),(49,NULL,2019,1,0,'Pagos Régimen Nacional de Trabajadores Autónomos',0.00,1,'2019-11-15 13:24:28','2019-11-15 13:24:28',NULL),(50,NULL,2019,1,0,'Aportes a Cajas Complementarias de Previsión',0.00,1,'2019-11-15 13:24:28','2019-11-15 13:24:28',NULL),(51,NULL,2019,1,0,'Aportes a Fondos Compensadores de Previsión',0.00,1,'2019-11-15 13:24:28','2019-11-15 13:24:28',NULL),(52,NULL,2019,1,0,'Intereses Crédito Hipotecario',20000.00,1,'2019-11-15 13:24:28','2019-11-15 13:24:28',NULL),(53,NULL,2019,1,0,'Servicio Doméstico',103018.79,1,'2019-11-15 13:24:28','2019-11-15 13:24:28',NULL),(54,NULL,2019,1,0,'Donaciones',0.00,1,'2019-11-15 13:24:28','2019-11-15 13:24:28',NULL),(55,NULL,2019,1,0,'Cuota médico asistencial abonado por usted y por sus familiares a cargo',0.00,1,'2019-11-15 13:24:28','2019-11-15 13:24:28',NULL),(56,NULL,2019,1,0,'Honorarios Correspondientes a los Servicios de asistencia Sanitaria, Médica y Paramédica',0.00,1,'2019-11-15 13:24:28','2019-11-15 13:24:28',NULL),(57,NULL,2019,0,1,'Conyuge',80033.97,1,'2019-11-15 13:24:28','2019-11-15 13:24:28',NULL),(58,NULL,2019,0,1,'Hijo Incapacitado',40361.43,1,'2019-11-15 13:24:28','2019-11-15 13:24:28',NULL),(59,NULL,2019,0,1,'Hijo Menor 18 años',206037.56,1,'2019-11-15 13:24:28','2019-11-15 13:24:28',NULL),(60,NULL,2019,0,1,'Hijastro Incapacitado',206037.56,1,'2019-11-15 13:24:28','2019-11-15 13:24:28',NULL),(61,NULL,2019,0,1,'Hijastro Menor 18 Años',0.00,1,'2019-11-15 13:24:28','2019-11-15 13:24:28',NULL),(62,NULL,2019,0,1,'Ganancia No Imponible',103018.79,1,'2019-11-15 13:24:28','2019-11-15 13:24:28',NULL),(63,NULL,2019,0,1,'Deduccion Especial',103018.79,1,'2019-11-15 13:24:28','2019-11-15 13:24:28',NULL);
INSERT INTO `ganan_deducciones` VALUES (64,NULL,2016,1,0,'Primas de seguro para el caso de muerte',999.00,1,'2020-01-28 13:48:34','2020-01-28 13:48:34',NULL),(65,NULL,2016,1,0,'Gastos de Sepelio',999.00,1,'2020-01-28 13:48:34','2020-01-28 13:48:34',NULL),(66,NULL,2016,1,0,'Aportes a Obras Sociales',0.00,1,'2020-01-28 13:48:34','2020-01-28 13:48:34',NULL),(67,NULL,2016,1,0,'Aportes obligatorios a Fondos de jubilaciones, retiros, pensiones o subsidios a cajas nacionales, provinciales o municipales- incluidas las Cajas de Previsión para Profesionales.',0.00,1,'2020-01-28 13:48:34','2020-01-28 13:48:34',NULL),(68,NULL,2016,1,0,'Otras deducciones del Anexo III de la RG 2437: Aportes para fondos de Jubilación, Retiros, Pensiones o Subsidios destinados al ANSES',0.00,1,'2020-01-28 13:48:34','2020-01-28 13:48:34',NULL),(69,NULL,2016,1,0,'Aportes a Cajas Provinciales o Municipales o de Previsión para Profesionales',0.00,1,'2020-01-28 13:48:34','2020-01-28 13:48:34',NULL),(70,NULL,2016,1,0,'Pagos Régimen Nacional de Trabajadores Autónomos',0.00,1,'2020-01-28 13:48:34','2020-01-28 13:48:34',NULL),(71,NULL,2016,1,0,'Aportes a Cajas Complementarias de Previsión',0.00,1,'2020-01-28 13:48:34','2020-01-28 13:48:34',NULL),(72,NULL,2016,1,0,'Aportes a Fondos Compensadores de Previsión',0.00,1,'2020-01-28 13:48:34','2020-01-28 13:48:34',NULL),(73,NULL,2016,1,0,'Intereses Crédito Hipotecario',20000.00,1,'2020-01-28 13:48:34','2020-01-28 13:48:34',NULL),(74,NULL,2016,1,0,'Servicio Doméstico',42318.00,1,'2020-01-28 13:48:34','2020-01-28 13:48:34',NULL),(75,NULL,2016,1,0,'Donaciones',0.00,1,'2020-01-28 13:48:34','2020-01-28 13:48:34',NULL),(76,NULL,2016,1,0,'Cuota médico asistencial abonado por usted y por sus familiares a cargo',0.00,1,'2020-01-28 13:48:34','2020-01-28 13:48:34',NULL),(77,NULL,2016,1,0,'Honorarios Correspondientes a los Servicios de asistencia Sanitaria, Médica y \n            Paramédica',0.00,1,'2020-01-28 13:48:34','2020-01-28 13:48:34',NULL),(78,NULL,2016,0,1,'Conyuge',39778.00,1,'2020-01-28 13:48:34','2020-01-28 13:48:34',NULL),(79,NULL,2016,0,1,'Hijo Incapacitado',19889.00,1,'2020-01-28 13:48:34','2020-01-28 13:48:34',NULL),(80,NULL,2016,0,1,'Hijo Menor 18 años',19889.00,1,'2020-01-28 13:48:34','2020-01-28 13:48:34',NULL),(81,NULL,2016,0,1,'Hijastro Incapacitado',19889.00,1,'2020-01-28 13:48:34','2020-01-28 13:48:34',NULL),(82,NULL,2016,0,1,'Hijastro Menor 18 Años',19889.00,1,'2020-01-28 13:48:34','2020-01-28 13:48:34',NULL),(83,NULL,2016,0,1,'Ganancia No Imponible',42318.00,1,'2020-01-28 13:48:34','2020-01-28 13:48:34',NULL),(84,NULL,2016,0,1,'Deduccion Especial',42318.00,1,'2020-01-28 13:48:34','2020-01-28 13:48:34',NULL),(85,NULL,2019,1,0,'Alquileres',103018.97,1,'2020-01-28 14:17:39','2020-01-28 14:17:39',NULL),(86,NULL,2020,1,0,'Alquileres',123861.17,1,'2020-01-28 14:17:39','2020-01-28 14:17:39',NULL),(87,NULL,2020,1,0,'Primas de seguro para el caso de muerte',18000.00,1,'2020-01-28 14:17:39','2020-01-28 14:17:39',NULL),(88,NULL,2020,1,0,'Gastos de Sepelio',999.00,1,'2020-01-28 14:17:39','2020-01-28 14:17:39',NULL),(89,NULL,2020,1,0,'Aportes a Obras Sociales',0.00,1,'2020-01-28 14:17:39','2020-01-28 14:17:39',NULL),(90,NULL,2020,1,0,'Aportes obligatorios a Fondos de jubilaciones, retiros, pensiones o subsidios a cajas nacionales, provinciales o municipales- incluidas las Cajas de Previsión para Profesionales.',0.00,1,'2020-01-28 14:17:39','2020-01-28 14:17:39',NULL),(91,NULL,2020,1,0,'Otras deducciones del Anexo III de la RG 2437: Aportes para fondos de Jubilación, Retiros, Pensiones o Subsidios destinados al ANSES',0.00,1,'2020-01-28 14:17:39','2020-01-28 14:17:39',NULL),(92,NULL,2020,1,0,'Aportes a Cajas Provinciales o Municipales o de Previsión para Profesionales',0.00,1,'2020-01-28 14:17:39','2020-01-28 14:17:39',NULL),(93,NULL,2020,1,0,'Pagos Régimen Nacional de Trabajadores Autónomos',0.00,1,'2020-01-28 14:17:39','2020-01-28 14:17:39',NULL);
INSERT INTO `ganan_deducciones` VALUES (94,NULL,2020,1,0,'Aportes a Cajas Complementarias de Previsión',0.00,1,'2020-01-28 14:17:39','2020-01-28 14:17:39',NULL),(95,NULL,2020,1,0,'Aportes a Fondos Compensadores de Previsión',0.00,1,'2020-01-28 14:17:39','2020-01-28 14:17:39',NULL),(96,NULL,2020,1,0,'Intereses Crédito Hipotecario',20000.00,1,'2020-01-28 14:17:39','2020-01-28 14:17:39',NULL),(97,NULL,2020,1,0,'Servicio Doméstico',123861.17,1,'2020-01-28 14:17:39','2020-01-28 14:17:39',NULL),(98,NULL,2020,1,0,'Donaciones',0.00,1,'2020-01-28 14:17:39','2020-01-28 14:17:39',NULL),(99,NULL,2020,1,0,'Cuota médico asistencial abonado por usted y por sus familiares a cargo',0.00,1,'2020-01-28 14:17:39','2020-01-28 14:17:39',NULL),(100,NULL,2020,1,0,'Honorarios Correspondientes a los Servicios de asistencia Sanitaria, Médica y Paramédica',0.00,1,'2020-01-28 14:17:39','2020-01-28 14:17:39',NULL),(101,NULL,2020,0,1,'Conyuge',115471.38,1,'2020-01-28 14:17:39','2020-01-28 14:17:39',NULL),(102,NULL,2020,0,1,'Hijo Incapacitado',58232.65,1,'2020-01-28 14:17:39','2020-01-28 14:17:39',NULL),(103,NULL,2020,0,1,'Hijo Menor 18 años',58232.65,1,'2020-01-28 14:17:39','2020-01-28 14:17:39',NULL),(104,NULL,2020,0,1,'Hijastro Incapacitado',58232.65,1,'2020-01-28 14:17:39','2020-01-28 14:17:39',NULL),(105,NULL,2020,0,1,'Hijastro Menor 18 Años',0.00,1,'2020-01-28 14:17:39','2020-01-28 14:17:39',NULL),(106,NULL,2020,0,1,'Ganancia No Imponible',123861.17,1,'2020-01-28 14:17:39','2020-01-28 14:17:39',NULL),(107,NULL,2020,0,1,'Deduccion Especial Art 30 Apartado 1',103018.79,1,'2020-01-28 14:17:39','2020-01-28 14:17:39',NULL),(108,NULL,2020,0,1,'Deduccion Especial Art 30 Apartado 1 \"Nuevos Profesionales / Emprendedores',309652.93,1,'2020-01-28 14:17:39','2020-01-28 14:17:39',NULL),(109,NULL,2020,0,1,'Deduccion Especial Art 30 Apartado 2',594533.62,1,'2020-01-28 14:17:39','2020-01-28 14:17:39',NULL),(110,NULL,2021,1,0,'Primas de seguro para el caso de muerte',24000.00,1,'2022-08-22 21:07:15','2022-08-22 21:07:15',NULL),(111,NULL,2021,1,0,'Gastos de Sepelio',996.23,1,'2022-08-22 21:07:15','2022-08-22 21:07:15',NULL),(112,NULL,2021,1,0,'Aportes a Obras Sociales',0.00,1,'2022-08-22 21:07:15','2022-08-22 21:07:15',NULL),(113,NULL,2021,1,0,'Aportes obligatorios a Fondos de jubilaciones, retiros, pensiones o subsidios a cajas nacionales, provinciales o municipales- incluidas las Cajas de Previsión para Profesionales.',0.00,1,'2022-08-22 21:07:15','2022-08-22 21:07:15',NULL),(114,NULL,2021,1,0,'Otras deducciones del Anexo III de la RG 2437: Aportes para fondos de Jubilación, Retiros, Pensiones o Subsidios destinados al ANSES',0.00,1,'2022-08-22 21:07:15','2022-08-22 21:07:15',NULL),(115,NULL,2021,1,0,'Aportes a Cajas Provinciales o Municipales o de Previsión para Profesionales',0.00,1,'2022-08-22 21:07:15','2022-08-22 21:07:15',NULL),(116,NULL,2021,1,0,'Pagos Régimen Nacional de Trabajadores Autónomos',0.00,1,'2022-08-22 21:07:15','2022-08-22 21:07:15',NULL),(117,NULL,2021,1,0,'Aportes a Cajas Complementarias de Previsión',0.00,1,'2022-08-22 21:07:15','2022-08-22 21:07:15',NULL),(118,NULL,2021,1,0,'Aportes a Fondos Compensadores de Previsión',0.00,1,'2022-08-22 21:07:15','2022-08-22 21:07:15',NULL),(119,NULL,2021,1,0,'Intereses Crédito Hipotecario',20000.00,1,'2022-08-22 21:07:15','2022-08-22 21:07:15',NULL),(120,NULL,2021,1,0,'Servicio Doméstico',167678.40,1,'2022-08-22 21:07:15','2022-08-22 21:07:15',NULL),(121,NULL,2021,1,0,'Donaciones',0.00,1,'2022-08-22 21:07:15','2022-08-22 21:07:15',NULL),(122,NULL,2021,1,0,'Cuota médico asistencial abonado por usted y por sus familiares a cargo',0.00,1,'2022-08-22 21:07:15','2022-08-22 21:07:15',NULL),(123,NULL,2021,1,0,'Honorarios Correspondientes a los Servicios de asistencia Sanitaria, Médica y Paramédica',0.00,1,'2022-08-22 21:07:15','2022-08-22 21:07:15',NULL),(124,NULL,2021,0,1,'Conyuge',156320.63,1,'2022-08-22 21:07:15','2022-08-22 21:07:15',NULL),(125,NULL,2021,0,1,'Hijo Menor 18 años',78833.08,1,'2022-08-22 21:07:15','2022-08-22 21:07:15',NULL);
INSERT INTO `ganan_deducciones` VALUES (126,NULL,2021,0,1,'Ganancia No Imponible',167678.40,1,'2022-08-22 21:07:15','2022-08-22 21:07:15',NULL),(127,NULL,2021,0,1,'Deduccion Especial',804856.34,1,'2022-08-22 21:07:15','2022-08-22 21:07:15',NULL),(128,NULL,2022,1,0,'Primas de seguro para el caso de muerte',24000.00,1,'2022-08-22 21:07:21','2022-08-22 21:07:21',NULL),(129,NULL,2022,1,0,'Gastos de Sepelio',996.23,1,'2022-08-22 21:07:21','2022-08-22 21:07:21',NULL),(130,NULL,2022,1,0,'Aportes a Obras Sociales',0.00,1,'2022-08-22 21:07:21','2022-08-22 21:07:21',NULL),(131,NULL,2022,1,0,'Aportes obligatorios a Fondos de jubilaciones, retiros, pensiones o subsidios a cajas nacionales, provinciales o municipales- incluidas las Cajas de Previsión para Profesionales.',0.00,1,'2022-08-22 21:07:21','2022-08-22 21:07:21',NULL),(132,NULL,2022,1,0,'Otras deducciones del Anexo III de la RG 2437: Aportes para fondos de Jubilación, Retiros, Pensiones o Subsidios destinados al ANSES',0.00,1,'2022-08-22 21:07:21','2022-08-22 21:07:21',NULL),(133,NULL,2022,1,0,'Aportes a Cajas Provinciales o Municipales o de Previsión para Profesionales',0.00,1,'2022-08-22 21:07:21','2022-08-22 21:07:21',NULL),(134,NULL,2022,1,0,'Pagos Régimen Nacional de Trabajadores Autónomos',0.00,1,'2022-08-22 21:07:21','2022-08-22 21:07:21',NULL),(135,NULL,2022,1,0,'Aportes a Cajas Complementarias de Previsión',0.00,1,'2022-08-22 21:07:21','2022-08-22 21:07:21',NULL),(136,NULL,2022,1,0,'Aportes a Fondos Compensadores de Previsión',0.00,1,'2022-08-22 21:07:21','2022-08-22 21:07:21',NULL),(137,NULL,2022,1,0,'Intereses Crédito Hipotecario',20000.00,1,'2022-08-22 21:07:21','2022-08-22 21:07:21',NULL),(138,NULL,2022,1,0,'Servicio Doméstico',252564.84,1,'2022-08-22 21:07:21','2022-08-22 21:07:21',NULL),(139,NULL,2022,1,0,'Donaciones',0.00,1,'2022-08-22 21:07:21','2022-08-22 21:07:21',NULL),(140,NULL,2022,1,0,'Cuota médico asistencial abonado por usted y por sus familiares a cargo',0.00,1,'2022-08-22 21:07:21','2022-08-22 21:07:21',NULL),(141,NULL,2022,1,0,'Honorarios Correspondientes a los Servicios de asistencia Sanitaria, Médica y Paramédica',0.00,1,'2022-08-22 21:07:21','2022-08-22 21:07:21',NULL),(142,NULL,2022,1,0,'Alquileres',252564.84,1,'2022-08-22 21:07:21','2022-08-22 21:07:21',NULL),(143,NULL,2022,0,1,'Conyuge',235457.25,1,'2022-08-22 21:07:21','2022-08-22 21:07:21',NULL),(144,NULL,2022,0,1,'Hijo Menor 18 años',118741.97,1,'2022-08-22 21:07:21','2022-08-22 21:07:21',NULL),(145,NULL,2022,0,1,'Ganancia No Imponible',252564.84,1,'2022-08-22 21:07:21','2022-08-22 21:07:21',NULL),(146,NULL,2022,0,1,'Deducción Especial [Artículo 30, inciso c), Apartado 2]',1212311.24,1,'2022-08-22 21:07:21','2022-08-22 21:07:21',NULL),(147,NULL,2022,0,1,'Deducción Especial [Artículo 30, inciso c), Apartado 1]',505129.68,1,'2022-08-22 21:07:21','2022-08-22 21:07:21',NULL),(148,NULL,2022,0,1,'Deducción Especial [Artículo 30, inciso c), Apartado 1 “nuevos profesionales/emprendedores”]',631412.10,1,'2022-08-22 21:07:21','2022-08-22 21:07:21',NULL),(149,NULL,2022,0,1,'Hijo Incapacitado',237483.94,1,'2022-08-22 21:07:21','2022-08-22 21:07:21',NULL),(150,NULL,2021,1,0,'Alquileres',167678.40,1,NULL,NULL,NULL),(151,NULL,2023,1,0,'Primas de seguro para el caso de muerte',24000.00,1,'2022-12-28 17:47:14','2022-12-28 17:47:14',NULL),(152,NULL,2023,1,0,'Aportes a Obras Sociales',0.00,1,'2022-12-28 17:47:14','2022-12-28 17:47:14',NULL),(153,NULL,2023,1,0,'Aportes obligatorios a Fondos de jubilaciones, retiros, pensiones o subsidios a cajas nacionales, provinciales o municipales- incluidas las Cajas de Previsión para Profesionales.',0.00,1,'2022-12-28 17:47:14','2022-12-28 17:47:14',NULL),(154,NULL,2023,1,0,'Gastos de Sepelio',996.23,1,'2022-12-28 17:47:14','2022-12-28 17:47:14',NULL),(155,NULL,2023,1,0,'Otras deducciones del Anexo III de la RG 2437: Aportes para fondos de Jubilación, Retiros, Pensiones o Subsidios destinados al ANSES',0.00,1,'2022-12-28 17:47:14','2022-12-28 17:47:14',NULL);
INSERT INTO `ganan_deducciones` VALUES (156,NULL,2023,1,0,'Aportes a Cajas Provinciales o Municipales o de Previsión para Profesionales',0.00,1,'2022-12-28 17:47:14','2022-12-28 17:47:14',NULL),(157,NULL,2023,1,0,'Pagos Régimen Nacional de Trabajadores Autónomos',0.00,1,'2022-12-28 17:47:14','2022-12-28 17:47:14',NULL),(158,NULL,2023,1,0,'Aportes a Cajas Complementarias de Previsión',0.00,1,'2022-12-28 17:47:14','2022-12-28 17:47:14',NULL),(159,NULL,2023,1,0,'Aportes a Fondos Compensadores de Previsión',0.00,1,'2022-12-28 17:47:14','2022-12-28 17:47:14',NULL),(160,NULL,2023,1,0,'Intereses Crédito Hipotecario',20000.00,1,'2022-12-28 17:47:14','2022-12-28 17:47:14',NULL),(161,NULL,2023,1,0,'Servicio Doméstico',451686.96,1,'2022-12-28 17:47:14','2022-12-28 17:47:14',NULL),(162,NULL,2023,1,0,'Donaciones',0.00,1,'2022-12-28 17:47:14','2022-12-28 17:47:14',NULL),(163,NULL,2023,1,0,'Cuota médico asistencial abonado por usted y por sus familiares a cargo',0.00,1,'2022-12-28 17:47:14','2022-12-28 17:47:14',NULL),(164,NULL,2023,1,0,'Honorarios Correspondientes a los Servicios de asistencia Sanitaria, Médica y Paramédica',0.00,1,'2022-12-28 17:47:14','2022-12-28 17:47:14',NULL),(165,NULL,2023,1,0,'Alquileres',451686.96,1,'2022-12-28 17:47:14','2022-12-28 17:47:14',NULL),(166,NULL,2023,0,1,'Ganancia No Imponible',451686.96,1,'2022-12-28 17:47:14','2022-12-28 17:47:14',NULL),(167,NULL,2023,0,1,'Conyuge',421091.75,1,'2022-12-28 17:47:14','2022-12-28 17:47:14',NULL),(168,NULL,2023,0,1,'Hijo Menor 18 años',212358.14,1,'2022-12-28 17:47:14','2022-12-28 17:47:14',NULL),(169,NULL,2023,0,1,'Hijo Incapacitado',424716.28,1,'2022-12-28 17:47:14','2022-12-28 17:47:14',NULL),(170,NULL,2023,0,1,'Deducción Especial [Artículo 30, inciso c), Apartado 1]',1580904.36,1,'2022-12-28 17:47:14','2022-12-28 17:47:14',NULL),(171,NULL,2023,0,1,'Deducción Especial [Artículo 30, inciso c), Apartado 1 “nuevos profesionales/emprendedores”]',1806747.84,1,'2022-12-28 17:47:14','2022-12-28 17:47:14',NULL),(172,NULL,2023,0,1,'Deducción Especial [Artículo 30, inciso c), Apartado 2]',2168097.42,1,'2022-12-28 17:47:14','2022-12-28 17:47:14',NULL),(173,NULL,2024,1,0,'Primas de seguro para el caso de muerte',195845.39,1,NULL,NULL,NULL),(174,NULL,2024,1,0,'Aportes a Obras Sociales',0.00,1,NULL,NULL,NULL),(175,NULL,2024,1,0,'Aportes obligatorios a Fondos de jubilaciones, retiros, pensiones o subsidios a cajas nacionales, provinciales o municipales- incluidas las Cajas de Previsión para Profesionales.',0.00,1,NULL,NULL,NULL),(176,NULL,2024,1,0,'Gastos de Sepelio',996.23,1,NULL,NULL,NULL),(177,NULL,2024,1,0,'Otras deducciones del Anexo III de la RG 2437: Aportes para fondos de Jubilación, Retiros, Pensiones o Subsidios destinados al ANSES',0.00,1,NULL,NULL,NULL),(178,NULL,2024,1,0,'Aportes a Cajas Provinciales o Municipales o de Previsión para Profesionales',0.00,1,NULL,NULL,NULL),(179,NULL,2024,1,0,'Pagos Régimen Nacional de Trabajadores Autónomos',0.00,1,NULL,NULL,NULL),(180,NULL,2024,1,0,'Aportes a Cajas Complementarias de Previsión',0.00,1,NULL,NULL,NULL),(181,NULL,2024,1,0,'Aportes a Fondos Compensadores de Previsión',0.00,1,NULL,NULL,NULL),(182,NULL,2024,1,0,'Intereses Crédito Hipotecario',20000.00,1,NULL,NULL,NULL),(183,NULL,2024,1,0,'Servicio Doméstico',3503688.17,1,NULL,NULL,NULL),(184,NULL,2024,1,0,'Donaciones',0.00,1,NULL,NULL,NULL),(185,NULL,2024,1,0,'Cuota médico asistencial abonado por usted y por sus familiares a cargo',0.00,1,NULL,NULL,NULL),(186,NULL,2024,1,0,'Honorarios Correspondientes a los Servicios de asistencia Sanitaria, Médica y Paramédica',0.00,1,NULL,NULL,NULL),(187,NULL,2024,1,0,'Alquileres',3503688.17,1,NULL,NULL,NULL),(188,NULL,2024,1,0,'Servicios o Herramientas con Fines Educativos',1401475.27,1,NULL,NULL,NULL),(189,NULL,2024,1,0,'Primas Riesgo de Muertes y Ahorros',195845.39,1,NULL,NULL,NULL),(190,NULL,2024,1,0,'Aportes Planes Seguro Retiro Privado',195845.39,1,NULL,NULL,NULL),(191,NULL,2024,1,0,'Aportes a Sociedades de Garantias Reciprocas',0.00,1,NULL,NULL,NULL);
INSERT INTO `ganan_deducciones` VALUES (192,NULL,2024,0,1,'Ganancia No Imponible',3503688.17,1,NULL,NULL,NULL),(193,NULL,2024,0,1,'Conyuge',3299771.52,1,NULL,NULL,NULL),(194,NULL,2024,0,1,'Hijo Menor 18 años',1664086.82,1,NULL,NULL,NULL),(195,NULL,2024,0,1,'Hijo Incapacitado',3328173.63,1,NULL,NULL,NULL),(196,NULL,2024,0,1,'Deducción Especial [Artículo 30, inciso c), Apartado 1]',12262908.60,1,NULL,NULL,NULL),(197,NULL,2024,0,1,'Deducción Especial [Artículo 30, inciso c), Apartado 1 “nuevos profesionales/emprendedores”]',14014752.69,1,NULL,NULL,NULL),(198,NULL,2024,0,1,'Deducción Especial [Artículo 30, inciso c), Apartado 2]',16817703.23,1,NULL,NULL,NULL),(199,NULL,2025,1,0,'Primas de seguro para el caso de muerte',195845.39,1,NULL,NULL,NULL),(200,NULL,2025,1,0,'Aportes a Obras Sociales',0.00,1,NULL,NULL,NULL),(201,NULL,2025,1,0,'Aportes obligatorios a Fondos de jubilaciones, retiros, pensiones o subsidios a cajas nacionales, provinciales o municipales- incluidas las Cajas de Previsión para Profesionales.',0.00,1,NULL,NULL,NULL),(202,NULL,2025,1,0,'Gastos de Sepelio',996.23,1,NULL,NULL,NULL),(203,NULL,2025,1,0,'Otras deducciones del Anexo III de la RG 2437: Aportes para fondos de Jubilación, Retiros, Pensiones o Subsidios destinados al ANSES',0.00,1,NULL,NULL,NULL),(204,NULL,2025,1,0,'Aportes a Cajas Provinciales o Municipales o de Previsión para Profesionales',0.00,1,NULL,NULL,NULL),(205,NULL,2025,1,0,'Pagos Régimen Nacional de Trabajadores Autónomos',0.00,1,NULL,NULL,NULL),(206,NULL,2025,1,0,'Aportes a Cajas Complementarias de Previsión',0.00,1,NULL,NULL,NULL),(207,NULL,2025,1,0,'Aportes a Fondos Compensadores de Previsión',0.00,1,NULL,NULL,NULL),(208,NULL,2025,1,0,'Intereses Crédito Hipotecario',20000.00,1,NULL,NULL,NULL),(209,NULL,2025,1,0,'Servicio Doméstico',3916268.37,1,NULL,NULL,NULL),(210,NULL,2025,1,0,'Donaciones',0.00,1,NULL,NULL,NULL),(211,NULL,2025,1,0,'Cuota médico asistencial abonado por usted y por sus familiares a cargo',0.00,1,NULL,NULL,NULL),(212,NULL,2025,1,0,'Honorarios Correspondientes a los Servicios de asistencia Sanitaria, Médica y Paramédica',0.00,1,NULL,NULL,NULL),(213,NULL,2025,1,0,'Alquileres',3916268.37,1,NULL,NULL,NULL),(214,NULL,2025,1,0,'Servicios o Herramientas con Fines Educativos',1566507.35,1,NULL,NULL,NULL),(215,NULL,2025,1,0,'Primas Riesgo de Muertes y Ahorros',195845.39,1,NULL,NULL,NULL),(216,NULL,2025,1,0,'Aportes Planes Seguro Retiro Privado',195845.39,1,NULL,NULL,NULL),(217,NULL,2025,1,0,'Aportes a Sociedades de Garantias Reciprocas',0.00,1,NULL,NULL,NULL),(218,NULL,2025,0,1,'Ganancia No Imponible',3916268.37,1,NULL,NULL,NULL),(219,NULL,2025,0,1,'Conyuge',3688339.32,1,NULL,NULL,NULL),(220,NULL,2025,0,1,'Hijo Menor 18 años',1860042.98,1,NULL,NULL,NULL),(221,NULL,2025,0,1,'Hijo Incapacitado',3720085.95,1,NULL,NULL,NULL),(222,NULL,2025,0,1,'Deducción Especial [Artículo 30, inciso c), Apartado 1]',13706939.31,1,NULL,NULL,NULL),(223,NULL,2025,0,1,'Deducción Especial [Artículo 30, inciso c), Apartado 1 “nuevos profesionales/emprendedores”]',15665073.50,1,NULL,NULL,NULL),(224,NULL,2025,0,1,'Deducción Especial [Artículo 30, inciso c), Apartado 2]',18798088.20,1,NULL,NULL,NULL);

--
-- Table structure for table `ganan_tipos_op`
--

CREATE TABLE `ganan_tipos_op` (
  `id` int(10) unsigned NOT NULL AUTO_INCREMENT,
  `user_id` int(10) unsigned DEFAULT NULL,
  `nombre` varchar(191) COLLATE utf8mb4_unicode_ci NOT NULL,
  `status` tinyint(1) NOT NULL DEFAULT '1',
  `created_at` timestamp NULL DEFAULT NULL,
  `updated_at` timestamp NULL DEFAULT NULL,
  `deleted_at` timestamp NULL DEFAULT NULL,
  PRIMARY KEY (`id`)
) ENGINE=InnoDB AUTO_INCREMENT=3 DEFAULT CHARSET=utf8mb4 COLLATE=utf8mb4_unicode_ci;

--
-- Dumping data for table `ganan_tipos_op`
--

INSERT INTO `ganan_tipos_op` VALUES (1,NULL,'Gravado',1,'2019-11-15 13:24:28','2019-11-15 13:24:28',NULL),(2,NULL,'Exento',1,'2019-11-15 13:24:28','2019-11-15 13:24:28',NULL);

--
-- Table structure for table `horas_calculadas`
--

CREATE TABLE `horas_calculadas` (
  `id` bigint(20) unsigned NOT NULL AUTO_INCREMENT,
  `user_id` int(10) unsigned DEFAULT NULL,
  `syj_empleado_id` int(10) unsigned NOT NULL,
  `fecha` date NOT NULL,
  `horas_fichaje` decimal(8,2) NOT NULL DEFAULT '0.00',
  `horas_normales` decimal(8,2) NOT NULL DEFAULT '0.00',
  `horas_50` decimal(8,2) NOT NULL DEFAULT '0.00',
  `horas_100` decimal(8,2) NOT NULL DEFAULT '0.00',
  `horas_prod` decimal(8,2) NOT NULL DEFAULT '0.00',
  `horas_improd` decimal(8,2) NOT NULL DEFAULT '0.00',
  `created_at` timestamp NULL DEFAULT NULL,
  `updated_at` timestamp NULL DEFAULT NULL,
  `deleted_at` timestamp NULL DEFAULT NULL,
  PRIMARY KEY (`id`),
  KEY `horas_calculadas_syj_empleado_id_foreign` (`syj_empleado_id`),
  CONSTRAINT `horas_calculadas_syj_empleado_id_foreign` FOREIGN KEY (`syj_empleado_id`) REFERENCES `syj_empleados` (`id`)
) ENGINE=InnoDB DEFAULT CHARSET=utf8mb4 COLLATE=utf8mb4_unicode_ci;

--
-- Dumping data for table `horas_calculadas`
--


--
-- Table structure for table `horas_calculadas_details`
--

CREATE TABLE `horas_calculadas_details` (
  `id` bigint(20) unsigned NOT NULL AUTO_INCREMENT,
  `user_id` int(10) unsigned DEFAULT NULL,
  `horas_calculada_id` bigint(20) unsigned NOT NULL,
  `inv_orden_trabajo_hora_id` bigint(20) unsigned DEFAULT NULL,
  `horas_productiva_id` bigint(20) unsigned NOT NULL,
  `horas_prod` decimal(16,2) NOT NULL,
  `created_at` timestamp NULL DEFAULT NULL,
  `updated_at` timestamp NULL DEFAULT NULL,
  `deleted_at` timestamp NULL DEFAULT NULL,
  PRIMARY KEY (`id`),
  KEY `horas_calculadas_details_horas_calculada_id_foreign` (`horas_calculada_id`),
  KEY `horas_calculadas_details_horas_productiva_id_foreign` (`horas_productiva_id`),
  KEY `horas_calculadas_details_inv_orden_trabajo_hora_id_foreign` (`inv_orden_trabajo_hora_id`),
  CONSTRAINT `horas_calculadas_details_horas_calculada_id_foreign` FOREIGN KEY (`horas_calculada_id`) REFERENCES `horas_calculadas` (`id`),
  CONSTRAINT `horas_calculadas_details_horas_productiva_id_foreign` FOREIGN KEY (`horas_productiva_id`) REFERENCES `horas_productivas` (`id`),
  CONSTRAINT `horas_calculadas_details_inv_orden_trabajo_hora_id_foreign` FOREIGN KEY (`inv_orden_trabajo_hora_id`) REFERENCES `inv_orden_trabajo_horas` (`id`)
) ENGINE=InnoDB DEFAULT CHARSET=utf8mb4 COLLATE=utf8mb4_unicode_ci;

--
-- Dumping data for table `horas_calculadas_details`
--


--
-- Table structure for table `horas_definicion`
--

CREATE TABLE `horas_definicion` (
  `id` bigint(20) unsigned NOT NULL AUTO_INCREMENT,
  `user_id` int(10) unsigned DEFAULT NULL,
  `person_id` int(10) unsigned NOT NULL,
  `fecha` date NOT NULL,
  `horas_normales_inicio` time DEFAULT NULL,
  `horas_normales_fin` time DEFAULT NULL,
  `horas_50_inicio` time DEFAULT NULL,
  `horas_50_fin` time DEFAULT NULL,
  `horas_100_inicio` time DEFAULT NULL,
  `horas_100_fin` time DEFAULT NULL,
  `created_at` timestamp NULL DEFAULT NULL,
  `updated_at` timestamp NULL DEFAULT NULL,
  `deleted_at` timestamp NULL DEFAULT NULL,
  PRIMARY KEY (`id`),
  KEY `horas_definicion_person_id_foreign` (`person_id`),
  CONSTRAINT `horas_definicion_person_id_foreign` FOREIGN KEY (`person_id`) REFERENCES `persons` (`id`) ON DELETE CASCADE
) ENGINE=InnoDB DEFAULT CHARSET=utf8mb4 COLLATE=utf8mb4_unicode_ci;

--
-- Dumping data for table `horas_definicion`
--


--
-- Table structure for table `horas_fichajes`
--

CREATE TABLE `horas_fichajes` (
  `id` bigint(20) unsigned NOT NULL AUTO_INCREMENT,
  `user_id` int(10) unsigned DEFAULT NULL,
  `person_id` int(10) unsigned NOT NULL,
  `syj_empleado_id` int(10) unsigned NOT NULL,
  `fecha` date NOT NULL,
  `fecha_y_hora` datetime DEFAULT NULL,
  `terminal` varchar(50) COLLATE utf8mb4_unicode_ci NOT NULL,
  `codigo` varchar(191) COLLATE utf8mb4_unicode_ci DEFAULT NULL,
  `estado` varchar(191) COLLATE utf8mb4_unicode_ci NOT NULL,
  `jornada` varchar(191) COLLATE utf8mb4_unicode_ci DEFAULT NULL,
  `retraso` time DEFAULT NULL,
  `hs_50` time DEFAULT NULL,
  `hs_100` time DEFAULT NULL,
  `feriados` time DEFAULT NULL,
  `comentario` text COLLATE utf8mb4_unicode_ci,
  `created_at` timestamp NULL DEFAULT NULL,
  `updated_at` timestamp NULL DEFAULT NULL,
  `deleted_at` timestamp NULL DEFAULT NULL,
  PRIMARY KEY (`id`),
  KEY `horas_fichajes_person_id_foreign` (`person_id`),
  KEY `horas_fichajes_syj_empleado_id_foreign` (`syj_empleado_id`),
  CONSTRAINT `horas_fichajes_person_id_foreign` FOREIGN KEY (`person_id`) REFERENCES `persons` (`id`),
  CONSTRAINT `horas_fichajes_syj_empleado_id_foreign` FOREIGN KEY (`syj_empleado_id`) REFERENCES `syj_empleados` (`id`)
) ENGINE=InnoDB DEFAULT CHARSET=utf8mb4 COLLATE=utf8mb4_unicode_ci;

--
-- Dumping data for table `horas_fichajes`
--


--
-- Table structure for table `horas_productivas`
--

CREATE TABLE `horas_productivas` (
  `id` bigint(20) unsigned NOT NULL AUTO_INCREMENT,
  `user_id` int(10) unsigned DEFAULT NULL,
  `ot_id` bigint(20) unsigned NOT NULL,
  `syj_empleado_id` int(10) unsigned NOT NULL,
  `fecha_y_hora` datetime NOT NULL,
  `fecha_hora_start` datetime NOT NULL,
  `fecha_hora_end` datetime DEFAULT NULL,
  `created_at` timestamp NULL DEFAULT NULL,
  `updated_at` timestamp NULL DEFAULT NULL,
  `deleted_at` timestamp NULL DEFAULT NULL,
  PRIMARY KEY (`id`),
  KEY `horas_productivas_syj_empleado_id_foreign` (`syj_empleado_id`),
  KEY `horas_productivas_ot_id_foreign` (`ot_id`),
  CONSTRAINT `horas_productivas_ot_id_foreign` FOREIGN KEY (`ot_id`) REFERENCES `inv_orden_trabajos` (`id`),
  CONSTRAINT `horas_productivas_syj_empleado_id_foreign` FOREIGN KEY (`syj_empleado_id`) REFERENCES `syj_empleados` (`id`)
) ENGINE=InnoDB DEFAULT CHARSET=utf8mb4 COLLATE=utf8mb4_unicode_ci;

--
-- Dumping data for table `horas_productivas`
--


--
-- Table structure for table `iibb_perceptions`
--

CREATE TABLE `iibb_perceptions` (
  `id` int(10) unsigned NOT NULL AUTO_INCREMENT,
  `user_id` int(10) unsigned DEFAULT NULL,
  `created_at` timestamp NULL DEFAULT NULL,
  `updated_at` timestamp NULL DEFAULT NULL,
  `name` varchar(255) COLLATE utf8mb4_unicode_ci NOT NULL,
  `code` varchar(255) COLLATE utf8mb4_unicode_ci NOT NULL,
  PRIMARY KEY (`id`)
) ENGINE=InnoDB AUTO_INCREMENT=10 DEFAULT CHARSET=utf8mb4 COLLATE=utf8mb4_unicode_ci;

--
-- Dumping data for table `iibb_perceptions`
--

INSERT INTO `iibb_perceptions` VALUES (1,NULL,NULL,NULL,'IIBB CABA','IIBBCABA'),(2,NULL,NULL,NULL,'IIBB Bs. As.','IIBBBSAS'),(3,NULL,NULL,NULL,'Percepcion IIBB Tucuman','IIBBTucuman'),(4,NULL,NULL,NULL,'Perc IIBB Misiones','IIBBMisiones'),(5,NULL,NULL,NULL,'Perc IIBB Cordoba','IIBBCba'),(6,NULL,NULL,NULL,'Pec IIBB La Pampa','IIBB La Pampa'),(7,NULL,NULL,NULL,'Perc IIBB Rio Negro','IIBB Rio Negro'),(8,NULL,NULL,NULL,'Perc IIBB Corrientes','IIIBB Corrientes'),(9,NULL,NULL,NULL,'Perc IIBB Santiago del Estero','IIBBSantiago');

--
-- Table structure for table `inv_combos`
--

CREATE TABLE `inv_combos` (
  `id` bigint(20) unsigned NOT NULL AUTO_INCREMENT,
  `inv_product_combo_id` bigint(20) unsigned NOT NULL,
  `inv_product_id` bigint(20) unsigned NOT NULL,
  `cantidades` int(11) NOT NULL,
  `codigo_interno` varchar(191) COLLATE utf8mb4_unicode_ci NOT NULL,
  `descripcion` varchar(191) COLLATE utf8mb4_unicode_ci NOT NULL,
  `created_at` timestamp NULL DEFAULT NULL,
  `updated_at` timestamp NULL DEFAULT NULL,
  `deleted_at` timestamp NULL DEFAULT NULL,
  PRIMARY KEY (`id`),
  KEY `inv_combos_inv_product_combo_id_foreign` (`inv_product_combo_id`),
  KEY `inv_combos_inv_product_id_foreign` (`inv_product_id`),
  CONSTRAINT `inv_combos_inv_product_combo_id_foreign` FOREIGN KEY (`inv_product_combo_id`) REFERENCES `inv_productos` (`id`),
  CONSTRAINT `inv_combos_inv_product_id_foreign` FOREIGN KEY (`inv_product_id`) REFERENCES `inv_productos` (`id`)
) ENGINE=InnoDB DEFAULT CHARSET=utf8mb4 COLLATE=utf8mb4_unicode_ci;

--
-- Dumping data for table `inv_combos`
--


--
-- Table structure for table `inv_control_stock`
--

CREATE TABLE `inv_control_stock` (
  `id` bigint(20) unsigned NOT NULL AUTO_INCREMENT,
  `user_id` int(11) DEFAULT NULL,
  `person_id` int(10) unsigned NOT NULL,
  `created_at` timestamp NULL DEFAULT NULL,
  `updated_at` timestamp NULL DEFAULT NULL,
  `deleted_at` timestamp NULL DEFAULT NULL,
  PRIMARY KEY (`id`),
  KEY `inv_control_stock_person_id_foreign` (`person_id`),
  CONSTRAINT `inv_control_stock_person_id_foreign` FOREIGN KEY (`person_id`) REFERENCES `persons` (`id`)
) ENGINE=InnoDB DEFAULT CHARSET=utf8mb4 COLLATE=utf8mb4_unicode_ci;

--
-- Dumping data for table `inv_control_stock`
--


--
-- Table structure for table `inv_control_stock_detail`
--

CREATE TABLE `inv_control_stock_detail` (
  `id` bigint(20) unsigned NOT NULL AUTO_INCREMENT,
  `user_id` int(11) DEFAULT NULL,
  `person_id` int(10) unsigned NOT NULL,
  `inv_control_stock_id` bigint(20) unsigned NOT NULL,
  `inv_product_id` bigint(20) unsigned NOT NULL,
  `inv_deposito_id` bigint(20) unsigned DEFAULT NULL,
  `stock_actual` decimal(16,2) NOT NULL DEFAULT '0.00',
  `stock_real` decimal(16,2) NOT NULL DEFAULT '0.00',
  `stock_diferencia` decimal(16,2) NOT NULL DEFAULT '0.00',
  `precio_costo` decimal(16,2) NOT NULL DEFAULT '0.00',
  `precio_diferencia` decimal(16,2) NOT NULL DEFAULT '0.00',
  `created_at` timestamp NULL DEFAULT NULL,
  `updated_at` timestamp NULL DEFAULT NULL,
  `deleted_at` timestamp NULL DEFAULT NULL,
  PRIMARY KEY (`id`),
  KEY `inv_control_stock_detail_person_id_foreign` (`person_id`),
  KEY `inv_control_stock_detail_inv_control_stock_id_foreign` (`inv_control_stock_id`),
  KEY `inv_control_stock_detail_inv_product_id_foreign` (`inv_product_id`),
  KEY `inv_control_stock_detail_inv_deposito_id_foreign` (`inv_deposito_id`),
  CONSTRAINT `inv_control_stock_detail_inv_control_stock_id_foreign` FOREIGN KEY (`inv_control_stock_id`) REFERENCES `inv_control_stock` (`id`),
  CONSTRAINT `inv_control_stock_detail_inv_deposito_id_foreign` FOREIGN KEY (`inv_deposito_id`) REFERENCES `inv_depositos` (`id`),
  CONSTRAINT `inv_control_stock_detail_inv_product_id_foreign` FOREIGN KEY (`inv_product_id`) REFERENCES `inv_productos` (`id`),
  CONSTRAINT `inv_control_stock_detail_person_id_foreign` FOREIGN KEY (`person_id`) REFERENCES `persons` (`id`)
) ENGINE=InnoDB DEFAULT CHARSET=utf8mb4 COLLATE=utf8mb4_unicode_ci;

--
-- Dumping data for table `inv_control_stock_detail`
--


--
-- Table structure for table `inv_depositos`
--

CREATE TABLE `inv_depositos` (
  `id` bigint(20) unsigned NOT NULL AUTO_INCREMENT,
  `user_id` int(10) unsigned DEFAULT NULL,
  `person_id` int(10) unsigned NOT NULL,
  `descripcion` text COLLATE utf8mb4_unicode_ci NOT NULL,
  `habilitado` tinyint(1) NOT NULL DEFAULT '1',
  `deleted_at` timestamp NULL DEFAULT NULL,
  `created_at` timestamp NULL DEFAULT NULL,
  `updated_at` timestamp NULL DEFAULT NULL,
  PRIMARY KEY (`id`),
  KEY `inv_depositos_person_id_foreign` (`person_id`),
  CONSTRAINT `inv_depositos_person_id_foreign` FOREIGN KEY (`person_id`) REFERENCES `persons` (`id`)
) ENGINE=InnoDB DEFAULT CHARSET=utf8mb4 COLLATE=utf8mb4_unicode_ci;

--
-- Dumping data for table `inv_depositos`
--


--
-- Table structure for table `inv_descarga_details`
--

CREATE TABLE `inv_descarga_details` (
  `id` bigint(20) unsigned NOT NULL AUTO_INCREMENT,
  `user_id` int(10) unsigned DEFAULT NULL,
  `person_id` int(10) unsigned NOT NULL,
  `inv_descarga_id` bigint(20) unsigned DEFAULT NULL,
  `inv_producto_id` bigint(20) unsigned DEFAULT NULL,
  `inv_deposito_id` bigint(20) unsigned DEFAULT NULL,
  `cantidades` decimal(16,2) NOT NULL DEFAULT '0.00',
  `created_at` timestamp NULL DEFAULT NULL,
  `updated_at` timestamp NULL DEFAULT NULL,
  `deleted_at` timestamp NULL DEFAULT NULL,
  PRIMARY KEY (`id`),
  KEY `inv_descarga_details_person_id_foreign` (`person_id`),
  KEY `inv_descarga_details_inv_producto_id_foreign` (`inv_producto_id`),
  KEY `inv_descarga_details_inv_descarga_id_foreign` (`inv_descarga_id`),
  KEY `inv_descarga_details_inv_deposito_id_foreign` (`inv_deposito_id`),
  CONSTRAINT `inv_descarga_details_inv_deposito_id_foreign` FOREIGN KEY (`inv_deposito_id`) REFERENCES `inv_depositos` (`id`),
  CONSTRAINT `inv_descarga_details_inv_descarga_id_foreign` FOREIGN KEY (`inv_descarga_id`) REFERENCES `inv_descargas` (`id`),
  CONSTRAINT `inv_descarga_details_inv_producto_id_foreign` FOREIGN KEY (`inv_producto_id`) REFERENCES `inv_productos` (`id`),
  CONSTRAINT `inv_descarga_details_person_id_foreign` FOREIGN KEY (`person_id`) REFERENCES `persons` (`id`)
) ENGINE=InnoDB DEFAULT CHARSET=utf8mb4 COLLATE=utf8mb4_unicode_ci;

--
-- Dumping data for table `inv_descarga_details`
--


--
-- Table structure for table `inv_descargas`
--

CREATE TABLE `inv_descargas` (
  `id` bigint(20) unsigned NOT NULL AUTO_INCREMENT,
  `user_id` int(10) unsigned DEFAULT NULL,
  `person_id` int(10) unsigned NOT NULL,
  `inv_orden_trabajo_gastos_tipo_id` bigint(20) unsigned DEFAULT NULL,
  `syj_empleado_id` int(10) unsigned DEFAULT NULL,
  `comentario` text COLLATE utf8mb4_unicode_ci,
  `fecha` datetime NOT NULL DEFAULT '2023-03-15 23:46:57',
  `created_at` timestamp NULL DEFAULT NULL,
  `updated_at` timestamp NULL DEFAULT NULL,
  `deleted_at` timestamp NULL DEFAULT NULL,
  PRIMARY KEY (`id`),
  KEY `inv_descargas_person_id_foreign` (`person_id`),
  KEY `inv_descargas_inv_orden_trabajo_gastos_tipo_id_foreign` (`inv_orden_trabajo_gastos_tipo_id`),
  KEY `inv_descargas_syj_empleado_id_foreign` (`syj_empleado_id`),
  CONSTRAINT `inv_descargas_inv_orden_trabajo_gastos_tipo_id_foreign` FOREIGN KEY (`inv_orden_trabajo_gastos_tipo_id`) REFERENCES `inv_orden_trabajo_gastos_tipos` (`id`),
  CONSTRAINT `inv_descargas_person_id_foreign` FOREIGN KEY (`person_id`) REFERENCES `persons` (`id`),
  CONSTRAINT `inv_descargas_syj_empleado_id_foreign` FOREIGN KEY (`syj_empleado_id`) REFERENCES `syj_empleados` (`id`)
) ENGINE=InnoDB DEFAULT CHARSET=utf8mb4 COLLATE=utf8mb4_unicode_ci;

--
-- Dumping data for table `inv_descargas`
--


--
-- Table structure for table `inv_indicadores`
--

CREATE TABLE `inv_indicadores` (
  `id` bigint(20) unsigned NOT NULL AUTO_INCREMENT,
  `user_id` int(10) unsigned DEFAULT NULL,
  `descripcion` varchar(191) COLLATE utf8mb4_unicode_ci NOT NULL,
  `metodo` varchar(191) COLLATE utf8mb4_unicode_ci NOT NULL,
  `tipo` varchar(191) COLLATE utf8mb4_unicode_ci NOT NULL,
  `orden` int(10) unsigned NOT NULL,
  `habilitado` tinyint(1) NOT NULL DEFAULT '1',
  `created_at` timestamp NULL DEFAULT NULL,
  `updated_at` timestamp NULL DEFAULT NULL,
  `deleted_at` timestamp NULL DEFAULT NULL,
  PRIMARY KEY (`id`)
) ENGINE=InnoDB AUTO_INCREMENT=11 DEFAULT CHARSET=utf8mb4 COLLATE=utf8mb4_unicode_ci;

--
-- Dumping data for table `inv_indicadores`
--

INSERT INTO `inv_indicadores` VALUES (1,NULL,'Datos Grales','datos_grales','card_info',5,1,NULL,'2022-08-22 21:07:27',NULL),(2,NULL,'Impuestos Asociados','impuestos_asociados','card_info',6,1,NULL,'2022-08-22 21:07:27',NULL),(3,NULL,'Informacion de Liquidacion','informacion_de_liquidacion','card_info',7,1,NULL,'2022-08-22 21:07:27',NULL),(4,NULL,'Cantidad Ventas del Mes','cantidad_ventas_del_mes','card',1,1,NULL,'2022-08-22 21:07:27',NULL),(5,NULL,'Total Facturado En El Mes','total_facturado_en_el_mes','card',2,1,NULL,'2022-08-22 21:07:27',NULL),(6,NULL,'Total Facturado En El Dia','total_facturado_en_el_dia','card',3,1,NULL,'2022-08-22 21:07:27',NULL),(7,NULL,'Total Facturado En El Año','total_facturado_en_el_anio','card',4,1,NULL,'2022-08-22 21:07:27',NULL),(8,NULL,'Facturacion Mensual','facturacion_mensual','grafico',8,1,NULL,'2022-08-22 21:07:27',NULL),(9,NULL,'Proyeccion de Ganancias','proyeccion_de_ganancias','tabla',9,1,NULL,'2022-08-22 21:07:27',NULL),(10,NULL,'Posicion IVA','posicion_de_iva','tabla',10,1,NULL,'2022-08-22 21:07:27',NULL);

--
-- Table structure for table `inv_indicadores_persons`
--

CREATE TABLE `inv_indicadores_persons` (
  `id` bigint(20) unsigned NOT NULL AUTO_INCREMENT,
  `user_id` int(10) unsigned DEFAULT NULL,
  `person_id` int(10) unsigned NOT NULL,
  `inv_indicador_id` bigint(20) unsigned NOT NULL,
  `objetivo` decimal(16,2) NOT NULL DEFAULT '0.00',
  `created_at` timestamp NULL DEFAULT NULL,
  `updated_at` timestamp NULL DEFAULT NULL,
  `deleted_at` timestamp NULL DEFAULT NULL,
  PRIMARY KEY (`id`),
  KEY `inv_indicadores_persons_person_id_foreign` (`person_id`),
  KEY `inv_indicadores_persons_inv_indicador_id_foreign` (`inv_indicador_id`),
  CONSTRAINT `inv_indicadores_persons_inv_indicador_id_foreign` FOREIGN KEY (`inv_indicador_id`) REFERENCES `inv_indicadores` (`id`),
  CONSTRAINT `inv_indicadores_persons_person_id_foreign` FOREIGN KEY (`person_id`) REFERENCES `persons` (`id`)
) ENGINE=InnoDB AUTO_INCREMENT=42 DEFAULT CHARSET=utf8mb4 COLLATE=utf8mb4_unicode_ci;

--
-- Dumping data for table `inv_indicadores_persons`
--

INSERT INTO `inv_indicadores_persons` VALUES (1,NULL,40720,9,0.00,NULL,'2022-09-29 19:06:28','2022-09-29 19:06:28'),(2,NULL,40720,10,0.00,NULL,'2022-09-29 19:06:44','2022-09-29 19:06:44'),(3,NULL,40720,4,0.00,NULL,'2022-09-29 19:06:50','2022-09-29 19:06:50'),(4,NULL,40719,5,0.00,NULL,'2022-11-22 09:54:52','2022-11-22 09:54:52'),(5,NULL,40720,4,0.00,NULL,NULL,NULL),(6,NULL,40867,5,0.00,NULL,'2022-11-10 18:53:05','2022-11-10 18:53:05'),(7,NULL,40867,4,0.00,NULL,'2022-11-10 18:53:11','2022-11-10 18:53:11'),(8,NULL,40867,5,0.00,NULL,'2022-11-10 18:53:11','2022-11-10 18:53:11'),(9,NULL,40867,2,0.00,NULL,'2022-11-10 18:53:15','2022-11-10 18:53:15'),(10,NULL,40867,4,0.00,NULL,'2022-11-10 18:53:15','2022-11-10 18:53:15'),(11,NULL,40867,5,0.00,NULL,'2022-11-10 18:53:15','2022-11-10 18:53:15'),(12,NULL,40867,4,0.00,NULL,'2022-11-10 18:53:20','2022-11-10 18:53:20'),(13,NULL,40867,5,0.00,NULL,'2022-11-10 18:53:20','2022-11-10 18:53:20'),(14,NULL,40867,4,0.00,NULL,'2022-11-10 18:53:35','2022-11-10 18:53:35'),(15,NULL,40867,5,0.00,NULL,'2022-11-10 18:53:35','2022-11-10 18:53:35'),(16,NULL,40867,9,0.00,NULL,'2022-11-10 18:53:35','2022-11-10 18:53:35'),(17,NULL,40867,5,0.00,NULL,'2022-11-10 18:53:37','2022-11-10 18:53:37'),(18,NULL,40867,9,0.00,NULL,'2022-11-10 18:53:37','2022-11-10 18:53:37'),(19,NULL,40867,9,0.00,NULL,'2022-11-10 18:53:42','2022-11-10 18:53:42'),(20,NULL,40867,9,0.00,NULL,'2022-11-25 17:17:42','2022-11-25 17:17:42'),(21,NULL,40867,10,0.00,NULL,'2022-11-25 17:17:42','2022-11-25 17:17:42'),(22,NULL,40867,9,0.00,NULL,'2022-11-25 17:17:47','2022-11-25 17:17:47'),(23,NULL,40867,10,0.00,NULL,'2022-11-25 17:17:56','2022-11-25 17:17:56'),(24,NULL,40867,7,0.00,NULL,'2023-03-09 16:19:29','2023-03-09 16:19:29'),(25,NULL,41148,1,0.00,NULL,NULL,NULL),(26,NULL,41083,7,0.00,NULL,NULL,NULL),(27,NULL,40867,7,0.00,NULL,'2025-05-06 17:48:36','2025-05-06 17:48:36'),(28,NULL,40867,9,0.00,NULL,'2025-08-27 15:42:08','2025-08-27 15:42:08'),(29,NULL,40867,7,0.00,NULL,'2025-08-27 15:43:36','2025-08-27 15:43:36'),(30,NULL,40867,9,0.00,NULL,'2025-08-27 15:43:36','2025-08-27 15:43:36'),(31,NULL,40867,1,0.00,NULL,'2025-08-27 15:43:41','2025-08-27 15:43:41'),(32,NULL,40867,7,0.00,NULL,'2025-08-27 15:43:41','2025-08-27 15:43:41'),(33,NULL,40867,9,0.00,NULL,'2025-08-27 15:43:41','2025-08-27 15:43:41'),(34,NULL,40867,7,0.00,NULL,'2025-08-27 15:43:46','2025-08-27 15:43:46'),(35,NULL,40867,9,0.00,NULL,'2025-08-27 15:43:46','2025-08-27 15:43:46'),(36,NULL,40867,3,0.00,NULL,'2025-08-27 15:44:00','2025-08-27 15:44:00'),(37,NULL,40867,7,0.00,NULL,'2025-08-27 15:44:00','2025-08-27 15:44:00'),(38,NULL,40867,9,0.00,NULL,'2025-08-27 15:44:00','2025-08-27 15:44:00'),(39,NULL,40867,3,0.00,NULL,'2025-08-27 15:44:02','2025-08-27 15:44:02'),(40,NULL,40867,9,0.00,NULL,'2025-08-27 15:44:02','2025-08-27 15:44:02'),(41,NULL,40867,9,0.00,NULL,NULL,NULL);

--
-- Table structure for table `inv_ing_egr_stock`
--

CREATE TABLE `inv_ing_egr_stock` (
  `id` bigint(20) unsigned NOT NULL AUTO_INCREMENT,
  `user_id` int(11) DEFAULT NULL,
  `person_id` int(10) unsigned NOT NULL,
  `created_at` timestamp NULL DEFAULT NULL,
  `updated_at` timestamp NULL DEFAULT NULL,
  `deleted_at` timestamp NULL DEFAULT NULL,
  PRIMARY KEY (`id`),
  KEY `inv_ing_egr_stock_person_id_foreign` (`person_id`),
  CONSTRAINT `inv_ing_egr_stock_person_id_foreign` FOREIGN KEY (`person_id`) REFERENCES `persons` (`id`)
) ENGINE=InnoDB DEFAULT CHARSET=utf8mb4 COLLATE=utf8mb4_unicode_ci;

--
-- Dumping data for table `inv_ing_egr_stock`
--


--
-- Table structure for table `inv_ing_egr_stock_detail`
--

CREATE TABLE `inv_ing_egr_stock_detail` (
  `id` bigint(20) unsigned NOT NULL AUTO_INCREMENT,
  `user_id` int(11) DEFAULT NULL,
  `person_id` int(10) unsigned NOT NULL,
  `inv_ing_egr_stock_id` bigint(20) unsigned NOT NULL,
  `inv_product_id` bigint(20) unsigned NOT NULL,
  `prod_variant_id` bigint(20) unsigned DEFAULT NULL,
  `inv_deposito_id` bigint(20) unsigned DEFAULT NULL,
  `sumar1_restar0` tinyint(1) NOT NULL DEFAULT '1',
  `cantidades` decimal(16,2) NOT NULL DEFAULT '0.00',
  `created_at` timestamp NULL DEFAULT NULL,
  `updated_at` timestamp NULL DEFAULT NULL,
  `deleted_at` timestamp NULL DEFAULT NULL,
  PRIMARY KEY (`id`),
  KEY `inv_ing_egr_stock_detail_person_id_foreign` (`person_id`),
  KEY `inv_ing_egr_stock_detail_inv_ing_egr_stock_id_foreign` (`inv_ing_egr_stock_id`),
  KEY `inv_ing_egr_stock_detail_inv_product_id_foreign` (`inv_product_id`),
  KEY `inv_ing_egr_stock_detail_inv_deposito_id_foreign` (`inv_deposito_id`),
  KEY `inv_ing_egr_stock_detail_prod_variant_id_foreign` (`prod_variant_id`),
  CONSTRAINT `inv_ing_egr_stock_detail_inv_deposito_id_foreign` FOREIGN KEY (`inv_deposito_id`) REFERENCES `inv_depositos` (`id`),
  CONSTRAINT `inv_ing_egr_stock_detail_inv_ing_egr_stock_id_foreign` FOREIGN KEY (`inv_ing_egr_stock_id`) REFERENCES `inv_ing_egr_stock` (`id`),
  CONSTRAINT `inv_ing_egr_stock_detail_inv_product_id_foreign` FOREIGN KEY (`inv_product_id`) REFERENCES `inv_productos` (`id`),
  CONSTRAINT `inv_ing_egr_stock_detail_person_id_foreign` FOREIGN KEY (`person_id`) REFERENCES `persons` (`id`),
  CONSTRAINT `inv_ing_egr_stock_detail_prod_variant_id_foreign` FOREIGN KEY (`prod_variant_id`) REFERENCES `prod_variants` (`id`)
) ENGINE=InnoDB DEFAULT CHARSET=utf8mb4 COLLATE=utf8mb4_unicode_ci;

--
-- Dumping data for table `inv_ing_egr_stock_detail`
--


--
-- Table structure for table `inv_lista_de_precios`
--

CREATE TABLE `inv_lista_de_precios` (
  `id` bigint(20) unsigned NOT NULL AUTO_INCREMENT,
  `user_id` int(11) DEFAULT NULL,
  `person_id` int(10) unsigned NOT NULL,
  `descripcion` varchar(191) COLLATE utf8mb4_unicode_ci DEFAULT NULL,
  `cliente_id` int(10) unsigned DEFAULT NULL COMMENT 'Cliente específico al que aplica la lista (opcional)',
  `descuento_general` decimal(10,2) DEFAULT NULL COMMENT 'Porcentaje de descuento general para todos los productos',
  `incremento_general` decimal(10,2) DEFAULT NULL COMMENT 'Porcentaje de incremento general para todos los productos',
  `aplicar_redondeo` tinyint(1) NOT NULL DEFAULT '0' COMMENT 'Si se debe aplicar redondeo al precio calculado',
  `redondeo_a` decimal(10,2) DEFAULT NULL COMMENT 'Múltiplo al cual redondear el precio (ej: 10, 50, 100)',
  `fecha_desde` date DEFAULT NULL COMMENT 'Fecha de inicio de vigencia',
  `fecha_hasta` date DEFAULT NULL COMMENT 'Fecha de fin de vigencia',
  `habilitado` tinyint(1) NOT NULL DEFAULT '1',
  `created_at` timestamp NULL DEFAULT NULL,
  `updated_at` timestamp NULL DEFAULT NULL,
  `deleted_at` timestamp NULL DEFAULT NULL,
  PRIMARY KEY (`id`),
  KEY `inv_lista_de_precios_person_id_foreign` (`person_id`),
  KEY `inv_lista_de_precios_cliente_id_index` (`cliente_id`),
  KEY `inv_lista_de_precios_fecha_desde_index` (`fecha_desde`),
  KEY `inv_lista_de_precios_fecha_hasta_index` (`fecha_hasta`),
  CONSTRAINT `inv_lista_de_precios_cliente_id_foreign` FOREIGN KEY (`cliente_id`) REFERENCES `persons` (`id`) ON DELETE CASCADE,
  CONSTRAINT `inv_lista_de_precios_person_id_foreign` FOREIGN KEY (`person_id`) REFERENCES `persons` (`id`)
) ENGINE=InnoDB DEFAULT CHARSET=utf8mb4 COLLATE=utf8mb4_unicode_ci;

--
-- Dumping data for table `inv_lista_de_precios`
--


--
-- Table structure for table `inv_lista_de_precios_productos`
--

CREATE TABLE `inv_lista_de_precios_productos` (
  `id` bigint(20) unsigned NOT NULL AUTO_INCREMENT,
  `inv_lista_de_precio_id` bigint(20) unsigned NOT NULL,
  `inv_producto_id` bigint(20) unsigned NOT NULL,
  `precio_sin_iva` decimal(15,2) DEFAULT NULL COMMENT 'Override del precio sin IVA (si es null, se calcula desde precio base)',
  `precio_final` decimal(15,2) DEFAULT NULL COMMENT 'Override del precio final (si es null, se calcula desde precio base)',
  `descuento_porcentaje` decimal(10,2) DEFAULT NULL COMMENT 'Porcentaje de descuento sobre precio base del producto',
  `incremento_porcentaje` decimal(10,2) DEFAULT NULL COMMENT 'Porcentaje de incremento sobre precio base del producto',
  `margen` decimal(10,2) DEFAULT NULL COMMENT 'Override del margen para recalcular precio',
  `habilitado` tinyint(1) NOT NULL DEFAULT '1',
  `created_at` timestamp NULL DEFAULT NULL,
  `updated_at` timestamp NULL DEFAULT NULL,
  PRIMARY KEY (`id`),
  UNIQUE KEY `unique_lista_producto` (`inv_lista_de_precio_id`,`inv_producto_id`),
  KEY `inv_lista_de_precios_productos_habilitado_index` (`habilitado`),
  KEY `inv_lista_de_precios_productos_inv_producto_id_habilitado_index` (`inv_producto_id`,`habilitado`),
  CONSTRAINT `inv_lista_de_precios_productos_inv_lista_de_precio_id_foreign` FOREIGN KEY (`inv_lista_de_precio_id`) REFERENCES `inv_lista_de_precios` (`id`) ON DELETE CASCADE,
  CONSTRAINT `inv_lista_de_precios_productos_inv_producto_id_foreign` FOREIGN KEY (`inv_producto_id`) REFERENCES `inv_productos` (`id`) ON DELETE CASCADE
) ENGINE=InnoDB DEFAULT CHARSET=utf8mb4 COLLATE=utf8mb4_unicode_ci;

--
-- Dumping data for table `inv_lista_de_precios_productos`
--


--
-- Table structure for table `inv_orden_trabajo_clasificacion`
--

CREATE TABLE `inv_orden_trabajo_clasificacion` (
  `id` int(10) unsigned NOT NULL AUTO_INCREMENT,
  `user_id` int(10) unsigned DEFAULT NULL,
  `person_id` int(10) unsigned NOT NULL,
  `descripcion` text COLLATE utf8mb4_unicode_ci NOT NULL,
  `habilitado` tinyint(1) NOT NULL DEFAULT '1',
  `created_at` timestamp NULL DEFAULT NULL,
  `updated_at` timestamp NULL DEFAULT NULL,
  `deleted_at` timestamp NULL DEFAULT NULL,
  PRIMARY KEY (`id`),
  KEY `inv_orden_trabajo_clasificacion_person_id_foreign` (`person_id`),
  CONSTRAINT `inv_orden_trabajo_clasificacion_person_id_foreign` FOREIGN KEY (`person_id`) REFERENCES `persons` (`id`)
) ENGINE=InnoDB DEFAULT CHARSET=utf8mb4 COLLATE=utf8mb4_unicode_ci;

--
-- Dumping data for table `inv_orden_trabajo_clasificacion`
--


--
-- Table structure for table `inv_orden_trabajo_config_cc`
--

CREATE TABLE `inv_orden_trabajo_config_cc` (
  `id` bigint(20) unsigned NOT NULL AUTO_INCREMENT,
  `user_id` int(10) unsigned DEFAULT NULL,
  `person_id` int(10) unsigned NOT NULL,
  `horas_conta_plan_cuenta_id` int(10) unsigned NOT NULL,
  `horas_contra_conta_plan_cuenta_id` int(10) unsigned NOT NULL,
  `gastos_conta_plan_cuenta_id` int(10) unsigned NOT NULL,
  `gastos_contra_conta_plan_cuenta_id` int(10) unsigned NOT NULL,
  `productos_conta_plan_cuenta_id` int(10) unsigned NOT NULL,
  `productos_contra_conta_plan_cuenta_id` int(10) unsigned NOT NULL,
  `asiento_horas_cpc_id` int(10) unsigned NOT NULL DEFAULT '217',
  `asiento_contra_horas_cpc_id` int(10) unsigned NOT NULL DEFAULT '217',
  `asiento_gastos_cpc_id` int(10) unsigned NOT NULL DEFAULT '217',
  `asiento_contra_gastos_cpc_id` int(10) unsigned NOT NULL DEFAULT '217',
  `asiento_productos_cpc_id` int(10) unsigned NOT NULL DEFAULT '217',
  `asiento_contra_productos_cpc_id` int(10) unsigned NOT NULL DEFAULT '217',
  `created_at` timestamp NULL DEFAULT NULL,
  `updated_at` timestamp NULL DEFAULT NULL,
  `deleted_at` timestamp NULL DEFAULT NULL,
  PRIMARY KEY (`id`),
  KEY `inv_orden_trabajo_config_cc_person_id_foreign` (`person_id`),
  KEY `hcc_id_foreign` (`horas_conta_plan_cuenta_id`),
  KEY `gcc_id_foreign` (`gastos_conta_plan_cuenta_id`),
  KEY `pcc_id_foreign` (`productos_conta_plan_cuenta_id`),
  KEY `h_contra_cc_id_foreign` (`horas_contra_conta_plan_cuenta_id`),
  KEY `g_contra_cc_id_foreign` (`gastos_contra_conta_plan_cuenta_id`),
  KEY `p_contra_cc_id_foreign` (`productos_contra_conta_plan_cuenta_id`),
  KEY `ahcc_id_foreign` (`asiento_horas_cpc_id`),
  KEY `agcc_id_foreign` (`asiento_gastos_cpc_id`),
  KEY `apcc_id_foreign` (`asiento_productos_cpc_id`),
  KEY `ah_contra_cc_id_foreign` (`asiento_contra_horas_cpc_id`),
  KEY `ag_contra_cc_id_foreign` (`asiento_contra_gastos_cpc_id`),
  KEY `ap_contra_cc_id_foreign` (`asiento_contra_productos_cpc_id`),
  CONSTRAINT `ag_contra_cc_id_foreign` FOREIGN KEY (`asiento_contra_gastos_cpc_id`) REFERENCES `conta_plan_cuenta` (`id`),
  CONSTRAINT `agcc_id_foreign` FOREIGN KEY (`asiento_gastos_cpc_id`) REFERENCES `conta_plan_cuenta` (`id`),
  CONSTRAINT `ah_contra_cc_id_foreign` FOREIGN KEY (`asiento_contra_horas_cpc_id`) REFERENCES `conta_plan_cuenta` (`id`),
  CONSTRAINT `ahcc_id_foreign` FOREIGN KEY (`asiento_horas_cpc_id`) REFERENCES `conta_plan_cuenta` (`id`),
  CONSTRAINT `ap_contra_cc_id_foreign` FOREIGN KEY (`asiento_contra_productos_cpc_id`) REFERENCES `conta_plan_cuenta` (`id`),
  CONSTRAINT `apcc_id_foreign` FOREIGN KEY (`asiento_productos_cpc_id`) REFERENCES `conta_plan_cuenta` (`id`),
  CONSTRAINT `g_contra_cc_id_foreign` FOREIGN KEY (`gastos_contra_conta_plan_cuenta_id`) REFERENCES `conta_plan_cuenta` (`id`),
  CONSTRAINT `gcc_id_foreign` FOREIGN KEY (`gastos_conta_plan_cuenta_id`) REFERENCES `conta_plan_cuenta` (`id`),
  CONSTRAINT `h_contra_cc_id_foreign` FOREIGN KEY (`horas_contra_conta_plan_cuenta_id`) REFERENCES `conta_plan_cuenta` (`id`),
  CONSTRAINT `hcc_id_foreign` FOREIGN KEY (`horas_conta_plan_cuenta_id`) REFERENCES `conta_plan_cuenta` (`id`),
  CONSTRAINT `inv_orden_trabajo_config_cc_person_id_foreign` FOREIGN KEY (`person_id`) REFERENCES `persons` (`id`),
  CONSTRAINT `p_contra_cc_id_foreign` FOREIGN KEY (`productos_contra_conta_plan_cuenta_id`) REFERENCES `conta_plan_cuenta` (`id`),
  CONSTRAINT `pcc_id_foreign` FOREIGN KEY (`productos_conta_plan_cuenta_id`) REFERENCES `conta_plan_cuenta` (`id`)
) ENGINE=InnoDB DEFAULT CHARSET=utf8mb4 COLLATE=utf8mb4_unicode_ci;

--
-- Dumping data for table `inv_orden_trabajo_config_cc`
--


--
-- Table structure for table `inv_orden_trabajo_files`
--

CREATE TABLE `inv_orden_trabajo_files` (
  `id` bigint(20) unsigned NOT NULL AUTO_INCREMENT,
  `user_id` int(10) unsigned DEFAULT NULL,
  `inv_orden_trabajo_id` bigint(20) unsigned DEFAULT NULL,
  `path` text COLLATE utf8mb4_unicode_ci NOT NULL,
  `original_name` text COLLATE utf8mb4_unicode_ci NOT NULL,
  `created_at` timestamp NULL DEFAULT NULL,
  `updated_at` timestamp NULL DEFAULT NULL,
  `deleted_at` timestamp NULL DEFAULT NULL,
  PRIMARY KEY (`id`),
  KEY `inv_orden_trabajo_files_inv_orden_trabajo_id_foreign` (`inv_orden_trabajo_id`),
  CONSTRAINT `inv_orden_trabajo_files_inv_orden_trabajo_id_foreign` FOREIGN KEY (`inv_orden_trabajo_id`) REFERENCES `inv_orden_trabajos` (`id`)
) ENGINE=InnoDB DEFAULT CHARSET=utf8mb4 COLLATE=utf8mb4_unicode_ci;

--
-- Dumping data for table `inv_orden_trabajo_files`
--


--
-- Table structure for table `inv_orden_trabajo_gastos`
--

CREATE TABLE `inv_orden_trabajo_gastos` (
  `id` bigint(20) unsigned NOT NULL AUTO_INCREMENT,
  `user_id` int(10) unsigned DEFAULT NULL,
  `person_id` int(10) unsigned NOT NULL,
  `inv_orden_trabajo_id` bigint(20) unsigned DEFAULT NULL,
  `inv_orden_trabajo_gastos_tipo_id` bigint(20) unsigned DEFAULT NULL,
  `person_id_relationed` int(10) unsigned DEFAULT NULL,
  `receipt_id` int(10) unsigned DEFAULT NULL,
  `fecha` datetime NOT NULL DEFAULT '2022-08-22 21:07:24',
  `importe` decimal(16,2) NOT NULL DEFAULT '0.00',
  `total` decimal(16,2) NOT NULL DEFAULT '0.00',
  `comentario` text COLLATE utf8mb4_unicode_ci,
  `created_at` timestamp NULL DEFAULT NULL,
  `updated_at` timestamp NULL DEFAULT NULL,
  `deleted_at` timestamp NULL DEFAULT NULL,
  PRIMARY KEY (`id`),
  KEY `inv_orden_trabajo_gastos_person_id_foreign` (`person_id`),
  KEY `inv_orden_trabajo_gastos_person_id_relationed_foreign` (`person_id_relationed`),
  KEY `inv_orden_trabajo_gastos_receipt_id_foreign` (`receipt_id`),
  KEY `i_o_t_g_t_id_foreign` (`inv_orden_trabajo_gastos_tipo_id`),
  KEY `inv_orden_trabajo_gastos_inv_orden_trabajo_id_foreign` (`inv_orden_trabajo_id`),
  CONSTRAINT `i_o_t_g_t_id_foreign` FOREIGN KEY (`inv_orden_trabajo_gastos_tipo_id`) REFERENCES `inv_orden_trabajo_gastos_tipos` (`id`),
  CONSTRAINT `inv_orden_trabajo_gastos_inv_orden_trabajo_id_foreign` FOREIGN KEY (`inv_orden_trabajo_id`) REFERENCES `inv_orden_trabajos` (`id`),
  CONSTRAINT `inv_orden_trabajo_gastos_person_id_foreign` FOREIGN KEY (`person_id`) REFERENCES `persons` (`id`),
  CONSTRAINT `inv_orden_trabajo_gastos_person_id_relationed_foreign` FOREIGN KEY (`person_id_relationed`) REFERENCES `persons` (`id`),
  CONSTRAINT `inv_orden_trabajo_gastos_receipt_id_foreign` FOREIGN KEY (`receipt_id`) REFERENCES `receipts` (`id`)
) ENGINE=InnoDB DEFAULT CHARSET=utf8mb4 COLLATE=utf8mb4_unicode_ci;

--
