-- Table structure for table `cta_cte_cliente_details`
--

CREATE TABLE `cta_cte_cliente_details` (
  `id` int(10) unsigned NOT NULL AUTO_INCREMENT,
  `user_id` int(10) unsigned DEFAULT NULL,
  `cta_cte_cliente_id` int(10) unsigned NOT NULL,
  `person_id` int(10) unsigned DEFAULT NULL,
  `person_id_relationed` int(10) unsigned DEFAULT NULL,
  `cta_cte_tesoreria_cuenta_id` int(10) unsigned DEFAULT NULL,
  `period_id` int(10) unsigned DEFAULT NULL,
  `tipo_asiento_id` int(10) unsigned NOT NULL,
  `saldo_id` int(10) unsigned NOT NULL,
  `monto` decimal(16,2) NOT NULL,
  `created_at` timestamp NULL DEFAULT NULL,
  `updated_at` timestamp NULL DEFAULT NULL,
  `deleted_at` timestamp NULL DEFAULT NULL,
  PRIMARY KEY (`id`),
  KEY `cta_cte_cliente_details_cta_cte_cliente_id_foreign` (`cta_cte_cliente_id`),
  KEY `cta_cte_cliente_details_person_id_foreign` (`person_id`),
  KEY `cta_cte_cliente_details_person_id_relationed_foreign` (`person_id_relationed`),
  KEY `cta_cte_cliente_details_period_id_foreign` (`period_id`),
  KEY `cta_cte_cliente_details_tipo_asiento_id_foreign` (`tipo_asiento_id`),
  KEY `cta_cte_cliente_details_saldo_id_foreign` (`saldo_id`),
  KEY `cta_cte_cliente_details_cta_cte_tesoreria_cuenta_id_foreign` (`cta_cte_tesoreria_cuenta_id`),
  CONSTRAINT `cta_cte_cliente_details_cta_cte_cliente_id_foreign` FOREIGN KEY (`cta_cte_cliente_id`) REFERENCES `cta_cte_cliente` (`id`),
  CONSTRAINT `cta_cte_cliente_details_cta_cte_tesoreria_cuenta_id_foreign` FOREIGN KEY (`cta_cte_tesoreria_cuenta_id`) REFERENCES `cta_cte_tesoreria_cuentas` (`id`),
  CONSTRAINT `cta_cte_cliente_details_period_id_foreign` FOREIGN KEY (`period_id`) REFERENCES `periods` (`id`),
  CONSTRAINT `cta_cte_cliente_details_person_id_foreign` FOREIGN KEY (`person_id`) REFERENCES `persons` (`id`),
  CONSTRAINT `cta_cte_cliente_details_person_id_relationed_foreign` FOREIGN KEY (`person_id_relationed`) REFERENCES `persons` (`id`),
  CONSTRAINT `cta_cte_cliente_details_saldo_id_foreign` FOREIGN KEY (`saldo_id`) REFERENCES `conta_tipo_saldos` (`id`),
  CONSTRAINT `cta_cte_cliente_details_tipo_asiento_id_foreign` FOREIGN KEY (`tipo_asiento_id`) REFERENCES `conta_tipo_asientos` (`id`)
) ENGINE=InnoDB DEFAULT CHARSET=utf8mb4 COLLATE=utf8mb4_unicode_ci;

--
-- Dumping data for table `cta_cte_cliente_details`
--


--
-- Table structure for table `cta_cte_cliente_pivot_receipt`
--

CREATE TABLE `cta_cte_cliente_pivot_receipt` (
  `id` int(10) unsigned NOT NULL AUTO_INCREMENT,
  `user_id` int(10) unsigned DEFAULT NULL,
  `cta_cte_cliente_id` int(10) unsigned NOT NULL,
  `receipt_id` int(11) DEFAULT NULL,
  `importe` decimal(16,2) DEFAULT NULL,
  `created_at` timestamp NULL DEFAULT NULL,
  `updated_at` timestamp NULL DEFAULT NULL,
  `deleted_at` timestamp NULL DEFAULT NULL,
  PRIMARY KEY (`id`)
) ENGINE=InnoDB AUTO_INCREMENT=1100 DEFAULT CHARSET=utf8mb4 COLLATE=utf8mb4_unicode_ci;

--
-- Dumping data for table `cta_cte_cliente_pivot_receipt`
--

INSERT INTO `cta_cte_cliente_pivot_receipt` VALUES (1,7968,1,1,NULL,'2022-10-22 15:54:00','2022-10-22 15:54:00',NULL),(2,7968,2,2,NULL,'2022-10-22 15:54:00','2022-10-22 15:54:00',NULL),(3,7968,3,3,NULL,'2022-10-22 15:54:00','2022-10-22 15:54:00',NULL),(4,7968,4,4,NULL,'2022-10-22 15:54:00','2022-10-22 15:54:00',NULL),(5,7968,5,5,NULL,'2022-10-22 15:54:01','2022-10-22 15:54:01',NULL),(6,7968,6,6,NULL,'2022-10-22 15:54:01','2022-10-22 15:54:01',NULL),(7,7968,7,7,NULL,'2022-10-22 15:54:01','2022-10-22 15:54:01',NULL),(8,7968,8,8,NULL,'2022-10-22 15:54:01','2022-10-22 15:54:01',NULL),(9,7968,9,9,NULL,'2022-10-22 15:54:01','2022-10-22 15:54:01',NULL),(10,7968,10,10,NULL,'2022-10-22 15:54:01','2022-10-22 15:54:01',NULL),(11,7968,11,11,NULL,'2022-10-22 15:54:01','2022-10-22 15:54:01',NULL),(12,7968,12,12,NULL,'2022-10-22 15:54:01','2022-10-25 15:46:59','2022-10-25 15:46:59'),(13,7968,13,13,NULL,'2022-10-22 15:54:01','2022-10-25 15:46:34','2022-10-25 15:46:34'),(14,7968,14,14,NULL,'2022-10-22 15:54:01','2022-10-25 15:43:23','2022-10-25 15:43:23'),(15,7968,15,15,NULL,'2022-10-22 15:54:01','2022-10-22 15:54:01',NULL),(16,7968,16,16,NULL,'2022-10-22 15:54:01','2022-10-22 15:54:01',NULL),(17,7968,17,17,NULL,'2022-10-22 15:54:01','2022-10-22 15:54:01',NULL),(18,7968,18,18,NULL,'2022-10-22 15:54:01','2022-10-22 15:54:01',NULL),(19,7968,19,19,NULL,'2022-10-22 15:54:01','2022-10-22 15:54:01',NULL),(20,7968,20,20,NULL,'2022-10-22 15:54:01','2022-10-22 15:54:01',NULL),(21,7968,21,21,NULL,'2022-10-22 15:54:01','2022-10-22 15:54:01',NULL),(22,7968,22,22,NULL,'2022-10-22 15:54:01','2022-10-22 15:54:01',NULL),(23,7968,23,23,NULL,'2022-10-22 15:54:01','2022-10-22 15:54:01',NULL),(24,7968,24,24,NULL,'2022-10-22 15:54:01','2022-10-22 15:54:01',NULL),(25,7968,25,25,NULL,'2022-10-22 15:54:01','2022-10-22 15:54:01',NULL),(26,7968,26,26,NULL,'2022-10-22 15:54:01','2022-10-25 15:44:09','2022-10-25 15:44:09'),(27,7968,27,27,NULL,'2022-10-22 15:54:01','2022-10-22 15:54:01',NULL),(28,7968,28,28,NULL,'2022-10-22 15:54:01','2022-10-25 15:41:15','2022-10-25 15:41:15'),(29,7968,29,29,NULL,'2022-10-22 15:54:02','2022-10-24 17:07:57','2022-10-24 17:07:57'),(30,7968,30,30,NULL,'2022-10-22 15:54:02','2022-10-24 17:07:08','2022-10-24 17:07:08'),(31,7968,31,31,NULL,'2022-10-22 15:54:02','2022-10-24 17:06:48','2022-10-24 17:06:48'),(32,7968,32,32,NULL,'2022-10-22 15:54:02','2022-10-24 17:05:43','2022-10-24 17:05:43'),(33,7968,33,33,NULL,'2022-10-22 15:54:02','2022-10-24 17:04:30','2022-10-24 17:04:30'),(34,7968,34,34,NULL,'2022-10-22 15:54:02','2022-10-24 15:16:21','2022-10-24 15:16:21'),(35,7968,35,35,NULL,'2022-10-22 15:54:02','2022-10-24 16:50:22','2022-10-24 16:50:22'),(36,7968,36,36,NULL,'2022-10-22 15:54:02','2022-10-24 15:15:51','2022-10-24 15:15:51'),(37,7968,37,37,NULL,'2022-10-22 15:54:02','2022-10-24 15:11:24','2022-10-24 15:11:24'),(38,7968,38,38,NULL,'2022-10-22 15:54:02','2022-10-24 15:14:55','2022-10-24 15:14:55'),(39,7968,39,37,NULL,'2022-10-24 15:11:24','2022-10-24 16:45:15','2022-10-24 16:45:15'),(40,7968,40,38,NULL,'2022-10-24 15:14:55','2022-10-24 16:37:31','2022-10-24 16:37:31'),(41,7968,41,36,NULL,'2022-10-24 15:15:51','2022-10-24 16:47:54','2022-10-24 16:47:54'),(42,7968,42,34,NULL,'2022-10-24 15:16:21','2022-10-24 17:03:26','2022-10-24 17:03:26'),(43,7968,43,38,NULL,'2022-10-24 16:37:31','2022-10-24 16:44:21','2022-10-24 16:44:21'),(44,7968,44,38,NULL,'2022-10-24 16:44:21','2022-10-24 16:44:29','2022-10-24 16:44:29'),(45,7968,45,38,NULL,'2022-10-24 16:44:29','2022-10-24 16:44:29',NULL),(46,7968,46,37,NULL,'2022-10-24 16:45:15','2022-10-24 16:46:45','2022-10-24 16:46:45'),(47,7968,47,37,NULL,'2022-10-24 16:46:45','2022-10-24 16:46:45',NULL),(48,7968,48,36,NULL,'2022-10-24 16:47:54','2022-10-24 16:47:54',NULL),(49,7968,49,35,NULL,'2022-10-24 16:50:22','2022-10-24 16:50:22',NULL),(50,7968,50,34,NULL,'2022-10-24 17:03:26','2022-10-24 17:03:26',NULL),(51,7968,51,33,NULL,'2022-10-24 17:04:30','2022-10-24 17:04:30',NULL),(52,7968,52,32,NULL,'2022-10-24 17:05:43','2022-10-24 17:05:43',NULL);
INSERT INTO `cta_cte_cliente_pivot_receipt` VALUES (53,7968,53,31,NULL,'2022-10-24 17:06:48','2022-10-24 17:06:48',NULL),(54,7968,54,30,NULL,'2022-10-24 17:07:08','2022-10-24 17:07:08',NULL),(55,7968,55,29,NULL,'2022-10-24 17:07:57','2022-10-24 17:07:57',NULL),(56,7968,56,28,NULL,'2022-10-25 15:41:15','2022-10-25 15:42:00','2022-10-25 15:42:00'),(57,7968,57,28,NULL,'2022-10-25 15:42:00','2022-10-25 15:42:00',NULL),(58,7968,58,14,NULL,'2022-10-25 15:43:23','2022-10-25 15:44:39','2022-10-25 15:44:39'),(59,7968,59,26,NULL,'2022-10-25 15:44:09','2022-10-25 15:44:09',NULL),(60,7968,60,14,NULL,'2022-10-25 15:44:39','2022-10-25 15:44:39',NULL),(61,7968,61,13,NULL,'2022-10-25 15:46:34','2022-10-25 15:46:34',NULL),(62,7968,62,12,NULL,'2022-10-25 15:46:59','2022-10-25 15:46:59',NULL),(63,7968,63,39,NULL,'2022-10-25 15:53:23','2022-10-25 15:53:23',NULL),(64,7968,64,40,NULL,'2022-10-25 15:53:23','2022-10-25 15:53:23',NULL),(65,7968,65,41,NULL,'2022-10-25 15:53:23','2022-10-25 15:53:23',NULL),(66,7968,66,42,NULL,'2022-10-25 15:53:23','2022-10-25 15:53:23',NULL),(67,7968,67,43,NULL,'2022-10-25 15:53:24','2022-10-25 15:53:24',NULL),(68,7968,68,44,NULL,'2022-10-25 15:53:24','2022-10-25 15:53:24',NULL),(69,7968,69,45,NULL,'2022-10-25 15:53:24','2022-10-25 15:53:24',NULL),(70,7968,70,46,NULL,'2022-10-25 15:53:24','2022-10-25 15:53:24',NULL),(71,7968,71,47,NULL,'2022-10-25 15:53:24','2022-10-25 15:53:24',NULL),(72,7968,72,48,NULL,'2022-10-25 15:53:24','2022-10-25 15:53:24',NULL),(73,7968,73,49,NULL,'2022-10-25 15:53:24','2022-10-25 15:53:24',NULL),(74,7968,74,50,NULL,'2022-10-25 15:53:24','2022-10-25 15:53:24',NULL),(75,7968,75,51,NULL,'2022-10-25 15:53:24','2022-10-25 15:53:24',NULL),(76,7968,76,52,NULL,'2022-10-25 15:53:24','2022-10-25 15:53:24',NULL),(77,7968,77,53,NULL,'2022-10-25 15:53:24','2022-10-25 15:53:24',NULL),(78,7968,78,54,NULL,'2022-10-25 15:53:24','2022-10-25 15:53:24',NULL),(79,7968,79,55,NULL,'2022-10-25 15:53:24','2022-10-25 15:53:24',NULL),(80,7968,80,56,NULL,'2022-10-25 15:53:24','2022-10-25 15:53:24',NULL),(81,7968,81,57,NULL,'2022-10-25 15:53:24','2022-10-25 15:53:24',NULL),(82,7968,82,58,NULL,'2022-10-25 15:53:24','2022-10-25 15:53:24',NULL),(83,7968,83,59,NULL,'2022-10-25 15:53:24','2022-10-25 15:53:24',NULL),(84,7968,84,60,NULL,'2022-10-25 15:53:24','2022-10-25 15:53:24',NULL),(85,7968,85,61,NULL,'2022-10-25 15:53:24','2022-10-25 15:53:24',NULL),(86,7968,86,62,NULL,'2022-10-25 15:53:24','2022-10-25 15:53:24',NULL),(87,7968,87,63,NULL,'2022-10-25 15:53:24','2022-10-25 15:53:24',NULL),(88,7968,88,64,NULL,'2022-10-25 15:53:24','2022-10-25 15:53:24',NULL),(89,7968,89,65,NULL,'2022-10-25 15:53:24','2022-10-25 15:53:24',NULL),(90,7968,90,66,NULL,'2022-10-25 15:53:24','2022-10-25 15:53:24',NULL),(91,7968,91,67,NULL,'2022-10-25 15:53:24','2022-10-25 15:53:24',NULL),(92,7968,92,68,NULL,'2022-10-25 15:53:24','2022-10-25 15:53:24',NULL),(93,7968,93,69,NULL,'2022-10-25 15:53:24','2022-10-25 15:53:24',NULL),(94,7968,94,70,NULL,'2022-10-25 15:53:25','2022-10-25 15:53:25',NULL),(95,7968,95,71,NULL,'2022-10-25 15:53:25','2022-10-25 15:53:25',NULL),(96,7968,96,72,NULL,'2022-10-25 15:53:25','2022-10-25 15:53:25',NULL),(97,7968,97,73,NULL,'2022-10-25 15:53:25','2022-10-25 15:53:25',NULL),(98,7968,98,74,NULL,'2022-10-25 15:53:25','2022-10-25 15:56:03','2022-10-25 15:56:03'),(99,7968,99,75,NULL,'2022-10-25 15:53:25','2022-10-25 15:55:56','2022-10-25 15:55:56'),(100,7968,100,76,NULL,'2022-10-25 15:53:25','2022-10-25 15:53:25',NULL),(101,7968,101,75,NULL,'2022-10-25 15:55:56','2022-10-25 15:55:56',NULL),(102,7968,102,74,NULL,'2022-10-25 15:56:03','2022-10-25 15:56:03',NULL),(103,7968,103,77,NULL,'2022-10-25 16:49:26','2022-10-25 16:49:26',NULL),(104,7968,104,78,NULL,'2022-10-25 16:49:26','2022-10-25 16:49:26',NULL),(105,7968,105,79,NULL,'2022-10-25 16:49:26','2022-10-25 16:49:26',NULL),(106,7968,106,80,NULL,'2022-10-25 16:49:27','2022-10-25 16:49:27',NULL),(107,7968,107,81,NULL,'2022-10-25 16:49:27','2022-10-25 16:49:27',NULL);
INSERT INTO `cta_cte_cliente_pivot_receipt` VALUES (108,7968,108,82,NULL,'2022-10-25 16:49:27','2022-10-25 16:49:27',NULL),(109,7968,109,83,NULL,'2022-10-25 16:49:27','2022-10-25 16:49:27',NULL),(110,7968,110,84,NULL,'2022-10-25 16:49:27','2022-10-25 16:49:27',NULL),(111,7968,111,85,NULL,'2022-10-25 16:49:27','2022-10-25 16:49:27',NULL),(112,7968,112,86,NULL,'2022-10-25 16:49:27','2022-10-25 16:49:27',NULL),(113,7968,113,87,NULL,'2022-10-25 16:49:27','2022-10-25 16:49:27',NULL),(114,7968,114,88,NULL,'2022-10-25 16:49:27','2022-10-25 16:49:27',NULL),(115,7968,115,89,NULL,'2022-10-25 16:49:27','2022-10-25 16:49:27',NULL),(116,7968,116,90,NULL,'2022-10-25 16:49:27','2022-10-25 16:49:27',NULL),(117,7968,117,91,NULL,'2022-10-25 16:49:27','2022-10-25 16:49:27',NULL),(118,7968,118,92,NULL,'2022-10-25 16:49:27','2022-10-25 16:49:27',NULL),(119,7968,119,93,NULL,'2022-10-25 16:49:27','2022-10-25 16:49:27',NULL),(120,7968,120,94,NULL,'2022-10-25 16:49:27','2022-10-25 16:49:27',NULL),(121,7968,121,95,NULL,'2022-10-25 16:49:27','2022-10-25 16:49:27',NULL),(122,7968,122,96,NULL,'2022-10-25 16:49:27','2022-10-25 16:49:27',NULL),(123,7968,123,97,NULL,'2022-10-25 16:49:27','2022-10-25 16:49:27',NULL),(124,7968,124,98,NULL,'2022-10-25 16:49:27','2022-10-25 16:49:27',NULL),(125,7968,125,99,NULL,'2022-10-25 16:49:27','2022-10-25 16:49:27',NULL),(126,7968,126,100,NULL,'2022-10-25 16:49:27','2022-10-25 16:49:27',NULL),(127,7968,127,101,NULL,'2022-10-25 16:49:27','2022-10-25 16:49:27',NULL),(128,7968,128,102,NULL,'2022-10-25 16:49:27','2022-10-25 16:49:27',NULL),(129,7968,129,103,NULL,'2022-10-25 16:49:27','2022-10-25 16:49:27',NULL),(130,7968,130,104,NULL,'2022-10-25 16:49:27','2022-10-25 16:49:27',NULL),(131,7968,131,105,NULL,'2022-10-25 16:49:27','2022-10-25 16:49:27',NULL),(132,7968,132,106,NULL,'2022-10-25 16:49:28','2022-10-25 16:49:28',NULL),(133,7968,133,107,NULL,'2022-10-25 16:49:28','2022-10-25 16:49:28',NULL),(134,7968,134,108,NULL,'2022-10-25 16:49:28','2022-10-25 16:49:28',NULL),(135,7968,135,109,NULL,'2022-10-25 16:49:28','2022-10-25 16:49:28',NULL),(136,7968,136,110,NULL,'2022-10-25 16:49:28','2022-10-25 16:49:28',NULL),(137,7968,137,111,NULL,'2022-10-25 16:49:28','2022-10-25 16:49:28',NULL),(138,7968,138,112,NULL,'2022-10-25 16:49:28','2022-10-25 16:49:28',NULL),(139,7968,139,113,NULL,'2022-10-25 16:49:28','2022-10-25 16:49:28',NULL),(140,7968,140,114,NULL,'2022-10-25 16:49:28','2022-10-25 16:49:28',NULL),(141,7968,141,115,NULL,'2022-10-25 16:49:28','2022-10-25 16:49:28',NULL),(142,7968,142,116,NULL,'2022-10-25 16:49:28','2022-10-25 16:49:28',NULL),(143,7968,143,117,NULL,'2022-10-25 16:49:28','2022-10-25 16:49:28',NULL),(144,7968,144,118,NULL,'2022-10-25 16:49:28','2022-10-25 16:49:28',NULL),(145,7968,145,119,NULL,'2022-10-25 16:49:28','2022-10-25 16:49:28',NULL),(146,7968,146,120,NULL,'2022-10-25 16:49:28','2022-10-25 16:49:28',NULL),(147,7968,147,121,NULL,'2022-10-25 16:49:28','2022-10-25 16:49:28',NULL),(148,7968,148,122,NULL,'2022-10-25 16:49:28','2022-10-25 16:54:13','2022-10-25 16:54:13'),(149,7968,149,123,NULL,'2022-10-25 16:49:28','2022-10-25 16:54:05','2022-10-25 16:54:05'),(150,7968,150,123,NULL,'2022-10-25 16:54:05','2022-10-25 16:54:05',NULL),(151,7968,151,122,NULL,'2022-10-25 16:54:13','2022-10-25 16:54:13',NULL),(152,7968,152,124,NULL,'2022-10-25 17:11:09','2022-10-25 17:11:09',NULL),(153,7968,153,125,NULL,'2022-10-25 17:11:09','2022-10-25 17:11:09',NULL),(154,7968,154,126,NULL,'2022-10-25 17:11:09','2022-10-25 17:11:09',NULL),(155,7968,155,127,NULL,'2022-10-25 17:11:09','2022-10-25 17:11:09',NULL),(156,7968,156,128,NULL,'2022-10-25 17:11:09','2022-10-25 17:11:09',NULL),(157,7968,157,129,NULL,'2022-10-25 17:11:09','2022-10-25 17:11:09',NULL),(158,7968,158,130,NULL,'2022-10-25 17:11:09','2022-10-25 17:11:09',NULL),(159,7968,159,131,NULL,'2022-10-25 17:11:09','2022-10-25 17:11:09',NULL),(160,7968,160,132,NULL,'2022-10-25 17:11:09','2022-10-25 17:11:09',NULL),(161,7968,161,133,NULL,'2022-10-25 17:11:09','2022-10-25 17:11:09',NULL);
INSERT INTO `cta_cte_cliente_pivot_receipt` VALUES (162,7968,162,134,NULL,'2022-10-25 17:11:09','2022-10-25 17:11:09',NULL),(163,7968,163,135,NULL,'2022-10-25 17:11:09','2022-10-25 17:11:09',NULL),(164,7968,164,136,NULL,'2022-10-25 17:11:09','2022-10-25 17:11:09',NULL),(165,7968,165,137,NULL,'2022-10-25 17:11:09','2022-10-25 17:11:09',NULL),(166,7968,166,138,NULL,'2022-10-25 17:11:09','2022-10-25 17:11:09',NULL),(167,7968,167,139,NULL,'2022-10-25 17:11:09','2022-10-25 17:11:09',NULL),(168,7968,168,140,NULL,'2022-10-25 17:11:09','2022-10-25 17:11:09',NULL),(169,7968,169,141,NULL,'2022-10-25 17:11:09','2022-10-25 17:11:09',NULL),(170,7968,170,142,NULL,'2022-10-25 17:11:10','2022-10-25 17:11:10',NULL),(171,7968,171,143,NULL,'2022-10-25 17:11:10','2022-10-25 17:11:10',NULL),(172,7968,172,144,NULL,'2022-10-25 17:11:10','2022-10-25 17:11:10',NULL),(173,7968,173,145,NULL,'2022-10-25 17:11:10','2022-10-25 17:11:10',NULL),(174,7968,174,146,NULL,'2022-10-25 17:11:10','2022-10-25 17:11:10',NULL),(175,7968,175,147,NULL,'2022-10-25 17:11:10','2022-10-25 17:11:10',NULL),(176,7968,176,148,NULL,'2022-10-25 17:11:10','2022-10-25 17:11:10',NULL),(177,7968,177,149,NULL,'2022-10-25 17:11:10','2022-10-25 17:11:10',NULL),(178,7968,178,150,NULL,'2022-10-25 17:11:10','2022-10-25 17:11:10',NULL),(179,7968,179,151,NULL,'2022-10-25 17:11:10','2022-10-25 17:11:10',NULL),(180,7968,180,152,NULL,'2022-10-25 17:11:10','2022-10-25 17:11:10',NULL),(181,7968,181,153,NULL,'2022-10-25 17:11:10','2022-10-25 17:11:10',NULL),(182,7968,182,154,NULL,'2022-10-25 17:11:10','2022-10-25 17:11:10',NULL),(183,7968,183,155,NULL,'2022-10-25 17:11:10','2022-10-25 17:11:10',NULL),(184,7968,184,156,NULL,'2022-10-25 17:11:10','2022-10-25 17:11:10',NULL),(185,7968,185,157,NULL,'2022-10-25 17:11:10','2022-10-25 17:11:10',NULL),(186,7968,186,158,NULL,'2022-10-25 17:11:10','2022-10-25 17:11:10',NULL),(187,7968,187,159,NULL,'2022-10-25 17:11:10','2022-10-25 17:11:10',NULL),(188,7968,188,160,NULL,'2022-10-25 17:11:10','2022-10-25 17:11:10',NULL),(189,7968,189,161,NULL,'2022-10-25 17:11:10','2022-10-25 17:11:39','2022-10-25 17:11:39'),(190,7968,190,161,NULL,'2022-10-25 17:11:39','2022-10-25 17:11:39',NULL),(191,7968,191,162,NULL,'2022-11-21 20:45:08','2022-11-21 20:45:08',NULL),(192,7968,192,163,NULL,'2022-11-21 20:45:08','2022-11-21 20:45:08',NULL),(193,7968,193,164,NULL,'2022-11-21 20:45:08','2022-11-21 20:45:08',NULL),(194,7968,194,165,NULL,'2022-11-21 20:45:08','2022-11-21 20:45:08',NULL),(195,7968,195,166,NULL,'2022-11-21 20:45:08','2022-11-21 20:45:08',NULL),(196,7968,196,167,NULL,'2022-11-21 20:45:08','2022-11-21 20:45:08',NULL),(197,7968,197,168,NULL,'2022-11-21 20:45:08','2022-11-21 20:45:08',NULL),(198,7968,198,169,NULL,'2022-11-21 20:45:08','2022-11-21 20:45:08',NULL),(199,7968,199,170,NULL,'2022-11-21 20:45:08','2022-11-21 20:45:08',NULL),(200,7968,200,171,NULL,'2022-11-21 20:45:08','2022-11-21 20:45:08',NULL),(201,7968,201,172,NULL,'2022-11-21 20:45:08','2022-11-21 20:45:08',NULL),(202,7968,202,173,NULL,'2022-11-21 20:45:08','2022-11-21 20:45:08',NULL),(203,7968,203,174,NULL,'2022-11-21 20:45:08','2022-11-21 20:45:08',NULL),(204,7968,204,175,NULL,'2022-11-21 20:45:08','2022-11-21 20:45:08',NULL),(205,7968,205,176,NULL,'2022-11-21 20:45:08','2022-11-21 20:45:08',NULL),(206,7968,206,177,NULL,'2022-11-21 20:45:08','2022-11-21 20:45:08',NULL),(207,7968,207,178,NULL,'2022-11-21 20:45:08','2022-11-21 20:45:08',NULL),(208,7968,208,179,NULL,'2022-11-21 20:45:08','2022-11-21 20:45:08',NULL),(209,7968,209,180,NULL,'2022-11-21 20:45:08','2022-11-21 20:45:08',NULL),(210,7968,210,181,NULL,'2022-11-21 20:45:08','2022-11-21 20:45:08',NULL),(211,7968,211,182,NULL,'2022-11-21 20:45:08','2022-11-21 20:45:08',NULL),(212,7968,212,183,NULL,'2022-11-21 20:45:08','2022-11-21 20:45:08',NULL),(213,7968,213,184,NULL,'2022-11-21 20:45:09','2022-11-21 20:45:09',NULL),(214,7968,214,185,NULL,'2022-11-21 20:45:09','2022-11-21 20:45:09',NULL),(215,7968,215,186,NULL,'2022-11-21 20:45:09','2022-11-21 20:45:09',NULL);
INSERT INTO `cta_cte_cliente_pivot_receipt` VALUES (216,7968,216,187,NULL,'2022-11-21 20:45:09','2022-11-21 20:45:09',NULL),(217,7968,217,188,NULL,'2022-11-21 20:45:09','2022-11-21 20:45:09',NULL),(218,7968,218,189,NULL,'2022-11-21 20:45:09','2022-11-21 20:45:09',NULL),(219,7968,219,190,NULL,'2022-11-21 20:45:09','2022-11-21 20:45:09',NULL),(220,7968,220,191,NULL,'2022-11-21 20:45:09','2022-11-21 20:45:09',NULL),(221,7968,221,192,NULL,'2022-11-21 20:45:09','2022-11-21 20:45:09',NULL),(222,7968,222,193,NULL,'2022-11-21 20:45:09','2022-11-21 20:45:09',NULL),(223,7968,223,194,NULL,'2022-11-21 20:45:09','2022-11-21 20:45:09',NULL),(224,7968,224,195,NULL,'2022-11-21 20:45:09','2022-11-21 20:45:09',NULL),(225,7968,225,196,NULL,'2022-11-21 20:45:09','2022-11-21 20:45:09',NULL),(226,7968,226,197,NULL,'2022-11-21 20:45:09','2022-11-21 20:45:09',NULL),(227,7968,227,198,NULL,'2022-11-21 20:45:09','2022-11-21 20:45:09',NULL),(228,7968,228,199,NULL,'2022-11-21 20:45:09','2022-11-21 20:45:09',NULL),(229,7968,229,200,NULL,'2022-11-21 20:46:54','2022-11-21 20:46:54',NULL),(230,7968,230,201,NULL,'2022-11-21 20:46:54','2022-11-21 20:46:54',NULL),(231,7968,231,202,NULL,'2022-11-21 20:46:54','2022-11-21 20:46:54',NULL),(232,7968,232,203,NULL,'2022-11-21 20:46:54','2022-11-21 20:46:54',NULL),(233,7968,233,204,NULL,'2022-11-21 20:46:54','2022-11-21 20:46:54',NULL),(234,7968,234,205,NULL,'2022-11-21 20:46:54','2022-11-21 20:46:54',NULL),(235,7968,235,206,NULL,'2022-11-21 20:46:54','2022-11-21 20:46:54',NULL),(236,7968,236,207,NULL,'2022-11-21 20:46:54','2022-11-21 20:46:54',NULL),(237,7968,237,208,NULL,'2022-11-21 20:46:54','2022-11-21 20:46:54',NULL),(238,7968,238,209,NULL,'2022-11-21 20:46:54','2022-11-21 20:46:54',NULL),(239,7968,239,210,NULL,'2022-11-21 20:46:54','2022-11-21 20:46:54',NULL),(240,7968,240,211,NULL,'2022-11-21 20:46:54','2022-11-21 20:46:54',NULL),(241,7968,241,212,NULL,'2022-11-21 20:46:54','2022-11-21 20:46:54',NULL),(242,7968,242,213,NULL,'2022-11-21 20:46:55','2022-11-21 20:46:55',NULL),(243,7968,243,214,NULL,'2022-11-21 20:46:55','2022-11-21 20:46:55',NULL),(244,7968,244,215,NULL,'2022-11-21 20:46:55','2022-11-21 20:46:55',NULL),(245,7968,245,216,NULL,'2022-11-21 20:46:55','2022-11-21 20:46:55',NULL),(246,7968,246,217,NULL,'2022-11-21 20:46:55','2022-11-21 20:46:55',NULL),(247,7968,247,218,NULL,'2022-11-21 20:46:55','2022-11-21 20:46:55',NULL),(248,7968,248,219,NULL,'2022-11-21 20:46:55','2022-11-21 20:46:55',NULL),(249,7968,249,220,NULL,'2022-11-21 20:46:55','2022-11-21 20:46:55',NULL),(250,7968,250,221,NULL,'2022-11-21 20:46:55','2022-11-21 20:46:55',NULL),(251,7968,251,222,NULL,'2022-11-21 20:46:55','2022-11-21 20:46:55',NULL),(252,7968,252,223,NULL,'2022-11-21 20:46:55','2022-11-21 20:46:55',NULL),(253,7968,253,224,NULL,'2022-11-21 20:46:55','2022-11-21 20:46:55',NULL),(254,7968,254,225,NULL,'2022-11-21 20:46:55','2022-11-21 20:46:55',NULL),(255,7968,255,226,NULL,'2022-11-21 20:46:55','2022-11-21 20:46:55',NULL),(256,7968,256,227,NULL,'2022-11-21 20:46:55','2022-11-21 20:46:55',NULL),(257,7968,257,228,NULL,'2022-11-21 20:46:55','2022-11-21 20:46:55',NULL),(258,7968,258,229,NULL,'2022-11-21 20:46:55','2022-11-21 20:46:55',NULL),(259,7968,259,230,NULL,'2022-11-21 20:46:55','2022-11-21 20:46:55',NULL),(260,7968,260,231,NULL,'2022-11-21 20:46:55','2022-11-21 20:46:55',NULL),(261,7968,261,232,NULL,'2022-11-21 20:46:55','2022-11-21 20:46:55',NULL),(262,7968,262,233,NULL,'2022-11-21 20:46:55','2022-11-21 20:46:55',NULL),(263,7968,263,234,NULL,'2022-11-21 20:46:55','2022-11-21 20:46:55',NULL),(264,7968,264,235,NULL,'2022-11-21 20:46:55','2022-11-21 20:46:55',NULL),(265,7968,265,236,NULL,'2022-11-21 20:46:55','2022-11-21 20:46:55',NULL),(266,7968,266,237,NULL,'2022-11-21 20:46:55','2022-11-21 20:46:55',NULL),(267,7968,267,238,NULL,'2022-11-23 11:32:43','2022-11-23 11:32:43',NULL),(268,7968,268,239,NULL,'2022-11-23 11:32:43','2022-11-23 11:32:43',NULL),(269,7968,269,240,NULL,'2022-11-23 11:32:43','2022-11-23 11:32:43',NULL);
INSERT INTO `cta_cte_cliente_pivot_receipt` VALUES (270,7968,270,241,NULL,'2022-11-23 11:32:43','2022-11-23 11:32:43',NULL),(271,7968,271,242,NULL,'2022-11-23 11:32:43','2022-11-23 11:32:43',NULL),(272,7968,272,243,NULL,'2022-11-23 11:32:43','2022-11-23 11:32:43',NULL),(273,7968,273,244,NULL,'2022-11-23 11:32:43','2022-11-23 11:32:43',NULL),(274,7968,274,245,NULL,'2022-11-23 11:32:43','2022-11-23 11:32:43',NULL),(275,7968,275,246,NULL,'2022-11-23 11:32:43','2022-11-23 11:32:43',NULL),(276,7968,276,247,NULL,'2022-11-23 11:32:43','2022-11-23 11:32:43',NULL),(277,7968,277,248,NULL,'2022-11-23 11:32:43','2022-11-23 11:32:43',NULL),(278,7968,278,249,NULL,'2022-11-23 11:32:44','2022-11-23 11:32:44',NULL),(279,7968,279,250,NULL,'2022-11-23 11:32:44','2022-11-23 11:32:44',NULL),(280,7968,280,251,NULL,'2022-11-23 11:32:44','2022-11-23 11:32:44',NULL),(281,7968,281,252,NULL,'2022-11-23 11:32:44','2022-11-23 11:32:44',NULL),(282,7968,282,253,NULL,'2022-11-23 11:32:44','2022-11-23 11:32:44',NULL),(283,7968,283,254,NULL,'2022-11-23 11:32:44','2022-11-23 11:32:44',NULL),(284,7968,284,255,NULL,'2022-11-23 11:32:44','2022-11-23 11:32:44',NULL),(285,7968,285,256,NULL,'2022-11-23 11:32:44','2022-11-23 11:32:44',NULL),(286,7968,286,257,NULL,'2022-11-23 11:32:44','2022-11-23 11:32:44',NULL),(287,7968,287,258,NULL,'2022-11-23 11:32:44','2022-11-23 11:32:44',NULL),(288,7968,288,259,NULL,'2022-11-23 11:32:44','2022-11-23 11:32:44',NULL),(289,7968,289,260,NULL,'2022-11-23 11:32:44','2022-11-23 11:32:44',NULL),(290,7968,290,261,NULL,'2022-11-23 11:32:44','2022-11-23 11:32:44',NULL),(291,7968,291,262,NULL,'2022-11-23 11:32:44','2022-11-23 11:32:44',NULL),(292,7968,292,263,NULL,'2022-11-23 11:32:44','2022-11-23 11:32:44',NULL),(293,7968,293,264,NULL,'2022-11-23 11:32:44','2022-11-23 11:32:44',NULL),(294,7968,294,265,NULL,'2022-11-23 11:32:44','2022-11-23 11:32:44',NULL),(295,7968,295,266,NULL,'2022-11-23 11:32:45','2022-11-23 11:32:45',NULL),(296,7968,296,267,NULL,'2022-11-23 11:32:45','2022-11-23 11:32:45',NULL),(297,7968,297,268,NULL,'2022-11-23 11:32:45','2022-11-23 11:32:45',NULL),(298,7968,298,269,NULL,'2022-11-23 11:32:45','2022-11-23 11:32:45',NULL),(299,7968,299,270,NULL,'2022-11-23 11:32:45','2022-11-23 11:32:45',NULL),(300,7968,300,271,NULL,'2022-11-23 11:32:45','2022-11-23 11:32:45',NULL),(301,7968,301,272,NULL,'2022-11-23 11:32:45','2022-11-23 11:32:45',NULL),(302,7968,302,273,NULL,'2022-11-23 11:32:45','2022-11-23 11:32:45',NULL),(303,7968,303,274,NULL,'2022-11-23 11:32:45','2022-11-23 11:32:45',NULL),(304,7968,304,275,NULL,'2022-11-23 11:32:45','2022-11-23 11:32:45',NULL),(305,7968,305,276,NULL,'2022-11-23 11:32:45','2022-11-23 11:32:45',NULL),(306,7968,306,277,NULL,'2022-11-23 11:32:45','2022-11-23 11:32:45',NULL),(307,7968,307,278,NULL,'2022-11-23 11:32:45','2022-11-23 11:32:45',NULL),(308,7968,308,279,NULL,'2022-11-23 11:32:45','2022-11-23 11:32:45',NULL),(309,7968,309,280,NULL,'2022-11-23 11:32:45','2022-11-23 11:32:45',NULL),(310,7968,310,281,NULL,'2022-11-23 11:32:45','2022-11-23 11:32:45',NULL),(311,7968,311,282,NULL,'2022-11-23 11:32:45','2022-11-23 11:32:45',NULL),(312,7968,312,283,NULL,'2022-11-23 11:32:45','2022-11-23 11:32:45',NULL),(313,7968,313,284,NULL,'2022-11-23 11:32:45','2022-11-23 11:32:45',NULL),(314,7968,314,285,NULL,'2022-11-23 11:32:45','2022-11-23 11:32:45',NULL),(315,7968,315,286,NULL,'2022-11-23 11:32:45','2022-11-23 11:32:45',NULL),(316,7968,316,287,NULL,'2022-11-23 11:32:45','2022-11-23 11:32:45',NULL),(317,7968,317,288,NULL,'2022-11-23 11:32:45','2022-11-23 11:32:45',NULL),(318,7968,318,289,NULL,'2022-11-23 11:32:45','2022-11-23 11:32:45',NULL),(319,7968,319,290,NULL,'2022-11-23 11:32:45','2022-11-23 11:32:45',NULL),(320,7968,320,291,NULL,'2022-11-23 11:32:45','2022-11-23 11:32:45',NULL),(321,7968,321,292,NULL,'2022-11-23 11:32:45','2022-11-23 11:32:45',NULL),(322,7968,322,293,NULL,'2022-11-23 11:32:46','2022-11-23 11:32:46',NULL),(323,7968,323,294,NULL,'2022-11-23 11:32:46','2022-11-23 11:32:46',NULL);
INSERT INTO `cta_cte_cliente_pivot_receipt` VALUES (324,7968,324,295,NULL,'2022-11-23 11:32:46','2022-11-23 11:32:46',NULL),(325,7968,325,296,NULL,'2022-11-23 11:32:46','2022-11-23 11:32:46',NULL),(326,7968,326,297,NULL,'2022-11-23 11:32:46','2022-11-23 11:32:46',NULL),(327,7968,327,298,NULL,'2022-11-23 11:32:46','2022-11-23 11:32:46',NULL),(328,7968,328,299,NULL,'2022-11-23 11:32:46','2022-11-23 11:32:46',NULL),(329,7968,329,300,NULL,'2022-11-23 11:32:46','2022-11-23 11:32:46',NULL),(330,7968,330,301,NULL,'2022-11-23 11:32:46','2022-11-23 11:32:46',NULL),(331,7968,331,302,NULL,'2022-11-23 11:32:46','2022-11-23 11:32:46',NULL),(332,7968,332,303,NULL,'2022-11-23 11:32:46','2022-11-23 11:32:46',NULL),(333,7968,333,304,NULL,'2022-11-23 11:32:46','2022-11-23 11:32:46',NULL),(334,7968,334,305,NULL,'2022-11-23 11:32:46','2022-11-23 11:32:46',NULL),(335,7968,335,306,NULL,'2022-11-23 11:32:46','2022-11-23 11:32:46',NULL),(336,7968,336,307,NULL,'2022-11-23 11:32:46','2022-11-23 11:32:46',NULL),(337,7968,337,308,NULL,'2022-11-23 11:32:46','2022-11-23 11:32:46',NULL),(338,7968,338,309,NULL,'2022-11-23 11:32:46','2022-11-23 11:32:46',NULL),(339,7968,339,310,NULL,'2022-11-23 11:32:46','2022-11-23 11:32:46',NULL),(340,7968,340,311,NULL,'2022-11-23 11:32:46','2022-11-23 11:32:46',NULL),(341,7968,341,312,NULL,'2022-11-23 11:32:46','2022-11-23 11:32:46',NULL),(342,7968,342,313,NULL,'2022-11-23 11:32:46','2022-11-23 11:32:46',NULL),(343,7968,343,314,NULL,'2022-11-23 11:32:46','2022-11-23 11:32:46',NULL),(344,7968,344,315,NULL,'2022-11-23 11:32:46','2022-11-23 11:32:46',NULL),(345,7968,345,316,NULL,'2022-11-23 11:32:46','2022-11-23 11:32:46',NULL),(346,7968,346,317,NULL,'2022-11-23 11:32:46','2022-11-23 11:32:46',NULL),(347,7968,347,318,NULL,'2022-11-23 11:32:46','2022-11-23 11:32:46',NULL),(348,7968,348,319,NULL,'2022-11-23 11:32:46','2022-11-23 11:32:46',NULL),(349,7968,349,320,NULL,'2022-11-23 11:32:46','2022-11-23 11:32:46',NULL),(350,7968,350,321,NULL,'2022-11-23 11:32:47','2022-11-23 11:32:47',NULL),(351,7968,351,322,NULL,'2022-11-23 11:32:47','2022-11-23 11:32:47',NULL),(352,7968,352,323,NULL,'2022-11-23 11:32:47','2022-11-23 11:32:47',NULL),(353,7968,353,324,NULL,'2022-11-23 11:32:47','2022-11-23 11:32:47',NULL),(354,7968,354,325,NULL,'2022-11-23 11:32:47','2022-11-23 11:32:47',NULL),(355,7968,355,326,NULL,'2022-11-23 11:32:47','2022-11-23 11:32:47',NULL),(356,7968,356,327,NULL,'2022-11-23 11:32:47','2022-11-23 11:32:47',NULL),(357,7968,357,328,NULL,'2022-11-23 11:32:47','2022-11-23 11:32:47',NULL),(358,7968,358,329,NULL,'2022-11-23 11:32:47','2022-11-23 11:32:47',NULL),(359,7968,359,330,NULL,'2022-11-23 11:32:47','2022-11-23 11:32:47',NULL),(360,7968,360,331,NULL,'2022-11-23 11:32:47','2022-11-23 11:32:47',NULL),(361,7968,361,332,NULL,'2022-11-23 11:32:47','2022-11-23 11:32:47',NULL),(362,7968,362,333,NULL,'2022-11-23 11:32:47','2022-11-23 11:32:47',NULL),(363,7968,363,334,NULL,'2022-11-23 11:32:47','2022-11-23 11:32:47',NULL),(364,7968,364,335,NULL,'2022-11-23 11:32:47','2022-11-23 11:32:47',NULL),(365,7968,365,336,NULL,'2022-11-23 11:32:47','2022-11-23 11:32:47',NULL),(366,7968,366,337,NULL,'2022-11-23 11:32:47','2022-11-23 11:32:47',NULL),(367,7968,367,338,NULL,'2022-11-23 11:32:47','2022-11-23 11:32:47',NULL),(368,7968,368,339,NULL,'2022-11-23 11:32:47','2022-11-23 11:32:47',NULL),(369,7968,369,340,NULL,'2022-11-23 11:32:47','2022-11-23 11:32:47',NULL),(370,7968,370,341,NULL,'2022-11-23 11:32:47','2022-11-23 11:32:47',NULL),(371,7968,371,342,NULL,'2022-11-23 11:32:47','2022-11-23 11:32:47',NULL),(372,7968,372,343,NULL,'2022-11-23 11:32:47','2022-11-23 11:32:47',NULL),(373,7968,373,344,NULL,'2022-11-23 11:32:47','2022-11-23 11:32:47',NULL),(374,7968,374,345,NULL,'2022-11-23 11:32:47','2022-11-23 11:32:47',NULL),(375,7968,375,346,NULL,'2022-11-23 11:32:47','2022-11-23 11:32:47',NULL),(376,7968,376,347,NULL,'2022-11-23 11:32:47','2022-11-23 11:32:47',NULL),(377,7968,377,348,NULL,'2022-11-23 11:32:48','2022-11-23 11:32:48',NULL);
INSERT INTO `cta_cte_cliente_pivot_receipt` VALUES (378,7968,378,349,NULL,'2022-11-23 11:32:48','2022-11-23 11:32:48',NULL),(379,7968,379,350,NULL,'2022-11-23 11:32:48','2022-11-23 11:32:48',NULL),(380,7968,380,351,NULL,'2022-11-23 11:32:48','2022-11-23 11:32:48',NULL),(381,7968,381,352,NULL,'2022-11-23 11:32:48','2022-11-23 11:32:48',NULL),(382,7968,382,353,NULL,'2022-11-23 11:32:48','2022-11-23 11:32:48',NULL),(383,7968,383,354,NULL,'2022-11-23 11:32:48','2022-11-23 11:32:48',NULL),(384,7968,384,355,NULL,'2022-11-23 11:32:48','2022-11-23 11:32:48',NULL),(385,7968,385,356,NULL,'2022-11-23 11:32:48','2022-11-23 11:32:48',NULL),(386,7968,386,357,NULL,'2022-11-23 11:32:48','2022-11-23 11:32:48',NULL),(387,7968,387,358,NULL,'2022-11-23 11:32:48','2022-11-23 11:32:48',NULL),(388,7968,388,359,NULL,'2022-11-23 11:32:48','2022-11-23 11:32:48',NULL),(389,7968,389,360,NULL,'2022-11-23 11:32:48','2022-11-23 11:32:48',NULL),(390,7968,390,361,NULL,'2022-11-23 11:32:48','2022-11-23 11:32:48',NULL),(391,7968,391,362,NULL,'2022-11-23 11:32:48','2022-11-23 11:32:48',NULL),(392,7968,392,363,NULL,'2022-11-23 11:32:48','2022-11-23 11:32:48',NULL),(393,7968,393,364,NULL,'2022-11-23 11:32:48','2022-11-23 11:32:48',NULL),(394,7968,394,365,NULL,'2022-11-23 11:32:48','2022-11-23 11:32:48',NULL),(395,7968,395,366,NULL,'2022-11-23 11:32:48','2022-11-23 11:32:48',NULL),(396,7968,396,367,NULL,'2022-11-23 11:32:48','2022-11-23 11:32:48',NULL),(397,7968,397,368,NULL,'2022-11-23 11:32:48','2022-11-23 11:32:48',NULL),(398,7968,398,369,NULL,'2022-11-23 11:32:48','2022-11-23 11:32:48',NULL),(399,7968,399,370,NULL,'2022-11-23 11:32:48','2022-11-23 11:32:48',NULL),(400,7968,400,371,NULL,'2022-11-23 11:32:48','2022-11-23 11:32:48',NULL),(401,7968,401,372,NULL,'2022-11-23 11:32:48','2022-11-23 11:32:48',NULL),(402,7968,402,373,NULL,'2022-11-23 11:32:48','2022-11-23 11:32:48',NULL),(403,7968,403,374,NULL,'2022-11-23 11:32:48','2022-11-23 11:32:48',NULL),(404,7968,404,375,NULL,'2022-11-23 11:32:48','2022-11-23 11:32:48',NULL),(405,7968,405,376,NULL,'2022-11-23 11:32:48','2022-11-23 11:32:48',NULL),(406,7968,406,377,NULL,'2022-11-23 11:32:49','2022-11-23 11:32:49',NULL),(407,7968,407,378,NULL,'2022-11-23 11:32:49','2022-11-23 11:32:49',NULL),(408,7968,408,379,NULL,'2022-11-23 11:32:49','2022-11-23 11:32:49',NULL),(409,7968,409,380,NULL,'2022-11-23 11:32:49','2022-11-23 11:32:49',NULL),(410,7968,410,381,NULL,'2022-11-23 11:32:49','2022-11-23 11:32:49',NULL),(411,7968,411,382,NULL,'2022-11-23 11:32:49','2022-11-23 11:32:49',NULL),(412,7968,412,383,NULL,'2022-11-23 11:32:49','2022-11-23 11:32:49',NULL),(413,7968,413,384,NULL,'2022-11-23 11:32:49','2022-11-23 11:32:49',NULL),(414,7968,414,385,NULL,'2022-11-23 11:32:49','2022-11-23 11:32:49',NULL),(415,7968,415,386,NULL,'2022-11-23 11:32:49','2022-11-23 11:32:49',NULL),(416,7968,416,387,NULL,'2022-11-23 11:32:49','2022-11-23 11:32:49',NULL),(417,7968,417,388,NULL,'2022-11-23 11:32:49','2022-11-23 11:32:49',NULL),(418,7968,418,389,NULL,'2022-11-23 11:32:49','2022-11-23 11:32:49',NULL),(419,7968,419,390,NULL,'2022-11-23 11:32:49','2022-11-23 11:32:49',NULL),(420,7968,420,391,NULL,'2022-11-23 11:32:49','2022-11-23 11:32:49',NULL),(421,7968,421,392,NULL,'2022-11-23 11:32:49','2022-11-23 11:32:49',NULL),(422,7968,422,393,NULL,'2022-11-23 11:32:49','2022-11-23 11:32:49',NULL),(423,7968,423,394,NULL,'2022-11-23 11:32:49','2022-11-23 11:32:49',NULL),(424,7968,424,395,NULL,'2022-11-23 11:32:49','2022-11-23 11:32:49',NULL),(425,7968,425,396,NULL,'2022-11-23 11:32:49','2022-11-23 11:32:49',NULL),(426,7968,426,397,NULL,'2022-11-23 11:32:49','2022-11-23 11:32:49',NULL),(427,7968,427,398,NULL,'2022-11-23 11:32:49','2022-11-23 11:32:49',NULL),(428,7968,428,399,NULL,'2022-11-23 11:32:49','2022-11-23 11:32:49',NULL),(429,7968,429,400,NULL,'2022-11-23 11:32:49','2022-11-23 11:32:49',NULL),(430,7968,430,401,NULL,'2022-11-23 11:32:49','2022-11-23 11:32:49',NULL),(431,7968,431,402,NULL,'2022-11-23 11:32:49','2022-11-23 11:32:49',NULL);
INSERT INTO `cta_cte_cliente_pivot_receipt` VALUES (432,7968,432,403,NULL,'2022-11-23 11:32:50','2022-11-23 11:32:50',NULL),(433,7968,433,404,NULL,'2022-11-23 11:32:50','2022-11-23 11:32:50',NULL),(434,7968,434,405,NULL,'2022-11-23 11:32:50','2022-11-23 11:32:50',NULL),(435,7968,435,406,NULL,'2022-11-23 11:32:50','2022-11-23 11:32:50',NULL),(436,7968,436,407,NULL,'2022-11-23 11:32:50','2022-11-23 11:32:50',NULL),(437,7968,437,408,NULL,'2022-11-23 11:32:50','2022-11-23 11:32:50',NULL),(438,7968,438,409,NULL,'2022-11-23 11:32:50','2022-11-23 11:32:50',NULL),(439,7968,439,410,NULL,'2022-11-23 11:32:50','2022-11-23 11:32:50',NULL),(440,7968,440,411,NULL,'2022-11-23 11:32:50','2022-11-23 11:32:50',NULL),(441,7968,441,412,NULL,'2022-11-23 11:32:50','2022-11-23 11:32:50',NULL),(442,7968,442,413,NULL,'2022-11-23 11:32:50','2022-11-23 11:32:50',NULL),(443,7968,443,414,NULL,'2022-11-23 11:32:50','2022-11-23 11:32:50',NULL),(444,7968,444,415,NULL,'2022-11-23 11:32:50','2022-11-23 11:32:50',NULL),(445,7968,445,416,NULL,'2022-11-23 11:32:50','2022-11-23 11:32:50',NULL),(446,7968,446,417,NULL,'2022-11-23 11:32:50','2022-11-23 11:32:50',NULL),(447,7968,447,418,NULL,'2022-11-23 11:32:50','2022-11-23 11:32:50',NULL),(448,7968,448,419,NULL,'2022-11-23 11:32:50','2022-11-23 11:32:50',NULL),(449,7968,449,420,NULL,'2022-11-23 11:32:50','2022-11-23 11:32:50',NULL),(450,7968,450,421,NULL,'2022-11-23 11:32:50','2022-11-23 11:32:50',NULL),(451,7968,451,422,NULL,'2022-11-23 11:32:50','2022-11-23 11:32:50',NULL),(452,7968,452,423,NULL,'2022-11-23 11:32:50','2022-11-23 11:32:50',NULL),(453,7968,453,424,NULL,'2022-11-23 11:32:50','2022-11-23 11:32:50',NULL),(454,7968,454,425,NULL,'2022-11-23 11:32:50','2022-11-23 11:32:50',NULL),(455,7968,455,426,NULL,'2022-11-23 11:32:50','2022-11-23 11:32:50',NULL),(456,7968,456,427,NULL,'2022-11-23 11:32:50','2022-11-23 11:32:50',NULL),(457,7968,457,428,NULL,'2022-11-23 11:32:50','2022-11-23 11:32:50',NULL),(458,7968,458,429,NULL,'2022-11-23 11:32:50','2022-11-23 11:32:50',NULL),(459,7968,459,430,NULL,'2022-11-23 11:32:50','2022-11-23 11:32:50',NULL),(460,7968,460,431,NULL,'2022-11-23 11:32:50','2022-11-23 11:32:50',NULL),(461,7968,461,432,NULL,'2022-11-23 11:32:50','2022-11-23 11:32:50',NULL),(462,7968,462,433,NULL,'2022-11-23 11:32:50','2022-11-23 11:32:50',NULL),(463,7968,463,434,NULL,'2022-11-23 11:32:50','2022-11-23 11:32:50',NULL),(464,7968,464,435,NULL,'2022-11-23 11:32:50','2022-11-23 11:32:50',NULL),(465,7968,465,436,NULL,'2022-11-23 11:32:51','2022-11-23 11:32:51',NULL),(466,7968,466,437,NULL,'2022-11-23 11:32:51','2022-11-23 11:32:51',NULL),(467,7968,467,438,NULL,'2022-11-23 11:32:51','2022-11-23 11:32:51',NULL),(468,7968,468,439,NULL,'2022-11-23 11:32:51','2022-11-23 11:32:51',NULL),(469,7968,469,440,NULL,'2022-11-23 11:32:51','2022-11-23 11:32:51',NULL),(470,7968,470,441,NULL,'2022-11-23 11:32:51','2022-11-23 11:32:51',NULL),(471,7968,471,442,NULL,'2022-11-23 11:32:51','2022-11-23 11:32:51',NULL),(472,7968,472,443,NULL,'2022-11-23 11:32:51','2022-11-23 11:32:51',NULL),(473,7968,473,444,NULL,'2022-11-23 11:32:51','2022-11-23 11:32:51',NULL),(474,7968,474,445,NULL,'2022-11-23 11:32:51','2022-11-23 11:32:51',NULL),(475,7968,475,446,NULL,'2022-11-23 11:32:51','2022-11-23 11:32:51',NULL),(476,7968,476,447,NULL,'2022-11-23 11:32:51','2022-11-23 11:32:51',NULL),(477,7968,477,448,NULL,'2022-11-23 11:32:51','2022-11-23 11:32:51',NULL),(478,7968,478,449,NULL,'2022-11-23 11:32:51','2022-11-23 11:32:51',NULL),(479,7968,479,450,NULL,'2022-11-23 11:32:51','2022-11-23 11:32:51',NULL),(480,7968,480,451,NULL,'2022-11-23 11:32:51','2022-11-23 11:32:51',NULL),(481,7968,481,452,NULL,'2022-11-23 11:32:51','2022-11-23 11:32:51',NULL),(482,7968,482,453,NULL,'2022-11-23 11:32:51','2022-11-23 11:32:51',NULL),(483,7968,483,454,NULL,'2022-11-23 11:32:51','2022-11-23 11:32:51',NULL),(484,7968,484,455,NULL,'2022-11-23 11:32:51','2022-11-23 11:32:51',NULL),(485,7968,485,456,NULL,'2022-11-23 11:32:51','2022-11-23 11:32:51',NULL);
INSERT INTO `cta_cte_cliente_pivot_receipt` VALUES (486,7968,486,457,NULL,'2022-11-23 11:32:51','2022-11-23 11:32:51',NULL),(487,7968,487,458,NULL,'2022-11-23 11:32:51','2022-11-23 11:32:51',NULL),(488,7968,488,459,NULL,'2022-11-23 11:32:51','2022-11-23 11:32:51',NULL),(489,7968,489,460,NULL,'2022-11-23 11:32:51','2022-11-23 11:32:51',NULL),(490,7968,490,461,NULL,'2022-11-23 11:32:51','2022-11-23 11:32:51',NULL),(491,7968,491,462,NULL,'2022-11-23 11:32:51','2022-11-23 11:32:51',NULL),(492,7968,492,463,NULL,'2022-11-23 11:32:51','2022-11-23 11:32:51',NULL),(493,7968,493,464,NULL,'2022-11-23 11:32:51','2022-11-23 11:32:51',NULL),(494,7968,494,465,NULL,'2022-11-23 11:32:51','2022-11-23 11:32:51',NULL),(495,7968,495,466,NULL,'2022-11-23 11:32:52','2022-11-23 11:32:52',NULL),(496,7968,496,467,NULL,'2022-11-23 11:32:52','2022-11-23 11:32:52',NULL),(497,7968,497,468,NULL,'2022-11-23 11:32:52','2022-11-23 11:32:52',NULL),(498,7968,498,469,NULL,'2022-11-23 11:32:52','2022-11-23 11:32:52',NULL),(499,7968,499,470,NULL,'2022-11-23 11:32:52','2022-11-23 11:32:52',NULL),(500,7968,500,471,NULL,'2022-11-23 11:32:52','2022-11-23 11:32:52',NULL),(501,7968,501,472,NULL,'2022-11-23 11:32:52','2022-11-23 11:32:52',NULL),(502,7968,502,473,NULL,'2022-11-23 11:32:52','2022-11-23 11:32:52',NULL),(503,7968,503,474,NULL,'2022-11-23 11:32:52','2022-11-23 11:32:52',NULL),(504,7968,504,475,NULL,'2022-11-23 11:32:52','2022-11-23 11:32:52',NULL),(505,7968,505,476,NULL,'2022-11-23 11:32:52','2022-11-23 11:32:52',NULL),(506,7968,506,477,NULL,'2022-11-23 11:32:52','2022-11-23 11:32:52',NULL),(507,7968,507,478,NULL,'2022-11-23 11:32:52','2022-11-23 11:32:52',NULL),(508,7968,508,479,NULL,'2022-11-23 11:32:52','2022-11-23 11:32:52',NULL),(509,7968,509,480,NULL,'2022-11-23 11:32:52','2022-11-23 11:32:52',NULL),(510,7968,510,481,NULL,'2022-11-23 11:32:52','2022-11-23 11:32:52',NULL),(511,7968,511,482,NULL,'2022-11-23 11:32:52','2022-11-23 11:32:52',NULL),(512,7968,512,483,NULL,'2022-11-23 11:32:52','2022-11-23 11:32:52',NULL),(513,7968,513,484,NULL,'2022-11-23 11:32:52','2022-11-23 11:32:52',NULL),(514,7968,514,485,NULL,'2022-11-23 11:32:52','2022-11-23 11:32:52',NULL),(515,7968,515,486,NULL,'2022-11-23 11:32:52','2022-11-23 11:32:52',NULL),(516,7968,516,487,NULL,'2022-11-23 11:32:52','2022-11-23 11:32:52',NULL),(517,7968,517,488,NULL,'2022-11-23 11:32:52','2022-11-23 11:32:52',NULL),(518,7968,518,489,NULL,'2022-11-23 11:32:52','2022-11-23 11:32:52',NULL),(519,7968,519,490,NULL,'2022-11-23 11:32:52','2022-11-23 11:32:52',NULL),(520,7968,520,491,NULL,'2022-11-23 11:32:52','2022-11-23 11:32:52',NULL),(521,7968,521,492,NULL,'2022-11-23 11:32:52','2022-11-23 11:32:52',NULL),(522,7968,522,493,NULL,'2022-11-23 11:32:52','2022-11-23 11:32:52',NULL),(523,7968,523,494,NULL,'2022-11-23 11:32:53','2022-11-23 11:32:53',NULL),(524,7968,524,495,NULL,'2022-11-23 11:32:53','2022-11-23 11:32:53',NULL),(525,7968,525,496,NULL,'2022-11-23 11:32:53','2022-11-23 11:32:53',NULL),(526,7968,526,497,NULL,'2022-11-23 11:32:53','2022-11-23 11:32:53',NULL),(527,7968,527,498,NULL,'2022-11-23 11:32:53','2022-11-23 11:32:53',NULL),(528,7968,528,499,NULL,'2022-11-23 11:32:53','2022-11-23 11:32:53',NULL),(529,7968,529,500,NULL,'2022-11-23 11:32:53','2022-11-23 11:32:53',NULL),(530,7968,530,501,NULL,'2022-11-23 11:32:53','2022-11-23 11:32:53',NULL),(531,7968,531,502,NULL,'2022-11-23 11:32:53','2022-11-23 11:32:53',NULL),(532,7968,532,503,NULL,'2022-11-23 11:32:53','2022-11-23 11:32:53',NULL),(533,7968,533,504,NULL,'2022-11-23 11:32:53','2022-11-23 11:32:53',NULL),(534,7968,534,505,NULL,'2022-11-23 11:32:53','2022-11-23 11:32:53',NULL),(535,7968,535,506,NULL,'2022-11-23 11:32:53','2022-11-23 11:32:53',NULL),(536,7968,536,507,NULL,'2022-11-23 11:32:53','2022-11-23 11:32:53',NULL),(537,7968,537,508,NULL,'2022-11-23 11:32:53','2022-11-23 11:32:53',NULL),(538,7968,538,509,NULL,'2022-11-23 11:32:53','2022-11-23 11:32:53',NULL),(539,7968,539,510,NULL,'2022-11-23 11:32:53','2022-11-23 11:32:53',NULL);
INSERT INTO `cta_cte_cliente_pivot_receipt` VALUES (540,7968,540,511,NULL,'2022-11-23 11:32:53','2022-11-23 11:32:53',NULL),(541,7968,541,512,NULL,'2022-11-23 11:32:53','2022-11-23 11:32:53',NULL),(542,7968,542,513,NULL,'2022-11-23 11:32:53','2022-11-23 11:32:53',NULL),(543,7968,543,514,NULL,'2022-11-23 11:32:53','2022-11-23 11:32:53',NULL),(544,7968,544,515,NULL,'2022-11-23 11:32:53','2022-11-23 11:32:53',NULL),(545,7968,545,516,NULL,'2022-11-23 11:32:53','2022-11-23 11:32:53',NULL),(546,7968,546,517,NULL,'2022-11-23 11:32:53','2022-11-23 11:32:53',NULL),(547,7968,547,518,NULL,'2022-11-23 11:32:53','2022-11-23 11:32:53',NULL),(548,7968,548,519,NULL,'2022-11-23 11:32:53','2022-11-23 11:32:53',NULL),(549,7968,549,520,NULL,'2022-11-23 11:32:53','2022-11-23 11:32:53',NULL),(550,7968,550,521,NULL,'2022-11-23 11:32:53','2022-11-23 11:32:53',NULL),(551,7968,551,522,NULL,'2022-11-23 11:32:53','2022-11-23 11:32:53',NULL),(552,7968,552,523,NULL,'2022-11-23 11:33:36','2022-11-23 11:33:36',NULL),(553,7968,553,524,NULL,'2022-11-23 11:33:36','2022-11-23 11:33:36',NULL),(554,7968,554,525,NULL,'2022-11-23 11:33:36','2022-11-23 11:33:36',NULL),(555,7968,555,526,NULL,'2022-11-23 11:33:36','2022-11-23 11:33:36',NULL),(556,7968,556,527,NULL,'2022-11-23 11:33:36','2022-11-23 11:33:36',NULL),(557,7968,557,528,NULL,'2022-11-23 11:33:36','2022-11-23 11:33:36',NULL),(558,7968,558,529,NULL,'2022-11-23 11:33:36','2022-11-23 11:33:36',NULL),(559,7968,559,530,NULL,'2022-11-23 11:33:36','2022-11-23 11:33:36',NULL),(560,7968,560,531,NULL,'2022-11-23 11:33:36','2022-11-23 11:33:36',NULL),(561,7968,561,532,NULL,'2022-11-23 11:33:36','2022-11-23 11:33:36',NULL),(562,7968,562,533,NULL,'2022-11-23 11:33:36','2022-11-23 11:33:36',NULL),(563,7968,563,534,NULL,'2022-11-23 11:33:36','2022-11-23 11:33:36',NULL),(564,7968,564,535,NULL,'2022-11-23 11:33:36','2022-11-23 11:33:36',NULL),(565,7968,565,536,NULL,'2022-11-23 11:33:36','2022-11-23 11:33:36',NULL),(566,7968,566,537,NULL,'2022-11-23 11:33:36','2022-11-23 11:33:36',NULL),(567,7968,567,538,NULL,'2022-11-23 11:33:36','2022-11-23 11:33:36',NULL),(568,7968,568,539,NULL,'2022-11-23 11:33:36','2022-11-23 11:33:36',NULL),(569,7968,569,540,NULL,'2022-11-23 11:33:36','2022-11-23 11:33:36',NULL),(570,7968,570,541,NULL,'2022-11-23 11:33:36','2022-11-23 11:33:36',NULL),(571,7968,571,542,NULL,'2022-11-23 11:33:36','2022-11-23 11:33:36',NULL),(572,7968,572,543,NULL,'2022-11-23 11:33:36','2022-11-23 11:33:36',NULL),(573,7968,573,544,NULL,'2022-11-23 11:33:36','2022-11-23 11:33:36',NULL),(574,7968,574,545,NULL,'2022-11-23 11:33:36','2022-11-23 11:33:36',NULL),(575,7968,575,546,NULL,'2022-11-23 11:33:36','2022-11-23 11:33:36',NULL),(576,7968,576,547,NULL,'2022-11-23 11:33:36','2022-11-23 11:33:36',NULL),(577,7968,577,548,NULL,'2022-11-23 11:33:37','2022-11-23 11:33:37',NULL),(578,7968,578,549,NULL,'2022-11-23 11:33:37','2022-11-23 11:33:37',NULL),(579,7968,579,550,NULL,'2022-11-23 11:33:37','2022-11-23 11:33:37',NULL),(580,7968,580,551,NULL,'2022-11-23 11:33:37','2022-11-23 11:33:37',NULL),(581,7968,581,552,NULL,'2022-11-23 11:33:37','2022-11-23 11:33:37',NULL),(582,7968,582,553,NULL,'2022-11-23 11:33:37','2022-11-23 11:33:37',NULL),(583,7968,583,554,NULL,'2022-11-23 11:33:37','2022-11-23 11:33:37',NULL),(584,7968,584,555,NULL,'2022-11-23 11:33:37','2022-11-23 11:33:37',NULL),(585,7968,585,556,NULL,'2022-11-23 11:33:37','2022-11-23 11:33:37',NULL),(586,7968,586,557,NULL,'2022-11-23 11:33:37','2022-11-23 11:33:37',NULL),(587,7968,587,558,NULL,'2022-11-23 11:33:37','2022-11-23 11:33:37',NULL),(588,7968,588,559,NULL,'2022-11-23 11:33:37','2022-11-23 11:33:37',NULL),(589,7968,589,560,NULL,'2022-11-23 11:33:37','2022-11-23 11:33:37',NULL),(590,7968,590,561,NULL,'2022-11-23 11:33:37','2022-11-23 11:33:37',NULL),(591,7968,591,562,NULL,'2022-11-23 11:33:37','2022-11-23 11:33:37',NULL),(592,7968,592,563,NULL,'2022-11-23 11:33:37','2022-11-23 11:33:37',NULL),(593,7968,593,564,NULL,'2022-11-23 11:33:37','2022-11-23 11:33:37',NULL);
INSERT INTO `cta_cte_cliente_pivot_receipt` VALUES (594,7968,594,565,NULL,'2022-11-23 11:33:37','2022-11-23 11:33:37',NULL),(595,7968,595,566,NULL,'2022-11-23 11:33:37','2022-11-23 11:33:37',NULL),(596,7968,596,567,NULL,'2022-11-23 11:33:37','2022-11-23 11:33:37',NULL),(597,7968,597,568,NULL,'2022-11-23 11:33:37','2022-11-23 11:33:37',NULL),(598,7968,598,569,NULL,'2022-11-23 11:33:37','2022-11-23 11:33:37',NULL),(599,7968,599,570,NULL,'2022-11-23 11:33:37','2022-11-23 11:33:37',NULL),(600,7968,600,571,NULL,'2022-11-23 11:33:38','2022-11-23 11:33:38',NULL),(601,7968,601,572,NULL,'2022-11-23 11:33:38','2022-11-23 11:33:38',NULL),(602,7968,602,573,NULL,'2022-11-23 11:33:38','2022-11-23 11:33:38',NULL),(603,7968,603,574,NULL,'2022-11-23 11:33:38','2022-11-23 11:33:38',NULL),(604,7968,604,575,NULL,'2022-11-23 11:33:38','2022-11-23 11:33:38',NULL),(605,7968,605,576,NULL,'2022-11-23 11:33:38','2022-11-23 11:33:38',NULL),(606,7968,606,577,NULL,'2022-11-23 11:33:38','2022-11-23 11:33:38',NULL),(607,7968,607,578,NULL,'2022-11-23 11:33:38','2022-11-23 11:33:38',NULL),(608,7968,608,579,NULL,'2022-11-23 11:33:38','2022-11-23 11:33:38',NULL),(609,7968,609,580,NULL,'2022-11-23 11:33:38','2022-11-23 11:33:38',NULL),(610,7968,610,581,NULL,'2022-11-23 11:33:38','2022-11-23 11:33:38',NULL),(611,7968,611,582,NULL,'2022-11-23 11:33:38','2022-11-23 11:33:38',NULL),(612,7968,612,583,NULL,'2022-11-23 11:33:38','2022-11-23 11:33:38',NULL),(613,7968,613,584,NULL,'2022-11-23 11:33:38','2022-11-23 11:33:38',NULL),(614,7968,614,585,NULL,'2022-11-23 11:33:38','2022-11-23 11:33:38',NULL),(615,7968,615,586,NULL,'2022-11-23 11:33:38','2022-11-23 11:33:38',NULL),(616,7968,616,587,NULL,'2022-11-23 11:33:38','2022-11-23 11:33:38',NULL),(617,7968,617,588,NULL,'2022-11-23 11:33:38','2022-11-23 11:33:38',NULL),(618,7968,618,589,NULL,'2022-11-23 11:33:38','2022-11-23 11:33:38',NULL),(619,7968,619,590,NULL,'2022-11-23 11:33:39','2022-11-23 11:33:39',NULL),(620,7968,620,591,NULL,'2022-11-23 11:33:39','2022-11-23 11:33:39',NULL),(621,7968,621,592,NULL,'2022-11-23 11:33:39','2022-11-23 11:33:39',NULL),(622,7968,622,593,NULL,'2022-11-23 11:33:39','2022-11-23 11:33:39',NULL),(623,7968,623,594,NULL,'2022-11-23 11:33:39','2022-11-23 11:33:39',NULL),(624,7968,624,595,NULL,'2022-11-23 11:33:39','2022-11-23 11:33:39',NULL),(625,7968,625,596,NULL,'2022-11-23 11:33:39','2022-11-23 11:33:39',NULL),(626,7968,626,597,NULL,'2022-11-23 11:33:39','2022-11-23 11:33:39',NULL),(627,7968,627,598,NULL,'2022-11-23 11:33:39','2022-11-23 11:33:39',NULL),(628,7968,628,599,NULL,'2022-11-23 11:33:39','2022-11-23 11:33:39',NULL),(629,7968,629,600,NULL,'2022-11-23 11:33:39','2022-11-23 11:33:39',NULL),(630,7968,630,601,NULL,'2022-11-23 11:33:39','2022-11-23 11:33:39',NULL),(631,7968,631,602,NULL,'2022-11-23 11:33:39','2022-11-23 11:33:39',NULL),(632,7968,632,603,NULL,'2022-11-23 11:33:39','2022-11-23 11:33:39',NULL),(633,7968,633,604,NULL,'2022-11-23 11:33:39','2022-11-23 11:33:39',NULL),(634,7968,634,605,NULL,'2022-11-23 11:33:39','2022-11-23 11:33:39',NULL),(635,7968,635,606,NULL,'2022-11-23 11:33:39','2022-11-23 11:33:39',NULL),(636,7968,636,607,NULL,'2022-11-23 11:33:39','2022-11-23 11:33:39',NULL),(637,7968,637,608,NULL,'2022-11-23 11:33:39','2022-11-23 11:33:39',NULL),(638,7968,638,609,NULL,'2022-11-23 11:33:39','2022-11-23 11:33:39',NULL),(639,7968,639,610,NULL,'2022-11-23 11:33:39','2022-11-23 11:33:39',NULL),(640,7968,640,611,NULL,'2022-11-23 11:33:39','2022-11-23 11:33:39',NULL),(641,7968,641,612,NULL,'2022-11-23 11:33:39','2022-11-23 11:33:39',NULL),(642,7968,642,613,NULL,'2022-11-23 11:33:39','2022-11-23 11:33:39',NULL),(643,7968,643,614,NULL,'2022-11-23 11:33:39','2022-11-23 11:33:39',NULL),(644,7968,644,615,NULL,'2022-11-23 11:33:39','2022-11-23 11:33:39',NULL),(645,7968,645,616,NULL,'2022-11-23 11:33:39','2022-11-23 11:33:39',NULL),(646,7968,646,617,NULL,'2022-11-23 11:33:39','2022-11-23 11:33:39',NULL),(647,7968,647,618,NULL,'2022-11-23 11:33:39','2022-11-23 11:33:39',NULL);
INSERT INTO `cta_cte_cliente_pivot_receipt` VALUES (648,7968,648,619,NULL,'2022-11-23 11:33:40','2022-11-23 11:33:40',NULL),(649,7968,649,620,NULL,'2022-11-23 11:33:40','2022-11-23 11:33:40',NULL),(650,7968,650,621,NULL,'2022-11-23 11:33:40','2022-11-23 11:33:40',NULL),(651,7968,651,622,NULL,'2022-11-23 11:33:40','2022-11-23 11:33:40',NULL),(652,7968,652,623,NULL,'2022-11-23 11:33:40','2022-11-23 11:33:40',NULL),(653,7968,653,624,NULL,'2022-11-23 11:33:40','2022-11-23 11:33:40',NULL),(654,7968,654,625,NULL,'2022-11-23 11:33:40','2022-11-23 11:33:40',NULL),(655,7968,655,626,NULL,'2022-11-23 11:33:40','2022-11-23 11:33:40',NULL),(656,7968,656,627,NULL,'2022-11-23 11:33:40','2022-11-23 11:33:40',NULL),(657,7968,657,628,NULL,'2022-11-23 11:33:40','2022-11-23 11:33:40',NULL),(658,7968,658,629,NULL,'2022-11-23 11:33:40','2022-11-23 11:33:40',NULL),(659,7968,659,630,NULL,'2022-11-23 11:33:40','2022-11-23 11:33:40',NULL),(660,7968,660,631,NULL,'2022-11-23 11:33:40','2022-11-23 11:33:40',NULL),(661,7968,661,632,NULL,'2022-11-23 11:33:40','2022-11-23 11:33:40',NULL),(662,7968,662,633,NULL,'2022-11-23 11:33:40','2022-11-23 11:33:40',NULL),(663,7968,663,634,NULL,'2022-11-23 11:33:40','2022-11-23 11:33:40',NULL),(664,7968,664,635,NULL,'2022-11-23 11:33:40','2022-11-23 11:33:40',NULL),(665,7968,665,636,NULL,'2022-11-23 11:33:40','2022-11-23 11:33:40',NULL),(666,7968,666,637,NULL,'2022-11-23 11:33:40','2022-11-23 11:33:40',NULL),(667,7968,667,638,NULL,'2022-11-23 11:33:40','2022-11-23 11:33:40',NULL),(668,7968,668,639,NULL,'2022-11-23 11:33:40','2022-11-23 11:33:40',NULL),(669,7968,669,640,NULL,'2022-11-23 11:33:40','2022-11-23 11:33:40',NULL),(670,7968,670,641,NULL,'2022-11-23 11:33:40','2022-11-23 11:33:40',NULL),(671,7968,671,642,NULL,'2022-11-23 11:33:40','2022-11-23 11:33:40',NULL),(672,7968,672,643,NULL,'2022-11-23 11:33:40','2022-11-23 11:33:40',NULL),(673,7968,673,644,NULL,'2022-11-23 11:33:40','2022-11-23 11:33:40',NULL),(674,7968,674,645,NULL,'2022-11-23 11:33:40','2022-11-23 11:33:40',NULL),(675,7968,675,646,NULL,'2022-11-23 11:33:41','2022-11-23 11:33:41',NULL),(676,7968,676,647,NULL,'2022-11-23 11:33:41','2022-11-23 11:33:41',NULL),(677,7968,677,648,NULL,'2022-11-23 11:33:41','2022-11-23 11:33:41',NULL),(678,7968,678,649,NULL,'2022-11-23 11:33:41','2022-11-23 11:33:41',NULL),(679,7968,679,650,NULL,'2022-11-23 11:33:41','2022-11-23 11:33:41',NULL),(680,7968,680,651,NULL,'2022-11-23 11:33:41','2022-11-23 11:33:41',NULL),(681,7968,681,652,NULL,'2022-11-23 11:33:41','2022-11-23 11:33:41',NULL),(682,7968,682,653,NULL,'2022-11-23 11:33:41','2022-11-23 11:33:41',NULL),(683,7968,683,654,NULL,'2022-11-23 11:33:41','2022-11-23 11:33:41',NULL),(684,7968,684,655,NULL,'2022-11-23 11:33:41','2022-11-23 11:33:41',NULL),(685,7968,685,656,NULL,'2022-11-23 11:33:41','2022-11-23 11:33:41',NULL),(686,7968,686,657,NULL,'2022-11-23 11:33:41','2022-11-23 11:33:41',NULL),(687,7968,687,658,NULL,'2022-11-23 11:33:41','2022-11-23 11:33:41',NULL),(688,7968,688,659,NULL,'2022-11-23 11:33:41','2022-11-23 11:33:41',NULL),(689,7968,689,660,NULL,'2022-11-23 11:33:41','2022-11-23 11:33:41',NULL),(690,7968,690,661,NULL,'2022-11-23 11:33:41','2022-11-23 11:33:41',NULL),(691,7968,691,662,NULL,'2022-11-23 11:33:41','2022-11-23 11:33:41',NULL),(692,7968,692,663,NULL,'2022-11-23 11:33:41','2022-11-23 11:33:41',NULL),(693,7968,693,664,NULL,'2022-11-23 11:33:41','2022-11-23 11:33:41',NULL),(694,7968,694,665,NULL,'2022-11-23 11:33:41','2022-11-23 11:33:41',NULL),(695,7968,695,666,NULL,'2022-11-23 11:33:41','2022-11-23 11:33:41',NULL),(696,7968,696,667,NULL,'2022-11-23 11:33:41','2022-11-23 11:33:41',NULL),(697,7968,697,668,NULL,'2022-11-23 11:33:41','2022-11-23 11:33:41',NULL),(698,7968,698,669,NULL,'2022-11-23 11:33:41','2022-11-23 11:33:41',NULL),(699,7968,699,670,NULL,'2022-11-23 11:33:42','2022-11-23 11:33:42',NULL),(700,7968,700,671,NULL,'2022-11-23 11:33:42','2022-11-23 11:33:42',NULL),(701,7968,701,672,NULL,'2022-11-23 11:33:42','2022-11-23 11:33:42',NULL);
INSERT INTO `cta_cte_cliente_pivot_receipt` VALUES (702,7968,702,673,NULL,'2022-11-23 11:33:42','2022-11-23 11:33:42',NULL),(703,7968,703,674,NULL,'2022-11-23 11:33:42','2022-11-23 11:33:42',NULL),(704,7968,704,675,NULL,'2022-11-23 11:33:42','2022-11-23 11:33:42',NULL),(705,7968,705,676,NULL,'2022-11-23 11:33:42','2022-11-23 11:33:42',NULL),(706,7968,706,677,NULL,'2022-11-23 11:33:42','2022-11-23 11:33:42',NULL),(707,7968,707,678,NULL,'2022-11-23 11:33:42','2022-11-23 11:33:42',NULL),(708,7968,708,679,NULL,'2022-11-23 11:33:42','2022-11-23 11:33:42',NULL),(709,7968,709,680,NULL,'2022-11-23 11:33:42','2022-11-23 11:33:42',NULL),(710,7968,710,681,NULL,'2022-11-23 11:33:42','2022-11-23 11:33:42',NULL),(711,7968,711,682,NULL,'2022-11-23 11:33:42','2022-11-23 11:33:42',NULL),(712,7968,712,683,NULL,'2022-11-23 11:33:42','2022-11-23 11:33:42',NULL),(713,7968,713,684,NULL,'2022-11-23 11:33:42','2022-11-23 11:33:42',NULL),(714,7968,714,685,NULL,'2022-11-23 11:33:42','2022-11-23 11:33:42',NULL),(715,7968,715,686,NULL,'2022-11-23 11:33:42','2022-11-23 11:33:42',NULL),(716,7968,716,687,NULL,'2022-11-23 11:33:42','2022-11-23 11:33:42',NULL),(717,7968,717,688,NULL,'2022-11-23 11:33:42','2022-11-23 11:33:42',NULL),(718,7968,718,689,NULL,'2022-11-23 11:33:42','2022-11-23 11:33:42',NULL),(719,7968,719,690,NULL,'2022-11-23 11:33:42','2022-11-23 11:33:42',NULL),(720,7968,720,691,NULL,'2022-11-23 11:33:42','2022-11-23 11:33:42',NULL),(721,7968,721,692,NULL,'2022-11-23 11:33:43','2022-11-23 11:33:43',NULL),(722,7968,722,693,NULL,'2022-11-23 11:33:43','2022-11-23 11:33:43',NULL),(723,7968,723,694,NULL,'2022-11-23 11:33:43','2022-11-23 11:33:43',NULL),(724,7968,724,695,NULL,'2022-11-23 11:33:43','2022-11-23 11:33:43',NULL),(725,7968,725,696,NULL,'2022-11-23 11:33:43','2022-11-23 11:33:43',NULL),(726,7968,726,697,NULL,'2022-11-23 11:33:43','2022-11-23 11:33:43',NULL),(727,7968,727,698,NULL,'2022-11-23 11:33:43','2022-11-23 11:33:43',NULL),(728,7968,728,699,NULL,'2022-11-23 11:33:43','2022-11-23 11:33:43',NULL),(729,7968,729,700,NULL,'2022-11-23 11:33:43','2022-11-23 11:33:43',NULL),(730,7968,730,701,NULL,'2022-11-23 11:33:43','2022-11-23 11:33:43',NULL),(731,7968,731,702,NULL,'2022-11-23 11:33:43','2022-11-23 11:33:43',NULL),(732,7968,732,703,NULL,'2022-11-23 11:33:43','2022-11-23 11:33:43',NULL),(733,7968,733,704,NULL,'2022-11-23 11:33:43','2022-11-23 11:33:43',NULL),(734,7968,734,705,NULL,'2022-11-23 11:33:43','2022-11-23 11:33:43',NULL),(735,7968,735,706,NULL,'2022-11-23 11:33:43','2022-11-23 11:33:43',NULL),(736,7968,736,707,NULL,'2022-11-23 11:33:43','2022-11-23 11:33:43',NULL),(737,7968,737,708,NULL,'2022-11-23 11:33:43','2022-11-23 11:33:43',NULL),(738,7968,738,709,NULL,'2022-11-23 11:33:43','2022-11-23 11:33:43',NULL),(739,7968,739,710,NULL,'2022-11-23 11:33:43','2022-11-23 11:33:43',NULL),(740,7968,740,711,NULL,'2022-11-23 11:33:43','2022-11-23 11:33:43',NULL),(741,7968,741,712,NULL,'2022-11-23 11:33:43','2022-11-23 11:33:43',NULL),(742,7968,742,713,NULL,'2022-11-23 11:33:43','2022-11-23 11:33:43',NULL),(743,7968,743,714,NULL,'2022-11-23 11:33:43','2022-11-23 11:33:43',NULL),(744,7968,744,715,NULL,'2022-11-23 11:33:43','2022-11-23 11:33:43',NULL),(745,7968,745,716,NULL,'2022-11-23 11:33:43','2022-11-23 11:33:43',NULL),(746,7968,746,717,NULL,'2022-11-23 11:33:43','2022-11-23 11:33:43',NULL),(747,7968,747,718,NULL,'2022-11-23 11:33:43','2022-11-23 11:33:43',NULL),(748,7968,748,719,NULL,'2022-11-23 11:33:44','2022-11-23 11:33:44',NULL),(749,7968,749,720,NULL,'2022-11-23 11:33:44','2022-11-23 11:33:44',NULL),(750,7968,750,721,NULL,'2022-11-23 11:33:44','2022-11-23 11:33:44',NULL),(751,7968,751,722,NULL,'2022-11-23 11:33:44','2022-11-23 11:33:44',NULL),(752,7968,752,723,NULL,'2022-11-23 11:33:44','2022-11-23 11:33:44',NULL),(753,7968,753,724,NULL,'2022-11-23 11:33:44','2022-11-23 11:33:44',NULL),(754,7968,754,725,NULL,'2022-11-23 11:33:44','2022-11-23 11:33:44',NULL),(755,7968,755,726,NULL,'2022-11-23 11:33:44','2022-11-23 11:33:44',NULL);
INSERT INTO `cta_cte_cliente_pivot_receipt` VALUES (756,7968,756,727,NULL,'2022-11-23 11:33:44','2022-11-23 11:33:44',NULL),(757,7968,757,728,NULL,'2022-11-23 11:33:44','2022-11-23 11:33:44',NULL),(758,7968,758,729,NULL,'2022-11-23 11:33:44','2022-11-23 11:33:44',NULL),(759,7968,759,730,NULL,'2022-11-23 11:33:44','2022-11-23 11:33:44',NULL),(760,7968,760,731,NULL,'2022-11-23 11:33:44','2022-11-23 11:33:44',NULL),(761,7968,761,732,NULL,'2022-11-23 11:33:44','2022-11-23 11:33:44',NULL),(762,7968,762,733,NULL,'2022-11-23 11:33:44','2022-11-23 11:33:44',NULL),(763,7968,763,734,NULL,'2022-11-23 11:33:44','2022-11-23 11:33:44',NULL),(764,7968,764,735,NULL,'2022-11-23 11:33:44','2022-11-23 11:33:44',NULL),(765,7968,765,736,NULL,'2022-11-23 11:33:44','2022-11-23 11:33:44',NULL),(766,7968,766,737,NULL,'2022-11-23 11:33:44','2022-11-23 11:33:44',NULL),(767,7968,767,738,NULL,'2022-11-23 11:33:44','2022-11-23 11:33:44',NULL),(768,7968,768,739,NULL,'2022-11-23 11:33:44','2022-11-23 11:33:44',NULL),(769,7968,769,740,NULL,'2022-11-23 11:33:44','2022-11-23 11:33:44',NULL),(770,7968,770,741,NULL,'2022-11-23 11:33:44','2022-11-23 11:33:44',NULL),(771,7968,771,742,NULL,'2022-11-23 11:33:44','2022-11-23 11:33:44',NULL),(772,7968,772,743,NULL,'2022-11-23 11:33:44','2022-11-23 11:33:44',NULL),(773,7968,773,744,NULL,'2022-11-23 11:33:44','2022-11-23 11:33:44',NULL),(774,7968,774,745,NULL,'2022-11-23 11:33:44','2022-11-23 11:33:44',NULL),(775,7968,775,746,NULL,'2022-11-23 11:33:44','2022-11-23 11:33:44',NULL),(776,7968,776,747,NULL,'2022-11-23 11:33:44','2022-11-23 11:33:44',NULL),(777,7968,777,748,NULL,'2022-11-23 11:33:45','2022-11-23 11:33:45',NULL),(778,7968,778,749,NULL,'2022-11-23 11:33:45','2022-11-23 11:33:45',NULL),(779,7968,779,750,NULL,'2022-11-23 11:33:45','2022-11-23 11:33:45',NULL),(780,7968,780,751,NULL,'2022-11-23 11:33:45','2022-11-23 11:33:45',NULL),(781,7968,781,752,NULL,'2022-11-23 11:33:45','2022-11-23 11:33:45',NULL),(782,7968,782,753,NULL,'2022-11-23 11:33:45','2022-11-23 11:33:45',NULL),(783,7968,783,754,NULL,'2022-11-23 11:33:45','2022-11-23 11:33:45',NULL),(784,7968,784,755,NULL,'2022-11-23 11:33:45','2022-11-23 11:33:45',NULL),(785,7968,785,756,NULL,'2022-11-23 11:33:45','2022-11-23 11:33:45',NULL),(786,7968,786,757,NULL,'2022-11-23 11:33:45','2022-11-23 11:33:45',NULL),(787,7968,787,758,NULL,'2022-11-23 11:33:45','2022-11-23 11:33:45',NULL),(788,7968,788,759,NULL,'2022-11-23 11:33:45','2022-11-23 11:33:45',NULL),(789,7968,789,760,NULL,'2022-11-23 11:33:45','2022-11-23 11:33:45',NULL),(790,7968,790,761,NULL,'2022-11-23 11:33:45','2022-11-23 11:33:45',NULL),(791,7968,791,762,NULL,'2022-11-23 11:33:45','2022-11-23 11:33:45',NULL),(792,7968,792,763,NULL,'2022-11-23 11:33:45','2022-11-23 11:33:45',NULL),(793,7968,793,764,NULL,'2022-11-23 11:33:45','2022-11-23 11:33:45',NULL),(794,7968,794,765,NULL,'2022-11-23 11:33:45','2022-11-23 11:33:45',NULL),(795,7968,795,766,NULL,'2022-11-23 11:33:45','2022-11-23 11:33:45',NULL),(796,7968,796,767,NULL,'2022-11-23 11:33:45','2022-11-23 11:33:45',NULL),(797,7968,797,768,NULL,'2022-11-23 11:33:45','2022-11-23 11:33:45',NULL),(798,7968,798,769,NULL,'2022-11-23 11:33:45','2022-11-23 11:33:45',NULL),(799,7968,799,770,NULL,'2022-11-23 11:33:46','2022-11-23 11:33:46',NULL),(800,7968,800,771,NULL,'2022-11-23 11:33:46','2022-11-23 11:33:46',NULL),(801,7968,801,772,NULL,'2022-11-23 11:33:46','2022-11-23 11:33:46',NULL),(802,7968,802,773,NULL,'2022-11-23 11:33:46','2022-11-23 11:33:46',NULL),(803,7968,803,774,NULL,'2022-11-23 11:33:46','2022-11-23 11:33:46',NULL),(804,7968,804,775,NULL,'2022-11-23 11:33:46','2022-11-23 11:33:46',NULL),(805,7968,805,776,NULL,'2022-11-23 11:33:46','2022-11-23 11:33:46',NULL),(806,7968,806,777,NULL,'2022-11-23 11:33:46','2022-11-23 11:33:46',NULL),(807,7968,807,778,NULL,'2022-11-23 11:33:46','2022-11-23 11:33:46',NULL),(808,7968,808,779,NULL,'2022-11-23 11:33:46','2022-11-23 11:33:46',NULL),(809,7968,809,780,NULL,'2022-11-23 11:33:46','2022-11-23 11:33:46',NULL);
INSERT INTO `cta_cte_cliente_pivot_receipt` VALUES (810,7968,810,781,NULL,'2022-11-23 11:33:46','2022-11-23 11:33:46',NULL),(811,7968,811,782,NULL,'2022-11-23 11:33:46','2022-11-23 11:33:46',NULL),(812,7968,812,783,NULL,'2022-11-23 11:33:46','2022-11-23 11:33:46',NULL),(813,7968,813,784,NULL,'2022-11-23 11:35:40','2022-11-23 11:35:40',NULL),(814,7968,814,785,NULL,'2022-11-23 11:35:40','2022-11-23 11:35:40',NULL),(815,7968,815,786,NULL,'2022-11-23 11:35:40','2022-11-23 11:35:40',NULL),(816,7968,816,787,NULL,'2022-11-23 11:35:40','2022-11-23 11:35:40',NULL),(817,7968,817,788,NULL,'2022-11-23 11:35:40','2022-11-23 11:35:40',NULL),(818,7968,818,789,NULL,'2022-11-23 11:35:40','2022-11-23 11:35:40',NULL),(819,7968,819,790,NULL,'2022-11-23 11:35:40','2022-11-23 11:35:40',NULL),(820,7968,820,791,NULL,'2022-11-23 11:35:40','2022-11-23 11:35:40',NULL),(821,7968,821,792,NULL,'2022-11-23 11:35:40','2022-11-23 11:35:40',NULL),(822,7968,822,793,NULL,'2022-11-23 11:35:40','2022-11-23 11:35:40',NULL),(823,7968,823,794,NULL,'2022-11-23 11:35:40','2022-11-23 11:35:40',NULL),(824,7968,824,795,NULL,'2022-11-23 11:35:40','2022-11-23 11:35:40',NULL),(825,7968,825,796,NULL,'2022-11-23 11:35:41','2022-11-23 11:35:41',NULL),(826,7968,826,797,NULL,'2022-11-23 11:35:41','2022-11-23 11:35:41',NULL),(827,7968,827,798,NULL,'2022-11-23 11:35:41','2022-11-23 11:35:41',NULL),(828,7968,828,799,NULL,'2022-11-23 11:35:41','2022-11-23 11:35:41',NULL),(829,7968,829,800,NULL,'2022-11-23 11:35:41','2022-11-23 11:35:41',NULL),(830,7968,830,801,NULL,'2022-11-23 11:35:41','2022-11-23 11:35:41',NULL),(831,7968,831,802,NULL,'2022-11-23 11:35:41','2022-11-23 11:35:41',NULL),(832,7968,832,803,NULL,'2022-11-23 11:35:41','2022-11-23 11:35:41',NULL),(833,7968,833,804,NULL,'2022-11-23 11:35:41','2022-11-23 11:35:41',NULL),(834,7968,834,805,NULL,'2022-11-23 11:35:41','2022-11-23 11:35:41',NULL),(835,7968,835,806,NULL,'2022-11-23 11:35:41','2022-11-23 11:35:41',NULL),(836,7968,836,807,NULL,'2022-11-23 11:35:41','2022-11-23 11:35:41',NULL),(837,7968,837,808,NULL,'2022-11-23 11:35:41','2022-11-23 11:35:41',NULL),(838,7968,838,809,NULL,'2022-11-23 11:35:41','2022-11-23 11:35:41',NULL),(839,7968,839,810,NULL,'2022-11-23 11:35:41','2022-11-23 11:35:41',NULL),(840,7968,840,811,NULL,'2022-11-23 11:35:41','2022-11-23 11:35:41',NULL),(841,7968,841,812,NULL,'2022-11-23 11:35:41','2022-11-23 11:35:41',NULL),(842,7968,842,813,NULL,'2022-11-23 11:35:41','2022-11-23 11:35:41',NULL),(843,7968,843,814,NULL,'2022-11-23 11:35:41','2022-11-23 11:35:41',NULL),(844,7968,844,815,NULL,'2022-11-23 11:35:41','2022-11-23 11:35:41',NULL),(845,7968,845,816,NULL,'2022-11-23 11:35:41','2022-11-23 11:35:41',NULL),(846,7968,846,817,NULL,'2022-11-23 11:35:41','2022-11-23 11:35:41',NULL),(847,7968,847,818,NULL,'2022-11-23 11:35:41','2022-11-23 11:35:41',NULL),(848,7968,848,819,NULL,'2022-11-23 11:35:41','2022-11-23 11:35:41',NULL),(849,7968,849,820,NULL,'2022-11-23 11:35:41','2022-11-23 11:35:41',NULL),(850,7968,850,821,NULL,'2022-11-23 11:35:42','2022-11-23 11:35:42',NULL),(851,7968,851,822,NULL,'2022-11-23 11:35:42','2022-11-23 11:35:42',NULL),(852,7968,852,823,NULL,'2022-11-23 11:35:42','2022-11-23 11:35:42',NULL),(853,7968,853,824,NULL,'2022-11-23 11:35:42','2022-11-23 11:35:42',NULL),(854,7968,854,825,NULL,'2022-11-23 11:35:42','2022-11-23 11:35:42',NULL),(855,7968,855,826,NULL,'2022-11-23 11:35:42','2022-11-23 11:35:42',NULL),(856,7968,856,827,NULL,'2022-11-23 11:35:42','2022-11-23 11:35:42',NULL),(857,7968,857,828,NULL,'2022-11-23 11:35:42','2022-11-23 11:35:42',NULL),(858,7968,858,829,NULL,'2022-11-23 11:35:42','2022-11-23 11:35:42',NULL),(859,7968,859,830,NULL,'2022-11-23 11:35:42','2022-11-23 11:35:42',NULL),(860,7968,860,831,NULL,'2022-11-23 11:35:42','2022-11-23 11:35:42',NULL),(861,7968,861,832,NULL,'2022-11-23 11:35:42','2022-11-23 11:35:42',NULL),(862,7968,862,833,NULL,'2022-11-23 11:35:42','2022-11-23 11:35:42',NULL),(863,7968,863,834,NULL,'2022-11-23 11:35:42','2022-11-23 11:35:42',NULL);
INSERT INTO `cta_cte_cliente_pivot_receipt` VALUES (864,7968,864,835,NULL,'2022-11-23 11:35:42','2022-11-23 11:35:42',NULL),(865,7968,865,836,NULL,'2022-11-23 11:35:42','2022-11-23 11:35:42',NULL),(866,7968,866,837,NULL,'2022-11-23 11:35:42','2022-11-23 11:35:42',NULL),(867,7968,867,838,NULL,'2022-11-23 11:35:42','2022-11-23 11:35:42',NULL),(868,7968,868,839,NULL,'2022-11-23 11:35:42','2022-11-23 11:35:42',NULL),(869,7968,869,840,NULL,'2022-11-23 11:35:42','2022-11-23 11:35:42',NULL),(870,7968,870,841,NULL,'2022-11-23 11:35:42','2022-11-23 11:35:42',NULL),(871,7968,871,842,NULL,'2022-11-23 11:35:42','2022-11-23 11:35:42',NULL),(872,7968,872,843,NULL,'2022-11-23 11:35:42','2022-11-23 11:35:42',NULL),(873,7968,873,844,NULL,'2022-11-23 11:35:42','2022-11-23 11:35:42',NULL),(874,7968,874,845,NULL,'2022-11-23 11:35:42','2022-11-23 11:35:42',NULL),(875,7968,875,846,NULL,'2022-11-23 11:35:42','2022-11-23 11:35:42',NULL),(876,7968,876,847,NULL,'2022-11-23 11:35:42','2022-11-23 11:35:42',NULL),(877,7968,877,848,NULL,'2022-11-23 11:35:42','2022-11-23 11:35:42',NULL),(878,7968,878,849,NULL,'2022-11-23 11:35:43','2022-11-23 11:35:43',NULL),(879,7968,879,850,NULL,'2022-11-23 11:35:43','2022-11-23 11:35:43',NULL),(880,7968,880,851,NULL,'2022-11-23 11:35:43','2022-11-23 11:35:43',NULL),(881,7968,881,852,NULL,'2022-11-23 11:35:43','2022-11-23 11:35:43',NULL),(882,7968,882,853,NULL,'2022-11-23 11:35:43','2022-11-23 11:35:43',NULL),(883,7968,883,854,NULL,'2022-11-23 11:35:43','2022-11-23 11:35:43',NULL),(884,7968,884,855,NULL,'2022-11-23 11:35:43','2022-11-23 11:35:43',NULL),(885,7968,885,856,NULL,'2022-11-23 11:35:43','2022-11-23 11:35:43',NULL),(886,7968,886,857,NULL,'2022-11-23 11:35:43','2022-11-23 11:35:43',NULL),(887,7968,887,858,NULL,'2022-11-23 11:35:43','2022-11-23 11:35:43',NULL),(888,7968,888,859,NULL,'2022-11-23 11:35:43','2022-11-23 11:35:43',NULL),(889,7968,889,860,NULL,'2022-11-23 11:35:43','2022-11-23 11:35:43',NULL),(890,7968,890,861,NULL,'2022-11-23 11:35:43','2022-11-23 11:35:43',NULL),(891,7968,891,862,NULL,'2022-11-23 11:35:43','2022-11-23 11:35:43',NULL),(892,7968,892,863,NULL,'2022-11-23 11:35:43','2022-11-23 11:35:43',NULL),(893,7968,893,864,NULL,'2022-11-23 11:35:43','2022-11-23 11:35:43',NULL),(894,7968,894,865,NULL,'2022-11-23 11:35:43','2022-11-23 11:35:43',NULL),(895,7968,895,866,NULL,'2022-11-23 11:35:43','2022-11-23 11:35:43',NULL),(896,7968,896,867,NULL,'2022-11-23 11:35:43','2022-11-23 11:35:43',NULL),(897,7968,897,868,NULL,'2022-11-23 11:35:43','2022-11-23 11:35:43',NULL),(898,7968,898,869,NULL,'2022-11-23 11:35:43','2022-11-23 11:35:43',NULL),(899,7968,899,870,NULL,'2022-11-23 11:35:43','2022-11-23 11:35:43',NULL),(900,7968,900,871,NULL,'2022-11-23 11:35:43','2022-11-23 11:35:43',NULL),(901,7968,901,872,NULL,'2022-11-23 11:35:43','2022-11-23 11:35:43',NULL),(902,7968,902,873,NULL,'2022-11-23 11:35:43','2022-11-23 11:35:43',NULL),(903,7968,903,874,NULL,'2022-11-23 11:35:43','2022-11-23 11:35:43',NULL),(904,7968,904,875,NULL,'2022-11-23 11:35:43','2022-11-23 11:35:43',NULL),(905,7968,905,876,NULL,'2022-11-23 11:35:43','2022-11-23 11:35:43',NULL),(906,7968,906,877,NULL,'2022-11-23 11:35:43','2022-11-23 11:35:43',NULL),(907,7968,907,878,NULL,'2022-11-23 11:35:44','2022-11-23 11:35:44',NULL),(908,7968,908,879,NULL,'2022-11-23 11:35:44','2022-11-23 11:35:44',NULL),(909,7968,909,880,NULL,'2022-11-23 11:35:44','2022-11-23 11:35:44',NULL),(910,7968,910,881,NULL,'2022-11-23 11:35:44','2022-11-23 11:35:44',NULL),(911,7968,911,882,NULL,'2022-11-23 11:35:44','2022-11-23 11:35:44',NULL),(912,7968,912,883,NULL,'2022-11-23 11:35:44','2022-11-23 11:35:44',NULL),(913,7968,913,884,NULL,'2022-11-23 11:35:44','2022-11-23 11:35:44',NULL),(914,7968,914,885,NULL,'2022-11-23 11:35:44','2022-11-23 11:35:44',NULL),(915,7968,915,886,NULL,'2022-11-23 11:35:44','2022-11-23 11:35:44',NULL),(916,7968,916,887,NULL,'2022-11-23 11:35:44','2022-11-23 11:35:44',NULL),(917,7968,917,888,NULL,'2022-11-23 11:35:44','2022-11-23 11:35:44',NULL);
INSERT INTO `cta_cte_cliente_pivot_receipt` VALUES (918,7968,918,889,NULL,'2022-11-23 11:35:44','2022-11-23 11:35:44',NULL),(919,7968,919,890,NULL,'2022-11-23 11:35:44','2022-11-23 11:35:44',NULL),(920,7968,920,891,NULL,'2022-11-23 11:35:44','2022-11-23 11:35:44',NULL),(921,7968,921,892,NULL,'2022-11-23 11:35:44','2022-11-23 11:35:44',NULL),(922,7968,922,893,NULL,'2022-11-23 11:35:44','2022-11-23 11:35:44',NULL),(923,7968,923,894,NULL,'2022-11-23 11:35:44','2022-11-23 11:35:44',NULL),(924,7968,924,895,NULL,'2022-11-23 11:35:44','2022-11-23 11:35:44',NULL),(925,7968,925,896,NULL,'2022-11-23 11:35:44','2022-11-23 11:35:44',NULL),(926,7968,926,897,NULL,'2022-11-23 11:35:44','2022-11-23 11:35:44',NULL),(927,7968,927,898,NULL,'2022-11-23 11:35:44','2022-11-23 11:35:44',NULL),(928,7968,928,899,NULL,'2022-11-23 11:35:44','2022-11-23 11:35:44',NULL),(929,7968,929,900,NULL,'2022-11-23 11:35:44','2022-11-23 11:35:44',NULL),(930,7968,930,901,NULL,'2022-11-23 11:35:44','2022-11-23 11:35:44',NULL),(931,7968,931,902,NULL,'2022-11-23 11:35:44','2022-11-23 11:35:44',NULL),(932,7968,932,903,NULL,'2022-11-23 11:35:44','2022-11-23 11:35:44',NULL),(933,7968,933,904,NULL,'2022-11-23 11:35:44','2022-11-23 11:35:44',NULL),(934,7968,934,905,NULL,'2022-11-23 11:35:44','2022-11-23 11:35:44',NULL),(935,7968,935,906,NULL,'2022-11-23 11:35:45','2022-11-23 11:35:45',NULL),(936,7968,936,907,NULL,'2022-11-23 11:35:45','2022-11-23 11:35:45',NULL),(937,7968,937,908,NULL,'2022-11-23 11:35:45','2022-11-23 11:35:45',NULL),(938,7968,938,909,NULL,'2022-11-23 11:35:45','2022-11-23 11:35:45',NULL),(939,7968,939,910,NULL,'2022-11-23 11:35:45','2022-11-23 11:35:45',NULL),(940,7968,940,911,NULL,'2022-11-23 11:35:45','2022-11-23 11:35:45',NULL),(941,7968,941,912,NULL,'2022-11-23 11:35:45','2022-11-23 11:35:45',NULL),(942,7968,942,913,NULL,'2022-11-23 11:35:45','2022-11-23 11:35:45',NULL),(943,7968,943,914,NULL,'2022-11-23 11:35:45','2022-11-23 11:35:45',NULL),(944,7968,944,915,NULL,'2022-11-23 11:35:45','2022-11-23 11:35:45',NULL),(945,7968,945,916,NULL,'2022-11-23 11:35:45','2022-11-23 11:35:45',NULL),(946,7968,946,917,NULL,'2022-11-23 11:35:45','2022-11-23 11:35:45',NULL),(947,7968,947,918,NULL,'2022-11-23 11:35:45','2022-11-23 11:35:45',NULL),(948,7968,948,919,NULL,'2022-11-23 11:35:45','2022-11-23 11:35:45',NULL),(949,7968,949,920,NULL,'2022-11-23 11:35:45','2022-11-23 11:35:45',NULL),(950,7968,950,921,NULL,'2022-11-23 11:35:45','2022-11-23 11:35:45',NULL),(951,7968,951,922,NULL,'2022-11-23 11:35:45','2022-11-23 11:35:45',NULL),(952,7968,952,923,NULL,'2022-11-23 11:35:45','2022-11-23 11:35:45',NULL),(953,7968,953,924,NULL,'2022-11-23 11:35:45','2022-11-23 11:35:45',NULL),(954,7968,954,925,NULL,'2022-11-23 11:35:45','2022-11-23 11:35:45',NULL),(955,7968,955,926,NULL,'2022-11-23 11:35:45','2022-11-23 11:35:45',NULL),(956,7968,956,927,NULL,'2022-11-23 11:35:45','2022-11-23 11:35:45',NULL),(957,7968,957,928,NULL,'2022-11-23 11:35:45','2022-11-23 11:35:45',NULL),(958,7968,958,929,NULL,'2022-11-23 11:35:45','2022-11-23 11:35:45',NULL),(959,7968,959,930,NULL,'2022-11-23 11:35:46','2022-11-23 11:35:46',NULL),(960,7968,960,931,NULL,'2022-11-23 11:35:46','2022-11-23 11:35:46',NULL),(961,7968,961,932,NULL,'2022-11-23 11:35:46','2022-11-23 11:35:46',NULL),(962,7968,962,933,NULL,'2022-11-23 11:35:46','2022-11-23 11:35:46',NULL),(963,7968,963,934,NULL,'2022-11-23 11:35:46','2022-11-23 11:35:46',NULL),(964,7968,964,935,NULL,'2022-11-23 11:35:46','2022-11-23 11:35:46',NULL),(965,7968,965,936,NULL,'2022-11-23 11:35:46','2022-11-23 11:35:46',NULL),(966,7968,966,937,NULL,'2022-11-23 11:35:46','2022-11-23 11:35:46',NULL),(967,7968,967,938,NULL,'2022-11-23 11:35:46','2022-11-23 11:35:46',NULL),(968,7968,968,939,NULL,'2022-11-23 11:35:46','2022-11-23 11:35:46',NULL),(969,7968,969,940,NULL,'2022-11-23 11:35:46','2022-11-23 11:35:46',NULL),(970,7968,970,941,NULL,'2022-11-23 11:35:46','2022-11-23 11:35:46',NULL),(971,7968,971,942,NULL,'2022-11-23 11:35:46','2022-11-23 11:35:46',NULL);
INSERT INTO `cta_cte_cliente_pivot_receipt` VALUES (972,7968,972,943,NULL,'2022-11-23 11:35:46','2022-11-23 11:35:46',NULL),(973,7968,973,944,NULL,'2022-11-23 11:35:46','2022-11-23 11:35:46',NULL),(974,7968,974,945,NULL,'2022-11-23 11:35:46','2022-11-23 11:35:46',NULL),(975,7968,975,946,NULL,'2022-11-23 11:35:46','2022-11-23 11:35:46',NULL),(976,7968,976,947,NULL,'2022-11-23 11:35:46','2022-11-23 11:35:46',NULL),(977,7968,977,948,NULL,'2022-11-23 11:35:46','2022-11-23 11:35:46',NULL),(978,7968,978,949,NULL,'2022-11-23 11:35:46','2022-11-23 11:35:46',NULL),(979,7968,979,950,NULL,'2022-11-23 11:35:46','2022-11-23 11:35:46',NULL),(980,7968,980,951,NULL,'2022-11-23 11:35:46','2022-11-23 11:35:46',NULL),(981,7968,981,952,NULL,'2022-11-23 11:35:47','2022-11-23 11:35:47',NULL),(982,7968,982,953,NULL,'2022-11-23 11:35:47','2022-11-23 11:35:47',NULL),(983,7968,983,954,NULL,'2022-11-23 11:35:47','2022-11-23 11:35:47',NULL),(984,7968,984,955,NULL,'2022-11-23 11:35:47','2022-11-23 11:35:47',NULL),(985,7968,985,956,NULL,'2022-11-23 11:35:47','2022-11-23 11:35:47',NULL),(986,7968,986,957,NULL,'2022-11-23 11:35:47','2022-11-23 11:35:47',NULL),(987,7968,987,958,NULL,'2022-11-23 11:35:47','2022-11-23 11:35:47',NULL),(988,7968,988,959,NULL,'2022-11-23 11:35:47','2022-11-23 11:35:47',NULL),(989,7968,989,960,NULL,'2022-11-23 11:35:47','2022-11-23 11:35:47',NULL),(990,7968,990,961,NULL,'2022-11-23 11:35:47','2022-11-23 11:35:47',NULL),(991,7968,991,962,NULL,'2022-11-23 11:35:47','2022-11-23 11:35:47',NULL),(992,7968,992,963,NULL,'2022-11-23 11:35:47','2022-11-23 11:35:47',NULL),(993,7968,993,964,NULL,'2022-11-23 11:35:47','2022-11-23 11:35:47',NULL),(994,7968,994,965,NULL,'2022-11-23 11:35:47','2022-11-23 11:35:47',NULL),(995,7968,995,966,NULL,'2022-11-23 11:35:47','2022-11-23 11:35:47',NULL),(996,7968,996,967,NULL,'2022-11-23 11:35:47','2022-11-23 11:35:47',NULL),(997,7968,997,968,NULL,'2022-11-23 11:35:47','2022-11-23 11:35:47',NULL),(998,7968,998,969,NULL,'2022-11-23 11:35:48','2022-11-23 11:35:48',NULL),(999,7968,999,970,NULL,'2022-11-23 11:35:48','2022-11-23 11:35:48',NULL),(1000,7968,1000,971,NULL,'2022-11-23 11:35:48','2022-11-23 11:35:48',NULL),(1001,7968,1001,972,NULL,'2022-11-23 11:35:48','2022-11-23 11:35:48',NULL),(1002,7968,1002,973,NULL,'2022-11-23 11:35:48','2022-11-23 11:35:48',NULL),(1003,7968,1003,974,NULL,'2022-11-23 11:35:48','2022-11-23 11:35:48',NULL),(1004,7968,1004,975,NULL,'2022-11-23 11:35:48','2022-11-23 11:35:48',NULL),(1005,7968,1005,976,NULL,'2022-11-23 11:35:48','2022-11-23 11:35:48',NULL),(1006,7968,1006,977,NULL,'2022-11-23 11:35:48','2022-11-23 11:35:48',NULL),(1007,7968,1007,978,NULL,'2022-11-23 11:35:48','2022-11-23 11:35:48',NULL),(1008,7968,1008,979,NULL,'2022-11-23 11:35:48','2022-11-23 11:35:48',NULL),(1009,7968,1009,980,NULL,'2022-11-23 11:35:48','2022-11-23 11:35:48',NULL),(1010,7968,1010,981,NULL,'2022-11-23 11:35:48','2022-11-23 11:35:48',NULL),(1011,7968,1011,982,NULL,'2022-11-23 11:35:48','2022-11-23 11:35:48',NULL),(1012,7968,1012,983,NULL,'2022-11-23 11:35:48','2022-11-23 11:35:48',NULL),(1013,7968,1013,984,NULL,'2022-11-23 11:35:48','2022-11-23 11:35:48',NULL),(1014,7968,1014,985,NULL,'2022-11-23 11:35:48','2022-11-23 11:35:48',NULL),(1015,7968,1015,986,NULL,'2022-11-23 11:35:48','2022-11-23 11:35:48',NULL),(1016,7968,1016,987,NULL,'2022-11-23 11:35:48','2022-11-23 11:35:48',NULL),(1017,7968,1017,988,NULL,'2022-11-23 11:35:48','2022-11-23 11:35:48',NULL),(1018,7968,1018,989,NULL,'2022-11-23 11:35:48','2022-11-23 11:35:48',NULL),(1019,7968,1019,990,NULL,'2022-11-23 11:35:49','2022-11-23 11:35:49',NULL),(1020,7968,1020,991,NULL,'2022-11-23 11:35:49','2022-11-23 11:35:49',NULL),(1021,7968,1021,992,NULL,'2022-11-23 11:35:49','2022-11-23 11:35:49',NULL),(1022,7968,1022,993,NULL,'2022-11-23 11:35:49','2022-11-23 11:35:49',NULL),(1023,7968,1023,994,NULL,'2022-11-23 11:35:49','2022-11-23 11:35:49',NULL),(1024,7968,1024,995,NULL,'2022-11-23 11:35:49','2022-11-23 11:35:49',NULL);
INSERT INTO `cta_cte_cliente_pivot_receipt` VALUES (1025,7968,1025,996,NULL,'2022-11-23 11:35:49','2022-11-23 11:35:49',NULL),(1026,7968,1026,997,NULL,'2022-11-23 11:35:49','2022-11-23 11:35:49',NULL),(1027,7968,1027,998,NULL,'2022-11-23 11:35:49','2022-11-23 11:35:49',NULL),(1028,7968,1028,999,NULL,'2022-11-23 11:35:49','2022-11-23 11:35:49',NULL),(1029,7968,1029,1000,NULL,'2022-11-23 11:35:49','2022-11-23 11:35:49',NULL),(1030,7968,1030,1001,NULL,'2022-11-23 11:35:49','2022-11-23 11:35:49',NULL),(1031,7968,1031,1002,NULL,'2022-11-23 11:35:49','2022-11-23 11:35:49',NULL),(1032,7968,1032,1003,NULL,'2022-11-23 11:35:49','2022-11-23 11:35:49',NULL),(1033,7968,1033,1004,NULL,'2022-11-23 11:35:49','2022-11-23 11:35:49',NULL),(1034,7968,1034,1005,NULL,'2022-11-23 11:35:49','2022-11-23 11:35:49',NULL),(1035,7968,1035,1006,NULL,'2022-11-23 11:35:49','2022-11-23 11:35:49',NULL),(1036,7968,1036,1007,NULL,'2022-11-23 11:35:49','2022-11-23 11:35:49',NULL),(1037,7968,1037,1008,NULL,'2022-11-23 11:35:49','2022-11-23 11:35:49',NULL),(1038,7968,1038,1009,NULL,'2022-11-23 11:35:49','2022-11-23 11:35:49',NULL),(1039,7968,1039,1010,NULL,'2022-11-23 11:35:49','2022-11-23 11:35:49',NULL),(1040,7968,1040,1011,NULL,'2022-11-23 11:35:49','2022-11-23 11:35:49',NULL),(1041,7968,1041,1012,NULL,'2022-11-23 11:35:49','2022-11-23 11:35:49',NULL),(1042,7968,1042,1013,NULL,'2022-11-23 11:35:49','2022-11-23 11:35:49',NULL),(1043,7968,1043,1014,NULL,'2022-11-23 11:35:49','2022-11-23 11:35:49',NULL),(1044,7968,1044,1015,NULL,'2022-11-23 11:35:49','2022-11-23 11:35:49',NULL),(1045,7968,1045,1016,NULL,'2022-11-23 11:35:50','2022-11-23 11:35:50',NULL),(1046,7968,1046,1017,NULL,'2022-11-23 11:35:50','2022-11-23 11:35:50',NULL),(1047,7968,1047,1018,NULL,'2022-11-23 11:35:50','2022-11-23 11:35:50',NULL),(1048,7968,1048,1019,NULL,'2022-11-23 11:35:50','2022-11-23 11:35:50',NULL),(1049,7968,1049,1020,NULL,'2022-11-23 11:35:50','2022-11-23 11:35:50',NULL),(1050,7968,1050,1021,NULL,'2022-11-23 11:35:50','2022-11-23 11:35:50',NULL),(1051,7968,1051,1022,NULL,'2022-11-23 11:35:50','2022-11-23 11:35:50',NULL),(1052,7968,1052,1023,NULL,'2022-11-23 11:35:50','2022-11-23 11:35:50',NULL),(1053,7968,1053,1024,NULL,'2022-11-23 11:35:50','2022-11-23 11:35:50',NULL),(1054,7968,1054,1025,NULL,'2022-11-23 11:35:50','2022-11-23 11:35:50',NULL),(1055,7968,1055,1026,NULL,'2022-11-23 11:35:50','2022-11-23 11:35:50',NULL),(1056,7968,1056,1027,NULL,'2022-11-23 11:35:50','2022-11-23 11:35:50',NULL),(1057,7968,1057,1028,NULL,'2022-11-23 11:35:50','2022-11-23 11:35:50',NULL),(1058,7968,1058,1029,NULL,'2022-11-23 11:35:50','2022-11-23 11:35:50',NULL),(1059,7968,1059,1030,NULL,'2022-11-23 11:35:50','2022-11-23 11:35:50',NULL),(1060,7968,1060,1031,NULL,'2022-11-23 11:35:50','2022-11-23 11:35:50',NULL),(1061,7968,1061,1032,NULL,'2022-11-23 11:35:50','2022-11-23 11:35:50',NULL),(1062,7968,1062,1033,NULL,'2022-11-23 11:35:50','2022-11-23 11:35:50',NULL),(1063,7968,1063,1034,NULL,'2022-11-23 11:35:50','2022-11-23 11:35:50',NULL),(1064,7968,1064,1035,NULL,'2022-11-23 11:35:50','2022-11-23 11:35:50',NULL),(1065,7968,1065,1036,NULL,'2022-11-23 11:35:50','2022-11-23 11:35:50',NULL),(1066,7968,1066,1037,NULL,'2022-11-23 11:35:50','2022-11-23 11:35:50',NULL),(1067,7968,1067,1038,NULL,'2022-11-23 11:35:50','2022-11-23 11:35:50',NULL),(1068,7968,1068,1039,NULL,'2022-11-23 11:35:50','2022-11-23 11:35:50',NULL),(1069,7968,1069,1040,NULL,'2022-11-23 11:35:50','2022-11-23 11:35:50',NULL),(1070,7968,1070,1041,NULL,'2022-11-23 11:35:51','2022-11-23 11:35:51',NULL),(1071,7968,1071,1042,NULL,'2022-11-23 11:35:51','2022-11-23 11:35:51',NULL),(1072,7968,1072,1043,NULL,'2022-11-23 11:35:51','2022-11-23 11:35:51',NULL),(1073,7968,1073,1044,NULL,'2022-11-23 11:35:51','2022-11-23 11:35:51',NULL),(1074,7968,1074,1045,NULL,'2022-11-23 11:35:51','2022-11-23 11:35:51',NULL),(1075,7968,1075,1046,NULL,'2022-11-23 11:35:51','2022-11-23 11:35:51',NULL),(1076,7968,1076,1047,NULL,'2022-11-23 11:35:51','2022-11-23 11:35:51',NULL);
INSERT INTO `cta_cte_cliente_pivot_receipt` VALUES (1077,7968,1077,1048,NULL,'2022-11-23 11:35:51','2022-11-23 11:35:51',NULL),(1078,7968,1078,1049,NULL,'2022-11-23 11:35:51','2022-11-23 11:35:51',NULL),(1079,7968,1079,1050,NULL,'2022-11-23 11:35:51','2022-11-23 11:35:51',NULL),(1080,7968,1080,1051,NULL,'2022-11-23 11:35:51','2022-11-23 11:35:51',NULL),(1081,7968,1081,1052,NULL,'2022-11-23 11:35:51','2022-11-23 11:35:51',NULL),(1082,7968,1082,1053,NULL,'2022-11-23 11:35:51','2022-11-23 11:35:51',NULL),(1083,7968,1083,1054,NULL,'2022-11-23 11:35:51','2022-11-23 11:35:51',NULL),(1084,7968,1084,1055,NULL,'2022-11-23 11:35:51','2022-11-23 11:35:51',NULL),(1085,7968,1085,1056,NULL,'2022-11-23 11:35:51','2022-11-23 11:35:51',NULL),(1086,7968,1086,1057,NULL,'2022-11-23 11:35:52','2022-11-23 11:35:52',NULL),(1087,7968,1087,1058,NULL,'2022-11-23 11:35:52','2022-11-23 11:35:52',NULL),(1088,7968,1088,1059,NULL,'2022-11-23 11:35:52','2022-11-23 11:35:52',NULL),(1089,7968,1089,1060,NULL,'2022-11-23 11:35:52','2022-11-23 11:35:52',NULL),(1090,7968,1090,1061,NULL,'2022-11-23 11:35:52','2022-11-23 11:35:52',NULL),(1091,7968,1091,1062,NULL,'2022-11-23 11:35:52','2022-11-23 11:35:52',NULL),(1092,7968,1092,1063,NULL,'2022-11-23 11:35:52','2022-11-23 11:35:52',NULL),(1093,7968,1093,1064,NULL,'2022-11-23 11:35:52','2022-11-23 11:35:52',NULL),(1094,7968,1094,1065,NULL,'2022-11-23 11:35:52','2022-11-23 11:35:52',NULL),(1095,7968,1095,1066,NULL,'2022-11-23 11:35:52','2022-11-23 11:35:52',NULL),(1096,7968,1096,1067,NULL,'2022-11-23 11:35:52','2022-11-23 11:35:52',NULL),(1097,7968,1097,1068,NULL,'2022-11-23 11:35:52','2022-11-23 11:35:52',NULL),(1098,7968,1098,1069,NULL,'2022-11-23 11:35:52','2022-11-23 11:35:52',NULL),(1099,7968,1099,1070,NULL,'2022-11-23 11:35:52','2022-11-23 11:35:52',NULL);

--
-- Table structure for table `cta_cte_tesoreria`
--

CREATE TABLE `cta_cte_tesoreria` (
  `id` int(10) unsigned NOT NULL AUTO_INCREMENT,
  `user_id` int(10) unsigned DEFAULT NULL,
  `person_id` int(10) unsigned NOT NULL,
  `cta_cte_cliente_id` int(10) unsigned DEFAULT NULL,
  `nf_cta_cte_id` int(10) unsigned DEFAULT NULL,
  `cta_cte_tesoreria_cuenta_id` int(10) unsigned NOT NULL,
  `period_id` int(10) unsigned NOT NULL,
  `fecha` date DEFAULT NULL,
  `total` decimal(16,2) NOT NULL,
  `moneda_id` int(10) unsigned NOT NULL DEFAULT '1',
  `cotizacion` decimal(9,2) NOT NULL DEFAULT '1.00',
  `comentario` varchar(191) COLLATE utf8mb4_unicode_ci DEFAULT NULL,
  `file` varchar(191) COLLATE utf8mb4_unicode_ci DEFAULT NULL,
  `created_at` timestamp NULL DEFAULT NULL,
  `updated_at` timestamp NULL DEFAULT NULL,
  `deleted_at` timestamp NULL DEFAULT NULL,
  PRIMARY KEY (`id`),
  KEY `cta_cte_tesoreria_person_id_foreign` (`person_id`),
  KEY `cta_cte_tesoreria_cta_cte_cliente_id_foreign` (`cta_cte_cliente_id`),
  KEY `cta_cte_tesoreria_cta_cte_tesoreria_cuenta_id_foreign` (`cta_cte_tesoreria_cuenta_id`),
  KEY `cta_cte_tesoreria_period_id_foreign` (`period_id`),
  KEY `cta_cte_tesoreria_nf_cta_cte_id_foreign` (`nf_cta_cte_id`),
  KEY `cta_cte_tesoreria_moneda_id_foreign` (`moneda_id`),
  CONSTRAINT `cta_cte_tesoreria_cta_cte_cliente_id_foreign` FOREIGN KEY (`cta_cte_cliente_id`) REFERENCES `cta_cte_cliente` (`id`),
  CONSTRAINT `cta_cte_tesoreria_cta_cte_tesoreria_cuenta_id_foreign` FOREIGN KEY (`cta_cte_tesoreria_cuenta_id`) REFERENCES `cta_cte_tesoreria_cuentas` (`id`),
  CONSTRAINT `cta_cte_tesoreria_moneda_id_foreign` FOREIGN KEY (`moneda_id`) REFERENCES `monedas` (`id`),
  CONSTRAINT `cta_cte_tesoreria_nf_cta_cte_id_foreign` FOREIGN KEY (`nf_cta_cte_id`) REFERENCES `nf_cta_cte` (`id`),
  CONSTRAINT `cta_cte_tesoreria_period_id_foreign` FOREIGN KEY (`period_id`) REFERENCES `periods` (`id`),
  CONSTRAINT `cta_cte_tesoreria_person_id_foreign` FOREIGN KEY (`person_id`) REFERENCES `persons` (`id`)
) ENGINE=InnoDB DEFAULT CHARSET=utf8mb4 COLLATE=utf8mb4_unicode_ci;

--
-- Dumping data for table `cta_cte_tesoreria`
--


--
-- Table structure for table `cta_cte_tesoreria_banco_cheq`
--

CREATE TABLE `cta_cte_tesoreria_banco_cheq` (
  `id` int(10) unsigned NOT NULL AUTO_INCREMENT,
  `user_id` int(10) unsigned DEFAULT NULL,
  `person_id` int(10) unsigned NOT NULL,
  `cta_cte_tesoreria_cuenta_id` int(10) unsigned NOT NULL,
  `cta_cte_tesoreria_banco_id` int(10) unsigned NOT NULL,
  `chequera_tipo_id` int(10) unsigned NOT NULL,
  `serie` text COLLATE utf8mb4_unicode_ci,
  `numero_cheque` int(11) DEFAULT NULL,
  `habilitado` tinyint(1) NOT NULL DEFAULT '1',
  `created_at` timestamp NULL DEFAULT NULL,
  `updated_at` timestamp NULL DEFAULT NULL,
  `deleted_at` timestamp NULL DEFAULT NULL,
  PRIMARY KEY (`id`),
  KEY `cta_cte_tesoreria_banco_cheq_person_id_foreign` (`person_id`),
  KEY `cta_cte_tesoreria_banco_cheq_cta_cte_tesoreria_cuenta_id_foreign` (`cta_cte_tesoreria_cuenta_id`),
  KEY `cta_cte_tesoreria_banco_cheq_cta_cte_tesoreria_banco_id_foreign` (`cta_cte_tesoreria_banco_id`),
  KEY `cta_cte_tesoreria_banco_cheq_chequera_tipo_id_foreign` (`chequera_tipo_id`),
  CONSTRAINT `cta_cte_tesoreria_banco_cheq_chequera_tipo_id_foreign` FOREIGN KEY (`chequera_tipo_id`) REFERENCES `chequeras_tipos` (`id`),
  CONSTRAINT `cta_cte_tesoreria_banco_cheq_cta_cte_tesoreria_banco_id_foreign` FOREIGN KEY (`cta_cte_tesoreria_banco_id`) REFERENCES `cta_cte_tesoreria_bancos` (`id`),
  CONSTRAINT `cta_cte_tesoreria_banco_cheq_cta_cte_tesoreria_cuenta_id_foreign` FOREIGN KEY (`cta_cte_tesoreria_cuenta_id`) REFERENCES `cta_cte_tesoreria_cuentas` (`id`),
  CONSTRAINT `cta_cte_tesoreria_banco_cheq_person_id_foreign` FOREIGN KEY (`person_id`) REFERENCES `persons` (`id`)
) ENGINE=InnoDB DEFAULT CHARSET=utf8mb4 COLLATE=utf8mb4_unicode_ci;

--
-- Dumping data for table `cta_cte_tesoreria_banco_cheq`
--


--
-- Table structure for table `cta_cte_tesoreria_bancos`
--

CREATE TABLE `cta_cte_tesoreria_bancos` (
  `id` int(10) unsigned NOT NULL AUTO_INCREMENT,
  `user_id` int(10) unsigned DEFAULT NULL,
  `person_id` int(10) unsigned NOT NULL,
  `cta_cte_tesoreria_cuenta_id` int(10) unsigned NOT NULL,
  `ctacte_banco_id` int(10) unsigned NOT NULL,
  `zone_id` int(10) unsigned NOT NULL,
  `cuenta_contable_id` int(10) unsigned NOT NULL,
  `cuenta_contable_id_diferido` int(10) unsigned DEFAULT NULL,
  `cuenta_contable_id_pend_acred` int(10) unsigned DEFAULT NULL,
  `numero_cuenta` text COLLATE utf8mb4_unicode_ci,
  `cbu` text COLLATE utf8mb4_unicode_ci,
  `habilitado` tinyint(1) NOT NULL DEFAULT '1',
  `created_at` timestamp NULL DEFAULT NULL,
  `updated_at` timestamp NULL DEFAULT NULL,
  `deleted_at` timestamp NULL DEFAULT NULL,
  PRIMARY KEY (`id`),
  KEY `cta_cte_tesoreria_bancos_person_id_foreign` (`person_id`),
  KEY `cta_cte_tesoreria_bancos_cta_cte_tesoreria_cuenta_id_foreign` (`cta_cte_tesoreria_cuenta_id`),
  KEY `cta_cte_tesoreria_bancos_ctacte_banco_id_foreign` (`ctacte_banco_id`),
  KEY `cta_cte_tesoreria_bancos_zone_id_foreign` (`zone_id`),
  KEY `cta_cte_tesoreria_bancos_cuenta_contable_id_foreign` (`cuenta_contable_id`),
  KEY `cta_cte_tesoreria_bancos_cuenta_contable_id_diferido_foreign` (`cuenta_contable_id_diferido`),
  KEY `cta_cte_tesoreria_bancos_cuenta_contable_id_pend_acred_foreign` (`cuenta_contable_id_pend_acred`),
  CONSTRAINT `cta_cte_tesoreria_bancos_cta_cte_tesoreria_cuenta_id_foreign` FOREIGN KEY (`cta_cte_tesoreria_cuenta_id`) REFERENCES `cta_cte_tesoreria_cuentas` (`id`),
  CONSTRAINT `cta_cte_tesoreria_bancos_ctacte_banco_id_foreign` FOREIGN KEY (`ctacte_banco_id`) REFERENCES `ctacte_bancos` (`id`),
  CONSTRAINT `cta_cte_tesoreria_bancos_cuenta_contable_id_diferido_foreign` FOREIGN KEY (`cuenta_contable_id_diferido`) REFERENCES `conta_plan_cuenta` (`id`),
  CONSTRAINT `cta_cte_tesoreria_bancos_cuenta_contable_id_foreign` FOREIGN KEY (`cuenta_contable_id`) REFERENCES `conta_plan_cuenta` (`id`),
  CONSTRAINT `cta_cte_tesoreria_bancos_cuenta_contable_id_pend_acred_foreign` FOREIGN KEY (`cuenta_contable_id_pend_acred`) REFERENCES `conta_plan_cuenta` (`id`),
  CONSTRAINT `cta_cte_tesoreria_bancos_person_id_foreign` FOREIGN KEY (`person_id`) REFERENCES `persons` (`id`),
  CONSTRAINT `cta_cte_tesoreria_bancos_zone_id_foreign` FOREIGN KEY (`zone_id`) REFERENCES `zones` (`id`)
) ENGINE=InnoDB DEFAULT CHARSET=utf8mb4 COLLATE=utf8mb4_unicode_ci;

--
-- Dumping data for table `cta_cte_tesoreria_bancos`
--


--
-- Table structure for table `cta_cte_tesoreria_cuenta_tipos`
--

CREATE TABLE `cta_cte_tesoreria_cuenta_tipos` (
  `id` int(10) unsigned NOT NULL AUTO_INCREMENT,
  `user_id` int(10) unsigned DEFAULT NULL,
  `descripcion` text COLLATE utf8mb4_unicode_ci NOT NULL,
  `habilitado` tinyint(1) NOT NULL DEFAULT '1',
  `created_at` timestamp NULL DEFAULT NULL,
  `updated_at` timestamp NULL DEFAULT NULL,
  `deleted_at` timestamp NULL DEFAULT NULL,
  PRIMARY KEY (`id`)
) ENGINE=InnoDB AUTO_INCREMENT=9 DEFAULT CHARSET=utf8mb4 COLLATE=utf8mb4_unicode_ci;

--
-- Dumping data for table `cta_cte_tesoreria_cuenta_tipos`
--

INSERT INTO `cta_cte_tesoreria_cuenta_tipos` VALUES (1,NULL,'CAJA',1,NULL,NULL,NULL),(2,NULL,'BANCOS',1,NULL,NULL,NULL),(3,NULL,'CHEQUES',1,NULL,NULL,NULL),(4,NULL,'RETENCIONES',1,NULL,NULL,NULL),(5,NULL,'PERCEPCIONES',1,NULL,NULL,NULL),(6,NULL,'RESULTADO NEGATIVO',1,NULL,NULL,NULL),(7,NULL,'RESULTADO POSITIVO',1,NULL,NULL,NULL),(8,NULL,'MOVIMIENTO',1,NULL,NULL,NULL);

--
-- Table structure for table `cta_cte_tesoreria_cuentas`
--

CREATE TABLE `cta_cte_tesoreria_cuentas` (
  `id` int(10) unsigned NOT NULL AUTO_INCREMENT,
  `user_id` int(10) unsigned DEFAULT NULL,
  `moneda_id` int(10) unsigned NOT NULL DEFAULT '1',
  `plan_cuenta_id` int(10) unsigned NOT NULL,
  `person_id` int(10) unsigned DEFAULT NULL,
  `cta_cte_tesoreria_cuenta_tipo_id` int(10) unsigned NOT NULL DEFAULT '8',
  `nombre` varchar(191) COLLATE utf8mb4_unicode_ci NOT NULL,
  `cheque3ros` tinyint(1) NOT NULL DEFAULT '0',
  `cheque_emitidos` tinyint(1) NOT NULL DEFAULT '0',
  `tes_cta_cte` tinyint(1) NOT NULL DEFAULT '0',
  `tes_cuenta_origen` tinyint(1) NOT NULL DEFAULT '0',
  `tes_cuenta_destino` tinyint(1) NOT NULL DEFAULT '0',
  `conta_asientos` tinyint(1) NOT NULL DEFAULT '0',
  `habilitado` tinyint(1) NOT NULL DEFAULT '1',
  `created_at` timestamp NULL DEFAULT NULL,
  `updated_at` timestamp NULL DEFAULT NULL,
  `deleted_at` timestamp NULL DEFAULT NULL,
  PRIMARY KEY (`id`),
  KEY `cta_cte_tesoreria_cuentas_person_id_foreign` (`person_id`),
  KEY `cta_cte_tesoreria_cuentas_plan_cuenta_id_foreign` (`plan_cuenta_id`),
  KEY `cta_tes_tipo_id_foreign` (`cta_cte_tesoreria_cuenta_tipo_id`),
  KEY `cta_cte_tesoreria_cuentas_moneda_id_foreign` (`moneda_id`),
  CONSTRAINT `cta_cte_tesoreria_cuentas_moneda_id_foreign` FOREIGN KEY (`moneda_id`) REFERENCES `monedas` (`id`),
  CONSTRAINT `cta_cte_tesoreria_cuentas_person_id_foreign` FOREIGN KEY (`person_id`) REFERENCES `persons` (`id`),
  CONSTRAINT `cta_cte_tesoreria_cuentas_plan_cuenta_id_foreign` FOREIGN KEY (`plan_cuenta_id`) REFERENCES `conta_plan_cuenta` (`id`),
  CONSTRAINT `cta_tes_tipo_id_foreign` FOREIGN KEY (`cta_cte_tesoreria_cuenta_tipo_id`) REFERENCES `cta_cte_tesoreria_cuenta_tipos` (`id`)
) ENGINE=InnoDB AUTO_INCREMENT=757 DEFAULT CHARSET=utf8mb4 COLLATE=utf8mb4_unicode_ci;

--
-- Dumping data for table `cta_cte_tesoreria_cuentas`
--

INSERT INTO `cta_cte_tesoreria_cuentas` VALUES (13,NULL,1,13,NULL,8,'Clientes - Deudores',0,0,0,0,0,0,1,'2019-10-19 02:10:24','2019-10-19 02:10:24',NULL),(20,NULL,1,20,NULL,8,'Anticipos Impuesto a las Ganancias',0,0,0,0,1,0,1,'2019-10-19 02:10:24','2019-10-19 02:10:24',NULL),(23,NULL,1,23,NULL,4,'Retenciones Impuesto a las Ganancias',0,0,1,0,0,0,1,'2019-10-19 02:10:24','2023-03-27 00:15:13',NULL),(25,NULL,1,25,NULL,4,'Retenciones de IVA',0,0,1,0,0,0,1,'2019-10-19 02:10:24','2023-03-27 00:15:13',NULL),(57,NULL,1,57,NULL,8,'Proveedores en Cta. Cte. locales',0,0,0,0,0,0,1,'2019-10-19 02:10:24','2019-10-19 02:10:24',NULL),(60,NULL,1,60,NULL,3,'Cheques emitidos ',0,1,1,1,1,0,1,'2019-10-19 02:10:24','2023-03-27 00:15:13',NULL),(62,NULL,1,62,NULL,8,'Sueldos y Jornales a pagar',0,0,0,0,1,0,1,'2019-10-19 02:10:24','2019-10-19 02:10:24',NULL),(140,NULL,1,140,NULL,6,'Intereses y Gastos bancarios',0,0,0,0,1,0,1,'2019-10-19 02:10:24','2023-03-27 00:15:13',NULL),(162,NULL,1,162,NULL,4,'Retenciones SUSS',0,0,1,0,0,0,1,'2019-10-19 02:10:24','2023-03-27 00:15:13',NULL),(176,NULL,1,176,NULL,3,'Cheques en Cartera',1,0,1,1,1,0,1,'2019-10-19 02:10:24','2023-03-27 00:15:13',NULL),(201,NULL,1,201,NULL,6,'Monotributo',0,0,0,0,1,0,1,'2019-10-19 02:10:24','2023-03-27 00:15:13',NULL),(203,NULL,1,203,NULL,6,'Autonomos',0,0,0,0,1,0,1,'2019-10-19 02:10:24','2023-03-27 00:15:13',NULL),(219,NULL,1,219,NULL,8,'Pagos AFIP',0,0,0,0,1,0,1,'2019-10-19 02:10:24','2019-10-19 02:10:24',NULL),(251,NULL,1,251,NULL,4,'Retenciones de IIBB Buenos Aires',0,0,1,0,0,0,1,'2019-10-19 02:10:24','2023-03-27 00:15:13',NULL),(252,NULL,1,252,NULL,4,'Retenciones de IIBB Capital Federal',0,0,1,0,0,0,1,'2019-10-19 02:10:24','2023-03-27 00:15:13',NULL),(253,NULL,1,253,NULL,4,'Retenciones de IIBB Catamarca',0,0,1,0,0,0,1,'2019-10-19 02:10:24','2023-03-27 00:15:13',NULL),(254,NULL,1,254,NULL,4,'Retenciones de IIBB Chaco',0,0,1,0,0,0,1,'2019-10-19 02:10:24','2023-03-27 00:15:13',NULL),(255,NULL,1,255,NULL,4,'Retenciones de IIBB Chubut',0,0,1,0,0,0,1,'2019-10-19 02:10:24','2023-03-27 00:15:13',NULL),(256,NULL,1,256,NULL,4,'Retenciones de IIBB Córdoba',0,0,1,0,0,0,1,'2019-10-19 02:10:24','2023-03-27 00:15:13',NULL),(257,NULL,1,257,NULL,4,'Retenciones de IIBB Corrientes',0,0,1,0,0,0,1,'2019-10-19 02:10:24','2023-03-27 00:15:13',NULL),(258,NULL,1,258,NULL,4,'Retenciones de IIBB Entre Ríos',0,0,1,0,0,0,1,'2019-10-19 02:10:24','2023-03-27 00:15:13',NULL),(259,NULL,1,259,NULL,4,'Retenciones de IIBB Formosa',0,0,1,0,0,0,1,'2019-10-19 02:10:24','2023-03-27 00:15:13',NULL),(260,NULL,1,260,NULL,4,'Retenciones de IIBB Jujuy',0,0,1,0,0,0,1,'2019-10-19 02:10:24','2023-03-27 00:15:13',NULL),(261,NULL,1,261,NULL,4,'Retenciones de IIBB La Pampa',0,0,1,0,0,0,1,'2019-10-19 02:10:24','2023-03-27 00:15:13',NULL),(262,NULL,1,262,NULL,4,'Retenciones de IIBB La Rioja',0,0,1,0,0,0,1,'2019-10-19 02:10:24','2023-03-27 00:15:13',NULL),(263,NULL,1,263,NULL,4,'Retenciones de IIBB Mendoza',0,0,1,0,0,0,1,'2019-10-19 02:10:24','2023-03-27 00:15:13',NULL),(264,NULL,1,264,NULL,4,'Retenciones de IIBB Misiones',0,0,1,0,0,0,1,'2019-10-19 02:10:24','2023-03-27 00:15:13',NULL),(265,NULL,1,265,NULL,4,'Retenciones de IIBB Neuquén',0,0,1,0,0,0,1,'2019-10-19 02:10:24','2023-03-27 00:15:13',NULL),(266,NULL,1,266,NULL,4,'Retenciones de IIBB Pascua Lama',0,0,1,0,0,0,1,'2019-10-19 02:10:24','2023-03-27 00:15:13',NULL),(267,NULL,1,267,NULL,4,'Retenciones de IIBB Río Negro',0,0,1,0,0,0,1,'2019-10-19 02:10:24','2023-03-27 00:15:13',NULL),(268,NULL,1,268,NULL,4,'Retenciones de IIBB Salta',0,0,1,0,0,0,1,'2019-10-19 02:10:24','2023-03-27 00:15:13',NULL),(269,NULL,1,269,NULL,4,'Retenciones de IIBB San Juan',0,0,1,0,0,0,1,'2019-10-19 02:10:24','2023-03-27 00:15:13',NULL),(270,NULL,1,270,NULL,4,'Retenciones de IIBB San Luis',0,0,1,0,0,0,1,'2019-10-19 02:10:24','2023-03-27 00:15:13',NULL),(271,NULL,1,271,NULL,4,'Retenciones de IIBB Santa Cruz',0,0,1,0,0,0,1,'2019-10-19 02:10:24','2023-03-27 00:15:13',NULL);
INSERT INTO `cta_cte_tesoreria_cuentas` VALUES (272,NULL,1,272,NULL,4,'Retenciones de IIBB Santa Fe',0,0,1,0,0,0,1,'2019-10-19 02:10:24','2023-03-27 00:15:13',NULL),(273,NULL,1,273,NULL,4,'Retenciones de IIBB Santiago del Estero',0,0,1,0,0,0,1,'2019-10-19 02:10:24','2023-03-27 00:15:13',NULL),(274,NULL,1,274,NULL,4,'Retenciones de IIBB Tierra del Fuego',0,0,1,0,0,0,1,'2019-10-19 02:10:24','2023-03-27 00:15:13',NULL),(275,NULL,1,275,NULL,4,'Retenciones de IIBB Tucuman',0,0,1,0,0,0,1,'2019-10-19 02:10:24','2023-03-27 00:15:13',NULL),(351,NULL,1,351,NULL,8,'BANCO SIRCREB',0,0,0,0,1,0,1,'2019-10-19 02:10:24','2019-10-19 02:10:24',NULL),(359,NULL,1,359,NULL,8,'Caja en Pesos',0,0,1,1,1,0,1,'2019-10-19 02:10:24','2023-03-20 23:15:22','2023-03-20 23:15:22'),(360,NULL,1,360,NULL,8,'Retenciones Bancarias de Ganancias a Favor',0,0,0,0,1,0,1,'2019-10-19 02:10:24','2019-10-19 02:10:24',NULL),(364,NULL,1,364,NULL,8,'Anticipo de Clientes',0,0,0,0,1,0,1,'2019-10-19 02:10:24','2019-10-19 02:10:24',NULL),(384,NULL,1,384,NULL,8,'Caja en Dolares',0,0,1,1,1,0,1,'2019-10-19 02:10:24','2023-03-20 23:15:22','2023-03-20 23:15:22'),(409,NULL,1,409,NULL,6,'IVA Crédito Fiscal No computable',0,0,0,0,1,0,1,'2019-10-19 02:10:24','2023-03-27 00:15:13',NULL),(418,NULL,1,418,NULL,8,'Deudas Bancarias',0,0,0,1,1,0,1,'2019-10-19 02:10:24','2019-10-19 02:10:24',NULL),(433,NULL,1,433,NULL,8,'Préstamo',0,0,0,1,1,0,1,'2019-10-19 02:10:24','2019-10-19 02:10:24',NULL),(441,NULL,1,441,NULL,8,'Leasing',0,0,0,1,1,0,1,'2019-10-19 02:10:24','2019-10-19 02:10:24',NULL),(448,NULL,1,448,NULL,8,'Planes de Pagos AFIP',0,0,0,1,1,0,1,'2019-10-19 02:10:24','2019-10-19 02:10:24',NULL),(450,NULL,1,450,NULL,3,'Cheques Rechazados',0,0,0,0,1,0,1,'2019-10-19 02:10:24','2023-03-27 00:15:13',NULL),(467,NULL,1,467,NULL,6,'Interés',0,0,0,0,1,0,1,'2019-10-19 02:10:24','2023-03-27 00:15:13',NULL),(468,NULL,1,14,NULL,8,'Deudores por ventas comunes',0,0,0,0,0,1,1,'2020-02-06 17:23:07','2023-03-27 00:15:13',NULL),(469,NULL,1,15,NULL,8,'Deudores por ventas morosos',0,0,0,0,0,1,1,'2020-02-06 17:23:07','2023-03-27 00:15:13',NULL),(470,NULL,1,16,NULL,8,'Deudores en gestión judicial',0,0,0,0,0,1,1,'2020-02-06 17:23:07','2023-03-27 00:15:13',NULL),(471,NULL,1,17,NULL,8,'Previsión deudores incobrables',0,0,0,0,0,1,1,'2020-02-06 17:23:07','2023-03-27 00:15:13',NULL),(472,NULL,1,22,NULL,8,'Anticipo Impto.Ganancia Mínima Presunta',0,0,0,0,0,1,1,'2020-02-06 17:23:07','2023-03-27 00:15:13',NULL),(473,NULL,1,24,NULL,4,'Impuesto a las Ganancias (Saldo a favor)',0,0,0,0,0,1,0,'2020-02-06 17:23:07','2023-06-02 07:55:30',NULL),(474,NULL,1,27,NULL,8,'Anticipos de proveedores',0,0,0,0,0,1,1,'2020-02-06 17:23:07','2023-03-27 00:15:13',NULL),(475,NULL,1,28,NULL,8,'Depósito en garantía alquileres',0,0,0,0,0,1,1,'2020-02-06 17:23:07','2023-03-27 00:15:13',NULL),(476,NULL,1,29,NULL,8,'Derechos adquiridos a devengar',0,0,0,0,0,1,1,'2020-02-06 17:23:07','2023-03-27 00:15:13',NULL),(477,NULL,1,30,NULL,8,'Intereses a devengar',0,0,0,0,0,1,1,'2020-02-06 17:23:07','2023-03-27 00:15:13',NULL),(478,NULL,1,31,NULL,8,'Cuentas a rendir - Directores',0,0,0,0,0,1,1,'2020-02-06 17:23:07','2023-03-27 00:15:13',NULL),(479,NULL,1,32,NULL,8,'Alquileres no devengados',0,0,0,0,0,1,1,'2020-02-06 17:23:07','2023-03-27 00:15:13',NULL),(480,NULL,1,38,NULL,8,'Equipos de computación valores históricos',0,0,0,0,0,1,1,'2020-02-06 17:23:07','2023-03-27 00:15:13',NULL),(481,NULL,1,39,NULL,8,'Equipos de computación ajuste',0,0,0,0,0,1,1,'2020-02-06 17:23:07','2023-03-27 00:15:13',NULL),(482,NULL,1,40,NULL,8,'Amortización Acumulada Equipos de comput.',0,0,0,0,0,1,1,'2020-02-06 17:23:07','2023-03-27 00:15:13',NULL),(483,NULL,1,42,NULL,8,'Instalaciones valores históricos',0,0,0,0,0,1,1,'2020-02-06 17:23:07','2023-03-27 00:15:13',NULL),(484,NULL,1,43,NULL,8,'Instalaciones ajuste',0,0,0,0,0,1,1,'2020-02-06 17:23:07','2023-03-27 00:15:13',NULL),(485,NULL,1,44,NULL,8,'Amortización Acumulada Instalaciones',0,0,0,0,0,1,1,'2020-02-06 17:23:07','2023-03-27 00:15:13',NULL);
INSERT INTO `cta_cte_tesoreria_cuentas` VALUES (486,NULL,1,46,NULL,8,'Muebles y utiles valores históricos',0,0,0,0,0,1,1,'2020-02-06 17:23:07','2023-03-27 00:15:13',NULL),(487,NULL,1,47,NULL,8,'Muebles y utiles ajuste',0,0,0,0,0,1,1,'2020-02-06 17:23:07','2023-03-27 00:15:13',NULL),(488,NULL,1,48,NULL,8,'Amortización Acumulada Muebles y Útiles',0,0,0,0,0,1,1,'2020-02-06 17:23:07','2023-03-27 00:15:13',NULL),(489,NULL,1,50,NULL,8,'Gastos de organización valores historicos',0,0,0,0,0,1,1,'2020-02-06 17:23:07','2023-03-27 00:15:13',NULL),(490,NULL,1,51,NULL,8,'Gastos de organización ajuste',0,0,0,0,0,1,1,'2020-02-06 17:23:07','2023-03-27 00:15:13',NULL),(491,NULL,1,52,NULL,8,'Amortización acumulada gs. de organización',0,0,0,0,0,1,1,'2020-02-06 17:23:07','2023-03-27 00:15:13',NULL),(492,NULL,1,58,NULL,8,'Proveedores en cta. cte. exterior',0,0,0,0,0,1,1,'2020-02-06 17:23:07','2023-03-27 00:15:13',NULL),(493,NULL,1,59,NULL,8,'Derechos de exhibición a devengar',0,0,0,0,0,1,1,'2020-02-06 17:23:07','2023-03-27 00:15:13',NULL),(494,NULL,1,63,NULL,8,'Cargas sociales a pagar',0,0,0,0,0,1,1,'2020-02-06 17:23:07','2023-03-27 00:15:13',NULL),(495,NULL,1,64,NULL,8,'Sindicatos a Pagar',0,0,0,0,0,1,1,'2020-02-06 17:23:07','2023-03-27 00:15:13',NULL),(496,NULL,1,67,NULL,8,'IVA Debito Fiscal',0,0,0,0,0,1,1,'2020-02-06 17:23:07','2023-03-27 00:15:13',NULL),(497,NULL,1,68,NULL,8,'IVA Credito Fiscal',0,0,0,0,0,1,1,'2020-02-06 17:23:07','2023-03-27 00:15:13',NULL),(498,NULL,1,69,NULL,8,'Impuestos Internos',0,0,0,0,0,1,1,'2020-02-06 17:23:07','2023-03-27 00:15:13',NULL),(499,NULL,1,70,NULL,8,'Impuestos al Combustible',0,0,0,0,0,1,1,'2020-02-06 17:23:07','2023-03-27 00:15:13',NULL),(500,NULL,1,71,NULL,8,'IVA Retenciones de terceros',0,0,0,0,0,1,1,'2020-02-06 17:23:07','2023-03-27 00:15:13',NULL),(501,NULL,1,72,NULL,5,'IVA Percepciones realiz.por terceros',0,0,0,0,0,1,1,'2020-02-06 17:23:07','2023-03-27 00:15:13',NULL),(502,NULL,1,73,NULL,8,'IVA Saldo a favor',0,0,0,0,0,1,1,'2020-02-06 17:23:07','2023-03-27 00:15:13',NULL),(503,NULL,1,74,NULL,8,'IVA a pagar',0,0,0,0,0,1,1,'2020-02-06 17:23:07','2023-03-27 00:15:13',NULL),(504,NULL,1,75,NULL,5,'Percepciones Ingresos Brutos',0,0,0,0,0,1,1,'2020-02-06 17:23:07','2023-03-27 00:15:13',NULL),(505,NULL,1,76,NULL,8,'Otros Pagos AFIP',0,0,0,0,0,1,1,'2020-02-06 17:23:07','2023-03-27 00:15:13',NULL),(506,NULL,1,78,NULL,8,'Impuesto a los Ingresos Brutos Pasivo',0,0,0,0,0,1,1,'2020-02-06 17:23:07','2023-03-27 00:15:13',NULL),(507,NULL,1,79,NULL,8,'Impuesto a las Ganancias',0,0,0,0,0,1,1,'2020-02-06 17:23:07','2023-03-27 00:15:13',NULL),(508,NULL,1,80,NULL,8,'Impuesto a la Ganancia Mínima Presunta',0,0,0,0,0,1,1,'2020-02-06 17:23:07','2023-03-27 00:15:13',NULL),(509,NULL,1,81,NULL,8,'AFIP - Retenciones Impuesto a las Ganancias',0,0,0,0,0,1,1,'2020-02-06 17:23:07','2023-03-27 00:15:13',NULL),(510,NULL,1,82,NULL,8,'AFIP - Plan de Facilidades Decreto 338/02',0,0,0,0,0,1,1,'2020-02-06 17:23:07','2023-03-27 00:15:13',NULL),(511,NULL,1,87,NULL,8,'Acciones en circulación',0,0,0,0,0,1,1,'2020-02-06 17:23:07','2023-03-27 00:15:13',NULL),(512,NULL,1,88,NULL,8,'Ajuste del Capital',0,0,0,0,0,1,1,'2020-02-06 17:23:07','2023-03-27 00:15:13',NULL),(513,NULL,1,89,NULL,8,'Aportes Irrevocables Futuras Suscripciones',0,0,0,0,0,1,1,'2020-02-06 17:23:07','2023-03-27 00:15:13',NULL),(514,NULL,1,91,NULL,8,'Resultado del ejercicio',0,0,0,0,0,1,1,'2020-02-06 17:23:07','2023-03-27 00:15:13',NULL),(515,NULL,1,92,NULL,8,'Resultado ejercicios anteriores',0,0,0,0,0,1,1,'2020-02-06 17:23:07','2023-03-27 00:15:13',NULL),(516,NULL,1,93,NULL,8,'A.R.E.A.',0,0,0,0,0,1,1,'2020-02-06 17:23:07','2023-03-27 00:15:13',NULL),(517,NULL,1,96,NULL,7,'VENTAS',0,0,0,0,1,1,1,'2020-02-06 17:23:07','2023-03-27 00:15:13',NULL),(518,NULL,1,97,NULL,7,'Honorarios',0,0,0,0,1,1,1,'2020-02-06 17:23:07','2023-03-27 00:15:13',NULL),(519,NULL,1,99,NULL,7,'Descuentos obtenidos',0,0,0,0,1,1,1,'2020-02-06 17:23:07','2023-03-27 00:15:13',NULL);
INSERT INTO `cta_cte_tesoreria_cuentas` VALUES (520,NULL,1,100,NULL,7,'Reintegros por exportaciones',0,0,0,0,1,1,1,'2020-02-06 17:23:07','2023-03-27 00:15:13',NULL),(521,NULL,1,102,NULL,7,'Intereses Cobrados',0,0,0,0,1,1,1,'2020-02-06 17:23:07','2023-03-27 00:15:13',NULL),(522,NULL,1,103,NULL,7,'Diferencias de cambio',0,0,0,0,1,1,1,'2020-02-06 17:23:07','2023-03-27 00:15:13',NULL),(523,NULL,1,104,NULL,7,'Descuentos obtenidos',0,0,0,0,1,1,1,'2020-02-06 17:23:07','2023-03-27 00:15:13',NULL),(524,NULL,1,110,NULL,6,'Sueldos',0,0,0,0,0,1,1,'2020-02-06 17:23:07','2023-03-27 00:15:13',NULL),(525,NULL,1,111,NULL,6,'Contribuciones',0,0,0,0,0,1,1,'2020-02-06 17:23:07','2023-03-27 00:15:13',NULL),(526,NULL,1,112,NULL,6,'Sindicato',0,0,0,0,0,1,1,'2020-02-06 17:23:07','2023-03-27 00:15:13',NULL),(527,NULL,1,114,NULL,8,'ACA',0,0,0,0,0,1,1,'2020-02-06 17:23:07','2023-03-27 00:15:13',NULL),(528,NULL,1,115,NULL,6,'Aereos',0,0,0,0,0,1,1,'2020-02-06 17:23:07','2023-03-27 00:15:13',NULL),(529,NULL,1,116,NULL,6,'Alquiler',0,0,0,0,0,1,1,'2020-02-06 17:23:07','2023-03-27 00:15:13',NULL),(530,NULL,1,117,NULL,8,'AGUA AYSA',0,0,0,0,0,1,1,'2020-02-06 17:23:07','2023-03-27 00:15:13',NULL),(531,NULL,1,118,NULL,8,'TV Cablevision',0,0,0,0,0,1,1,'2020-02-06 17:23:07','2023-03-27 00:15:13',NULL),(532,NULL,1,119,NULL,1,'Caja Jubilacion Consejo',0,0,0,0,0,1,1,'2020-02-06 17:23:07','2023-03-27 00:15:13',NULL),(533,NULL,1,120,NULL,6,'Celulares',0,0,0,0,0,1,1,'2020-02-06 17:23:07','2023-03-27 00:15:13',NULL),(534,NULL,1,121,NULL,3,'Cheques',0,0,0,0,0,1,1,'2020-02-06 17:23:07','2023-03-27 00:15:13',NULL),(535,NULL,1,123,NULL,8,'Comida',0,0,0,0,0,1,1,'2020-02-06 17:23:07','2023-03-27 00:15:13',NULL),(536,NULL,1,126,NULL,6,'Fletes y acarreos',0,0,0,0,0,1,1,'2020-02-06 17:23:07','2023-03-27 00:15:13',NULL),(537,NULL,1,127,NULL,8,'Luz Edesur',0,0,0,0,0,1,1,'2020-02-06 17:23:07','2023-03-27 00:15:13',NULL),(538,NULL,1,128,NULL,6,'Movilidad y Viáticos',0,0,0,0,0,1,1,'2020-02-06 17:23:07','2023-03-27 00:15:13',NULL),(539,NULL,1,129,NULL,8,'Mantenimiento',0,0,0,0,0,1,1,'2020-02-06 17:23:07','2023-03-27 00:15:13',NULL),(540,NULL,1,130,NULL,8,'IVA No Computable',0,0,0,0,0,1,1,'2020-02-06 17:23:07','2023-03-27 00:15:13',NULL),(541,NULL,1,131,NULL,8,'Entretenimiento',0,0,0,0,0,1,1,'2020-02-06 17:23:07','2023-03-27 00:15:13',NULL),(542,NULL,1,132,NULL,6,'Amortización Bienes de Uso',0,0,0,0,0,1,1,'2020-02-06 17:23:07','2023-03-27 00:15:13',NULL),(543,NULL,1,135,NULL,6,'Gastos varios',0,0,0,0,0,1,1,'2020-02-06 17:23:07','2023-03-27 00:15:13',NULL),(544,NULL,1,136,NULL,6,'Ajuste por redondeo',0,0,0,0,0,1,1,'2020-02-06 17:23:07','2023-03-27 00:15:13',NULL),(545,NULL,1,137,NULL,6,'Deudores Incobrables',0,0,0,0,0,1,1,'2020-02-06 17:23:07','2023-03-27 00:15:13',NULL),(546,NULL,1,141,NULL,6,'Intereses Proveedores',0,0,0,0,0,1,1,'2020-02-06 17:23:07','2023-03-27 00:15:13',NULL),(547,NULL,1,143,NULL,6,'Diferencias de cambio',0,0,0,0,0,1,1,'2020-02-06 17:23:07','2023-03-27 00:15:13',NULL),(548,NULL,1,144,NULL,8,'Diferencia de Cambio Bces. en M.Extranjera',0,0,0,0,0,1,1,'2020-02-06 17:23:07','2023-03-27 00:15:13',NULL),(549,NULL,1,145,NULL,6,'Diferencia tipo cambio Vendedor/Comprador',0,0,0,0,0,1,1,'2020-02-06 17:23:07','2023-03-27 00:15:13',NULL),(550,NULL,1,146,NULL,8,'Diferencia por conversion en Bce. en Mon. Extranj.',0,0,0,0,0,1,1,'2020-02-06 17:23:07','2023-03-27 00:15:13',NULL),(551,NULL,1,147,NULL,8,'Diferencia de cambio CMV',0,0,0,0,0,1,1,'2020-02-06 17:23:07','2023-03-27 00:15:13',NULL),(552,NULL,1,148,NULL,8,'Diferencia de cambio PT',0,0,0,0,0,1,1,'2020-02-06 17:23:07','2023-03-27 00:15:13',NULL),(553,NULL,1,149,NULL,8,'Resultado por Exposición a la Inflación',0,0,0,0,0,1,1,'2020-02-06 17:23:07','2023-03-27 00:15:13',NULL),(554,NULL,1,150,NULL,8,'Diferencia de cambio PE',0,0,0,0,0,1,1,'2020-02-06 17:23:07','2023-03-27 00:15:13',NULL),(555,NULL,1,151,NULL,8,'Diferencia de cambio Ds.Vtas.',0,0,0,0,0,1,1,'2020-02-06 17:23:07','2023-03-27 00:15:13',NULL);
INSERT INTO `cta_cte_tesoreria_cuentas` VALUES (556,NULL,1,152,NULL,6,'Diferencia de cambio ME',0,0,0,0,0,1,1,'2020-02-06 17:23:07','2023-03-27 00:15:14',NULL),(557,NULL,1,153,NULL,6,'Descuentos otorgados',0,0,0,0,0,1,1,'2020-02-06 17:23:07','2023-03-27 00:15:14',NULL),(558,NULL,1,155,NULL,6,'Impuesto a las Ganancias',0,0,0,0,0,1,1,'2020-02-06 17:23:07','2023-03-27 00:15:14',NULL),(559,NULL,1,156,NULL,6,'Impuesto a los Ingresos Brutos',0,0,0,0,0,1,1,'2020-02-06 17:23:07','2023-03-27 00:15:14',NULL),(560,NULL,1,157,NULL,6,'Impuesto al Debito y Credito Bancario',0,0,0,0,0,1,1,'2020-02-06 17:23:07','2023-03-27 00:15:14',NULL),(561,NULL,1,159,NULL,6,'Pérdida por venta bienes de uso',0,0,0,0,0,1,1,'2020-02-06 17:23:07','2023-03-27 00:15:14',NULL),(562,NULL,1,160,NULL,6,'Inversiones',0,0,0,0,0,1,1,'2020-02-06 17:23:07','2023-03-27 00:15:14',NULL),(563,NULL,1,161,NULL,6,'Amortizaciones extraordinarias',0,0,0,0,0,1,1,'2020-02-06 17:23:07','2023-03-27 00:15:14',NULL),(564,NULL,1,178,NULL,8,'Google',0,0,0,0,0,1,1,'2020-02-06 17:23:07','2023-03-27 00:15:14',NULL),(565,NULL,1,188,NULL,6,'Publicidad',0,0,0,0,0,1,1,'2020-02-06 17:23:07','2023-03-27 00:15:14',NULL),(566,NULL,1,191,NULL,6,'Cargas Sociales',0,0,0,0,0,1,1,'2020-02-06 17:23:07','2023-03-27 00:15:14',NULL),(567,NULL,1,192,NULL,6,'Honorarios',0,0,0,0,0,1,1,'2020-02-06 17:23:07','2023-03-27 00:15:14',NULL),(568,NULL,1,193,NULL,6,'Telefono Fijo',0,0,0,0,0,1,1,'2020-02-06 17:23:07','2023-03-27 00:15:14',NULL),(569,NULL,1,198,NULL,6,'Seguros',0,0,0,0,0,1,1,'2020-02-06 17:23:07','2023-03-27 00:15:14',NULL),(570,NULL,1,199,NULL,6,'Internet',0,0,0,0,0,1,1,'2020-02-06 17:23:07','2023-03-27 00:15:14',NULL),(571,NULL,1,204,NULL,6,'Multas Impositivas',0,0,0,0,0,1,1,'2020-02-06 17:23:07','2023-03-27 00:15:14',NULL),(572,NULL,1,208,NULL,6,'Impuesto a los Ingresos Brutos - BS AS',0,0,0,0,0,1,1,'2020-02-06 17:23:07','2023-03-27 00:15:14',NULL),(573,NULL,1,209,NULL,6,'SIRCREB',0,0,0,0,0,1,1,'2020-02-06 17:23:07','2023-03-27 00:15:14',NULL),(574,NULL,1,212,NULL,6,'Tarjeta Visa',0,0,0,0,0,1,1,'2020-02-06 17:23:07','2023-03-27 00:15:14',NULL),(575,NULL,1,213,NULL,6,'Tarjeta American Express',0,0,0,0,0,1,1,'2020-02-06 17:23:07','2023-03-27 00:15:14',NULL),(576,NULL,1,214,NULL,6,'Tarjeta Mastercard',0,0,0,0,0,1,1,'2020-02-06 17:23:07','2023-03-27 00:15:14',NULL),(577,NULL,1,215,NULL,8,'Tarjeta Shopping',0,0,0,0,0,1,1,'2020-02-06 17:23:07','2023-03-27 00:15:14',NULL),(578,NULL,1,216,NULL,6,'Tarjeta Cencosud',0,0,0,0,0,1,1,'2020-02-06 17:23:07','2023-03-27 00:15:14',NULL),(579,NULL,1,217,NULL,6,'Compras',0,0,0,0,0,1,1,'2020-02-06 17:23:07','2023-03-27 00:15:14',NULL),(580,NULL,1,218,NULL,7,'Ventas No Gravadas',0,0,0,0,1,1,1,'2020-02-06 17:23:07','2023-03-27 00:15:14',NULL),(581,NULL,1,220,NULL,5,'Perc IVA -RG3337',0,0,0,0,0,1,0,'2020-02-06 17:23:07','2023-06-02 07:55:30',NULL),(582,NULL,1,221,NULL,6,'Imps. Internos',0,0,0,0,0,1,1,'2020-02-06 17:23:07','2023-03-27 00:15:14',NULL),(583,NULL,1,222,NULL,6,'Imp. Gasoil',0,0,0,0,0,1,1,'2020-02-06 17:23:07','2023-03-27 00:15:14',NULL),(584,NULL,1,223,NULL,6,'Imp. Hídricos',0,0,0,0,0,1,1,'2020-02-06 17:23:07','2023-03-27 00:15:14',NULL),(585,NULL,1,224,NULL,6,'ITC',0,0,0,0,0,1,1,'2020-02-06 17:23:07','2023-03-27 00:15:14',NULL),(586,NULL,1,225,NULL,5,'Perc IIBB  Buenos Aires',0,0,0,0,0,1,1,'2020-02-06 17:23:07','2023-03-27 00:15:14',NULL),(587,NULL,1,226,NULL,5,'Perc IIBB  Capital Federal',0,0,0,0,0,1,1,'2020-02-06 17:23:07','2023-03-27 00:15:14',NULL),(588,NULL,1,227,NULL,5,'Perc IIBB  Catamarca',0,0,0,0,0,1,1,'2020-02-06 17:23:07','2023-03-27 00:15:14',NULL),(589,NULL,1,228,NULL,5,'Perc IIBB  Chaco',0,0,0,0,0,1,1,'2020-02-06 17:23:07','2023-03-27 00:15:14',NULL),(590,NULL,1,229,NULL,5,'Perc IIBB  Chubut',0,0,0,0,0,1,1,'2020-02-06 17:23:07','2023-03-27 00:15:14',NULL),(591,NULL,1,230,NULL,5,'Perc IIBB  Córdoba',0,0,0,0,0,1,1,'2020-02-06 17:23:07','2023-03-27 00:15:14',NULL),(592,NULL,1,231,NULL,5,'Perc IIBB  Corrientes',0,0,0,0,0,1,1,'2020-02-06 17:23:07','2023-03-27 00:15:14',NULL);
INSERT INTO `cta_cte_tesoreria_cuentas` VALUES (593,NULL,1,232,NULL,5,'Perc IIBB  Entre Ríos',0,0,0,0,0,1,1,'2020-02-06 17:23:07','2023-03-27 00:15:14',NULL),(594,NULL,1,233,NULL,5,'Perc IIBB  Formosa',0,0,0,0,0,1,1,'2020-02-06 17:23:07','2023-03-27 00:15:14',NULL),(595,NULL,1,234,NULL,5,'Perc IIBB  Jujuy',0,0,0,0,0,1,1,'2020-02-06 17:23:07','2023-03-27 00:15:14',NULL),(596,NULL,1,235,NULL,5,'Perc IIBB  La Pampa',0,0,0,0,0,1,1,'2020-02-06 17:23:07','2023-03-27 00:15:14',NULL),(597,NULL,1,236,NULL,5,'Perc IIBB  La Rioja',0,0,0,0,0,1,1,'2020-02-06 17:23:07','2023-03-27 00:15:14',NULL),(598,NULL,1,237,NULL,5,'Perc IIBB  Mendoza',0,0,0,0,0,1,1,'2020-02-06 17:23:07','2023-03-27 00:15:14',NULL),(599,NULL,1,238,NULL,5,'Perc IIBB  Misiones',0,0,0,0,0,1,1,'2020-02-06 17:23:07','2023-03-27 00:15:14',NULL),(600,NULL,1,239,NULL,5,'Perc IIBB  Neuquén',0,0,0,0,0,1,1,'2020-02-06 17:23:07','2023-03-27 00:15:14',NULL),(601,NULL,1,240,NULL,5,'Perc IIBB  Pascua Lama',0,0,0,0,0,1,1,'2020-02-06 17:23:07','2023-03-27 00:15:14',NULL),(602,NULL,1,241,NULL,5,'Perc IIBB  Río Negro',0,0,0,0,0,1,1,'2020-02-06 17:23:07','2023-03-27 00:15:14',NULL),(603,NULL,1,242,NULL,5,'Perc IIBB  Salta',0,0,0,0,0,1,1,'2020-02-06 17:23:07','2023-03-27 00:15:14',NULL),(604,NULL,1,243,NULL,5,'Perc IIBB  San Juan',0,0,0,0,0,1,1,'2020-02-06 17:23:07','2023-03-27 00:15:14',NULL),(605,NULL,1,244,NULL,5,'Perc IIBB  San Luis',0,0,0,0,0,1,1,'2020-02-06 17:23:07','2023-03-27 00:15:14',NULL),(606,NULL,1,245,NULL,5,'Perc IIBB  Santa Cruz',0,0,0,0,0,1,1,'2020-02-06 17:23:07','2023-03-27 00:15:14',NULL),(607,NULL,1,246,NULL,5,'Perc IIBB  Santa Fe',0,0,0,0,0,1,1,'2020-02-06 17:23:07','2023-03-27 00:15:14',NULL),(608,NULL,1,247,NULL,5,'Perc IIBB  Santiago del Estero',0,0,0,0,0,1,1,'2020-02-06 17:23:07','2023-03-27 00:15:14',NULL),(609,NULL,1,248,NULL,5,'Perc IIBB  Tierra del Fuego',0,0,0,0,0,1,1,'2020-02-06 17:23:07','2023-03-27 00:15:14',NULL),(610,NULL,1,249,NULL,5,'Perc IIBB  Tucuman',0,0,0,0,0,1,1,'2020-02-06 17:23:07','2023-03-27 00:15:14',NULL),(611,NULL,1,250,NULL,6,'Compras No Gravadas',0,0,0,0,0,1,1,'2020-02-06 17:23:07','2023-03-27 00:15:14',NULL),(612,NULL,1,276,NULL,6,'SIRCREB Buenos Aires',0,0,0,0,0,1,1,'2020-02-06 17:23:07','2023-03-27 00:15:14',NULL),(613,NULL,1,277,NULL,6,'SIRCREB Capital Federal',0,0,0,0,0,1,1,'2020-02-06 17:23:07','2023-03-27 00:15:14',NULL),(614,NULL,1,278,NULL,6,'SIRCREB Catamarca',0,0,0,0,0,1,1,'2020-02-06 17:23:07','2023-03-27 00:15:14',NULL),(615,NULL,1,279,NULL,6,'SIRCREB Chaco',0,0,0,0,0,1,1,'2020-02-06 17:23:07','2023-03-27 00:15:14',NULL),(616,NULL,1,280,NULL,6,'SIRCREB Chubut',0,0,0,0,0,1,1,'2020-02-06 17:23:07','2023-03-27 00:15:14',NULL),(617,NULL,1,281,NULL,6,'SIRCREB Córdoba',0,0,0,0,0,1,1,'2020-02-06 17:23:07','2023-03-27 00:15:14',NULL),(618,NULL,1,282,NULL,6,'SIRCREB Corrientes',0,0,0,0,0,1,1,'2020-02-06 17:23:07','2023-03-27 00:15:14',NULL),(619,NULL,1,283,NULL,6,'SIRCREB Entre Ríos',0,0,0,0,0,1,1,'2020-02-06 17:23:07','2023-03-27 00:15:14',NULL),(620,NULL,1,284,NULL,6,'SIRCREB Formosa',0,0,0,0,0,1,1,'2020-02-06 17:23:07','2023-03-27 00:15:14',NULL),(621,NULL,1,285,NULL,6,'SIRCREB Jujuy',0,0,0,0,0,1,1,'2020-02-06 17:23:07','2023-03-27 00:15:14',NULL),(622,NULL,1,286,NULL,6,'SIRCREB La Pampa',0,0,0,0,0,1,1,'2020-02-06 17:23:07','2023-03-27 00:15:14',NULL),(623,NULL,1,287,NULL,6,'SIRCREB La Rioja',0,0,0,0,0,1,1,'2020-02-06 17:23:07','2023-03-27 00:15:14',NULL),(624,NULL,1,288,NULL,6,'SIRCREB Mendoza',0,0,0,0,0,1,1,'2020-02-06 17:23:07','2023-03-27 00:15:14',NULL),(625,NULL,1,289,NULL,6,'SIRCREB Misiones',0,0,0,0,0,1,1,'2020-02-06 17:23:07','2023-03-27 00:15:14',NULL),(626,NULL,1,290,NULL,6,'SIRCREB Neuquén',0,0,0,0,0,1,1,'2020-02-06 17:23:07','2023-03-27 00:15:14',NULL),(627,NULL,1,291,NULL,6,'SIRCREB Pascua Lama',0,0,0,0,0,1,1,'2020-02-06 17:23:07','2023-03-27 00:15:14',NULL),(628,NULL,1,292,NULL,6,'SIRCREB Río Negro',0,0,0,0,0,1,1,'2020-02-06 17:23:07','2023-03-27 00:15:14',NULL);
INSERT INTO `cta_cte_tesoreria_cuentas` VALUES (629,NULL,1,293,NULL,6,'SIRCREB Salta',0,0,0,0,0,1,1,'2020-02-06 17:23:07','2023-03-27 00:15:14',NULL),(630,NULL,1,294,NULL,6,'SIRCREB San Juan',0,0,0,0,0,1,1,'2020-02-06 17:23:07','2023-03-27 00:15:14',NULL),(631,NULL,1,295,NULL,6,'SIRCREB San Luis',0,0,0,0,0,1,1,'2020-02-06 17:23:07','2023-03-27 00:15:14',NULL),(632,NULL,1,296,NULL,6,'SIRCREB Santa Cruz',0,0,0,0,0,1,1,'2020-02-06 17:23:07','2023-03-27 00:15:14',NULL),(633,NULL,1,297,NULL,6,'SIRCREB Santa Fe',0,0,0,0,0,1,1,'2020-02-06 17:23:07','2023-03-27 00:15:14',NULL),(634,NULL,1,298,NULL,6,'SIRCREB Santiago del Estero',0,0,0,0,0,1,1,'2020-02-06 17:23:07','2023-03-27 00:15:14',NULL),(635,NULL,1,299,NULL,6,'SIRCREB Tierra del Fuego',0,0,0,0,0,1,1,'2020-02-06 17:23:07','2023-03-27 00:15:14',NULL),(636,NULL,1,300,NULL,6,'SIRCREB Tucuman',0,0,0,0,0,1,1,'2020-02-06 17:23:07','2023-03-27 00:15:14',NULL),(637,NULL,1,301,NULL,8,'IIBB a Favor Buenos Aires',0,0,0,0,0,1,1,'2020-02-06 17:23:07','2023-03-27 00:15:14',NULL),(638,NULL,1,302,NULL,8,'IIBB a Favor Capital Federal',0,0,0,0,0,1,1,'2020-02-06 17:23:07','2023-03-27 00:15:14',NULL),(639,NULL,1,303,NULL,8,'IIBB a Favor Catamarca',0,0,0,0,0,1,1,'2020-02-06 17:23:07','2023-03-27 00:15:14',NULL),(640,NULL,1,304,NULL,8,'IIBB a Favor Chaco',0,0,0,0,0,1,1,'2020-02-06 17:23:07','2023-03-27 00:15:14',NULL),(641,NULL,1,305,NULL,8,'IIBB a Favor Chubut',0,0,0,0,0,1,1,'2020-02-06 17:23:07','2023-03-27 00:15:14',NULL),(642,NULL,1,306,NULL,8,'IIBB a Favor Córdoba',0,0,0,0,0,1,1,'2020-02-06 17:23:07','2023-03-27 00:15:14',NULL),(643,NULL,1,307,NULL,8,'IIBB a Favor Corrientes',0,0,0,0,0,1,1,'2020-02-06 17:23:07','2023-03-27 00:15:14',NULL),(644,NULL,1,308,NULL,8,'IIBB a Favor Entre Ríos',0,0,0,0,0,1,1,'2020-02-06 17:23:07','2023-03-27 00:15:14',NULL),(645,NULL,1,309,NULL,8,'IIBB a Favor Formosa',0,0,0,0,0,1,1,'2020-02-06 17:23:07','2023-03-27 00:15:14',NULL),(646,NULL,1,310,NULL,8,'IIBB a Favor Jujuy',0,0,0,0,0,1,1,'2020-02-06 17:23:07','2023-03-27 00:15:14',NULL),(647,NULL,1,311,NULL,8,'IIBB a Favor La Pampa',0,0,0,0,0,1,1,'2020-02-06 17:23:07','2023-03-27 00:15:14',NULL),(648,NULL,1,312,NULL,8,'IIBB a Favor La Rioja',0,0,0,0,0,1,1,'2020-02-06 17:23:07','2023-03-27 00:15:14',NULL),(649,NULL,1,313,NULL,8,'IIBB a Favor Mendoza',0,0,0,0,0,1,1,'2020-02-06 17:23:07','2023-03-27 00:15:14',NULL),(650,NULL,1,314,NULL,8,'IIBB a Favor Misiones',0,0,0,0,0,1,1,'2020-02-06 17:23:08','2023-03-27 00:15:14',NULL),(651,NULL,1,315,NULL,8,'IIBB a Favor Neuquén',0,0,0,0,0,1,1,'2020-02-06 17:23:08','2023-03-27 00:15:14',NULL),(652,NULL,1,316,NULL,8,'IIBB a Favor Pascua Lama',0,0,0,0,0,1,1,'2020-02-06 17:23:08','2023-03-27 00:15:14',NULL),(653,NULL,1,317,NULL,8,'IIBB a Favor Río Negro',0,0,0,0,0,1,1,'2020-02-06 17:23:08','2023-03-27 00:15:14',NULL),(654,NULL,1,318,NULL,8,'IIBB a Favor Salta',0,0,0,0,0,1,1,'2020-02-06 17:23:08','2023-03-27 00:15:14',NULL),(655,NULL,1,319,NULL,8,'IIBB a Favor San Juan',0,0,0,0,0,1,1,'2020-02-06 17:23:08','2023-03-27 00:15:14',NULL),(656,NULL,1,320,NULL,8,'IIBB a Favor San Luis',0,0,0,0,0,1,1,'2020-02-06 17:23:08','2023-03-27 00:15:14',NULL),(657,NULL,1,321,NULL,8,'IIBB a Favor Santa Cruz',0,0,0,0,0,1,1,'2020-02-06 17:23:08','2023-03-27 00:15:14',NULL),(658,NULL,1,322,NULL,8,'IIBB a Favor Santa Fe',0,0,0,0,0,1,1,'2020-02-06 17:23:08','2023-03-27 00:15:14',NULL),(659,NULL,1,323,NULL,8,'IIBB a Favor Santiago del Estero',0,0,0,0,0,1,1,'2020-02-06 17:23:08','2023-03-27 00:15:14',NULL),(660,NULL,1,324,NULL,8,'IIBB a Favor Tierra del Fuego',0,0,0,0,0,1,1,'2020-02-06 17:23:08','2023-03-27 00:15:14',NULL),(661,NULL,1,325,NULL,8,'IIBB a Favor Tucuman',0,0,0,0,0,1,1,'2020-02-06 17:23:08','2023-03-27 00:15:14',NULL),(662,NULL,1,326,NULL,8,'IIBB a Pagar Buenos Aires',0,0,0,0,0,1,1,'2020-02-06 17:23:08','2023-03-27 00:15:14',NULL),(663,NULL,1,327,NULL,8,'IIBB a Pagar Capital Federal',0,0,0,0,0,1,1,'2020-02-06 17:23:08','2023-03-27 00:15:14',NULL);
INSERT INTO `cta_cte_tesoreria_cuentas` VALUES (664,NULL,1,328,NULL,8,'IIBB a Pagar Catamarca',0,0,0,0,0,1,1,'2020-02-06 17:23:08','2023-03-27 00:15:14',NULL),(665,NULL,1,329,NULL,8,'IIBB a Pagar Chaco',0,0,0,0,0,1,1,'2020-02-06 17:23:08','2023-03-27 00:15:14',NULL),(666,NULL,1,330,NULL,8,'IIBB a Pagar Chubut',0,0,0,0,0,1,1,'2020-02-06 17:23:08','2023-03-27 00:15:14',NULL),(667,NULL,1,331,NULL,8,'IIBB a Pagar Córdoba',0,0,0,0,0,1,1,'2020-02-06 17:23:08','2023-03-27 00:15:14',NULL),(668,NULL,1,332,NULL,8,'IIBB a Pagar Corrientes',0,0,0,0,0,1,1,'2020-02-06 17:23:08','2023-03-27 00:15:14',NULL),(669,NULL,1,333,NULL,8,'IIBB a Pagar Entre Ríos',0,0,0,0,0,1,1,'2020-02-06 17:23:08','2023-03-27 00:15:14',NULL),(670,NULL,1,334,NULL,8,'IIBB a Pagar Formosa',0,0,0,0,0,1,1,'2020-02-06 17:23:08','2023-03-27 00:15:14',NULL),(671,NULL,1,335,NULL,8,'IIBB a Pagar Jujuy',0,0,0,0,0,1,1,'2020-02-06 17:23:08','2023-03-27 00:15:14',NULL),(672,NULL,1,336,NULL,8,'IIBB a Pagar La Pampa',0,0,0,0,0,1,1,'2020-02-06 17:23:08','2023-03-27 00:15:14',NULL),(673,NULL,1,337,NULL,8,'IIBB a Pagar La Rioja',0,0,0,0,0,1,1,'2020-02-06 17:23:08','2023-03-27 00:15:14',NULL),(674,NULL,1,338,NULL,8,'IIBB a Pagar Mendoza',0,0,0,0,0,1,1,'2020-02-06 17:23:08','2023-03-27 00:15:14',NULL),(675,NULL,1,339,NULL,8,'IIBB a Pagar Misiones',0,0,0,0,0,1,1,'2020-02-06 17:23:08','2023-03-27 00:15:14',NULL),(676,NULL,1,340,NULL,8,'IIBB a Pagar Neuquén',0,0,0,0,0,1,1,'2020-02-06 17:23:08','2023-03-27 00:15:14',NULL),(677,NULL,1,341,NULL,8,'IIBB a Pagar Pascua Lama',0,0,0,0,0,1,1,'2020-02-06 17:23:08','2023-03-27 00:15:14',NULL),(678,NULL,1,342,NULL,8,'IIBB a Pagar Río Negro',0,0,0,0,0,1,1,'2020-02-06 17:23:08','2023-03-27 00:15:14',NULL),(679,NULL,1,343,NULL,8,'IIBB a Pagar Salta',0,0,0,0,0,1,1,'2020-02-06 17:23:08','2023-03-27 00:15:14',NULL),(680,NULL,1,344,NULL,8,'IIBB a Pagar San Juan',0,0,0,0,0,1,1,'2020-02-06 17:23:08','2023-03-27 00:15:14',NULL),(681,NULL,1,345,NULL,8,'IIBB a Pagar San Luis',0,0,0,0,0,1,1,'2020-02-06 17:23:08','2023-03-27 00:15:14',NULL),(682,NULL,1,346,NULL,8,'IIBB a Pagar Santa Cruz',0,0,0,0,0,1,1,'2020-02-06 17:23:08','2023-03-27 00:15:14',NULL),(683,NULL,1,347,NULL,8,'IIBB a Pagar Santa Fe',0,0,0,0,0,1,1,'2020-02-06 17:23:08','2023-03-27 00:15:14',NULL),(684,NULL,1,348,NULL,8,'IIBB a Pagar Santiago del Estero',0,0,0,0,0,1,1,'2020-02-06 17:23:08','2023-03-27 00:15:14',NULL),(685,NULL,1,349,NULL,8,'IIBB a Pagar Tierra del Fuego',0,0,0,0,0,1,1,'2020-02-06 17:23:08','2023-03-27 00:15:14',NULL),(686,NULL,1,350,NULL,8,'IIBB a Pagar Tucuman',0,0,0,0,0,1,1,'2020-02-06 17:23:08','2023-03-27 00:15:14',NULL),(687,NULL,1,352,NULL,8,'Compensacion',0,0,0,0,0,1,1,'2020-02-06 17:23:08','2023-03-27 00:15:14',NULL),(688,NULL,1,353,NULL,8,'IVA Saldo Tecnico',0,0,0,0,0,1,1,'2020-02-06 17:23:08','2023-03-27 00:15:14',NULL),(689,NULL,1,354,NULL,8,'IVA Saldo Libre Disponibilidad',0,0,0,0,0,1,1,'2020-02-06 17:23:08','2023-03-27 00:15:14',NULL),(690,NULL,1,361,NULL,8,'Equipos de Computación',0,0,0,0,0,1,1,'2020-02-06 17:23:08','2023-03-27 00:15:14',NULL),(691,NULL,1,362,NULL,8,'Computadoras',0,0,0,0,0,1,1,'2020-02-06 17:23:08','2023-03-27 00:15:14',NULL),(692,NULL,1,363,NULL,8,'Muebles y Utiles',0,0,0,0,0,1,1,'2020-02-06 17:23:08','2023-03-27 00:15:14',NULL),(693,NULL,1,365,NULL,8,'Provision Honorarios',0,0,0,0,0,1,1,'2020-02-06 17:23:08','2023-03-27 00:15:14',NULL),(694,NULL,1,366,NULL,8,'Cta. Cte Directores',0,0,0,0,0,1,1,'2020-02-06 17:23:08','2023-03-27 00:15:14',NULL),(695,NULL,1,367,NULL,8,'Provisión Honorarios Directores',0,0,0,0,0,1,1,'2020-02-06 17:23:08','2023-03-27 00:15:14',NULL),(696,NULL,1,368,NULL,8,'Cuenta Particular Socio 1',0,0,0,0,0,1,1,'2020-02-06 17:23:08','2023-03-27 00:15:14',NULL),(697,NULL,1,369,NULL,8,'Capital',0,0,0,0,0,1,1,'2020-02-06 17:23:08','2023-03-27 00:15:14',NULL),(698,NULL,1,380,NULL,8,'Instalaciones',0,0,0,0,0,1,1,'2020-02-06 17:23:08','2023-03-27 00:15:14',NULL),(699,NULL,1,381,NULL,8,'Reserva Legal',0,0,0,0,0,1,1,'2020-02-06 17:23:08','2023-03-27 00:15:14',NULL);
INSERT INTO `cta_cte_tesoreria_cuentas` VALUES (700,NULL,1,382,NULL,8,'Reserva Legal',0,0,0,0,0,1,1,'2020-02-06 17:23:08','2023-03-27 00:15:14',NULL),(701,NULL,1,383,NULL,8,'Resultado no asignado',0,0,0,0,0,1,1,'2020-02-06 17:23:08','2023-03-27 00:15:14',NULL),(702,NULL,1,386,NULL,8,'PLAZO FIJO',0,0,0,0,0,1,1,'2020-02-06 17:23:08','2023-03-27 00:15:14',NULL),(703,NULL,1,388,NULL,8,'ACCIONES',0,0,0,0,0,1,1,'2020-02-06 17:23:08','2023-03-27 00:15:14',NULL),(704,NULL,1,389,NULL,8,'Inmuebles',0,0,0,0,0,1,1,'2020-02-06 17:23:08','2023-03-27 00:15:14',NULL),(705,NULL,1,390,NULL,8,'Vehiculos',0,0,0,0,0,1,1,'2020-02-06 17:23:08','2023-03-27 00:15:14',NULL),(706,NULL,1,391,NULL,8,'Maquinarias',0,0,0,0,0,1,1,'2020-02-06 17:23:08','2023-03-27 00:15:14',NULL),(707,NULL,1,392,NULL,8,'MERCADERIAS',0,0,0,0,0,1,1,'2020-02-06 17:23:08','2023-03-27 00:15:14',NULL),(708,NULL,1,393,NULL,8,'OTROS',0,0,0,0,0,1,1,'2020-02-06 17:23:08','2023-03-27 00:15:14',NULL),(709,NULL,1,395,NULL,8,'Cuenta Particular Socio 2',0,0,0,0,0,1,1,'2020-02-06 17:23:08','2023-03-27 00:15:14',NULL),(710,NULL,1,396,NULL,6,'Comisiones Y gastos Bancarios',0,0,0,0,0,1,1,'2020-02-06 17:23:08','2023-03-27 00:15:14',NULL),(711,NULL,1,411,NULL,8,'Provisión Impuesto a las Ganancias',0,0,0,0,0,1,1,'2020-02-06 17:23:08','2023-03-27 00:15:14',NULL),(712,NULL,1,412,NULL,6,'Amortización Muebles y Útiles',0,0,0,0,0,1,1,'2020-02-06 17:23:08','2023-03-27 00:15:14',NULL),(713,NULL,1,413,NULL,6,'Amortización Equipos',0,0,0,0,0,1,1,'2020-02-06 17:23:08','2023-03-27 00:15:14',NULL),(714,NULL,1,414,NULL,8,'Amortizacion Acumulada Equipos',0,0,0,0,0,1,1,'2020-02-06 17:23:08','2023-03-27 00:15:14',NULL),(715,NULL,1,415,NULL,8,'Amortización Acumulada Maquinarias',0,0,0,0,0,1,1,'2020-02-06 17:23:08','2023-03-27 00:15:14',NULL),(716,NULL,1,416,NULL,8,'Materias Primas',0,0,0,0,0,1,1,'2020-02-06 17:23:08','2023-03-27 00:15:14',NULL),(717,NULL,1,419,NULL,8,'Rodados',0,0,0,0,0,1,1,'2020-02-06 17:23:08','2023-03-27 00:15:14',NULL),(718,NULL,1,420,NULL,8,'Amortización Acumulada Rodados',0,0,0,0,0,1,1,'2020-02-06 17:23:08','2023-03-27 00:15:14',NULL),(719,NULL,1,421,NULL,8,'Amortización Rodados',0,0,0,0,0,1,1,'2020-02-06 17:23:08','2023-03-27 00:15:14',NULL),(720,NULL,1,422,NULL,8,'Amortización Maquinarias',0,0,0,0,0,1,1,'2020-02-06 17:23:08','2023-03-27 00:15:14',NULL),(721,NULL,1,423,NULL,8,'Accesorios',0,0,0,0,0,1,1,'2020-02-06 17:23:08','2023-03-27 00:15:14',NULL),(722,NULL,1,424,NULL,8,'Amortización Acumulada Accesorios',0,0,0,0,0,1,1,'2020-02-06 17:23:08','2023-03-27 00:15:14',NULL),(723,NULL,1,426,NULL,8,'Reserva Facultativa',0,0,0,0,0,1,1,'2020-02-06 17:23:08','2023-03-27 00:15:14',NULL),(724,NULL,1,427,NULL,8,'Créditos por Impuestos Diferidos',0,0,0,0,0,1,1,'2020-02-06 17:23:08','2023-03-27 00:15:14',NULL),(725,NULL,1,428,NULL,8,'Fondo de Comercio',0,0,0,0,0,1,1,'2020-02-06 17:23:08','2023-03-27 00:15:14',NULL),(726,NULL,1,429,NULL,8,'Amortizacion Acumulada Fondo de Comercio',0,0,0,0,0,1,1,'2020-02-06 17:23:08','2023-03-27 00:15:14',NULL),(727,NULL,1,430,NULL,8,'Intereses a devengar AGIP',0,0,0,0,0,1,1,'2020-02-06 17:23:08','2023-03-27 00:15:14',NULL),(728,NULL,1,431,NULL,8,'PFP IIBB',0,0,0,0,0,1,1,'2020-02-06 17:23:08','2023-03-27 00:15:14',NULL),(729,NULL,1,434,NULL,8,'Productos',0,0,0,0,0,1,1,'2020-02-06 17:23:08','2023-03-27 00:15:14',NULL),(730,NULL,1,435,NULL,8,'Intereses a devengar PFP',0,0,0,0,0,1,1,'2020-02-06 17:23:08','2023-03-27 00:15:14',NULL),(731,NULL,1,437,NULL,8,'Imp. Ley 25413 Cred 0.6%',0,0,0,0,0,1,1,'2020-02-06 17:23:08','2023-03-27 00:15:14',NULL),(732,NULL,1,438,NULL,8,'Honorarios Directorio a Pagar',0,0,0,0,0,1,1,'2020-02-06 17:23:08','2023-03-27 00:15:14',NULL),(733,NULL,1,439,NULL,8,'Reserva para Futuras Inversiones',0,0,0,0,0,1,1,'2020-02-06 17:23:08','2023-03-27 00:15:14',NULL),(734,NULL,1,440,NULL,8,'TEAC - Trabajos Ejecutados a Certificar',0,0,0,0,0,1,1,'2020-02-06 17:23:08','2023-03-27 00:15:14',NULL);
INSERT INTO `cta_cte_tesoreria_cuentas` VALUES (735,NULL,1,444,NULL,8,'Banco Santander Rio Cta Cte',0,0,0,0,0,1,1,'2020-02-06 17:23:08','2023-03-27 00:15:14',NULL),(736,NULL,1,449,NULL,8,'Leasing',0,0,0,0,0,1,1,'2020-02-06 17:23:08','2023-03-27 00:15:14',NULL),(737,NULL,1,453,NULL,8,'Inversión Central Caribe',0,0,0,0,0,1,1,'2020-02-06 17:23:08','2023-03-27 00:15:14',NULL),(738,NULL,1,454,NULL,8,'Otras Inversiones',0,0,0,0,0,1,1,'2020-02-06 17:23:08','2023-03-27 00:15:14',NULL),(739,NULL,1,455,NULL,8,'Otros Créditos',0,0,0,0,0,1,1,'2020-02-06 17:23:08','2023-03-27 00:15:14',NULL),(740,NULL,1,456,NULL,8,'Provisión Honorarios Socio Gerente',0,0,0,0,0,1,1,'2020-02-06 17:23:08','2023-03-27 00:15:14',NULL),(741,NULL,1,459,NULL,8,'Moratoria SUSS a pagar',0,0,0,0,0,1,1,'2020-02-06 17:23:08','2023-03-27 00:15:14',NULL),(742,NULL,1,460,NULL,8,'Impuestos Municipales a Pagar',0,0,0,0,0,1,1,'2020-02-06 17:23:08','2023-03-27 00:15:14',NULL),(743,NULL,1,461,NULL,6,'Amortización Instalaciones',0,0,0,0,0,1,1,'2020-02-06 17:23:08','2023-03-27 00:15:14',NULL),(744,NULL,1,462,NULL,8,'Amortización Equipos de comput.',0,0,0,0,0,1,1,'2020-02-06 17:23:08','2023-03-27 00:15:14',NULL),(745,NULL,1,463,NULL,8,'Cuenta Particular Socio 3',0,0,0,0,0,1,1,'2020-02-06 17:23:08','2023-03-27 00:15:14',NULL),(746,NULL,1,464,NULL,8,'Cuenta Particular Socio 4',0,0,0,0,0,1,1,'2020-02-06 17:23:08','2023-03-27 00:15:14',NULL),(747,NULL,1,465,NULL,8,'Otras Reservas',0,0,0,0,0,1,1,'2020-02-06 17:23:08','2023-03-27 00:15:14',NULL),(748,NULL,1,466,NULL,8,'IGMP (Saldo a Favor)',0,0,0,0,0,1,1,'2020-02-06 17:23:08','2023-03-27 00:15:14',NULL),(749,NULL,1,468,NULL,8,'Productos en Proceso',0,0,0,0,0,1,1,'2020-02-06 17:23:08','2023-03-27 00:15:14',NULL),(750,NULL,1,469,NULL,8,'Depósitos en Garantía Socio Gerente',0,0,0,0,0,1,1,'2020-02-06 17:23:08','2023-03-27 00:15:14',NULL),(751,NULL,1,470,NULL,8,'Fondos Embargados',0,0,0,0,0,1,1,'2020-02-06 17:23:08','2023-03-27 00:15:14',NULL),(752,NULL,1,471,NULL,8,'Cuota Solid.',0,0,0,0,0,1,1,'2020-02-06 17:23:08','2023-03-27 00:15:14',NULL),(753,NULL,1,472,NULL,8,'Anticipo Honorarios Directores',0,0,0,0,0,1,1,'2020-02-06 17:23:08','2023-03-27 00:15:14',NULL),(754,NULL,1,473,NULL,8,'SICORE a Pagar',0,0,0,0,0,1,1,'2020-02-06 17:23:08','2023-03-27 00:15:14',NULL),(755,NULL,1,476,NULL,6,'RECPAM',0,0,0,0,0,1,1,'2020-02-06 17:23:08','2023-03-27 00:15:14',NULL),(756,NULL,1,478,NULL,6,'CO2 - Imp. Al Carbono',0,0,0,0,0,1,1,'2020-02-06 17:23:08','2023-03-27 00:15:14',NULL);

--
-- Table structure for table `cta_cte_tesoreria_detail`
--

CREATE TABLE `cta_cte_tesoreria_detail` (
  `id` int(10) unsigned NOT NULL AUTO_INCREMENT,
  `user_id` int(10) unsigned DEFAULT NULL,
  `cta_cte_tesoreria_id` int(10) unsigned NOT NULL,
  `cta_cte_tesoreria_cuenta_id` int(10) unsigned NOT NULL,
  `person_id` int(10) unsigned DEFAULT NULL,
  `period_id` int(10) unsigned DEFAULT NULL,
  `saldo_id` int(10) unsigned NOT NULL,
  `monto` decimal(16,2) NOT NULL,
  `is_conciliado` tinyint(1) NOT NULL DEFAULT '0',
  `fecha` date DEFAULT NULL,
  `created_at` timestamp NULL DEFAULT NULL,
  `updated_at` timestamp NULL DEFAULT NULL,
  `deleted_at` timestamp NULL DEFAULT NULL,
  PRIMARY KEY (`id`),
  KEY `cta_cte_tesoreria_detail_cta_cte_tesoreria_id_foreign` (`cta_cte_tesoreria_id`),
  KEY `cta_cte_tesoreria_detail_cta_cte_tesoreria_cuenta_id_foreign` (`cta_cte_tesoreria_cuenta_id`),
  KEY `cta_cte_tesoreria_detail_person_id_foreign` (`person_id`),
  KEY `cta_cte_tesoreria_detail_period_id_foreign` (`period_id`),
  KEY `cta_cte_tesoreria_detail_saldo_id_foreign` (`saldo_id`),
  CONSTRAINT `cta_cte_tesoreria_detail_cta_cte_tesoreria_cuenta_id_foreign` FOREIGN KEY (`cta_cte_tesoreria_cuenta_id`) REFERENCES `cta_cte_tesoreria_cuentas` (`id`),
  CONSTRAINT `cta_cte_tesoreria_detail_cta_cte_tesoreria_id_foreign` FOREIGN KEY (`cta_cte_tesoreria_id`) REFERENCES `cta_cte_tesoreria` (`id`),
  CONSTRAINT `cta_cte_tesoreria_detail_period_id_foreign` FOREIGN KEY (`period_id`) REFERENCES `periods` (`id`),
  CONSTRAINT `cta_cte_tesoreria_detail_person_id_foreign` FOREIGN KEY (`person_id`) REFERENCES `persons` (`id`),
  CONSTRAINT `cta_cte_tesoreria_detail_saldo_id_foreign` FOREIGN KEY (`saldo_id`) REFERENCES `conta_tipo_saldos` (`id`)
) ENGINE=InnoDB DEFAULT CHARSET=utf8mb4 COLLATE=utf8mb4_unicode_ci;

--
-- Dumping data for table `cta_cte_tesoreria_detail`
--


--
-- Table structure for table `ctacte_bancos`
--

CREATE TABLE `ctacte_bancos` (
  `id` int(10) unsigned NOT NULL AUTO_INCREMENT,
  `user_id` int(10) unsigned DEFAULT NULL,
  `nombre` varchar(255) COLLATE utf8mb4_unicode_ci DEFAULT NULL,
  `codigoBCRA` int(11) DEFAULT NULL,
  `created_at` timestamp NULL DEFAULT NULL,
  `updated_at` timestamp NULL DEFAULT NULL,
  `deleted_at` timestamp NULL DEFAULT NULL,
  PRIMARY KEY (`id`)
) ENGINE=InnoDB AUTO_INCREMENT=78 DEFAULT CHARSET=utf8mb4 COLLATE=utf8mb4_unicode_ci;

--
-- Dumping data for table `ctacte_bancos`
--

INSERT INTO `ctacte_bancos` VALUES (1,NULL,'BANCO DE GALICIA Y BUENOS AIRES S.A.',7,NULL,NULL,NULL),(2,NULL,'BANCO DE LA NACION ARGENTINA',11,NULL,NULL,NULL),(3,NULL,'BANCO DE LA PROVINCIA DE BUENOS AIRES',14,NULL,NULL,NULL),(4,NULL,'INDUSTRIAL AND COMMERCIAL BANK OF CHINA',15,NULL,NULL,NULL),(5,NULL,'CITIBANK N.A.',16,NULL,NULL,NULL),(6,NULL,'BBVA BANCO FRANCES S.A.',17,NULL,NULL,NULL),(7,NULL,'THE BANK OF TOKYO-MITSUBISHI UFJ, LTD.',18,NULL,NULL,NULL),(8,NULL,'BANCO DE LA PROVINCIA DE CORDOBA S.A.',20,NULL,NULL,NULL),(9,NULL,'BANCO SUPERVIELLE S.A.',27,NULL,NULL,NULL),(10,NULL,'BANCO DE LA CIUDAD DE BUENOS AIRES',29,NULL,NULL,NULL),(11,NULL,'BANCO PATAGONIA S.A.',34,NULL,NULL,NULL),(12,NULL,'BANCO HIPOTECARIO S.A.',44,NULL,NULL,NULL),(13,NULL,'BANCO DE SAN JUAN S.A.',45,NULL,NULL,NULL),(14,NULL,'BANCO DEL TUCUMAN S.A.',60,NULL,NULL,NULL),(15,NULL,'BANCO MUNICIPAL DE ROSARIO',65,NULL,NULL,NULL),(16,NULL,'BANCO SANTANDER RIO S.A.',72,NULL,NULL,NULL),(17,NULL,'BANCO DEL CHUBUT S.A.',83,NULL,NULL,NULL),(18,NULL,'BANCO DE SANTA CRUZ S.A.',86,NULL,NULL,NULL),(19,NULL,'BANCO DE LA PAMPA SOCIEDAD DE ECONOMÍA M',93,NULL,NULL,NULL),(20,NULL,'BANCO DE CORRIENTES S.A.',94,NULL,NULL,NULL),(21,NULL,'BANCO PROVINCIA DEL NEUQUÉN SOCIEDAD ANÓ',97,NULL,NULL,NULL),(22,NULL,'BANCO INTERFINANZAS S.A.',147,NULL,NULL,NULL),(23,NULL,'HSBC BANK ARGENTINA S.A.',150,NULL,NULL,NULL),(24,NULL,'JPMORGAN CHASE BANK, NATIONAL ASSOCIATIO',165,NULL,NULL,NULL),(25,NULL,'BANCO CREDICOOP COOPERATIVO LIMITADO',191,NULL,NULL,NULL),(26,NULL,'BANCO DE VALORES S.A.',198,NULL,NULL,NULL),(27,NULL,'BANCO ROELA S.A.',247,NULL,NULL,NULL),(28,NULL,'BANCO MARIVA S.A.',254,NULL,NULL,NULL),(29,NULL,'BANCO ITAU ARGENTINA S.A.',259,NULL,NULL,NULL),(30,NULL,'BANK OF AMERICA, NATIONAL ASSOCIATION',262,NULL,NULL,NULL),(31,NULL,'BNP PARIBAS',266,NULL,NULL,NULL),(32,NULL,'BANCO PROVINCIA DE TIERRA DEL FUEGO',268,NULL,NULL,NULL),(33,NULL,'BANCO DE LA REPUBLICA ORIENTAL DEL URUGU',269,NULL,NULL,NULL),(34,NULL,'BANCO SAENZ S.A.',277,NULL,NULL,NULL),(35,NULL,'BANCO MERIDIAN S.A.',281,NULL,NULL,NULL),(36,NULL,'BANCO MACRO S.A.',285,NULL,NULL,NULL),(37,NULL,'BANCO COMAFI SOCIEDAD ANONIMA',299,NULL,NULL,NULL),(38,NULL,'BANCO DE INVERSION Y COMERCIO EXTERIOR S',300,NULL,NULL,NULL),(39,NULL,'BANCO PIANO S.A.',301,NULL,NULL,NULL),(40,NULL,'BANCO JULIO SOCIEDAD ANONIMA',305,NULL,NULL,NULL),(41,NULL,'BANCO RIOJA SOCIEDAD ANONIMA UNIPERSONAL',309,NULL,NULL,NULL),(42,NULL,'BANCO DEL SOL S.A.',310,NULL,NULL,NULL),(43,NULL,'NUEVO BANCO DEL CHACO S. A.',311,NULL,NULL,NULL),(44,NULL,'BANCO VOII S.A.',312,NULL,NULL,NULL),(45,NULL,'BANCO DE FORMOSA S.A.',315,NULL,NULL,NULL),(46,NULL,'BANCO CMF S.A.',319,NULL,NULL,NULL),(47,NULL,'BANCO DE SANTIAGO DEL ESTERO S.A.',321,NULL,NULL,NULL),(48,NULL,'BANCO INDUSTRIAL S.A.',322,NULL,NULL,NULL),(49,NULL,'NUEVO BANCO DE SANTA FE SOCIEDAD ANONIMA',330,NULL,NULL,NULL),(50,NULL,'BANCO CETELEM ARGENTINA S.A.',331,NULL,NULL,NULL),(51,NULL,'BANCO DE SERVICIOS FINANCIEROS S.A.',332,NULL,NULL,NULL),(52,NULL,'BANCO BRADESCO ARGENTINA S.A.U.',336,NULL,NULL,NULL),(53,NULL,'BANCO DE SERVICIOS Y TRANSACCIONES S.A.',338,NULL,NULL,NULL),(54,NULL,'RCI BANQUE S.A.',339,NULL,NULL,NULL),(55,NULL,'BACS BANCO DE CREDITO Y SECURITIZACION S',340,NULL,NULL,NULL),(56,NULL,'BANCO MASVENTAS S.A.',341,NULL,NULL,NULL),(57,NULL,'BANCO WANAP S.A.',384,NULL,NULL,NULL),(58,NULL,'NUEVO BANCO DE ENTRE RÍOS S.A.',386,NULL,NULL,NULL),(59,NULL,'BANCO COLUMBIA S.A.',389,NULL,NULL,NULL),(60,NULL,'BANCO BICA S.A.',426,NULL,NULL,NULL),(61,NULL,'BANCO COINAG S.A.',431,NULL,NULL,NULL),(62,NULL,'BANCO DE COMERCIO S.A.',432,NULL,NULL,NULL),(63,NULL,'FORD CREDIT COMPAÑIA FINANCIERA S.A.',44059,NULL,NULL,NULL),(64,NULL,'COMPAÑIA FINANCIERA ARGENTINA S.A.',44077,NULL,NULL,NULL),(65,NULL,'VOLKWAGEN FINANCIAL SERVICES CIA.FIN.S.A',44088,NULL,NULL,NULL),(66,NULL,'CORDIAL COMPAÑÍA FINANCIERA S.A.',44090,NULL,NULL,NULL),(67,NULL,'FCA COMPAÑIA FINANCIERA S.A.',44092,NULL,NULL,NULL);
INSERT INTO `ctacte_bancos` VALUES (68,NULL,'GPAT COMPAÑIA FINANCIERA S.A.',44093,NULL,NULL,NULL),(69,NULL,'MERCEDES-BENZ COMPAÑÍA FINANCIERA ARGENT',44094,NULL,NULL,NULL),(70,NULL,'ROMBO COMPAÑÍA FINANCIERA S.A.',44095,NULL,NULL,NULL),(71,NULL,'JOHN DEERE CREDIT COMPAÑÍA FINANCIERA S.',44096,NULL,NULL,NULL),(72,NULL,'PSA FINANCE ARGENTINA COMPAÑÍA FINANCIER',44098,NULL,NULL,NULL),(73,NULL,'TOYOTA COMPAÑÍA FINANCIERA DE ARGENTINA',44099,NULL,NULL,NULL),(74,NULL,'FINANDINO COMPAÑIA FINANCIERA S.A.',44100,NULL,NULL,NULL),(75,NULL,'MONTEMAR COMPAÑIA FINANCIERA S.A.',45056,NULL,NULL,NULL),(76,NULL,'MULTIFINANZAS COMPAÑIA FINANCIERA S.A.',45072,NULL,NULL,NULL),(77,NULL,'CAJA DE CREDITO \"CUENCA\" COOPERATIVA LIM',65203,NULL,NULL,NULL);

--
-- Table structure for table `ctacte_bancos_datos`
--

CREATE TABLE `ctacte_bancos_datos` (
  `id` int(10) unsigned NOT NULL AUTO_INCREMENT,
  `cuenta_conta_id` int(10) unsigned DEFAULT NULL,
  `nombre` varchar(255) COLLATE utf8mb4_unicode_ci DEFAULT NULL,
  `cuit` varchar(255) COLLATE utf8mb4_unicode_ci DEFAULT NULL,
  `titular` varchar(255) COLLATE utf8mb4_unicode_ci DEFAULT NULL,
  `cuenta` varchar(255) COLLATE utf8mb4_unicode_ci DEFAULT NULL,
  `num_cuenta` varchar(255) COLLATE utf8mb4_unicode_ci DEFAULT NULL,
  `cbu` varchar(255) COLLATE utf8mb4_unicode_ci DEFAULT NULL,
  `alias` varchar(255) COLLATE utf8mb4_unicode_ci DEFAULT NULL,
  `status` int(11) NOT NULL DEFAULT '1',
  `created_at` timestamp NULL DEFAULT NULL,
  `updated_at` timestamp NULL DEFAULT NULL,
  PRIMARY KEY (`id`),
  KEY `ctacte_bancos_datos_cuenta_conta_id_foreign` (`cuenta_conta_id`),
  CONSTRAINT `ctacte_bancos_datos_cuenta_conta_id_foreign` FOREIGN KEY (`cuenta_conta_id`) REFERENCES `conta_plan_cuenta` (`id`)
) ENGINE=InnoDB AUTO_INCREMENT=2 DEFAULT CHARSET=utf8mb4 COLLATE=utf8mb4_unicode_ci;

--
-- Dumping data for table `ctacte_bancos_datos`
--

INSERT INTO `ctacte_bancos_datos` VALUES (1,359,'Frances','30-50000319-3','Estefania Brunello',NULL,NULL,'0170326740000041814657',NULL,1,'2022-10-22 12:17:05','2022-10-22 12:17:05');

--
-- Table structure for table `ctacte_cheques`
--

CREATE TABLE `ctacte_cheques` (
  `id` int(10) unsigned NOT NULL AUTO_INCREMENT,
  `user_id` int(10) unsigned DEFAULT NULL,
  `asiento_id` varchar(191) COLLATE utf8mb4_unicode_ci DEFAULT NULL,
  `cuenta_conta_id` int(10) unsigned DEFAULT NULL,
  `cta_cte_tesoreria_cuenta_id` int(10) unsigned DEFAULT NULL,
  `cta_cte_tesoreria_id` int(10) unsigned DEFAULT NULL,
  `cta_cte_cliente_id` int(10) unsigned DEFAULT NULL,
  `cta_cte_cliente_id2` int(10) unsigned DEFAULT NULL,
  `nf_cta_cte_id2` int(10) unsigned DEFAULT NULL,
  `nf_cta_cte_id` int(10) unsigned DEFAULT NULL,
  `monto` decimal(16,2) DEFAULT NULL,
  `cheque3ros` tinyint(1) NOT NULL DEFAULT '0',
  `cheque_emitidos` tinyint(1) NOT NULL DEFAULT '0',
  `fecha` date DEFAULT NULL,
  `fecha_cobro` date DEFAULT NULL,
  `banco_id` int(10) unsigned NOT NULL,
  `person_id` int(10) unsigned DEFAULT NULL,
  `cuit` text COLLATE utf8mb4_unicode_ci,
  `titular` varchar(255) COLLATE utf8mb4_unicode_ci DEFAULT NULL,
  `abierto_cruzado` int(11) NOT NULL DEFAULT '1',
  `is_no_a_la_orden` tinyint(1) NOT NULL DEFAULT '0',
  `numero` int(10) unsigned DEFAULT NULL,
  `foto` varchar(255) COLLATE utf8mb4_unicode_ci DEFAULT NULL,
  `comentario` varchar(255) COLLATE utf8mb4_unicode_ci DEFAULT NULL,
  `status` int(11) NOT NULL DEFAULT '1',
  `created_at` timestamp NULL DEFAULT NULL,
  `updated_at` timestamp NULL DEFAULT NULL,
  `deleted_at` timestamp NULL DEFAULT NULL,
  PRIMARY KEY (`id`),
  KEY `ctacte_cheques_asiento_id_foreign` (`asiento_id`),
  KEY `ctacte_cheques_cuenta_conta_id_foreign` (`cuenta_conta_id`),
  KEY `ctacte_cheques_banco_id_foreign` (`banco_id`),
  KEY `ctacte_cheques_person_id_foreign` (`person_id`),
  KEY `ctacte_cheques_cta_cte_cliente_id2_foreign` (`cta_cte_cliente_id2`),
  KEY `ctacte_cheques_cta_cte_cliente_id_foreign` (`cta_cte_cliente_id`),
  KEY `cta_cte_tesorer_id` (`cta_cte_tesoreria_id`),
  KEY `ctacte_cheques_nf_cta_cte_id_foreign` (`nf_cta_cte_id`),
  KEY `ctacte_cheques_nf_cta_cte_id2_foreign` (`nf_cta_cte_id2`),
  KEY `ctacte_cheques_cta_cte_tesoreria_cuenta_id_foreign` (`cta_cte_tesoreria_cuenta_id`),
  CONSTRAINT `cta_cte_tesorer_id` FOREIGN KEY (`cta_cte_tesoreria_id`) REFERENCES `cta_cte_tesoreria` (`id`),
  CONSTRAINT `ctacte_cheques_banco_id_foreign` FOREIGN KEY (`banco_id`) REFERENCES `ctacte_bancos` (`id`),
  CONSTRAINT `ctacte_cheques_cta_cte_cliente_id2_foreign` FOREIGN KEY (`cta_cte_cliente_id2`) REFERENCES `cta_cte_cliente` (`id`),
  CONSTRAINT `ctacte_cheques_cta_cte_cliente_id_foreign` FOREIGN KEY (`cta_cte_cliente_id`) REFERENCES `cta_cte_cliente` (`id`),
  CONSTRAINT `ctacte_cheques_cta_cte_tesoreria_cuenta_id_foreign` FOREIGN KEY (`cta_cte_tesoreria_cuenta_id`) REFERENCES `cta_cte_tesoreria_cuentas` (`id`),
  CONSTRAINT `ctacte_cheques_cuenta_conta_id_foreign` FOREIGN KEY (`cuenta_conta_id`) REFERENCES `conta_plan_cuenta` (`id`),
  CONSTRAINT `ctacte_cheques_nf_cta_cte_id2_foreign` FOREIGN KEY (`nf_cta_cte_id2`) REFERENCES `nf_cta_cte` (`id`),
  CONSTRAINT `ctacte_cheques_nf_cta_cte_id_foreign` FOREIGN KEY (`nf_cta_cte_id`) REFERENCES `nf_cta_cte` (`id`),
  CONSTRAINT `ctacte_cheques_person_id_foreign` FOREIGN KEY (`person_id`) REFERENCES `persons` (`id`)
) ENGINE=InnoDB DEFAULT CHARSET=utf8mb4 COLLATE=utf8mb4_unicode_ci;

--
-- Dumping data for table `ctacte_cheques`
--


--
-- Table structure for table `ctactegastos_centrocosto`
--

CREATE TABLE `ctactegastos_centrocosto` (
  `id` int(10) unsigned NOT NULL AUTO_INCREMENT,
  `user_id` int(10) unsigned DEFAULT NULL,
  `nombre` varchar(255) COLLATE utf8mb4_unicode_ci NOT NULL,
  `created_at` timestamp NULL DEFAULT NULL,
  `updated_at` timestamp NULL DEFAULT NULL,
  `deleted_at` timestamp NULL DEFAULT NULL,
  PRIMARY KEY (`id`)
) ENGINE=InnoDB AUTO_INCREMENT=9 DEFAULT CHARSET=utf8mb4 COLLATE=utf8mb4_unicode_ci;

--
-- Dumping data for table `ctactegastos_centrocosto`
--

INSERT INTO `ctactegastos_centrocosto` VALUES (1,NULL,'OFICINA',NULL,NULL,NULL),(2,NULL,'FIJO',NULL,NULL,NULL),(3,NULL,'VARIABLE',NULL,NULL,NULL),(4,NULL,'GISELA',NULL,NULL,NULL),(5,NULL,'LIA',NULL,NULL,NULL),(6,NULL,'PADRES',NULL,NULL,NULL),(7,NULL,'CASA',NULL,NULL,NULL),(8,NULL,'VANESA',NULL,NULL,NULL);

--
-- Table structure for table `ctactegastos_cuenta_tipo`
--

CREATE TABLE `ctactegastos_cuenta_tipo` (
  `idCuentaTipo` int(10) unsigned NOT NULL AUTO_INCREMENT,
  `user_id` int(10) unsigned DEFAULT NULL,
  `cta_cte_tesoreria_cuenta_id` int(10) unsigned DEFAULT NULL,
  `idTipo` int(10) unsigned NOT NULL,
  `created_at` timestamp NULL DEFAULT NULL,
  `updated_at` timestamp NULL DEFAULT NULL,
  `deleted_at` timestamp NULL DEFAULT NULL,
  PRIMARY KEY (`idCuentaTipo`),
  KEY `ctactegastos_cuenta_tipo_idtipo_foreign` (`idTipo`),
  KEY `ctactegastos_cuenta_tipo_cta_cte_tesoreria_cuenta_id_foreign` (`cta_cte_tesoreria_cuenta_id`),
  CONSTRAINT `ctactegastos_cuenta_tipo_cta_cte_tesoreria_cuenta_id_foreign` FOREIGN KEY (`cta_cte_tesoreria_cuenta_id`) REFERENCES `cta_cte_tesoreria_cuentas` (`id`),
  CONSTRAINT `ctactegastos_cuenta_tipo_idtipo_foreign` FOREIGN KEY (`idTipo`) REFERENCES `ctactegastos_tiposdegastos` (`id`)
) ENGINE=InnoDB AUTO_INCREMENT=18 DEFAULT CHARSET=utf8mb4 COLLATE=utf8mb4_unicode_ci;

--
-- Dumping data for table `ctactegastos_cuenta_tipo`
--

INSERT INTO `ctactegastos_cuenta_tipo` VALUES (1,NULL,NULL,3,NULL,NULL,NULL),(2,NULL,NULL,6,NULL,NULL,NULL),(3,NULL,NULL,3,NULL,NULL,NULL),(4,NULL,NULL,4,NULL,NULL,NULL),(5,NULL,NULL,5,NULL,NULL,NULL),(6,NULL,NULL,3,NULL,NULL,NULL),(7,NULL,NULL,4,NULL,NULL,NULL),(8,NULL,NULL,3,NULL,NULL,NULL),(9,NULL,NULL,4,NULL,NULL,NULL),(10,NULL,NULL,7,NULL,NULL,NULL),(11,NULL,NULL,8,NULL,NULL,NULL),(12,NULL,NULL,3,NULL,NULL,NULL),(13,NULL,NULL,3,NULL,NULL,NULL),(14,NULL,NULL,4,NULL,NULL,NULL),(15,NULL,NULL,1,NULL,NULL,NULL),(16,NULL,NULL,2,NULL,NULL,NULL),(17,NULL,NULL,5,NULL,NULL,NULL);

--
-- Table structure for table `ctactegastos_mensuales`
--

CREATE TABLE `ctactegastos_mensuales` (
  `id` int(10) unsigned NOT NULL AUTO_INCREMENT,
  `user_id` int(10) unsigned DEFAULT NULL,
  `CuentaTipo_id` int(10) unsigned NOT NULL,
  `cta_cte_tesoreria_cuenta_id` int(10) unsigned NOT NULL DEFAULT '13',
  `TipoDeGasto_id` int(10) unsigned NOT NULL,
  `CentroCosto_id` int(10) unsigned NOT NULL,
  `gasto_cta_cte_tesoreria_cuenta_id` int(10) unsigned NOT NULL DEFAULT '13',
  `monto` decimal(16,2) DEFAULT NULL,
  `comentario` varchar(255) COLLATE utf8mb4_unicode_ci DEFAULT NULL,
  `status` int(11) NOT NULL DEFAULT '1',
  `created_at` timestamp NULL DEFAULT NULL,
  `updated_at` timestamp NULL DEFAULT NULL,
  `deleted_at` timestamp NULL DEFAULT NULL,
  PRIMARY KEY (`id`),
  KEY `ctactegastos_mensuales_cuentatipo_id_foreign` (`CuentaTipo_id`),
  KEY `ctactegastos_mensuales_tipodegasto_id_foreign` (`TipoDeGasto_id`),
  KEY `ctactegastos_mensuales_centrocosto_id_foreign` (`CentroCosto_id`),
  KEY `ctactegastos_mensuales_cta_cte_tesoreria_cuenta_id_foreign` (`cta_cte_tesoreria_cuenta_id`),
  KEY `ctactegastos_mensuales_gasto_cta_cte_tesoreria_cuenta_id_foreign` (`gasto_cta_cte_tesoreria_cuenta_id`),
  CONSTRAINT `ctactegastos_mensuales_centrocosto_id_foreign` FOREIGN KEY (`CentroCosto_id`) REFERENCES `ctactegastos_centrocosto` (`id`),
  CONSTRAINT `ctactegastos_mensuales_cta_cte_tesoreria_cuenta_id_foreign` FOREIGN KEY (`cta_cte_tesoreria_cuenta_id`) REFERENCES `cta_cte_tesoreria_cuentas` (`id`),
  CONSTRAINT `ctactegastos_mensuales_cuentatipo_id_foreign` FOREIGN KEY (`CuentaTipo_id`) REFERENCES `ctactegastos_cuenta_tipo` (`idCuentaTipo`),
  CONSTRAINT `ctactegastos_mensuales_gasto_cta_cte_tesoreria_cuenta_id_foreign` FOREIGN KEY (`gasto_cta_cte_tesoreria_cuenta_id`) REFERENCES `cta_cte_tesoreria_cuentas` (`id`),
  CONSTRAINT `ctactegastos_mensuales_tipodegasto_id_foreign` FOREIGN KEY (`TipoDeGasto_id`) REFERENCES `ctactegastos_tiposdegastos` (`id`)
) ENGINE=InnoDB DEFAULT CHARSET=utf8mb4 COLLATE=utf8mb4_unicode_ci;

--
-- Dumping data for table `ctactegastos_mensuales`
--


--
-- Table structure for table `ctactegastos_tiposdegastos`
--

CREATE TABLE `ctactegastos_tiposdegastos` (
  `id` int(10) unsigned NOT NULL AUTO_INCREMENT,
  `user_id` int(10) unsigned DEFAULT NULL,
  `nombre` varchar(255) COLLATE utf8mb4_unicode_ci DEFAULT NULL,
  `created_at` timestamp NULL DEFAULT NULL,
  `updated_at` timestamp NULL DEFAULT NULL,
  `deleted_at` timestamp NULL DEFAULT NULL,
  PRIMARY KEY (`id`)
) ENGINE=InnoDB AUTO_INCREMENT=11 DEFAULT CHARSET=utf8mb4 COLLATE=utf8mb4_unicode_ci;

--
-- Dumping data for table `ctactegastos_tiposdegastos`
--

INSERT INTO `ctactegastos_tiposdegastos` VALUES (1,NULL,'Oficina',NULL,NULL,NULL),(2,NULL,'Personales',NULL,NULL,NULL),(3,NULL,'Tarjeta VISA',NULL,NULL,NULL),(4,NULL,'Tarjeta Mastercard',NULL,NULL,NULL),(5,NULL,'Debito Automatico',NULL,NULL,NULL),(6,NULL,'American Express',NULL,NULL,NULL),(7,NULL,'Tarjeta Shopping',NULL,NULL,NULL),(8,NULL,'Tarjeta Cencosud',NULL,NULL,NULL),(9,NULL,'Tarjeta Coto',NULL,NULL,NULL),(10,NULL,'Tarjeta Nativa',NULL,NULL,NULL);

--
-- Table structure for table `cursos`
--

CREATE TABLE `cursos` (
  `id` int(10) unsigned NOT NULL AUTO_INCREMENT,
  `nombre` varchar(191) COLLATE utf8mb4_unicode_ci NOT NULL,
  `descripcion` longtext COLLATE utf8mb4_unicode_ci NOT NULL,
  `fecha` date DEFAULT NULL,
  `hora` varchar(191) COLLATE utf8mb4_unicode_ci DEFAULT NULL,
  `profesor` varchar(191) COLLATE utf8mb4_unicode_ci DEFAULT NULL,
  `cant_clases` varchar(191) COLLATE utf8mb4_unicode_ci DEFAULT NULL,
  `duracion` varchar(191) COLLATE utf8mb4_unicode_ci DEFAULT NULL,
  `adjuntos` varchar(191) COLLATE utf8mb4_unicode_ci DEFAULT NULL,
  `link_zoom` longtext COLLATE utf8mb4_unicode_ci,
  `cod_zoom` varchar(191) COLLATE utf8mb4_unicode_ci DEFAULT NULL,
  `contraseña_zoom` varchar(191) COLLATE utf8mb4_unicode_ci DEFAULT NULL,
  `link_youtube` varchar(191) COLLATE utf8mb4_unicode_ci DEFAULT NULL,
  `materiales` varchar(191) COLLATE utf8mb4_unicode_ci DEFAULT NULL,
  `habilitado` tinyint(1) NOT NULL DEFAULT '1',
  `created_at` timestamp NULL DEFAULT NULL,
  `updated_at` timestamp NULL DEFAULT NULL,
  `deleted_at` timestamp NULL DEFAULT NULL,
  PRIMARY KEY (`id`)
) ENGINE=InnoDB DEFAULT CHARSET=utf8mb4 COLLATE=utf8mb4_unicode_ci;

--
-- Dumping data for table `cursos`
--


--
-- Table structure for table `cursos_detail`
--

CREATE TABLE `cursos_detail` (
  `id` int(10) unsigned NOT NULL AUTO_INCREMENT,
  `curso_id` int(10) unsigned NOT NULL,
  `field_name1` varchar(191) COLLATE utf8mb4_unicode_ci NOT NULL,
  `email` varchar(191) COLLATE utf8mb4_unicode_ci NOT NULL,
  `celular` int(11) NOT NULL,
  `created_at` timestamp NULL DEFAULT NULL,
  `updated_at` timestamp NULL DEFAULT NULL,
  `deleted_at` timestamp NULL DEFAULT NULL,
  PRIMARY KEY (`id`),
  KEY `cursos_detail_curso_id_foreign` (`curso_id`),
  CONSTRAINT `cursos_detail_curso_id_foreign` FOREIGN KEY (`curso_id`) REFERENCES `cursos` (`id`)
) ENGINE=InnoDB DEFAULT CHARSET=utf8mb4 COLLATE=utf8mb4_unicode_ci;

--
-- Dumping data for table `cursos_detail`
--


--
-- Table structure for table `data_types`
--

CREATE TABLE `data_types` (
  `id` int(10) unsigned NOT NULL AUTO_INCREMENT,
  `description` varchar(180) COLLATE utf8mb4_unicode_ci NOT NULL,
  `class` int(10) unsigned NOT NULL,
  `class_description` varchar(180) COLLATE utf8mb4_unicode_ci NOT NULL,
  `data_type` varchar(100) COLLATE utf8mb4_unicode_ci NOT NULL,
  `path` varchar(255) COLLATE utf8mb4_unicode_ci DEFAULT NULL,
  `created_at` timestamp NULL DEFAULT NULL,
  `updated_at` timestamp NULL DEFAULT NULL,
  PRIMARY KEY (`id`),
  UNIQUE KEY `data_types_description_unique` (`description`)
) ENGINE=InnoDB AUTO_INCREMENT=9 DEFAULT CHARSET=utf8mb4 COLLATE=utf8mb4_unicode_ci;

--
-- Dumping data for table `data_types`
--

INSERT INTO `data_types` VALUES (1,'Comprobantes XLS',1,'Importación','XLS','data/imports/receipts/xls',NULL,NULL),(2,'CITI-Ventas',1,'Importación','TXT','data/imports/receipts/CitiVentas',NULL,NULL),(3,'CITI Compras',2,'Exportación','TXT','data/exports/receipts/citi',NULL,NULL),(4,'CITI Ventas',2,'Exportación','TXT','data/exports/receipts/CitiVentasExport',NULL,NULL),(5,'Convenio Multilateral',2,'Exportación','TXT','data/exports/receipts/convenio',NULL,NULL),(6,'Libro IVA Digital',2,'Exportación','TXT','data/exports/receipts/libro_iva_digital',NULL,'2019-11-20 21:43:44'),(7,'Mis Comprobantes',1,'Importacion','','data/imports/receipts/mis_comprobantes',NULL,NULL),(8,'Consulta AFIP',3,'AFIP','','data/afip/index','2019-12-06 14:49:55','2019-12-06 14:49:55');

--
-- Table structure for table `dc_estados`
--

CREATE TABLE `dc_estados` (
  `id` bigint(20) unsigned NOT NULL AUTO_INCREMENT,
  `user_id` int(10) unsigned DEFAULT NULL,
  `descripcion` text COLLATE utf8mb4_unicode_ci NOT NULL,
  `habilitado` tinyint(1) NOT NULL DEFAULT '1',
  `created_at` timestamp NULL DEFAULT NULL,
  `updated_at` timestamp NULL DEFAULT NULL,
  `deleted_at` timestamp NULL DEFAULT NULL,
  PRIMARY KEY (`id`)
) ENGINE=InnoDB AUTO_INCREMENT=6 DEFAULT CHARSET=utf8mb4 COLLATE=utf8mb4_unicode_ci;

--
-- Dumping data for table `dc_estados`
--

INSERT INTO `dc_estados` VALUES (1,NULL,'BORRADOR',1,NULL,'2023-08-06 23:59:45',NULL),(2,NULL,'TERMINADO',1,NULL,'2023-08-06 23:59:45',NULL),(3,NULL,'ELIMINADO',1,NULL,'2023-08-13 09:18:09',NULL),(4,NULL,'PAGADO',1,NULL,'2023-08-06 23:59:45','2023-08-06 23:59:45'),(5,NULL,'CONCILIADO',1,NULL,'2023-08-06 23:59:45','2023-08-06 23:59:45');

--
-- Table structure for table `dc_firmas`
--

CREATE TABLE `dc_firmas` (
  `id` bigint(20) unsigned NOT NULL AUTO_INCREMENT,
  `user_id` int(10) unsigned DEFAULT NULL,
  `descripcion` text COLLATE utf8mb4_unicode_ci NOT NULL,
  `show_firmante_dc` tinyint(1) NOT NULL DEFAULT '0',
  `show_create_dc` tinyint(1) NOT NULL DEFAULT '0',
  `faltan_firmas` tinyint(1) NOT NULL DEFAULT '0',
  `habilitado` tinyint(1) NOT NULL DEFAULT '1',
  `created_at` timestamp NULL DEFAULT NULL,
  `updated_at` timestamp NULL DEFAULT NULL,
  `deleted_at` timestamp NULL DEFAULT NULL,
  PRIMARY KEY (`id`)
) ENGINE=InnoDB AUTO_INCREMENT=5 DEFAULT CHARSET=utf8mb4 COLLATE=utf8mb4_unicode_ci;

--
-- Dumping data for table `dc_firmas`
--

INSERT INTO `dc_firmas` VALUES (1,NULL,'NO',1,1,0,1,NULL,'2023-08-06 23:59:46',NULL),(2,NULL,'RECHAZADO',1,1,0,1,NULL,'2023-08-06 23:59:46',NULL),(3,NULL,'ACEPTADO',1,0,0,1,NULL,'2023-08-06 23:59:46',NULL),(4,NULL,'FALTAN FIRMAS',0,0,1,1,'2023-08-06 23:59:46','2023-08-06 23:59:46',NULL);

--
-- Table structure for table `dc_firmas_ordenes`
--

CREATE TABLE `dc_firmas_ordenes` (
  `id` bigint(20) unsigned NOT NULL AUTO_INCREMENT,
  `user_id` int(10) unsigned DEFAULT NULL,
  `person_id` int(10) unsigned NOT NULL,
  `dc_orden_id` bigint(20) unsigned NOT NULL,
  `user_id_que_firma` int(10) unsigned NOT NULL,
  `dc_firma_id` bigint(20) unsigned NOT NULL,
  `created_at` timestamp NULL DEFAULT NULL,
  `updated_at` timestamp NULL DEFAULT NULL,
  `deleted_at` timestamp NULL DEFAULT NULL,
  PRIMARY KEY (`id`),
  KEY `dc_firmas_ordenes_person_id_foreign` (`person_id`),
  KEY `dc_firmas_ordenes_dc_orden_id_foreign` (`dc_orden_id`),
  KEY `dc_firmas_ordenes_dc_firma_id_foreign` (`dc_firma_id`),
  CONSTRAINT `dc_firmas_ordenes_dc_firma_id_foreign` FOREIGN KEY (`dc_firma_id`) REFERENCES `dc_firmas` (`id`),
  CONSTRAINT `dc_firmas_ordenes_dc_orden_id_foreign` FOREIGN KEY (`dc_orden_id`) REFERENCES `dc_ordenes` (`id`),
  CONSTRAINT `dc_firmas_ordenes_person_id_foreign` FOREIGN KEY (`person_id`) REFERENCES `persons` (`id`)
) ENGINE=InnoDB DEFAULT CHARSET=utf8mb4 COLLATE=utf8mb4_unicode_ci;

--
-- Dumping data for table `dc_firmas_ordenes`
--


--
-- Table structure for table `dc_firmas_reglas`
--

CREATE TABLE `dc_firmas_reglas` (
  `id` bigint(20) unsigned NOT NULL AUTO_INCREMENT,
  `user_id` int(10) unsigned DEFAULT NULL,
  `person_id` int(10) unsigned NOT NULL,
  `dc_orden_id` bigint(20) unsigned NOT NULL,
  `importe` decimal(16,2) NOT NULL,
  `grupos_users_ids` longtext COLLATE utf8mb4_unicode_ci,
  `created_at` timestamp NULL DEFAULT NULL,
  `updated_at` timestamp NULL DEFAULT NULL,
  `deleted_at` timestamp NULL DEFAULT NULL,
  PRIMARY KEY (`id`),
  KEY `dc_firmas_reglas_person_id_foreign` (`person_id`),
  KEY `dc_firmas_reglas_dc_orden_id_foreign` (`dc_orden_id`),
  CONSTRAINT `dc_firmas_reglas_dc_orden_id_foreign` FOREIGN KEY (`dc_orden_id`) REFERENCES `dc_ordenes` (`id`),
  CONSTRAINT `dc_firmas_reglas_person_id_foreign` FOREIGN KEY (`person_id`) REFERENCES `persons` (`id`)
) ENGINE=InnoDB DEFAULT CHARSET=utf8mb4 COLLATE=utf8mb4_unicode_ci;

--
-- Dumping data for table `dc_firmas_reglas`
--


--
-- Table structure for table `dc_orden_files`
--

CREATE TABLE `dc_orden_files` (
  `id` bigint(20) unsigned NOT NULL AUTO_INCREMENT,
  `user_id` int(10) unsigned DEFAULT NULL,
  `dc_orden_id` bigint(20) unsigned NOT NULL,
  `file` text COLLATE utf8mb4_unicode_ci NOT NULL,
  `created_at` timestamp NULL DEFAULT NULL,
  `updated_at` timestamp NULL DEFAULT NULL,
  `deleted_at` timestamp NULL DEFAULT NULL,
  PRIMARY KEY (`id`),
  KEY `dc_orden_files_dc_orden_id_foreign` (`dc_orden_id`),
  CONSTRAINT `dc_orden_files_dc_orden_id_foreign` FOREIGN KEY (`dc_orden_id`) REFERENCES `dc_ordenes` (`id`)
) ENGINE=InnoDB DEFAULT CHARSET=utf8mb4 COLLATE=utf8mb4_unicode_ci;

--
-- Dumping data for table `dc_orden_files`
--


--
-- Table structure for table `dc_ordenes`
--

CREATE TABLE `dc_ordenes` (
  `id` bigint(20) unsigned NOT NULL AUTO_INCREMENT,
  `user_id` int(10) unsigned DEFAULT NULL,
  `dc_orden_tipo_id` bigint(20) unsigned NOT NULL,
  `person_id` int(10) unsigned NOT NULL,
  `person_id_relationed` int(10) unsigned DEFAULT NULL,
  `titulo` text COLLATE utf8mb4_unicode_ci,
  `sucursal` int(11) NOT NULL DEFAULT '1',
  `numero` int(11) NOT NULL,
  `sector` varchar(191) COLLATE utf8mb4_unicode_ci DEFAULT NULL,
  `solicitante` varchar(191) COLLATE utf8mb4_unicode_ci DEFAULT NULL,
  `fecha` date NOT NULL,
  `fecha_entrega` date DEFAULT NULL,
  `cantidades` decimal(16,2) NOT NULL,
  `moneda_id` int(10) unsigned NOT NULL DEFAULT '1',
  `cotizacion` decimal(16,2) NOT NULL DEFAULT '1.00',
  `neto` decimal(16,2) NOT NULL,
  `iva` decimal(16,2) NOT NULL,
  `total` decimal(16,2) NOT NULL,
  `comentario` longtext COLLATE utf8mb4_unicode_ci NOT NULL,
  `dc_estado_id` bigint(20) unsigned NOT NULL,
  `inv_orden_trabajo_id` bigint(20) unsigned DEFAULT NULL,
  `conta_cc_id` bigint(20) unsigned DEFAULT NULL,
  `origendestinoable_type` text COLLATE utf8mb4_unicode_ci,
  `origendestinoable_id` int(10) unsigned DEFAULT NULL,
  `is_multiples_ot` tinyint(1) unsigned NOT NULL DEFAULT '0',
  `dc_orden_origen_destino_id` bigint(20) unsigned DEFAULT NULL,
  `is_completado` tinyint(1) NOT NULL DEFAULT '0',
  `dc_firma_id` bigint(20) unsigned NOT NULL DEFAULT '1',
  `created_at` timestamp NULL DEFAULT NULL,
  `updated_at` timestamp NULL DEFAULT NULL,
  `deleted_at` timestamp NULL DEFAULT NULL,
  PRIMARY KEY (`id`),
  KEY `dc_ordenes_dc_orden_tipo_id_foreign` (`dc_orden_tipo_id`),
  KEY `dc_ordenes_person_id_foreign` (`person_id`),
  KEY `dc_ordenes_person_id_relationed_foreign` (`person_id_relationed`),
  KEY `dc_ordenes_dc_estado_id_foreign` (`dc_estado_id`),
  KEY `dc_ordenes_conta_cc_id_foreign` (`conta_cc_id`),
  KEY `dc_ordenes_inv_orden_trabajo_id_foreign` (`inv_orden_trabajo_id`),
  KEY `dc_ordenes_dc_orden_origen_destino_id_foreign` (`dc_orden_origen_destino_id`),
  KEY `dc_ordenes_moneda_id_foreign` (`moneda_id`),
  KEY `dc_ordenes_dc_firma_id_foreign` (`dc_firma_id`),
  CONSTRAINT `dc_ordenes_conta_cc_id_foreign` FOREIGN KEY (`conta_cc_id`) REFERENCES `conta_centro_costos` (`id`),
  CONSTRAINT `dc_ordenes_dc_estado_id_foreign` FOREIGN KEY (`dc_estado_id`) REFERENCES `dc_estados` (`id`),
  CONSTRAINT `dc_ordenes_dc_firma_id_foreign` FOREIGN KEY (`dc_firma_id`) REFERENCES `dc_firmas` (`id`),
  CONSTRAINT `dc_ordenes_dc_orden_origen_destino_id_foreign` FOREIGN KEY (`dc_orden_origen_destino_id`) REFERENCES `dc_ordenes_origen_destino` (`id`),
  CONSTRAINT `dc_ordenes_dc_orden_tipo_id_foreign` FOREIGN KEY (`dc_orden_tipo_id`) REFERENCES `dc_ordenes_tipos` (`id`),
  CONSTRAINT `dc_ordenes_inv_orden_trabajo_id_foreign` FOREIGN KEY (`inv_orden_trabajo_id`) REFERENCES `inv_orden_trabajos` (`id`),
  CONSTRAINT `dc_ordenes_moneda_id_foreign` FOREIGN KEY (`moneda_id`) REFERENCES `monedas` (`id`),
  CONSTRAINT `dc_ordenes_person_id_foreign` FOREIGN KEY (`person_id`) REFERENCES `persons` (`id`),
  CONSTRAINT `dc_ordenes_person_id_relationed_foreign` FOREIGN KEY (`person_id_relationed`) REFERENCES `persons` (`id`)
) ENGINE=InnoDB DEFAULT CHARSET=utf8mb4 COLLATE=utf8mb4_unicode_ci;

--
-- Dumping data for table `dc_ordenes`
--


--
-- Table structure for table `dc_ordenes_compra_req`
--

CREATE TABLE `dc_ordenes_compra_req` (
  `id` int(10) unsigned NOT NULL AUTO_INCREMENT,
  `user_id` int(10) unsigned DEFAULT NULL,
  `dc_orden_id` bigint(20) unsigned NOT NULL,
  `dc_orden_detail_id` bigint(20) unsigned NOT NULL,
  `dc_orden_req_id` bigint(20) unsigned NOT NULL,
  `dc_orden_req_detail_id` bigint(20) unsigned NOT NULL,
  `created_at` timestamp NULL DEFAULT NULL,
  `updated_at` timestamp NULL DEFAULT NULL,
  `deleted_at` timestamp NULL DEFAULT NULL,
  PRIMARY KEY (`id`),
  KEY `dc_ordenes_compra_req_dc_orden_id_foreign` (`dc_orden_id`),
  KEY `dc_ordenes_compra_req_dc_orden_detail_id_foreign` (`dc_orden_detail_id`),
  KEY `dc_ordenes_compra_req_dc_orden_req_id_foreign` (`dc_orden_req_id`),
  KEY `dc_ordenes_compra_req_dc_orden_req_detail_id_foreign` (`dc_orden_req_detail_id`),
  CONSTRAINT `dc_ordenes_compra_req_dc_orden_detail_id_foreign` FOREIGN KEY (`dc_orden_detail_id`) REFERENCES `dc_ordenes_details` (`id`),
  CONSTRAINT `dc_ordenes_compra_req_dc_orden_id_foreign` FOREIGN KEY (`dc_orden_id`) REFERENCES `dc_ordenes` (`id`),
  CONSTRAINT `dc_ordenes_compra_req_dc_orden_req_detail_id_foreign` FOREIGN KEY (`dc_orden_req_detail_id`) REFERENCES `dc_ordenes_details` (`id`),
  CONSTRAINT `dc_ordenes_compra_req_dc_orden_req_id_foreign` FOREIGN KEY (`dc_orden_req_id`) REFERENCES `dc_ordenes` (`id`)
) ENGINE=InnoDB DEFAULT CHARSET=utf8mb4 COLLATE=utf8mb4_unicode_ci;

--
-- Dumping data for table `dc_ordenes_compra_req`
--


--
-- Table structure for table `dc_ordenes_details`
--

CREATE TABLE `dc_ordenes_details` (
  `id` bigint(20) unsigned NOT NULL AUTO_INCREMENT,
  `user_id` int(10) unsigned DEFAULT NULL,
  `dc_orden_id` bigint(20) unsigned NOT NULL,
  `dc_orden_origen_destino_id` bigint(20) unsigned DEFAULT NULL,
  `origendestinoable_id` int(10) unsigned DEFAULT NULL,
  `origendestinoable_type` text COLLATE utf8mb4_unicode_ci,
  `cantidades` decimal(16,2) NOT NULL,
  `inv_producto_id` bigint(20) unsigned DEFAULT NULL,
  `inv_producto_id_destino` bigint(20) unsigned DEFAULT NULL,
  `descripcion` varchar(191) COLLATE utf8mb4_unicode_ci DEFAULT NULL,
  `neto` decimal(16,2) NOT NULL,
  `desc_porc` decimal(16,2) DEFAULT NULL,
  `descuento` decimal(16,2) DEFAULT NULL,
  `system_tax_id` int(10) unsigned NOT NULL,
  `iva` decimal(16,2) NOT NULL,
  `subtotal` decimal(16,2) NOT NULL,
  `created_at` timestamp NULL DEFAULT NULL,
  `updated_at` timestamp NULL DEFAULT NULL,
  `deleted_at` timestamp NULL DEFAULT NULL,
  PRIMARY KEY (`id`),
  KEY `dc_ordenes_details_dc_orden_id_foreign` (`dc_orden_id`),
  KEY `dc_ordenes_details_inv_producto_id_foreign` (`inv_producto_id`),
  KEY `dc_ordenes_details_system_tax_id_foreign` (`system_tax_id`),
  KEY `dc_ordenes_details_inv_producto_id_destino_foreign` (`inv_producto_id_destino`),
  KEY `dc_ordenes_details_dc_orden_origen_destino_id_foreign` (`dc_orden_origen_destino_id`),
  CONSTRAINT `dc_ordenes_details_dc_orden_id_foreign` FOREIGN KEY (`dc_orden_id`) REFERENCES `dc_ordenes` (`id`),
  CONSTRAINT `dc_ordenes_details_dc_orden_origen_destino_id_foreign` FOREIGN KEY (`dc_orden_origen_destino_id`) REFERENCES `dc_ordenes_origen_destino` (`id`),
  CONSTRAINT `dc_ordenes_details_inv_producto_id_destino_foreign` FOREIGN KEY (`inv_producto_id_destino`) REFERENCES `inv_productos` (`id`),
  CONSTRAINT `dc_ordenes_details_inv_producto_id_foreign` FOREIGN KEY (`inv_producto_id`) REFERENCES `inv_productos` (`id`),
  CONSTRAINT `dc_ordenes_details_system_tax_id_foreign` FOREIGN KEY (`system_tax_id`) REFERENCES `system_taxes` (`id`)
) ENGINE=InnoDB DEFAULT CHARSET=utf8mb4 COLLATE=utf8mb4_unicode_ci;

--
-- Dumping data for table `dc_ordenes_details`
--


--
-- Table structure for table `dc_ordenes_facturada`
--

CREATE TABLE `dc_ordenes_facturada` (
  `id` bigint(20) unsigned NOT NULL AUTO_INCREMENT,
  `user_id` int(10) unsigned DEFAULT NULL,
  `person_id` int(10) unsigned NOT NULL,
  `dc_orden_id` bigint(20) unsigned DEFAULT NULL,
  `fact_elec_receipt_id` int(10) unsigned NOT NULL,
  `created_at` timestamp NULL DEFAULT NULL,
  `updated_at` timestamp NULL DEFAULT NULL,
  `deleted_at` timestamp NULL DEFAULT NULL,
  PRIMARY KEY (`id`),
  KEY `dc_ordenes_facturada_person_id_foreign` (`person_id`),
  KEY `dc_ordenes_facturada_dc_orden_id_foreign` (`dc_orden_id`),
  KEY `dc_ordenes_facturada_fact_elec_receipt_id_foreign` (`fact_elec_receipt_id`),
  CONSTRAINT `dc_ordenes_facturada_dc_orden_id_foreign` FOREIGN KEY (`dc_orden_id`) REFERENCES `dc_ordenes` (`id`),
  CONSTRAINT `dc_ordenes_facturada_fact_elec_receipt_id_foreign` FOREIGN KEY (`fact_elec_receipt_id`) REFERENCES `fact_elec_receipts` (`id`),
  CONSTRAINT `dc_ordenes_facturada_person_id_foreign` FOREIGN KEY (`person_id`) REFERENCES `persons` (`id`)
) ENGINE=InnoDB DEFAULT CHARSET=utf8mb4 COLLATE=utf8mb4_unicode_ci;

--
-- Dumping data for table `dc_ordenes_facturada`
--


--
-- Table structure for table `dc_ordenes_ingreso_compra`
--

CREATE TABLE `dc_ordenes_ingreso_compra` (
  `id` int(10) unsigned NOT NULL AUTO_INCREMENT,
  `user_id` int(10) unsigned DEFAULT NULL,
  `dc_orden_id` bigint(20) unsigned NOT NULL,
  `dc_orden_detail_id` bigint(20) unsigned NOT NULL,
  `dc_orden_compra_id` bigint(20) unsigned NOT NULL,
  `dc_orden_compra_detail_id` bigint(20) unsigned NOT NULL,
  `created_at` timestamp NULL DEFAULT NULL,
  `updated_at` timestamp NULL DEFAULT NULL,
  `deleted_at` timestamp NULL DEFAULT NULL,
  PRIMARY KEY (`id`),
  KEY `dc_ordenes_ingreso_compra_dc_orden_id_foreign` (`dc_orden_id`),
  KEY `dc_ordenes_ingreso_compra_dc_orden_detail_id_foreign` (`dc_orden_detail_id`),
  KEY `dc_ordenes_ingreso_compra_dc_orden_compra_id_foreign` (`dc_orden_compra_id`),
  KEY `dc_ordenes_ingreso_compra_dc_orden_compra_detail_id_foreign` (`dc_orden_compra_detail_id`),
  CONSTRAINT `dc_ordenes_ingreso_compra_dc_orden_compra_detail_id_foreign` FOREIGN KEY (`dc_orden_compra_detail_id`) REFERENCES `dc_ordenes_details` (`id`),
  CONSTRAINT `dc_ordenes_ingreso_compra_dc_orden_compra_id_foreign` FOREIGN KEY (`dc_orden_compra_id`) REFERENCES `dc_ordenes` (`id`),
  CONSTRAINT `dc_ordenes_ingreso_compra_dc_orden_detail_id_foreign` FOREIGN KEY (`dc_orden_detail_id`) REFERENCES `dc_ordenes_details` (`id`),
  CONSTRAINT `dc_ordenes_ingreso_compra_dc_orden_id_foreign` FOREIGN KEY (`dc_orden_id`) REFERENCES `dc_ordenes` (`id`)
) ENGINE=InnoDB DEFAULT CHARSET=utf8mb4 COLLATE=utf8mb4_unicode_ci;

--
-- Dumping data for table `dc_ordenes_ingreso_compra`
--


--
-- Table structure for table `dc_ordenes_origen_destino`
--

CREATE TABLE `dc_ordenes_origen_destino` (
  `id` bigint(20) unsigned NOT NULL AUTO_INCREMENT,
  `user_id` int(10) unsigned DEFAULT NULL,
  `descripcion` text COLLATE utf8mb4_unicode_ci NOT NULL,
  `modelo` text COLLATE utf8mb4_unicode_ci NOT NULL,
  `habilitado` tinyint(1) NOT NULL DEFAULT '1',
  `created_at` timestamp NULL DEFAULT NULL,
  `updated_at` timestamp NULL DEFAULT NULL,
  `deleted_at` timestamp NULL DEFAULT NULL,
  PRIMARY KEY (`id`)
) ENGINE=InnoDB AUTO_INCREMENT=5 DEFAULT CHARSET=utf8mb4 COLLATE=utf8mb4_unicode_ci;

--
-- Dumping data for table `dc_ordenes_origen_destino`
--

INSERT INTO `dc_ordenes_origen_destino` VALUES (1,NULL,'Orden de Trabajo','App\\Models\\Inventario\\InvOrdenTrabajo',1,NULL,NULL,NULL),(2,NULL,'Centro de Costos','App\\Models\\Inventario\\InvOrdenTrabajoHorasTipo',1,NULL,'2023-09-12 22:20:47',NULL),(3,NULL,'Deposito','App\\Models\\Inventario\\InvDeposito',0,NULL,'2023-07-03 22:10:24',NULL),(4,NULL,'Empleado','App\\Models\\SyJEmpleado',0,NULL,'2023-07-03 22:10:24',NULL);

--
-- Table structure for table `dc_ordenes_servicio_compra`
--

CREATE TABLE `dc_ordenes_servicio_compra` (
  `id` int(10) unsigned NOT NULL AUTO_INCREMENT,
  `user_id` int(10) unsigned DEFAULT NULL,
  `dc_orden_id` bigint(20) unsigned NOT NULL,
  `dc_orden_detail_id` bigint(20) unsigned NOT NULL,
  `dc_orden_compra_id` bigint(20) unsigned NOT NULL,
  `dc_orden_compra_detail_id` bigint(20) unsigned NOT NULL,
  `created_at` timestamp NULL DEFAULT NULL,
  `updated_at` timestamp NULL DEFAULT NULL,
  `deleted_at` timestamp NULL DEFAULT NULL,
  PRIMARY KEY (`id`),
  KEY `dc_ordenes_servicio_compra_dc_orden_id_foreign` (`dc_orden_id`),
  KEY `dc_ordenes_servicio_compra_dc_orden_detail_id_foreign` (`dc_orden_detail_id`),
  KEY `dc_ordenes_servicio_compra_dc_orden_compra_id_foreign` (`dc_orden_compra_id`),
  KEY `dc_ordenes_servicio_compra_dc_orden_compra_detail_id_foreign` (`dc_orden_compra_detail_id`),
  CONSTRAINT `dc_ordenes_servicio_compra_dc_orden_compra_detail_id_foreign` FOREIGN KEY (`dc_orden_compra_detail_id`) REFERENCES `dc_ordenes_details` (`id`),
  CONSTRAINT `dc_ordenes_servicio_compra_dc_orden_compra_id_foreign` FOREIGN KEY (`dc_orden_compra_id`) REFERENCES `dc_ordenes` (`id`),
  CONSTRAINT `dc_ordenes_servicio_compra_dc_orden_detail_id_foreign` FOREIGN KEY (`dc_orden_detail_id`) REFERENCES `dc_ordenes_details` (`id`),
  CONSTRAINT `dc_ordenes_servicio_compra_dc_orden_id_foreign` FOREIGN KEY (`dc_orden_id`) REFERENCES `dc_ordenes` (`id`)
) ENGINE=InnoDB DEFAULT CHARSET=utf8mb4 COLLATE=utf8mb4_unicode_ci;

--
-- Dumping data for table `dc_ordenes_servicio_compra`
--


--
-- Table structure for table `dc_ordenes_tipos`
--

CREATE TABLE `dc_ordenes_tipos` (
  `id` bigint(20) unsigned NOT NULL AUTO_INCREMENT,
  `user_id` int(10) unsigned DEFAULT NULL,
  `descripcion` text COLLATE utf8mb4_unicode_ci NOT NULL,
  `usabilidad` longtext COLLATE utf8mb4_unicode_ci,
  `habilitado` tinyint(1) NOT NULL DEFAULT '1',
  `created_at` timestamp NULL DEFAULT NULL,
  `updated_at` timestamp NULL DEFAULT NULL,
  `deleted_at` timestamp NULL DEFAULT NULL,
  PRIMARY KEY (`id`)
) ENGINE=InnoDB AUTO_INCREMENT=10 DEFAULT CHARSET=utf8mb4 COLLATE=utf8mb4_unicode_ci;

--
-- Dumping data for table `dc_ordenes_tipos`
--

INSERT INTO `dc_ordenes_tipos` VALUES (1,NULL,'ORDEN DE COMPRAS',NULL,1,NULL,'2022-10-21 15:31:31',NULL),(2,NULL,'ORDEN DE VENTAS',NULL,1,NULL,'2022-10-21 15:31:31',NULL),(3,NULL,'PRESUPUESTO',NULL,1,NULL,NULL,NULL),(4,NULL,'REQUERIMIENTO',NULL,1,NULL,NULL,NULL),(5,NULL,'REMITO DE INGRESO',NULL,1,NULL,'2023-06-12 23:29:03',NULL),(6,NULL,'REMITO DE EGRESO',NULL,1,NULL,NULL,NULL),(7,NULL,'REMITO INTERNO',NULL,1,NULL,NULL,NULL),(8,NULL,'REMITO DE INGRESO','Es lo mismo que un remito de ingreso, \n        pero los productosa ingresar provienen de una Orden de Compra',1,NULL,NULL,NULL),(9,NULL,'REMITO DE SERVICIO','Es un remito de Ingreso de un servicio que se\n        asigna directo a una OT',1,NULL,NULL,NULL);

--
-- Table structure for table `deudas_impositivas`
--

CREATE TABLE `deudas_impositivas` (
  `id` int(10) unsigned NOT NULL AUTO_INCREMENT,
  `user_id` int(10) unsigned DEFAULT NULL,
  `person_id` int(10) unsigned NOT NULL,
  `vto_impuesto_id` int(10) unsigned NOT NULL,
  `periodo_deuda` varchar(191) COLLATE utf8mb4_unicode_ci DEFAULT NULL,
  `concepto` varchar(191) COLLATE utf8mb4_unicode_ci DEFAULT NULL,
  `importe` decimal(16,2) NOT NULL DEFAULT '0.00',
  `created_at` timestamp NULL DEFAULT NULL,
  `updated_at` timestamp NULL DEFAULT NULL,
  `deleted_at` timestamp NULL DEFAULT NULL,
  PRIMARY KEY (`id`),
  KEY `deudas_impositivas_vto_impuesto_id_foreign` (`vto_impuesto_id`),
  KEY `deudas_impositivas_person_id_foreign` (`person_id`),
  CONSTRAINT `deudas_impositivas_person_id_foreign` FOREIGN KEY (`person_id`) REFERENCES `persons` (`id`),
  CONSTRAINT `deudas_impositivas_vto_impuesto_id_foreign` FOREIGN KEY (`vto_impuesto_id`) REFERENCES `vto_impuestos` (`id`)
) ENGINE=InnoDB DEFAULT CHARSET=utf8mb4 COLLATE=utf8mb4_unicode_ci;

--
-- Dumping data for table `deudas_impositivas`
--


--
-- Table structure for table `ejer_anteriores`
--

CREATE TABLE `ejer_anteriores` (
  `id` int(10) unsigned NOT NULL AUTO_INCREMENT,
  `user_id` int(10) unsigned DEFAULT NULL,
  `person_id` int(10) unsigned NOT NULL,
  `anio` int(11) NOT NULL,
  `ventas` decimal(16,2) DEFAULT NULL,
  `compras` decimal(16,2) DEFAULT NULL,
  `sueldos` decimal(16,2) DEFAULT NULL,
  `impuesto` decimal(16,2) DEFAULT NULL,
  `apagar` decimal(16,2) DEFAULT NULL,
  `afavor` decimal(16,2) DEFAULT NULL,
  `comentario` varchar(255) COLLATE utf8mb4_unicode_ci DEFAULT NULL,
  `created_at` timestamp NULL DEFAULT NULL,
  `updated_at` timestamp NULL DEFAULT NULL,
  `deleted_at` timestamp NULL DEFAULT NULL,
  PRIMARY KEY (`id`),
  KEY `ejer_anteriores_person_id_foreign` (`person_id`),
  CONSTRAINT `ejer_anteriores_person_id_foreign` FOREIGN KEY (`person_id`) REFERENCES `persons` (`id`)
) ENGINE=InnoDB DEFAULT CHARSET=utf8mb4 COLLATE=utf8mb4_unicode_ci;

--
-- Dumping data for table `ejer_anteriores`
--


--
-- Table structure for table `estado_civil`
--

CREATE TABLE `estado_civil` (
  `id` int(10) unsigned NOT NULL AUTO_INCREMENT,
  `user_id` int(10) unsigned DEFAULT NULL,
  `descripcion` varchar(191) COLLATE utf8mb4_unicode_ci NOT NULL,
  `habilitado` tinyint(1) NOT NULL DEFAULT '1',
  `created_at` timestamp NULL DEFAULT NULL,
  `updated_at` timestamp NULL DEFAULT NULL,
  `deleted_at` timestamp NULL DEFAULT NULL,
  PRIMARY KEY (`id`),
  UNIQUE KEY `estado_civil_descripcion_unique` (`descripcion`)
) ENGINE=InnoDB AUTO_INCREMENT=8 DEFAULT CHARSET=utf8mb4 COLLATE=utf8mb4_unicode_ci;

--
-- Dumping data for table `estado_civil`
--

INSERT INTO `estado_civil` VALUES (1,NULL,'Separado Legal',1,'2020-05-28 20:55:23','2020-05-28 20:55:23',NULL),(2,NULL,'Separado de Hecho',1,'2020-05-28 20:55:23','2020-05-28 20:55:23',NULL),(3,NULL,'Divorciado',1,'2020-05-28 20:55:23','2020-05-28 20:55:23',NULL),(4,NULL,'Convivencia',1,'2020-05-28 20:55:23','2020-05-28 20:55:23',NULL),(5,NULL,'Soltero',1,'2020-05-28 20:55:23','2020-05-28 20:55:23',NULL),(6,NULL,'Casado',1,'2020-05-28 20:55:23','2020-05-28 20:55:23',NULL),(7,NULL,'Viudo',1,'2020-05-28 20:55:23','2020-05-28 20:55:23',NULL);

--
-- Table structure for table `fa_masiva`
--

CREATE TABLE `fa_masiva` (
  `id` int(10) unsigned NOT NULL AUTO_INCREMENT,
  `person_id` int(11) NOT NULL,
  `user_id` int(11) NOT NULL,
  `created_at` timestamp NULL DEFAULT NULL,
  `updated_at` timestamp NULL DEFAULT NULL,
  `deleted_at` timestamp NULL DEFAULT NULL,
  PRIMARY KEY (`id`)
) ENGINE=InnoDB DEFAULT CHARSET=utf8mb4 COLLATE=utf8mb4_unicode_ci;

--
-- Dumping data for table `fa_masiva`
--


--
-- Table structure for table `fa_masiva_detalle`
--

CREATE TABLE `fa_masiva_detalle` (
  `id` int(10) unsigned NOT NULL AUTO_INCREMENT,
  `user_id` int(10) unsigned DEFAULT NULL,
  `fa_masiva_id` int(11) NOT NULL,
  `cliente_id` int(11) NOT NULL,
  `tipo_comprobante_id` int(10) unsigned NOT NULL DEFAULT '1',
  `zone_id` int(10) unsigned NOT NULL DEFAULT '22',
  `activity_id` int(10) unsigned NOT NULL DEFAULT '1',
  `cond_frente_iva_id` int(10) unsigned NOT NULL DEFAULT '1',
  `system_tax_id` int(10) unsigned NOT NULL DEFAULT '1',
  `concepto_id` int(10) unsigned NOT NULL DEFAULT '1',
  `taxable_iibb` int(10) unsigned NOT NULL DEFAULT '2',
  `renglon1` varchar(180) COLLATE utf8mb4_unicode_ci DEFAULT NULL,
  `importe1` decimal(20,2) DEFAULT NULL,
  `renglon2` varchar(180) COLLATE utf8mb4_unicode_ci DEFAULT NULL,
  `importe2` decimal(20,2) DEFAULT NULL,
  `renglon3` varchar(180) COLLATE utf8mb4_unicode_ci DEFAULT NULL,
  `importe3` decimal(20,2) DEFAULT NULL,
  `punto_venta_id` int(11) DEFAULT NULL,
  `fecha_comprobante` date DEFAULT NULL,
  `fecha_facturado_desde` date DEFAULT NULL,
  `fecha_facturado_hasta` date DEFAULT NULL,
  `fecha_vencimiento_pago` date DEFAULT NULL,
  `created_at` timestamp NULL DEFAULT NULL,
  `updated_at` timestamp NULL DEFAULT NULL,
  `deleted_at` timestamp NULL DEFAULT NULL,
  PRIMARY KEY (`id`),
  KEY `fa_masiva_detalle_concepto_id_foreign` (`concepto_id`),
  KEY `fa_masiva_detalle_system_tax_id_foreign` (`system_tax_id`),
  KEY `fa_masiva_detalle_cond_frente_iva_id_foreign` (`cond_frente_iva_id`),
  KEY `fa_masiva_detalle_zone_id_foreign` (`zone_id`),
  KEY `fa_masiva_detalle_tipo_comprobante_id_foreign` (`tipo_comprobante_id`),
  KEY `fa_masiva_detalle_activity_id_foreign` (`activity_id`),
  CONSTRAINT `fa_masiva_detalle_activity_id_foreign` FOREIGN KEY (`activity_id`) REFERENCES `activities` (`id`),
  CONSTRAINT `fa_masiva_detalle_concepto_id_foreign` FOREIGN KEY (`concepto_id`) REFERENCES `fact_elec_conceptos_afip` (`id`),
  CONSTRAINT `fa_masiva_detalle_cond_frente_iva_id_foreign` FOREIGN KEY (`cond_frente_iva_id`) REFERENCES `fac_elec_cond_frente_iva` (`id`),
  CONSTRAINT `fa_masiva_detalle_system_tax_id_foreign` FOREIGN KEY (`system_tax_id`) REFERENCES `system_taxes` (`id`),
  CONSTRAINT `fa_masiva_detalle_tipo_comprobante_id_foreign` FOREIGN KEY (`tipo_comprobante_id`) REFERENCES `receipt_types` (`id`),
  CONSTRAINT `fa_masiva_detalle_zone_id_foreign` FOREIGN KEY (`zone_id`) REFERENCES `zones` (`id`)
) ENGINE=InnoDB DEFAULT CHARSET=utf8mb4 COLLATE=utf8mb4_unicode_ci;

--
-- Dumping data for table `fa_masiva_detalle`
--


--
-- Table structure for table `fa_masiva_stock`
--

CREATE TABLE `fa_masiva_stock` (
  `id` bigint(20) unsigned NOT NULL AUTO_INCREMENT,
  `user_id` int(10) unsigned DEFAULT NULL,
  `person_id` int(10) unsigned NOT NULL,
  `person_id_relationed` int(10) unsigned NOT NULL,
  `data` longtext COLLATE utf8mb4_unicode_ci,
  `created_at` timestamp NULL DEFAULT NULL,
  `updated_at` timestamp NULL DEFAULT NULL,
  `deleted_at` timestamp NULL DEFAULT NULL,
  PRIMARY KEY (`id`),
  KEY `fa_masiva_stock_person_id_foreign` (`person_id`),
  KEY `fa_masiva_stock_person_id_relationed_foreign` (`person_id_relationed`),
  CONSTRAINT `fa_masiva_stock_person_id_foreign` FOREIGN KEY (`person_id`) REFERENCES `persons` (`id`),
  CONSTRAINT `fa_masiva_stock_person_id_relationed_foreign` FOREIGN KEY (`person_id_relationed`) REFERENCES `persons` (`id`)
) ENGINE=InnoDB DEFAULT CHARSET=utf8mb4 COLLATE=utf8mb4_unicode_ci;

--
-- Dumping data for table `fa_masiva_stock`
--


--
-- Table structure for table `fac_elec_cond_frente_iva`
--

CREATE TABLE `fac_elec_cond_frente_iva` (
  `id` int(10) unsigned NOT NULL AUTO_INCREMENT,
  `name` varchar(191) COLLATE utf8mb4_unicode_ci NOT NULL,
  `created_at` timestamp NULL DEFAULT NULL,
  `updated_at` timestamp NULL DEFAULT NULL,
  `deleted_at` timestamp NULL DEFAULT NULL,
  PRIMARY KEY (`id`),
  UNIQUE KEY `fac_elec_cond_frente_iva_name_unique` (`name`)
) ENGINE=InnoDB AUTO_INCREMENT=11 DEFAULT CHARSET=utf8mb4 COLLATE=utf8mb4_unicode_ci;

--
-- Dumping data for table `fac_elec_cond_frente_iva`
--

INSERT INTO `fac_elec_cond_frente_iva` VALUES (1,'IVA Responsable Inscripto','2019-07-15 18:37:39','2019-07-15 18:37:39',NULL),(2,'IVA Sujeto Exento','2019-07-15 18:37:39','2019-07-15 18:37:39',NULL),(3,'Consumidor Final','2019-07-15 18:37:39','2019-07-15 18:37:39',NULL),(4,'Responsable Monotributo','2019-07-15 18:37:39','2019-07-15 18:37:39',NULL),(5,'Proveedor del Exterior','2019-07-15 18:37:39','2019-07-15 18:37:39',NULL),(6,'Cliente del Exterior','2019-07-15 18:37:39','2019-07-15 18:37:39',NULL),(7,'IVA Liberado - Ley Nº 19.640','2019-07-15 18:37:39','2019-07-15 18:37:39',NULL),(8,'IVA Responsable Inscripto - Agente de Percepción','2019-07-15 18:37:39','2019-07-15 18:37:39',NULL),(9,'Monotributista Social','2019-07-15 18:37:39','2019-07-15 18:37:39',NULL),(10,'IVA No Alcanzado','2019-07-15 18:37:39','2019-07-15 18:37:39',NULL);

--
-- Table structure for table `fac_elec_unidad_medidas`
--

CREATE TABLE `fac_elec_unidad_medidas` (
  `id` int(10) unsigned NOT NULL AUTO_INCREMENT,
  `name` varchar(191) COLLATE utf8mb4_unicode_ci NOT NULL,
  `created_at` timestamp NULL DEFAULT NULL,
  `updated_at` timestamp NULL DEFAULT NULL,
  `deleted_at` timestamp NULL DEFAULT NULL,
  PRIMARY KEY (`id`),
  UNIQUE KEY `fac_elec_unidad_medidas_name_unique` (`name`)
) ENGINE=InnoDB AUTO_INCREMENT=19 DEFAULT CHARSET=utf8mb4 COLLATE=utf8mb4_unicode_ci;

--
-- Dumping data for table `fac_elec_unidad_medidas`
--

INSERT INTO `fac_elec_unidad_medidas` VALUES (1,'Grs','2019-07-15 18:37:39','2019-07-15 18:37:39',NULL),(2,'Kg','2019-07-15 18:37:39','2019-07-15 18:37:39',NULL),(3,'Mts','2019-07-15 18:37:39','2019-07-15 18:37:39',NULL),(4,'Mts2','2019-07-15 18:37:39','2019-07-15 18:37:39',NULL),(5,'Mts3','2019-07-15 18:37:39','2019-07-15 18:37:39',NULL),(6,'Lts','2019-07-15 18:37:39','2019-07-15 18:37:39',NULL),(7,'1000 Kwh','2019-07-15 18:37:39','2019-07-15 18:37:39',NULL),(8,'Unidades','2019-07-15 18:37:39','2019-07-15 18:37:39',NULL),(9,'Pares','2019-07-15 18:37:39','2019-07-15 18:37:39',NULL),(10,'Doc','2019-07-15 18:37:39','2019-07-15 18:37:39',NULL),(11,'Quilates','2019-07-15 18:37:39','2019-07-15 18:37:39',NULL),(12,'Millares','2019-07-15 18:37:39','2019-07-15 18:37:39',NULL),(13,'Milimetros','2019-07-15 18:37:39','2019-07-15 18:37:39',NULL),(14,'Mm 3','2019-07-15 18:37:39','2019-07-15 18:37:39',NULL),(15,'Km','2019-07-15 18:37:39','2019-07-15 18:37:39',NULL),(16,'Hectolitros','2019-07-15 18:37:39','2019-07-15 18:37:39',NULL),(17,'Cm','2019-07-15 18:37:39','2019-07-15 18:37:39',NULL),(18,'Cm 3','2019-07-15 18:37:39','2019-07-15 18:37:39',NULL);

--
-- Table structure for table `fact_elec_conceptos_afip`
--

CREATE TABLE `fact_elec_conceptos_afip` (
  `id` int(10) unsigned NOT NULL AUTO_INCREMENT,
  `afip_comprobante_id` int(10) unsigned NOT NULL,
  `descripcion` varchar(180) COLLATE utf8mb4_unicode_ci NOT NULL,
  `created_at` timestamp NULL DEFAULT NULL,
  `updated_at` timestamp NULL DEFAULT NULL,
  PRIMARY KEY (`id`)
) ENGINE=InnoDB AUTO_INCREMENT=4 DEFAULT CHARSET=utf8mb4 COLLATE=utf8mb4_unicode_ci;

--
-- Dumping data for table `fact_elec_conceptos_afip`
--

INSERT INTO `fact_elec_conceptos_afip` VALUES (1,1,'Producto','2019-03-13 13:29:34','2019-03-13 13:29:34'),(2,2,'Servicios','2019-03-13 13:29:34','2019-03-13 13:29:34'),(3,3,'Productos y Servicios','2019-03-13 13:29:34','2019-03-13 13:29:34');

--
-- Table structure for table `fact_elec_perc_ret`
--

CREATE TABLE `fact_elec_perc_ret` (
  `id` int(10) unsigned NOT NULL AUTO_INCREMENT,
  `user_id` int(10) unsigned DEFAULT NULL,
  `descripcion` varchar(191) COLLATE utf8mb4_unicode_ci NOT NULL,
  `codigo_afip` int(10) unsigned NOT NULL,
  `other_tax_id` int(10) unsigned NOT NULL,
  `habilitado` tinyint(1) NOT NULL DEFAULT '1',
  `created_at` timestamp NULL DEFAULT NULL,
  `updated_at` timestamp NULL DEFAULT NULL,
  `deleted_at` timestamp NULL DEFAULT NULL,
  PRIMARY KEY (`id`),
  KEY `fact_elec_perc_ret_other_tax_id_foreign` (`other_tax_id`),
  CONSTRAINT `fact_elec_perc_ret_other_tax_id_foreign` FOREIGN KEY (`other_tax_id`) REFERENCES `other_taxes` (`id`)
) ENGINE=InnoDB AUTO_INCREMENT=6 DEFAULT CHARSET=utf8mb4 COLLATE=utf8mb4_unicode_ci;

--
-- Dumping data for table `fact_elec_perc_ret`
--

INSERT INTO `fact_elec_perc_ret` VALUES (1,NULL,'Per./Ret de Imp. a las Ganancias',1,1032,1,NULL,NULL,NULL),(2,NULL,'Per./Ret de IVA',1,1000,1,NULL,NULL,NULL),(3,NULL,'Per./Ret de IIBB',2,1006,1,NULL,NULL,NULL),(4,NULL,'Impuestos Internos',4,1001,1,NULL,NULL,NULL),(5,NULL,'Impuestos Municipales',3,1031,1,NULL,NULL,NULL);

--
-- Table structure for table `fact_elec_perc_ret_details`
--

CREATE TABLE `fact_elec_perc_ret_details` (
  `id` bigint(20) unsigned NOT NULL AUTO_INCREMENT,
  `user_id` int(10) unsigned DEFAULT NULL,
  `fact_elec_perc_ret_id` int(10) unsigned NOT NULL,
  `person_id` int(10) unsigned NOT NULL,
  `fact_elec_receipt_id` int(10) unsigned NOT NULL,
  `detalle` varchar(191) COLLATE utf8mb4_unicode_ci DEFAULT NULL,
  `zone_id` int(10) unsigned DEFAULT NULL,
  `base_imponible` decimal(16,2) DEFAULT NULL,
  `alicuota` decimal(16,2) DEFAULT NULL,
  `importe` decimal(16,2) DEFAULT NULL,
  `created_at` timestamp NULL DEFAULT NULL,
  `updated_at` timestamp NULL DEFAULT NULL,
  `deleted_at` timestamp NULL DEFAULT NULL,
  PRIMARY KEY (`id`),
  KEY `fact_elec_perc_ret_details_fact_elec_perc_ret_id_foreign` (`fact_elec_perc_ret_id`),
  KEY `fact_elec_perc_ret_details_person_id_foreign` (`person_id`),
  KEY `fact_elec_perc_ret_details_fact_elec_receipt_id_foreign` (`fact_elec_receipt_id`),
  KEY `fact_elec_perc_ret_details_zone_id_foreign` (`zone_id`),
  CONSTRAINT `fact_elec_perc_ret_details_fact_elec_perc_ret_id_foreign` FOREIGN KEY (`fact_elec_perc_ret_id`) REFERENCES `fact_elec_perc_ret` (`id`),
  CONSTRAINT `fact_elec_perc_ret_details_fact_elec_receipt_id_foreign` FOREIGN KEY (`fact_elec_receipt_id`) REFERENCES `fact_elec_receipts` (`id`),
  CONSTRAINT `fact_elec_perc_ret_details_person_id_foreign` FOREIGN KEY (`person_id`) REFERENCES `persons` (`id`),
  CONSTRAINT `fact_elec_perc_ret_details_zone_id_foreign` FOREIGN KEY (`zone_id`) REFERENCES `zones` (`id`)
) ENGINE=InnoDB DEFAULT CHARSET=utf8mb4 COLLATE=utf8mb4_unicode_ci;

--
-- Dumping data for table `fact_elec_perc_ret_details`
--


--
-- Table structure for table `fact_elec_puntos_venta`
--

CREATE TABLE `fact_elec_puntos_venta` (
  `id` int(10) unsigned NOT NULL AUTO_INCREMENT,
  `user_id` int(10) unsigned DEFAULT NULL,
  `direccion` varchar(180) COLLATE utf8mb4_unicode_ci NOT NULL,
  `created_at` timestamp NULL DEFAULT NULL,
  `updated_at` timestamp NULL DEFAULT NULL,
  `person_id` int(10) unsigned NOT NULL,
  `codigo` varchar(255) COLLATE utf8mb4_unicode_ci DEFAULT '0000',
  `codigo_postal` varchar(20) COLLATE utf8mb4_unicode_ci DEFAULT NULL,
  `zone_id` int(11) DEFAULT NULL,
  `logo` varchar(191) COLLATE utf8mb4_unicode_ci DEFAULT NULL,
  `habilitado` tinyint(1) NOT NULL DEFAULT '1',
  `deleted_at` timestamp NULL DEFAULT NULL,
  PRIMARY KEY (`id`),
  KEY `fact_elec_puntos_venta_person_id_foreign` (`person_id`),
  CONSTRAINT `fact_elec_puntos_venta_person_id_foreign` FOREIGN KEY (`person_id`) REFERENCES `persons` (`id`)
) ENGINE=InnoDB DEFAULT CHARSET=utf8mb4 COLLATE=utf8mb4_unicode_ci;

--
-- Dumping data for table `fact_elec_puntos_venta`
--


--
-- Table structure for table `fact_elec_receipt_details`
--

CREATE TABLE `fact_elec_receipt_details` (
  `id` int(10) unsigned NOT NULL AUTO_INCREMENT,
  `user_id` int(10) unsigned DEFAULT NULL,
  `fact_elec_receipt_id` int(10) unsigned NOT NULL,
  `descripcion` text COLLATE utf8mb4_unicode_ci NOT NULL,
  `cantidad` decimal(20,2) NOT NULL,
  `unidad_medida` text COLLATE utf8mb4_unicode_ci,
  `precio_unitario` decimal(20,2) NOT NULL,
  `neto_gravado` decimal(20,2) NOT NULL,
  `bonificacion_porcentaje` decimal(20,2) DEFAULT NULL,
  `bonificacion_monto` decimal(20,2) DEFAULT NULL,
  `bonificacion_subtotal` decimal(20,2) DEFAULT NULL,
  `system_tax_id` int(10) unsigned NOT NULL DEFAULT '1',
  `iva_monto` decimal(20,2) DEFAULT NULL,
  `iva_subtotal` decimal(20,2) DEFAULT NULL,
  `created_at` timestamp NULL DEFAULT NULL,
  `updated_at` timestamp NULL DEFAULT NULL,
  `codigo` varchar(100) COLLATE utf8mb4_unicode_ci DEFAULT NULL,
  `deleted_at` timestamp NULL DEFAULT NULL,
  PRIMARY KEY (`id`),
  KEY `fact_elec_receipt_details_fact_elec_receipt_id_foreign` (`fact_elec_receipt_id`),
  KEY `fact_elec_receipt_details_system_tax_id_foreign` (`system_tax_id`),
  CONSTRAINT `fact_elec_receipt_details_fact_elec_receipt_id_foreign` FOREIGN KEY (`fact_elec_receipt_id`) REFERENCES `fact_elec_receipts` (`id`),
  CONSTRAINT `fact_elec_receipt_details_system_tax_id_foreign` FOREIGN KEY (`system_tax_id`) REFERENCES `system_taxes` (`id`)
) ENGINE=InnoDB DEFAULT CHARSET=utf8mb4 COLLATE=utf8mb4_unicode_ci;

--
-- Dumping data for table `fact_elec_receipt_details`
--


--
-- Table structure for table `fact_elec_receipts`
--

CREATE TABLE `fact_elec_receipts` (
  `id` int(10) unsigned NOT NULL AUTO_INCREMENT,
  `user_id` int(11) DEFAULT NULL,
  `fecha_comprobante` date NOT NULL,
  `fecha_facturado_desde` date DEFAULT NULL,
  `fecha_facturado_hasta` date DEFAULT NULL,
  `fecha_vencimiento_pago` date DEFAULT NULL,
  `concepto_id` int(10) unsigned NOT NULL,
  `punto_venta_id` int(10) unsigned NOT NULL,
  `tipo_comprobante_id` int(10) unsigned NOT NULL,
  `condiciones_venta` varchar(180) COLLATE utf8mb4_unicode_ci NOT NULL,
  `comprobante_asoc` longtext COLLATE utf8mb4_unicode_ci,
  `created_at` timestamp NULL DEFAULT NULL,
  `updated_at` timestamp NULL DEFAULT NULL,
  `cae` varchar(180) COLLATE utf8mb4_unicode_ci DEFAULT NULL,
  `cae_vencimiento` date DEFAULT NULL,
  `nro_comprobante_afip` varchar(191) COLLATE utf8mb4_unicode_ci DEFAULT NULL,
  `fecha_proceso_afip` varchar(191) COLLATE utf8mb4_unicode_ci DEFAULT NULL,
  `person_id` int(10) unsigned NOT NULL,
  `person_id_receptor` int(10) unsigned NOT NULL,
  `condicion_venta_id` int(11) DEFAULT NULL,
  `cond_frente_iva_id` int(10) unsigned NOT NULL DEFAULT '1',
  `cbu` varchar(191) COLLATE utf8mb4_unicode_ci DEFAULT NULL,
  `opcion_transferencia` longtext COLLATE utf8mb4_unicode_ci,
  `referencia` text COLLATE utf8mb4_unicode_ci,
  `alias_cbu` varchar(191) COLLATE utf8mb4_unicode_ci DEFAULT NULL,
  `total_otros_tributos` decimal(16,2) DEFAULT '0.00',
  `total` decimal(16,2) NOT NULL DEFAULT '0.00',
  `moneda_id` int(10) unsigned NOT NULL DEFAULT '1',
  `cotizacion` decimal(9,2) NOT NULL DEFAULT '1.00',
  `deleted_at` timestamp NULL DEFAULT NULL,
  PRIMARY KEY (`id`),
  KEY `fact_elec_receipts_user_id_foreign` (`user_id`),
  KEY `fact_elec_receipts_punto_venta_id_foreign` (`punto_venta_id`),
  KEY `fact_elec_receipts_tipo_comprobante_id_foreign` (`tipo_comprobante_id`),
  KEY `fact_elec_receipts_person_id_foreign` (`person_id`),
  KEY `fact_elec_receipts_person_id_receptor_foreign` (`person_id_receptor`),
  KEY `fact_elec_receipts_cond_frente_iva_id_foreign` (`cond_frente_iva_id`),
  KEY `fact_elec_receipts_moneda_id_foreign` (`moneda_id`),
  CONSTRAINT `fact_elec_receipts_cond_frente_iva_id_foreign` FOREIGN KEY (`cond_frente_iva_id`) REFERENCES `condicion_frente_al_iva` (`id`),
  CONSTRAINT `fact_elec_receipts_moneda_id_foreign` FOREIGN KEY (`moneda_id`) REFERENCES `monedas` (`id`),
  CONSTRAINT `fact_elec_receipts_person_id_foreign` FOREIGN KEY (`person_id`) REFERENCES `persons` (`id`),
  CONSTRAINT `fact_elec_receipts_person_id_receptor_foreign` FOREIGN KEY (`person_id_receptor`) REFERENCES `persons` (`id`),
  CONSTRAINT `fact_elec_receipts_punto_venta_id_foreign` FOREIGN KEY (`punto_venta_id`) REFERENCES `fact_elec_puntos_venta` (`id`),
  CONSTRAINT `fact_elec_receipts_tipo_comprobante_id_foreign` FOREIGN KEY (`tipo_comprobante_id`) REFERENCES `receipt_types` (`id`)
) ENGINE=InnoDB DEFAULT CHARSET=utf8mb4 COLLATE=utf8mb4_unicode_ci;

--
-- Dumping data for table `fact_elec_receipts`
--


--
-- Table structure for table `fact_elec_tipos_docs_afip`
--

CREATE TABLE `fact_elec_tipos_docs_afip` (
  `id` int(10) unsigned NOT NULL AUTO_INCREMENT,
  `afip_tipo_doc_id` int(10) unsigned NOT NULL,
  `descripcion` varchar(180) COLLATE utf8mb4_unicode_ci NOT NULL,
  `created_at` timestamp NULL DEFAULT NULL,
  `updated_at` timestamp NULL DEFAULT NULL,
  PRIMARY KEY (`id`)
) ENGINE=InnoDB AUTO_INCREMENT=100 DEFAULT CHARSET=utf8mb4 COLLATE=utf8mb4_unicode_ci;

--
-- Dumping data for table `fact_elec_tipos_docs_afip`
--

INSERT INTO `fact_elec_tipos_docs_afip` VALUES (1,1,'CI Buenos Aires','2019-03-13 13:29:34','2019-03-13 13:29:34'),(2,2,'CI Catamarca','2019-03-13 13:29:34','2019-03-13 13:29:34'),(3,3,'CI Córdoba','2019-03-13 13:29:34','2019-03-13 13:29:34'),(4,4,'CI Corrientes','2019-03-13 13:29:34','2019-03-13 13:29:34'),(5,5,'CI Entre Ríos','2019-03-13 13:29:34','2019-03-13 13:29:34'),(6,6,'CI Jujuy','2019-03-13 13:29:34','2019-03-13 13:29:34'),(7,7,'CI Mendoza','2019-03-13 13:29:34','2019-03-13 13:29:34'),(8,8,'CI La Rioja','2019-03-13 13:29:34','2019-03-13 13:29:34'),(9,9,'CI Salta','2019-03-13 13:29:34','2019-03-13 13:29:34'),(10,10,'CI San Juan','2019-03-13 13:29:34','2019-03-13 13:29:34'),(11,11,'CI San Luis','2019-03-13 13:29:34','2019-03-13 13:29:34'),(12,12,'CI Santa Fe','2019-03-13 13:29:34','2019-03-13 13:29:34'),(13,13,'CI Santiago del Estero','2019-03-13 13:29:34','2019-03-13 13:29:34'),(14,14,'CI Tucumán','2019-03-13 13:29:34','2019-03-13 13:29:34'),(16,16,'CI Chaco','2019-03-13 13:29:34','2019-03-13 13:29:34'),(17,17,'CI Chubut','2019-03-13 13:29:34','2019-03-13 13:29:34'),(18,18,'CI Formosa','2019-03-13 13:29:34','2019-03-13 13:29:34'),(19,19,'CI Misiones','2019-03-13 13:29:34','2019-03-13 13:29:34'),(20,20,'CI Neuquén','2019-03-13 13:29:34','2019-03-13 13:29:34'),(21,21,'CI La Pampa','2019-03-13 13:29:34','2019-03-13 13:29:34'),(22,22,'CI Río Negro','2019-03-13 13:29:34','2019-03-13 13:29:34'),(23,23,'CI Santa Cruz','2019-03-13 13:29:34','2019-03-13 13:29:34'),(24,24,'CI Tierra del Fuego','2019-03-13 13:29:34','2019-03-13 13:29:34'),(80,80,'CUIT','2019-03-13 13:29:34','2019-03-13 13:29:34'),(86,86,'CUIL','2019-03-13 13:29:34','2019-03-13 13:29:34'),(87,87,'CDI','2019-03-13 13:29:34','2019-03-13 13:29:34'),(89,89,'LE','2019-03-13 13:29:34','2019-03-13 13:29:34'),(90,90,'LC','2019-03-13 13:29:34','2019-03-13 13:29:34'),(91,91,'CI Extranjera','2019-03-13 13:29:34','2019-03-13 13:29:34'),(92,92,'en trámite','2019-03-13 13:29:34','2019-03-13 13:29:34'),(93,93,'Acta Nacimiento','2019-03-13 13:29:34','2019-03-13 13:29:34'),(94,94,'Pasaporte','2019-03-13 13:29:34','2019-03-13 13:29:34'),(95,95,'CI Bs. As. RNP','2019-03-13 13:29:34','2019-03-13 13:29:34'),(96,96,'DNI','2019-03-13 13:29:34','2019-03-13 13:29:34'),(97,0,'CI Policía Federal','2019-03-13 13:29:34','2019-03-13 13:29:34'),(99,99,'Doc. (Otro)','2019-03-13 13:29:34','2019-03-13 13:29:34');

--
-- Table structure for table `failed_jobs`
--

CREATE TABLE `failed_jobs` (
  `id` bigint(20) unsigned NOT NULL AUTO_INCREMENT,
  `user_id` int(10) unsigned DEFAULT NULL,
  `connection` text COLLATE utf8mb4_unicode_ci NOT NULL,
  `queue` text COLLATE utf8mb4_unicode_ci NOT NULL,
  `payload` longtext COLLATE utf8mb4_unicode_ci NOT NULL,
  `exception` longtext COLLATE utf8mb4_unicode_ci NOT NULL,
  `failed_at` timestamp NOT NULL DEFAULT CURRENT_TIMESTAMP,
  `deleted_at` timestamp NULL DEFAULT NULL,
  PRIMARY KEY (`id`)
) ENGINE=InnoDB DEFAULT CHARSET=utf8mb4 COLLATE=utf8mb4_unicode_ci;

--
-- Dumping data for table `failed_jobs`
--


--
-- Table structure for table `faq`
--

CREATE TABLE `faq` (
  `id` int(10) unsigned NOT NULL AUTO_INCREMENT,
  `pregunta` longtext COLLATE utf8mb4_unicode_ci NOT NULL,
  `respuesta` longtext COLLATE utf8mb4_unicode_ci NOT NULL,
  `habilitado` tinyint(1) NOT NULL DEFAULT '1',
  `created_at` timestamp NULL DEFAULT NULL,
  `updated_at` timestamp NULL DEFAULT NULL,
  `deleted_at` timestamp NULL DEFAULT NULL,
  PRIMARY KEY (`id`)
) ENGINE=InnoDB DEFAULT CHARSET=utf8mb4 COLLATE=utf8mb4_unicode_ci;

--
-- Dumping data for table `faq`
--


--
-- Table structure for table `file_upload_details`
--

CREATE TABLE `file_upload_details` (
  `id` int(10) unsigned NOT NULL AUTO_INCREMENT,
  `file_upload_id` int(10) unsigned NOT NULL,
  `detail` longtext COLLATE utf8mb4_unicode_ci NOT NULL,
  `created_at` timestamp NULL DEFAULT NULL,
  `updated_at` timestamp NULL DEFAULT NULL,
  PRIMARY KEY (`id`),
  KEY `file_upload_details_file_upload_id_foreign` (`file_upload_id`),
  CONSTRAINT `file_upload_details_file_upload_id_foreign` FOREIGN KEY (`file_upload_id`) REFERENCES `file_uploads` (`id`)
) ENGINE=InnoDB DEFAULT CHARSET=utf8mb4 COLLATE=utf8mb4_unicode_ci;

--
-- Dumping data for table `file_upload_details`
--


--
-- Table structure for table `file_uploads`
--

CREATE TABLE `file_uploads` (
  `id` int(10) unsigned NOT NULL AUTO_INCREMENT,
  `data_type_id` int(10) unsigned NOT NULL,
  `user_id` int(10) unsigned NOT NULL,
  `person_id` int(10) unsigned NOT NULL,
  `period_id` int(10) unsigned DEFAULT NULL,
  `path` varchar(255) COLLATE utf8mb4_unicode_ci NOT NULL,
  `status` int(10) unsigned NOT NULL DEFAULT '1',
  `created_at` timestamp NULL DEFAULT NULL,
  `updated_at` timestamp NULL DEFAULT NULL,
  PRIMARY KEY (`id`),
  KEY `file_uploads_data_type_id_foreign` (`data_type_id`),
  KEY `file_uploads_user_id_foreign` (`user_id`),
  KEY `file_uploads_person_id_foreign` (`person_id`),
  KEY `file_uploads_period_id_foreign` (`period_id`),
  CONSTRAINT `file_uploads_data_type_id_foreign` FOREIGN KEY (`data_type_id`) REFERENCES `data_types` (`id`),
  CONSTRAINT `file_uploads_period_id_foreign` FOREIGN KEY (`period_id`) REFERENCES `periods` (`id`),
  CONSTRAINT `file_uploads_person_id_foreign` FOREIGN KEY (`person_id`) REFERENCES `persons` (`id`),
  CONSTRAINT `file_uploads_user_id_foreign` FOREIGN KEY (`user_id`) REFERENCES `tusers` (`idUser`)
) ENGINE=InnoDB DEFAULT CHARSET=utf8mb4 COLLATE=utf8mb4_unicode_ci;

--
-- Dumping data for table `file_uploads`
--


--
-- Table structure for table `ganan_art_90`
--

CREATE TABLE `ganan_art_90` (
  `id` int(10) unsigned NOT NULL AUTO_INCREMENT,
  `anio` int(10) unsigned NOT NULL,
  `desde` decimal(16,2) NOT NULL DEFAULT '0.00',
  `hasta` decimal(16,2) NOT NULL DEFAULT '0.00',
  `impuesto` decimal(16,2) NOT NULL DEFAULT '0.00',
  `mas_porcentaje` decimal(16,2) NOT NULL DEFAULT '0.00',
  `excedente` decimal(16,2) NOT NULL DEFAULT '0.00',
  `created_at` timestamp NULL DEFAULT NULL,
  `updated_at` timestamp NULL DEFAULT NULL,
  `deleted_at` timestamp NULL DEFAULT NULL,
  PRIMARY KEY (`id`)
) ENGINE=InnoDB AUTO_INCREMENT=73 DEFAULT CHARSET=utf8mb4 COLLATE=utf8mb4_unicode_ci;

--
-- Dumping data for table `ganan_art_90`
--

INSERT INTO `ganan_art_90` VALUES (1,2017,0.00,20000.00,0.00,0.05,0.00,'2019-11-15 13:24:27','2019-11-15 13:24:27',NULL),(2,2017,20000.00,40000.00,1000.00,0.09,20000.00,'2019-11-15 13:24:27','2019-11-15 13:24:27',NULL),(3,2017,40000.00,60000.00,2800.00,0.12,40000.00,'2019-11-15 13:24:27','2019-11-15 13:24:27',NULL),(4,2017,60000.00,80000.00,5200.00,0.15,60000.00,'2019-11-15 13:24:27','2019-11-15 13:24:27',NULL),(5,2017,80000.00,120000.00,8200.00,0.19,80000.00,'2019-11-15 13:24:27','2019-11-15 13:24:27',NULL),(6,2017,120000.00,160000.00,15800.00,0.23,120000.00,'2019-11-15 13:24:27','2019-11-15 13:24:27',NULL),(7,2017,160000.00,240000.00,25000.00,0.27,160000.00,'2019-11-15 13:24:27','2019-11-15 13:24:27',NULL),(8,2017,240000.00,320000.00,46600.00,0.31,240000.00,'2019-11-15 13:24:27','2019-11-15 13:24:27',NULL),(9,2017,320000.00,999999999.99,71400.00,0.35,320000.00,'2019-11-15 13:24:27','2019-11-15 13:24:27',NULL),(10,2018,0.00,25754.00,0.00,0.05,0.00,'2019-11-15 13:24:27','2019-11-15 13:24:27',NULL),(11,2018,25754.00,51508.00,1287.70,0.09,25754.00,'2019-11-15 13:24:27','2019-11-15 13:24:27',NULL),(12,2018,51508.00,77262.00,3605.56,0.12,51508.00,'2019-11-15 13:24:27','2019-11-15 13:24:27',NULL),(13,2018,77262.00,103016.00,6696.04,0.15,77262.00,'2019-11-15 13:24:27','2019-11-15 13:24:27',NULL),(14,2018,103016.00,154524.00,10559.14,0.19,103016.00,'2019-11-15 13:24:27','2019-11-15 13:24:27',NULL),(15,2018,154524.00,206032.00,20345.66,0.23,154524.00,'2019-11-15 13:24:27','2019-11-15 13:24:27',NULL),(16,2018,206032.00,309048.00,32192.50,0.27,206032.00,'2019-11-15 13:24:27','2019-11-15 13:24:27',NULL),(17,2018,309048.00,412064.00,60006.82,0.31,309048.00,'2019-11-15 13:24:27','2019-11-15 13:24:27',NULL),(18,2018,412064.00,999999999.99,91941.78,0.35,412064.00,'2019-11-15 13:24:27','2019-11-15 13:24:27',NULL),(19,2019,0.00,33039.81,0.00,0.05,0.00,'2019-11-15 13:24:27','2019-11-15 13:24:27',NULL),(20,2019,33039.81,66079.61,1651.99,0.09,33039.81,'2019-11-15 13:24:27','2019-11-15 13:24:27',NULL),(21,2019,66079.61,99119.42,4625.57,0.12,66079.61,'2019-11-15 13:24:27','2019-11-15 13:24:27',NULL),(22,2019,99119.42,132159.23,8590.35,0.15,99119.42,'2019-11-15 13:24:27','2019-11-15 13:24:27',NULL),(23,2019,132159.23,198238.84,13546.32,0.19,132159.23,'2019-11-15 13:24:27','2019-11-15 13:24:27',NULL),(24,2019,198238.84,264318.45,26101.45,0.23,198238.84,'2019-11-15 13:24:27','2019-11-15 13:24:27',NULL),(25,2019,264318.45,396477.68,41299.76,0.27,264318.45,'2019-11-15 13:24:27','2019-11-15 13:24:27',NULL),(26,2019,396477.68,528636.91,76982.75,0.31,396477.68,'2019-11-15 13:24:27','2019-11-15 13:24:27',NULL),(27,2019,528636.91,999999999.99,117952.11,0.35,528636.91,'2019-11-15 13:24:27','2019-11-15 13:24:27',NULL),(28,2016,0.00,10000.00,0.00,0.09,0.00,'2020-01-28 13:48:34','2020-02-27 02:59:44',NULL),(29,2016,10000.00,20000.00,900.00,0.14,10000.00,'2020-01-28 13:48:34','2020-02-27 02:59:44',NULL),(30,2016,20000.00,30000.00,2300.00,0.19,20000.00,'2020-01-28 13:48:34','2020-02-27 02:59:44',NULL),(31,2016,30000.00,60000.00,4200.00,0.23,30000.00,'2020-01-28 13:48:34','2020-02-27 02:59:44',NULL),(32,2016,60000.00,90000.00,11100.00,0.27,60000.00,'2020-01-28 13:48:34','2020-02-27 02:59:44',NULL),(33,2016,90000.00,120000.00,19200.00,0.31,90000.00,'2020-01-28 13:48:34','2020-02-27 02:59:44',NULL),(34,2016,120000.00,999999999.00,28500.00,0.35,120000.00,'2020-01-28 13:48:34','2020-02-27 02:59:44',NULL),(37,2020,0.00,47669.16,0.00,0.05,0.00,'2020-01-28 14:17:39','2020-01-28 14:17:39',NULL),(38,2020,47669.16,95338.32,2383.46,0.09,47669.16,'2020-01-28 14:17:39','2020-01-28 14:17:39',NULL),(39,2020,95338.32,143007.48,6673.68,0.12,95338.32,'2020-01-28 14:17:39','2020-01-28 14:17:39',NULL),(40,2020,143007.48,190676.65,12393.98,0.15,143007.48,'2020-01-28 14:17:39','2020-01-28 14:17:39',NULL),(41,2020,190676.65,286014.96,19544.36,0.19,190676.65,'2020-01-28 14:17:39','2022-10-21 15:31:19',NULL),(42,2020,286014.96,381353.28,37658.64,0.23,286014.96,'2020-01-28 14:17:39','2020-01-28 14:17:39',NULL);
INSERT INTO `ganan_art_90` VALUES (43,2020,381353.28,572029.92,59586.45,0.27,381353.28,'2020-01-28 14:17:39','2020-01-28 14:17:39',NULL),(44,2020,572029.92,762706.57,111069.14,0.31,572029.92,'2020-01-28 14:17:39','2020-01-28 14:17:39',NULL),(45,2020,762706.57,999999999.99,170178.90,0.35,762706.57,'2020-01-28 14:17:39','2020-01-28 14:17:39',NULL),(46,2021,0.00,64532.64,0.00,0.05,0.00,'2022-10-21 15:31:20','2022-10-21 15:31:20',NULL),(47,2021,64532.64,129065.29,3226.63,0.09,64532.64,'2022-10-21 15:31:20','2022-10-21 15:31:20',NULL),(48,2021,129065.29,193597.93,9034.57,0.12,129065.29,'2022-10-21 15:31:20','2022-10-21 15:31:20',NULL),(49,2021,193597.93,258130.58,16778.49,0.15,193597.93,'2022-10-21 15:31:20','2022-10-21 15:31:20',NULL),(50,2021,258130.58,387195.86,26458.39,0.19,258130.58,'2022-10-21 15:31:20','2022-10-21 15:31:20',NULL),(51,2021,387195.86,516261.14,50980.79,0.23,387195.86,'2022-10-21 15:31:20','2022-10-21 15:31:30',NULL),(52,2021,516261.14,774391.71,80665.80,0.27,516261.14,'2022-10-21 15:31:20','2022-10-21 15:31:20',NULL),(53,2021,774391.71,1032522.30,150361.06,0.31,774391.71,'2022-10-21 15:31:20','2022-10-21 15:31:20',NULL),(54,2021,1032522.30,999999999.99,230381.54,0.35,1032522.30,'2022-10-21 15:31:20','2022-10-21 15:31:20',NULL),(55,2022,0.00,97201.99,0.00,0.05,0.00,'2022-10-21 15:31:24','2022-10-21 15:31:25',NULL),(56,2022,97201.99,194404.01,4860.10,0.09,97201.99,'2022-10-21 15:31:24','2022-10-21 15:31:24',NULL),(57,2022,194404.01,291606.01,13608.29,0.12,194404.01,'2022-10-21 15:31:24','2022-10-21 15:31:24',NULL),(58,2022,291606.01,388808.02,25272.52,0.15,291606.01,'2022-10-21 15:31:24','2022-10-21 15:31:24',NULL),(59,2022,388808.02,583212.02,39852.82,0.19,388808.02,'2022-10-21 15:31:24','2022-10-21 15:31:24',NULL),(60,2022,583212.02,777616.02,76789.59,0.23,583212.02,'2022-10-21 15:31:24','2022-10-21 15:31:24',NULL),(61,2022,777616.02,1166424.03,121502.49,0.27,777616.02,'2022-10-21 15:31:24','2022-10-21 15:31:24',NULL),(62,2022,1166424.03,1555232.07,226480.67,0.31,1166424.03,'2022-10-21 15:31:24','2022-10-21 15:31:24',NULL),(63,2022,1555232.07,999999999.99,347011.15,0.35,1555232.07,'2022-10-21 15:31:24','2023-06-27 10:55:04',NULL),(64,2023,0.00,173834.61,0.00,0.05,0.00,'2022-12-28 17:49:40','2022-12-28 17:49:40',NULL),(65,2023,173834.61,347669.23,8691.73,0.09,173834.61,'2022-12-28 17:49:40','2022-12-28 17:49:40',NULL),(66,2023,347669.23,521503.84,24336.85,0.12,347669.23,'2022-12-28 17:49:40','2022-12-28 17:49:40',NULL),(67,2023,521503.84,695338.47,45197.00,0.15,521503.84,'2022-12-28 17:49:40','2022-12-28 17:49:40',NULL),(68,2023,695338.47,1043007.68,71272.19,0.19,695338.47,'2022-12-28 17:49:40','2022-12-28 17:49:40',NULL),(69,2023,1043007.68,1390676.90,137329.34,0.23,1043007.68,'2022-12-28 17:49:40','2022-12-28 17:49:40',NULL),(70,2023,1390676.90,2086015.35,217293.26,0.27,1390676.90,'2022-12-28 17:49:40','2022-12-28 17:49:40',NULL),(71,2023,2086015.35,2781353.85,405034.64,0.31,2086015.35,'2022-12-28 17:49:40','2022-12-28 17:49:40',NULL),(72,2023,2781353.85,999999999.99,620589.58,0.35,2781353.85,'2022-12-28 17:49:40','2023-06-27 10:55:04',NULL);

--
-- Table structure for table `ganan_categorias`
--

CREATE TABLE `ganan_categorias` (
  `id` int(10) unsigned NOT NULL AUTO_INCREMENT,
  `nombre` varchar(191) COLLATE utf8mb4_unicode_ci NOT NULL,
  `status` tinyint(1) NOT NULL DEFAULT '1',
  `created_at` timestamp NULL DEFAULT NULL,
  `updated_at` timestamp NULL DEFAULT NULL,
  `deleted_at` timestamp NULL DEFAULT NULL,
  PRIMARY KEY (`id`)
) ENGINE=InnoDB AUTO_INCREMENT=5 DEFAULT CHARSET=utf8mb4 COLLATE=utf8mb4_unicode_ci;

--
-- Dumping data for table `ganan_categorias`
--

INSERT INTO `ganan_categorias` VALUES (1,'Primera',1,'2019-11-15 13:24:28','2019-11-15 13:24:28',NULL),(2,'Segunda',1,'2019-11-15 13:24:28','2019-11-15 13:24:28',NULL),(3,'Tercera',1,'2019-11-15 13:24:28','2019-11-15 13:24:28',NULL),(4,'Cuarta',1,'2019-11-15 13:24:28','2019-11-15 13:24:28',NULL);

--
-- Table structure for table `ganan_conceptos_anticipos`
--

CREATE TABLE `ganan_conceptos_anticipos` (
  `id` int(10) unsigned NOT NULL AUTO_INCREMENT,
  `user_id` int(10) unsigned DEFAULT NULL,
  `nombre` varchar(191) COLLATE utf8mb4_unicode_ci NOT NULL,
  `status` tinyint(1) NOT NULL DEFAULT '1',
  `created_at` timestamp NULL DEFAULT NULL,
  `updated_at` timestamp NULL DEFAULT NULL,
  `deleted_at` timestamp NULL DEFAULT NULL,
  PRIMARY KEY (`id`),
  UNIQUE KEY `ganan_conceptos_anticipos_nombre_unique` (`nombre`)
) ENGINE=InnoDB AUTO_INCREMENT=4 DEFAULT CHARSET=utf8mb4 COLLATE=utf8mb4_unicode_ci;

--
-- Dumping data for table `ganan_conceptos_anticipos`
--

INSERT INTO `ganan_conceptos_anticipos` VALUES (1,NULL,'Anticipos',1,'2019-11-15 13:24:27','2019-11-15 13:24:27',NULL),(2,NULL,'Retenciones y Percepciones',1,'2019-11-15 13:24:27','2019-11-15 13:24:27',NULL),(3,NULL,'Saldo a Favor Anterior',1,'2019-11-15 13:24:27','2019-11-15 13:24:27',NULL);

--
-- Table structure for table `ganan_ddjj_detail_anticipos`
--

CREATE TABLE `ganan_ddjj_detail_anticipos` (
  `id` int(10) unsigned NOT NULL AUTO_INCREMENT,
  `user_id` int(10) unsigned DEFAULT NULL,
  `ganan_ddjj_id` int(10) unsigned NOT NULL,
  `person_id` int(10) unsigned NOT NULL,
  `ganan_concepto_anticipo_id` int(10) unsigned NOT NULL,
  `importe` decimal(16,2) NOT NULL DEFAULT '0.00',
  `created_at` timestamp NULL DEFAULT NULL,
  `updated_at` timestamp NULL DEFAULT NULL,
  `deleted_at` timestamp NULL DEFAULT NULL,
  PRIMARY KEY (`id`),
  KEY `ganan_ddjj_detail_anticipos_ganan_ddjj_id_foreign` (`ganan_ddjj_id`),
  KEY `ganan_ddjj_detail_anticipos_person_id_foreign` (`person_id`),
  KEY `ganan_ddjj_detail_anticipos_ganan_concepto_anticipo_id_foreign` (`ganan_concepto_anticipo_id`),
  CONSTRAINT `ganan_ddjj_detail_anticipos_ganan_concepto_anticipo_id_foreign` FOREIGN KEY (`ganan_concepto_anticipo_id`) REFERENCES `ganan_conceptos_anticipos` (`id`),
  CONSTRAINT `ganan_ddjj_detail_anticipos_ganan_ddjj_id_foreign` FOREIGN KEY (`ganan_ddjj_id`) REFERENCES `ganan_ddjjs` (`id`),
  CONSTRAINT `ganan_ddjj_detail_anticipos_person_id_foreign` FOREIGN KEY (`person_id`) REFERENCES `persons` (`id`)
) ENGINE=InnoDB DEFAULT CHARSET=utf8mb4 COLLATE=utf8mb4_unicode_ci;

--
-- Dumping data for table `ganan_ddjj_detail_anticipos`
--


--
-- Table structure for table `ganan_ddjj_detail_deducciones`
--

CREATE TABLE `ganan_ddjj_detail_deducciones` (
  `id` int(10) unsigned NOT NULL AUTO_INCREMENT,
  `user_id` int(10) unsigned DEFAULT NULL,
  `ganan_ddjj_id` int(10) unsigned NOT NULL,
  `person_id` int(10) unsigned NOT NULL,
  `ganan_deduccion_id` int(10) unsigned NOT NULL,
  `importe` decimal(16,2) NOT NULL DEFAULT '0.00',
  `comentario` varchar(191) COLLATE utf8mb4_unicode_ci DEFAULT NULL,
  `created_at` timestamp NULL DEFAULT NULL,
  `updated_at` timestamp NULL DEFAULT NULL,
  `deleted_at` timestamp NULL DEFAULT NULL,
  PRIMARY KEY (`id`),
  KEY `ganan_ddjj_detail_deducciones_ganan_ddjj_id_foreign` (`ganan_ddjj_id`),
  KEY `ganan_ddjj_detail_deducciones_person_id_foreign` (`person_id`),
  KEY `ganan_ddjj_detail_deducciones_ganan_deduccion_id_foreign` (`ganan_deduccion_id`),
  CONSTRAINT `ganan_ddjj_detail_deducciones_ganan_ddjj_id_foreign` FOREIGN KEY (`ganan_ddjj_id`) REFERENCES `ganan_ddjjs` (`id`),
  CONSTRAINT `ganan_ddjj_detail_deducciones_ganan_deduccion_id_foreign` FOREIGN KEY (`ganan_deduccion_id`) REFERENCES `ganan_deducciones` (`id`),
  CONSTRAINT `ganan_ddjj_detail_deducciones_person_id_foreign` FOREIGN KEY (`person_id`) REFERENCES `persons` (`id`)
) ENGINE=InnoDB DEFAULT CHARSET=utf8mb4 COLLATE=utf8mb4_unicode_ci;

--
-- Dumping data for table `ganan_ddjj_detail_deducciones`
--


--
-- Table structure for table `ganan_ddjj_detail_ing_egr`
--

CREATE TABLE `ganan_ddjj_detail_ing_egr` (
  `id` int(10) unsigned NOT NULL AUTO_INCREMENT,
  `user_id` int(10) unsigned DEFAULT NULL,
  `ganan_ddjj_id` int(10) unsigned NOT NULL,
  `person_id` int(10) unsigned NOT NULL,
  `conta_tipo_asiento_id` int(10) unsigned NOT NULL,
  `ganan_categoria_id` int(10) unsigned NOT NULL,
  `ganan_tipo_op_id` int(10) unsigned NOT NULL,
  `importe` decimal(16,2) NOT NULL DEFAULT '0.00',
  `comentario` varchar(191) COLLATE utf8mb4_unicode_ci DEFAULT NULL,
  `created_at` timestamp NULL DEFAULT NULL,
  `updated_at` timestamp NULL DEFAULT NULL,
  `deleted_at` timestamp NULL DEFAULT NULL,
  PRIMARY KEY (`id`),
  KEY `ganan_ddjj_detail_ing_egr_ganan_ddjj_id_foreign` (`ganan_ddjj_id`),
  KEY `ganan_ddjj_detail_ing_egr_person_id_foreign` (`person_id`),
  KEY `ganan_ddjj_detail_ing_egr_conta_tipo_asiento_id_foreign` (`conta_tipo_asiento_id`),
  KEY `ganan_ddjj_detail_ing_egr_ganan_categoria_id_foreign` (`ganan_categoria_id`),
  KEY `ganan_ddjj_detail_ing_egr_ganan_tipo_op_id_foreign` (`ganan_tipo_op_id`),
  CONSTRAINT `ganan_ddjj_detail_ing_egr_conta_tipo_asiento_id_foreign` FOREIGN KEY (`conta_tipo_asiento_id`) REFERENCES `conta_tipo_asientos` (`id`),
  CONSTRAINT `ganan_ddjj_detail_ing_egr_ganan_categoria_id_foreign` FOREIGN KEY (`ganan_categoria_id`) REFERENCES `ganan_categorias` (`id`),
  CONSTRAINT `ganan_ddjj_detail_ing_egr_ganan_ddjj_id_foreign` FOREIGN KEY (`ganan_ddjj_id`) REFERENCES `ganan_ddjjs` (`id`),
  CONSTRAINT `ganan_ddjj_detail_ing_egr_ganan_tipo_op_id_foreign` FOREIGN KEY (`ganan_tipo_op_id`) REFERENCES `ganan_tipos_op` (`id`),
  CONSTRAINT `ganan_ddjj_detail_ing_egr_person_id_foreign` FOREIGN KEY (`person_id`) REFERENCES `persons` (`id`)
) ENGINE=InnoDB DEFAULT CHARSET=utf8mb4 COLLATE=utf8mb4_unicode_ci;

--
-- Dumping data for table `ganan_ddjj_detail_ing_egr`
--


--
-- Table structure for table `ganan_ddjjs`
--

CREATE TABLE `ganan_ddjjs` (
  `id` int(10) unsigned NOT NULL AUTO_INCREMENT,
  `user_id` int(10) unsigned DEFAULT NULL,
  `anio` int(10) unsigned NOT NULL,
  `person_id` int(10) unsigned NOT NULL,
  `ingresos_gravados` decimal(16,2) NOT NULL DEFAULT '0.00',
  `ingresos_exentos` decimal(16,2) NOT NULL DEFAULT '0.00',
  `egresos_gravados` decimal(16,2) NOT NULL DEFAULT '0.00',
  `egresos_exentos` decimal(16,2) NOT NULL DEFAULT '0.00',
  `deducciones_total` decimal(16,2) NOT NULL DEFAULT '0.00',
  `base_imponible` decimal(16,2) NOT NULL DEFAULT '0.00',
  `impuesto_determinado` decimal(16,2) NOT NULL DEFAULT '0.00',
  `saldo_a_pagar` decimal(16,2) NOT NULL DEFAULT '0.00',
  `saldo_a_favor` decimal(16,2) NOT NULL DEFAULT '0.00',
  `comentario` varchar(191) COLLATE utf8mb4_unicode_ci DEFAULT NULL,
  `created_at` timestamp NULL DEFAULT NULL,
  `updated_at` timestamp NULL DEFAULT NULL,
  `deleted_at` timestamp NULL DEFAULT NULL,
  PRIMARY KEY (`id`),
  KEY `ganan_ddjjs_person_id_foreign` (`person_id`),
  CONSTRAINT `ganan_ddjjs_person_id_foreign` FOREIGN KEY (`person_id`) REFERENCES `persons` (`id`)
) ENGINE=InnoDB DEFAULT CHARSET=utf8mb4 COLLATE=utf8mb4_unicode_ci;

--
-- Dumping data for table `ganan_ddjjs`
--


--
-- Table structure for table `ganan_deducciones`
--

CREATE TABLE `ganan_deducciones` (
  `id` int(10) unsigned NOT NULL AUTO_INCREMENT,
  `user_id` int(10) unsigned DEFAULT NULL,
  `anio` int(10) unsigned NOT NULL,
  `generales` tinyint(1) NOT NULL DEFAULT '0',
  `particulares` tinyint(1) NOT NULL DEFAULT '0',
  `nombre` varchar(191) COLLATE utf8mb4_unicode_ci NOT NULL,
  `importe` decimal(16,2) NOT NULL DEFAULT '0.00',
  `status` tinyint(1) NOT NULL DEFAULT '1',
  `created_at` timestamp NULL DEFAULT NULL,
  `updated_at` timestamp NULL DEFAULT NULL,
  `deleted_at` timestamp NULL DEFAULT NULL,
  PRIMARY KEY (`id`)
) ENGINE=InnoDB AUTO_INCREMENT=173 DEFAULT CHARSET=utf8mb4 COLLATE=utf8mb4_unicode_ci;

--
-- Dumping data for table `ganan_deducciones`
--

INSERT INTO `ganan_deducciones` VALUES (1,NULL,2017,1,0,'Primas de seguro para el caso de muerte',999.00,1,'2019-11-15 13:24:27','2019-11-15 13:24:27',NULL),(2,NULL,2017,1,0,'Gastos de Sepelio',999.00,1,'2019-11-15 13:24:27','2019-11-15 13:24:27',NULL),(3,NULL,2017,1,0,'Aportes a Obras Sociales',0.00,1,'2019-11-15 13:24:27','2019-11-15 13:24:27',NULL),(4,NULL,2017,1,0,'Aportes obligatorios a Fondos de jubilaciones, retiros, pensiones o subsidios a cajas nacionales, provinciales o municipales- incluidas las Cajas de Previsión para Profesionales.',0.00,1,'2019-11-15 13:24:27','2019-11-15 13:24:27',NULL),(5,NULL,2017,1,0,'Otras deducciones del Anexo III de la RG 2437: Aportes para fondos de Jubilación, Retiros, Pensiones o Subsidios destinados al ANSES',0.00,1,'2019-11-15 13:24:27','2019-11-15 13:24:27',NULL),(6,NULL,2017,1,0,'Aportes a Cajas Provinciales o Municipales o de Previsión para Profesionales',0.00,1,'2019-11-15 13:24:27','2019-11-15 13:24:27',NULL),(7,NULL,2017,1,0,'Pagos Régimen Nacional de Trabajadores Autónomos',0.00,1,'2019-11-15 13:24:27','2019-11-15 13:24:27',NULL),(8,NULL,2017,1,0,'Aportes a Cajas Complementarias de Previsión',0.00,1,'2019-11-15 13:24:27','2019-11-15 13:24:27',NULL),(9,NULL,2017,1,0,'Aportes a Fondos Compensadores de Previsión',0.00,1,'2019-11-15 13:24:27','2019-11-15 13:24:27',NULL),(10,NULL,2017,1,0,'Intereses Crédito Hipotecario',20000.00,1,'2019-11-15 13:24:27','2019-11-15 13:24:27',NULL),(11,NULL,2017,1,0,'Servicio Doméstico',51967.00,1,'2019-11-15 13:24:27','2019-11-15 13:24:27',NULL),(12,NULL,2017,1,0,'Donaciones',0.00,1,'2019-11-15 13:24:27','2019-11-15 13:24:27',NULL),(13,NULL,2017,1,0,'Cuota médico asistencial abonado por usted y por sus familiares a cargo',0.00,1,'2019-11-15 13:24:27','2019-11-15 13:24:27',NULL),(14,NULL,2017,1,0,'Honorarios Correspondientes a los Servicios de asistencia Sanitaria, Médica y Paramédica',0.00,1,'2019-11-15 13:24:28','2019-11-15 13:24:28',NULL),(15,NULL,2017,0,1,'Conyuge',48447.00,1,'2019-11-15 13:24:28','2019-11-15 13:24:28',NULL),(16,NULL,2017,0,1,'Hijo Incapacitado',24432.00,1,'2019-11-15 13:24:28','2019-11-15 13:24:28',NULL),(17,NULL,2017,0,1,'Hijo Menor 18 años',24432.00,1,'2019-11-15 13:24:28','2019-11-15 13:24:28',NULL),(18,NULL,2017,0,1,'Hijastro Incapacitado',24432.00,1,'2019-11-15 13:24:28','2019-11-15 13:24:28',NULL),(19,NULL,2017,0,1,'Hijastro Menor 18 Años',24432.00,1,'2019-11-15 13:24:28','2019-11-15 13:24:28',NULL),(20,NULL,2017,0,1,'Ganancia No Imponible',51967.00,1,'2019-11-15 13:24:28','2019-11-15 13:24:28',NULL),(21,NULL,2017,0,1,'Deduccion Especial',51967.00,1,'2019-11-15 13:24:28','2019-11-15 13:24:28',NULL),(22,NULL,2018,1,0,'Primas de seguro para el caso de muerte',12000.00,1,'2019-11-15 13:24:28','2019-11-15 13:24:28',NULL),(23,NULL,2018,1,0,'Gastos de Sepelio',999.00,1,'2019-11-15 13:24:28','2019-11-15 13:24:28',NULL),(24,NULL,2018,1,0,'Aportes a Obras Sociales',0.00,1,'2019-11-15 13:24:28','2019-11-15 13:24:28',NULL),(25,NULL,2018,1,0,'Aportes obligatorios a Fondos de jubilaciones, retiros, pensiones o subsidios a cajas nacionales, provinciales o municipales- incluidas las Cajas de Previsión para Profesionales.',0.00,1,'2019-11-15 13:24:28','2019-11-15 13:24:28',NULL),(26,NULL,2018,1,0,'Otras deducciones del Anexo III de la RG 2437: Aportes para fondos de Jubilación, Retiros, Pensiones o Subsidios destinados al ANSES',0.00,1,'2019-11-15 13:24:28','2019-11-15 13:24:28',NULL),(27,NULL,2018,1,0,'Aportes a Cajas Provinciales o Municipales o de Previsión para Profesionales',0.00,1,'2019-11-15 13:24:28','2019-11-15 13:24:28',NULL),(28,NULL,2018,1,0,'Pagos Régimen Nacional de Trabajadores Autónomos',0.00,1,'2019-11-15 13:24:28','2019-11-15 13:24:28',NULL),(29,NULL,2018,1,0,'Aportes a Cajas Complementarias de Previsión',0.00,1,'2019-11-15 13:24:28','2019-11-15 13:24:28',NULL),(30,NULL,2018,1,0,'Aportes a Fondos Compensadores de Previsión',0.00,1,'2019-11-15 13:24:28','2019-11-15 13:24:28',NULL);
INSERT INTO `ganan_deducciones` VALUES (31,NULL,2018,1,0,'Intereses Crédito Hipotecario',20000.00,1,'2019-11-15 13:24:28','2019-11-15 13:24:28',NULL),(32,NULL,2018,1,0,'Servicio Doméstico',66917.91,1,'2019-11-15 13:24:28','2019-11-15 13:24:28',NULL),(33,NULL,2018,1,0,'Donaciones',0.00,1,'2019-11-15 13:24:28','2019-11-15 13:24:28',NULL),(34,NULL,2018,1,0,'Cuota médico asistencial abonado por usted y por sus familiares a cargo',0.00,1,'2019-11-15 13:24:28','2019-11-15 13:24:28',NULL),(35,NULL,2018,1,0,'Honorarios Correspondientes a los Servicios de asistencia Sanitaria, Médica y Paramédica',0.00,1,'2019-11-15 13:24:28','2019-11-15 13:24:28',NULL),(36,NULL,2018,0,1,'Conyuge',66917.91,1,'2019-11-15 13:24:28','2019-11-15 13:24:28',NULL),(37,NULL,2018,0,1,'Hijo Incapacitado',31461.09,1,'2019-11-15 13:24:28','2019-11-15 13:24:28',NULL),(38,NULL,2018,0,1,'Hijo Menor 18 años',31461.09,1,'2019-11-15 13:24:28','2019-11-15 13:24:28',NULL),(39,NULL,2018,0,1,'Hijastro Incapacitado',31461.09,1,'2019-11-15 13:24:28','2019-11-15 13:24:28',NULL),(40,NULL,2018,0,1,'Hijastro Menor 18 Años',31461.09,1,'2019-11-15 13:24:28','2019-11-15 13:24:28',NULL),(41,NULL,2018,0,1,'Ganancia No Imponible',66917.91,1,'2019-11-15 13:24:28','2019-11-15 13:24:28',NULL),(42,NULL,2018,0,1,'Deduccion Especial',66917.91,1,'2019-11-15 13:24:28','2019-11-15 13:24:28',NULL),(43,NULL,2019,1,0,'Primas de seguro para el caso de muerte',18000.00,1,'2019-11-15 13:24:28','2019-11-15 13:24:28',NULL),(44,NULL,2019,1,0,'Gastos de Sepelio',999.00,1,'2019-11-15 13:24:28','2019-11-15 13:24:28',NULL),(45,NULL,2019,1,0,'Aportes a Obras Sociales',0.00,1,'2019-11-15 13:24:28','2019-11-15 13:24:28',NULL),(46,NULL,2019,1,0,'Aportes obligatorios a Fondos de jubilaciones, retiros, pensiones o subsidios a cajas nacionales, provinciales o municipales- incluidas las Cajas de Previsión para Profesionales.',0.00,1,'2019-11-15 13:24:28','2019-11-15 13:24:28',NULL),(47,NULL,2019,1,0,'Otras deducciones del Anexo III de la RG 2437: Aportes para fondos de Jubilación, Retiros, Pensiones o Subsidios destinados al ANSES',0.00,1,'2019-11-15 13:24:28','2019-11-15 13:24:28',NULL),(48,NULL,2019,1,0,'Aportes a Cajas Provinciales o Municipales o de Previsión para Profesionales',0.00,1,'2019-11-15 13:24:28','2019-11-15 13:24:28',NULL),(49,NULL,2019,1,0,'Pagos Régimen Nacional de Trabajadores Autónomos',0.00,1,'2019-11-15 13:24:28','2019-11-15 13:24:28',NULL),(50,NULL,2019,1,0,'Aportes a Cajas Complementarias de Previsión',0.00,1,'2019-11-15 13:24:28','2019-11-15 13:24:28',NULL),(51,NULL,2019,1,0,'Aportes a Fondos Compensadores de Previsión',0.00,1,'2019-11-15 13:24:28','2019-11-15 13:24:28',NULL),(52,NULL,2019,1,0,'Intereses Crédito Hipotecario',20000.00,1,'2019-11-15 13:24:28','2019-11-15 13:24:28',NULL),(53,NULL,2019,1,0,'Servicio Doméstico',103018.79,1,'2019-11-15 13:24:28','2019-11-15 13:24:28',NULL),(54,NULL,2019,1,0,'Donaciones',0.00,1,'2019-11-15 13:24:28','2019-11-15 13:24:28',NULL),(55,NULL,2019,1,0,'Cuota médico asistencial abonado por usted y por sus familiares a cargo',0.00,1,'2019-11-15 13:24:28','2019-11-15 13:24:28',NULL),(56,NULL,2019,1,0,'Honorarios Correspondientes a los Servicios de asistencia Sanitaria, Médica y Paramédica',0.00,1,'2019-11-15 13:24:28','2019-11-15 13:24:28',NULL),(57,NULL,2019,0,1,'Conyuge',80033.97,1,'2019-11-15 13:24:28','2019-11-15 13:24:28',NULL),(58,NULL,2019,0,1,'Hijo Incapacitado',40361.43,1,'2019-11-15 13:24:28','2019-11-15 13:24:28',NULL),(59,NULL,2019,0,1,'Hijo Menor 18 años',206037.56,1,'2019-11-15 13:24:28','2019-11-15 13:24:28',NULL),(60,NULL,2019,0,1,'Hijastro Incapacitado',206037.56,1,'2019-11-15 13:24:28','2019-11-15 13:24:28',NULL),(61,NULL,2019,0,1,'Hijastro Menor 18 Años',0.00,1,'2019-11-15 13:24:28','2019-11-15 13:24:28',NULL),(62,NULL,2019,0,1,'Ganancia No Imponible',103018.79,1,'2019-11-15 13:24:28','2019-11-15 13:24:28',NULL),(63,NULL,2019,0,1,'Deduccion Especial',103018.79,1,'2019-11-15 13:24:28','2019-11-15 13:24:28',NULL);
INSERT INTO `ganan_deducciones` VALUES (64,NULL,2016,1,0,'Primas de seguro para el caso de muerte',999.00,1,'2020-01-28 13:48:34','2020-01-28 13:48:34',NULL),(65,NULL,2016,1,0,'Gastos de Sepelio',999.00,1,'2020-01-28 13:48:34','2020-01-28 13:48:34',NULL),(66,NULL,2016,1,0,'Aportes a Obras Sociales',0.00,1,'2020-01-28 13:48:34','2020-01-28 13:48:34',NULL),(67,NULL,2016,1,0,'Aportes obligatorios a Fondos de jubilaciones, retiros, pensiones o subsidios a cajas nacionales, provinciales o municipales- incluidas las Cajas de Previsión para Profesionales.',0.00,1,'2020-01-28 13:48:34','2020-01-28 13:48:34',NULL),(68,NULL,2016,1,0,'Otras deducciones del Anexo III de la RG 2437: Aportes para fondos de Jubilación, Retiros, Pensiones o Subsidios destinados al ANSES',0.00,1,'2020-01-28 13:48:34','2020-01-28 13:48:34',NULL),(69,NULL,2016,1,0,'Aportes a Cajas Provinciales o Municipales o de Previsión para Profesionales',0.00,1,'2020-01-28 13:48:34','2020-01-28 13:48:34',NULL),(70,NULL,2016,1,0,'Pagos Régimen Nacional de Trabajadores Autónomos',0.00,1,'2020-01-28 13:48:34','2020-01-28 13:48:34',NULL),(71,NULL,2016,1,0,'Aportes a Cajas Complementarias de Previsión',0.00,1,'2020-01-28 13:48:34','2020-01-28 13:48:34',NULL),(72,NULL,2016,1,0,'Aportes a Fondos Compensadores de Previsión',0.00,1,'2020-01-28 13:48:34','2020-01-28 13:48:34',NULL),(73,NULL,2016,1,0,'Intereses Crédito Hipotecario',20000.00,1,'2020-01-28 13:48:34','2020-01-28 13:48:34',NULL),(74,NULL,2016,1,0,'Servicio Doméstico',42318.00,1,'2020-01-28 13:48:34','2020-01-28 13:48:34',NULL),(75,NULL,2016,1,0,'Donaciones',0.00,1,'2020-01-28 13:48:34','2020-01-28 13:48:34',NULL),(76,NULL,2016,1,0,'Cuota médico asistencial abonado por usted y por sus familiares a cargo',0.00,1,'2020-01-28 13:48:34','2020-01-28 13:48:34',NULL),(77,NULL,2016,1,0,'Honorarios Correspondientes a los Servicios de asistencia Sanitaria, Médica y \n            Paramédica',0.00,1,'2020-01-28 13:48:34','2020-01-28 13:48:34',NULL),(78,NULL,2016,0,1,'Conyuge',39778.00,1,'2020-01-28 13:48:34','2020-01-28 13:48:34',NULL),(79,NULL,2016,0,1,'Hijo Incapacitado',19889.00,1,'2020-01-28 13:48:34','2020-01-28 13:48:34',NULL),(80,NULL,2016,0,1,'Hijo Menor 18 años',19889.00,1,'2020-01-28 13:48:34','2020-01-28 13:48:34',NULL),(81,NULL,2016,0,1,'Hijastro Incapacitado',19889.00,1,'2020-01-28 13:48:34','2020-01-28 13:48:34',NULL),(82,NULL,2016,0,1,'Hijastro Menor 18 Años',19889.00,1,'2020-01-28 13:48:34','2020-01-28 13:48:34',NULL),(83,NULL,2016,0,1,'Ganancia No Imponible',42318.00,1,'2020-01-28 13:48:34','2020-01-28 13:48:34',NULL),(84,NULL,2016,0,1,'Deduccion Especial',42318.00,1,'2020-01-28 13:48:34','2020-01-28 13:48:34',NULL),(85,NULL,2019,1,0,'Alquileres',103018.97,1,'2020-01-28 14:17:39','2020-01-28 14:17:39',NULL),(86,NULL,2020,1,0,'Alquileres',123861.17,1,'2020-01-28 14:17:39','2020-01-28 14:17:39',NULL),(87,NULL,2020,1,0,'Primas de seguro para el caso de muerte',18000.00,1,'2020-01-28 14:17:39','2020-01-28 14:17:39',NULL),(88,NULL,2020,1,0,'Gastos de Sepelio',999.00,1,'2020-01-28 14:17:39','2020-01-28 14:17:39',NULL),(89,NULL,2020,1,0,'Aportes a Obras Sociales',0.00,1,'2020-01-28 14:17:39','2020-01-28 14:17:39',NULL),(90,NULL,2020,1,0,'Aportes obligatorios a Fondos de jubilaciones, retiros, pensiones o subsidios a cajas nacionales, provinciales o municipales- incluidas las Cajas de Previsión para Profesionales.',0.00,1,'2020-01-28 14:17:39','2020-01-28 14:17:39',NULL),(91,NULL,2020,1,0,'Otras deducciones del Anexo III de la RG 2437: Aportes para fondos de Jubilación, Retiros, Pensiones o Subsidios destinados al ANSES',0.00,1,'2020-01-28 14:17:39','2020-01-28 14:17:39',NULL),(92,NULL,2020,1,0,'Aportes a Cajas Provinciales o Municipales o de Previsión para Profesionales',0.00,1,'2020-01-28 14:17:39','2020-01-28 14:17:39',NULL),(93,NULL,2020,1,0,'Pagos Régimen Nacional de Trabajadores Autónomos',0.00,1,'2020-01-28 14:17:39','2020-01-28 14:17:39',NULL);
INSERT INTO `ganan_deducciones` VALUES (94,NULL,2020,1,0,'Aportes a Cajas Complementarias de Previsión',0.00,1,'2020-01-28 14:17:39','2020-01-28 14:17:39',NULL),(95,NULL,2020,1,0,'Aportes a Fondos Compensadores de Previsión',0.00,1,'2020-01-28 14:17:39','2020-01-28 14:17:39',NULL),(96,NULL,2020,1,0,'Intereses Crédito Hipotecario',20000.00,1,'2020-01-28 14:17:39','2020-01-28 14:17:39',NULL),(97,NULL,2020,1,0,'Servicio Doméstico',123861.17,1,'2020-01-28 14:17:39','2020-01-28 14:17:39',NULL),(98,NULL,2020,1,0,'Donaciones',0.00,1,'2020-01-28 14:17:39','2020-01-28 14:17:39',NULL),(99,NULL,2020,1,0,'Cuota médico asistencial abonado por usted y por sus familiares a cargo',0.00,1,'2020-01-28 14:17:39','2020-01-28 14:17:39',NULL),(100,NULL,2020,1,0,'Honorarios Correspondientes a los Servicios de asistencia Sanitaria, Médica y Paramédica',0.00,1,'2020-01-28 14:17:39','2020-01-28 14:17:39',NULL),(101,NULL,2020,0,1,'Conyuge',115471.38,1,'2020-01-28 14:17:39','2020-01-28 14:17:39',NULL),(102,NULL,2020,0,1,'Hijo Incapacitado',58232.65,1,'2020-01-28 14:17:39','2020-01-28 14:17:39',NULL),(103,NULL,2020,0,1,'Hijo Menor 18 años',58232.65,1,'2020-01-28 14:17:39','2020-01-28 14:17:39',NULL),(104,NULL,2020,0,1,'Hijastro Incapacitado',58232.65,1,'2020-01-28 14:17:39','2020-01-28 14:17:39',NULL),(105,NULL,2020,0,1,'Hijastro Menor 18 Años',0.00,1,'2020-01-28 14:17:39','2020-01-28 14:17:39',NULL),(106,NULL,2020,0,1,'Ganancia No Imponible',123861.17,1,'2020-01-28 14:17:39','2020-01-28 14:17:39',NULL),(107,NULL,2020,0,1,'Deduccion Especial Art 30 Apartado 1',103018.79,1,'2020-01-28 14:17:39','2020-01-28 14:17:39',NULL),(108,NULL,2020,0,1,'Deduccion Especial Art 30 Apartado 1 \"Nuevos Profesionales / Emprendedores',309652.93,1,'2020-01-28 14:17:39','2020-01-28 14:17:39',NULL),(109,NULL,2020,0,1,'Deduccion Especial Art 30 Apartado 2',594533.62,1,'2020-01-28 14:17:39','2020-01-28 14:17:39',NULL),(110,NULL,2021,1,0,'Primas de seguro para el caso de muerte',24000.00,1,'2022-10-21 15:31:20','2022-10-21 15:31:20',NULL),(111,NULL,2021,1,0,'Gastos de Sepelio',996.23,1,'2022-10-21 15:31:20','2022-10-21 15:31:20',NULL),(112,NULL,2021,1,0,'Aportes a Obras Sociales',0.00,1,'2022-10-21 15:31:20','2022-10-21 15:31:20',NULL),(113,NULL,2021,1,0,'Aportes obligatorios a Fondos de jubilaciones, retiros, pensiones o subsidios a cajas nacionales, provinciales o municipales- incluidas las Cajas de Previsión para Profesionales.',0.00,1,'2022-10-21 15:31:20','2022-10-21 15:31:20',NULL),(114,NULL,2021,1,0,'Otras deducciones del Anexo III de la RG 2437: Aportes para fondos de Jubilación, Retiros, Pensiones o Subsidios destinados al ANSES',0.00,1,'2022-10-21 15:31:20','2022-10-21 15:31:20',NULL),(115,NULL,2021,1,0,'Aportes a Cajas Provinciales o Municipales o de Previsión para Profesionales',0.00,1,'2022-10-21 15:31:20','2022-10-21 15:31:20',NULL),(116,NULL,2021,1,0,'Pagos Régimen Nacional de Trabajadores Autónomos',0.00,1,'2022-10-21 15:31:20','2022-10-21 15:31:20',NULL),(117,NULL,2021,1,0,'Aportes a Cajas Complementarias de Previsión',0.00,1,'2022-10-21 15:31:20','2022-10-21 15:31:20',NULL),(118,NULL,2021,1,0,'Aportes a Fondos Compensadores de Previsión',0.00,1,'2022-10-21 15:31:20','2022-10-21 15:31:20',NULL),(119,NULL,2021,1,0,'Intereses Crédito Hipotecario',20000.00,1,'2022-10-21 15:31:20','2022-10-21 15:31:20',NULL),(120,NULL,2021,1,0,'Servicio Doméstico',167678.40,1,'2022-10-21 15:31:20','2022-10-21 15:31:20',NULL),(121,NULL,2021,1,0,'Donaciones',0.00,1,'2022-10-21 15:31:20','2022-10-21 15:31:20',NULL),(122,NULL,2021,1,0,'Cuota médico asistencial abonado por usted y por sus familiares a cargo',0.00,1,'2022-10-21 15:31:20','2022-10-21 15:31:20',NULL),(123,NULL,2021,1,0,'Honorarios Correspondientes a los Servicios de asistencia Sanitaria, Médica y Paramédica',0.00,1,'2022-10-21 15:31:20','2022-10-21 15:31:20',NULL),(124,NULL,2021,0,1,'Conyuge',156320.63,1,'2022-10-21 15:31:20','2022-10-21 15:31:20',NULL),(125,NULL,2021,0,1,'Hijo Menor 18 años',78833.08,1,'2022-10-21 15:31:20','2022-10-21 15:31:20',NULL);
INSERT INTO `ganan_deducciones` VALUES (126,NULL,2021,0,1,'Ganancia No Imponible',167678.40,1,'2022-10-21 15:31:20','2022-10-21 15:31:20',NULL),(127,NULL,2021,0,1,'Deduccion Especial',804856.34,1,'2022-10-21 15:31:20','2022-10-21 15:31:20',NULL),(128,NULL,2022,1,0,'Primas de seguro para el caso de muerte',24000.00,1,'2022-10-21 15:31:24','2022-10-21 15:31:24',NULL),(129,NULL,2022,1,0,'Gastos de Sepelio',996.23,1,'2022-10-21 15:31:24','2022-10-21 15:31:24',NULL),(130,NULL,2022,1,0,'Aportes a Obras Sociales',0.00,1,'2022-10-21 15:31:24','2022-10-21 15:31:24',NULL),(131,NULL,2022,1,0,'Aportes obligatorios a Fondos de jubilaciones, retiros, pensiones o subsidios a cajas nacionales, provinciales o municipales- incluidas las Cajas de Previsión para Profesionales.',0.00,1,'2022-10-21 15:31:24','2022-10-21 15:31:24',NULL),(132,NULL,2022,1,0,'Otras deducciones del Anexo III de la RG 2437: Aportes para fondos de Jubilación, Retiros, Pensiones o Subsidios destinados al ANSES',0.00,1,'2022-10-21 15:31:24','2022-10-21 15:31:24',NULL),(133,NULL,2022,1,0,'Aportes a Cajas Provinciales o Municipales o de Previsión para Profesionales',0.00,1,'2022-10-21 15:31:24','2022-10-21 15:31:24',NULL),(134,NULL,2022,1,0,'Pagos Régimen Nacional de Trabajadores Autónomos',0.00,1,'2022-10-21 15:31:24','2022-10-21 15:31:24',NULL),(135,NULL,2022,1,0,'Aportes a Cajas Complementarias de Previsión',0.00,1,'2022-10-21 15:31:24','2022-10-21 15:31:24',NULL),(136,NULL,2022,1,0,'Aportes a Fondos Compensadores de Previsión',0.00,1,'2022-10-21 15:31:24','2022-10-21 15:31:24',NULL),(137,NULL,2022,1,0,'Intereses Crédito Hipotecario',20000.00,1,'2022-10-21 15:31:24','2022-10-21 15:31:24',NULL),(138,NULL,2022,1,0,'Servicio Doméstico',252564.84,1,'2022-10-21 15:31:24','2022-10-21 15:31:24',NULL),(139,NULL,2022,1,0,'Donaciones',0.00,1,'2022-10-21 15:31:24','2022-10-21 15:31:24',NULL),(140,NULL,2022,1,0,'Cuota médico asistencial abonado por usted y por sus familiares a cargo',0.00,1,'2022-10-21 15:31:24','2022-10-21 15:31:24',NULL),(141,NULL,2022,1,0,'Honorarios Correspondientes a los Servicios de asistencia Sanitaria, Médica y Paramédica',0.00,1,'2022-10-21 15:31:24','2022-10-21 15:31:24',NULL),(142,NULL,2022,1,0,'Alquileres',252564.84,1,'2022-10-21 15:31:24','2022-10-21 15:31:24',NULL),(143,NULL,2022,0,1,'Conyuge',235457.25,1,'2022-10-21 15:31:24','2022-10-21 15:31:24',NULL),(144,NULL,2022,0,1,'Hijo Menor 18 años',118741.97,1,'2022-10-21 15:31:24','2022-10-21 15:31:24',NULL),(145,NULL,2022,0,1,'Ganancia No Imponible',252564.84,1,'2022-10-21 15:31:24','2022-10-21 15:31:24',NULL),(146,NULL,2022,0,1,'Deducción Especial [Artículo 30, inciso c), Apartado 2]',1212311.24,1,'2022-10-21 15:31:24','2022-10-21 15:31:24',NULL),(147,NULL,2022,0,1,'Deducción Especial [Artículo 30, inciso c), Apartado 1]',505129.68,1,'2022-10-21 15:31:24','2022-10-21 15:31:24',NULL),(148,NULL,2022,0,1,'Deducción Especial [Artículo 30, inciso c), Apartado 1 “nuevos profesionales/emprendedores”]',631412.10,1,'2022-10-21 15:31:24','2022-10-21 15:31:24',NULL),(149,NULL,2022,0,1,'Hijo Incapacitado',237483.94,1,'2022-10-21 15:31:24','2022-10-21 15:31:24',NULL),(150,NULL,2021,1,0,'Alquileres',167678.40,1,NULL,NULL,NULL),(151,NULL,2023,1,0,'Primas de seguro para el caso de muerte',24000.00,1,'2022-12-28 17:49:40','2022-12-28 17:49:40',NULL),(152,NULL,2023,1,0,'Aportes a Obras Sociales',0.00,1,'2022-12-28 17:49:40','2022-12-28 17:49:40',NULL),(153,NULL,2023,1,0,'Aportes obligatorios a Fondos de jubilaciones, retiros, pensiones o subsidios a cajas nacionales, provinciales o municipales- incluidas las Cajas de Previsión para Profesionales.',0.00,1,'2022-12-28 17:49:40','2022-12-28 17:49:40',NULL),(154,NULL,2023,1,0,'Gastos de Sepelio',996.23,1,'2022-12-28 17:49:40','2022-12-28 17:49:40',NULL),(155,NULL,2023,1,0,'Otras deducciones del Anexo III de la RG 2437: Aportes para fondos de Jubilación, Retiros, Pensiones o Subsidios destinados al ANSES',0.00,1,'2022-12-28 17:49:40','2022-12-28 17:49:40',NULL);
INSERT INTO `ganan_deducciones` VALUES (156,NULL,2023,1,0,'Aportes a Cajas Provinciales o Municipales o de Previsión para Profesionales',0.00,1,'2022-12-28 17:49:40','2022-12-28 17:49:40',NULL),(157,NULL,2023,1,0,'Pagos Régimen Nacional de Trabajadores Autónomos',0.00,1,'2022-12-28 17:49:40','2022-12-28 17:49:40',NULL),(158,NULL,2023,1,0,'Aportes a Cajas Complementarias de Previsión',0.00,1,'2022-12-28 17:49:40','2022-12-28 17:49:40',NULL),(159,NULL,2023,1,0,'Aportes a Fondos Compensadores de Previsión',0.00,1,'2022-12-28 17:49:40','2022-12-28 17:49:40',NULL),(160,NULL,2023,1,0,'Intereses Crédito Hipotecario',20000.00,1,'2022-12-28 17:49:40','2022-12-28 17:49:40',NULL),(161,NULL,2023,1,0,'Servicio Doméstico',451686.96,1,'2022-12-28 17:49:40','2022-12-28 17:49:40',NULL),(162,NULL,2023,1,0,'Donaciones',0.00,1,'2022-12-28 17:49:40','2022-12-28 17:49:40',NULL),(163,NULL,2023,1,0,'Cuota médico asistencial abonado por usted y por sus familiares a cargo',0.00,1,'2022-12-28 17:49:40','2022-12-28 17:49:40',NULL),(164,NULL,2023,1,0,'Honorarios Correspondientes a los Servicios de asistencia Sanitaria, Médica y Paramédica',0.00,1,'2022-12-28 17:49:40','2022-12-28 17:49:40',NULL),(165,NULL,2023,1,0,'Alquileres',451686.96,1,'2022-12-28 17:49:40','2022-12-28 17:49:40',NULL),(166,NULL,2023,0,1,'Ganancia No Imponible',451686.96,1,'2022-12-28 17:49:40','2022-12-28 17:49:40',NULL),(167,NULL,2023,0,1,'Conyuge',421091.75,1,'2022-12-28 17:49:40','2022-12-28 17:49:40',NULL),(168,NULL,2023,0,1,'Hijo Menor 18 años',212358.14,1,'2022-12-28 17:49:40','2022-12-28 17:49:40',NULL),(169,NULL,2023,0,1,'Hijo Incapacitado',424716.28,1,'2022-12-28 17:49:40','2022-12-28 17:49:40',NULL),(170,NULL,2023,0,1,'Deducción Especial [Artículo 30, inciso c), Apartado 1]',1580904.36,1,'2022-12-28 17:49:40','2022-12-28 17:49:40',NULL),(171,NULL,2023,0,1,'Deducción Especial [Artículo 30, inciso c), Apartado 1 “nuevos profesionales/emprendedores”]',1806747.84,1,'2022-12-28 17:49:40','2022-12-28 17:49:40',NULL),(172,NULL,2023,0,1,'Deducción Especial [Artículo 30, inciso c), Apartado 2]',2168097.42,1,'2022-12-28 17:49:40','2022-12-28 17:49:40',NULL);

--
-- Table structure for table `ganan_tipos_op`
--

CREATE TABLE `ganan_tipos_op` (
  `id` int(10) unsigned NOT NULL AUTO_INCREMENT,
  `user_id` int(10) unsigned DEFAULT NULL,
  `nombre` varchar(191) COLLATE utf8mb4_unicode_ci NOT NULL,
  `status` tinyint(1) NOT NULL DEFAULT '1',
  `created_at` timestamp NULL DEFAULT NULL,
  `updated_at` timestamp NULL DEFAULT NULL,
  `deleted_at` timestamp NULL DEFAULT NULL,
  PRIMARY KEY (`id`)
) ENGINE=InnoDB AUTO_INCREMENT=3 DEFAULT CHARSET=utf8mb4 COLLATE=utf8mb4_unicode_ci;

--
-- Dumping data for table `ganan_tipos_op`
--

INSERT INTO `ganan_tipos_op` VALUES (1,NULL,'Gravado',1,'2019-11-15 13:24:28','2019-11-15 13:24:28',NULL),(2,NULL,'Exento',1,'2019-11-15 13:24:28','2019-11-15 13:24:28',NULL);

--
-- Table structure for table `iibb_perceptions`
--

CREATE TABLE `iibb_perceptions` (
  `id` int(10) unsigned NOT NULL AUTO_INCREMENT,
  `user_id` int(10) unsigned DEFAULT NULL,
  `created_at` timestamp NULL DEFAULT NULL,
  `updated_at` timestamp NULL DEFAULT NULL,
  `name` varchar(255) COLLATE utf8mb4_unicode_ci NOT NULL,
  `code` varchar(255) COLLATE utf8mb4_unicode_ci NOT NULL,
  PRIMARY KEY (`id`)
) ENGINE=InnoDB AUTO_INCREMENT=10 DEFAULT CHARSET=utf8mb4 COLLATE=utf8mb4_unicode_ci;

--
-- Dumping data for table `iibb_perceptions`
--

INSERT INTO `iibb_perceptions` VALUES (1,NULL,NULL,NULL,'IIBB CABA','IIBBCABA'),(2,NULL,NULL,NULL,'IIBB Bs. As.','IIBBBSAS'),(3,NULL,NULL,NULL,'Percepcion IIBB Tucuman','IIBBTucuman'),(4,NULL,NULL,NULL,'Perc IIBB Misiones','IIBBMisiones'),(5,NULL,NULL,NULL,'Perc IIBB Cordoba','IIBBCba'),(6,NULL,NULL,NULL,'Pec IIBB La Pampa','IIBB La Pampa'),(7,NULL,NULL,NULL,'Perc IIBB Rio Negro','IIBB Rio Negro'),(8,NULL,NULL,NULL,'Perc IIBB Corrientes','IIIBB Corrientes'),(9,NULL,NULL,NULL,'Perc IIBB Santiago del Estero','IIBBSantiago');

--
-- Table structure for table `inv_combos`
--

CREATE TABLE `inv_combos` (
  `id` bigint(20) unsigned NOT NULL AUTO_INCREMENT,
  `inv_product_combo_id` bigint(20) unsigned NOT NULL,
  `inv_product_id` bigint(20) unsigned NOT NULL,
  `cantidades` int(11) NOT NULL,
  `codigo_interno` varchar(191) COLLATE utf8mb4_unicode_ci NOT NULL,
  `descripcion` varchar(191) COLLATE utf8mb4_unicode_ci NOT NULL,
  `created_at` timestamp NULL DEFAULT NULL,
  `updated_at` timestamp NULL DEFAULT NULL,
  `deleted_at` timestamp NULL DEFAULT NULL,
  PRIMARY KEY (`id`),
  KEY `inv_combos_inv_product_combo_id_foreign` (`inv_product_combo_id`),
  KEY `inv_combos_inv_product_id_foreign` (`inv_product_id`),
  CONSTRAINT `inv_combos_inv_product_combo_id_foreign` FOREIGN KEY (`inv_product_combo_id`) REFERENCES `inv_productos` (`id`),
  CONSTRAINT `inv_combos_inv_product_id_foreign` FOREIGN KEY (`inv_product_id`) REFERENCES `inv_productos` (`id`)
) ENGINE=InnoDB DEFAULT CHARSET=utf8mb4 COLLATE=utf8mb4_unicode_ci;

--
