-- Table structure for table `cta_cte_tesoreria_banco_cheq`
--

CREATE TABLE `cta_cte_tesoreria_banco_cheq` (
  `id` int(10) unsigned NOT NULL AUTO_INCREMENT,
  `user_id` int(10) unsigned DEFAULT NULL,
  `person_id` int(10) unsigned NOT NULL,
  `cta_cte_tesoreria_cuenta_id` int(10) unsigned NOT NULL,
  `cta_cte_tesoreria_banco_id` int(10) unsigned NOT NULL,
  `chequera_tipo_id` int(10) unsigned NOT NULL,
  `serie` text COLLATE utf8mb4_unicode_ci,
  `numero_cheque` int(11) DEFAULT NULL,
  `habilitado` tinyint(1) NOT NULL DEFAULT '1',
  `created_at` timestamp NULL DEFAULT NULL,
  `updated_at` timestamp NULL DEFAULT NULL,
  `deleted_at` timestamp NULL DEFAULT NULL,
  PRIMARY KEY (`id`),
  KEY `cta_cte_tesoreria_banco_cheq_person_id_foreign` (`person_id`),
  KEY `cta_cte_tesoreria_banco_cheq_cta_cte_tesoreria_cuenta_id_foreign` (`cta_cte_tesoreria_cuenta_id`),
  KEY `cta_cte_tesoreria_banco_cheq_cta_cte_tesoreria_banco_id_foreign` (`cta_cte_tesoreria_banco_id`),
  KEY `cta_cte_tesoreria_banco_cheq_chequera_tipo_id_foreign` (`chequera_tipo_id`),
  CONSTRAINT `cta_cte_tesoreria_banco_cheq_chequera_tipo_id_foreign` FOREIGN KEY (`chequera_tipo_id`) REFERENCES `chequeras_tipos` (`id`),
  CONSTRAINT `cta_cte_tesoreria_banco_cheq_cta_cte_tesoreria_banco_id_foreign` FOREIGN KEY (`cta_cte_tesoreria_banco_id`) REFERENCES `cta_cte_tesoreria_bancos` (`id`),
  CONSTRAINT `cta_cte_tesoreria_banco_cheq_cta_cte_tesoreria_cuenta_id_foreign` FOREIGN KEY (`cta_cte_tesoreria_cuenta_id`) REFERENCES `cta_cte_tesoreria_cuentas` (`id`),
  CONSTRAINT `cta_cte_tesoreria_banco_cheq_person_id_foreign` FOREIGN KEY (`person_id`) REFERENCES `persons` (`id`)
) ENGINE=InnoDB DEFAULT CHARSET=utf8mb4 COLLATE=utf8mb4_unicode_ci;

--
-- Dumping data for table `cta_cte_tesoreria_banco_cheq`
--


--
-- Table structure for table `cta_cte_tesoreria_banco_claves`
--

CREATE TABLE `cta_cte_tesoreria_banco_claves` (
  `id` int(10) unsigned NOT NULL AUTO_INCREMENT,
  `user_id` int(10) unsigned DEFAULT NULL,
  `person_id` int(10) unsigned NOT NULL,
  `cta_cte_tesoreria_cuenta_id` int(10) unsigned NOT NULL,
  `cta_cte_tesoreria_banco_id` int(10) unsigned NOT NULL,
  `descripcion_name` text COLLATE utf8mb4_unicode_ci,
  `descripcion` longtext COLLATE utf8mb4_unicode_ci,
  `created_at` timestamp NULL DEFAULT NULL,
  `updated_at` timestamp NULL DEFAULT NULL,
  `deleted_at` timestamp NULL DEFAULT NULL,
  PRIMARY KEY (`id`),
  KEY `cta_cte_tesoreria_banco_claves_person_id_foreign` (`person_id`),
  KEY `ct_cuenta_id` (`cta_cte_tesoreria_cuenta_id`),
  KEY `ct_banco_id` (`cta_cte_tesoreria_banco_id`),
  CONSTRAINT `ct_banco_id` FOREIGN KEY (`cta_cte_tesoreria_banco_id`) REFERENCES `cta_cte_tesoreria_bancos` (`id`),
  CONSTRAINT `ct_cuenta_id` FOREIGN KEY (`cta_cte_tesoreria_cuenta_id`) REFERENCES `cta_cte_tesoreria_cuentas` (`id`),
  CONSTRAINT `cta_cte_tesoreria_banco_claves_person_id_foreign` FOREIGN KEY (`person_id`) REFERENCES `persons` (`id`)
) ENGINE=InnoDB DEFAULT CHARSET=utf8mb4 COLLATE=utf8mb4_unicode_ci;

--
-- Dumping data for table `cta_cte_tesoreria_banco_claves`
--


--
-- Table structure for table `cta_cte_tesoreria_banco_comentarios`
--

CREATE TABLE `cta_cte_tesoreria_banco_comentarios` (
  `id` int(10) unsigned NOT NULL AUTO_INCREMENT,
  `user_id` int(10) unsigned DEFAULT NULL,
  `person_id` int(10) unsigned NOT NULL,
  `cta_cte_tesoreria_cuenta_id` int(10) unsigned NOT NULL,
  `cta_cte_tesoreria_banco_id` int(10) unsigned NOT NULL,
  `fecha` datetime NOT NULL,
  `descripcion` longtext COLLATE utf8mb4_unicode_ci NOT NULL,
  `created_at` timestamp NULL DEFAULT NULL,
  `updated_at` timestamp NULL DEFAULT NULL,
  `deleted_at` timestamp NULL DEFAULT NULL,
  PRIMARY KEY (`id`),
  KEY `cta_cte_tesoreria_banco_comentarios_person_id_foreign` (`person_id`),
  KEY `ct_cuentas_id` (`cta_cte_tesoreria_cuenta_id`),
  KEY `ct_bancos_id` (`cta_cte_tesoreria_banco_id`),
  CONSTRAINT `ct_bancos_id` FOREIGN KEY (`cta_cte_tesoreria_banco_id`) REFERENCES `cta_cte_tesoreria_bancos` (`id`),
  CONSTRAINT `ct_cuentas_id` FOREIGN KEY (`cta_cte_tesoreria_cuenta_id`) REFERENCES `cta_cte_tesoreria_cuentas` (`id`),
  CONSTRAINT `cta_cte_tesoreria_banco_comentarios_person_id_foreign` FOREIGN KEY (`person_id`) REFERENCES `persons` (`id`)
) ENGINE=InnoDB DEFAULT CHARSET=utf8mb4 COLLATE=utf8mb4_unicode_ci;

--
-- Dumping data for table `cta_cte_tesoreria_banco_comentarios`
--


--
-- Table structure for table `cta_cte_tesoreria_banco_estados`
--

CREATE TABLE `cta_cte_tesoreria_banco_estados` (
  `id` int(10) unsigned NOT NULL AUTO_INCREMENT,
  `user_id` int(10) unsigned DEFAULT NULL,
  `descripcion` text COLLATE utf8mb4_unicode_ci NOT NULL,
  `habilitado` tinyint(1) NOT NULL,
  `created_at` timestamp NULL DEFAULT NULL,
  `updated_at` timestamp NULL DEFAULT NULL,
  `deleted_at` timestamp NULL DEFAULT NULL,
  PRIMARY KEY (`id`)
) ENGINE=InnoDB AUTO_INCREMENT=6 DEFAULT CHARSET=utf8mb4 COLLATE=utf8mb4_unicode_ci;

--
-- Dumping data for table `cta_cte_tesoreria_banco_estados`
--

INSERT INTO `cta_cte_tesoreria_banco_estados` VALUES (1,NULL,'Habilitado',0,NULL,NULL,NULL),(2,NULL,'En Proceso',0,NULL,NULL,NULL),(3,NULL,'Bloqueado',0,NULL,NULL,NULL),(4,NULL,'Reconocimiento',0,NULL,NULL,NULL),(5,NULL,'Inhabilitado',0,NULL,NULL,NULL);

--
-- Table structure for table `cta_cte_tesoreria_bancos`
--

CREATE TABLE `cta_cte_tesoreria_bancos` (
  `id` int(10) unsigned NOT NULL AUTO_INCREMENT,
  `user_id` int(10) unsigned DEFAULT NULL,
  `person_id` int(10) unsigned NOT NULL,
  `cta_cte_tesoreria_cuenta_id` int(10) unsigned NOT NULL,
  `ctacte_banco_id` int(10) unsigned NOT NULL,
  `persona_empresa` int(11) NOT NULL DEFAULT '1',
  `zone_id` int(10) unsigned NOT NULL,
  `cuenta_contable_id` int(10) unsigned NOT NULL,
  `cuenta_contable_id_diferido` int(10) unsigned DEFAULT NULL,
  `cuenta_contable_id_pend_acred` int(10) unsigned DEFAULT NULL,
  `numero_cuenta` text COLLATE utf8mb4_unicode_ci,
  `cbu` text COLLATE utf8mb4_unicode_ci,
  `alias` text COLLATE utf8mb4_unicode_ci,
  `cta_cte_tesoreria_banco_estado_id` int(10) unsigned DEFAULT NULL,
  `person_id_relationed` int(10) unsigned DEFAULT NULL,
  `habilitado` tinyint(1) NOT NULL DEFAULT '1',
  `created_at` timestamp NULL DEFAULT NULL,
  `updated_at` timestamp NULL DEFAULT NULL,
  `deleted_at` timestamp NULL DEFAULT NULL,
  PRIMARY KEY (`id`),
  KEY `cta_cte_tesoreria_bancos_person_id_foreign` (`person_id`),
  KEY `cta_cte_tesoreria_bancos_cta_cte_tesoreria_cuenta_id_foreign` (`cta_cte_tesoreria_cuenta_id`),
  KEY `cta_cte_tesoreria_bancos_ctacte_banco_id_foreign` (`ctacte_banco_id`),
  KEY `cta_cte_tesoreria_bancos_zone_id_foreign` (`zone_id`),
  KEY `cta_cte_tesoreria_bancos_cuenta_contable_id_foreign` (`cuenta_contable_id`),
  KEY `cta_cte_tesoreria_bancos_cuenta_contable_id_diferido_foreign` (`cuenta_contable_id_diferido`),
  KEY `cta_cte_tesoreria_bancos_cuenta_contable_id_pend_acred_foreign` (`cuenta_contable_id_pend_acred`),
  KEY `cta_cte_tesoreria_bancos_person_id_relationed_foreign` (`person_id_relationed`),
  KEY `ct_banco_estado_id` (`cta_cte_tesoreria_banco_estado_id`),
  CONSTRAINT `ct_banco_estado_id` FOREIGN KEY (`cta_cte_tesoreria_banco_estado_id`) REFERENCES `cta_cte_tesoreria_banco_estados` (`id`),
  CONSTRAINT `cta_cte_tesoreria_bancos_cta_cte_tesoreria_cuenta_id_foreign` FOREIGN KEY (`cta_cte_tesoreria_cuenta_id`) REFERENCES `cta_cte_tesoreria_cuentas` (`id`),
  CONSTRAINT `cta_cte_tesoreria_bancos_ctacte_banco_id_foreign` FOREIGN KEY (`ctacte_banco_id`) REFERENCES `ctacte_bancos` (`id`),
  CONSTRAINT `cta_cte_tesoreria_bancos_cuenta_contable_id_diferido_foreign` FOREIGN KEY (`cuenta_contable_id_diferido`) REFERENCES `conta_plan_cuenta` (`id`),
  CONSTRAINT `cta_cte_tesoreria_bancos_cuenta_contable_id_foreign` FOREIGN KEY (`cuenta_contable_id`) REFERENCES `conta_plan_cuenta` (`id`),
  CONSTRAINT `cta_cte_tesoreria_bancos_cuenta_contable_id_pend_acred_foreign` FOREIGN KEY (`cuenta_contable_id_pend_acred`) REFERENCES `conta_plan_cuenta` (`id`),
  CONSTRAINT `cta_cte_tesoreria_bancos_person_id_foreign` FOREIGN KEY (`person_id`) REFERENCES `persons` (`id`),
  CONSTRAINT `cta_cte_tesoreria_bancos_person_id_relationed_foreign` FOREIGN KEY (`person_id_relationed`) REFERENCES `persons` (`id`),
  CONSTRAINT `cta_cte_tesoreria_bancos_zone_id_foreign` FOREIGN KEY (`zone_id`) REFERENCES `zones` (`id`)
) ENGINE=InnoDB DEFAULT CHARSET=utf8mb4 COLLATE=utf8mb4_unicode_ci;

--
-- Dumping data for table `cta_cte_tesoreria_bancos`
--


--
-- Table structure for table `cta_cte_tesoreria_cuenta_tipos`
--

CREATE TABLE `cta_cte_tesoreria_cuenta_tipos` (
  `id` int(10) unsigned NOT NULL AUTO_INCREMENT,
  `user_id` int(10) unsigned DEFAULT NULL,
  `descripcion` text COLLATE utf8mb4_unicode_ci NOT NULL,
  `habilitado` tinyint(1) NOT NULL DEFAULT '1',
  `created_at` timestamp NULL DEFAULT NULL,
  `updated_at` timestamp NULL DEFAULT NULL,
  `deleted_at` timestamp NULL DEFAULT NULL,
  PRIMARY KEY (`id`)
) ENGINE=InnoDB AUTO_INCREMENT=11 DEFAULT CHARSET=utf8mb4 COLLATE=utf8mb4_unicode_ci;

--
-- Dumping data for table `cta_cte_tesoreria_cuenta_tipos`
--

INSERT INTO `cta_cte_tesoreria_cuenta_tipos` VALUES (1,NULL,'CAJA',1,NULL,NULL,NULL),(2,NULL,'BANCOS',1,NULL,NULL,NULL),(3,NULL,'CHEQUES',1,NULL,NULL,NULL),(4,NULL,'RETENCIONES EFECTUADAS',1,NULL,'2024-05-26 20:59:00',NULL),(5,NULL,'PERCEPCIONES EFECTUADAS',1,NULL,'2024-05-26 20:59:00',NULL),(6,NULL,'RESULTADO NEGATIVO',1,NULL,NULL,NULL),(7,NULL,'RESULTADO POSITIVO',1,NULL,NULL,NULL),(8,NULL,'MOVIMIENTO',1,NULL,NULL,NULL),(9,NULL,'RETENCIONES SUFRIDAS',1,NULL,NULL,NULL),(10,NULL,'PERCEPCIONES SUFRIDAS',1,NULL,NULL,NULL);

--
-- Table structure for table `cta_cte_tesoreria_cuentas`
--

CREATE TABLE `cta_cte_tesoreria_cuentas` (
  `id` int(10) unsigned NOT NULL AUTO_INCREMENT,
  `bind_apibank_enabled` tinyint(1) NOT NULL DEFAULT '0' COMMENT 'Tiene Bind APIBank habilitado?',
  `bind_account_id` varchar(50) COLLATE utf8mb4_unicode_ci DEFAULT NULL COMMENT 'ID de cuenta en Bind APIBank (obtenido al configurar)',
  `user_id` int(10) unsigned DEFAULT NULL,
  `is_no_fiscal` tinyint(1) DEFAULT '0',
  `moneda_id` int(10) unsigned NOT NULL DEFAULT '1',
  `plan_cuenta_id` int(10) unsigned NOT NULL,
  `person_id` int(10) unsigned DEFAULT NULL,
  `cta_cte_tesoreria_cuenta_tipo_id` int(10) unsigned NOT NULL DEFAULT '8',
  `retention_type_id` int(10) unsigned DEFAULT NULL,
  `nombre` varchar(191) COLLATE utf8mb4_unicode_ci NOT NULL,
  `cuit` text COLLATE utf8mb4_unicode_ci,
  `cheque3ros` tinyint(1) NOT NULL DEFAULT '0',
  `cheque_emitidos` tinyint(1) NOT NULL DEFAULT '0',
  `tes_cta_cte` tinyint(1) NOT NULL DEFAULT '0',
  `tes_cuenta_origen` tinyint(1) NOT NULL DEFAULT '0',
  `tes_cuenta_destino` tinyint(1) NOT NULL DEFAULT '0',
  `conta_asientos` tinyint(1) NOT NULL DEFAULT '0',
  `habilitado` tinyint(1) NOT NULL DEFAULT '1',
  `created_at` timestamp NULL DEFAULT NULL,
  `updated_at` timestamp NULL DEFAULT NULL,
  `deleted_at` timestamp NULL DEFAULT NULL,
  PRIMARY KEY (`id`),
  KEY `cta_cte_tesoreria_cuentas_person_id_foreign` (`person_id`),
  KEY `cta_cte_tesoreria_cuentas_plan_cuenta_id_foreign` (`plan_cuenta_id`),
  KEY `cta_tes_tipo_id_foreign` (`cta_cte_tesoreria_cuenta_tipo_id`),
  KEY `cta_cte_tesoreria_cuentas_moneda_id_foreign` (`moneda_id`),
  KEY `cta_cte_tesoreria_cuentas_retention_type_id_foreign` (`retention_type_id`),
  KEY `idx_cctc_bind_apibank_enabled` (`bind_apibank_enabled`),
  KEY `idx_cctc_bind_account_id` (`bind_account_id`),
  CONSTRAINT `cta_cte_tesoreria_cuentas_moneda_id_foreign` FOREIGN KEY (`moneda_id`) REFERENCES `monedas` (`id`),
  CONSTRAINT `cta_cte_tesoreria_cuentas_person_id_foreign` FOREIGN KEY (`person_id`) REFERENCES `persons` (`id`),
  CONSTRAINT `cta_cte_tesoreria_cuentas_plan_cuenta_id_foreign` FOREIGN KEY (`plan_cuenta_id`) REFERENCES `conta_plan_cuenta` (`id`),
  CONSTRAINT `cta_cte_tesoreria_cuentas_retention_type_id_foreign` FOREIGN KEY (`retention_type_id`) REFERENCES `retention_types` (`id`),
  CONSTRAINT `cta_tes_tipo_id_foreign` FOREIGN KEY (`cta_cte_tesoreria_cuenta_tipo_id`) REFERENCES `cta_cte_tesoreria_cuenta_tipos` (`id`)
) ENGINE=InnoDB AUTO_INCREMENT=758 DEFAULT CHARSET=utf8mb4 COLLATE=utf8mb4_unicode_ci;

--
-- Dumping data for table `cta_cte_tesoreria_cuentas`
--

INSERT INTO `cta_cte_tesoreria_cuentas` VALUES (13,0,NULL,NULL,0,1,13,NULL,8,NULL,'Clientes - Deudores',NULL,0,0,0,0,0,0,1,'2019-10-19 02:10:24','2019-10-19 02:10:24',NULL),(20,0,NULL,NULL,0,1,20,NULL,8,NULL,'Anticipos Impuesto a las Ganancias',NULL,0,0,0,0,1,0,1,'2019-10-19 02:10:24','2019-10-19 02:10:24',NULL),(23,0,NULL,NULL,0,1,23,NULL,4,NULL,'Retenciones Impuesto a las Ganancias',NULL,0,0,1,0,0,0,1,'2019-10-19 02:10:24','2023-03-27 00:08:35',NULL),(25,0,NULL,NULL,0,1,25,NULL,4,NULL,'Retenciones de IVA',NULL,0,0,1,0,0,0,1,'2019-10-19 02:10:24','2023-03-27 00:08:35',NULL),(57,0,NULL,NULL,0,1,57,NULL,8,NULL,'Proveedores en Cta. Cte. locales',NULL,0,0,0,0,0,0,1,'2019-10-19 02:10:24','2019-10-19 02:10:24',NULL),(60,0,NULL,NULL,0,1,60,NULL,3,NULL,'Cheques emitidos ',NULL,0,1,1,1,1,0,1,'2019-10-19 02:10:24','2023-03-27 00:08:35',NULL),(62,0,NULL,NULL,0,1,62,NULL,8,NULL,'Sueldos y Jornales a pagar',NULL,0,0,0,0,1,0,1,'2019-10-19 02:10:24','2019-10-19 02:10:24',NULL),(140,0,NULL,NULL,0,1,140,NULL,6,NULL,'Intereses y Gastos bancarios',NULL,0,0,0,0,1,0,1,'2019-10-19 02:10:24','2023-03-27 00:08:35',NULL),(162,0,NULL,NULL,0,1,162,NULL,4,NULL,'Retenciones SUSS',NULL,0,0,1,0,0,0,1,'2019-10-19 02:10:24','2023-03-27 00:08:35',NULL),(176,0,NULL,NULL,0,1,176,NULL,3,NULL,'Cheques en Cartera',NULL,1,0,1,1,1,0,1,'2019-10-19 02:10:24','2023-03-27 00:08:35',NULL),(201,0,NULL,NULL,0,1,201,NULL,6,NULL,'Monotributo',NULL,0,0,0,0,1,0,1,'2019-10-19 02:10:24','2023-03-27 00:08:35',NULL),(203,0,NULL,NULL,0,1,203,NULL,6,NULL,'Autonomos',NULL,0,0,0,0,1,0,1,'2019-10-19 02:10:24','2023-03-27 00:08:35',NULL),(219,0,NULL,NULL,0,1,219,NULL,8,NULL,'Pagos AFIP',NULL,0,0,0,0,1,0,1,'2019-10-19 02:10:24','2019-10-19 02:10:24',NULL),(251,0,NULL,NULL,0,1,251,NULL,4,NULL,'Retenciones de IIBB Buenos Aires',NULL,0,0,1,0,0,0,1,'2019-10-19 02:10:24','2023-03-27 00:08:35',NULL),(252,0,NULL,NULL,0,1,252,NULL,4,NULL,'Retenciones de IIBB Capital Federal',NULL,0,0,1,0,0,0,1,'2019-10-19 02:10:24','2023-03-27 00:08:35',NULL),(253,0,NULL,NULL,0,1,253,NULL,4,NULL,'Retenciones de IIBB Catamarca',NULL,0,0,1,0,0,0,1,'2019-10-19 02:10:24','2023-03-27 00:08:35',NULL),(254,0,NULL,NULL,0,1,254,NULL,4,NULL,'Retenciones de IIBB Chaco',NULL,0,0,1,0,0,0,1,'2019-10-19 02:10:24','2023-03-27 00:08:35',NULL),(255,0,NULL,NULL,0,1,255,NULL,4,NULL,'Retenciones de IIBB Chubut',NULL,0,0,1,0,0,0,1,'2019-10-19 02:10:24','2023-03-27 00:08:35',NULL),(256,0,NULL,NULL,0,1,256,NULL,4,NULL,'Retenciones de IIBB Córdoba',NULL,0,0,1,0,0,0,1,'2019-10-19 02:10:24','2023-03-27 00:08:35',NULL),(257,0,NULL,NULL,0,1,257,NULL,4,NULL,'Retenciones de IIBB Corrientes',NULL,0,0,1,0,0,0,1,'2019-10-19 02:10:24','2023-03-27 00:08:35',NULL),(258,0,NULL,NULL,0,1,258,NULL,4,NULL,'Retenciones de IIBB Entre Ríos',NULL,0,0,1,0,0,0,1,'2019-10-19 02:10:24','2023-03-27 00:08:35',NULL),(259,0,NULL,NULL,0,1,259,NULL,4,NULL,'Retenciones de IIBB Formosa',NULL,0,0,1,0,0,0,1,'2019-10-19 02:10:24','2023-03-27 00:08:35',NULL),(260,0,NULL,NULL,0,1,260,NULL,4,NULL,'Retenciones de IIBB Jujuy',NULL,0,0,1,0,0,0,1,'2019-10-19 02:10:24','2023-03-27 00:08:35',NULL),(261,0,NULL,NULL,0,1,261,NULL,4,NULL,'Retenciones de IIBB La Pampa',NULL,0,0,1,0,0,0,1,'2019-10-19 02:10:24','2023-03-27 00:08:35',NULL),(262,0,NULL,NULL,0,1,262,NULL,4,NULL,'Retenciones de IIBB La Rioja',NULL,0,0,1,0,0,0,1,'2019-10-19 02:10:24','2023-03-27 00:08:35',NULL),(263,0,NULL,NULL,0,1,263,NULL,4,NULL,'Retenciones de IIBB Mendoza',NULL,0,0,1,0,0,0,1,'2019-10-19 02:10:24','2023-03-27 00:08:35',NULL),(264,0,NULL,NULL,0,1,264,NULL,4,NULL,'Retenciones de IIBB Misiones',NULL,0,0,1,0,0,0,1,'2019-10-19 02:10:24','2023-03-27 00:08:35',NULL),(265,0,NULL,NULL,0,1,265,NULL,4,NULL,'Retenciones de IIBB Neuquén',NULL,0,0,1,0,0,0,1,'2019-10-19 02:10:24','2023-03-27 00:08:35',NULL),(266,0,NULL,NULL,0,1,266,NULL,4,NULL,'Retenciones de IIBB Pascua Lama',NULL,0,0,1,0,0,0,1,'2019-10-19 02:10:24','2023-03-27 00:08:35',NULL);
INSERT INTO `cta_cte_tesoreria_cuentas` VALUES (267,0,NULL,NULL,0,1,267,NULL,4,NULL,'Retenciones de IIBB Río Negro',NULL,0,0,1,0,0,0,1,'2019-10-19 02:10:24','2023-03-27 00:08:35',NULL),(268,0,NULL,NULL,0,1,268,NULL,4,NULL,'Retenciones de IIBB Salta',NULL,0,0,1,0,0,0,1,'2019-10-19 02:10:24','2023-03-27 00:08:35',NULL),(269,0,NULL,NULL,0,1,269,NULL,4,NULL,'Retenciones de IIBB San Juan',NULL,0,0,1,0,0,0,1,'2019-10-19 02:10:24','2023-03-27 00:08:35',NULL),(270,0,NULL,NULL,0,1,270,NULL,4,NULL,'Retenciones de IIBB San Luis',NULL,0,0,1,0,0,0,1,'2019-10-19 02:10:24','2023-03-27 00:08:35',NULL),(271,0,NULL,NULL,0,1,271,NULL,4,NULL,'Retenciones de IIBB Santa Cruz',NULL,0,0,1,0,0,0,1,'2019-10-19 02:10:24','2023-03-27 00:08:35',NULL),(272,0,NULL,NULL,0,1,272,NULL,4,NULL,'Retenciones de IIBB Santa Fe',NULL,0,0,1,0,0,0,1,'2019-10-19 02:10:24','2023-03-27 00:08:35',NULL),(273,0,NULL,NULL,0,1,273,NULL,4,NULL,'Retenciones de IIBB Santiago del Estero',NULL,0,0,1,0,0,0,1,'2019-10-19 02:10:24','2023-03-27 00:08:35',NULL),(274,0,NULL,NULL,0,1,274,NULL,4,NULL,'Retenciones de IIBB Tierra del Fuego',NULL,0,0,1,0,0,0,1,'2019-10-19 02:10:24','2023-03-27 00:08:35',NULL),(275,0,NULL,NULL,0,1,275,NULL,4,NULL,'Retenciones de IIBB Tucuman',NULL,0,0,1,0,0,0,1,'2019-10-19 02:10:24','2023-03-27 00:08:36',NULL),(351,0,NULL,NULL,0,1,351,NULL,8,NULL,'BANCO SIRCREB',NULL,0,0,0,0,1,0,1,'2019-10-19 02:10:24','2019-10-19 02:10:24',NULL),(359,0,NULL,NULL,0,1,359,NULL,8,NULL,'Caja en Pesos',NULL,0,0,1,1,1,0,1,'2019-10-19 02:10:24','2023-03-20 23:14:20','2023-03-20 23:14:20'),(360,0,NULL,NULL,0,1,360,NULL,8,NULL,'Retenciones Bancarias de Ganancias a Favor',NULL,0,0,0,0,1,0,1,'2019-10-19 02:10:24','2019-10-19 02:10:24',NULL),(364,0,NULL,NULL,0,1,364,NULL,8,NULL,'Anticipo de Clientes',NULL,0,0,0,0,1,0,1,'2019-10-19 02:10:24','2019-10-19 02:10:24',NULL),(384,0,NULL,NULL,0,1,384,NULL,8,NULL,'Caja en Dolares',NULL,0,0,1,1,1,0,1,'2019-10-19 02:10:24','2023-03-20 23:14:20','2023-03-20 23:14:20'),(409,0,NULL,NULL,0,1,409,NULL,6,NULL,'IVA Crédito Fiscal No computable',NULL,0,0,0,0,1,0,1,'2019-10-19 02:10:24','2023-03-27 00:08:36',NULL),(418,0,NULL,NULL,0,1,418,NULL,8,NULL,'Deudas Bancarias',NULL,0,0,0,1,1,0,1,'2019-10-19 02:10:24','2019-10-19 02:10:24',NULL),(433,0,NULL,NULL,0,1,433,NULL,8,NULL,'Préstamo',NULL,0,0,0,1,1,0,1,'2019-10-19 02:10:24','2019-10-19 02:10:24',NULL),(441,0,NULL,NULL,0,1,441,NULL,8,NULL,'Leasing',NULL,0,0,0,1,1,0,1,'2019-10-19 02:10:24','2019-10-19 02:10:24',NULL),(448,0,NULL,NULL,0,1,448,NULL,8,NULL,'Planes de Pagos AFIP',NULL,0,0,0,1,1,0,1,'2019-10-19 02:10:24','2019-10-19 02:10:24',NULL),(450,0,NULL,NULL,0,1,450,NULL,3,NULL,'Cheques Rechazados',NULL,0,0,0,0,1,0,1,'2019-10-19 02:10:24','2023-03-27 00:08:36',NULL),(467,0,NULL,NULL,0,1,467,NULL,6,NULL,'Interés',NULL,0,0,0,0,1,0,1,'2019-10-19 02:10:24','2023-03-27 00:08:36',NULL),(468,0,NULL,NULL,0,1,14,NULL,8,NULL,'Deudores por ventas comunes',NULL,0,0,0,0,0,1,1,'2020-02-06 17:23:07','2023-03-27 00:08:36',NULL),(469,0,NULL,NULL,0,1,15,NULL,8,NULL,'Deudores por ventas morosos',NULL,0,0,0,0,0,1,1,'2020-02-06 17:23:07','2023-03-27 00:08:36',NULL),(470,0,NULL,NULL,0,1,16,NULL,8,NULL,'Deudores en gestión judicial',NULL,0,0,0,0,0,1,1,'2020-02-06 17:23:07','2023-03-27 00:08:36',NULL),(471,0,NULL,NULL,0,1,17,NULL,8,NULL,'Previsión deudores incobrables',NULL,0,0,0,0,0,1,1,'2020-02-06 17:23:07','2023-03-27 00:08:36',NULL),(472,0,NULL,NULL,0,1,22,NULL,8,NULL,'Anticipo Impto.Ganancia Mínima Presunta',NULL,0,0,0,0,0,1,1,'2020-02-06 17:23:07','2023-03-27 00:08:36',NULL),(473,0,NULL,NULL,0,1,24,NULL,4,NULL,'Impuesto a las Ganancias (Saldo a favor)',NULL,0,0,0,0,0,1,0,'2020-02-06 17:23:07','2023-06-02 07:54:54',NULL),(474,0,NULL,NULL,0,1,27,NULL,8,NULL,'Anticipos de proveedores',NULL,0,0,0,0,0,1,1,'2020-02-06 17:23:07','2023-03-27 00:08:36',NULL),(475,0,NULL,NULL,0,1,28,NULL,8,NULL,'Depósito en garantía alquileres',NULL,0,0,0,0,0,1,1,'2020-02-06 17:23:07','2023-03-27 00:08:36',NULL);
INSERT INTO `cta_cte_tesoreria_cuentas` VALUES (476,0,NULL,NULL,0,1,29,NULL,8,NULL,'Derechos adquiridos a devengar',NULL,0,0,0,0,0,1,1,'2020-02-06 17:23:07','2023-03-27 00:08:36',NULL),(477,0,NULL,NULL,0,1,30,NULL,8,NULL,'Intereses a devengar',NULL,0,0,0,0,0,1,1,'2020-02-06 17:23:07','2023-03-27 00:08:36',NULL),(478,0,NULL,NULL,0,1,31,NULL,8,NULL,'Cuentas a rendir - Directores',NULL,0,0,0,0,0,1,1,'2020-02-06 17:23:07','2023-03-27 00:08:36',NULL),(479,0,NULL,NULL,0,1,32,NULL,8,NULL,'Alquileres no devengados',NULL,0,0,0,0,0,1,1,'2020-02-06 17:23:07','2023-03-27 00:08:36',NULL),(480,0,NULL,NULL,0,1,38,NULL,8,NULL,'Equipos de computación valores históricos',NULL,0,0,0,0,0,1,1,'2020-02-06 17:23:07','2023-03-27 00:08:36',NULL),(481,0,NULL,NULL,0,1,39,NULL,8,NULL,'Equipos de computación ajuste',NULL,0,0,0,0,0,1,1,'2020-02-06 17:23:07','2023-03-27 00:08:36',NULL),(482,0,NULL,NULL,0,1,40,NULL,8,NULL,'Amortización Acumulada Equipos de comput.',NULL,0,0,0,0,0,1,1,'2020-02-06 17:23:07','2023-03-27 00:08:36',NULL),(483,0,NULL,NULL,0,1,42,NULL,8,NULL,'Instalaciones valores históricos',NULL,0,0,0,0,0,1,1,'2020-02-06 17:23:07','2023-03-27 00:08:36',NULL),(484,0,NULL,NULL,0,1,43,NULL,8,NULL,'Instalaciones ajuste',NULL,0,0,0,0,0,1,1,'2020-02-06 17:23:07','2023-03-27 00:08:36',NULL),(485,0,NULL,NULL,0,1,44,NULL,8,NULL,'Amortización Acumulada Instalaciones',NULL,0,0,0,0,0,1,1,'2020-02-06 17:23:07','2023-03-27 00:08:36',NULL),(486,0,NULL,NULL,0,1,46,NULL,8,NULL,'Muebles y utiles valores históricos',NULL,0,0,0,0,0,1,1,'2020-02-06 17:23:07','2023-03-27 00:08:36',NULL),(487,0,NULL,NULL,0,1,47,NULL,8,NULL,'Muebles y utiles ajuste',NULL,0,0,0,0,0,1,1,'2020-02-06 17:23:07','2023-03-27 00:08:36',NULL),(488,0,NULL,NULL,0,1,48,NULL,8,NULL,'Amortización Acumulada Muebles y Útiles',NULL,0,0,0,0,0,1,1,'2020-02-06 17:23:07','2023-03-27 00:08:36',NULL),(489,0,NULL,NULL,0,1,50,NULL,8,NULL,'Gastos de organización valores historicos',NULL,0,0,0,0,0,1,1,'2020-02-06 17:23:07','2023-03-27 00:08:36',NULL),(490,0,NULL,NULL,0,1,51,NULL,8,NULL,'Gastos de organización ajuste',NULL,0,0,0,0,0,1,1,'2020-02-06 17:23:07','2023-03-27 00:08:36',NULL),(491,0,NULL,NULL,0,1,52,NULL,8,NULL,'Amortización acumulada gs. de organización',NULL,0,0,0,0,0,1,1,'2020-02-06 17:23:07','2023-03-27 00:08:36',NULL),(492,0,NULL,NULL,0,1,58,NULL,8,NULL,'Proveedores en cta. cte. exterior',NULL,0,0,0,0,0,1,1,'2020-02-06 17:23:07','2023-03-27 00:08:36',NULL),(493,0,NULL,NULL,0,1,59,NULL,8,NULL,'Derechos de exhibición a devengar',NULL,0,0,0,0,0,1,1,'2020-02-06 17:23:07','2023-03-27 00:08:36',NULL),(494,0,NULL,NULL,0,1,63,NULL,8,NULL,'Cargas sociales a pagar',NULL,0,0,0,0,0,1,1,'2020-02-06 17:23:07','2023-03-27 00:08:36',NULL),(495,0,NULL,NULL,0,1,64,NULL,8,NULL,'Sindicatos a Pagar',NULL,0,0,0,0,0,1,1,'2020-02-06 17:23:07','2023-03-27 00:08:36',NULL),(496,0,NULL,NULL,0,1,67,NULL,8,NULL,'IVA Debito Fiscal',NULL,0,0,0,0,0,1,1,'2020-02-06 17:23:07','2023-03-27 00:08:36',NULL),(497,0,NULL,NULL,0,1,68,NULL,8,NULL,'IVA Credito Fiscal',NULL,0,0,0,0,0,1,1,'2020-02-06 17:23:07','2023-03-27 00:08:36',NULL),(498,0,NULL,NULL,0,1,69,NULL,8,NULL,'Impuestos Internos',NULL,0,0,0,0,0,1,1,'2020-02-06 17:23:07','2023-03-27 00:08:36',NULL),(499,0,NULL,NULL,0,1,70,NULL,8,NULL,'Impuestos al Combustible',NULL,0,0,0,0,0,1,1,'2020-02-06 17:23:07','2023-03-27 00:08:36',NULL),(500,0,NULL,NULL,0,1,71,NULL,8,NULL,'IVA Retenciones de terceros',NULL,0,0,0,0,0,1,1,'2020-02-06 17:23:07','2023-03-27 00:08:36',NULL),(501,0,NULL,NULL,0,1,72,NULL,5,NULL,'IVA Percepciones realiz.por terceros',NULL,0,0,0,0,0,1,1,'2020-02-06 17:23:07','2023-03-27 00:08:36',NULL),(502,0,NULL,NULL,0,1,73,NULL,8,NULL,'IVA Saldo a favor',NULL,0,0,0,0,0,1,1,'2020-02-06 17:23:07','2023-03-27 00:08:36',NULL),(503,0,NULL,NULL,0,1,74,NULL,8,NULL,'IVA a pagar',NULL,0,0,0,0,0,1,1,'2020-02-06 17:23:07','2023-03-27 00:08:36',NULL),(504,0,NULL,NULL,0,1,75,NULL,5,NULL,'Percepciones Ingresos Brutos',NULL,0,0,0,0,0,1,1,'2020-02-06 17:23:07','2023-03-27 00:08:36',NULL);
INSERT INTO `cta_cte_tesoreria_cuentas` VALUES (505,0,NULL,NULL,0,1,76,NULL,8,NULL,'Otros Pagos AFIP',NULL,0,0,0,0,0,1,1,'2020-02-06 17:23:07','2023-03-27 00:08:36',NULL),(506,0,NULL,NULL,0,1,78,NULL,8,NULL,'Impuesto a los Ingresos Brutos Pasivo',NULL,0,0,0,0,0,1,1,'2020-02-06 17:23:07','2023-03-27 00:08:36',NULL),(507,0,NULL,NULL,0,1,79,NULL,8,NULL,'Impuesto a las Ganancias',NULL,0,0,0,0,0,1,1,'2020-02-06 17:23:07','2023-03-27 00:08:36',NULL),(508,0,NULL,NULL,0,1,80,NULL,8,NULL,'Impuesto a la Ganancia Mínima Presunta',NULL,0,0,0,0,0,1,1,'2020-02-06 17:23:07','2023-03-27 00:08:36',NULL),(509,0,NULL,NULL,0,1,81,NULL,8,NULL,'AFIP - Retenciones Impuesto a las Ganancias',NULL,0,0,0,0,0,1,1,'2020-02-06 17:23:07','2023-03-27 00:08:36',NULL),(510,0,NULL,NULL,0,1,82,NULL,8,NULL,'AFIP - Plan de Facilidades Decreto 338/02',NULL,0,0,0,0,0,1,1,'2020-02-06 17:23:07','2023-03-27 00:08:36',NULL),(511,0,NULL,NULL,0,1,87,NULL,8,NULL,'Acciones en circulación',NULL,0,0,0,0,0,1,1,'2020-02-06 17:23:07','2023-03-27 00:08:36',NULL),(512,0,NULL,NULL,0,1,88,NULL,8,NULL,'Ajuste del Capital',NULL,0,0,0,0,0,1,1,'2020-02-06 17:23:07','2023-03-27 00:08:36',NULL),(513,0,NULL,NULL,0,1,89,NULL,8,NULL,'Aportes Irrevocables Futuras Suscripciones',NULL,0,0,0,0,0,1,1,'2020-02-06 17:23:07','2023-03-27 00:08:36',NULL),(514,0,NULL,NULL,0,1,91,NULL,8,NULL,'Resultado del ejercicio',NULL,0,0,0,0,0,1,1,'2020-02-06 17:23:07','2023-03-27 00:08:36',NULL),(515,0,NULL,NULL,0,1,92,NULL,8,NULL,'Resultado ejercicios anteriores',NULL,0,0,0,0,0,1,1,'2020-02-06 17:23:07','2023-03-27 00:08:36',NULL),(516,0,NULL,NULL,0,1,93,NULL,8,NULL,'A.R.E.A.',NULL,0,0,0,0,0,1,1,'2020-02-06 17:23:07','2023-03-27 00:08:36',NULL),(517,0,NULL,NULL,0,1,96,NULL,7,NULL,'VENTAS',NULL,0,0,0,0,1,1,1,'2020-02-06 17:23:07','2023-03-27 00:08:36',NULL),(518,0,NULL,NULL,0,1,97,NULL,7,NULL,'Honorarios',NULL,0,0,0,0,1,1,1,'2020-02-06 17:23:07','2023-03-27 00:08:36',NULL),(519,0,NULL,NULL,0,1,99,NULL,7,NULL,'Descuentos obtenidos',NULL,0,0,0,0,1,1,1,'2020-02-06 17:23:07','2023-03-27 00:08:36',NULL),(520,0,NULL,NULL,0,1,100,NULL,7,NULL,'Reintegros por exportaciones',NULL,0,0,0,0,1,1,1,'2020-02-06 17:23:07','2023-03-27 00:08:36',NULL),(521,0,NULL,NULL,0,1,102,NULL,7,NULL,'Intereses Cobrados',NULL,0,0,0,0,1,1,1,'2020-02-06 17:23:07','2023-03-27 00:08:36',NULL),(522,0,NULL,NULL,0,1,103,NULL,7,NULL,'Diferencias de cambio',NULL,0,0,0,0,1,1,1,'2020-02-06 17:23:07','2023-03-27 00:08:36',NULL),(523,0,NULL,NULL,0,1,104,NULL,7,NULL,'Descuentos obtenidos',NULL,0,0,0,0,1,1,1,'2020-02-06 17:23:07','2023-03-27 00:08:36',NULL),(524,0,NULL,NULL,0,1,110,NULL,6,NULL,'Sueldos',NULL,0,0,0,0,0,1,1,'2020-02-06 17:23:07','2023-03-27 00:08:36',NULL),(525,0,NULL,NULL,0,1,111,NULL,6,NULL,'Contribuciones',NULL,0,0,0,0,0,1,1,'2020-02-06 17:23:07','2023-03-27 00:08:36',NULL),(526,0,NULL,NULL,0,1,112,NULL,6,NULL,'Sindicato',NULL,0,0,0,0,0,1,1,'2020-02-06 17:23:07','2023-03-27 00:08:36',NULL),(527,0,NULL,NULL,0,1,114,NULL,8,NULL,'ACA',NULL,0,0,0,0,0,1,1,'2020-02-06 17:23:07','2023-03-27 00:08:36',NULL),(528,0,NULL,NULL,0,1,115,NULL,6,NULL,'Aereos',NULL,0,0,0,0,0,1,1,'2020-02-06 17:23:07','2023-03-27 00:08:36',NULL),(529,0,NULL,NULL,0,1,116,NULL,6,NULL,'Alquiler',NULL,0,0,0,0,0,1,1,'2020-02-06 17:23:07','2023-03-27 00:08:36',NULL),(530,0,NULL,NULL,0,1,117,NULL,8,NULL,'AGUA AYSA',NULL,0,0,0,0,0,1,1,'2020-02-06 17:23:07','2023-03-27 00:08:36',NULL),(531,0,NULL,NULL,0,1,118,NULL,8,NULL,'TV Cablevision',NULL,0,0,0,0,0,1,1,'2020-02-06 17:23:07','2023-03-27 00:08:36',NULL),(532,0,NULL,NULL,0,1,119,NULL,1,NULL,'Caja Jubilacion Consejo',NULL,0,0,0,0,0,1,1,'2020-02-06 17:23:07','2023-03-27 00:08:36',NULL),(533,0,NULL,NULL,0,1,120,NULL,6,NULL,'Celulares',NULL,0,0,0,0,0,1,1,'2020-02-06 17:23:07','2023-03-27 00:08:36',NULL),(534,0,NULL,NULL,0,1,121,NULL,3,NULL,'Cheques',NULL,0,0,0,0,0,1,1,'2020-02-06 17:23:07','2023-03-27 00:08:36',NULL),(535,0,NULL,NULL,0,1,123,NULL,8,NULL,'Comida',NULL,0,0,0,0,0,1,1,'2020-02-06 17:23:07','2023-03-27 00:08:36',NULL);
INSERT INTO `cta_cte_tesoreria_cuentas` VALUES (536,0,NULL,NULL,0,1,126,NULL,6,NULL,'Fletes y acarreos',NULL,0,0,0,0,0,1,1,'2020-02-06 17:23:07','2023-03-27 00:08:36',NULL),(537,0,NULL,NULL,0,1,127,NULL,8,NULL,'Luz Edesur',NULL,0,0,0,0,0,1,1,'2020-02-06 17:23:07','2023-03-27 00:08:36',NULL),(538,0,NULL,NULL,0,1,128,NULL,6,NULL,'Movilidad y Viáticos',NULL,0,0,0,0,0,1,1,'2020-02-06 17:23:07','2023-03-27 00:08:36',NULL),(539,0,NULL,NULL,0,1,129,NULL,8,NULL,'Mantenimiento',NULL,0,0,0,0,0,1,1,'2020-02-06 17:23:07','2023-03-27 00:08:36',NULL),(540,0,NULL,NULL,0,1,130,NULL,8,NULL,'IVA No Computable',NULL,0,0,0,0,0,1,1,'2020-02-06 17:23:07','2023-03-27 00:08:36',NULL),(541,0,NULL,NULL,0,1,131,NULL,8,NULL,'Entretenimiento',NULL,0,0,0,0,0,1,1,'2020-02-06 17:23:07','2023-03-27 00:08:36',NULL),(542,0,NULL,NULL,0,1,132,NULL,6,NULL,'Amortización Bienes de Uso',NULL,0,0,0,0,0,1,1,'2020-02-06 17:23:07','2023-03-27 00:08:36',NULL),(543,0,NULL,NULL,0,1,135,NULL,6,NULL,'Gastos varios',NULL,0,0,0,0,0,1,1,'2020-02-06 17:23:07','2023-03-27 00:08:36',NULL),(544,0,NULL,NULL,0,1,136,NULL,6,NULL,'Ajuste por redondeo',NULL,0,0,0,0,0,1,1,'2020-02-06 17:23:07','2023-03-27 00:08:36',NULL),(545,0,NULL,NULL,0,1,137,NULL,6,NULL,'Deudores Incobrables',NULL,0,0,0,0,0,1,1,'2020-02-06 17:23:07','2023-03-27 00:08:36',NULL),(546,0,NULL,NULL,0,1,141,NULL,6,NULL,'Intereses Proveedores',NULL,0,0,0,0,0,1,1,'2020-02-06 17:23:07','2023-03-27 00:08:36',NULL),(547,0,NULL,NULL,0,1,143,NULL,6,NULL,'Diferencias de cambio',NULL,0,0,0,0,0,1,1,'2020-02-06 17:23:07','2023-03-27 00:08:36',NULL),(548,0,NULL,NULL,0,1,144,NULL,8,NULL,'Diferencia de Cambio Bces. en M.Extranjera',NULL,0,0,0,0,0,1,1,'2020-02-06 17:23:07','2023-03-27 00:08:36',NULL),(549,0,NULL,NULL,0,1,145,NULL,6,NULL,'Diferencia tipo cambio Vendedor/Comprador',NULL,0,0,0,0,0,1,1,'2020-02-06 17:23:07','2023-03-27 00:08:36',NULL),(550,0,NULL,NULL,0,1,146,NULL,8,NULL,'Diferencia por conversion en Bce. en Mon. Extranj.',NULL,0,0,0,0,0,1,1,'2020-02-06 17:23:07','2023-03-27 00:08:36',NULL),(551,0,NULL,NULL,0,1,147,NULL,8,NULL,'Diferencia de cambio CMV',NULL,0,0,0,0,0,1,1,'2020-02-06 17:23:07','2023-03-27 00:08:36',NULL),(552,0,NULL,NULL,0,1,148,NULL,8,NULL,'Diferencia de cambio PT',NULL,0,0,0,0,0,1,1,'2020-02-06 17:23:07','2023-03-27 00:08:36',NULL),(553,0,NULL,NULL,0,1,149,NULL,8,NULL,'Resultado por Exposición a la Inflación',NULL,0,0,0,0,0,1,1,'2020-02-06 17:23:07','2023-03-27 00:08:36',NULL),(554,0,NULL,NULL,0,1,150,NULL,8,NULL,'Diferencia de cambio PE',NULL,0,0,0,0,0,1,1,'2020-02-06 17:23:07','2023-03-27 00:08:36',NULL),(555,0,NULL,NULL,0,1,151,NULL,8,NULL,'Diferencia de cambio Ds.Vtas.',NULL,0,0,0,0,0,1,1,'2020-02-06 17:23:07','2023-03-27 00:08:36',NULL),(556,0,NULL,NULL,0,1,152,NULL,6,NULL,'Diferencia de cambio ME',NULL,0,0,0,0,0,1,1,'2020-02-06 17:23:07','2023-03-27 00:08:36',NULL),(557,0,NULL,NULL,0,1,153,NULL,6,NULL,'Descuentos otorgados',NULL,0,0,0,0,0,1,1,'2020-02-06 17:23:07','2023-03-27 00:08:36',NULL),(558,0,NULL,NULL,0,1,155,NULL,6,NULL,'Impuesto a las Ganancias',NULL,0,0,0,0,0,1,1,'2020-02-06 17:23:07','2023-03-27 00:08:36',NULL),(559,0,NULL,NULL,0,1,156,NULL,6,NULL,'Impuesto a los Ingresos Brutos',NULL,0,0,0,0,0,1,1,'2020-02-06 17:23:07','2023-03-27 00:08:36',NULL),(560,0,NULL,NULL,0,1,157,NULL,6,NULL,'Impuesto al Debito y Credito Bancario',NULL,0,0,0,0,0,1,1,'2020-02-06 17:23:07','2023-03-27 00:08:36',NULL),(561,0,NULL,NULL,0,1,159,NULL,6,NULL,'Pérdida por venta bienes de uso',NULL,0,0,0,0,0,1,1,'2020-02-06 17:23:07','2023-03-27 00:08:36',NULL),(562,0,NULL,NULL,0,1,160,NULL,6,NULL,'Inversiones',NULL,0,0,0,0,0,1,1,'2020-02-06 17:23:07','2023-03-27 00:08:36',NULL),(563,0,NULL,NULL,0,1,161,NULL,6,NULL,'Amortizaciones extraordinarias',NULL,0,0,0,0,0,1,1,'2020-02-06 17:23:07','2023-03-27 00:08:36',NULL),(564,0,NULL,NULL,0,1,178,NULL,8,NULL,'Google',NULL,0,0,0,0,0,1,1,'2020-02-06 17:23:07','2023-03-27 00:08:36',NULL),(565,0,NULL,NULL,0,1,188,NULL,6,NULL,'Publicidad',NULL,0,0,0,0,0,1,1,'2020-02-06 17:23:07','2023-03-27 00:08:36',NULL);
INSERT INTO `cta_cte_tesoreria_cuentas` VALUES (566,0,NULL,NULL,0,1,191,NULL,6,NULL,'Cargas Sociales',NULL,0,0,0,0,0,1,1,'2020-02-06 17:23:07','2023-03-27 00:08:36',NULL),(567,0,NULL,NULL,0,1,192,NULL,6,NULL,'Honorarios',NULL,0,0,0,0,0,1,1,'2020-02-06 17:23:07','2023-03-27 00:08:36',NULL),(568,0,NULL,NULL,0,1,193,NULL,6,NULL,'Telefono Fijo',NULL,0,0,0,0,0,1,1,'2020-02-06 17:23:07','2023-03-27 00:08:36',NULL),(569,0,NULL,NULL,0,1,198,NULL,6,NULL,'Seguros',NULL,0,0,0,0,0,1,1,'2020-02-06 17:23:07','2023-03-27 00:08:36',NULL),(570,0,NULL,NULL,0,1,199,NULL,6,NULL,'Internet',NULL,0,0,0,0,0,1,1,'2020-02-06 17:23:07','2023-03-27 00:08:36',NULL),(571,0,NULL,NULL,0,1,204,NULL,6,NULL,'Multas Impositivas',NULL,0,0,0,0,0,1,1,'2020-02-06 17:23:07','2023-03-27 00:08:36',NULL),(572,0,NULL,NULL,0,1,208,NULL,6,NULL,'Impuesto a los Ingresos Brutos - BS AS',NULL,0,0,0,0,0,1,1,'2020-02-06 17:23:07','2023-03-27 00:08:36',NULL),(573,0,NULL,NULL,0,1,209,NULL,6,NULL,'SIRCREB',NULL,0,0,0,0,0,1,1,'2020-02-06 17:23:07','2023-03-27 00:08:36',NULL),(574,0,NULL,NULL,0,1,212,NULL,6,NULL,'Tarjeta Visa',NULL,0,0,0,0,0,1,1,'2020-02-06 17:23:07','2023-03-27 00:08:36',NULL),(575,0,NULL,NULL,0,1,213,NULL,6,NULL,'Tarjeta American Express',NULL,0,0,0,0,0,1,1,'2020-02-06 17:23:07','2023-03-27 00:08:36',NULL),(576,0,NULL,NULL,0,1,214,NULL,6,NULL,'Tarjeta Mastercard',NULL,0,0,0,0,0,1,1,'2020-02-06 17:23:07','2023-03-27 00:08:36',NULL),(577,0,NULL,NULL,0,1,215,NULL,8,NULL,'Tarjeta Shopping',NULL,0,0,0,0,0,1,1,'2020-02-06 17:23:07','2023-03-27 00:08:36',NULL),(578,0,NULL,NULL,0,1,216,NULL,6,NULL,'Tarjeta Cencosud',NULL,0,0,0,0,0,1,1,'2020-02-06 17:23:07','2023-03-27 00:08:36',NULL),(579,0,NULL,NULL,0,1,217,NULL,6,NULL,'Compras',NULL,0,0,0,0,0,1,1,'2020-02-06 17:23:07','2023-03-27 00:08:36',NULL),(580,0,NULL,NULL,0,1,218,NULL,7,NULL,'Ventas No Gravadas',NULL,0,0,0,0,1,1,1,'2020-02-06 17:23:07','2023-03-27 00:08:36',NULL),(581,0,NULL,NULL,0,1,220,NULL,5,NULL,'Perc IVA -RG3337',NULL,0,0,0,0,0,1,0,'2020-02-06 17:23:07','2023-06-02 07:54:54',NULL),(582,0,NULL,NULL,0,1,221,NULL,6,NULL,'Imps. Internos',NULL,0,0,0,0,0,1,1,'2020-02-06 17:23:07','2023-03-27 00:08:36',NULL),(583,0,NULL,NULL,0,1,222,NULL,6,NULL,'Imp. Gasoil',NULL,0,0,0,0,0,1,1,'2020-02-06 17:23:07','2023-03-27 00:08:36',NULL),(584,0,NULL,NULL,0,1,223,NULL,6,NULL,'Imp. Hídricos',NULL,0,0,0,0,0,1,1,'2020-02-06 17:23:07','2023-03-27 00:08:36',NULL),(585,0,NULL,NULL,0,1,224,NULL,6,NULL,'ITC',NULL,0,0,0,0,0,1,1,'2020-02-06 17:23:07','2023-03-27 00:08:36',NULL),(586,0,NULL,NULL,0,1,225,NULL,5,NULL,'Perc IIBB  Buenos Aires',NULL,0,0,0,0,0,1,1,'2020-02-06 17:23:07','2023-03-27 00:08:36',NULL),(587,0,NULL,NULL,0,1,226,NULL,5,NULL,'Perc IIBB  Capital Federal',NULL,0,0,0,0,0,1,1,'2020-02-06 17:23:07','2023-03-27 00:08:36',NULL),(588,0,NULL,NULL,0,1,227,NULL,5,NULL,'Perc IIBB  Catamarca',NULL,0,0,0,0,0,1,1,'2020-02-06 17:23:07','2023-03-27 00:08:36',NULL),(589,0,NULL,NULL,0,1,228,NULL,5,NULL,'Perc IIBB  Chaco',NULL,0,0,0,0,0,1,1,'2020-02-06 17:23:07','2023-03-27 00:08:36',NULL),(590,0,NULL,NULL,0,1,229,NULL,5,NULL,'Perc IIBB  Chubut',NULL,0,0,0,0,0,1,1,'2020-02-06 17:23:07','2023-03-27 00:08:36',NULL),(591,0,NULL,NULL,0,1,230,NULL,5,NULL,'Perc IIBB  Córdoba',NULL,0,0,0,0,0,1,1,'2020-02-06 17:23:07','2023-03-27 00:08:36',NULL),(592,0,NULL,NULL,0,1,231,NULL,5,NULL,'Perc IIBB  Corrientes',NULL,0,0,0,0,0,1,1,'2020-02-06 17:23:07','2023-03-27 00:08:36',NULL),(593,0,NULL,NULL,0,1,232,NULL,5,NULL,'Perc IIBB  Entre Ríos',NULL,0,0,0,0,0,1,1,'2020-02-06 17:23:07','2023-03-27 00:08:36',NULL),(594,0,NULL,NULL,0,1,233,NULL,5,NULL,'Perc IIBB  Formosa',NULL,0,0,0,0,0,1,1,'2020-02-06 17:23:07','2023-03-27 00:08:36',NULL),(595,0,NULL,NULL,0,1,234,NULL,5,NULL,'Perc IIBB  Jujuy',NULL,0,0,0,0,0,1,1,'2020-02-06 17:23:07','2023-03-27 00:08:36',NULL),(596,0,NULL,NULL,0,1,235,NULL,5,NULL,'Perc IIBB  La Pampa',NULL,0,0,0,0,0,1,1,'2020-02-06 17:23:07','2023-03-27 00:08:36',NULL),(597,0,NULL,NULL,0,1,236,NULL,5,NULL,'Perc IIBB  La Rioja',NULL,0,0,0,0,0,1,1,'2020-02-06 17:23:07','2023-03-27 00:08:36',NULL);
INSERT INTO `cta_cte_tesoreria_cuentas` VALUES (598,0,NULL,NULL,0,1,237,NULL,5,NULL,'Perc IIBB  Mendoza',NULL,0,0,0,0,0,1,1,'2020-02-06 17:23:07','2023-03-27 00:08:36',NULL),(599,0,NULL,NULL,0,1,238,NULL,5,NULL,'Perc IIBB  Misiones',NULL,0,0,0,0,0,1,1,'2020-02-06 17:23:07','2023-03-27 00:08:36',NULL),(600,0,NULL,NULL,0,1,239,NULL,5,NULL,'Perc IIBB  Neuquén',NULL,0,0,0,0,0,1,1,'2020-02-06 17:23:07','2023-03-27 00:08:36',NULL),(601,0,NULL,NULL,0,1,240,NULL,5,NULL,'Perc IIBB  Pascua Lama',NULL,0,0,0,0,0,1,1,'2020-02-06 17:23:07','2023-03-27 00:08:36',NULL),(602,0,NULL,NULL,0,1,241,NULL,5,NULL,'Perc IIBB  Río Negro',NULL,0,0,0,0,0,1,1,'2020-02-06 17:23:07','2023-03-27 00:08:36',NULL),(603,0,NULL,NULL,0,1,242,NULL,5,NULL,'Perc IIBB  Salta',NULL,0,0,0,0,0,1,1,'2020-02-06 17:23:07','2023-03-27 00:08:36',NULL),(604,0,NULL,NULL,0,1,243,NULL,5,NULL,'Perc IIBB  San Juan',NULL,0,0,0,0,0,1,1,'2020-02-06 17:23:07','2023-03-27 00:08:36',NULL),(605,0,NULL,NULL,0,1,244,NULL,5,NULL,'Perc IIBB  San Luis',NULL,0,0,0,0,0,1,1,'2020-02-06 17:23:07','2023-03-27 00:08:36',NULL),(606,0,NULL,NULL,0,1,245,NULL,5,NULL,'Perc IIBB  Santa Cruz',NULL,0,0,0,0,0,1,1,'2020-02-06 17:23:07','2023-03-27 00:08:36',NULL),(607,0,NULL,NULL,0,1,246,NULL,5,NULL,'Perc IIBB  Santa Fe',NULL,0,0,0,0,0,1,1,'2020-02-06 17:23:07','2023-03-27 00:08:36',NULL),(608,0,NULL,NULL,0,1,247,NULL,5,NULL,'Perc IIBB  Santiago del Estero',NULL,0,0,0,0,0,1,1,'2020-02-06 17:23:07','2023-03-27 00:08:36',NULL),(609,0,NULL,NULL,0,1,248,NULL,5,NULL,'Perc IIBB  Tierra del Fuego',NULL,0,0,0,0,0,1,1,'2020-02-06 17:23:07','2023-03-27 00:08:36',NULL),(610,0,NULL,NULL,0,1,249,NULL,5,NULL,'Perc IIBB  Tucuman',NULL,0,0,0,0,0,1,1,'2020-02-06 17:23:07','2023-03-27 00:08:36',NULL),(611,0,NULL,NULL,0,1,250,NULL,6,NULL,'Compras No Gravadas',NULL,0,0,0,0,0,1,1,'2020-02-06 17:23:07','2023-03-27 00:08:36',NULL),(612,0,NULL,NULL,0,1,276,NULL,6,NULL,'SIRCREB Buenos Aires',NULL,0,0,0,0,0,1,1,'2020-02-06 17:23:07','2023-03-27 00:08:36',NULL),(613,0,NULL,NULL,0,1,277,NULL,6,NULL,'SIRCREB Capital Federal',NULL,0,0,0,0,0,1,1,'2020-02-06 17:23:07','2023-03-27 00:08:36',NULL),(614,0,NULL,NULL,0,1,278,NULL,6,NULL,'SIRCREB Catamarca',NULL,0,0,0,0,0,1,1,'2020-02-06 17:23:07','2023-03-27 00:08:36',NULL),(615,0,NULL,NULL,0,1,279,NULL,6,NULL,'SIRCREB Chaco',NULL,0,0,0,0,0,1,1,'2020-02-06 17:23:07','2023-03-27 00:08:36',NULL),(616,0,NULL,NULL,0,1,280,NULL,6,NULL,'SIRCREB Chubut',NULL,0,0,0,0,0,1,1,'2020-02-06 17:23:07','2023-03-27 00:08:36',NULL),(617,0,NULL,NULL,0,1,281,NULL,6,NULL,'SIRCREB Córdoba',NULL,0,0,0,0,0,1,1,'2020-02-06 17:23:07','2023-03-27 00:08:36',NULL),(618,0,NULL,NULL,0,1,282,NULL,6,NULL,'SIRCREB Corrientes',NULL,0,0,0,0,0,1,1,'2020-02-06 17:23:07','2023-03-27 00:08:36',NULL),(619,0,NULL,NULL,0,1,283,NULL,6,NULL,'SIRCREB Entre Ríos',NULL,0,0,0,0,0,1,1,'2020-02-06 17:23:07','2023-03-27 00:08:36',NULL),(620,0,NULL,NULL,0,1,284,NULL,6,NULL,'SIRCREB Formosa',NULL,0,0,0,0,0,1,1,'2020-02-06 17:23:07','2023-03-27 00:08:36',NULL),(621,0,NULL,NULL,0,1,285,NULL,6,NULL,'SIRCREB Jujuy',NULL,0,0,0,0,0,1,1,'2020-02-06 17:23:07','2023-03-27 00:08:36',NULL),(622,0,NULL,NULL,0,1,286,NULL,6,NULL,'SIRCREB La Pampa',NULL,0,0,0,0,0,1,1,'2020-02-06 17:23:07','2023-03-27 00:08:36',NULL),(623,0,NULL,NULL,0,1,287,NULL,6,NULL,'SIRCREB La Rioja',NULL,0,0,0,0,0,1,1,'2020-02-06 17:23:07','2023-03-27 00:08:36',NULL),(624,0,NULL,NULL,0,1,288,NULL,6,NULL,'SIRCREB Mendoza',NULL,0,0,0,0,0,1,1,'2020-02-06 17:23:07','2023-03-27 00:08:36',NULL),(625,0,NULL,NULL,0,1,289,NULL,6,NULL,'SIRCREB Misiones',NULL,0,0,0,0,0,1,1,'2020-02-06 17:23:07','2023-03-27 00:08:36',NULL),(626,0,NULL,NULL,0,1,290,NULL,6,NULL,'SIRCREB Neuquén',NULL,0,0,0,0,0,1,1,'2020-02-06 17:23:07','2023-03-27 00:08:36',NULL),(627,0,NULL,NULL,0,1,291,NULL,6,NULL,'SIRCREB Pascua Lama',NULL,0,0,0,0,0,1,1,'2020-02-06 17:23:07','2023-03-27 00:08:36',NULL),(628,0,NULL,NULL,0,1,292,NULL,6,NULL,'SIRCREB Río Negro',NULL,0,0,0,0,0,1,1,'2020-02-06 17:23:07','2023-03-27 00:08:36',NULL);
INSERT INTO `cta_cte_tesoreria_cuentas` VALUES (629,0,NULL,NULL,0,1,293,NULL,6,NULL,'SIRCREB Salta',NULL,0,0,0,0,0,1,1,'2020-02-06 17:23:07','2023-03-27 00:08:36',NULL),(630,0,NULL,NULL,0,1,294,NULL,6,NULL,'SIRCREB San Juan',NULL,0,0,0,0,0,1,1,'2020-02-06 17:23:07','2023-03-27 00:08:36',NULL),(631,0,NULL,NULL,0,1,295,NULL,6,NULL,'SIRCREB San Luis',NULL,0,0,0,0,0,1,1,'2020-02-06 17:23:07','2023-03-27 00:08:36',NULL),(632,0,NULL,NULL,0,1,296,NULL,6,NULL,'SIRCREB Santa Cruz',NULL,0,0,0,0,0,1,1,'2020-02-06 17:23:07','2023-03-27 00:08:36',NULL),(633,0,NULL,NULL,0,1,297,NULL,6,NULL,'SIRCREB Santa Fe',NULL,0,0,0,0,0,1,1,'2020-02-06 17:23:07','2023-03-27 00:08:36',NULL),(634,0,NULL,NULL,0,1,298,NULL,6,NULL,'SIRCREB Santiago del Estero',NULL,0,0,0,0,0,1,1,'2020-02-06 17:23:07','2023-03-27 00:08:36',NULL),(635,0,NULL,NULL,0,1,299,NULL,6,NULL,'SIRCREB Tierra del Fuego',NULL,0,0,0,0,0,1,1,'2020-02-06 17:23:07','2023-03-27 00:08:36',NULL),(636,0,NULL,NULL,0,1,300,NULL,6,NULL,'SIRCREB Tucuman',NULL,0,0,0,0,0,1,1,'2020-02-06 17:23:07','2023-03-27 00:08:36',NULL),(637,0,NULL,NULL,0,1,301,NULL,8,NULL,'IIBB a Favor Buenos Aires',NULL,0,0,0,0,0,1,1,'2020-02-06 17:23:07','2023-03-27 00:08:36',NULL),(638,0,NULL,NULL,0,1,302,NULL,8,NULL,'IIBB a Favor Capital Federal',NULL,0,0,0,0,0,1,1,'2020-02-06 17:23:07','2023-03-27 00:08:36',NULL),(639,0,NULL,NULL,0,1,303,NULL,8,NULL,'IIBB a Favor Catamarca',NULL,0,0,0,0,0,1,1,'2020-02-06 17:23:07','2023-03-27 00:08:36',NULL),(640,0,NULL,NULL,0,1,304,NULL,8,NULL,'IIBB a Favor Chaco',NULL,0,0,0,0,0,1,1,'2020-02-06 17:23:07','2023-03-27 00:08:36',NULL),(641,0,NULL,NULL,0,1,305,NULL,8,NULL,'IIBB a Favor Chubut',NULL,0,0,0,0,0,1,1,'2020-02-06 17:23:07','2023-03-27 00:08:36',NULL),(642,0,NULL,NULL,0,1,306,NULL,8,NULL,'IIBB a Favor Córdoba',NULL,0,0,0,0,0,1,1,'2020-02-06 17:23:07','2023-03-27 00:08:36',NULL),(643,0,NULL,NULL,0,1,307,NULL,8,NULL,'IIBB a Favor Corrientes',NULL,0,0,0,0,0,1,1,'2020-02-06 17:23:07','2023-03-27 00:08:36',NULL),(644,0,NULL,NULL,0,1,308,NULL,8,NULL,'IIBB a Favor Entre Ríos',NULL,0,0,0,0,0,1,1,'2020-02-06 17:23:07','2023-03-27 00:08:36',NULL),(645,0,NULL,NULL,0,1,309,NULL,8,NULL,'IIBB a Favor Formosa',NULL,0,0,0,0,0,1,1,'2020-02-06 17:23:07','2023-03-27 00:08:36',NULL),(646,0,NULL,NULL,0,1,310,NULL,8,NULL,'IIBB a Favor Jujuy',NULL,0,0,0,0,0,1,1,'2020-02-06 17:23:07','2023-03-27 00:08:36',NULL),(647,0,NULL,NULL,0,1,311,NULL,8,NULL,'IIBB a Favor La Pampa',NULL,0,0,0,0,0,1,1,'2020-02-06 17:23:07','2023-03-27 00:08:36',NULL),(648,0,NULL,NULL,0,1,312,NULL,8,NULL,'IIBB a Favor La Rioja',NULL,0,0,0,0,0,1,1,'2020-02-06 17:23:07','2023-03-27 00:08:36',NULL),(649,0,NULL,NULL,0,1,313,NULL,8,NULL,'IIBB a Favor Mendoza',NULL,0,0,0,0,0,1,1,'2020-02-06 17:23:07','2023-03-27 00:08:36',NULL),(650,0,NULL,NULL,0,1,314,NULL,8,NULL,'IIBB a Favor Misiones',NULL,0,0,0,0,0,1,1,'2020-02-06 17:23:08','2023-03-27 00:08:36',NULL),(651,0,NULL,NULL,0,1,315,NULL,8,NULL,'IIBB a Favor Neuquén',NULL,0,0,0,0,0,1,1,'2020-02-06 17:23:08','2023-03-27 00:08:36',NULL),(652,0,NULL,NULL,0,1,316,NULL,8,NULL,'IIBB a Favor Pascua Lama',NULL,0,0,0,0,0,1,1,'2020-02-06 17:23:08','2023-03-27 00:08:36',NULL),(653,0,NULL,NULL,0,1,317,NULL,8,NULL,'IIBB a Favor Río Negro',NULL,0,0,0,0,0,1,1,'2020-02-06 17:23:08','2023-03-27 00:08:36',NULL),(654,0,NULL,NULL,0,1,318,NULL,8,NULL,'IIBB a Favor Salta',NULL,0,0,0,0,0,1,1,'2020-02-06 17:23:08','2023-03-27 00:08:36',NULL),(655,0,NULL,NULL,0,1,319,NULL,8,NULL,'IIBB a Favor San Juan',NULL,0,0,0,0,0,1,1,'2020-02-06 17:23:08','2023-03-27 00:08:36',NULL),(656,0,NULL,NULL,0,1,320,NULL,8,NULL,'IIBB a Favor San Luis',NULL,0,0,0,0,0,1,1,'2020-02-06 17:23:08','2023-03-27 00:08:36',NULL),(657,0,NULL,NULL,0,1,321,NULL,8,NULL,'IIBB a Favor Santa Cruz',NULL,0,0,0,0,0,1,1,'2020-02-06 17:23:08','2023-03-27 00:08:36',NULL),(658,0,NULL,NULL,0,1,322,NULL,8,NULL,'IIBB a Favor Santa Fe',NULL,0,0,0,0,0,1,1,'2020-02-06 17:23:08','2023-03-27 00:08:36',NULL);
INSERT INTO `cta_cte_tesoreria_cuentas` VALUES (659,0,NULL,NULL,0,1,323,NULL,8,NULL,'IIBB a Favor Santiago del Estero',NULL,0,0,0,0,0,1,1,'2020-02-06 17:23:08','2023-03-27 00:08:36',NULL),(660,0,NULL,NULL,0,1,324,NULL,8,NULL,'IIBB a Favor Tierra del Fuego',NULL,0,0,0,0,0,1,1,'2020-02-06 17:23:08','2023-03-27 00:08:36',NULL),(661,0,NULL,NULL,0,1,325,NULL,8,NULL,'IIBB a Favor Tucuman',NULL,0,0,0,0,0,1,1,'2020-02-06 17:23:08','2023-03-27 00:08:36',NULL),(662,0,NULL,NULL,0,1,326,NULL,8,NULL,'IIBB a Pagar Buenos Aires',NULL,0,0,0,0,0,1,1,'2020-02-06 17:23:08','2023-03-27 00:08:36',NULL),(663,0,NULL,NULL,0,1,327,NULL,8,NULL,'IIBB a Pagar Capital Federal',NULL,0,0,0,0,0,1,1,'2020-02-06 17:23:08','2023-03-27 00:08:36',NULL),(664,0,NULL,NULL,0,1,328,NULL,8,NULL,'IIBB a Pagar Catamarca',NULL,0,0,0,0,0,1,1,'2020-02-06 17:23:08','2023-03-27 00:08:36',NULL),(665,0,NULL,NULL,0,1,329,NULL,8,NULL,'IIBB a Pagar Chaco',NULL,0,0,0,0,0,1,1,'2020-02-06 17:23:08','2023-03-27 00:08:36',NULL),(666,0,NULL,NULL,0,1,330,NULL,8,NULL,'IIBB a Pagar Chubut',NULL,0,0,0,0,0,1,1,'2020-02-06 17:23:08','2023-03-27 00:08:36',NULL),(667,0,NULL,NULL,0,1,331,NULL,8,NULL,'IIBB a Pagar Córdoba',NULL,0,0,0,0,0,1,1,'2020-02-06 17:23:08','2023-03-27 00:08:36',NULL),(668,0,NULL,NULL,0,1,332,NULL,8,NULL,'IIBB a Pagar Corrientes',NULL,0,0,0,0,0,1,1,'2020-02-06 17:23:08','2023-03-27 00:08:36',NULL),(669,0,NULL,NULL,0,1,333,NULL,8,NULL,'IIBB a Pagar Entre Ríos',NULL,0,0,0,0,0,1,1,'2020-02-06 17:23:08','2023-03-27 00:08:36',NULL),(670,0,NULL,NULL,0,1,334,NULL,8,NULL,'IIBB a Pagar Formosa',NULL,0,0,0,0,0,1,1,'2020-02-06 17:23:08','2023-03-27 00:08:36',NULL),(671,0,NULL,NULL,0,1,335,NULL,8,NULL,'IIBB a Pagar Jujuy',NULL,0,0,0,0,0,1,1,'2020-02-06 17:23:08','2023-03-27 00:08:36',NULL),(672,0,NULL,NULL,0,1,336,NULL,8,NULL,'IIBB a Pagar La Pampa',NULL,0,0,0,0,0,1,1,'2020-02-06 17:23:08','2023-03-27 00:08:36',NULL),(673,0,NULL,NULL,0,1,337,NULL,8,NULL,'IIBB a Pagar La Rioja',NULL,0,0,0,0,0,1,1,'2020-02-06 17:23:08','2023-03-27 00:08:36',NULL),(674,0,NULL,NULL,0,1,338,NULL,8,NULL,'IIBB a Pagar Mendoza',NULL,0,0,0,0,0,1,1,'2020-02-06 17:23:08','2023-03-27 00:08:36',NULL),(675,0,NULL,NULL,0,1,339,NULL,8,NULL,'IIBB a Pagar Misiones',NULL,0,0,0,0,0,1,1,'2020-02-06 17:23:08','2023-03-27 00:08:36',NULL),(676,0,NULL,NULL,0,1,340,NULL,8,NULL,'IIBB a Pagar Neuquén',NULL,0,0,0,0,0,1,1,'2020-02-06 17:23:08','2023-03-27 00:08:36',NULL),(677,0,NULL,NULL,0,1,341,NULL,8,NULL,'IIBB a Pagar Pascua Lama',NULL,0,0,0,0,0,1,1,'2020-02-06 17:23:08','2023-03-27 00:08:36',NULL),(678,0,NULL,NULL,0,1,342,NULL,8,NULL,'IIBB a Pagar Río Negro',NULL,0,0,0,0,0,1,1,'2020-02-06 17:23:08','2023-03-27 00:08:36',NULL),(679,0,NULL,NULL,0,1,343,NULL,8,NULL,'IIBB a Pagar Salta',NULL,0,0,0,0,0,1,1,'2020-02-06 17:23:08','2023-03-27 00:08:36',NULL),(680,0,NULL,NULL,0,1,344,NULL,8,NULL,'IIBB a Pagar San Juan',NULL,0,0,0,0,0,1,1,'2020-02-06 17:23:08','2023-03-27 00:08:36',NULL),(681,0,NULL,NULL,0,1,345,NULL,8,NULL,'IIBB a Pagar San Luis',NULL,0,0,0,0,0,1,1,'2020-02-06 17:23:08','2023-03-27 00:08:36',NULL),(682,0,NULL,NULL,0,1,346,NULL,8,NULL,'IIBB a Pagar Santa Cruz',NULL,0,0,0,0,0,1,1,'2020-02-06 17:23:08','2023-03-27 00:08:36',NULL),(683,0,NULL,NULL,0,1,347,NULL,8,NULL,'IIBB a Pagar Santa Fe',NULL,0,0,0,0,0,1,1,'2020-02-06 17:23:08','2023-03-27 00:08:36',NULL),(684,0,NULL,NULL,0,1,348,NULL,8,NULL,'IIBB a Pagar Santiago del Estero',NULL,0,0,0,0,0,1,1,'2020-02-06 17:23:08','2023-03-27 00:08:36',NULL),(685,0,NULL,NULL,0,1,349,NULL,8,NULL,'IIBB a Pagar Tierra del Fuego',NULL,0,0,0,0,0,1,1,'2020-02-06 17:23:08','2023-03-27 00:08:36',NULL),(686,0,NULL,NULL,0,1,350,NULL,8,NULL,'IIBB a Pagar Tucuman',NULL,0,0,0,0,0,1,1,'2020-02-06 17:23:08','2023-03-27 00:08:36',NULL),(687,0,NULL,NULL,0,1,352,NULL,8,NULL,'Compensacion',NULL,0,0,0,0,0,1,1,'2020-02-06 17:23:08','2023-03-27 00:08:36',NULL),(688,0,NULL,NULL,0,1,353,NULL,8,NULL,'IVA Saldo Tecnico',NULL,0,0,0,0,0,1,1,'2020-02-06 17:23:08','2023-03-27 00:08:36',NULL);
INSERT INTO `cta_cte_tesoreria_cuentas` VALUES (689,0,NULL,NULL,0,1,354,NULL,8,NULL,'IVA Saldo Libre Disponibilidad',NULL,0,0,0,0,0,1,1,'2020-02-06 17:23:08','2023-03-27 00:08:36',NULL),(690,0,NULL,NULL,0,1,361,NULL,8,NULL,'Equipos de Computación',NULL,0,0,0,0,0,1,1,'2020-02-06 17:23:08','2023-03-27 00:08:36',NULL),(691,0,NULL,NULL,0,1,362,NULL,8,NULL,'Computadoras',NULL,0,0,0,0,0,1,1,'2020-02-06 17:23:08','2023-03-27 00:08:36',NULL),(692,0,NULL,NULL,0,1,363,NULL,8,NULL,'Muebles y Utiles',NULL,0,0,0,0,0,1,1,'2020-02-06 17:23:08','2023-03-27 00:08:36',NULL),(693,0,NULL,NULL,0,1,365,NULL,8,NULL,'Provision Honorarios',NULL,0,0,0,0,0,1,1,'2020-02-06 17:23:08','2023-03-27 00:08:36',NULL),(694,0,NULL,NULL,0,1,366,NULL,8,NULL,'Cta. Cte Directores',NULL,0,0,0,0,0,1,1,'2020-02-06 17:23:08','2023-03-27 00:08:36',NULL),(695,0,NULL,NULL,0,1,367,NULL,8,NULL,'Provisión Honorarios Directores',NULL,0,0,0,0,0,1,1,'2020-02-06 17:23:08','2023-03-27 00:08:36',NULL),(696,0,NULL,NULL,0,1,368,NULL,8,NULL,'Cuenta Particular Socio 1',NULL,0,0,0,0,0,1,1,'2020-02-06 17:23:08','2023-03-27 00:08:36',NULL),(697,0,NULL,NULL,0,1,369,NULL,8,NULL,'Capital',NULL,0,0,0,0,0,1,1,'2020-02-06 17:23:08','2023-03-27 00:08:36',NULL),(698,0,NULL,NULL,0,1,380,NULL,8,NULL,'Instalaciones',NULL,0,0,0,0,0,1,1,'2020-02-06 17:23:08','2023-03-27 00:08:36',NULL),(699,0,NULL,NULL,0,1,381,NULL,8,NULL,'Reserva Legal',NULL,0,0,0,0,0,1,1,'2020-02-06 17:23:08','2023-03-27 00:08:36',NULL),(700,0,NULL,NULL,0,1,382,NULL,8,NULL,'Reserva Legal',NULL,0,0,0,0,0,1,1,'2020-02-06 17:23:08','2023-03-27 00:08:36',NULL),(701,0,NULL,NULL,0,1,383,NULL,8,NULL,'Resultado no asignado',NULL,0,0,0,0,0,1,1,'2020-02-06 17:23:08','2023-03-27 00:08:36',NULL),(702,0,NULL,NULL,0,1,386,NULL,8,NULL,'PLAZO FIJO',NULL,0,0,0,0,0,1,1,'2020-02-06 17:23:08','2023-03-27 00:08:36',NULL),(703,0,NULL,NULL,0,1,388,NULL,8,NULL,'ACCIONES',NULL,0,0,0,0,0,1,1,'2020-02-06 17:23:08','2023-03-27 00:08:36',NULL),(704,0,NULL,NULL,0,1,389,NULL,8,NULL,'Inmuebles',NULL,0,0,0,0,0,1,1,'2020-02-06 17:23:08','2023-03-27 00:08:36',NULL),(705,0,NULL,NULL,0,1,390,NULL,8,NULL,'Vehiculos',NULL,0,0,0,0,0,1,1,'2020-02-06 17:23:08','2023-03-27 00:08:37',NULL),(706,0,NULL,NULL,0,1,391,NULL,8,NULL,'Maquinarias',NULL,0,0,0,0,0,1,1,'2020-02-06 17:23:08','2023-03-27 00:08:37',NULL),(707,0,NULL,NULL,0,1,392,NULL,8,NULL,'MERCADERIAS',NULL,0,0,0,0,0,1,1,'2020-02-06 17:23:08','2023-03-27 00:08:37',NULL),(708,0,NULL,NULL,0,1,393,NULL,8,NULL,'OTROS',NULL,0,0,0,0,0,1,1,'2020-02-06 17:23:08','2023-03-27 00:08:37',NULL),(709,0,NULL,NULL,0,1,395,NULL,8,NULL,'Cuenta Particular Socio 2',NULL,0,0,0,0,0,1,1,'2020-02-06 17:23:08','2023-03-27 00:08:37',NULL),(710,0,NULL,NULL,0,1,396,NULL,6,NULL,'Comisiones Y gastos Bancarios',NULL,0,0,0,0,0,1,1,'2020-02-06 17:23:08','2023-03-27 00:08:37',NULL),(711,0,NULL,NULL,0,1,411,NULL,8,NULL,'Provisión Impuesto a las Ganancias',NULL,0,0,0,0,0,1,1,'2020-02-06 17:23:08','2023-03-27 00:08:37',NULL),(712,0,NULL,NULL,0,1,412,NULL,6,NULL,'Amortización Muebles y Útiles',NULL,0,0,0,0,0,1,1,'2020-02-06 17:23:08','2023-03-27 00:08:37',NULL),(713,0,NULL,NULL,0,1,413,NULL,6,NULL,'Amortización Equipos',NULL,0,0,0,0,0,1,1,'2020-02-06 17:23:08','2023-03-27 00:08:37',NULL),(714,0,NULL,NULL,0,1,414,NULL,8,NULL,'Amortizacion Acumulada Equipos',NULL,0,0,0,0,0,1,1,'2020-02-06 17:23:08','2023-03-27 00:08:37',NULL),(715,0,NULL,NULL,0,1,415,NULL,8,NULL,'Amortización Acumulada Maquinarias',NULL,0,0,0,0,0,1,1,'2020-02-06 17:23:08','2023-03-27 00:08:37',NULL),(716,0,NULL,NULL,0,1,416,NULL,8,NULL,'Materias Primas',NULL,0,0,0,0,0,1,1,'2020-02-06 17:23:08','2023-03-27 00:08:37',NULL),(717,0,NULL,NULL,0,1,419,NULL,8,NULL,'Rodados',NULL,0,0,0,0,0,1,1,'2020-02-06 17:23:08','2023-03-27 00:08:37',NULL),(718,0,NULL,NULL,0,1,420,NULL,8,NULL,'Amortización Acumulada Rodados',NULL,0,0,0,0,0,1,1,'2020-02-06 17:23:08','2023-03-27 00:08:37',NULL),(719,0,NULL,NULL,0,1,421,NULL,8,NULL,'Amortización Rodados',NULL,0,0,0,0,0,1,1,'2020-02-06 17:23:08','2023-03-27 00:08:37',NULL);
INSERT INTO `cta_cte_tesoreria_cuentas` VALUES (720,0,NULL,NULL,0,1,422,NULL,8,NULL,'Amortización Maquinarias',NULL,0,0,0,0,0,1,1,'2020-02-06 17:23:08','2023-03-27 00:08:37',NULL),(721,0,NULL,NULL,0,1,423,NULL,8,NULL,'Accesorios',NULL,0,0,0,0,0,1,1,'2020-02-06 17:23:08','2023-03-27 00:08:37',NULL),(722,0,NULL,NULL,0,1,424,NULL,8,NULL,'Amortización Acumulada Accesorios',NULL,0,0,0,0,0,1,1,'2020-02-06 17:23:08','2023-03-27 00:08:37',NULL),(723,0,NULL,NULL,0,1,426,NULL,8,NULL,'Reserva Facultativa',NULL,0,0,0,0,0,1,1,'2020-02-06 17:23:08','2023-03-27 00:08:37',NULL),(724,0,NULL,NULL,0,1,427,NULL,8,NULL,'Créditos por Impuestos Diferidos',NULL,0,0,0,0,0,1,1,'2020-02-06 17:23:08','2023-03-27 00:08:37',NULL),(725,0,NULL,NULL,0,1,428,NULL,8,NULL,'Fondo de Comercio',NULL,0,0,0,0,0,1,1,'2020-02-06 17:23:08','2023-03-27 00:08:37',NULL),(726,0,NULL,NULL,0,1,429,NULL,8,NULL,'Amortizacion Acumulada Fondo de Comercio',NULL,0,0,0,0,0,1,1,'2020-02-06 17:23:08','2023-03-27 00:08:37',NULL),(727,0,NULL,NULL,0,1,430,NULL,8,NULL,'Intereses a devengar AGIP',NULL,0,0,0,0,0,1,1,'2020-02-06 17:23:08','2023-03-27 00:08:37',NULL),(728,0,NULL,NULL,0,1,431,NULL,8,NULL,'PFP IIBB',NULL,0,0,0,0,0,1,1,'2020-02-06 17:23:08','2023-03-27 00:08:37',NULL),(729,0,NULL,NULL,0,1,434,NULL,8,NULL,'Productos',NULL,0,0,0,0,0,1,1,'2020-02-06 17:23:08','2023-03-27 00:08:37',NULL),(730,0,NULL,NULL,0,1,435,NULL,8,NULL,'Intereses a devengar PFP',NULL,0,0,0,0,0,1,1,'2020-02-06 17:23:08','2023-03-27 00:08:37',NULL),(731,0,NULL,NULL,0,1,437,NULL,8,NULL,'Imp. Ley 25413 Cred 0.6%',NULL,0,0,0,0,0,1,1,'2020-02-06 17:23:08','2023-03-27 00:08:37',NULL),(732,0,NULL,NULL,0,1,438,NULL,8,NULL,'Honorarios Directorio a Pagar',NULL,0,0,0,0,0,1,1,'2020-02-06 17:23:08','2023-03-27 00:08:37',NULL),(733,0,NULL,NULL,0,1,439,NULL,8,NULL,'Reserva para Futuras Inversiones',NULL,0,0,0,0,0,1,1,'2020-02-06 17:23:08','2023-03-27 00:08:37',NULL),(734,0,NULL,NULL,0,1,440,NULL,8,NULL,'TEAC - Trabajos Ejecutados a Certificar',NULL,0,0,0,0,0,1,1,'2020-02-06 17:23:08','2023-03-27 00:08:37',NULL),(735,0,NULL,NULL,0,1,444,NULL,8,NULL,'Banco Santander Rio Cta Cte',NULL,0,0,0,0,0,1,1,'2020-02-06 17:23:08','2023-03-27 00:08:37',NULL),(736,0,NULL,NULL,0,1,449,NULL,8,NULL,'Leasing',NULL,0,0,0,0,0,1,1,'2020-02-06 17:23:08','2023-03-27 00:08:37',NULL),(737,0,NULL,NULL,0,1,453,NULL,8,NULL,'Inversión Central Caribe',NULL,0,0,0,0,0,1,1,'2020-02-06 17:23:08','2023-03-27 00:08:37',NULL),(738,0,NULL,NULL,0,1,454,NULL,8,NULL,'Otras Inversiones',NULL,0,0,0,0,0,1,1,'2020-02-06 17:23:08','2023-03-27 00:08:37',NULL),(739,0,NULL,NULL,0,1,455,NULL,8,NULL,'Otros Créditos',NULL,0,0,0,0,0,1,1,'2020-02-06 17:23:08','2023-03-27 00:08:37',NULL),(740,0,NULL,NULL,0,1,456,NULL,8,NULL,'Provisión Honorarios Socio Gerente',NULL,0,0,0,0,0,1,1,'2020-02-06 17:23:08','2023-03-27 00:08:37',NULL),(741,0,NULL,NULL,0,1,459,NULL,8,NULL,'Moratoria SUSS a pagar',NULL,0,0,0,0,0,1,1,'2020-02-06 17:23:08','2023-03-27 00:08:37',NULL),(742,0,NULL,NULL,0,1,460,NULL,8,NULL,'Impuestos Municipales a Pagar',NULL,0,0,0,0,0,1,1,'2020-02-06 17:23:08','2023-03-27 00:08:37',NULL),(743,0,NULL,NULL,0,1,461,NULL,6,NULL,'Amortización Instalaciones',NULL,0,0,0,0,0,1,1,'2020-02-06 17:23:08','2023-03-27 00:08:37',NULL),(744,0,NULL,NULL,0,1,462,NULL,8,NULL,'Amortización Equipos de comput.',NULL,0,0,0,0,0,1,1,'2020-02-06 17:23:08','2023-03-27 00:08:37',NULL),(745,0,NULL,NULL,0,1,463,NULL,8,NULL,'Cuenta Particular Socio 3',NULL,0,0,0,0,0,1,1,'2020-02-06 17:23:08','2023-03-27 00:08:37',NULL),(746,0,NULL,NULL,0,1,464,NULL,8,NULL,'Cuenta Particular Socio 4',NULL,0,0,0,0,0,1,1,'2020-02-06 17:23:08','2023-03-27 00:08:37',NULL),(747,0,NULL,NULL,0,1,465,NULL,8,NULL,'Otras Reservas',NULL,0,0,0,0,0,1,1,'2020-02-06 17:23:08','2023-03-27 00:08:37',NULL),(748,0,NULL,NULL,0,1,466,NULL,8,NULL,'IGMP (Saldo a Favor)',NULL,0,0,0,0,0,1,1,'2020-02-06 17:23:08','2023-03-27 00:08:37',NULL),(749,0,NULL,NULL,0,1,468,NULL,8,NULL,'Productos en Proceso',NULL,0,0,0,0,0,1,1,'2020-02-06 17:23:08','2023-03-27 00:08:37',NULL);
INSERT INTO `cta_cte_tesoreria_cuentas` VALUES (750,0,NULL,NULL,0,1,469,NULL,8,NULL,'Depósitos en Garantía Socio Gerente',NULL,0,0,0,0,0,1,1,'2020-02-06 17:23:08','2023-03-27 00:08:37',NULL),(751,0,NULL,NULL,0,1,470,NULL,8,NULL,'Fondos Embargados',NULL,0,0,0,0,0,1,1,'2020-02-06 17:23:08','2023-03-27 00:08:37',NULL),(752,0,NULL,NULL,0,1,471,NULL,8,NULL,'Cuota Solid.',NULL,0,0,0,0,0,1,1,'2020-02-06 17:23:08','2023-03-27 00:08:37',NULL),(753,0,NULL,NULL,0,1,472,NULL,8,NULL,'Anticipo Honorarios Directores',NULL,0,0,0,0,0,1,1,'2020-02-06 17:23:08','2023-03-27 00:08:37',NULL),(754,0,NULL,NULL,0,1,473,NULL,8,NULL,'SICORE a Pagar',NULL,0,0,0,0,0,1,1,'2020-02-06 17:23:08','2023-03-27 00:08:37',NULL),(755,0,NULL,NULL,0,1,476,NULL,6,NULL,'RECPAM',NULL,0,0,0,0,0,1,1,'2020-02-06 17:23:08','2023-03-27 00:08:37',NULL),(756,0,NULL,NULL,0,1,478,NULL,6,NULL,'CO2 - Imp. Al Carbono',NULL,0,0,0,0,0,1,1,'2020-02-06 17:23:08','2023-03-27 00:08:37',NULL),(757,0,NULL,NULL,0,1,410,40728,8,NULL,'BANCO ICBC CTA CTE',NULL,0,1,1,1,1,0,1,'2022-10-19 11:55:12','2023-03-27 00:08:37',NULL);

--
-- Table structure for table `cta_cte_tesoreria_detail`
--

CREATE TABLE `cta_cte_tesoreria_detail` (
  `id` int(10) unsigned NOT NULL AUTO_INCREMENT,
  `user_id` int(10) unsigned DEFAULT NULL,
  `cta_cte_tesoreria_id` int(10) unsigned NOT NULL,
  `cta_cte_tesoreria_cuenta_id` int(10) unsigned NOT NULL,
  `person_id` int(10) unsigned DEFAULT NULL,
  `period_id` int(10) unsigned DEFAULT NULL,
  `saldo_id` int(10) unsigned NOT NULL,
  `monto` decimal(16,2) NOT NULL,
  `is_conciliado` tinyint(1) NOT NULL DEFAULT '0',
  `fecha` date DEFAULT NULL,
  `created_at` timestamp NULL DEFAULT NULL,
  `updated_at` timestamp NULL DEFAULT NULL,
  `deleted_at` timestamp NULL DEFAULT NULL,
  PRIMARY KEY (`id`),
  KEY `cta_cte_tesoreria_detail_cta_cte_tesoreria_id_foreign` (`cta_cte_tesoreria_id`),
  KEY `cta_cte_tesoreria_detail_cta_cte_tesoreria_cuenta_id_foreign` (`cta_cte_tesoreria_cuenta_id`),
  KEY `cta_cte_tesoreria_detail_person_id_foreign` (`person_id`),
  KEY `cta_cte_tesoreria_detail_period_id_foreign` (`period_id`),
  KEY `cta_cte_tesoreria_detail_saldo_id_foreign` (`saldo_id`),
  CONSTRAINT `cta_cte_tesoreria_detail_cta_cte_tesoreria_cuenta_id_foreign` FOREIGN KEY (`cta_cte_tesoreria_cuenta_id`) REFERENCES `cta_cte_tesoreria_cuentas` (`id`),
  CONSTRAINT `cta_cte_tesoreria_detail_cta_cte_tesoreria_id_foreign` FOREIGN KEY (`cta_cte_tesoreria_id`) REFERENCES `cta_cte_tesoreria` (`id`),
  CONSTRAINT `cta_cte_tesoreria_detail_period_id_foreign` FOREIGN KEY (`period_id`) REFERENCES `periods` (`id`),
  CONSTRAINT `cta_cte_tesoreria_detail_person_id_foreign` FOREIGN KEY (`person_id`) REFERENCES `persons` (`id`),
  CONSTRAINT `cta_cte_tesoreria_detail_saldo_id_foreign` FOREIGN KEY (`saldo_id`) REFERENCES `conta_tipo_saldos` (`id`)
) ENGINE=InnoDB AUTO_INCREMENT=212 DEFAULT CHARSET=utf8mb4 COLLATE=utf8mb4_unicode_ci;

--
-- Dumping data for table `cta_cte_tesoreria_detail`
--

INSERT INTO `cta_cte_tesoreria_detail` VALUES (1,7768,1,13,40728,13760,2,114950.00,0,'2021-06-28','2022-11-01 12:15:21','2022-11-01 12:15:21',NULL),(2,7768,1,757,40728,13760,1,114950.00,0,'2021-06-28','2022-11-01 12:15:21','2022-11-01 12:15:21',NULL),(5,7768,3,13,40728,13774,2,183920.00,0,'2022-02-03','2022-11-01 12:20:35','2022-11-01 12:20:35',NULL),(6,7768,3,757,40728,13774,1,183920.00,0,'2022-02-03','2022-11-01 12:20:35','2022-11-01 12:20:35',NULL),(7,7768,4,57,40728,13761,1,29149.78,0,'2021-07-19','2022-11-04 14:53:02','2022-11-04 14:53:02',NULL),(8,7768,4,757,40728,13761,2,29149.78,0,'2021-07-19','2022-11-04 14:53:02','2022-11-04 14:53:02',NULL),(9,7768,5,57,40728,13761,1,19935.00,0,'2021-07-20','2022-11-04 14:54:23','2022-11-04 14:54:23',NULL),(10,7768,5,757,40728,13761,2,19935.00,0,'2021-07-20','2022-11-04 14:54:23','2022-11-04 14:54:23',NULL),(11,7768,6,57,40728,13761,1,6386.38,0,'2021-07-21','2022-11-04 14:55:18','2022-11-04 14:55:18',NULL),(12,7768,6,757,40728,13761,2,6386.38,0,'2021-07-21','2022-11-04 14:55:18','2022-11-04 14:55:18',NULL),(13,7768,7,57,40728,13761,1,10023.82,0,'2021-07-26','2022-11-04 14:56:18','2022-11-04 14:56:18',NULL),(14,7768,7,757,40728,13761,2,10023.82,0,'2021-07-26','2022-11-04 14:56:18','2022-11-04 14:56:18',NULL),(15,7768,8,57,40728,13762,1,1864.09,0,'2021-08-04','2022-11-04 14:57:40','2022-11-04 14:57:40',NULL),(16,7768,8,757,40728,13762,2,1864.09,0,'2021-08-04','2022-11-04 14:57:40','2022-11-04 14:57:40',NULL),(19,7768,10,57,40728,13762,1,1817.82,0,'2021-08-04','2022-11-04 14:59:58','2022-11-04 14:59:58',NULL),(20,7768,10,757,40728,13762,2,1817.82,0,'2021-08-04','2022-11-04 14:59:58','2022-11-04 14:59:58',NULL),(21,7768,11,57,40728,13763,1,48966.63,0,'2021-09-30','2022-11-04 15:10:07','2022-11-04 15:10:07',NULL),(22,7768,11,757,40728,13763,2,44855.01,0,'2021-09-30','2022-11-04 15:10:07','2022-11-04 15:10:07',NULL),(23,7768,11,359,40728,13763,2,4111.62,0,'2021-09-30','2022-11-04 15:10:07','2022-11-04 15:10:07',NULL),(28,7768,13,57,40728,13763,1,24132.00,0,'2021-09-24','2022-11-04 15:24:58','2022-11-04 15:24:58',NULL),(29,7768,13,757,40728,13763,2,24132.00,0,'2021-09-24','2022-11-04 15:24:58','2022-11-04 15:24:58',NULL),(30,7768,14,57,40728,13763,1,5147.10,0,'2021-09-17','2022-11-04 15:26:43','2022-11-04 15:26:43',NULL),(31,7768,14,757,40728,13763,2,5147.10,0,'2021-09-17','2022-11-04 15:26:43','2022-11-04 15:26:43',NULL),(32,7768,15,57,40728,13763,1,2900.00,0,'2021-09-02','2022-11-04 15:28:46','2022-11-04 15:28:46',NULL),(33,7768,15,757,40728,13763,2,2900.00,0,'2021-09-02','2022-11-04 15:28:46','2022-11-04 15:28:46',NULL),(34,7768,16,57,40728,13765,1,2000.00,0,'2021-11-30','2022-11-04 15:29:53','2022-11-04 15:29:53',NULL),(35,7768,16,757,40728,13765,2,2000.00,0,'2021-11-30','2022-11-04 15:29:53','2022-11-04 15:29:53',NULL),(36,7768,17,57,40728,13773,1,1600.00,0,'2022-01-07','2022-11-04 15:30:35','2022-11-04 15:30:35',NULL),(37,7768,17,757,40728,13773,2,1600.00,0,'2022-01-07','2022-11-04 15:30:35','2022-11-04 15:30:35',NULL),(38,7768,18,57,40728,13764,1,22589.90,0,'2021-10-18','2022-11-04 15:44:02','2022-11-04 15:44:02',NULL),(39,7768,18,757,40728,13764,2,22589.90,0,'2021-10-18','2022-11-04 15:44:02','2022-11-04 15:44:02',NULL),(40,7768,19,57,40728,13764,1,17800.00,0,'2021-10-18','2022-11-04 15:44:51','2022-11-04 15:44:51',NULL),(41,7768,19,757,40728,13764,2,17800.00,0,'2021-10-18','2022-11-04 15:44:51','2022-11-04 15:44:51',NULL),(48,7768,21,57,40728,13764,1,4719.00,0,'2021-10-12','2022-11-04 15:52:08','2022-11-04 15:52:08',NULL),(49,7768,21,757,40728,13764,2,4719.00,0,'2021-10-12','2022-11-04 15:52:08','2022-11-04 15:52:08',NULL),(50,7768,22,57,40728,13765,1,4719.00,0,'2021-11-10','2022-11-04 15:54:25','2022-11-04 15:54:25',NULL),(51,7768,22,757,40728,13765,2,4719.00,0,'2021-11-10','2022-11-04 15:54:25','2022-11-04 15:54:25',NULL),(52,7768,23,57,40728,13764,1,78814.49,0,'2021-10-12','2022-11-04 15:55:42','2022-11-04 15:55:42',NULL),(53,7768,23,757,40728,13764,2,78814.49,0,'2021-10-12','2022-11-04 15:55:42','2022-11-04 15:55:42',NULL);
INSERT INTO `cta_cte_tesoreria_detail` VALUES (54,7768,24,57,40728,13764,1,20534.88,0,'2021-10-01','2022-11-04 16:01:19','2022-11-04 16:01:19',NULL),(55,7768,24,757,40728,13764,2,20534.88,0,'2021-10-01','2022-11-04 16:01:19','2022-11-04 16:01:19',NULL),(56,7768,25,57,40728,13765,1,9000.00,0,'2021-11-25','2022-11-04 16:02:16','2022-11-04 16:02:16',NULL),(57,7768,25,757,40728,13765,2,9000.00,0,'2021-11-25','2022-11-04 16:02:16','2022-11-04 16:02:16',NULL),(58,7768,26,57,40728,13765,1,32089.20,0,'2021-11-23','2022-11-04 16:03:27','2022-11-04 16:03:27',NULL),(59,7768,26,757,40728,13765,2,32089.20,0,'2021-11-23','2022-11-04 16:03:27','2022-11-04 16:03:27',NULL),(60,7768,27,57,40728,13765,1,28560.00,0,'2021-11-23','2022-11-04 16:04:21','2022-11-04 16:04:21',NULL),(61,7768,27,757,40728,13765,2,28560.00,0,'2021-11-23','2022-11-04 16:04:21','2022-11-04 16:04:21',NULL),(62,7768,28,57,40728,13765,1,7400.02,0,'2021-11-18','2022-11-04 16:06:03','2022-11-04 16:06:03',NULL),(63,7768,28,757,40728,13765,2,7400.00,0,'2021-11-18','2022-11-04 16:06:03','2022-11-04 16:06:03',NULL),(64,7768,28,359,40728,13765,2,0.02,0,'2021-11-18','2022-11-04 16:06:03','2022-11-04 16:06:03',NULL),(65,7768,29,57,40728,13765,1,190150.42,0,'2021-11-15','2022-11-04 16:07:13','2022-11-04 16:07:13',NULL),(66,7768,29,757,40728,13765,2,190150.42,0,'2021-11-15','2022-11-04 16:07:13','2022-11-04 16:07:13',NULL),(67,7768,30,57,40728,13765,1,53323.42,0,'2021-11-12','2022-11-04 16:11:29','2022-11-04 16:11:29',NULL),(68,7768,30,757,40728,13765,2,53323.42,0,'2021-11-12','2022-11-04 16:11:29','2022-11-04 16:11:29',NULL),(69,7768,31,57,40728,13765,1,6680.02,0,'2021-11-12','2022-11-04 16:12:40','2022-11-04 16:12:40',NULL),(70,7768,31,757,40728,13765,2,6680.02,0,'2021-11-12','2022-11-04 16:12:40','2022-11-04 16:12:40',NULL),(71,7768,32,57,40728,13765,1,240.02,0,'2021-11-10','2022-11-04 16:14:14','2022-11-04 16:14:14',NULL),(72,7768,32,757,40728,13765,2,240.02,0,'2021-11-10','2022-11-04 16:14:14','2022-11-04 16:14:14',NULL),(73,7768,33,57,40728,13766,1,22506.00,0,'2021-12-29','2022-11-04 16:15:12','2022-11-04 16:15:12',NULL),(74,7768,33,757,40728,13766,2,22506.00,0,'2021-12-29','2022-11-04 16:15:12','2022-11-04 16:15:12',NULL),(75,7768,34,57,40728,13766,1,22160.00,0,'2021-12-27','2022-11-04 16:15:58','2022-11-04 16:15:58',NULL),(76,7768,34,757,40728,13766,2,22160.00,0,'2021-12-27','2022-11-04 16:15:58','2022-11-04 16:15:58',NULL),(77,7768,35,57,40728,13766,1,54451.28,0,'2021-12-27','2022-11-04 16:17:57','2022-11-04 16:17:57',NULL),(78,7768,35,757,40728,13766,2,54451.28,0,'2021-12-27','2022-11-04 16:17:57','2022-11-04 16:17:57',NULL),(79,7768,36,57,40728,13766,1,360580.00,0,'2021-12-20','2022-11-04 16:18:47','2022-11-04 16:18:47',NULL),(80,7768,36,757,40728,13766,2,360580.00,0,'2021-12-20','2022-11-04 16:18:47','2022-11-04 16:18:47',NULL),(81,7768,37,57,40728,13766,1,823.01,0,'2021-12-20','2022-11-04 16:19:57','2022-11-04 16:19:57',NULL),(82,7768,37,757,40728,13766,2,823.01,0,'2021-12-20','2022-11-04 16:19:57','2022-11-04 16:19:57',NULL),(83,7768,38,57,40728,13766,1,19926.15,0,'2021-12-20','2022-11-04 16:22:02','2022-11-04 16:22:02',NULL),(84,7768,38,757,40728,13766,2,19926.15,0,'2021-12-20','2022-11-04 16:22:02','2022-11-04 16:22:02',NULL),(85,7768,39,57,40728,13766,1,13298.57,0,'2021-12-20','2022-11-04 16:22:43','2022-11-04 16:22:43',NULL),(86,7768,39,757,40728,13766,2,13298.57,0,'2021-12-20','2022-11-04 16:22:43','2022-11-04 16:22:43',NULL),(87,7768,40,57,40728,13766,1,7328.07,0,'2021-12-16','2022-11-04 16:23:39','2022-11-04 16:23:39',NULL),(88,7768,40,757,40728,13766,2,7328.07,0,'2021-12-16','2022-11-04 16:23:39','2022-11-04 16:23:39',NULL),(89,7768,41,57,40728,13766,1,39930.00,0,'2021-12-14','2022-11-04 16:24:40','2022-11-04 16:24:40',NULL),(90,7768,41,757,40728,13766,2,39930.00,0,'2021-12-14','2022-11-04 16:24:40','2022-11-04 16:24:40',NULL),(91,7768,42,57,40728,13766,1,24321.00,0,'2021-12-14','2022-11-04 16:25:23','2022-11-04 16:25:23',NULL);
INSERT INTO `cta_cte_tesoreria_detail` VALUES (92,7768,42,757,40728,13766,2,24321.00,0,'2021-12-14','2022-11-04 16:25:23','2022-11-04 16:25:23',NULL),(93,7768,43,57,40728,13766,1,300564.00,0,'2021-12-14','2022-11-04 16:25:58','2022-11-04 16:25:58',NULL),(94,7768,43,757,40728,13766,2,300564.00,0,'2021-12-14','2022-11-04 16:25:58','2022-11-04 16:25:58',NULL),(95,7768,44,57,40728,13766,1,4719.00,0,'2021-12-10','2022-11-04 16:27:30','2022-11-04 16:27:30',NULL),(96,7768,44,757,40728,13766,2,4719.00,0,'2021-12-10','2022-11-04 16:27:30','2022-11-04 16:27:30',NULL),(102,7768,47,57,40728,13773,1,3997.86,0,'2022-01-31','2022-11-04 16:30:39','2022-11-04 16:30:39',NULL),(103,7768,47,757,40728,13773,2,3997.86,0,'2022-01-31','2022-11-04 16:30:39','2022-11-04 16:30:39',NULL),(104,7768,48,57,40728,13773,1,6361.74,0,'2022-01-24','2022-11-06 14:59:25','2022-11-06 14:59:25',NULL),(105,7768,48,757,40728,13773,2,6361.74,0,'2022-01-24','2022-11-06 14:59:25','2022-11-06 14:59:25',NULL),(106,7768,49,57,40728,13773,1,8223.66,0,'2022-01-21','2022-11-06 15:02:06','2022-11-06 15:02:06',NULL),(107,7768,49,757,40728,13773,2,8223.66,0,'2022-01-21','2022-11-06 15:02:06','2022-11-06 15:02:06',NULL),(108,7768,50,57,40728,13773,1,10655.18,0,'2022-01-20','2022-11-06 15:03:41','2022-11-06 15:03:41',NULL),(109,7768,50,757,40728,13773,2,10655.18,0,'2022-01-20','2022-11-06 15:03:41','2022-11-06 15:03:41',NULL),(110,7768,51,57,40728,13773,1,3751.00,0,'2022-01-19','2022-11-06 15:05:29','2022-11-06 15:05:29',NULL),(111,7768,51,757,40728,13773,2,3751.00,0,'2022-01-19','2022-11-06 15:05:29','2022-11-06 15:05:29',NULL),(114,7768,53,57,40728,13773,1,4719.00,0,'2022-01-10','2022-11-06 15:13:37','2022-11-06 15:13:37',NULL),(115,7768,53,757,40728,13773,2,4719.00,0,'2022-01-10','2022-11-06 15:13:37','2022-11-06 15:13:37',NULL),(116,7768,54,57,40728,13773,1,2322.69,0,'2022-01-07','2022-11-06 15:23:58','2022-11-06 15:23:58',NULL),(117,7768,54,757,40728,13773,2,2322.69,0,'2022-01-07','2022-11-06 15:23:58','2022-11-06 15:23:58',NULL),(118,7768,55,57,40728,13773,1,18803.40,0,'2022-01-07','2022-11-06 15:25:15','2022-11-06 15:25:15',NULL),(119,7768,55,757,40728,13773,2,18803.40,0,'2022-01-07','2022-11-06 15:25:15','2022-11-06 15:25:15',NULL),(122,7768,57,57,40728,13773,1,14976.79,0,'2022-01-07','2022-11-06 15:27:39','2022-11-06 15:27:39',NULL),(123,7768,57,757,40728,13773,2,14976.79,0,'2022-01-07','2022-11-06 15:27:39','2022-11-06 15:27:39',NULL),(124,7768,58,57,40728,13773,1,3630.00,0,'2022-01-06','2022-11-06 15:28:28','2022-11-06 15:28:28',NULL),(125,7768,58,757,40728,13773,2,3630.00,0,'2022-01-06','2022-11-06 15:28:28','2022-11-06 15:28:28',NULL),(126,7768,59,57,40728,13773,1,820.38,0,'2022-01-06','2022-11-06 15:29:24','2022-11-06 15:29:24',NULL),(127,7768,59,757,40728,13773,2,820.38,0,'2022-01-06','2022-11-06 15:29:24','2022-11-06 15:29:24',NULL),(128,7768,60,57,40728,13773,1,6493.32,0,'2022-01-04','2022-11-06 15:30:12','2022-11-06 15:30:12',NULL),(129,7768,60,757,40728,13773,2,6493.32,0,'2022-01-04','2022-11-06 15:30:12','2022-11-06 15:30:12',NULL),(132,7768,62,57,40728,13774,1,29947.52,0,'2022-02-24','2022-11-06 15:33:38','2022-11-06 15:33:38',NULL),(133,7768,62,757,40728,13774,2,29947.52,0,'2022-02-24','2022-11-06 15:33:38','2022-11-06 15:33:38',NULL),(134,7768,63,57,40728,13774,1,12107.00,0,'2022-02-15','2022-11-06 15:34:57','2022-11-06 15:34:57',NULL),(135,7768,63,757,40728,13774,2,12107.00,0,'2022-02-15','2022-11-06 15:34:57','2022-11-06 15:34:57',NULL),(136,7768,64,57,40728,13774,1,4719.00,0,'2022-02-10','2022-11-06 15:35:54','2022-11-06 15:35:54',NULL),(137,7768,64,757,40728,13774,2,4719.00,0,'2022-02-10','2022-11-06 15:35:54','2022-11-06 15:35:54',NULL),(140,7768,66,57,40728,13774,1,8364.16,0,'2022-02-08','2022-11-06 15:38:36','2022-11-06 15:38:36',NULL),(141,7768,66,757,40728,13774,2,8364.16,0,'2022-02-08','2022-11-06 15:38:36','2022-11-06 15:38:36',NULL),(142,7768,67,57,40728,13774,1,852808.00,0,'2022-02-04','2022-11-06 15:40:48','2022-11-06 15:40:48',NULL);
INSERT INTO `cta_cte_tesoreria_detail` VALUES (143,7768,67,757,40728,13774,2,852808.00,0,'2022-02-04','2022-11-06 15:40:48','2022-11-06 15:40:48',NULL),(144,7768,68,57,40728,13774,1,4719.00,0,'2022-03-10','2022-11-06 15:42:17','2022-11-06 15:42:17',NULL),(145,7768,68,757,40728,13774,2,4719.00,0,'2022-03-10','2022-11-06 15:42:17','2022-11-06 15:42:17',NULL),(146,7768,69,57,40728,13775,1,4356.00,0,'2022-03-10','2022-11-06 15:46:51','2022-11-06 15:46:51',NULL),(147,7768,69,757,40728,13775,2,4356.00,0,'2022-03-10','2022-11-06 15:46:51','2022-11-06 15:46:51',NULL),(148,7768,70,57,40728,13775,1,500.00,0,'2022-03-08','2022-11-06 15:48:08','2022-11-06 15:48:08',NULL),(149,7768,70,757,40728,13775,2,500.00,0,'2022-03-08','2022-11-06 15:48:08','2022-11-06 15:48:08',NULL),(152,7768,72,57,40728,13775,1,810.00,0,'2022-03-02','2022-11-06 15:49:59','2022-11-06 15:49:59',NULL),(153,7768,72,757,40728,13775,2,810.00,0,'2022-03-02','2022-11-06 15:49:59','2022-11-06 15:49:59',NULL),(154,7768,73,13,40728,13766,2,363000.00,0,'2021-12-07','2022-11-06 16:05:17','2022-11-06 16:05:17',NULL),(155,7768,73,757,40728,13766,1,363000.00,0,'2021-12-07','2022-11-06 16:05:17','2022-11-06 16:05:17',NULL),(156,7768,74,57,40728,13763,1,369625.00,0,'2021-09-29','2022-11-06 19:03:25','2022-11-06 19:03:25',NULL),(157,7768,74,757,40728,13763,2,369625.00,0,'2021-09-29','2022-11-06 19:03:25','2022-11-06 19:03:25',NULL),(158,7768,75,57,40728,13764,1,75535.70,0,'2021-10-07','2022-11-06 19:15:18','2022-11-06 19:15:18',NULL),(159,7768,75,757,40728,13764,2,75535.70,0,'2021-10-07','2022-11-06 19:15:18','2022-11-06 19:15:18',NULL),(160,7768,76,57,40728,13775,1,38122.09,0,'2022-03-22','2022-11-06 19:58:23','2022-11-06 19:58:23',NULL),(161,7768,76,757,40728,13775,2,38122.09,0,'2022-03-22','2022-11-06 19:58:23','2022-11-06 19:58:23',NULL),(164,7768,78,13,40728,13763,2,1223642.60,0,'2021-09-27','2022-11-06 20:40:11','2022-11-06 20:40:11',NULL),(165,7768,78,757,40728,13763,1,1223642.60,0,'2021-09-27','2022-11-06 20:40:11','2022-11-06 20:40:11',NULL),(166,7768,79,13,40728,13765,2,694774.50,0,'2021-11-08','2022-11-06 20:40:45','2022-11-06 20:40:45',NULL),(167,7768,79,757,40728,13765,1,694774.50,0,'2021-11-08','2022-11-06 20:40:45','2022-11-06 20:40:45',NULL),(168,7768,80,13,40728,13766,2,936111.85,0,'2021-12-13','2022-11-06 20:41:24','2022-11-06 20:41:24',NULL),(169,7768,80,757,40728,13766,1,936111.85,0,'2021-12-13','2022-11-06 20:41:24','2022-11-06 20:41:24',NULL),(170,7768,81,13,40728,13773,2,29901.30,0,'2022-01-27','2022-11-06 20:42:49','2022-11-06 20:42:49',NULL),(171,7768,81,757,40728,13773,1,29901.30,0,'2022-01-27','2022-11-06 20:42:49','2022-11-06 20:42:49',NULL),(172,7768,82,13,40728,13774,2,1242448.60,0,'2022-02-03','2022-11-06 20:43:34','2022-11-06 20:43:34',NULL),(173,7768,82,757,40728,13774,1,1242448.60,0,'2022-02-03','2022-11-06 20:43:34','2022-11-06 20:43:34',NULL),(174,7768,83,13,40728,13762,2,778359.93,0,'2021-08-30','2022-11-06 20:48:30','2022-11-06 20:48:30',NULL),(175,7768,83,757,40728,13762,1,778359.93,0,'2021-08-30','2022-11-06 20:48:30','2022-11-06 20:48:30',NULL),(176,7768,84,57,40728,13765,1,188247.59,0,'2021-11-19','2022-11-06 21:03:12','2022-11-06 21:03:12',NULL),(177,7768,84,757,40728,13765,2,94123.79,0,'2021-11-19','2022-11-06 21:03:12','2022-11-06 21:03:12',NULL),(178,7768,84,359,40728,13765,2,94123.80,0,'2021-11-19','2022-11-06 21:03:12','2022-11-06 21:03:12',NULL),(179,7768,85,57,40728,13764,1,250000.00,0,'2021-10-16','2022-11-06 23:54:34','2022-11-06 23:54:34',NULL),(180,7768,85,757,40728,13764,2,250000.00,0,'2021-10-16','2022-11-06 23:54:34','2022-11-06 23:54:34',NULL),(181,7768,86,57,40728,13766,1,150000.00,0,'2021-12-24','2022-11-06 23:55:09','2022-11-06 23:55:09',NULL),(182,7768,86,757,40728,13766,2,150000.00,0,'2021-12-24','2022-11-06 23:55:09','2022-11-06 23:55:09',NULL),(187,7768,89,57,40728,13774,1,100000.00,0,'2022-02-11','2022-11-06 23:57:52','2022-11-06 23:57:52',NULL),(188,7768,89,757,40728,13774,2,100000.00,0,'2022-02-11','2022-11-06 23:57:52','2022-11-06 23:57:52',NULL);
INSERT INTO `cta_cte_tesoreria_detail` VALUES (189,7768,90,57,40728,13775,1,85560.00,0,'2022-03-18','2022-11-06 23:58:25','2022-11-06 23:58:25',NULL),(190,7768,90,757,40728,13775,2,85560.00,0,'2022-03-18','2022-11-06 23:58:25','2022-11-06 23:58:25',NULL),(197,7768,94,57,40728,13774,1,7500.00,0,'2022-02-08','2022-11-08 15:36:24','2022-11-08 15:36:24',NULL),(198,7768,94,359,40728,13774,2,7500.00,0,'2022-02-08','2022-11-08 15:36:24','2022-11-08 15:36:24',NULL),(199,7768,95,57,40728,13764,1,77678.37,0,'2021-12-10','2022-11-15 12:43:29','2022-11-15 12:43:29',NULL),(200,7768,95,757,40728,13764,2,77678.37,0,'2021-12-10','2022-11-15 12:43:29','2022-11-15 12:43:29',NULL),(201,7768,96,57,40728,13773,1,22991.21,0,'2022-01-14','2022-11-15 12:44:16','2022-11-15 12:44:16',NULL),(202,7768,96,757,40728,13773,2,22991.21,0,'2022-01-14','2022-11-15 12:44:16','2022-11-15 12:44:16',NULL),(203,7768,97,57,40728,13774,1,8430.15,0,'2022-02-08','2022-11-15 12:44:52','2022-11-15 12:44:52',NULL),(204,7768,97,757,40728,13774,2,8430.15,0,'2022-02-08','2022-11-15 12:44:52','2022-11-15 12:44:52',NULL),(205,7768,98,57,40728,13766,1,30000.00,0,'2021-12-31','2022-11-15 12:48:20','2022-11-15 12:48:20',NULL),(206,7768,98,359,40728,13766,2,30000.00,0,'2021-12-31','2022-11-15 12:48:20','2022-11-15 12:48:20',NULL),(207,7768,99,57,40728,13773,1,28381.25,0,'2022-01-07','2022-11-15 12:55:26','2022-11-15 12:55:26',NULL),(208,7768,99,757,40728,13773,2,28381.25,0,'2022-01-07','2022-11-15 12:55:26','2022-11-15 12:55:26',NULL),(209,7768,100,57,40728,13773,1,384017.70,0,'2022-01-11','2022-11-16 12:49:58','2022-11-16 12:49:58',NULL),(210,7768,100,757,40728,13773,2,192008.85,0,'2022-01-11','2022-11-16 12:49:58','2022-11-16 12:49:58',NULL),(211,7768,100,757,40728,13773,2,192008.85,0,'2022-01-11','2022-11-16 12:49:58','2022-11-16 12:49:58',NULL);

--
-- Table structure for table `ctacte_bancos`
--

CREATE TABLE `ctacte_bancos` (
  `id` int(10) unsigned NOT NULL AUTO_INCREMENT,
  `user_id` int(10) unsigned DEFAULT NULL,
  `nombre` varchar(255) COLLATE utf8mb4_unicode_ci DEFAULT NULL,
  `codigoBCRA` int(11) DEFAULT NULL,
  `cuit` varchar(191) COLLATE utf8mb4_unicode_ci DEFAULT NULL,
  `created_at` timestamp NULL DEFAULT NULL,
  `updated_at` timestamp NULL DEFAULT NULL,
  `deleted_at` timestamp NULL DEFAULT NULL,
  PRIMARY KEY (`id`)
) ENGINE=InnoDB AUTO_INCREMENT=82 DEFAULT CHARSET=utf8mb4 COLLATE=utf8mb4_unicode_ci;

--
-- Dumping data for table `ctacte_bancos`
--

INSERT INTO `ctacte_bancos` VALUES (1,NULL,'BANCO DE GALICIA Y BUENOS AIRES S.A.',7,'30-50000173-5',NULL,NULL,NULL),(2,NULL,'BANCO DE LA NACION ARGENTINA',11,'30-50001091-2',NULL,NULL,NULL),(3,NULL,'BANCO DE LA PROVINCIA DE BUENOS AIRES',14,'33-99924210-9',NULL,NULL,NULL),(4,NULL,'INDUSTRIAL AND COMMERCIAL BANK OF CHINA',15,'30-70944784-6',NULL,NULL,NULL),(5,NULL,'CITIBANK N.A.',16,'30-50000562-5',NULL,NULL,NULL),(6,NULL,'BBVA BANCO FRANCES S.A.',17,'30-50000319-3',NULL,NULL,NULL),(7,NULL,'THE BANK OF TOKYO-MITSUBISHI UFJ, LTD.',18,'30-50001183-8',NULL,NULL,NULL),(8,NULL,'BANCO DE LA PROVINCIA DE CORDOBA S.A.',20,'30-99922856-5',NULL,NULL,NULL),(9,NULL,'BANCO SUPERVIELLE S.A.',27,'33-50000517-9',NULL,NULL,NULL),(10,NULL,'BANCO DE LA CIUDAD DE BUENOS AIRES',29,'30-99903208-3',NULL,NULL,NULL),(11,NULL,'BANCO PATAGONIA S.A.',34,'30-50000661-3',NULL,NULL,NULL),(12,NULL,'BANCO HIPOTECARIO S.A.',44,'30-50001107-2',NULL,NULL,NULL),(13,NULL,'BANCO DE SAN JUAN S.A.',45,'30-50000944-2',NULL,NULL,NULL),(14,NULL,'BANCO DEL TUCUMAN S.A.',60,'30-51794820-5',NULL,NULL,NULL),(15,NULL,'BANCO MUNICIPAL DE ROSARIO',65,'33-99918181-9',NULL,NULL,NULL),(16,NULL,'BANCO SANTANDER RIO S.A.',72,'30-50000845-4',NULL,NULL,NULL),(17,NULL,'BANCO DEL CHUBUT S.A.',83,'30-50001299-0',NULL,NULL,NULL),(18,NULL,'BANCO DE SANTA CRUZ S.A.',86,'30-50009880-1',NULL,NULL,NULL),(19,NULL,'BANCO DE LA PAMPA SOCIEDAD DE ECONOMÍA M',93,'30-50001251-6',NULL,NULL,NULL),(20,NULL,'BANCO DE CORRIENTES S.A.',94,'30-50001060-2',NULL,NULL,NULL),(21,NULL,'BANCO PROVINCIA DEL NEUQUÉN SOCIEDAD ANÓ',97,'30-50001404-7',NULL,NULL,NULL),(22,NULL,'BANCO INTERFINANZAS S.A.',147,'30-52271441-7',NULL,NULL,NULL),(23,NULL,'HSBC BANK ARGENTINA S.A.',150,'33-53718600-9',NULL,NULL,NULL),(24,NULL,'JPMORGAN CHASE BANK, NATIONAL ASSOCIATIO',165,'30-58313794-3',NULL,NULL,NULL),(25,NULL,'BANCO CREDICOOP COOPERATIVO LIMITADO',191,'30-57142135-2',NULL,NULL,NULL),(26,NULL,'BANCO DE VALORES S.A.',198,'30-57612427-5',NULL,NULL,NULL),(27,NULL,'BANCO ROELA S.A.',247,'30-53561044-0',NULL,NULL,NULL),(28,NULL,'BANCO MARIVA S.A.',254,'30-51642044-4',NULL,NULL,NULL),(29,NULL,'BANCO ITAU ARGENTINA S.A.',259,'30-58018941-1',NULL,NULL,NULL),(30,NULL,'BANK OF AMERICA, NATIONAL ASSOCIATION',262,'30-50005055-8',NULL,NULL,NULL),(31,NULL,'BNP PARIBAS',266,'30-58472756-6',NULL,NULL,NULL),(32,NULL,'BANCO PROVINCIA DE TIERRA DEL FUEGO',268,'30-57565578-1',NULL,NULL,NULL),(33,NULL,'BANCO DE LA REPUBLICA ORIENTAL DEL URUGU',269,'30-58833784-3',NULL,NULL,NULL),(34,NULL,'BANCO SAENZ S.A.',277,'30-53467243-4',NULL,NULL,NULL),(35,NULL,'BANCO MERIDIAN S.A.',281,'30-53448749-1',NULL,NULL,NULL),(36,NULL,'BANCO MACRO S.A.',285,'30-50001008-4',NULL,NULL,NULL),(37,NULL,'BANCO COMAFI SOCIEDAD ANONIMA',299,'30-60473101-8',NULL,NULL,NULL),(38,NULL,'BANCO DE INVERSION Y COMERCIO EXTERIOR S',300,'30-65112908-3',NULL,NULL,NULL),(39,NULL,'BANCO PIANO S.A.',301,'30-56915176-3',NULL,NULL,NULL),(40,NULL,'BANCO JULIO SOCIEDAD ANONIMA',305,'30-65744121-6',NULL,NULL,NULL),(41,NULL,'BANCO RIOJA SOCIEDAD ANONIMA UNIPERSONAL',309,'30-67185933-9',NULL,NULL,NULL),(42,NULL,'BANCO DEL SOL S.A.',310,'30-67793756-0',NULL,NULL,NULL),(43,NULL,'NUEVO BANCO DEL CHACO S. A.',311,'30-67015779-9',NULL,NULL,NULL),(44,NULL,'BANCO VOII S.A.',312,'30-54674163-6',NULL,NULL,NULL),(45,NULL,'BANCO DE FORMOSA S.A.',315,'30-67137590-0',NULL,NULL,NULL),(46,NULL,'BANCO CMF S.A.',319,'30-57661429-9',NULL,NULL,NULL),(47,NULL,'BANCO DE SANTIAGO DEL ESTERO S.A.',321,'33-68666464-9',NULL,NULL,NULL),(48,NULL,'BANCO INDUSTRIAL S.A.',322,'30-68502995-9',NULL,NULL,NULL),(49,NULL,'NUEVO BANCO DE SANTA FE SOCIEDAD ANONIMA',330,'30-69243266-1',NULL,NULL,NULL),(50,NULL,'BANCO CETELEM ARGENTINA S.A.',331,'30-69730636-2',NULL,NULL,NULL),(51,NULL,'BANCO DE SERVICIOS FINANCIEROS S.A.',332,'30-69726589-5',NULL,NULL,NULL),(52,NULL,'BANCO BRADESCO ARGENTINA S.A.U.',336,'30-70125555-7',NULL,NULL,NULL),(53,NULL,'BANCO DE SERVICIOS Y TRANSACCIONES S.A.',338,'30-70496099-5',NULL,NULL,NULL);
INSERT INTO `ctacte_bancos` VALUES (54,NULL,'RCI BANQUE S.A.',339,'30-70710834-3',NULL,NULL,NULL),(55,NULL,'BACS BANCO DE CREDITO Y SECURITIZACION S',340,'30-70722741-5',NULL,NULL,NULL),(56,NULL,'BANCO MASVENTAS S.A.',341,'30-54061826-3',NULL,NULL,NULL),(57,NULL,'BANCO WANAP S.A.',384,'30-71565463-2',NULL,NULL,NULL),(58,NULL,'NUEVO BANCO DE ENTRE RÍOS S.A.',386,'33-70799551-9',NULL,NULL,NULL),(59,NULL,'BANCO COLUMBIA S.A.',389,'30-51763749-8',NULL,NULL,NULL),(60,NULL,'BANCO BICA S.A.',426,'30-71233123-9',NULL,NULL,NULL),(61,NULL,'BANCO COINAG S.A.',431,'30-71419596-0',NULL,NULL,NULL),(62,NULL,'BANCO DE COMERCIO S.A.',432,'30-54203363-7',NULL,NULL,NULL),(63,NULL,'FORD CREDIT COMPAÑIA FINANCIERA S.A.',44059,'30-51654454-2',NULL,NULL,NULL),(64,NULL,'COMPAÑIA FINANCIERA ARGENTINA S.A.',44077,'30-53800640-4',NULL,NULL,NULL),(65,NULL,'VOLKWAGEN FINANCIAL SERVICES CIA.FIN.S.A',44088,'30-68241957-8',NULL,NULL,NULL),(66,NULL,'CORDIAL COMPAÑÍA FINANCIERA S.A.',44090,'30-70181085-2',NULL,NULL,NULL),(67,NULL,'FCA COMPAÑIA FINANCIERA S.A.',44092,'30-69230488-4',NULL,NULL,NULL),(68,NULL,'GPAT COMPAÑIA FINANCIERA S.A.',44093,'30-67856482-2',NULL,NULL,NULL),(69,NULL,'MERCEDES-BENZ COMPAÑÍA FINANCIERA ARGENT',44094,'30-70700229-4',NULL,NULL,NULL),(70,NULL,'ROMBO COMPAÑÍA FINANCIERA S.A.',44095,'33-70712490-9',NULL,NULL,NULL),(71,NULL,'JOHN DEERE CREDIT COMPAÑÍA FINANCIERA S.',44096,'30-70702485-9',NULL,NULL,NULL),(72,NULL,'PSA FINANCE ARGENTINA COMPAÑÍA FINANCIER',44098,'30-70784736-7',NULL,NULL,NULL),(73,NULL,'TOYOTA COMPAÑÍA FINANCIERA DE ARGENTINA',44099,'30-70900042-6',NULL,NULL,NULL),(74,NULL,'FINANDINO COMPAÑIA FINANCIERA S.A.',44100,'30-71259240-7',NULL,NULL,NULL),(75,NULL,'MONTEMAR COMPAÑIA FINANCIERA S.A.',45056,'30-58138551-6',NULL,NULL,NULL),(76,NULL,'MULTIFINANZAS COMPAÑIA FINANCIERA S.A.',45072,'30-62828435-7',NULL,NULL,NULL),(77,NULL,'CAJA DE CREDITO \"CUENCA\" COOPERATIVA LIM',65203,'30-71622694-4',NULL,NULL,NULL),(78,NULL,'MERCADO PAGO',NULL,NULL,NULL,NULL,NULL),(79,NULL,'UALA',NULL,NULL,NULL,NULL,NULL),(80,NULL,'ICBC',NULL,NULL,NULL,NULL,NULL),(81,NULL,'BMA SAU',NULL,NULL,NULL,NULL,NULL);

--
-- Table structure for table `ctacte_bancos_datos`
--

CREATE TABLE `ctacte_bancos_datos` (
  `id` int(10) unsigned NOT NULL AUTO_INCREMENT,
  `cuenta_conta_id` int(10) unsigned DEFAULT NULL,
  `nombre` varchar(255) COLLATE utf8mb4_unicode_ci DEFAULT NULL,
  `cuit` varchar(255) COLLATE utf8mb4_unicode_ci DEFAULT NULL,
  `titular` varchar(255) COLLATE utf8mb4_unicode_ci DEFAULT NULL,
  `cuenta` varchar(255) COLLATE utf8mb4_unicode_ci DEFAULT NULL,
  `num_cuenta` varchar(255) COLLATE utf8mb4_unicode_ci DEFAULT NULL,
  `cbu` varchar(255) COLLATE utf8mb4_unicode_ci DEFAULT NULL,
  `alias` varchar(255) COLLATE utf8mb4_unicode_ci DEFAULT NULL,
  `status` int(11) NOT NULL DEFAULT '1',
  `created_at` timestamp NULL DEFAULT NULL,
  `updated_at` timestamp NULL DEFAULT NULL,
  PRIMARY KEY (`id`),
  KEY `ctacte_bancos_datos_cuenta_conta_id_foreign` (`cuenta_conta_id`),
  CONSTRAINT `ctacte_bancos_datos_cuenta_conta_id_foreign` FOREIGN KEY (`cuenta_conta_id`) REFERENCES `conta_plan_cuenta` (`id`)
) ENGINE=InnoDB DEFAULT CHARSET=utf8mb4 COLLATE=utf8mb4_unicode_ci;

--
-- Dumping data for table `ctacte_bancos_datos`
--


--
-- Table structure for table `ctacte_cheques`
--

CREATE TABLE `ctacte_cheques` (
  `id` int(10) unsigned NOT NULL AUTO_INCREMENT,
  `user_id` int(10) unsigned DEFAULT NULL,
  `asiento_id` varchar(191) COLLATE utf8mb4_unicode_ci DEFAULT NULL,
  `cuenta_conta_id` int(10) unsigned DEFAULT NULL,
  `cta_cte_tesoreria_cuenta_id` int(10) unsigned DEFAULT NULL,
  `cta_cte_tesoreria_id` int(10) unsigned DEFAULT NULL,
  `cta_cte_tesoreria_detail_id` int(10) unsigned DEFAULT NULL,
  `cta_cte_cliente_id` int(10) unsigned DEFAULT NULL,
  `cta_cte_cliente_id2` int(10) unsigned DEFAULT NULL,
  `cta_cte_cliente_detail_id` int(10) unsigned DEFAULT NULL,
  `nf_cta_cte_id2` int(10) unsigned DEFAULT NULL,
  `nf_cta_cte_id` int(10) unsigned DEFAULT NULL,
  `monto` decimal(16,2) DEFAULT NULL,
  `cheque3ros` tinyint(1) NOT NULL DEFAULT '0',
  `cheque_emitidos` tinyint(1) NOT NULL DEFAULT '0',
  `fecha` date DEFAULT NULL,
  `fecha_cobro` date DEFAULT NULL,
  `banco_id` int(10) unsigned NOT NULL,
  `person_id` int(10) unsigned DEFAULT NULL,
  `cuit` text COLLATE utf8mb4_unicode_ci,
  `titular` varchar(255) COLLATE utf8mb4_unicode_ci DEFAULT NULL,
  `abierto_cruzado` int(11) NOT NULL DEFAULT '1',
  `is_no_a_la_orden` tinyint(1) NOT NULL DEFAULT '0',
  `numero` int(10) unsigned DEFAULT NULL,
  `foto` varchar(255) COLLATE utf8mb4_unicode_ci DEFAULT NULL,
  `comentario` varchar(255) COLLATE utf8mb4_unicode_ci DEFAULT NULL,
  `status` int(11) NOT NULL DEFAULT '1',
  `created_at` timestamp NULL DEFAULT NULL,
  `updated_at` timestamp NULL DEFAULT NULL,
  `deleted_at` timestamp NULL DEFAULT NULL,
  PRIMARY KEY (`id`),
  KEY `ctacte_cheques_asiento_id_foreign` (`asiento_id`),
  KEY `ctacte_cheques_cuenta_conta_id_foreign` (`cuenta_conta_id`),
  KEY `ctacte_cheques_banco_id_foreign` (`banco_id`),
  KEY `ctacte_cheques_person_id_foreign` (`person_id`),
  KEY `ctacte_cheques_cta_cte_cliente_id2_foreign` (`cta_cte_cliente_id2`),
  KEY `ctacte_cheques_cta_cte_cliente_id_foreign` (`cta_cte_cliente_id`),
  KEY `cta_cte_tesorer_id` (`cta_cte_tesoreria_id`),
  KEY `ctacte_cheques_nf_cta_cte_id_foreign` (`nf_cta_cte_id`),
  KEY `ctacte_cheques_nf_cta_cte_id2_foreign` (`nf_cta_cte_id2`),
  KEY `ctacte_cheques_cta_cte_tesoreria_cuenta_id_foreign` (`cta_cte_tesoreria_cuenta_id`),
  KEY `ctacte_cheques_cta_cte_cliente_detail_id_foreign` (`cta_cte_cliente_detail_id`),
  KEY `ctacte_cheques_cta_cte_tesoreria_detail_id_foreign` (`cta_cte_tesoreria_detail_id`),
  CONSTRAINT `cta_cte_tesorer_id` FOREIGN KEY (`cta_cte_tesoreria_id`) REFERENCES `cta_cte_tesoreria` (`id`),
  CONSTRAINT `ctacte_cheques_banco_id_foreign` FOREIGN KEY (`banco_id`) REFERENCES `ctacte_bancos` (`id`),
  CONSTRAINT `ctacte_cheques_cta_cte_cliente_detail_id_foreign` FOREIGN KEY (`cta_cte_cliente_detail_id`) REFERENCES `cta_cte_cliente_details` (`id`),
  CONSTRAINT `ctacte_cheques_cta_cte_cliente_id2_foreign` FOREIGN KEY (`cta_cte_cliente_id2`) REFERENCES `cta_cte_cliente` (`id`),
  CONSTRAINT `ctacte_cheques_cta_cte_cliente_id_foreign` FOREIGN KEY (`cta_cte_cliente_id`) REFERENCES `cta_cte_cliente` (`id`),
  CONSTRAINT `ctacte_cheques_cta_cte_tesoreria_cuenta_id_foreign` FOREIGN KEY (`cta_cte_tesoreria_cuenta_id`) REFERENCES `cta_cte_tesoreria_cuentas` (`id`),
  CONSTRAINT `ctacte_cheques_cta_cte_tesoreria_detail_id_foreign` FOREIGN KEY (`cta_cte_tesoreria_detail_id`) REFERENCES `cta_cte_tesoreria_detail` (`id`),
  CONSTRAINT `ctacte_cheques_cuenta_conta_id_foreign` FOREIGN KEY (`cuenta_conta_id`) REFERENCES `conta_plan_cuenta` (`id`),
  CONSTRAINT `ctacte_cheques_nf_cta_cte_id2_foreign` FOREIGN KEY (`nf_cta_cte_id2`) REFERENCES `nf_cta_cte` (`id`),
  CONSTRAINT `ctacte_cheques_nf_cta_cte_id_foreign` FOREIGN KEY (`nf_cta_cte_id`) REFERENCES `nf_cta_cte` (`id`),
  CONSTRAINT `ctacte_cheques_person_id_foreign` FOREIGN KEY (`person_id`) REFERENCES `persons` (`id`)
) ENGINE=InnoDB DEFAULT CHARSET=utf8mb4 COLLATE=utf8mb4_unicode_ci;

--
-- Dumping data for table `ctacte_cheques`
--


--
-- Table structure for table `ctactegastos_centrocosto`
--

CREATE TABLE `ctactegastos_centrocosto` (
  `id` int(10) unsigned NOT NULL AUTO_INCREMENT,
  `user_id` int(10) unsigned DEFAULT NULL,
  `nombre` varchar(255) COLLATE utf8mb4_unicode_ci NOT NULL,
  `created_at` timestamp NULL DEFAULT NULL,
  `updated_at` timestamp NULL DEFAULT NULL,
  `deleted_at` timestamp NULL DEFAULT NULL,
  PRIMARY KEY (`id`)
) ENGINE=InnoDB AUTO_INCREMENT=9 DEFAULT CHARSET=utf8mb4 COLLATE=utf8mb4_unicode_ci;

--
-- Dumping data for table `ctactegastos_centrocosto`
--

INSERT INTO `ctactegastos_centrocosto` VALUES (1,NULL,'OFICINA',NULL,NULL,NULL),(2,NULL,'FIJO',NULL,NULL,NULL),(3,NULL,'VARIABLE',NULL,NULL,NULL),(4,NULL,'GISELA',NULL,NULL,NULL),(5,NULL,'LIA',NULL,NULL,NULL),(6,NULL,'PADRES',NULL,NULL,NULL),(7,NULL,'CASA',NULL,NULL,NULL),(8,NULL,'VANESA',NULL,NULL,NULL);

--
-- Table structure for table `ctactegastos_cuenta_tipo`
--

CREATE TABLE `ctactegastos_cuenta_tipo` (
  `idCuentaTipo` int(10) unsigned NOT NULL AUTO_INCREMENT,
  `user_id` int(10) unsigned DEFAULT NULL,
  `cta_cte_tesoreria_cuenta_id` int(10) unsigned DEFAULT NULL,
  `idTipo` int(10) unsigned NOT NULL,
  `created_at` timestamp NULL DEFAULT NULL,
  `updated_at` timestamp NULL DEFAULT NULL,
  `deleted_at` timestamp NULL DEFAULT NULL,
  PRIMARY KEY (`idCuentaTipo`),
  KEY `ctactegastos_cuenta_tipo_idtipo_foreign` (`idTipo`),
  KEY `ctactegastos_cuenta_tipo_cta_cte_tesoreria_cuenta_id_foreign` (`cta_cte_tesoreria_cuenta_id`),
  CONSTRAINT `ctactegastos_cuenta_tipo_cta_cte_tesoreria_cuenta_id_foreign` FOREIGN KEY (`cta_cte_tesoreria_cuenta_id`) REFERENCES `cta_cte_tesoreria_cuentas` (`id`),
  CONSTRAINT `ctactegastos_cuenta_tipo_idtipo_foreign` FOREIGN KEY (`idTipo`) REFERENCES `ctactegastos_tiposdegastos` (`id`)
) ENGINE=InnoDB AUTO_INCREMENT=18 DEFAULT CHARSET=utf8mb4 COLLATE=utf8mb4_unicode_ci;

--
-- Dumping data for table `ctactegastos_cuenta_tipo`
--

INSERT INTO `ctactegastos_cuenta_tipo` VALUES (1,NULL,NULL,3,NULL,NULL,NULL),(2,NULL,NULL,6,NULL,NULL,NULL),(3,NULL,NULL,3,NULL,NULL,NULL),(4,NULL,NULL,4,NULL,NULL,NULL),(5,NULL,NULL,5,NULL,NULL,NULL),(6,NULL,NULL,3,NULL,NULL,NULL),(7,NULL,NULL,4,NULL,NULL,NULL),(8,NULL,NULL,3,NULL,NULL,NULL),(9,NULL,NULL,4,NULL,NULL,NULL),(10,NULL,NULL,7,NULL,NULL,NULL),(11,NULL,NULL,8,NULL,NULL,NULL),(12,NULL,NULL,3,NULL,NULL,NULL),(13,NULL,NULL,3,NULL,NULL,NULL),(14,NULL,NULL,4,NULL,NULL,NULL),(15,NULL,NULL,1,NULL,NULL,NULL),(16,NULL,NULL,2,NULL,NULL,NULL),(17,NULL,NULL,5,NULL,NULL,NULL);

--
-- Table structure for table `ctactegastos_mensuales`
--

CREATE TABLE `ctactegastos_mensuales` (
  `id` int(10) unsigned NOT NULL AUTO_INCREMENT,
  `user_id` int(10) unsigned DEFAULT NULL,
  `CuentaTipo_id` int(10) unsigned NOT NULL,
  `cta_cte_tesoreria_cuenta_id` int(10) unsigned NOT NULL DEFAULT '13',
  `TipoDeGasto_id` int(10) unsigned NOT NULL,
  `CentroCosto_id` int(10) unsigned NOT NULL,
  `gasto_cta_cte_tesoreria_cuenta_id` int(10) unsigned NOT NULL DEFAULT '13',
  `monto` decimal(16,2) DEFAULT NULL,
  `comentario` varchar(255) COLLATE utf8mb4_unicode_ci DEFAULT NULL,
  `status` int(11) NOT NULL DEFAULT '1',
  `created_at` timestamp NULL DEFAULT NULL,
  `updated_at` timestamp NULL DEFAULT NULL,
  `deleted_at` timestamp NULL DEFAULT NULL,
  PRIMARY KEY (`id`),
  KEY `ctactegastos_mensuales_cuentatipo_id_foreign` (`CuentaTipo_id`),
  KEY `ctactegastos_mensuales_tipodegasto_id_foreign` (`TipoDeGasto_id`),
  KEY `ctactegastos_mensuales_centrocosto_id_foreign` (`CentroCosto_id`),
  KEY `ctactegastos_mensuales_cta_cte_tesoreria_cuenta_id_foreign` (`cta_cte_tesoreria_cuenta_id`),
  KEY `ctactegastos_mensuales_gasto_cta_cte_tesoreria_cuenta_id_foreign` (`gasto_cta_cte_tesoreria_cuenta_id`),
  CONSTRAINT `ctactegastos_mensuales_centrocosto_id_foreign` FOREIGN KEY (`CentroCosto_id`) REFERENCES `ctactegastos_centrocosto` (`id`),
  CONSTRAINT `ctactegastos_mensuales_cta_cte_tesoreria_cuenta_id_foreign` FOREIGN KEY (`cta_cte_tesoreria_cuenta_id`) REFERENCES `cta_cte_tesoreria_cuentas` (`id`),
  CONSTRAINT `ctactegastos_mensuales_cuentatipo_id_foreign` FOREIGN KEY (`CuentaTipo_id`) REFERENCES `ctactegastos_cuenta_tipo` (`idCuentaTipo`),
  CONSTRAINT `ctactegastos_mensuales_gasto_cta_cte_tesoreria_cuenta_id_foreign` FOREIGN KEY (`gasto_cta_cte_tesoreria_cuenta_id`) REFERENCES `cta_cte_tesoreria_cuentas` (`id`),
  CONSTRAINT `ctactegastos_mensuales_tipodegasto_id_foreign` FOREIGN KEY (`TipoDeGasto_id`) REFERENCES `ctactegastos_tiposdegastos` (`id`)
) ENGINE=InnoDB DEFAULT CHARSET=utf8mb4 COLLATE=utf8mb4_unicode_ci;

--
-- Dumping data for table `ctactegastos_mensuales`
--


--
-- Table structure for table `ctactegastos_tiposdegastos`
--

CREATE TABLE `ctactegastos_tiposdegastos` (
  `id` int(10) unsigned NOT NULL AUTO_INCREMENT,
  `user_id` int(10) unsigned DEFAULT NULL,
  `nombre` varchar(255) COLLATE utf8mb4_unicode_ci DEFAULT NULL,
  `created_at` timestamp NULL DEFAULT NULL,
  `updated_at` timestamp NULL DEFAULT NULL,
  `deleted_at` timestamp NULL DEFAULT NULL,
  PRIMARY KEY (`id`)
) ENGINE=InnoDB AUTO_INCREMENT=11 DEFAULT CHARSET=utf8mb4 COLLATE=utf8mb4_unicode_ci;

--
-- Dumping data for table `ctactegastos_tiposdegastos`
--

INSERT INTO `ctactegastos_tiposdegastos` VALUES (1,NULL,'Oficina',NULL,NULL,NULL),(2,NULL,'Personales',NULL,NULL,NULL),(3,NULL,'Tarjeta VISA',NULL,NULL,NULL),(4,NULL,'Tarjeta Mastercard',NULL,NULL,NULL),(5,NULL,'Debito Automatico',NULL,NULL,NULL),(6,NULL,'American Express',NULL,NULL,NULL),(7,NULL,'Tarjeta Shopping',NULL,NULL,NULL),(8,NULL,'Tarjeta Cencosud',NULL,NULL,NULL),(9,NULL,'Tarjeta Coto',NULL,NULL,NULL),(10,NULL,'Tarjeta Nativa',NULL,NULL,NULL);

--
-- Table structure for table `cursos`
--

CREATE TABLE `cursos` (
  `id` int(10) unsigned NOT NULL AUTO_INCREMENT,
  `nombre` varchar(191) COLLATE utf8mb4_unicode_ci NOT NULL,
  `descripcion` longtext COLLATE utf8mb4_unicode_ci NOT NULL,
  `fecha` date DEFAULT NULL,
  `hora` varchar(191) COLLATE utf8mb4_unicode_ci DEFAULT NULL,
  `profesor` varchar(191) COLLATE utf8mb4_unicode_ci DEFAULT NULL,
  `cant_clases` varchar(191) COLLATE utf8mb4_unicode_ci DEFAULT NULL,
  `duracion` varchar(191) COLLATE utf8mb4_unicode_ci DEFAULT NULL,
  `adjuntos` varchar(191) COLLATE utf8mb4_unicode_ci DEFAULT NULL,
  `link_zoom` longtext COLLATE utf8mb4_unicode_ci,
  `cod_zoom` varchar(191) COLLATE utf8mb4_unicode_ci DEFAULT NULL,
  `contraseña_zoom` varchar(191) COLLATE utf8mb4_unicode_ci DEFAULT NULL,
  `link_youtube` varchar(191) COLLATE utf8mb4_unicode_ci DEFAULT NULL,
  `materiales` varchar(191) COLLATE utf8mb4_unicode_ci DEFAULT NULL,
  `habilitado` tinyint(1) NOT NULL DEFAULT '1',
  `created_at` timestamp NULL DEFAULT NULL,
  `updated_at` timestamp NULL DEFAULT NULL,
  `deleted_at` timestamp NULL DEFAULT NULL,
  PRIMARY KEY (`id`)
) ENGINE=InnoDB DEFAULT CHARSET=utf8mb4 COLLATE=utf8mb4_unicode_ci;

--
-- Dumping data for table `cursos`
--


--
-- Table structure for table `cursos_detail`
--

CREATE TABLE `cursos_detail` (
  `id` int(10) unsigned NOT NULL AUTO_INCREMENT,
  `curso_id` int(10) unsigned NOT NULL,
  `field_name1` varchar(191) COLLATE utf8mb4_unicode_ci NOT NULL,
  `email` varchar(191) COLLATE utf8mb4_unicode_ci NOT NULL,
  `celular` int(11) NOT NULL,
  `created_at` timestamp NULL DEFAULT NULL,
  `updated_at` timestamp NULL DEFAULT NULL,
  `deleted_at` timestamp NULL DEFAULT NULL,
  PRIMARY KEY (`id`),
  KEY `cursos_detail_curso_id_foreign` (`curso_id`),
  CONSTRAINT `cursos_detail_curso_id_foreign` FOREIGN KEY (`curso_id`) REFERENCES `cursos` (`id`)
) ENGINE=InnoDB DEFAULT CHARSET=utf8mb4 COLLATE=utf8mb4_unicode_ci;

--
-- Dumping data for table `cursos_detail`
--


--
-- Table structure for table `data_types`
--

CREATE TABLE `data_types` (
  `id` int(10) unsigned NOT NULL AUTO_INCREMENT,
  `description` varchar(180) COLLATE utf8mb4_unicode_ci NOT NULL,
  `class` int(10) unsigned NOT NULL,
  `class_description` varchar(180) COLLATE utf8mb4_unicode_ci NOT NULL,
  `data_type` varchar(100) COLLATE utf8mb4_unicode_ci NOT NULL,
  `path` varchar(255) COLLATE utf8mb4_unicode_ci DEFAULT NULL,
  `created_at` timestamp NULL DEFAULT NULL,
  `updated_at` timestamp NULL DEFAULT NULL,
  PRIMARY KEY (`id`),
  UNIQUE KEY `data_types_description_unique` (`description`)
) ENGINE=InnoDB AUTO_INCREMENT=9 DEFAULT CHARSET=utf8mb4 COLLATE=utf8mb4_unicode_ci;

--
-- Dumping data for table `data_types`
--

INSERT INTO `data_types` VALUES (1,'Comprobantes XLS',1,'Importación','XLS','data/imports/receipts/xls',NULL,NULL),(2,'CITI-Ventas',1,'Importación','TXT','data/imports/receipts/CitiVentas',NULL,NULL),(3,'CITI Compras',2,'Exportación','TXT','data/exports/receipts/citi',NULL,NULL),(4,'CITI Ventas',2,'Exportación','TXT','data/exports/receipts/CitiVentasExport',NULL,NULL),(5,'Convenio Multilateral',2,'Exportación','TXT','data/exports/receipts/convenio',NULL,NULL),(6,'Libro IVA Digital',2,'Exportación','TXT','data/exports/receipts/libro_iva_digital',NULL,'2019-11-20 21:43:44'),(7,'Mis Comprobantes',1,'Importacion','','data/imports/receipts/mis_comprobantes',NULL,NULL),(8,'Consulta AFIP',3,'AFIP','','data/afip/index','2019-12-06 14:49:55','2019-12-06 14:49:55');

--
-- Table structure for table `dc_estados`
--

CREATE TABLE `dc_estados` (
  `id` bigint(20) unsigned NOT NULL AUTO_INCREMENT,
  `user_id` int(10) unsigned DEFAULT NULL,
  `descripcion` text COLLATE utf8mb4_unicode_ci NOT NULL,
  `habilitado` tinyint(1) NOT NULL DEFAULT '1',
  `created_at` timestamp NULL DEFAULT NULL,
  `updated_at` timestamp NULL DEFAULT NULL,
  `deleted_at` timestamp NULL DEFAULT NULL,
  PRIMARY KEY (`id`)
) ENGINE=InnoDB AUTO_INCREMENT=6 DEFAULT CHARSET=utf8mb4 COLLATE=utf8mb4_unicode_ci;

--
-- Dumping data for table `dc_estados`
--

INSERT INTO `dc_estados` VALUES (1,NULL,'BORRADOR',1,NULL,'2023-08-06 23:58:16',NULL),(2,NULL,'TERMINADO',1,NULL,'2023-08-06 23:58:16',NULL),(3,NULL,'ELIMINADO',1,NULL,'2023-08-13 09:17:28',NULL),(4,NULL,'PAGADO',1,NULL,'2023-08-06 23:58:16','2023-08-06 23:58:16'),(5,NULL,'CONCILIADO',1,NULL,'2023-08-06 23:58:16','2023-08-06 23:58:16');

--
-- Table structure for table `dc_estados_decisiones`
--

CREATE TABLE `dc_estados_decisiones` (
  `id` bigint(20) unsigned NOT NULL AUTO_INCREMENT,
  `user_id` int(10) unsigned DEFAULT NULL,
  `dc_orden_tipo_id` bigint(20) unsigned NOT NULL,
  `descripcion` varchar(191) COLLATE utf8mb4_unicode_ci NOT NULL,
  `habilitado` tinyint(1) NOT NULL DEFAULT '1',
  `created_at` timestamp NULL DEFAULT NULL,
  `updated_at` timestamp NULL DEFAULT NULL,
  `deleted_at` timestamp NULL DEFAULT NULL,
  PRIMARY KEY (`id`),
  KEY `dc_estados_decisiones_dc_orden_tipo_id_foreign` (`dc_orden_tipo_id`),
  CONSTRAINT `dc_estados_decisiones_dc_orden_tipo_id_foreign` FOREIGN KEY (`dc_orden_tipo_id`) REFERENCES `dc_ordenes_tipos` (`id`)
) ENGINE=InnoDB AUTO_INCREMENT=5 DEFAULT CHARSET=utf8mb4 COLLATE=utf8mb4_unicode_ci;

--
-- Dumping data for table `dc_estados_decisiones`
--

INSERT INTO `dc_estados_decisiones` VALUES (1,NULL,3,'Pendiente',1,NULL,NULL,NULL),(2,NULL,3,'Aprobado',1,NULL,NULL,NULL),(3,NULL,3,'Rechazado',1,NULL,NULL,NULL),(4,NULL,3,'Cancelado',1,NULL,NULL,NULL);

--
-- Table structure for table `dc_firmas`
--

CREATE TABLE `dc_firmas` (
  `id` bigint(20) unsigned NOT NULL AUTO_INCREMENT,
  `user_id` int(10) unsigned DEFAULT NULL,
  `descripcion` text COLLATE utf8mb4_unicode_ci NOT NULL,
  `show_firmante_dc` tinyint(1) NOT NULL DEFAULT '0',
  `show_create_dc` tinyint(1) NOT NULL DEFAULT '0',
  `faltan_firmas` tinyint(1) NOT NULL DEFAULT '0',
  `habilitado` tinyint(1) NOT NULL DEFAULT '1',
  `created_at` timestamp NULL DEFAULT NULL,
  `updated_at` timestamp NULL DEFAULT NULL,
  `deleted_at` timestamp NULL DEFAULT NULL,
  PRIMARY KEY (`id`)
) ENGINE=InnoDB AUTO_INCREMENT=6 DEFAULT CHARSET=utf8mb4 COLLATE=utf8mb4_unicode_ci;

--
-- Dumping data for table `dc_firmas`
--

INSERT INTO `dc_firmas` VALUES (1,NULL,'NO',1,1,0,1,NULL,'2023-08-06 23:58:16',NULL),(2,NULL,'RECHAZADO',1,1,0,1,NULL,'2023-08-06 23:58:16',NULL),(3,NULL,'ACEPTADO',1,0,0,1,NULL,'2023-08-06 23:58:16',NULL),(4,NULL,'FALTAN FIRMAS',0,0,1,1,'2023-08-06 23:58:16','2023-08-06 23:58:16',NULL),(5,NULL,'EMITIDO',1,0,0,1,'2023-10-12 08:06:58','2023-10-12 08:06:58',NULL);

--
-- Table structure for table `dc_firmas_ordenes`
--

CREATE TABLE `dc_firmas_ordenes` (
  `id` bigint(20) unsigned NOT NULL AUTO_INCREMENT,
  `user_id` int(10) unsigned DEFAULT NULL,
  `person_id` int(10) unsigned NOT NULL,
  `dc_orden_id` bigint(20) unsigned NOT NULL,
  `user_id_que_firma` int(10) unsigned NOT NULL,
  `dc_firma_id` bigint(20) unsigned NOT NULL,
  `created_at` timestamp NULL DEFAULT NULL,
  `updated_at` timestamp NULL DEFAULT NULL,
  `deleted_at` timestamp NULL DEFAULT NULL,
  PRIMARY KEY (`id`),
  KEY `dc_firmas_ordenes_person_id_foreign` (`person_id`),
  KEY `dc_firmas_ordenes_dc_orden_id_foreign` (`dc_orden_id`),
  KEY `dc_firmas_ordenes_dc_firma_id_foreign` (`dc_firma_id`),
  CONSTRAINT `dc_firmas_ordenes_dc_firma_id_foreign` FOREIGN KEY (`dc_firma_id`) REFERENCES `dc_firmas` (`id`),
  CONSTRAINT `dc_firmas_ordenes_dc_orden_id_foreign` FOREIGN KEY (`dc_orden_id`) REFERENCES `dc_ordenes` (`id`),
  CONSTRAINT `dc_firmas_ordenes_person_id_foreign` FOREIGN KEY (`person_id`) REFERENCES `persons` (`id`)
) ENGINE=InnoDB DEFAULT CHARSET=utf8mb4 COLLATE=utf8mb4_unicode_ci;

--
-- Dumping data for table `dc_firmas_ordenes`
--


--
-- Table structure for table `dc_firmas_reglas`
--

CREATE TABLE `dc_firmas_reglas` (
  `id` bigint(20) unsigned NOT NULL AUTO_INCREMENT,
  `user_id` int(10) unsigned DEFAULT NULL,
  `person_id` int(10) unsigned NOT NULL,
  `dc_orden_id` bigint(20) unsigned NOT NULL,
  `importe` decimal(16,2) NOT NULL,
  `grupos_users_ids` longtext COLLATE utf8mb4_unicode_ci,
  `created_at` timestamp NULL DEFAULT NULL,
  `updated_at` timestamp NULL DEFAULT NULL,
  `deleted_at` timestamp NULL DEFAULT NULL,
  PRIMARY KEY (`id`),
  KEY `dc_firmas_reglas_person_id_foreign` (`person_id`),
  KEY `dc_firmas_reglas_dc_orden_id_foreign` (`dc_orden_id`),
  CONSTRAINT `dc_firmas_reglas_dc_orden_id_foreign` FOREIGN KEY (`dc_orden_id`) REFERENCES `dc_ordenes` (`id`),
  CONSTRAINT `dc_firmas_reglas_person_id_foreign` FOREIGN KEY (`person_id`) REFERENCES `persons` (`id`)
) ENGINE=InnoDB DEFAULT CHARSET=utf8mb4 COLLATE=utf8mb4_unicode_ci;

--
-- Dumping data for table `dc_firmas_reglas`
--


--
-- Table structure for table `dc_orden_de_pago`
--

CREATE TABLE `dc_orden_de_pago` (
  `id` bigint(20) unsigned NOT NULL AUTO_INCREMENT,
  `user_id` int(10) unsigned DEFAULT NULL,
  `fecha` datetime NOT NULL DEFAULT '2023-09-28 16:30:48',
  `dc_orden_id` bigint(20) unsigned NOT NULL DEFAULT '10',
  `person_id` int(10) unsigned NOT NULL,
  `person_id_relationed` int(10) unsigned NOT NULL,
  `request` longtext COLLATE utf8mb4_unicode_ci NOT NULL,
  `dc_estado_id` bigint(20) unsigned NOT NULL DEFAULT '1',
  `dc_firma_id` bigint(20) unsigned NOT NULL DEFAULT '1',
  `created_at` timestamp NULL DEFAULT NULL,
  `updated_at` timestamp NULL DEFAULT NULL,
  `deleted_at` timestamp NULL DEFAULT NULL,
  PRIMARY KEY (`id`),
  KEY `dc_orden_de_pago_person_id_foreign` (`person_id`),
  KEY `dc_orden_de_pago_person_id_relationed_foreign` (`person_id_relationed`),
  KEY `dc_orden_de_pago_dc_orden_id_foreign` (`dc_orden_id`),
  KEY `dc_orden_de_pago_dc_firma_id_foreign` (`dc_firma_id`),
  KEY `dc_orden_de_pago_dc_estado_id_foreign` (`dc_estado_id`),
  CONSTRAINT `dc_orden_de_pago_dc_estado_id_foreign` FOREIGN KEY (`dc_estado_id`) REFERENCES `dc_estados` (`id`),
  CONSTRAINT `dc_orden_de_pago_dc_firma_id_foreign` FOREIGN KEY (`dc_firma_id`) REFERENCES `dc_firmas` (`id`),
  CONSTRAINT `dc_orden_de_pago_dc_orden_id_foreign` FOREIGN KEY (`dc_orden_id`) REFERENCES `dc_ordenes` (`id`),
  CONSTRAINT `dc_orden_de_pago_person_id_foreign` FOREIGN KEY (`person_id`) REFERENCES `persons` (`id`),
  CONSTRAINT `dc_orden_de_pago_person_id_relationed_foreign` FOREIGN KEY (`person_id_relationed`) REFERENCES `persons` (`id`)
) ENGINE=InnoDB DEFAULT CHARSET=utf8mb4 COLLATE=utf8mb4_unicode_ci;

--
-- Dumping data for table `dc_orden_de_pago`
--


--
-- Table structure for table `dc_orden_de_pago_cheques`
--

CREATE TABLE `dc_orden_de_pago_cheques` (
  `id` bigint(20) unsigned NOT NULL AUTO_INCREMENT,
  `user_id` int(10) unsigned DEFAULT NULL,
  `dc_orden_de_pago_id` bigint(20) unsigned NOT NULL,
  `ctacte_cheque_id` int(10) unsigned NOT NULL,
  `created_at` timestamp NULL DEFAULT NULL,
  `updated_at` timestamp NULL DEFAULT NULL,
  `deleted_at` timestamp NULL DEFAULT NULL,
  PRIMARY KEY (`id`),
  KEY `dc_orden_de_pago_cheques_dc_orden_de_pago_id_foreign` (`dc_orden_de_pago_id`),
  KEY `dc_orden_de_pago_cheques_ctacte_cheque_id_foreign` (`ctacte_cheque_id`),
  CONSTRAINT `dc_orden_de_pago_cheques_ctacte_cheque_id_foreign` FOREIGN KEY (`ctacte_cheque_id`) REFERENCES `ctacte_cheques` (`id`),
  CONSTRAINT `dc_orden_de_pago_cheques_dc_orden_de_pago_id_foreign` FOREIGN KEY (`dc_orden_de_pago_id`) REFERENCES `dc_orden_de_pago` (`id`)
) ENGINE=InnoDB DEFAULT CHARSET=utf8mb4 COLLATE=utf8mb4_unicode_ci;

--
-- Dumping data for table `dc_orden_de_pago_cheques`
--


--
-- Table structure for table `dc_orden_de_pago_receipts`
--

CREATE TABLE `dc_orden_de_pago_receipts` (
  `id` bigint(20) unsigned NOT NULL AUTO_INCREMENT,
  `user_id` int(10) unsigned DEFAULT NULL,
  `dc_orden_de_pago_id` bigint(20) unsigned NOT NULL,
  `receipt_id` int(10) unsigned DEFAULT NULL,
  `importe` decimal(16,2) NOT NULL,
  `created_at` timestamp NULL DEFAULT NULL,
  `updated_at` timestamp NULL DEFAULT NULL,
  `deleted_at` timestamp NULL DEFAULT NULL,
  PRIMARY KEY (`id`),
  KEY `dc_orden_de_pago_receipts_dc_orden_de_pago_id_foreign` (`dc_orden_de_pago_id`),
  KEY `dc_orden_de_pago_receipts_receipt_id_foreign` (`receipt_id`),
  CONSTRAINT `dc_orden_de_pago_receipts_dc_orden_de_pago_id_foreign` FOREIGN KEY (`dc_orden_de_pago_id`) REFERENCES `dc_orden_de_pago` (`id`),
  CONSTRAINT `dc_orden_de_pago_receipts_receipt_id_foreign` FOREIGN KEY (`receipt_id`) REFERENCES `receipts` (`id`)
) ENGINE=InnoDB DEFAULT CHARSET=utf8mb4 COLLATE=utf8mb4_unicode_ci;

--
-- Dumping data for table `dc_orden_de_pago_receipts`
--


--
-- Table structure for table `dc_orden_files`
--

CREATE TABLE `dc_orden_files` (
  `id` bigint(20) unsigned NOT NULL AUTO_INCREMENT,
  `user_id` int(10) unsigned DEFAULT NULL,
  `dc_orden_id` bigint(20) unsigned NOT NULL,
  `file` text COLLATE utf8mb4_unicode_ci NOT NULL,
  `original_name` text COLLATE utf8mb4_unicode_ci,
  `created_at` timestamp NULL DEFAULT NULL,
  `updated_at` timestamp NULL DEFAULT NULL,
  `deleted_at` timestamp NULL DEFAULT NULL,
  PRIMARY KEY (`id`),
  KEY `dc_orden_files_dc_orden_id_foreign` (`dc_orden_id`),
  CONSTRAINT `dc_orden_files_dc_orden_id_foreign` FOREIGN KEY (`dc_orden_id`) REFERENCES `dc_ordenes` (`id`)
) ENGINE=InnoDB DEFAULT CHARSET=utf8mb4 COLLATE=utf8mb4_unicode_ci;

--
-- Dumping data for table `dc_orden_files`
--


--
-- Table structure for table `dc_ordenes`
--

CREATE TABLE `dc_ordenes` (
  `id` bigint(20) unsigned NOT NULL AUTO_INCREMENT,
  `user_id` int(10) unsigned DEFAULT NULL,
  `dc_orden_tipo_id` bigint(20) unsigned NOT NULL,
  `person_id` int(10) unsigned NOT NULL,
  `person_id_relationed` int(10) unsigned DEFAULT NULL,
  `titulo` text COLLATE utf8mb4_unicode_ci,
  `sucursal` int(11) NOT NULL DEFAULT '1',
  `numero` int(11) NOT NULL,
  `numero_text` varchar(255) COLLATE utf8mb4_unicode_ci DEFAULT NULL,
  `sector` varchar(191) COLLATE utf8mb4_unicode_ci DEFAULT NULL,
  `solicitante` varchar(191) COLLATE utf8mb4_unicode_ci DEFAULT NULL,
  `syj_empleado_id` int(10) unsigned DEFAULT NULL,
  `fecha` date NOT NULL,
  `fecha_entrega` date DEFAULT NULL,
  `fecha_asignacion` datetime DEFAULT NULL,
  `fecha_cumplido` datetime DEFAULT NULL,
  `condicion_venta_id` int(10) unsigned DEFAULT NULL,
  `is_pago_adelantado` tinyint(1) DEFAULT NULL,
  `is_garantia` tinyint(1) NOT NULL DEFAULT '0',
  `forma_de_entrega_id` int(10) unsigned DEFAULT NULL,
  `plazo_de_pago_id` int(10) unsigned DEFAULT NULL,
  `cantidades` decimal(16,2) NOT NULL,
  `moneda_id` int(10) unsigned NOT NULL DEFAULT '1',
  `cotizacion` decimal(16,2) NOT NULL DEFAULT '1.00',
  `neto` decimal(16,2) NOT NULL,
  `iva` decimal(16,2) NOT NULL,
  `total` decimal(16,2) NOT NULL,
  `facturada` decimal(16,2) NOT NULL DEFAULT '0.00',
  `is_pagada` tinyint(1) NOT NULL,
  `garantia` varchar(100) COLLATE utf8mb4_unicode_ci DEFAULT NULL,
  `mant_oferta` varchar(100) COLLATE utf8mb4_unicode_ci DEFAULT NULL,
  `comen_para_cliente` text COLLATE utf8mb4_unicode_ci,
  `comentario` longtext COLLATE utf8mb4_unicode_ci NOT NULL,
  `dc_ov_origen_id` bigint(20) unsigned DEFAULT NULL,
  `dc_ov_status_cobranza_id` bigint(20) unsigned DEFAULT NULL,
  `dc_ov_status_factura_id` bigint(20) unsigned DEFAULT NULL,
  `dc_ov_status_entrega_id` bigint(20) unsigned DEFAULT NULL,
  `dc_ov_status_venta_id` bigint(20) unsigned DEFAULT NULL,
  `dc_estado_id` bigint(20) unsigned NOT NULL,
  `dc_estado_decision_id` bigint(20) unsigned DEFAULT NULL,
  `inv_orden_trabajo_id` bigint(20) unsigned DEFAULT NULL,
  `conta_cc_id` bigint(20) unsigned DEFAULT NULL,
  `origendestinoable_type` text COLLATE utf8mb4_unicode_ci,
  `origendestinoable_id` int(10) unsigned DEFAULT NULL,
  `is_multiples_ot` tinyint(1) unsigned NOT NULL DEFAULT '0',
  `dc_orden_origen_destino_id` bigint(20) unsigned DEFAULT NULL,
  `is_completado` tinyint(1) NOT NULL DEFAULT '0',
  `is_credit` tinyint(1) DEFAULT NULL,
  `dc_firma_id` bigint(20) unsigned NOT NULL DEFAULT '1',
  `created_at` timestamp NULL DEFAULT NULL,
  `updated_at` timestamp NULL DEFAULT NULL,
  `deleted_at` timestamp NULL DEFAULT NULL,
  PRIMARY KEY (`id`),
  KEY `dc_ordenes_dc_orden_tipo_id_foreign` (`dc_orden_tipo_id`),
  KEY `dc_ordenes_person_id_foreign` (`person_id`),
  KEY `dc_ordenes_person_id_relationed_foreign` (`person_id_relationed`),
  KEY `dc_ordenes_dc_estado_id_foreign` (`dc_estado_id`),
  KEY `dc_ordenes_conta_cc_id_foreign` (`conta_cc_id`),
  KEY `dc_ordenes_inv_orden_trabajo_id_foreign` (`inv_orden_trabajo_id`),
  KEY `dc_ordenes_dc_orden_origen_destino_id_foreign` (`dc_orden_origen_destino_id`),
  KEY `dc_ordenes_moneda_id_foreign` (`moneda_id`),
  KEY `dc_ordenes_dc_firma_id_foreign` (`dc_firma_id`),
  KEY `dc_ordenes_syj_empleado_id_foreign` (`syj_empleado_id`),
  KEY `dc_ordenes_dc_estado_decision_id_foreign` (`dc_estado_decision_id`),
  KEY `dc_ordenes_dc_ov_origen_id_foreign` (`dc_ov_origen_id`),
  KEY `dc_ordenes_dc_ov_status_venta_id_foreign` (`dc_ov_status_venta_id`),
  KEY `dc_ordenes_dc_ov_status_entrega_id_foreign` (`dc_ov_status_entrega_id`),
  KEY `dc_ordenes_dc_ov_status_factura_id_foreign` (`dc_ov_status_factura_id`),
  KEY `dc_ordenes_dc_ov_status_cobranza_id_foreign` (`dc_ov_status_cobranza_id`),
  CONSTRAINT `dc_ordenes_conta_cc_id_foreign` FOREIGN KEY (`conta_cc_id`) REFERENCES `conta_centro_costos` (`id`),
  CONSTRAINT `dc_ordenes_dc_estado_decision_id_foreign` FOREIGN KEY (`dc_estado_decision_id`) REFERENCES `dc_estados_decisiones` (`id`),
  CONSTRAINT `dc_ordenes_dc_estado_id_foreign` FOREIGN KEY (`dc_estado_id`) REFERENCES `dc_estados` (`id`),
  CONSTRAINT `dc_ordenes_dc_firma_id_foreign` FOREIGN KEY (`dc_firma_id`) REFERENCES `dc_firmas` (`id`),
  CONSTRAINT `dc_ordenes_dc_orden_origen_destino_id_foreign` FOREIGN KEY (`dc_orden_origen_destino_id`) REFERENCES `dc_ordenes_origen_destino` (`id`),
  CONSTRAINT `dc_ordenes_dc_orden_tipo_id_foreign` FOREIGN KEY (`dc_orden_tipo_id`) REFERENCES `dc_ordenes_tipos` (`id`),
  CONSTRAINT `dc_ordenes_dc_ov_origen_id_foreign` FOREIGN KEY (`dc_ov_origen_id`) REFERENCES `dc_ov_origenes` (`id`),
  CONSTRAINT `dc_ordenes_dc_ov_status_cobranza_id_foreign` FOREIGN KEY (`dc_ov_status_cobranza_id`) REFERENCES `dc_ov_status_cobranza` (`id`),
  CONSTRAINT `dc_ordenes_dc_ov_status_entrega_id_foreign` FOREIGN KEY (`dc_ov_status_entrega_id`) REFERENCES `dc_ov_status_entrega` (`id`),
  CONSTRAINT `dc_ordenes_dc_ov_status_factura_id_foreign` FOREIGN KEY (`dc_ov_status_factura_id`) REFERENCES `dc_ov_status_factura` (`id`),
  CONSTRAINT `dc_ordenes_dc_ov_status_venta_id_foreign` FOREIGN KEY (`dc_ov_status_venta_id`) REFERENCES `dc_ov_status_venta` (`id`),
  CONSTRAINT `dc_ordenes_inv_orden_trabajo_id_foreign` FOREIGN KEY (`inv_orden_trabajo_id`) REFERENCES `inv_orden_trabajos` (`id`),
  CONSTRAINT `dc_ordenes_moneda_id_foreign` FOREIGN KEY (`moneda_id`) REFERENCES `monedas` (`id`),
  CONSTRAINT `dc_ordenes_person_id_foreign` FOREIGN KEY (`person_id`) REFERENCES `persons` (`id`),
  CONSTRAINT `dc_ordenes_person_id_relationed_foreign` FOREIGN KEY (`person_id_relationed`) REFERENCES `persons` (`id`),
  CONSTRAINT `dc_ordenes_syj_empleado_id_foreign` FOREIGN KEY (`syj_empleado_id`) REFERENCES `syj_empleados` (`id`)
) ENGINE=InnoDB DEFAULT CHARSET=utf8mb4 COLLATE=utf8mb4_unicode_ci;

--
-- Dumping data for table `dc_ordenes`
--


--
-- Table structure for table `dc_ordenes_compra_coti`
--

CREATE TABLE `dc_ordenes_compra_coti` (
  `id` int(10) unsigned NOT NULL AUTO_INCREMENT,
  `user_id` int(10) unsigned DEFAULT NULL,
  `dc_orden_id` bigint(20) unsigned NOT NULL,
  `dc_orden_coti_id` bigint(20) unsigned NOT NULL,
  `created_at` timestamp NULL DEFAULT NULL,
  `updated_at` timestamp NULL DEFAULT NULL,
  `deleted_at` timestamp NULL DEFAULT NULL,
  PRIMARY KEY (`id`),
  KEY `dc_ordenes_compra_coti_dc_orden_id_foreign` (`dc_orden_id`),
  KEY `dc_ordenes_compra_coti_dc_orden_coti_id_foreign` (`dc_orden_coti_id`),
  CONSTRAINT `dc_ordenes_compra_coti_dc_orden_coti_id_foreign` FOREIGN KEY (`dc_orden_coti_id`) REFERENCES `dc_ordenes` (`id`),
  CONSTRAINT `dc_ordenes_compra_coti_dc_orden_id_foreign` FOREIGN KEY (`dc_orden_id`) REFERENCES `dc_ordenes` (`id`)
) ENGINE=InnoDB DEFAULT CHARSET=utf8mb4 COLLATE=utf8mb4_unicode_ci;

--
-- Dumping data for table `dc_ordenes_compra_coti`
--


--
-- Table structure for table `dc_ordenes_compra_req`
--

CREATE TABLE `dc_ordenes_compra_req` (
  `id` int(10) unsigned NOT NULL AUTO_INCREMENT,
  `user_id` int(10) unsigned DEFAULT NULL,
  `dc_orden_id` bigint(20) unsigned NOT NULL,
  `dc_orden_detail_id` bigint(20) unsigned NOT NULL,
  `dc_orden_req_id` bigint(20) unsigned NOT NULL,
  `dc_orden_req_detail_id` bigint(20) unsigned NOT NULL,
  `created_at` timestamp NULL DEFAULT NULL,
  `updated_at` timestamp NULL DEFAULT NULL,
  `deleted_at` timestamp NULL DEFAULT NULL,
  PRIMARY KEY (`id`),
  KEY `dc_ordenes_compra_req_dc_orden_id_foreign` (`dc_orden_id`),
  KEY `dc_ordenes_compra_req_dc_orden_detail_id_foreign` (`dc_orden_detail_id`),
  KEY `dc_ordenes_compra_req_dc_orden_req_id_foreign` (`dc_orden_req_id`),
  KEY `dc_ordenes_compra_req_dc_orden_req_detail_id_foreign` (`dc_orden_req_detail_id`),
  CONSTRAINT `dc_ordenes_compra_req_dc_orden_detail_id_foreign` FOREIGN KEY (`dc_orden_detail_id`) REFERENCES `dc_ordenes_details` (`id`),
  CONSTRAINT `dc_ordenes_compra_req_dc_orden_id_foreign` FOREIGN KEY (`dc_orden_id`) REFERENCES `dc_ordenes` (`id`),
  CONSTRAINT `dc_ordenes_compra_req_dc_orden_req_detail_id_foreign` FOREIGN KEY (`dc_orden_req_detail_id`) REFERENCES `dc_ordenes_details` (`id`),
  CONSTRAINT `dc_ordenes_compra_req_dc_orden_req_id_foreign` FOREIGN KEY (`dc_orden_req_id`) REFERENCES `dc_ordenes` (`id`)
) ENGINE=InnoDB DEFAULT CHARSET=utf8mb4 COLLATE=utf8mb4_unicode_ci;

--
-- Dumping data for table `dc_ordenes_compra_req`
--


--
-- Table structure for table `dc_ordenes_cotizacion_req`
--

CREATE TABLE `dc_ordenes_cotizacion_req` (
  `id` int(10) unsigned NOT NULL AUTO_INCREMENT,
  `user_id` int(10) unsigned DEFAULT NULL,
  `dc_orden_id` bigint(20) unsigned NOT NULL,
  `dc_orden_detail_id` bigint(20) unsigned NOT NULL,
  `dc_orden_req_id` bigint(20) unsigned NOT NULL,
  `dc_orden_req_detail_id` bigint(20) unsigned NOT NULL,
  `created_at` timestamp NULL DEFAULT NULL,
  `updated_at` timestamp NULL DEFAULT NULL,
  `deleted_at` timestamp NULL DEFAULT NULL,
  PRIMARY KEY (`id`),
  KEY `dc_ordenes_cotizacion_req_dc_orden_id_foreign` (`dc_orden_id`),
  KEY `dc_ordenes_cotizacion_req_dc_orden_detail_id_foreign` (`dc_orden_detail_id`),
  KEY `dc_ordenes_cotizacion_req_dc_orden_req_id_foreign` (`dc_orden_req_id`),
  KEY `dc_ordenes_cotizacion_req_dc_orden_req_detail_id_foreign` (`dc_orden_req_detail_id`),
  CONSTRAINT `dc_ordenes_cotizacion_req_dc_orden_detail_id_foreign` FOREIGN KEY (`dc_orden_detail_id`) REFERENCES `dc_ordenes_details` (`id`),
  CONSTRAINT `dc_ordenes_cotizacion_req_dc_orden_id_foreign` FOREIGN KEY (`dc_orden_id`) REFERENCES `dc_ordenes` (`id`),
  CONSTRAINT `dc_ordenes_cotizacion_req_dc_orden_req_detail_id_foreign` FOREIGN KEY (`dc_orden_req_detail_id`) REFERENCES `dc_ordenes_details` (`id`),
  CONSTRAINT `dc_ordenes_cotizacion_req_dc_orden_req_id_foreign` FOREIGN KEY (`dc_orden_req_id`) REFERENCES `dc_ordenes` (`id`)
) ENGINE=InnoDB DEFAULT CHARSET=utf8mb4 COLLATE=utf8mb4_unicode_ci;

--
-- Dumping data for table `dc_ordenes_cotizacion_req`
--


--
-- Table structure for table `dc_ordenes_details`
--

CREATE TABLE `dc_ordenes_details` (
  `id` bigint(20) unsigned NOT NULL AUTO_INCREMENT,
  `user_id` int(10) unsigned DEFAULT NULL,
  `dc_orden_id` bigint(20) unsigned NOT NULL,
  `dc_orden_origen_destino_id` bigint(20) unsigned DEFAULT NULL,
  `origendestinoable_id` int(10) unsigned DEFAULT NULL,
  `origendestinoable_type` text COLLATE utf8mb4_unicode_ci,
  `cantidades` decimal(16,2) NOT NULL,
  `inv_deposito_id` bigint(20) unsigned DEFAULT NULL,
  `inv_producto_id` bigint(20) unsigned DEFAULT NULL,
  `inv_producto_id_destino` bigint(20) unsigned DEFAULT NULL,
  `prod_variant_id` bigint(20) unsigned DEFAULT NULL,
  `inv_deposito_id_destino` bigint(20) unsigned DEFAULT NULL,
  `descripcion` varchar(191) COLLATE utf8mb4_unicode_ci DEFAULT NULL,
  `neto` decimal(16,2) NOT NULL,
  `desc_porc` decimal(16,2) DEFAULT NULL,
  `descuento` decimal(16,2) DEFAULT NULL,
  `system_tax_id` int(10) unsigned NOT NULL,
  `iva` decimal(16,2) NOT NULL,
  `subtotal` decimal(16,2) NOT NULL,
  `created_at` timestamp NULL DEFAULT NULL,
  `updated_at` timestamp NULL DEFAULT NULL,
  `deleted_at` timestamp NULL DEFAULT NULL,
  PRIMARY KEY (`id`),
  KEY `dc_ordenes_details_dc_orden_id_foreign` (`dc_orden_id`),
  KEY `dc_ordenes_details_inv_producto_id_foreign` (`inv_producto_id`),
  KEY `dc_ordenes_details_system_tax_id_foreign` (`system_tax_id`),
  KEY `dc_ordenes_details_inv_producto_id_destino_foreign` (`inv_producto_id_destino`),
  KEY `dc_ordenes_details_dc_orden_origen_destino_id_foreign` (`dc_orden_origen_destino_id`),
  KEY `dc_ordenes_details_inv_deposito_id_foreign` (`inv_deposito_id`),
  KEY `dc_ordenes_details_inv_deposito_id_destino_foreign` (`inv_deposito_id_destino`),
  KEY `dc_ordenes_details_prod_variant_id_foreign` (`prod_variant_id`),
  CONSTRAINT `dc_ordenes_details_dc_orden_id_foreign` FOREIGN KEY (`dc_orden_id`) REFERENCES `dc_ordenes` (`id`),
  CONSTRAINT `dc_ordenes_details_dc_orden_origen_destino_id_foreign` FOREIGN KEY (`dc_orden_origen_destino_id`) REFERENCES `dc_ordenes_origen_destino` (`id`),
  CONSTRAINT `dc_ordenes_details_inv_deposito_id_destino_foreign` FOREIGN KEY (`inv_deposito_id_destino`) REFERENCES `inv_depositos` (`id`),
  CONSTRAINT `dc_ordenes_details_inv_deposito_id_foreign` FOREIGN KEY (`inv_deposito_id`) REFERENCES `inv_depositos` (`id`),
  CONSTRAINT `dc_ordenes_details_inv_producto_id_destino_foreign` FOREIGN KEY (`inv_producto_id_destino`) REFERENCES `inv_productos` (`id`),
  CONSTRAINT `dc_ordenes_details_inv_producto_id_foreign` FOREIGN KEY (`inv_producto_id`) REFERENCES `inv_productos` (`id`),
  CONSTRAINT `dc_ordenes_details_prod_variant_id_foreign` FOREIGN KEY (`prod_variant_id`) REFERENCES `prod_variants` (`id`) ON DELETE SET NULL,
  CONSTRAINT `dc_ordenes_details_system_tax_id_foreign` FOREIGN KEY (`system_tax_id`) REFERENCES `system_taxes` (`id`)
) ENGINE=InnoDB DEFAULT CHARSET=utf8mb4 COLLATE=utf8mb4_unicode_ci;

--
-- Dumping data for table `dc_ordenes_details`
--


--
-- Table structure for table `dc_ordenes_facturada`
--

CREATE TABLE `dc_ordenes_facturada` (
  `id` bigint(20) unsigned NOT NULL AUTO_INCREMENT,
  `user_id` int(10) unsigned DEFAULT NULL,
  `person_id` int(10) unsigned NOT NULL,
  `dc_orden_id` bigint(20) unsigned DEFAULT NULL,
  `fact_elec_receipt_id` int(11) DEFAULT NULL,
  `receipt_id` int(10) unsigned DEFAULT NULL,
  `created_at` timestamp NULL DEFAULT NULL,
  `updated_at` timestamp NULL DEFAULT NULL,
  `deleted_at` timestamp NULL DEFAULT NULL,
  PRIMARY KEY (`id`),
  KEY `dc_ordenes_facturada_person_id_foreign` (`person_id`),
  KEY `dc_ordenes_facturada_dc_orden_id_foreign` (`dc_orden_id`),
  KEY `dc_ordenes_facturada_fact_elec_receipt_id_foreign` (`fact_elec_receipt_id`),
  KEY `dc_ordenes_facturada_receipt_id_foreign` (`receipt_id`),
  CONSTRAINT `dc_ordenes_facturada_dc_orden_id_foreign` FOREIGN KEY (`dc_orden_id`) REFERENCES `dc_ordenes` (`id`),
  CONSTRAINT `dc_ordenes_facturada_person_id_foreign` FOREIGN KEY (`person_id`) REFERENCES `persons` (`id`),
  CONSTRAINT `dc_ordenes_facturada_receipt_id_foreign` FOREIGN KEY (`receipt_id`) REFERENCES `receipts` (`id`)
) ENGINE=InnoDB DEFAULT CHARSET=utf8mb4 COLLATE=utf8mb4_unicode_ci;

--
-- Dumping data for table `dc_ordenes_facturada`
--


--
-- Table structure for table `dc_ordenes_ingreso_compra`
--

CREATE TABLE `dc_ordenes_ingreso_compra` (
  `id` int(10) unsigned NOT NULL AUTO_INCREMENT,
  `user_id` int(10) unsigned DEFAULT NULL,
  `dc_orden_id` bigint(20) unsigned NOT NULL,
  `dc_orden_detail_id` bigint(20) unsigned NOT NULL,
  `dc_orden_compra_id` bigint(20) unsigned NOT NULL,
  `dc_orden_compra_detail_id` bigint(20) unsigned NOT NULL,
  `created_at` timestamp NULL DEFAULT NULL,
  `updated_at` timestamp NULL DEFAULT NULL,
  `deleted_at` timestamp NULL DEFAULT NULL,
  PRIMARY KEY (`id`),
  KEY `dc_ordenes_ingreso_compra_dc_orden_id_foreign` (`dc_orden_id`),
  KEY `dc_ordenes_ingreso_compra_dc_orden_detail_id_foreign` (`dc_orden_detail_id`),
  KEY `dc_ordenes_ingreso_compra_dc_orden_compra_id_foreign` (`dc_orden_compra_id`),
  KEY `dc_ordenes_ingreso_compra_dc_orden_compra_detail_id_foreign` (`dc_orden_compra_detail_id`),
  CONSTRAINT `dc_ordenes_ingreso_compra_dc_orden_compra_detail_id_foreign` FOREIGN KEY (`dc_orden_compra_detail_id`) REFERENCES `dc_ordenes_details` (`id`),
  CONSTRAINT `dc_ordenes_ingreso_compra_dc_orden_compra_id_foreign` FOREIGN KEY (`dc_orden_compra_id`) REFERENCES `dc_ordenes` (`id`),
  CONSTRAINT `dc_ordenes_ingreso_compra_dc_orden_detail_id_foreign` FOREIGN KEY (`dc_orden_detail_id`) REFERENCES `dc_ordenes_details` (`id`),
  CONSTRAINT `dc_ordenes_ingreso_compra_dc_orden_id_foreign` FOREIGN KEY (`dc_orden_id`) REFERENCES `dc_ordenes` (`id`)
) ENGINE=InnoDB DEFAULT CHARSET=utf8mb4 COLLATE=utf8mb4_unicode_ci;

--
-- Dumping data for table `dc_ordenes_ingreso_compra`
--


--
-- Table structure for table `dc_ordenes_ingxdev_rem_egr`
--

CREATE TABLE `dc_ordenes_ingxdev_rem_egr` (
  `id` int(10) unsigned NOT NULL AUTO_INCREMENT,
  `user_id` int(10) unsigned DEFAULT NULL,
  `dc_orden_id` bigint(20) unsigned NOT NULL,
  `dc_orden_detail_id` bigint(20) unsigned NOT NULL,
  `dc_orden_rem_egr_id` bigint(20) unsigned NOT NULL,
  `dc_orden_rem_egr_detail_id` bigint(20) unsigned NOT NULL,
  `created_at` timestamp NULL DEFAULT NULL,
  `updated_at` timestamp NULL DEFAULT NULL,
  `deleted_at` timestamp NULL DEFAULT NULL,
  PRIMARY KEY (`id`),
  KEY `dc_ordenes_ingxdev_rem_egr_dc_orden_id_foreign` (`dc_orden_id`),
  KEY `dc_ordenes_ingxdev_rem_egr_dc_orden_detail_id_foreign` (`dc_orden_detail_id`),
  KEY `dc_ordenes_ingxdev_rem_egr_dc_orden_rem_egr_id_foreign` (`dc_orden_rem_egr_id`),
  KEY `dc_ordenes_ingxdev_rem_egr_dc_orden_rem_egr_detail_id_foreign` (`dc_orden_rem_egr_detail_id`),
  CONSTRAINT `dc_ordenes_ingxdev_rem_egr_dc_orden_detail_id_foreign` FOREIGN KEY (`dc_orden_detail_id`) REFERENCES `dc_ordenes_details` (`id`),
  CONSTRAINT `dc_ordenes_ingxdev_rem_egr_dc_orden_id_foreign` FOREIGN KEY (`dc_orden_id`) REFERENCES `dc_ordenes` (`id`),
  CONSTRAINT `dc_ordenes_ingxdev_rem_egr_dc_orden_rem_egr_detail_id_foreign` FOREIGN KEY (`dc_orden_rem_egr_detail_id`) REFERENCES `dc_ordenes_details` (`id`),
  CONSTRAINT `dc_ordenes_ingxdev_rem_egr_dc_orden_rem_egr_id_foreign` FOREIGN KEY (`dc_orden_rem_egr_id`) REFERENCES `dc_ordenes` (`id`)
) ENGINE=InnoDB DEFAULT CHARSET=utf8mb4 COLLATE=utf8mb4_unicode_ci;

--
-- Dumping data for table `dc_ordenes_ingxdev_rem_egr`
--


--
-- Table structure for table `dc_ordenes_logs`
--

CREATE TABLE `dc_ordenes_logs` (
  `id` bigint(20) unsigned NOT NULL AUTO_INCREMENT,
  `user_id` bigint(20) unsigned DEFAULT NULL,
  `loggable_type` varchar(191) COLLATE utf8mb4_unicode_ci NOT NULL,
  `loggable_id` bigint(20) unsigned NOT NULL,
  `related_id` bigint(20) unsigned DEFAULT NULL,
  `related_type` varchar(191) COLLATE utf8mb4_unicode_ci DEFAULT NULL,
  `comentario` text COLLATE utf8mb4_unicode_ci,
  `created_at` timestamp NULL DEFAULT NULL,
  `updated_at` timestamp NULL DEFAULT NULL,
  `deleted_at` timestamp NULL DEFAULT NULL,
  PRIMARY KEY (`id`),
  KEY `dc_ordenes_logs_loggable_type_loggable_id_index` (`loggable_type`,`loggable_id`)
) ENGINE=InnoDB DEFAULT CHARSET=utf8mb4 COLLATE=utf8mb4_unicode_ci;

--
-- Dumping data for table `dc_ordenes_logs`
--


--
-- Table structure for table `dc_ordenes_origen_destino`
--

CREATE TABLE `dc_ordenes_origen_destino` (
  `id` bigint(20) unsigned NOT NULL AUTO_INCREMENT,
  `user_id` int(10) unsigned DEFAULT NULL,
  `descripcion` text COLLATE utf8mb4_unicode_ci NOT NULL,
  `modelo` text COLLATE utf8mb4_unicode_ci NOT NULL,
  `is_deposito` tinyint(1) NOT NULL DEFAULT '0',
  `habilitado` tinyint(1) NOT NULL DEFAULT '1',
  `created_at` timestamp NULL DEFAULT NULL,
  `updated_at` timestamp NULL DEFAULT NULL,
  `deleted_at` timestamp NULL DEFAULT NULL,
  PRIMARY KEY (`id`)
) ENGINE=InnoDB AUTO_INCREMENT=5 DEFAULT CHARSET=utf8mb4 COLLATE=utf8mb4_unicode_ci;

--
-- Dumping data for table `dc_ordenes_origen_destino`
--

INSERT INTO `dc_ordenes_origen_destino` VALUES (1,NULL,'Orden de Trabajo','App\\Models\\Inventario\\InvOrdenTrabajo',0,1,NULL,NULL,NULL),(2,NULL,'Centro de Costos','App\\Models\\Inventario\\InvOrdenTrabajoHorasTipo',0,1,NULL,'2023-09-12 22:19:38',NULL),(3,NULL,'Deposito','App\\Models\\Inventario\\InvDeposito',1,1,NULL,'2024-05-07 20:12:58',NULL),(4,NULL,'Empleado','App\\Models\\SyJEmpleado',0,0,NULL,'2023-07-03 22:09:24',NULL);

--
-- Table structure for table `dc_ordenes_pdf_templates`
--

CREATE TABLE `dc_ordenes_pdf_templates` (
  `id` bigint(20) unsigned NOT NULL AUTO_INCREMENT,
  `user_id` int(10) unsigned DEFAULT NULL,
  `person_id` int(10) unsigned NOT NULL,
  `dc_orden_tipo_id` bigint(20) unsigned NOT NULL,
  `nombre` varchar(191) COLLATE utf8mb4_unicode_ci NOT NULL,
  `vista_blade` text COLLATE utf8mb4_unicode_ci,
  `pdf_base_path` varchar(191) COLLATE utf8mb4_unicode_ci DEFAULT NULL,
  `tipo_plantilla` enum('blade','pdf_base') COLLATE utf8mb4_unicode_ci NOT NULL DEFAULT 'blade',
  `configuracion` json DEFAULT NULL,
  `habilitado` tinyint(1) NOT NULL DEFAULT '1',
  `created_at` timestamp NULL DEFAULT NULL,
  `updated_at` timestamp NULL DEFAULT NULL,
  `deleted_at` timestamp NULL DEFAULT NULL,
  PRIMARY KEY (`id`),
  UNIQUE KEY `unique_person_tipo_template` (`person_id`,`dc_orden_tipo_id`),
  KEY `dc_ordenes_pdf_templates_dc_orden_tipo_id_foreign` (`dc_orden_tipo_id`),
  CONSTRAINT `dc_ordenes_pdf_templates_dc_orden_tipo_id_foreign` FOREIGN KEY (`dc_orden_tipo_id`) REFERENCES `dc_ordenes_tipos` (`id`),
  CONSTRAINT `dc_ordenes_pdf_templates_person_id_foreign` FOREIGN KEY (`person_id`) REFERENCES `persons` (`id`)
) ENGINE=InnoDB DEFAULT CHARSET=utf8mb4 COLLATE=utf8mb4_unicode_ci;

--
-- Dumping data for table `dc_ordenes_pdf_templates`
--


--
-- Table structure for table `dc_ordenes_revocadas`
--

CREATE TABLE `dc_ordenes_revocadas` (
  `id` bigint(20) unsigned NOT NULL AUTO_INCREMENT,
  `user_id` int(10) unsigned DEFAULT NULL,
  `dc_orden_id` bigint(20) unsigned NOT NULL,
  `comentario` longtext COLLATE utf8mb4_unicode_ci,
  `created_at` timestamp NULL DEFAULT NULL,
  `updated_at` timestamp NULL DEFAULT NULL,
  `deleted_at` timestamp NULL DEFAULT NULL,
  PRIMARY KEY (`id`),
  KEY `dc_ordenes_revocadas_dc_orden_id_foreign` (`dc_orden_id`),
  CONSTRAINT `dc_ordenes_revocadas_dc_orden_id_foreign` FOREIGN KEY (`dc_orden_id`) REFERENCES `dc_ordenes` (`id`)
) ENGINE=InnoDB DEFAULT CHARSET=utf8mb4 COLLATE=utf8mb4_unicode_ci;

--
-- Dumping data for table `dc_ordenes_revocadas`
--


--
-- Table structure for table `dc_ordenes_servicio_compra`
--

CREATE TABLE `dc_ordenes_servicio_compra` (
  `id` int(10) unsigned NOT NULL AUTO_INCREMENT,
  `user_id` int(10) unsigned DEFAULT NULL,
  `dc_orden_id` bigint(20) unsigned NOT NULL,
  `dc_orden_detail_id` bigint(20) unsigned NOT NULL,
  `dc_orden_compra_id` bigint(20) unsigned NOT NULL,
  `dc_orden_compra_detail_id` bigint(20) unsigned NOT NULL,
  `created_at` timestamp NULL DEFAULT NULL,
  `updated_at` timestamp NULL DEFAULT NULL,
  `deleted_at` timestamp NULL DEFAULT NULL,
  PRIMARY KEY (`id`),
  KEY `dc_ordenes_servicio_compra_dc_orden_id_foreign` (`dc_orden_id`),
  KEY `dc_ordenes_servicio_compra_dc_orden_detail_id_foreign` (`dc_orden_detail_id`),
  KEY `dc_ordenes_servicio_compra_dc_orden_compra_id_foreign` (`dc_orden_compra_id`),
  KEY `dc_ordenes_servicio_compra_dc_orden_compra_detail_id_foreign` (`dc_orden_compra_detail_id`),
  CONSTRAINT `dc_ordenes_servicio_compra_dc_orden_compra_detail_id_foreign` FOREIGN KEY (`dc_orden_compra_detail_id`) REFERENCES `dc_ordenes_details` (`id`),
  CONSTRAINT `dc_ordenes_servicio_compra_dc_orden_compra_id_foreign` FOREIGN KEY (`dc_orden_compra_id`) REFERENCES `dc_ordenes` (`id`),
  CONSTRAINT `dc_ordenes_servicio_compra_dc_orden_detail_id_foreign` FOREIGN KEY (`dc_orden_detail_id`) REFERENCES `dc_ordenes_details` (`id`),
  CONSTRAINT `dc_ordenes_servicio_compra_dc_orden_id_foreign` FOREIGN KEY (`dc_orden_id`) REFERENCES `dc_ordenes` (`id`)
) ENGINE=InnoDB DEFAULT CHARSET=utf8mb4 COLLATE=utf8mb4_unicode_ci;

--
-- Dumping data for table `dc_ordenes_servicio_compra`
--


--
-- Table structure for table `dc_ordenes_tipos`
--

CREATE TABLE `dc_ordenes_tipos` (
  `id` bigint(20) unsigned NOT NULL AUTO_INCREMENT,
  `user_id` int(10) unsigned DEFAULT NULL,
  `descripcion` text COLLATE utf8mb4_unicode_ci NOT NULL,
  `usabilidad` longtext COLLATE utf8mb4_unicode_ci,
  `habilitado` tinyint(1) NOT NULL DEFAULT '1',
  `created_at` timestamp NULL DEFAULT NULL,
  `updated_at` timestamp NULL DEFAULT NULL,
  `deleted_at` timestamp NULL DEFAULT NULL,
  PRIMARY KEY (`id`)
) ENGINE=InnoDB AUTO_INCREMENT=23 DEFAULT CHARSET=utf8mb4 COLLATE=utf8mb4_unicode_ci;

--
-- Dumping data for table `dc_ordenes_tipos`
--

INSERT INTO `dc_ordenes_tipos` VALUES (1,NULL,'ORDEN DE COMPRAS',NULL,1,NULL,'2022-09-09 16:52:36',NULL),(2,NULL,'ORDEN DE VENTAS',NULL,1,NULL,'2022-09-09 16:52:36',NULL),(3,NULL,'PRESUPUESTO',NULL,1,NULL,NULL,NULL),(4,NULL,'REQUERIMIENTO',NULL,1,NULL,NULL,NULL),(5,NULL,'REMITO DE INGRESO',NULL,1,NULL,'2023-06-12 23:28:12',NULL),(6,NULL,'REMITO DE EGRESO',NULL,1,NULL,NULL,NULL),(7,NULL,'REMITO INTERNO',NULL,1,NULL,NULL,NULL),(8,NULL,'REMITO DE INGRESO','Es lo mismo que un remito de ingreso, \n        pero los productosa ingresar provienen de una Orden de Compra',1,NULL,NULL,NULL),(9,NULL,'REMITO DE SERVICIO','Es un remito de Ingreso de un servicio que se\n        asigna directo a una OT',1,NULL,NULL,NULL),(10,NULL,'ORDEN DE PAGO',NULL,1,'2023-09-28 16:30:48','2023-09-28 16:30:48',NULL),(11,NULL,'ANULACION REQUERIMIENTOS',NULL,1,'2024-04-02 23:10:04','2024-04-02 23:10:04',NULL),(12,NULL,'ANULACION COMPRAS PRODUCTOS',NULL,1,'2024-04-02 23:10:04','2024-04-02 23:10:04',NULL),(13,NULL,'ANULACION COMPRAS SERVICIOS',NULL,1,'2024-04-02 23:10:04','2024-04-02 23:10:04',NULL),(14,NULL,'REMITO DE GASTO',NULL,1,'2024-05-07 20:12:58','2024-05-07 20:12:58',NULL),(15,NULL,'COTIZACIONES',NULL,1,'2024-06-26 07:59:24','2024-06-26 07:59:24',NULL),(16,NULL,'REMITO INGRESO-DEVOLUCION',NULL,1,'2024-09-02 13:22:21','2024-09-02 13:22:21',NULL),(17,NULL,'REMITO EGRESO-DEVOLUCION',NULL,1,'2024-10-17 08:52:56','2024-10-17 08:52:56',NULL),(18,NULL,'REMITO','Es un remito de servicio, que no tiene ni ingreso ni egreso',1,'2024-12-03 21:52:00','2024-12-03 21:52:00',NULL),(19,NULL,'Remito de Cliente','Se usa en las Ordenes de Venta para demostrar que se entrego mercaderia al cliente',1,NULL,NULL,NULL),(20,NULL,'Orden de Compra de Cliente','Es la OC que envia el cliente para que se le haga el pedido',1,NULL,NULL,NULL),(21,NULL,'Solicitud de Facturacion','Es un documento que se usa para que se pueda facturar',1,NULL,NULL,NULL),(22,NULL,'Ordenes de Compra','Es una OC para Empresas',1,NULL,NULL,NULL);

--
-- Table structure for table `dc_ov_cta_cte_cliente`
--

CREATE TABLE `dc_ov_cta_cte_cliente` (
  `id` bigint(20) unsigned NOT NULL AUTO_INCREMENT,
  `user_id` int(10) unsigned DEFAULT NULL,
  `dc_orden_id` bigint(20) unsigned NOT NULL,
  `cta_cte_cliente_id` int(10) unsigned DEFAULT NULL,
  `created_at` timestamp NULL DEFAULT NULL,
  `updated_at` timestamp NULL DEFAULT NULL,
  `deleted_at` timestamp NULL DEFAULT NULL,
  PRIMARY KEY (`id`),
  KEY `dc_ov_cta_cte_cliente_dc_orden_id_foreign` (`dc_orden_id`),
  KEY `dc_ov_cta_cte_cliente_cta_cte_cliente_id_foreign` (`cta_cte_cliente_id`),
  CONSTRAINT `dc_ov_cta_cte_cliente_cta_cte_cliente_id_foreign` FOREIGN KEY (`cta_cte_cliente_id`) REFERENCES `cta_cte_cliente` (`id`),
  CONSTRAINT `dc_ov_cta_cte_cliente_dc_orden_id_foreign` FOREIGN KEY (`dc_orden_id`) REFERENCES `dc_ordenes` (`id`)
) ENGINE=InnoDB DEFAULT CHARSET=utf8mb4 COLLATE=utf8mb4_unicode_ci;

--
-- Dumping data for table `dc_ov_cta_cte_cliente`
--


--
-- Table structure for table `dc_ov_fact_electronicas`
--

CREATE TABLE `dc_ov_fact_electronicas` (
  `id` bigint(20) unsigned NOT NULL AUTO_INCREMENT,
  `user_id` int(10) unsigned DEFAULT NULL,
  `dc_orden_id` bigint(20) unsigned NOT NULL,
  `fact_elec_receipt_id` int(10) unsigned DEFAULT NULL,
  `created_at` timestamp NULL DEFAULT NULL,
  `updated_at` timestamp NULL DEFAULT NULL,
  `deleted_at` timestamp NULL DEFAULT NULL,
  PRIMARY KEY (`id`),
  KEY `dc_ov_fact_electronicas_dc_orden_id_foreign` (`dc_orden_id`),
  KEY `dc_ov_fact_electronicas_fact_elec_receipt_id_foreign` (`fact_elec_receipt_id`),
  CONSTRAINT `dc_ov_fact_electronicas_dc_orden_id_foreign` FOREIGN KEY (`dc_orden_id`) REFERENCES `dc_ordenes` (`id`),
  CONSTRAINT `dc_ov_fact_electronicas_fact_elec_receipt_id_foreign` FOREIGN KEY (`fact_elec_receipt_id`) REFERENCES `fact_elec_receipts` (`id`)
) ENGINE=InnoDB DEFAULT CHARSET=utf8mb4 COLLATE=utf8mb4_unicode_ci;

--
-- Dumping data for table `dc_ov_fact_electronicas`
--


--
-- Table structure for table `dc_ov_oc_presupuestos`
--

CREATE TABLE `dc_ov_oc_presupuestos` (
  `id` int(10) unsigned NOT NULL AUTO_INCREMENT,
  `user_id` int(10) unsigned DEFAULT NULL,
  `dc_orden_id` bigint(20) unsigned NOT NULL,
  `dc_orden_presupuesto_id` bigint(20) unsigned NOT NULL,
  `created_at` timestamp NULL DEFAULT NULL,
  `updated_at` timestamp NULL DEFAULT NULL,
  `deleted_at` timestamp NULL DEFAULT NULL,
  PRIMARY KEY (`id`),
  KEY `dc_ov_oc_presupuestos_dc_orden_id_foreign` (`dc_orden_id`),
  KEY `dc_ov_oc_presupuestos_dc_orden_presupuesto_id_foreign` (`dc_orden_presupuesto_id`),
  CONSTRAINT `dc_ov_oc_presupuestos_dc_orden_id_foreign` FOREIGN KEY (`dc_orden_id`) REFERENCES `dc_ordenes` (`id`),
  CONSTRAINT `dc_ov_oc_presupuestos_dc_orden_presupuesto_id_foreign` FOREIGN KEY (`dc_orden_presupuesto_id`) REFERENCES `dc_ordenes` (`id`)
) ENGINE=InnoDB DEFAULT CHARSET=utf8mb4 COLLATE=utf8mb4_unicode_ci;

--
-- Dumping data for table `dc_ov_oc_presupuestos`
--


--
-- Table structure for table `dc_ov_ocs`
--

CREATE TABLE `dc_ov_ocs` (
  `id` bigint(20) unsigned NOT NULL AUTO_INCREMENT,
  `user_id` int(10) unsigned DEFAULT NULL,
  `dc_orden_id` bigint(20) unsigned NOT NULL,
  `dc_orden_compra_id` bigint(20) unsigned NOT NULL,
  `created_at` timestamp NULL DEFAULT NULL,
  `updated_at` timestamp NULL DEFAULT NULL,
  `deleted_at` timestamp NULL DEFAULT NULL,
  PRIMARY KEY (`id`),
  KEY `dc_ov_ocs_dc_orden_id_foreign` (`dc_orden_id`),
  KEY `dc_ov_ocs_dc_orden_compra_id_foreign` (`dc_orden_compra_id`),
  CONSTRAINT `dc_ov_ocs_dc_orden_compra_id_foreign` FOREIGN KEY (`dc_orden_compra_id`) REFERENCES `dc_ordenes` (`id`),
  CONSTRAINT `dc_ov_ocs_dc_orden_id_foreign` FOREIGN KEY (`dc_orden_id`) REFERENCES `dc_ordenes` (`id`)
) ENGINE=InnoDB DEFAULT CHARSET=utf8mb4 COLLATE=utf8mb4_unicode_ci;

--
-- Dumping data for table `dc_ov_ocs`
--


--
-- Table structure for table `dc_ov_origenes`
--

CREATE TABLE `dc_ov_origenes` (
  `id` bigint(20) unsigned NOT NULL AUTO_INCREMENT,
  `user_id` int(10) unsigned DEFAULT NULL,
  `descripcion` varchar(191) COLLATE utf8mb4_unicode_ci NOT NULL,
  `habilitado` tinyint(1) NOT NULL DEFAULT '1',
  `created_at` timestamp NULL DEFAULT NULL,
  `updated_at` timestamp NULL DEFAULT NULL,
  `deleted_at` timestamp NULL DEFAULT NULL,
  PRIMARY KEY (`id`)
) ENGINE=InnoDB AUTO_INCREMENT=4 DEFAULT CHARSET=utf8mb4 COLLATE=utf8mb4_unicode_ci;

--
-- Dumping data for table `dc_ov_origenes`
--

INSERT INTO `dc_ov_origenes` VALUES (1,NULL,'Taller',1,NULL,NULL,NULL),(2,NULL,'Comercial',1,NULL,NULL,NULL),(3,NULL,'Repuestos',1,NULL,NULL,NULL);

--
-- Table structure for table `dc_ov_origenes_users`
--

CREATE TABLE `dc_ov_origenes_users` (
  `id` int(10) unsigned NOT NULL AUTO_INCREMENT,
  `dc_ov_origen_id` bigint(20) unsigned NOT NULL,
  `user_id` int(10) unsigned NOT NULL,
  `created_at` timestamp NULL DEFAULT NULL,
  `updated_at` timestamp NULL DEFAULT NULL,
  `deleted_at` timestamp NULL DEFAULT NULL,
  PRIMARY KEY (`id`),
  KEY `dc_ov_origenes_users_dc_ov_origen_id_foreign` (`dc_ov_origen_id`),
  CONSTRAINT `dc_ov_origenes_users_dc_ov_origen_id_foreign` FOREIGN KEY (`dc_ov_origen_id`) REFERENCES `dc_ov_origenes` (`id`) ON DELETE CASCADE
) ENGINE=InnoDB DEFAULT CHARSET=utf8mb4 COLLATE=utf8mb4_unicode_ci;

--
-- Dumping data for table `dc_ov_origenes_users`
--


--
-- Table structure for table `dc_ov_ots`
--

CREATE TABLE `dc_ov_ots` (
  `id` bigint(20) unsigned NOT NULL AUTO_INCREMENT,
  `user_id` int(10) unsigned DEFAULT NULL,
  `dc_orden_id` bigint(20) unsigned NOT NULL,
  `ot_id` bigint(20) unsigned NOT NULL,
  `created_at` timestamp NULL DEFAULT NULL,
  `updated_at` timestamp NULL DEFAULT NULL,
  `deleted_at` timestamp NULL DEFAULT NULL,
  PRIMARY KEY (`id`),
  KEY `dc_ov_ots_dc_orden_id_foreign` (`dc_orden_id`),
  KEY `dc_ov_ots_ot_id_foreign` (`ot_id`),
  CONSTRAINT `dc_ov_ots_dc_orden_id_foreign` FOREIGN KEY (`dc_orden_id`) REFERENCES `dc_ordenes` (`id`),
  CONSTRAINT `dc_ov_ots_ot_id_foreign` FOREIGN KEY (`ot_id`) REFERENCES `inv_orden_trabajos` (`id`)
) ENGINE=InnoDB DEFAULT CHARSET=utf8mb4 COLLATE=utf8mb4_unicode_ci;

--
-- Dumping data for table `dc_ov_ots`
--


--
-- Table structure for table `dc_ov_pres_clientes`
--

CREATE TABLE `dc_ov_pres_clientes` (
  `id` bigint(20) unsigned NOT NULL AUTO_INCREMENT,
  `user_id` int(10) unsigned DEFAULT NULL,
  `dc_orden_id` bigint(20) unsigned NOT NULL,
  `dc_orden_pres_id` bigint(20) unsigned NOT NULL,
  `created_at` timestamp NULL DEFAULT NULL,
  `updated_at` timestamp NULL DEFAULT NULL,
  `deleted_at` timestamp NULL DEFAULT NULL,
  PRIMARY KEY (`id`),
  KEY `dc_ov_pres_clientes_dc_orden_id_foreign` (`dc_orden_id`),
  KEY `dc_ov_pres_clientes_dc_orden_pres_id_foreign` (`dc_orden_pres_id`),
  CONSTRAINT `dc_ov_pres_clientes_dc_orden_id_foreign` FOREIGN KEY (`dc_orden_id`) REFERENCES `dc_ordenes` (`id`),
  CONSTRAINT `dc_ov_pres_clientes_dc_orden_pres_id_foreign` FOREIGN KEY (`dc_orden_pres_id`) REFERENCES `dc_ordenes` (`id`)
) ENGINE=InnoDB DEFAULT CHARSET=utf8mb4 COLLATE=utf8mb4_unicode_ci;

--
-- Dumping data for table `dc_ov_pres_clientes`
--


--
-- Table structure for table `dc_ov_rem_clientes`
--

CREATE TABLE `dc_ov_rem_clientes` (
  `id` bigint(20) unsigned NOT NULL AUTO_INCREMENT,
  `user_id` int(10) unsigned DEFAULT NULL,
  `dc_orden_id` bigint(20) unsigned NOT NULL,
  `dc_orden_rem_id` bigint(20) unsigned NOT NULL,
  `created_at` timestamp NULL DEFAULT NULL,
  `updated_at` timestamp NULL DEFAULT NULL,
  `deleted_at` timestamp NULL DEFAULT NULL,
  PRIMARY KEY (`id`),
  KEY `dc_ov_rem_clientes_dc_orden_id_foreign` (`dc_orden_id`),
  KEY `dc_ov_rem_clientes_dc_orden_rem_id_foreign` (`dc_orden_rem_id`),
  CONSTRAINT `dc_ov_rem_clientes_dc_orden_id_foreign` FOREIGN KEY (`dc_orden_id`) REFERENCES `dc_ordenes` (`id`),
  CONSTRAINT `dc_ov_rem_clientes_dc_orden_rem_id_foreign` FOREIGN KEY (`dc_orden_rem_id`) REFERENCES `dc_ordenes` (`id`)
) ENGINE=InnoDB DEFAULT CHARSET=utf8mb4 COLLATE=utf8mb4_unicode_ci;

--
-- Dumping data for table `dc_ov_rem_clientes`
--


--
-- Table structure for table `dc_ov_remc_occ`
--

CREATE TABLE `dc_ov_remc_occ` (
  `id` bigint(20) unsigned NOT NULL AUTO_INCREMENT,
  `dc_orden_id` bigint(20) unsigned DEFAULT NULL,
  `dc_orden_detail_id` bigint(20) unsigned DEFAULT NULL,
  `dc_occ_id` bigint(20) unsigned DEFAULT NULL,
  `dc_occ_detail_id` bigint(20) unsigned DEFAULT NULL,
  `user_id` bigint(20) unsigned DEFAULT NULL,
  `created_at` timestamp NULL DEFAULT NULL,
  `updated_at` timestamp NULL DEFAULT NULL,
  `deleted_at` timestamp NULL DEFAULT NULL,
  PRIMARY KEY (`id`),
  KEY `dc_ov_remc_occ_dc_orden_id_foreign` (`dc_orden_id`),
  KEY `dc_ov_remc_occ_dc_orden_detail_id_foreign` (`dc_orden_detail_id`),
  KEY `dc_ov_remc_occ_dc_occ_id_foreign` (`dc_occ_id`),
  KEY `dc_ov_remc_occ_dc_occ_detail_id_foreign` (`dc_occ_detail_id`),
  CONSTRAINT `dc_ov_remc_occ_dc_occ_detail_id_foreign` FOREIGN KEY (`dc_occ_detail_id`) REFERENCES `dc_ordenes_details` (`id`),
  CONSTRAINT `dc_ov_remc_occ_dc_occ_id_foreign` FOREIGN KEY (`dc_occ_id`) REFERENCES `dc_ordenes` (`id`),
  CONSTRAINT `dc_ov_remc_occ_dc_orden_detail_id_foreign` FOREIGN KEY (`dc_orden_detail_id`) REFERENCES `dc_ordenes_details` (`id`),
  CONSTRAINT `dc_ov_remc_occ_dc_orden_id_foreign` FOREIGN KEY (`dc_orden_id`) REFERENCES `dc_ordenes` (`id`)
) ENGINE=InnoDB DEFAULT CHARSET=utf8mb4 COLLATE=utf8mb4_unicode_ci;

--
-- Dumping data for table `dc_ov_remc_occ`
--


--
-- Table structure for table `dc_ov_sol_facturacion`
--

CREATE TABLE `dc_ov_sol_facturacion` (
  `id` bigint(20) unsigned NOT NULL AUTO_INCREMENT,
  `user_id` int(10) unsigned DEFAULT NULL,
  `dc_orden_id` bigint(20) unsigned NOT NULL,
  `dc_sol_facturacion_id` bigint(20) unsigned NOT NULL,
  `created_at` timestamp NULL DEFAULT NULL,
  `updated_at` timestamp NULL DEFAULT NULL,
  `deleted_at` timestamp NULL DEFAULT NULL,
  PRIMARY KEY (`id`),
  KEY `dc_ov_sol_facturacion_dc_orden_id_foreign` (`dc_orden_id`),
  KEY `dc_ov_sol_facturacion_dc_sol_facturacion_id_foreign` (`dc_sol_facturacion_id`),
  CONSTRAINT `dc_ov_sol_facturacion_dc_orden_id_foreign` FOREIGN KEY (`dc_orden_id`) REFERENCES `dc_ordenes` (`id`),
  CONSTRAINT `dc_ov_sol_facturacion_dc_sol_facturacion_id_foreign` FOREIGN KEY (`dc_sol_facturacion_id`) REFERENCES `dc_ordenes` (`id`)
) ENGINE=InnoDB DEFAULT CHARSET=utf8mb4 COLLATE=utf8mb4_unicode_ci;

--
-- Dumping data for table `dc_ov_sol_facturacion`
--


--
-- Table structure for table `dc_ov_status_cobranza`
--

CREATE TABLE `dc_ov_status_cobranza` (
  `id` bigint(20) unsigned NOT NULL AUTO_INCREMENT,
  `user_id` int(10) unsigned DEFAULT NULL,
  `descripcion` varchar(191) COLLATE utf8mb4_unicode_ci NOT NULL,
  `habilitado` tinyint(1) NOT NULL DEFAULT '1',
  `created_at` timestamp NULL DEFAULT NULL,
  `updated_at` timestamp NULL DEFAULT NULL,
  `deleted_at` timestamp NULL DEFAULT NULL,
  PRIMARY KEY (`id`)
) ENGINE=InnoDB AUTO_INCREMENT=4 DEFAULT CHARSET=utf8mb4 COLLATE=utf8mb4_unicode_ci;

--
-- Dumping data for table `dc_ov_status_cobranza`
--

INSERT INTO `dc_ov_status_cobranza` VALUES (1,NULL,'Pendiente',1,NULL,NULL,NULL),(2,NULL,'Parcial',1,NULL,NULL,NULL),(3,NULL,'Completa',1,NULL,NULL,NULL);

--
-- Table structure for table `dc_ov_status_entrega`
--

CREATE TABLE `dc_ov_status_entrega` (
  `id` bigint(20) unsigned NOT NULL AUTO_INCREMENT,
  `user_id` int(10) unsigned DEFAULT NULL,
  `descripcion` varchar(191) COLLATE utf8mb4_unicode_ci NOT NULL,
  `habilitado` tinyint(1) NOT NULL DEFAULT '1',
  `created_at` timestamp NULL DEFAULT NULL,
  `updated_at` timestamp NULL DEFAULT NULL,
  `deleted_at` timestamp NULL DEFAULT NULL,
  PRIMARY KEY (`id`)
) ENGINE=InnoDB AUTO_INCREMENT=4 DEFAULT CHARSET=utf8mb4 COLLATE=utf8mb4_unicode_ci;

--
-- Dumping data for table `dc_ov_status_entrega`
--

INSERT INTO `dc_ov_status_entrega` VALUES (1,NULL,'Pendiente',1,NULL,NULL,NULL),(2,NULL,'Parcial',1,NULL,NULL,NULL),(3,NULL,'Completa',1,NULL,NULL,NULL);

--
-- Table structure for table `dc_ov_status_factura`
--

CREATE TABLE `dc_ov_status_factura` (
  `id` bigint(20) unsigned NOT NULL AUTO_INCREMENT,
  `user_id` int(10) unsigned DEFAULT NULL,
  `descripcion` varchar(191) COLLATE utf8mb4_unicode_ci NOT NULL,
  `habilitado` tinyint(1) NOT NULL DEFAULT '1',
  `created_at` timestamp NULL DEFAULT NULL,
  `updated_at` timestamp NULL DEFAULT NULL,
  `deleted_at` timestamp NULL DEFAULT NULL,
  PRIMARY KEY (`id`)
) ENGINE=InnoDB AUTO_INCREMENT=5 DEFAULT CHARSET=utf8mb4 COLLATE=utf8mb4_unicode_ci;

--
-- Dumping data for table `dc_ov_status_factura`
--

INSERT INTO `dc_ov_status_factura` VALUES (1,NULL,'Pendiente',1,NULL,NULL,NULL),(2,NULL,'Facturable',1,NULL,NULL,NULL),(3,NULL,'Facturado Parcialmente',1,NULL,NULL,NULL),(4,NULL,'Facturado Totalmente',1,NULL,NULL,NULL);

--
-- Table structure for table `dc_ov_status_venta`
--

CREATE TABLE `dc_ov_status_venta` (
  `id` bigint(20) unsigned NOT NULL AUTO_INCREMENT,
  `user_id` int(10) unsigned DEFAULT NULL,
  `descripcion` varchar(191) COLLATE utf8mb4_unicode_ci NOT NULL,
  `habilitado` tinyint(1) NOT NULL DEFAULT '1',
  `created_at` timestamp NULL DEFAULT NULL,
  `updated_at` timestamp NULL DEFAULT NULL,
  `deleted_at` timestamp NULL DEFAULT NULL,
  PRIMARY KEY (`id`)
) ENGINE=InnoDB AUTO_INCREMENT=5 DEFAULT CHARSET=utf8mb4 COLLATE=utf8mb4_unicode_ci;

--
-- Dumping data for table `dc_ov_status_venta`
--

INSERT INTO `dc_ov_status_venta` VALUES (1,NULL,'Pendiente',1,NULL,NULL,NULL),(2,NULL,'Presupuesto',1,NULL,NULL,NULL),(3,NULL,'Venta',1,NULL,NULL,NULL),(4,NULL,'Rechazada',1,NULL,NULL,NULL);

--
-- Table structure for table `dc_sol_fac_occ`
--

CREATE TABLE `dc_sol_fac_occ` (
  `id` bigint(20) unsigned NOT NULL AUTO_INCREMENT,
  `user_id` int(10) unsigned DEFAULT NULL,
  `dc_orden_id` bigint(20) unsigned NOT NULL COMMENT 'Solicitud Facturación (tipo 21)',
  `dc_orden_detail_id` bigint(20) unsigned NOT NULL COMMENT 'Detalle de SF',
  `dc_occ_id` bigint(20) unsigned NOT NULL COMMENT 'OC Cliente (tipo 20)',
  `dc_occ_detail_id` bigint(20) unsigned NOT NULL COMMENT 'Detalle de OCC',
  `created_at` timestamp NULL DEFAULT NULL,
  `updated_at` timestamp NULL DEFAULT NULL,
  `deleted_at` timestamp NULL DEFAULT NULL,
  PRIMARY KEY (`id`),
  KEY `idx_sf` (`dc_orden_id`),
  KEY `idx_occ` (`dc_occ_id`),
  KEY `dc_sol_fac_occ_dc_orden_detail_id_foreign` (`dc_orden_detail_id`),
  KEY `dc_sol_fac_occ_dc_occ_detail_id_foreign` (`dc_occ_detail_id`),
  CONSTRAINT `dc_sol_fac_occ_dc_occ_detail_id_foreign` FOREIGN KEY (`dc_occ_detail_id`) REFERENCES `dc_ordenes_details` (`id`),
  CONSTRAINT `dc_sol_fac_occ_dc_occ_id_foreign` FOREIGN KEY (`dc_occ_id`) REFERENCES `dc_ordenes` (`id`),
  CONSTRAINT `dc_sol_fac_occ_dc_orden_detail_id_foreign` FOREIGN KEY (`dc_orden_detail_id`) REFERENCES `dc_ordenes_details` (`id`),
  CONSTRAINT `dc_sol_fac_occ_dc_orden_id_foreign` FOREIGN KEY (`dc_orden_id`) REFERENCES `dc_ordenes` (`id`)
) ENGINE=InnoDB DEFAULT CHARSET=utf8mb4 COLLATE=utf8mb4_unicode_ci;

--
-- Dumping data for table `dc_sol_fac_occ`
--


--
-- Table structure for table `despachos`
--

CREATE TABLE `despachos` (
  `id` bigint(20) unsigned NOT NULL AUTO_INCREMENT,
  `user_id` int(10) unsigned DEFAULT NULL,
  `person_id` int(10) unsigned NOT NULL,
  `person_id_relationed` int(10) unsigned NOT NULL,
  `moneda_id` int(10) unsigned NOT NULL,
  `fecha` datetime NOT NULL DEFAULT '2025-04-28 16:14:12',
  `is_ponderacion_autom` tinyint(1) NOT NULL DEFAULT '1',
  `is_garantia` tinyint(1) NOT NULL DEFAULT '0',
  `numero` int(10) unsigned DEFAULT NULL,
  `comentario` longtext COLLATE utf8mb4_unicode_ci,
  `total` decimal(16,2) NOT NULL DEFAULT '0.00',
  `total_parte_1` decimal(16,2) NOT NULL DEFAULT '0.00',
  `total_parte_2` decimal(16,2) NOT NULL DEFAULT '0.00',
  `total_parte_3` decimal(16,2) NOT NULL DEFAULT '0.00',
  `cotizacion` decimal(16,2) NOT NULL DEFAULT '0.00',
  `created_at` timestamp NULL DEFAULT NULL,
  `updated_at` timestamp NULL DEFAULT NULL,
  `deleted_at` timestamp NULL DEFAULT NULL,
  PRIMARY KEY (`id`),
  KEY `despachos_person_id_foreign` (`person_id`),
  KEY `despachos_person_id_relationed_foreign` (`person_id_relationed`),
  KEY `despachos_moneda_id_foreign` (`moneda_id`),
  CONSTRAINT `despachos_moneda_id_foreign` FOREIGN KEY (`moneda_id`) REFERENCES `monedas` (`id`),
  CONSTRAINT `despachos_person_id_foreign` FOREIGN KEY (`person_id`) REFERENCES `persons` (`id`),
  CONSTRAINT `despachos_person_id_relationed_foreign` FOREIGN KEY (`person_id_relationed`) REFERENCES `persons` (`id`)
) ENGINE=InnoDB DEFAULT CHARSET=utf8mb4 COLLATE=utf8mb4_unicode_ci;

--
-- Dumping data for table `despachos`
--


--
-- Table structure for table `despachos_cierres`
--

CREATE TABLE `despachos_cierres` (
  `id` bigint(20) unsigned NOT NULL AUTO_INCREMENT,
  `user_id` int(10) unsigned DEFAULT NULL,
  `despacho_id` bigint(20) unsigned NOT NULL,
  `receipt_id` int(10) unsigned DEFAULT NULL,
  `dc_orden_id` bigint(20) unsigned NOT NULL,
  `dc_orden_detail_id` bigint(20) unsigned NOT NULL,
  `inv_producto_id` bigint(20) unsigned DEFAULT NULL,
  `costo_antes` decimal(16,2) NOT NULL DEFAULT '0.00',
  `cantidades` decimal(16,2) DEFAULT '0.00',
  `precio_x_cantidad` decimal(16,2) DEFAULT '0.00',
  `ratio` decimal(16,4) NOT NULL DEFAULT '0.0000',
  `incremento` decimal(16,2) NOT NULL DEFAULT '0.00',
  `incremento_x_cantidad` decimal(16,2) DEFAULT '0.00',
  `costo_despues` decimal(16,2) NOT NULL DEFAULT '0.00',
  `created_at` timestamp NULL DEFAULT NULL,
  `updated_at` timestamp NULL DEFAULT NULL,
  `deleted_at` timestamp NULL DEFAULT NULL,
  PRIMARY KEY (`id`),
  KEY `despachos_cierres_despacho_id_foreign` (`despacho_id`),
  KEY `despachos_cierres_receipt_id_foreign` (`receipt_id`),
  KEY `despachos_cierres_dc_orden_id_foreign` (`dc_orden_id`),
  KEY `despachos_cierres_dc_orden_detail_id_foreign` (`dc_orden_detail_id`),
  KEY `despachos_cierres_inv_producto_id_foreign` (`inv_producto_id`),
  CONSTRAINT `despachos_cierres_dc_orden_detail_id_foreign` FOREIGN KEY (`dc_orden_detail_id`) REFERENCES `dc_ordenes_details` (`id`),
  CONSTRAINT `despachos_cierres_dc_orden_id_foreign` FOREIGN KEY (`dc_orden_id`) REFERENCES `dc_ordenes` (`id`),
  CONSTRAINT `despachos_cierres_despacho_id_foreign` FOREIGN KEY (`despacho_id`) REFERENCES `despachos` (`id`),
  CONSTRAINT `despachos_cierres_inv_producto_id_foreign` FOREIGN KEY (`inv_producto_id`) REFERENCES `inv_productos` (`id`),
  CONSTRAINT `despachos_cierres_receipt_id_foreign` FOREIGN KEY (`receipt_id`) REFERENCES `receipts` (`id`)
) ENGINE=InnoDB DEFAULT CHARSET=utf8mb4 COLLATE=utf8mb4_unicode_ci;

--
-- Dumping data for table `despachos_cierres`
--


--
-- Table structure for table `despachos_details`
--

CREATE TABLE `despachos_details` (
  `id` bigint(20) unsigned NOT NULL AUTO_INCREMENT,
  `user_id` int(10) unsigned DEFAULT NULL,
  `despacho_id` bigint(20) unsigned NOT NULL,
  `despacho_parte_id` bigint(20) unsigned NOT NULL,
  `receipt_id` int(10) unsigned DEFAULT NULL,
  `porcentaje_ponderacion` decimal(8,2) NOT NULL DEFAULT '0.00',
  `created_at` timestamp NULL DEFAULT NULL,
  `updated_at` timestamp NULL DEFAULT NULL,
  `deleted_at` timestamp NULL DEFAULT NULL,
  PRIMARY KEY (`id`),
  KEY `despachos_details_despacho_id_foreign` (`despacho_id`),
  KEY `despachos_details_despacho_parte_id_foreign` (`despacho_parte_id`),
  KEY `despachos_details_receipt_id_foreign` (`receipt_id`),
  CONSTRAINT `despachos_details_despacho_id_foreign` FOREIGN KEY (`despacho_id`) REFERENCES `despachos` (`id`),
  CONSTRAINT `despachos_details_despacho_parte_id_foreign` FOREIGN KEY (`despacho_parte_id`) REFERENCES `despachos_partes` (`id`),
  CONSTRAINT `despachos_details_receipt_id_foreign` FOREIGN KEY (`receipt_id`) REFERENCES `receipts` (`id`)
) ENGINE=InnoDB DEFAULT CHARSET=utf8mb4 COLLATE=utf8mb4_unicode_ci;

--
-- Dumping data for table `despachos_details`
--


--
-- Table structure for table `despachos_files`
--

CREATE TABLE `despachos_files` (
  `id` bigint(20) unsigned NOT NULL AUTO_INCREMENT,
  `user_id` int(10) unsigned DEFAULT NULL,
  `despacho_id` bigint(20) unsigned NOT NULL,
  `descripcion` varchar(255) COLLATE utf8mb4_unicode_ci DEFAULT NULL,
  `path` varchar(191) COLLATE utf8mb4_unicode_ci DEFAULT NULL,
  `name_original` varchar(191) COLLATE utf8mb4_unicode_ci DEFAULT NULL,
  `created_at` timestamp NULL DEFAULT NULL,
  `updated_at` timestamp NULL DEFAULT NULL,
  `deleted_at` timestamp NULL DEFAULT NULL,
  PRIMARY KEY (`id`),
  KEY `despachos_files_despacho_id_foreign` (`despacho_id`),
  CONSTRAINT `despachos_files_despacho_id_foreign` FOREIGN KEY (`despacho_id`) REFERENCES `despachos` (`id`)
) ENGINE=InnoDB DEFAULT CHARSET=utf8mb4 COLLATE=utf8mb4_unicode_ci;

--
-- Dumping data for table `despachos_files`
--


--
-- Table structure for table `despachos_partes`
--

CREATE TABLE `despachos_partes` (
  `id` bigint(20) unsigned NOT NULL AUTO_INCREMENT,
  `user_id` int(10) unsigned DEFAULT NULL,
  `descripcion` varchar(255) COLLATE utf8mb4_unicode_ci DEFAULT NULL,
  `habilitado` tinyint(1) NOT NULL DEFAULT '1',
  `created_at` timestamp NULL DEFAULT NULL,
  `updated_at` timestamp NULL DEFAULT NULL,
  `deleted_at` timestamp NULL DEFAULT NULL,
  PRIMARY KEY (`id`)
) ENGINE=InnoDB AUTO_INCREMENT=4 DEFAULT CHARSET=utf8mb4 COLLATE=utf8mb4_unicode_ci;

--
-- Dumping data for table `despachos_partes`
--

INSERT INTO `despachos_partes` VALUES (1,NULL,'Facturas del Proveedor',1,NULL,NULL,NULL),(2,NULL,'Despachos de Importacion',1,NULL,NULL,NULL),(3,NULL,'Facturas de Logistica',1,NULL,NULL,NULL);

--
-- Table structure for table `deudas_impositivas`
--

CREATE TABLE `deudas_impositivas` (
  `id` int(10) unsigned NOT NULL AUTO_INCREMENT,
  `user_id` int(10) unsigned DEFAULT NULL,
  `person_id` int(10) unsigned NOT NULL,
  `vto_impuesto_id` int(10) unsigned NOT NULL,
  `periodo_deuda` varchar(191) COLLATE utf8mb4_unicode_ci DEFAULT NULL,
  `concepto` varchar(191) COLLATE utf8mb4_unicode_ci DEFAULT NULL,
  `importe` decimal(16,2) NOT NULL DEFAULT '0.00',
  `created_at` timestamp NULL DEFAULT NULL,
  `updated_at` timestamp NULL DEFAULT NULL,
  `deleted_at` timestamp NULL DEFAULT NULL,
  PRIMARY KEY (`id`),
  KEY `deudas_impositivas_vto_impuesto_id_foreign` (`vto_impuesto_id`),
  KEY `deudas_impositivas_person_id_foreign` (`person_id`),
  CONSTRAINT `deudas_impositivas_person_id_foreign` FOREIGN KEY (`person_id`) REFERENCES `persons` (`id`),
  CONSTRAINT `deudas_impositivas_vto_impuesto_id_foreign` FOREIGN KEY (`vto_impuesto_id`) REFERENCES `vto_impuestos` (`id`)
) ENGINE=InnoDB DEFAULT CHARSET=utf8mb4 COLLATE=utf8mb4_unicode_ci;

--
-- Dumping data for table `deudas_impositivas`
--


--
-- Table structure for table `ejer_anteriores`
--

CREATE TABLE `ejer_anteriores` (
  `id` int(10) unsigned NOT NULL AUTO_INCREMENT,
  `user_id` int(10) unsigned DEFAULT NULL,
  `person_id` int(10) unsigned NOT NULL,
  `anio` int(11) NOT NULL,
  `ventas` decimal(16,2) DEFAULT NULL,
  `compras` decimal(16,2) DEFAULT NULL,
  `sueldos` decimal(16,2) DEFAULT NULL,
  `impuesto` decimal(16,2) DEFAULT NULL,
  `apagar` decimal(16,2) DEFAULT NULL,
  `afavor` decimal(16,2) DEFAULT NULL,
  `comentario` varchar(255) COLLATE utf8mb4_unicode_ci DEFAULT NULL,
  `created_at` timestamp NULL DEFAULT NULL,
  `updated_at` timestamp NULL DEFAULT NULL,
  `deleted_at` timestamp NULL DEFAULT NULL,
  PRIMARY KEY (`id`),
  KEY `ejer_anteriores_person_id_foreign` (`person_id`),
  CONSTRAINT `ejer_anteriores_person_id_foreign` FOREIGN KEY (`person_id`) REFERENCES `persons` (`id`)
) ENGINE=InnoDB DEFAULT CHARSET=utf8mb4 COLLATE=utf8mb4_unicode_ci;

--
-- Dumping data for table `ejer_anteriores`
--


--
-- Table structure for table `estado_civil`
--

CREATE TABLE `estado_civil` (
  `id` int(10) unsigned NOT NULL AUTO_INCREMENT,
  `user_id` int(10) unsigned DEFAULT NULL,
  `descripcion` varchar(191) COLLATE utf8mb4_unicode_ci NOT NULL,
  `habilitado` tinyint(1) NOT NULL DEFAULT '1',
  `created_at` timestamp NULL DEFAULT NULL,
  `updated_at` timestamp NULL DEFAULT NULL,
  `deleted_at` timestamp NULL DEFAULT NULL,
  PRIMARY KEY (`id`),
  UNIQUE KEY `estado_civil_descripcion_unique` (`descripcion`)
) ENGINE=InnoDB AUTO_INCREMENT=8 DEFAULT CHARSET=utf8mb4 COLLATE=utf8mb4_unicode_ci;

--
-- Dumping data for table `estado_civil`
--

INSERT INTO `estado_civil` VALUES (1,NULL,'Separado Legal',1,'2020-05-28 20:55:23','2020-05-28 20:55:23',NULL),(2,NULL,'Separado de Hecho',1,'2020-05-28 20:55:23','2020-05-28 20:55:23',NULL),(3,NULL,'Divorciado',1,'2020-05-28 20:55:23','2020-05-28 20:55:23',NULL),(4,NULL,'Convivencia',1,'2020-05-28 20:55:23','2020-05-28 20:55:23',NULL),(5,NULL,'Soltero',1,'2020-05-28 20:55:23','2020-05-28 20:55:23',NULL),(6,NULL,'Casado',1,'2020-05-28 20:55:23','2020-05-28 20:55:23',NULL),(7,NULL,'Viudo',1,'2020-05-28 20:55:23','2020-05-28 20:55:23',NULL);

--
-- Table structure for table `fa_masiva`
--

CREATE TABLE `fa_masiva` (
  `id` int(10) unsigned NOT NULL AUTO_INCREMENT,
  `person_id` int(11) NOT NULL,
  `user_id` int(11) NOT NULL,
  `created_at` timestamp NULL DEFAULT NULL,
  `updated_at` timestamp NULL DEFAULT NULL,
  `deleted_at` timestamp NULL DEFAULT NULL,
  PRIMARY KEY (`id`)
) ENGINE=InnoDB DEFAULT CHARSET=utf8mb4 COLLATE=utf8mb4_unicode_ci;

--
-- Dumping data for table `fa_masiva`
--


--
-- Table structure for table `fa_masiva_detalle`
--

CREATE TABLE `fa_masiva_detalle` (
  `id` int(10) unsigned NOT NULL AUTO_INCREMENT,
  `user_id` int(10) unsigned DEFAULT NULL,
  `fa_masiva_id` int(11) NOT NULL,
  `cliente_id` int(11) NOT NULL,
  `tipo_comprobante_id` int(10) unsigned NOT NULL DEFAULT '1',
  `zone_id` int(10) unsigned NOT NULL DEFAULT '22',
  `activity_id` int(10) unsigned NOT NULL DEFAULT '1',
  `cond_frente_iva_id` int(10) unsigned NOT NULL DEFAULT '1',
  `system_tax_id` int(10) unsigned NOT NULL DEFAULT '1',
  `concepto_id` int(10) unsigned NOT NULL DEFAULT '1',
  `taxable_iibb` int(10) unsigned NOT NULL DEFAULT '2',
  `renglon1` varchar(180) COLLATE utf8mb4_unicode_ci DEFAULT NULL,
  `importe1` decimal(20,2) DEFAULT NULL,
  `renglon2` varchar(180) COLLATE utf8mb4_unicode_ci DEFAULT NULL,
  `importe2` decimal(20,2) DEFAULT NULL,
  `renglon3` varchar(180) COLLATE utf8mb4_unicode_ci DEFAULT NULL,
  `importe3` decimal(20,2) DEFAULT NULL,
  `punto_venta_id` int(11) DEFAULT NULL,
  `fecha_comprobante` date DEFAULT NULL,
  `fecha_facturado_desde` date DEFAULT NULL,
  `fecha_facturado_hasta` date DEFAULT NULL,
  `fecha_vencimiento_pago` date DEFAULT NULL,
  `created_at` timestamp NULL DEFAULT NULL,
  `updated_at` timestamp NULL DEFAULT NULL,
  `deleted_at` timestamp NULL DEFAULT NULL,
  PRIMARY KEY (`id`),
  KEY `fa_masiva_detalle_concepto_id_foreign` (`concepto_id`),
  KEY `fa_masiva_detalle_system_tax_id_foreign` (`system_tax_id`),
  KEY `fa_masiva_detalle_cond_frente_iva_id_foreign` (`cond_frente_iva_id`),
  KEY `fa_masiva_detalle_zone_id_foreign` (`zone_id`),
  KEY `fa_masiva_detalle_tipo_comprobante_id_foreign` (`tipo_comprobante_id`),
  KEY `fa_masiva_detalle_activity_id_foreign` (`activity_id`),
  CONSTRAINT `fa_masiva_detalle_activity_id_foreign` FOREIGN KEY (`activity_id`) REFERENCES `activities` (`id`),
  CONSTRAINT `fa_masiva_detalle_concepto_id_foreign` FOREIGN KEY (`concepto_id`) REFERENCES `fact_elec_conceptos_afip` (`id`),
  CONSTRAINT `fa_masiva_detalle_cond_frente_iva_id_foreign` FOREIGN KEY (`cond_frente_iva_id`) REFERENCES `fac_elec_cond_frente_iva` (`id`),
  CONSTRAINT `fa_masiva_detalle_system_tax_id_foreign` FOREIGN KEY (`system_tax_id`) REFERENCES `system_taxes` (`id`),
  CONSTRAINT `fa_masiva_detalle_tipo_comprobante_id_foreign` FOREIGN KEY (`tipo_comprobante_id`) REFERENCES `receipt_types` (`id`),
  CONSTRAINT `fa_masiva_detalle_zone_id_foreign` FOREIGN KEY (`zone_id`) REFERENCES `zones` (`id`)
) ENGINE=InnoDB DEFAULT CHARSET=utf8mb4 COLLATE=utf8mb4_unicode_ci;

--
-- Dumping data for table `fa_masiva_detalle`
--


--
-- Table structure for table `fa_masiva_stock`
--

CREATE TABLE `fa_masiva_stock` (
  `id` bigint(20) unsigned NOT NULL AUTO_INCREMENT,
  `user_id` int(10) unsigned DEFAULT NULL,
  `person_id` int(10) unsigned NOT NULL,
  `person_id_relationed` int(10) unsigned NOT NULL,
  `data` longtext COLLATE utf8mb4_unicode_ci,
  `created_at` timestamp NULL DEFAULT NULL,
  `updated_at` timestamp NULL DEFAULT NULL,
  `deleted_at` timestamp NULL DEFAULT NULL,
  PRIMARY KEY (`id`),
  KEY `fa_masiva_stock_person_id_foreign` (`person_id`),
  KEY `fa_masiva_stock_person_id_relationed_foreign` (`person_id_relationed`),
  CONSTRAINT `fa_masiva_stock_person_id_foreign` FOREIGN KEY (`person_id`) REFERENCES `persons` (`id`),
  CONSTRAINT `fa_masiva_stock_person_id_relationed_foreign` FOREIGN KEY (`person_id_relationed`) REFERENCES `persons` (`id`)
) ENGINE=InnoDB DEFAULT CHARSET=utf8mb4 COLLATE=utf8mb4_unicode_ci;

--
-- Dumping data for table `fa_masiva_stock`
--


--
-- Table structure for table `fac_elec_cond_frente_iva`
--

CREATE TABLE `fac_elec_cond_frente_iva` (
  `id` int(10) unsigned NOT NULL AUTO_INCREMENT,
  `name` varchar(191) COLLATE utf8mb4_unicode_ci NOT NULL,
  `created_at` timestamp NULL DEFAULT NULL,
  `updated_at` timestamp NULL DEFAULT NULL,
  `deleted_at` timestamp NULL DEFAULT NULL,
  PRIMARY KEY (`id`),
  UNIQUE KEY `fac_elec_cond_frente_iva_name_unique` (`name`)
) ENGINE=InnoDB AUTO_INCREMENT=11 DEFAULT CHARSET=utf8mb4 COLLATE=utf8mb4_unicode_ci;

--
-- Dumping data for table `fac_elec_cond_frente_iva`
--

INSERT INTO `fac_elec_cond_frente_iva` VALUES (1,'IVA Responsable Inscripto','2019-07-15 18:37:39','2019-07-15 18:37:39',NULL),(2,'IVA Sujeto Exento','2019-07-15 18:37:39','2019-07-15 18:37:39',NULL),(3,'Consumidor Final','2019-07-15 18:37:39','2019-07-15 18:37:39',NULL),(4,'Responsable Monotributo','2019-07-15 18:37:39','2019-07-15 18:37:39',NULL),(5,'Proveedor del Exterior','2019-07-15 18:37:39','2019-07-15 18:37:39',NULL),(6,'Cliente del Exterior','2019-07-15 18:37:39','2019-07-15 18:37:39',NULL),(7,'IVA Liberado - Ley Nº 19.640','2019-07-15 18:37:39','2019-07-15 18:37:39',NULL),(8,'IVA Responsable Inscripto - Agente de Percepción','2019-07-15 18:37:39','2019-07-15 18:37:39',NULL),(9,'Monotributista Social','2019-07-15 18:37:39','2019-07-15 18:37:39',NULL),(10,'IVA No Alcanzado','2019-07-15 18:37:39','2019-07-15 18:37:39',NULL);

--
-- Table structure for table `fac_elec_unidad_medidas`
--

CREATE TABLE `fac_elec_unidad_medidas` (
  `id` int(10) unsigned NOT NULL AUTO_INCREMENT,
  `name` varchar(191) COLLATE utf8mb4_unicode_ci NOT NULL,
  `created_at` timestamp NULL DEFAULT NULL,
  `updated_at` timestamp NULL DEFAULT NULL,
  `deleted_at` timestamp NULL DEFAULT NULL,
  PRIMARY KEY (`id`),
  UNIQUE KEY `fac_elec_unidad_medidas_name_unique` (`name`)
) ENGINE=InnoDB AUTO_INCREMENT=19 DEFAULT CHARSET=utf8mb4 COLLATE=utf8mb4_unicode_ci;

--
-- Dumping data for table `fac_elec_unidad_medidas`
--

INSERT INTO `fac_elec_unidad_medidas` VALUES (1,'Grs','2019-07-15 18:37:39','2019-07-15 18:37:39',NULL),(2,'Kg','2019-07-15 18:37:39','2019-07-15 18:37:39',NULL),(3,'Mts','2019-07-15 18:37:39','2019-07-15 18:37:39',NULL),(4,'Mts2','2019-07-15 18:37:39','2019-07-15 18:37:39',NULL),(5,'Mts3','2019-07-15 18:37:39','2019-07-15 18:37:39',NULL),(6,'Lts','2019-07-15 18:37:39','2019-07-15 18:37:39',NULL),(7,'1000 Kwh','2019-07-15 18:37:39','2019-07-15 18:37:39',NULL),(8,'Unidades','2019-07-15 18:37:39','2019-07-15 18:37:39',NULL),(9,'Pares','2019-07-15 18:37:39','2019-07-15 18:37:39',NULL),(10,'Doc','2019-07-15 18:37:39','2019-07-15 18:37:39',NULL),(11,'Quilates','2019-07-15 18:37:39','2019-07-15 18:37:39',NULL),(12,'Millares','2019-07-15 18:37:39','2019-07-15 18:37:39',NULL),(13,'Milimetros','2019-07-15 18:37:39','2019-07-15 18:37:39',NULL),(14,'Mm 3','2019-07-15 18:37:39','2019-07-15 18:37:39',NULL),(15,'Km','2019-07-15 18:37:39','2019-07-15 18:37:39',NULL),(16,'Hectolitros','2019-07-15 18:37:39','2019-07-15 18:37:39',NULL),(17,'Cm','2019-07-15 18:37:39','2019-07-15 18:37:39',NULL),(18,'Cm 3','2019-07-15 18:37:39','2019-07-15 18:37:39',NULL);

--
-- Table structure for table `fact_elec_conceptos_afip`
--

CREATE TABLE `fact_elec_conceptos_afip` (
  `id` int(10) unsigned NOT NULL AUTO_INCREMENT,
  `afip_comprobante_id` int(10) unsigned NOT NULL,
  `descripcion` varchar(180) COLLATE utf8mb4_unicode_ci NOT NULL,
  `created_at` timestamp NULL DEFAULT NULL,
  `updated_at` timestamp NULL DEFAULT NULL,
  PRIMARY KEY (`id`)
) ENGINE=InnoDB AUTO_INCREMENT=4 DEFAULT CHARSET=utf8mb4 COLLATE=utf8mb4_unicode_ci;

--
-- Dumping data for table `fact_elec_conceptos_afip`
--

INSERT INTO `fact_elec_conceptos_afip` VALUES (1,1,'Producto','2019-03-13 13:29:34','2019-03-13 13:29:34'),(2,2,'Servicios','2019-03-13 13:29:34','2019-03-13 13:29:34'),(3,3,'Productos y Servicios','2019-03-13 13:29:34','2019-03-13 13:29:34');

--
-- Table structure for table `fact_elec_perc_ret`
--

CREATE TABLE `fact_elec_perc_ret` (
  `id` int(10) unsigned NOT NULL AUTO_INCREMENT,
  `user_id` int(10) unsigned DEFAULT NULL,
  `descripcion` varchar(191) COLLATE utf8mb4_unicode_ci NOT NULL,
  `codigo_afip` int(10) unsigned NOT NULL,
  `other_tax_id` int(10) unsigned NOT NULL,
  `habilitado` tinyint(1) NOT NULL DEFAULT '1',
  `created_at` timestamp NULL DEFAULT NULL,
  `updated_at` timestamp NULL DEFAULT NULL,
  `deleted_at` timestamp NULL DEFAULT NULL,
  PRIMARY KEY (`id`),
  KEY `fact_elec_perc_ret_other_tax_id_foreign` (`other_tax_id`),
  CONSTRAINT `fact_elec_perc_ret_other_tax_id_foreign` FOREIGN KEY (`other_tax_id`) REFERENCES `other_taxes` (`id`)
) ENGINE=InnoDB AUTO_INCREMENT=6 DEFAULT CHARSET=utf8mb4 COLLATE=utf8mb4_unicode_ci;

--
-- Dumping data for table `fact_elec_perc_ret`
--

INSERT INTO `fact_elec_perc_ret` VALUES (1,NULL,'Per./Ret de Imp. a las Ganancias',1,1032,1,NULL,NULL,NULL),(2,NULL,'Per./Ret de IVA',1,1000,1,NULL,NULL,NULL),(3,NULL,'Per./Ret de IIBB',2,1006,1,NULL,NULL,NULL),(4,NULL,'Impuestos Internos',4,1001,1,NULL,NULL,NULL),(5,NULL,'Impuestos Municipales',3,1031,1,NULL,NULL,NULL);

--
-- Table structure for table `fact_elec_perc_ret_details`
--

CREATE TABLE `fact_elec_perc_ret_details` (
  `id` bigint(20) unsigned NOT NULL AUTO_INCREMENT,
  `user_id` int(10) unsigned DEFAULT NULL,
  `fact_elec_perc_ret_id` int(10) unsigned NOT NULL,
  `person_id` int(10) unsigned NOT NULL,
  `fact_elec_receipt_id` int(10) unsigned NOT NULL,
  `detalle` varchar(191) COLLATE utf8mb4_unicode_ci DEFAULT NULL,
  `zone_id` int(10) unsigned DEFAULT NULL,
  `base_imponible` decimal(16,2) DEFAULT NULL,
  `alicuota` decimal(16,2) DEFAULT NULL,
  `importe` decimal(16,2) DEFAULT NULL,
  `created_at` timestamp NULL DEFAULT NULL,
  `updated_at` timestamp NULL DEFAULT NULL,
  `deleted_at` timestamp NULL DEFAULT NULL,
  PRIMARY KEY (`id`),
  KEY `fact_elec_perc_ret_details_fact_elec_perc_ret_id_foreign` (`fact_elec_perc_ret_id`),
  KEY `fact_elec_perc_ret_details_person_id_foreign` (`person_id`),
  KEY `fact_elec_perc_ret_details_fact_elec_receipt_id_foreign` (`fact_elec_receipt_id`),
  KEY `fact_elec_perc_ret_details_zone_id_foreign` (`zone_id`),
  CONSTRAINT `fact_elec_perc_ret_details_fact_elec_perc_ret_id_foreign` FOREIGN KEY (`fact_elec_perc_ret_id`) REFERENCES `fact_elec_perc_ret` (`id`),
  CONSTRAINT `fact_elec_perc_ret_details_fact_elec_receipt_id_foreign` FOREIGN KEY (`fact_elec_receipt_id`) REFERENCES `fact_elec_receipts` (`id`),
  CONSTRAINT `fact_elec_perc_ret_details_person_id_foreign` FOREIGN KEY (`person_id`) REFERENCES `persons` (`id`),
  CONSTRAINT `fact_elec_perc_ret_details_zone_id_foreign` FOREIGN KEY (`zone_id`) REFERENCES `zones` (`id`)
) ENGINE=InnoDB DEFAULT CHARSET=utf8mb4 COLLATE=utf8mb4_unicode_ci;

--
-- Dumping data for table `fact_elec_perc_ret_details`
--


--
-- Table structure for table `fact_elec_puntos_venta`
--

CREATE TABLE `fact_elec_puntos_venta` (
  `id` int(10) unsigned NOT NULL AUTO_INCREMENT,
  `user_id` int(10) unsigned DEFAULT NULL,
  `direccion` varchar(180) COLLATE utf8mb4_unicode_ci NOT NULL,
  `created_at` timestamp NULL DEFAULT NULL,
  `updated_at` timestamp NULL DEFAULT NULL,
  `person_id` int(10) unsigned NOT NULL,
  `codigo` varchar(255) COLLATE utf8mb4_unicode_ci DEFAULT '0000',
  `codigo_postal` varchar(20) COLLATE utf8mb4_unicode_ci DEFAULT NULL,
  `zone_id` int(11) DEFAULT NULL,
  `logo` varchar(191) COLLATE utf8mb4_unicode_ci DEFAULT NULL,
  `habilitado` tinyint(1) NOT NULL DEFAULT '1',
  `deleted_at` timestamp NULL DEFAULT NULL,
  PRIMARY KEY (`id`),
  KEY `fact_elec_puntos_venta_person_id_foreign` (`person_id`),
  CONSTRAINT `fact_elec_puntos_venta_person_id_foreign` FOREIGN KEY (`person_id`) REFERENCES `persons` (`id`)
) ENGINE=InnoDB DEFAULT CHARSET=utf8mb4 COLLATE=utf8mb4_unicode_ci;

--
-- Dumping data for table `fact_elec_puntos_venta`
--


--
-- Table structure for table `fact_elec_receipt_details`
--

CREATE TABLE `fact_elec_receipt_details` (
  `id` int(10) unsigned NOT NULL AUTO_INCREMENT,
  `user_id` int(10) unsigned DEFAULT NULL,
  `fact_elec_receipt_id` int(10) unsigned NOT NULL,
  `descripcion` text COLLATE utf8mb4_unicode_ci NOT NULL,
  `cantidad` decimal(20,2) NOT NULL,
  `unidad_medida` text COLLATE utf8mb4_unicode_ci,
  `precio_unitario` decimal(20,2) NOT NULL,
  `neto_gravado` decimal(20,2) NOT NULL,
  `bonificacion_porcentaje` decimal(20,2) DEFAULT NULL,
  `bonificacion_monto` decimal(20,2) DEFAULT NULL,
  `bonificacion_subtotal` decimal(20,2) DEFAULT NULL,
  `system_tax_id` int(10) unsigned NOT NULL DEFAULT '1',
  `iva_monto` decimal(20,2) DEFAULT NULL,
  `iva_subtotal` decimal(20,2) DEFAULT NULL,
  `created_at` timestamp NULL DEFAULT NULL,
  `updated_at` timestamp NULL DEFAULT NULL,
  `codigo` varchar(100) COLLATE utf8mb4_unicode_ci DEFAULT NULL,
  `deleted_at` timestamp NULL DEFAULT NULL,
  PRIMARY KEY (`id`),
  KEY `fact_elec_receipt_details_fact_elec_receipt_id_foreign` (`fact_elec_receipt_id`),
  KEY `fact_elec_receipt_details_system_tax_id_foreign` (`system_tax_id`),
  CONSTRAINT `fact_elec_receipt_details_fact_elec_receipt_id_foreign` FOREIGN KEY (`fact_elec_receipt_id`) REFERENCES `fact_elec_receipts` (`id`),
  CONSTRAINT `fact_elec_receipt_details_system_tax_id_foreign` FOREIGN KEY (`system_tax_id`) REFERENCES `system_taxes` (`id`)
) ENGINE=InnoDB DEFAULT CHARSET=utf8mb4 COLLATE=utf8mb4_unicode_ci;

--
-- Dumping data for table `fact_elec_receipt_details`
--


--
-- Table structure for table `fact_elec_receipts`
--

CREATE TABLE `fact_elec_receipts` (
  `id` int(10) unsigned NOT NULL AUTO_INCREMENT,
  `user_id` int(11) DEFAULT NULL,
  `fecha_comprobante` date NOT NULL,
  `fecha_facturado_desde` date DEFAULT NULL,
  `fecha_facturado_hasta` date DEFAULT NULL,
  `fecha_vencimiento_pago` date DEFAULT NULL,
  `concepto_id` int(10) unsigned NOT NULL,
  `punto_venta_id` int(10) unsigned NOT NULL,
  `tipo_comprobante_id` int(10) unsigned NOT NULL,
  `condiciones_venta` varchar(180) COLLATE utf8mb4_unicode_ci NOT NULL,
  `comprobante_asoc` longtext COLLATE utf8mb4_unicode_ci,
  `created_at` timestamp NULL DEFAULT NULL,
  `updated_at` timestamp NULL DEFAULT NULL,
  `cae` varchar(180) COLLATE utf8mb4_unicode_ci DEFAULT NULL,
  `cae_vencimiento` date DEFAULT NULL,
  `nro_comprobante_afip` varchar(191) COLLATE utf8mb4_unicode_ci DEFAULT NULL,
  `fecha_proceso_afip` varchar(191) COLLATE utf8mb4_unicode_ci DEFAULT NULL,
  `person_id` int(10) unsigned NOT NULL,
  `person_id_receptor` int(10) unsigned NOT NULL,
  `condicion_venta_id` int(11) DEFAULT NULL,
  `cond_frente_iva_id` int(10) unsigned NOT NULL DEFAULT '1',
  `cbu` varchar(191) COLLATE utf8mb4_unicode_ci DEFAULT NULL,
  `opcion_transferencia` longtext COLLATE utf8mb4_unicode_ci,
  `referencia` text COLLATE utf8mb4_unicode_ci,
  `alias_cbu` varchar(191) COLLATE utf8mb4_unicode_ci DEFAULT NULL,
  `total_otros_tributos` decimal(16,2) DEFAULT '0.00',
  `total` decimal(16,2) NOT NULL DEFAULT '0.00',
  `moneda_id` int(10) unsigned NOT NULL DEFAULT '1',
  `cotizacion` decimal(9,2) NOT NULL DEFAULT '1.00',
  `deleted_at` timestamp NULL DEFAULT NULL,
  PRIMARY KEY (`id`),
  KEY `fact_elec_receipts_user_id_foreign` (`user_id`),
  KEY `fact_elec_receipts_punto_venta_id_foreign` (`punto_venta_id`),
  KEY `fact_elec_receipts_tipo_comprobante_id_foreign` (`tipo_comprobante_id`),
  KEY `fact_elec_receipts_person_id_foreign` (`person_id`),
  KEY `fact_elec_receipts_person_id_receptor_foreign` (`person_id_receptor`),
  KEY `fact_elec_receipts_cond_frente_iva_id_foreign` (`cond_frente_iva_id`),
  KEY `fact_elec_receipts_moneda_id_foreign` (`moneda_id`),
  CONSTRAINT `fact_elec_receipts_cond_frente_iva_id_foreign` FOREIGN KEY (`cond_frente_iva_id`) REFERENCES `condicion_frente_al_iva` (`id`),
  CONSTRAINT `fact_elec_receipts_moneda_id_foreign` FOREIGN KEY (`moneda_id`) REFERENCES `monedas` (`id`),
  CONSTRAINT `fact_elec_receipts_person_id_foreign` FOREIGN KEY (`person_id`) REFERENCES `persons` (`id`),
  CONSTRAINT `fact_elec_receipts_person_id_receptor_foreign` FOREIGN KEY (`person_id_receptor`) REFERENCES `persons` (`id`),
  CONSTRAINT `fact_elec_receipts_punto_venta_id_foreign` FOREIGN KEY (`punto_venta_id`) REFERENCES `fact_elec_puntos_venta` (`id`),
  CONSTRAINT `fact_elec_receipts_tipo_comprobante_id_foreign` FOREIGN KEY (`tipo_comprobante_id`) REFERENCES `receipt_types` (`id`)
) ENGINE=InnoDB DEFAULT CHARSET=utf8mb4 COLLATE=utf8mb4_unicode_ci;

--
-- Dumping data for table `fact_elec_receipts`
--


--
-- Table structure for table `fact_elec_tipos_docs_afip`
--

CREATE TABLE `fact_elec_tipos_docs_afip` (
  `id` int(10) unsigned NOT NULL AUTO_INCREMENT,
  `afip_tipo_doc_id` int(10) unsigned NOT NULL,
  `descripcion` varchar(180) COLLATE utf8mb4_unicode_ci NOT NULL,
  `created_at` timestamp NULL DEFAULT NULL,
  `updated_at` timestamp NULL DEFAULT NULL,
  PRIMARY KEY (`id`)
) ENGINE=InnoDB AUTO_INCREMENT=100 DEFAULT CHARSET=utf8mb4 COLLATE=utf8mb4_unicode_ci;

--
-- Dumping data for table `fact_elec_tipos_docs_afip`
--

INSERT INTO `fact_elec_tipos_docs_afip` VALUES (1,1,'CI Buenos Aires','2019-03-13 13:29:34','2019-03-13 13:29:34'),(2,2,'CI Catamarca','2019-03-13 13:29:34','2019-03-13 13:29:34'),(3,3,'CI Córdoba','2019-03-13 13:29:34','2019-03-13 13:29:34'),(4,4,'CI Corrientes','2019-03-13 13:29:34','2019-03-13 13:29:34'),(5,5,'CI Entre Ríos','2019-03-13 13:29:34','2019-03-13 13:29:34'),(6,6,'CI Jujuy','2019-03-13 13:29:34','2019-03-13 13:29:34'),(7,7,'CI Mendoza','2019-03-13 13:29:34','2019-03-13 13:29:34'),(8,8,'CI La Rioja','2019-03-13 13:29:34','2019-03-13 13:29:34'),(9,9,'CI Salta','2019-03-13 13:29:34','2019-03-13 13:29:34'),(10,10,'CI San Juan','2019-03-13 13:29:34','2019-03-13 13:29:34'),(11,11,'CI San Luis','2019-03-13 13:29:34','2019-03-13 13:29:34'),(12,12,'CI Santa Fe','2019-03-13 13:29:34','2019-03-13 13:29:34'),(13,13,'CI Santiago del Estero','2019-03-13 13:29:34','2019-03-13 13:29:34'),(14,14,'CI Tucumán','2019-03-13 13:29:34','2019-03-13 13:29:34'),(16,16,'CI Chaco','2019-03-13 13:29:34','2019-03-13 13:29:34'),(17,17,'CI Chubut','2019-03-13 13:29:34','2019-03-13 13:29:34'),(18,18,'CI Formosa','2019-03-13 13:29:34','2019-03-13 13:29:34'),(19,19,'CI Misiones','2019-03-13 13:29:34','2019-03-13 13:29:34'),(20,20,'CI Neuquén','2019-03-13 13:29:34','2019-03-13 13:29:34'),(21,21,'CI La Pampa','2019-03-13 13:29:34','2019-03-13 13:29:34'),(22,22,'CI Río Negro','2019-03-13 13:29:34','2019-03-13 13:29:34'),(23,23,'CI Santa Cruz','2019-03-13 13:29:34','2019-03-13 13:29:34'),(24,24,'CI Tierra del Fuego','2019-03-13 13:29:34','2019-03-13 13:29:34'),(80,80,'CUIT','2019-03-13 13:29:34','2019-03-13 13:29:34'),(86,86,'CUIL','2019-03-13 13:29:34','2019-03-13 13:29:34'),(87,87,'CDI','2019-03-13 13:29:34','2019-03-13 13:29:34'),(89,89,'LE','2019-03-13 13:29:34','2019-03-13 13:29:34'),(90,90,'LC','2019-03-13 13:29:34','2019-03-13 13:29:34'),(91,91,'CI Extranjera','2019-03-13 13:29:34','2019-03-13 13:29:34'),(92,92,'en trámite','2019-03-13 13:29:34','2019-03-13 13:29:34'),(93,93,'Acta Nacimiento','2019-03-13 13:29:34','2019-03-13 13:29:34'),(94,94,'Pasaporte','2019-03-13 13:29:34','2019-03-13 13:29:34'),(95,95,'CI Bs. As. RNP','2019-03-13 13:29:34','2019-03-13 13:29:34'),(96,96,'DNI','2019-03-13 13:29:34','2019-03-13 13:29:34'),(97,0,'CI Policía Federal','2019-03-13 13:29:34','2019-03-13 13:29:34'),(99,99,'Doc. (Otro)','2019-03-13 13:29:34','2019-03-13 13:29:34');

--
-- Table structure for table `failed_jobs`
--

CREATE TABLE `failed_jobs` (
  `id` bigint(20) unsigned NOT NULL AUTO_INCREMENT,
  `user_id` int(10) unsigned DEFAULT NULL,
  `connection` text COLLATE utf8mb4_unicode_ci NOT NULL,
  `queue` text COLLATE utf8mb4_unicode_ci NOT NULL,
  `payload` longtext COLLATE utf8mb4_unicode_ci NOT NULL,
  `exception` longtext COLLATE utf8mb4_unicode_ci NOT NULL,
  `failed_at` timestamp NOT NULL DEFAULT CURRENT_TIMESTAMP,
  `deleted_at` timestamp NULL DEFAULT NULL,
  PRIMARY KEY (`id`)
) ENGINE=InnoDB AUTO_INCREMENT=16 DEFAULT CHARSET=utf8mb4 COLLATE=utf8mb4_unicode_ci;

--
-- Dumping data for table `failed_jobs`
--

INSERT INTO `failed_jobs` VALUES (1,NULL,'finance','finance','{\"uuid\":\"2fb12617-8ef4-4411-b1e6-2b992a05ce3b\",\"displayName\":\"App\\\\Jobs\\\\QueueGenerica\",\"job\":\"Illuminate\\\\Queue\\\\CallQueuedHandler@call\",\"maxTries\":null,\"maxExceptions\":null,\"delay\":null,\"timeout\":null,\"timeoutAt\":null,\"data\":{\"commandName\":\"App\\\\Jobs\\\\QueueGenerica\",\"command\":\"O:22:\\\"App\\\\Jobs\\\\QueueGenerica\\\":9:{s:28:\\\"\\u0000App\\\\Jobs\\\\QueueGenerica\\u0000data\\\";O:29:\\\"Illuminate\\\\Support\\\\Collection\\\":5:{s:8:\\\"\\u0000*\\u0000items\\\";a:0:{}s:11:\\\"controlador\\\";s:53:\\\"\\\\App\\\\Http\\\\Controllers\\\\Taxes\\\\BOTCopiarEnAfipController\\\";s:6:\\\"metodo\\\";s:26:\\\"Execute_Bot_Copiar_en_Afip\\\";s:12:\\\"metodo_error\\\";s:15:\\\"error_queue_bot\\\";s:9:\\\"variables\\\";O:29:\\\"Illuminate\\\\Support\\\\Collection\\\":7:{s:8:\\\"\\u0000*\\u0000items\\\";a:0:{}s:4:\\\"user\\\";O:8:\\\"App\\\\User\\\":28:{s:13:\\\"\\u0000*\\u0000connection\\\";s:9:\\\"seguridad\\\";s:8:\\\"\\u0000*\\u0000table\\\";s:6:\\\"tusers\\\";s:13:\\\"\\u0000*\\u0000primaryKey\\\";s:6:\\\"idUser\\\";s:11:\\\"\\u0000*\\u0000fillable\\\";a:12:{i:0;s:6:\\\"nombre\\\";i:1;s:9:\\\"loginUser\\\";i:2;s:9:\\\"emailUser\\\";i:3;s:5:\\\"clave\\\";i:4;s:9:\\\"claveUser\\\";i:5;s:10:\\\"statusUser\\\";i:6;s:12:\\\"user_type_id\\\";i:7;s:5:\\\"firma\\\";i:8;s:15:\\\"suscrip_plan_id\\\";i:9;s:7:\\\"importe\\\";i:10;s:6:\\\"avatar\\\";i:11;s:18:\\\"es_empresa_externa\\\";}s:9:\\\"\\u0000*\\u0000hidden\\\";a:4:{i:0;s:8:\\\"password\\\";i:1;s:14:\\\"remember_token\\\";i:2;s:9:\\\"claveUser\\\";i:3;s:5:\\\"clave\\\";}s:10:\\\"\\u0000*\\u0000keyType\\\";s:3:\\\"int\\\";s:12:\\\"incrementing\\\";b:1;s:7:\\\"\\u0000*\\u0000with\\\";a:0:{}s:12:\\\"\\u0000*\\u0000withCount\\\";a:0:{}s:10:\\\"\\u0000*\\u0000perPage\\\";i:15;s:6:\\\"exists\\\";b:1;s:18:\\\"wasRecentlyCreated\\\";b:0;s:13:\\\"\\u0000*\\u0000attributes\\\";a:17:{s:6:\\\"idUser\\\";i:7768;s:6:\\\"nombre\\\";s:18:\\\"Laplacette Dolores\\\";s:9:\\\"loginUser\\\";s:22:\\\"info@estudiolyl.com.ar\\\";s:9:\\\"emailUser\\\";s:22:\\\"info@estudiolyl.com.ar\\\";s:5:\\\"clave\\\";s:11:\\\"27329565063\\\";s:9:\\\"claveUser\\\";s:60:\\\"$2y$10$SRnhcmh9Ms4PgmCSAI1HhuLnN473XHxksXTF3LIf0KG3KAyr07yMi\\\";s:5:\\\"firma\\\";N;s:6:\\\"avatar\\\";N;s:10:\\\"statusUser\\\";i:1;s:14:\\\"remember_token\\\";N;s:10:\\\"created_at\\\";s:19:\\\"2022-09-02 07:48:37\\\";s:10:\\\"updated_at\\\";s:19:\\\"2022-09-12 21:10:41\\\";s:12:\\\"user_type_id\\\";i:1;s:18:\\\"es_empresa_externa\\\";i:0;s:15:\\\"suscrip_plan_id\\\";i:2;s:7:\\\"importe\\\";s:7:\\\"3750.00\\\";s:6:\\\"person\\\";O:17:\\\"App\\\\Models\\\\Person\\\":27:{s:10:\\\"\\u0000*\\u0000guarded\\\";a:0:{}s:8:\\\"\\u0000*\\u0000table\\\";s:7:\\\"persons\\\";s:13:\\\"\\u0000*\\u0000connection\\\";s:9:\\\"seguridad\\\";s:13:\\\"\\u0000*\\u0000primaryKey\\\";s:2:\\\"id\\\";s:10:\\\"\\u0000*\\u0000keyType\\\";s:3:\\\"int\\\";s:12:\\\"incrementing\\\";b:1;s:7:\\\"\\u0000*\\u0000with\\\";a:0:{}s:12:\\\"\\u0000*\\u0000withCount\\\";a:0:{}s:10:\\\"\\u0000*\\u0000perPage\\\";i:15;s:6:\\\"exists\\\";b:1;s:18:\\\"wasRecentlyCreated\\\";b:0;s:13:\\\"\\u0000*\\u0000attributes\\\";a:21:{s:2:\\\"id\\\";i:62352;s:7:\\\"user_id\\\";i:1;s:11:\\\"field_name1\\\";s:18:\\\"Laplacette Dolores\\\";s:11:\\\"field_name2\\\";N;s:13:\\\"document_type\\\";s:4:\\\"cuit\\\";s:8:\\\"document\\\";s:13:\\\"27-32956506-3\\\";s:21:\\\"cond_frente_al_iva_id\\\";N;s:10:\\\"country_id\\\";N;s:8:\\\"state_id\\\";N;s:7:\\\"zone_id\\\";N;s:14:\\\"plan_cuenta_id\\\";N;s:20:\\\"iva_creditos_tipo_id\\\";N;s:10:\\\"created_at\\\";s:19:\\\"2022-09-02 10:48:37\\\";s:10:\\\"updated_at\\\";s:19:\\\"2022-09-02 10:48:37\\\";s:11:\\\"activity_id\\\";N;s:7:\\\"address\\\";N;s:14:\\\"person_type_id\\\";N;s:19:\\\"fa_iva_condition_id\\\";N;s:16:\\\"fa_codigo_postal\\\";N;s:5:\\\"email\\\";N;s:10:\\\"deleted_at\\\";N;}s:11:\\\"\\u0000*\\u0000original\\\";a:21:{s:2:\\\"id\\\";i:62352;s:7:\\\"user_id\\\";i:1;s:11:\\\"field_name1\\\";s:18:\\\"Laplacette Dolores\\\";s:11:\\\"field_name2\\\";N;s:13:\\\"document_type\\\";s:4:\\\"cuit\\\";s:8:\\\"document\\\";s:13:\\\"27-32956506-3\\\";s:21:\\\"cond_frente_al_iva_id\\\";N;s:10:\\\"country_id\\\";N;s:8:\\\"state_id\\\";N;s:7:\\\"zone_id\\\";N;s:14:\\\"plan_cuenta_id\\\";N;s:20:\\\"iva_creditos_tipo_id\\\";N;s:10:\\\"created_at\\\";s:19:\\\"2022-09-02 10:48:37\\\";s:10:\\\"updated_at\\\";s:19:\\\"2022-09-02 10:48:37\\\";s:11:\\\"activity_id\\\";N;s:7:\\\"address\\\";N;s:14:\\\"person_type_id\\\";N;s:19:\\\"fa_iva_condition_id\\\";N;s:16:\\\"fa_codigo_postal\\\";N;s:5:\\\"email\\\";N;s:10:\\\"deleted_at\\\";N;}s:10:\\\"\\u0000*\\u0000changes\\\";a:0:{}s:8:\\\"\\u0000*\\u0000casts\\\";a:0:{}s:17:\\\"\\u0000*\\u0000classCastCache\\\";a:0:{}s:8:\\\"\\u0000*\\u0000dates\\\";a:0:{}s:13:\\\"\\u0000*\\u0000dateFormat\\\";N;s:10:\\\"\\u0000*\\u0000appends\\\";a:0:{}s:19:\\\"\\u0000*\\u0000dispatchesEvents\\\";a:0:{}s:14:\\\"\\u0000*\\u0000observables\\\";a:0:{}s:12:\\\"\\u0000*\\u0000relations\\\";a:0:{}s:10:\\\"\\u0000*\\u0000touches\\\";a:0:{}s:10:\\\"timestamps\\\";b:1;s:9:\\\"\\u0000*\\u0000hidden\\\";a:0:{}s:10:\\\"\\u0000*\\u0000visible\\\";a:0:{}s:11:\\\"\\u0000*\\u0000fillable\\\";a:0:{}}}s:11:\\\"\\u0000*\\u0000original\\\";a:16:{s:6:\\\"idUser\\\";i:7768;s:6:\\\"nombre\\\";s:18:\\\"Laplacette Dolores\\\";s:9:\\\"loginUser\\\";s:22:\\\"info@estudiolyl.com.ar\\\";s:9:\\\"emailUser\\\";s:22:\\\"info@estudiolyl.com.ar\\\";s:5:\\\"clave\\\";s:11:\\\"27329565063\\\";s:9:\\\"claveUser\\\";s:60:\\\"$2y$10$SRnhcmh9Ms4PgmCSAI1HhuLnN473XHxksXTF3LIf0KG3KAyr07yMi\\\";s:5:\\\"firma\\\";N;s:6:\\\"avatar\\\";N;s:10:\\\"statusUser\\\";i:1;s:14:\\\"remember_token\\\";N;s:10:\\\"created_at\\\";s:19:\\\"2022-09-02 07:48:37\\\";s:10:\\\"updated_at\\\";s:19:\\\"2022-09-12 21:10:41\\\";s:12:\\\"user_type_id\\\";i:1;s:18:\\\"es_empresa_externa\\\";i:0;s:15:\\\"suscrip_plan_id\\\";i:2;s:7:\\\"importe\\\";s:7:\\\"3750.00\\\";}s:10:\\\"\\u0000*\\u0000changes\\\";a:0:{}s:8:\\\"\\u0000*\\u0000casts\\\";a:0:{}s:17:\\\"\\u0000*\\u0000classCastCache\\\";a:0:{}s:8:\\\"\\u0000*\\u0000dates\\\";a:0:{}s:13:\\\"\\u0000*\\u0000dateFormat\\\";N;s:10:\\\"\\u0000*\\u0000appends\\\";a:0:{}s:19:\\\"\\u0000*\\u0000dispatchesEvents\\\";a:0:{}s:14:\\\"\\u0000*\\u0000observables\\\";a:0:{}s:12:\\\"\\u0000*\\u0000relations\\\";a:0:{}s:10:\\\"\\u0000*\\u0000touches\\\";a:0:{}s:10:\\\"timestamps\\\";b:1;s:10:\\\"\\u0000*\\u0000visible\\\";a:0:{}s:10:\\\"\\u0000*\\u0000guarded\\\";a:1:{i:0;s:1:\\\"*\\\";}s:20:\\\"\\u0000*\\u0000rememberTokenName\\\";s:14:\\\"remember_token\\\";}s:23:\\\"cuit_administrador_afip\\\";s:11:\\\"20340398980\\\";s:12:\\\"clave_fiscal\\\";s:10:\\\"22Pablo898\\\";s:5:\\\"sitio\\\";s:12:\\\"taxes.com.ar\\\";s:6:\\\"settle\\\";O:28:\\\"App\\\\Models\\\\PeriodLiquidation\\\":28:{s:8:\\\"\\u0000*\\u0000table\\\";s:19:\\\"period_liquidations\\\";s:10:\\\"\\u0000*\\u0000guarded\\\";a:0:{}s:9:\\\"\\u0000*\\u0000hidden\\\";a:2:{i:0;s:10:\\\"created_at\\\";i:1;s:10:\\\"updated_at\\\";}s:10:\\\"\\u0000*\\u0000appends\\\";a:1:{i:0;s:15:\\\"files_relations\\\";}s:13:\\\"\\u0000*\\u0000connection\\\";s:7:\\\"finance\\\";s:13:\\\"\\u0000*\\u0000primaryKey\\\";s:2:\\\"id\\\";s:10:\\\"\\u0000*\\u0000keyType\\\";s:3:\\\"int\\\";s:12:\\\"incrementing\\\";b:1;s:7:\\\"\\u0000*\\u0000with\\\";a:0:{}s:12:\\\"\\u0000*\\u0000withCount\\\";a:0:{}s:10:\\\"\\u0000*\\u0000perPage\\\";i:15;s:6:\\\"exists\\\";b:1;s:18:\\\"wasRecentlyCreated\\\";b:0;s:13:\\\"\\u0000*\\u0000attributes\\\";a:10:{s:2:\\\"id\\\";i:258;s:7:\\\"user_id\\\";i:7768;s:8:\\\"apply_to\\\";s:4:\\\"iibb\\\";s:9:\\\"period_id\\\";i:15295;s:9:\\\"person_id\\\";i:41245;s:6:\\\"status\\\";i:1;s:11:\\\"auxiliar_id\\\";i:4343;s:10:\\\"created_at\\\";s:19:\\\"2022-09-13 12:18:32\\\";s:10:\\\"updated_at\\\";s:19:\\\"2022-09-13 12:19:10\\\";s:10:\\\"deleted_at\\\";N;}s:11:\\\"\\u0000*\\u0000original\\\";a:10:{s:2:\\\"id\\\";i:258;s:7:\\\"user_id\\\";i:7768;s:8:\\\"apply_to\\\";s:4:\\\"iibb\\\";s:9:\\\"period_id\\\";i:15295;s:9:\\\"person_id\\\";i:41245;s:6:\\\"status\\\";i:1;s:11:\\\"auxiliar_id\\\";i:4343;s:10:\\\"created_at\\\";s:19:\\\"2022-09-13 12:18:32\\\";s:10:\\\"updated_at\\\";s:19:\\\"2022-09-13 12:19:10\\\";s:10:\\\"deleted_at\\\";N;}s:10:\\\"\\u0000*\\u0000changes\\\";a:2:{s:11:\\\"auxiliar_id\\\";i:4343;s:10:\\\"updated_at\\\";s:19:\\\"2022-09-13 12:19:10\\\";}s:8:\\\"\\u0000*\\u0000casts\\\";a:0:{}s:17:\\\"\\u0000*\\u0000classCastCache\\\";a:0:{}s:8:\\\"\\u0000*\\u0000dates\\\";a:1:{i:0;s:10:\\\"deleted_at\\\";}s:13:\\\"\\u0000*\\u0000dateFormat\\\";N;s:19:\\\"\\u0000*\\u0000dispatchesEvents\\\";a:0:{}s:14:\\\"\\u0000*\\u0000observables\\\";a:0:{}s:12:\\\"\\u0000*\\u0000relations\\\";a:0:{}s:10:\\\"\\u0000*\\u0000touches\\\";a:0:{}s:10:\\\"timestamps\\\";b:1;s:10:\\\"\\u0000*\\u0000visible\\\";a:0:{}s:11:\\\"\\u0000*\\u0000fillable\\\";a:0:{}s:16:\\\"\\u0000*\\u0000forceDeleting\\\";b:0;}s:8:\\\"auxiliar\\\";O:19:\\\"App\\\\Models\\\\Auxiliar\\\":27:{s:13:\\\"\\u0000*\\u0000connection\\\";s:9:\\\"seguridad\\\";s:8:\\\"\\u0000*\\u0000table\\\";s:8:\\\"auxiliar\\\";s:10:\\\"\\u0000*\\u0000guarded\\\";a:0:{}s:13:\\\"\\u0000*\\u0000primaryKey\\\";s:2:\\\"id\\\";s:10:\\\"\\u0000*\\u0000keyType\\\";s:3:\\\"int\\\";s:12:\\\"incrementing\\\";b:1;s:7:\\\"\\u0000*\\u0000with\\\";a:0:{}s:12:\\\"\\u0000*\\u0000withCount\\\";a:0:{}s:10:\\\"\\u0000*\\u0000perPage\\\";i:15;s:6:\\\"exists\\\";b:1;s:18:\\\"wasRecentlyCreated\\\";b:1;s:13:\\\"\\u0000*\\u0000attributes\\\";a:5:{s:11:\\\"descripcion\\\";s:12448:\\\"{\\\"group_person_zone_actividad\\\":[{\\\"id\\\":52,\\\"user_id\\\":7768,\\\"person_id\\\":41245,\\\"zone_id\\\":23,\\\"actividad_id\\\":855,\\\"calculo_iibb\\\":1,\\\"coef\\\":\\\"0.00000\\\",\\\"alicuota\\\":\\\"3.50000\\\",\\\"cm_articulo_regimen_id\\\":10,\\\"habilitado\\\":1,\\\"created_at\\\":\\\"2022-09-09T17:36:15.000000Z\\\",\\\"updated_at\\\":\\\"2022-09-09T17:36:15.000000Z\\\",\\\"deleted_at\\\":null,\\\"cm_articulo_regimen\\\":{\\\"id\\\":10,\\\"user_id\\\":null,\\\"descripcion\\\":\\\"Articulo 14\\\",\\\"codigo\\\":14,\\\"habilitado\\\":1,\\\"created_at\\\":\\\"2022-09-02T10:49:17.000000Z\\\",\\\"updated_at\\\":\\\"2022-09-02T10:49:18.000000Z\\\",\\\"deleted_at\\\":null},\\\"actividad\\\":{\\\"id\\\":855,\\\"created_at\\\":null,\\\"updated_at\\\":null,\\\"name\\\":\\\"Servicios empresariales n.c.p.\\\",\\\"codigo_afip\\\":\\\"829900\\\",\\\"codigo_cm\\\":null}}],\\\"person\\\":{\\\"id\\\":41245,\\\"user_id\\\":7768,\\\"field_name1\\\":\\\"PABLO D AMARIO\\\",\\\"field_name2\\\":null,\\\"document_type\\\":\\\"cuit\\\",\\\"document\\\":\\\"20-34039898-0\\\",\\\"cond_frente_al_iva_id\\\":null,\\\"country_id\\\":null,\\\"state_id\\\":null,\\\"zone_id\\\":null,\\\"plan_cuenta_id\\\":null,\\\"iva_creditos_tipo_id\\\":null,\\\"created_at\\\":\\\"2022-09-09T17:22:10.000000Z\\\",\\\"updated_at\\\":\\\"2022-09-09T17:22:10.000000Z\\\",\\\"activity_id\\\":null,\\\"address\\\":null,\\\"person_type_id\\\":1,\\\"fa_iva_condition_id\\\":null,\\\"fa_codigo_postal\\\":null,\\\"email\\\":null,\\\"deleted_at\\\":null,\\\"person_config\\\":{\\\"id\\\":12,\\\"user_id\\\":7768,\\\"person_id\\\":41245,\\\"period_id\\\":null,\\\"zone_id\\\":null,\\\"settle_calc_by_coef\\\":0,\\\"created_at\\\":\\\"2022-09-09T17:22:10.000000Z\\\",\\\"updated_at\\\":\\\"2022-09-09T17:36:15.000000Z\\\",\\\"active\\\":2,\\\"enviarMail\\\":1,\\\"honorario\\\":\\\"0.00\\\",\\\"cta_cte_tesoreria_cuenta_id\\\":null,\\\"month_close\\\":12,\\\"iva_condition_id\\\":1,\\\"obligation_sell\\\":1,\\\"obligation_buy\\\":1,\\\"obligation_iva\\\":0,\\\"obligation_electronic_receipt\\\":0,\\\"obligation_iibb\\\":4,\\\"obligation_other_taxes\\\":null,\\\"liquidation_start_period\\\":\\\"2018-04\\\",\\\"obligation_salaries\\\":0,\\\"empleada_domestica\\\":0,\\\"prorratear_iva\\\":0,\\\"is_itc\\\":0,\\\"priority_order\\\":3,\\\"person_id_administrador\\\":41245,\\\"person_id_titular\\\":41245,\\\"logo_path\\\":null,\\\"certificado_afip_path\\\":null,\\\"llave_afip_path\\\":null,\\\"access_electronic_receipt\\\":0,\\\"ruta_logo_fa\\\":null,\\\"inicio_actividades\\\":\\\"2022-09-09T03:00:00.000000Z\\\",\\\"iibb\\\":null,\\\"fe_leyenda\\\":null,\\\"atencion_iva\\\":0,\\\"atencion_iva_comentario\\\":null,\\\"atencion_iibb\\\":0,\\\"atencion_iibb_comentario\\\":null,\\\"deleted_at\\\":null}},\\\"settle\\\":{\\\"id\\\":258,\\\"user_id\\\":7768,\\\"apply_to\\\":\\\"iibb\\\",\\\"period_id\\\":15295,\\\"person_id\\\":41245,\\\"status\\\":1,\\\"auxiliar_id\\\":null,\\\"deleted_at\\\":null,\\\"files_relations\\\":[],\\\"period\\\":{\\\"id\\\":15295,\\\"user_id\\\":null,\\\"code\\\":\\\"2022-08\\\",\\\"year\\\":2022,\\\"period_number\\\":8,\\\"date_from\\\":\\\"2022-08-01\\\",\\\"date_to\\\":\\\"2022-08-31\\\",\\\"created_at\\\":null,\\\"updated_at\\\":null,\\\"person_id\\\":41245,\\\"conta_status\\\":0,\\\"deleted_at\\\":null,\\\"syj_periods_status_id\\\":1,\\\"syj_sin_asiento\\\":0,\\\"syj_asiento_modificado\\\":0,\\\"syj_periods_status_emp_dom_id\\\":1}},\\\"registros\\\":{\\\"id\\\":258,\\\"user_id\\\":7768,\\\"apply_to\\\":\\\"iibb\\\",\\\"period_id\\\":15295,\\\"person_id\\\":41245,\\\"status\\\":1,\\\"auxiliar_id\\\":null,\\\"deleted_at\\\":null,\\\"files_relations\\\":[],\\\"period_liquidation_iibb\\\":[{\\\"id\\\":285,\\\"user_id\\\":7768,\\\"period_liquidation_id\\\":258,\\\"period_id\\\":15295,\\\"person_id\\\":41245,\\\"zone_id\\\":23,\\\"base_amount\\\":238589,\\\"impuesto\\\":8350.62,\\\"saldo_a_favor_ant\\\":0,\\\"sircreb\\\":\\\"0.00\\\",\\\"percepciones\\\":\\\"0.00\\\",\\\"retenciones\\\":\\\"0.00\\\",\\\"a_pagar\\\":8350.62,\\\"a_favor\\\":0,\\\"created_at\\\":\\\"2022-09-13T15:18:32.000000Z\\\",\\\"updated_at\\\":\\\"2022-09-13T15:18:32.000000Z\\\",\\\"deleted_at\\\":null,\\\"zone\\\":{\\\"id\\\":23,\\\"name\\\":\\\"Buenos Aires\\\",\\\"sifere_coef\\\":\\\"0.00\\\",\\\"iibb_aliquot\\\":\\\"0.00\\\",\\\"iibb_perception_id\\\":null,\\\"retention_id\\\":null,\\\"created_at\\\":null,\\\"updated_at\\\":\\\"2022-09-02T10:49:21.000000Z\\\",\\\"code\\\":\\\"02\\\",\\\"sircreb_plan_cuenta_id\\\":276,\\\"codigo_cm\\\":902,\\\"codigo_afip\\\":\\\"1\\\"},\\\"details\\\":[{\\\"id\\\":727,\\\"user_id\\\":7768,\\\"period_liquidation_id\\\":258,\\\"period_id\\\":15295,\\\"person_id\\\":41245,\\\"zone_id\\\":23,\\\"calculo_iibb\\\":1,\\\"actividad_id\\\":855,\\\"coef\\\":\\\"0.0000\\\",\\\"aliquot\\\":\\\"3.5000\\\",\\\"cm_articulo_regimen_id\\\":10,\\\"base_amount\\\":238589,\\\"tax_amount\\\":8350.62,\\\"previous_period_balance\\\":\\\"0.00\\\",\\\"sircreb_amount\\\":\\\"0.00\\\",\\\"perception_amount\\\":\\\"0.00\\\",\\\"retention_amount\\\":\\\"0.00\\\",\\\"positive_amount\\\":\\\"0.00\\\",\\\"negative_amount\\\":\\\"0.00\\\",\\\"balance\\\":0,\\\"created_at\\\":\\\"2022-09-13T15:18:32.000000Z\\\",\\\"updated_at\\\":\\\"2022-09-13T15:18:32.000000Z\\\",\\\"deleted_at\\\":null,\\\"actividad\\\":{\\\"id\\\":855,\\\"created_at\\\":null,\\\"updated_at\\\":null,\\\"name\\\":\\\"Servicios empresariales n.c.p.\\\",\\\"codigo_afip\\\":\\\"829900\\\",\\\"codigo_cm\\\":null},\\\"cm_articulo_regimen\\\":{\\\"id\\\":10,\\\"user_id\\\":null,\\\"descripcion\\\":\\\"Articulo 14\\\",\\\"codigo\\\":14,\\\"habilitado\\\":1,\\\"created_at\\\":\\\"2022-09-02T10:49:17.000000Z\\\",\\\"updated_at\\\":\\\"2022-09-02T10:49:18.000000Z\\\",\\\"deleted_at\\\":null}},{\\\"id\\\":728,\\\"user_id\\\":7768,\\\"period_liquidation_id\\\":258,\\\"period_id\\\":15295,\\\"person_id\\\":41245,\\\"zone_id\\\":3,\\\"calculo_iibb\\\":1,\\\"actividad_id\\\":855,\\\"coef\\\":\\\"0.0000\\\",\\\"aliquot\\\":\\\"3.5000\\\",\\\"cm_articulo_regimen_id\\\":10,\\\"base_amount\\\":\\\"238589.00\\\",\\\"tax_amount\\\":\\\"0.00\\\",\\\"previous_period_balance\\\":\\\"0.00\\\",\\\"sircreb_amount\\\":\\\"0.00\\\",\\\"perception_amount\\\":\\\"0.00\\\",\\\"retention_amount\\\":\\\"0.00\\\",\\\"positive_amount\\\":\\\"0.00\\\",\\\"negative_amount\\\":\\\"0.00\\\",\\\"balance\\\":0,\\\"created_at\\\":\\\"2022-09-13T15:18:32.000000Z\\\",\\\"updated_at\\\":\\\"2022-09-13T15:18:32.000000Z\\\",\\\"deleted_at\\\":null,\\\"actividad\\\":{\\\"id\\\":855,\\\"created_at\\\":null,\\\"updated_at\\\":null,\\\"name\\\":\\\"Servicios empresariales n.c.p.\\\",\\\"codigo_afip\\\":\\\"829900\\\",\\\"codigo_cm\\\":null},\\\"cm_articulo_regimen\\\":{\\\"id\\\":10,\\\"user_id\\\":null,\\\"descripcion\\\":\\\"Articulo 14\\\",\\\"codigo\\\":14,\\\"habilitado\\\":1,\\\"created_at\\\":\\\"2022-09-02T10:49:17.000000Z\\\",\\\"updated_at\\\":\\\"2022-09-02T10:49:18.000000Z\\\",\\\"deleted_at\\\":null}},{\\\"id\\\":729,\\\"user_id\\\":7768,\\\"period_liquidation_id\\\":258,\\\"period_id\\\":15295,\\\"person_id\\\":41245,\\\"zone_id\\\":18,\\\"calculo_iibb\\\":1,\\\"actividad_id\\\":855,\\\"coef\\\":\\\"0.0000\\\",\\\"aliquot\\\":\\\"3.5000\\\",\\\"cm_articulo_regimen_id\\\":10,\\\"base_amount\\\":\\\"238589.00\\\",\\\"tax_amount\\\":\\\"0.00\\\",\\\"previous_period_balance\\\":\\\"0.00\\\",\\\"sircreb_amount\\\":\\\"0.00\\\",\\\"perception_amount\\\":\\\"0.00\\\",\\\"retention_amount\\\":\\\"0.00\\\",\\\"positive_amount\\\":\\\"0.00\\\",\\\"negative_amount\\\":\\\"0.00\\\",\\\"balance\\\":0,\\\"created_at\\\":\\\"2022-09-13T15:18:32.000000Z\\\",\\\"updated_at\\\":\\\"2022-09-13T15:18:32.000000Z\\\",\\\"deleted_at\\\":null,\\\"actividad\\\":{\\\"id\\\":855,\\\"created_at\\\":null,\\\"updated_at\\\":null,\\\"name\\\":\\\"Servicios empresariales n.c.p.\\\",\\\"codigo_afip\\\":\\\"829900\\\",\\\"codigo_cm\\\":null},\\\"cm_articulo_regimen\\\":{\\\"id\\\":10,\\\"user_id\\\":null,\\\"descripcion\\\":\\\"Articulo 14\\\",\\\"codigo\\\":14,\\\"habilitado\\\":1,\\\"created_at\\\":\\\"2022-09-02T10:49:17.000000Z\\\",\\\"updated_at\\\":\\\"2022-09-02T10:49:18.000000Z\\\",\\\"deleted_at\\\":null}}]},{\\\"id\\\":283,\\\"user_id\\\":7768,\\\"period_liquidation_id\\\":258,\\\"period_id\\\":15295,\\\"person_id\\\":41245,\\\"zone_id\\\":3,\\\"base_amount\\\":238589,\\\"impuesto\\\":0,\\\"saldo_a_favor_ant\\\":0,\\\"sircreb\\\":\\\"0.00\\\",\\\"percepciones\\\":\\\"0.00\\\",\\\"retenciones\\\":\\\"0.00\\\",\\\"a_pagar\\\":0,\\\"a_favor\\\":0,\\\"created_at\\\":\\\"2022-09-13T15:18:32.000000Z\\\",\\\"updated_at\\\":\\\"2022-09-13T15:18:32.000000Z\\\",\\\"deleted_at\\\":null,\\\"zone\\\":{\\\"id\\\":3,\\\"name\\\":\\\"Chaco\\\",\\\"sifere_coef\\\":\\\"0.00\\\",\\\"iibb_aliquot\\\":\\\"0.00\\\",\\\"iibb_perception_id\\\":null,\\\"retention_id\\\":null,\\\"created_at\\\":null,\\\"updated_at\\\":\\\"2022-09-02T10:49:21.000000Z\\\",\\\"code\\\":\\\"26\\\",\\\"sircreb_plan_cuenta_id\\\":279,\\\"codigo_cm\\\":906,\\\"codigo_afip\\\":\\\"16\\\"},\\\"details\\\":[{\\\"id\\\":727,\\\"user_id\\\":7768,\\\"period_liquidation_id\\\":258,\\\"period_id\\\":15295,\\\"person_id\\\":41245,\\\"zone_id\\\":23,\\\"calculo_iibb\\\":1,\\\"actividad_id\\\":855,\\\"coef\\\":\\\"0.0000\\\",\\\"aliquot\\\":\\\"3.5000\\\",\\\"cm_articulo_regimen_id\\\":10,\\\"base_amount\\\":\\\"238589.00\\\",\\\"tax_amount\\\":\\\"0.00\\\",\\\"previous_period_balance\\\":\\\"0.00\\\",\\\"sircreb_amount\\\":\\\"0.00\\\",\\\"perception_amount\\\":\\\"0.00\\\",\\\"retention_amount\\\":\\\"0.00\\\",\\\"positive_amount\\\":\\\"0.00\\\",\\\"negative_amount\\\":\\\"0.00\\\",\\\"balance\\\":0,\\\"created_at\\\":\\\"2022-09-13T15:18:32.000000Z\\\",\\\"updated_at\\\":\\\"2022-09-13T15:18:32.000000Z\\\",\\\"deleted_at\\\":null,\\\"actividad\\\":{\\\"id\\\":855,\\\"created_at\\\":null,\\\"updated_at\\\":null,\\\"name\\\":\\\"Servicios empresariales n.c.p.\\\",\\\"codigo_afip\\\":\\\"829900\\\",\\\"codigo_cm\\\":null},\\\"cm_articulo_regimen\\\":{\\\"id\\\":10,\\\"user_id\\\":null,\\\"descripcion\\\":\\\"Articulo 14\\\",\\\"codigo\\\":14,\\\"habilitado\\\":1,\\\"created_at\\\":\\\"2022-09-02T10:49:17.000000Z\\\",\\\"updated_at\\\":\\\"2022-09-02T10:49:18.000000Z\\\",\\\"deleted_at\\\":null}},{\\\"id\\\":728,\\\"user_id\\\":7768,\\\"period_liquidation_id\\\":258,\\\"period_id\\\":15295,\\\"person_id\\\":41245,\\\"zone_id\\\":3,\\\"calculo_iibb\\\":1,\\\"actividad_id\\\":855,\\\"coef\\\":\\\"0.0000\\\",\\\"aliquot\\\":\\\"3.5000\\\",\\\"cm_articulo_regimen_id\\\":10,\\\"base_amount\\\":238589,\\\"tax_amount\\\":0,\\\"previous_period_balance\\\":\\\"0.00\\\",\\\"sircreb_amount\\\":\\\"0.00\\\",\\\"perception_amount\\\":\\\"0.00\\\",\\\"retention_amount\\\":\\\"0.00\\\",\\\"positive_amount\\\":\\\"0.00\\\",\\\"negative_amount\\\":\\\"0.00\\\",\\\"balance\\\":0,\\\"created_at\\\":\\\"2022-09-13T15:18:32.000000Z\\\",\\\"updated_at\\\":\\\"2022-09-13T15:18:32.000000Z\\\",\\\"deleted_at\\\":null,\\\"actividad\\\":{\\\"id\\\":855,\\\"created_at\\\":null,\\\"updated_at\\\":null,\\\"name\\\":\\\"Servicios empresariales n.c.p.\\\",\\\"codigo_afip\\\":\\\"829900\\\",\\\"codigo_cm\\\":null},\\\"cm_articulo_regimen\\\":{\\\"id\\\":10,\\\"user_id\\\":null,\\\"descripcion\\\":\\\"Articulo 14\\\",\\\"codigo\\\":14,\\\"habilitado\\\":1,\\\"created_at\\\":\\\"2022-09-02T10:49:17.000000Z\\\",\\\"updated_at\\\":\\\"2022-09-02T10:49:18.000000Z\\\",\\\"deleted_at\\\":null}},{\\\"id\\\":729,\\\"user_id\\\":7768,\\\"period_liquidation_id\\\":258,\\\"period_id\\\":15295,\\\"person_id\\\":41245,\\\"zone_id\\\":18,\\\"calculo_iibb\\\":1,\\\"actividad_id\\\":855,\\\"coef\\\":\\\"0.0000\\\",\\\"aliquot\\\":\\\"3.5000\\\",\\\"cm_articulo_regimen_id\\\":10,\\\"base_amount\\\":\\\"238589.00\\\",\\\"tax_amount\\\":\\\"0.00\\\",\\\"previous_period_balance\\\":\\\"0.00\\\",\\\"sircreb_amount\\\":\\\"0.00\\\",\\\"perception_amount\\\":\\\"0.00\\\",\\\"retention_amount\\\":\\\"0.00\\\",\\\"positive_amount\\\":\\\"0.00\\\",\\\"negative_amount\\\":\\\"0.00\\\",\\\"balance\\\":0,\\\"created_at\\\":\\\"2022-09-13T15:18:32.000000Z\\\",\\\"updated_at\\\":\\\"2022-09-13T15:18:32.000000Z\\\",\\\"deleted_at\\\":null,\\\"actividad\\\":{\\\"id\\\":855,\\\"created_at\\\":null,\\\"updated_at\\\":null,\\\"name\\\":\\\"Servicios empresariales n.c.p.\\\",\\\"codigo_afip\\\":\\\"829900\\\",\\\"codigo_cm\\\":null},\\\"cm_articulo_regimen\\\":{\\\"id\\\":10,\\\"user_id\\\":null,\\\"descripcion\\\":\\\"Articulo 14\\\",\\\"codigo\\\":14,\\\"habilitado\\\":1,\\\"created_at\\\":\\\"2022-09-02T10:49:17.000000Z\\\",\\\"updated_at\\\":\\\"2022-09-02T10:49:18.000000Z\\\",\\\"deleted_at\\\":null}}]},{\\\"id\\\":284,\\\"user_id\\\":7768,\\\"period_liquidation_id\\\":258,\\\"period_id\\\":15295,\\\"person_id\\\":41245,\\\"zone_id\\\":18,\\\"base_amount\\\":238589,\\\"impuesto\\\":0,\\\"saldo_a_favor_ant\\\":0,\\\"sircreb\\\":\\\"0.00\\\",\\\"percepciones\\\":\\\"0.00\\\",\\\"retenciones\\\":\\\"0.00\\\",\\\"a_pagar\\\":0,\\\"a_favor\\\":0,\\\"created_at\\\":\\\"2022-09-13T15:18:32.000000Z\\\",\\\"updated_at\\\":\\\"2022-09-13T15:18:32.000000Z\\\",\\\"deleted_at\\\":null,\\\"zone\\\":{\\\"id\\\":18,\\\"name\\\":\\\"Santa Fe\\\",\\\"sifere_coef\\\":\\\"0.00\\\",\\\"iibb_aliquot\\\":\\\"0.00\\\",\\\"iibb_perception_id\\\":null,\\\"retention_id\\\":null,\\\"created_at\\\":null,\\\"updated_at\\\":\\\"2022-09-02T10:49:21.000000Z\\\",\\\"code\\\":\\\"70\\\",\\\"sircreb_plan_cuenta_id\\\":297,\\\"codigo_cm\\\":921,\\\"codigo_afip\\\":\\\"12\\\"},\\\"details\\\":[{\\\"id\\\":727,\\\"user_id\\\":7768,\\\"period_liquidation_id\\\":258,\\\"period_id\\\":15295,\\\"person_id\\\":41245,\\\"zone_id\\\":23,\\\"calculo_iibb\\\":1,\\\"actividad_id\\\":855,\\\"coef\\\":\\\"0.0000\\\",\\\"aliquot\\\":\\\"3.5000\\\",\\\"cm_articulo_regimen_id\\\":10,\\\"base_amount\\\":\\\"238589.00\\\",\\\"tax_amount\\\":\\\"0.00\\\",\\\"previous_period_balance\\\":\\\"0.00\\\",\\\"sircreb_amount\\\":\\\"0.00\\\",\\\"perception_amount\\\":\\\"0.00\\\",\\\"retention_amount\\\":\\\"0.00\\\",\\\"positive_amount\\\":\\\"0.00\\\",\\\"negative_amount\\\":\\\"0.00\\\",\\\"balance\\\":0,\\\"created_at\\\":\\\"2022-09-13T15:18:32.000000Z\\\",\\\"updated_at\\\":\\\"2022-09-13T15:18:32.000000Z\\\",\\\"deleted_at\\\":null,\\\"actividad\\\":{\\\"id\\\":855,\\\"created_at\\\":null,\\\"updated_at\\\":null,\\\"name\\\":\\\"Servicios empresariales n.c.p.\\\",\\\"codigo_afip\\\":\\\"829900\\\",\\\"codigo_cm\\\":null},\\\"cm_articulo_regimen\\\":{\\\"id\\\":10,\\\"user_id\\\":null,\\\"descripcion\\\":\\\"Articulo 14\\\",\\\"codigo\\\":14,\\\"habilitado\\\":1,\\\"created_at\\\":\\\"2022-09-02T10:49:17.000000Z\\\",\\\"updated_at\\\":\\\"2022-09-02T10:49:18.000000Z\\\",\\\"deleted_at\\\":null}},{\\\"id\\\":728,\\\"user_id\\\":7768,\\\"period_liquidation_id\\\":258,\\\"period_id\\\":15295,\\\"person_id\\\":41245,\\\"zone_id\\\":3,\\\"calculo_iibb\\\":1,\\\"actividad_id\\\":855,\\\"coef\\\":\\\"0.0000\\\",\\\"aliquot\\\":\\\"3.5000\\\",\\\"cm_articulo_regimen_id\\\":10,\\\"base_amount\\\":\\\"238589.00\\\",\\\"tax_amount\\\":\\\"0.00\\\",\\\"previous_period_balance\\\":\\\"0.00\\\",\\\"sircreb_amount\\\":\\\"0.00\\\",\\\"perception_amount\\\":\\\"0.00\\\",\\\"retention_amount\\\":\\\"0.00\\\",\\\"positive_amount\\\":\\\"0.00\\\",\\\"negative_amount\\\":\\\"0.00\\\",\\\"balance\\\":0,\\\"created_at\\\":\\\"2022-09-13T15:18:32.000000Z\\\",\\\"updated_at\\\":\\\"2022-09-13T15:18:32.000000Z\\\",\\\"deleted_at\\\":null,\\\"actividad\\\":{\\\"id\\\":855,\\\"created_at\\\":null,\\\"updated_at\\\":null,\\\"name\\\":\\\"Servicios empresariales n.c.p.\\\",\\\"codigo_afip\\\":\\\"829900\\\",\\\"codigo_cm\\\":null},\\\"cm_articulo_regimen\\\":{\\\"id\\\":10,\\\"user_id\\\":null,\\\"descripcion\\\":\\\"Articulo 14\\\",\\\"codigo\\\":14,\\\"habilitado\\\":1,\\\"created_at\\\":\\\"2022-09-02T10:49:17.000000Z\\\",\\\"updated_at\\\":\\\"2022-09-02T10:49:18.000000Z\\\",\\\"deleted_at\\\":null}},{\\\"id\\\":729,\\\"user_id\\\":7768,\\\"period_liquidation_id\\\":258,\\\"period_id\\\":15295,\\\"person_id\\\":41245,\\\"zone_id\\\":18,\\\"calculo_iibb\\\":1,\\\"actividad_id\\\":855,\\\"coef\\\":\\\"0.0000\\\",\\\"aliquot\\\":\\\"3.5000\\\",\\\"cm_articulo_regimen_id\\\":10,\\\"base_amount\\\":238589,\\\"tax_amount\\\":0,\\\"previous_period_balance\\\":\\\"0.00\\\",\\\"sircreb_amount\\\":\\\"0.00\\\",\\\"perception_amount\\\":\\\"0.00\\\",\\\"retention_amount\\\":\\\"0.00\\\",\\\"positive_amount\\\":\\\"0.00\\\",\\\"negative_amount\\\":\\\"0.00\\\",\\\"balance\\\":0,\\\"created_at\\\":\\\"2022-09-13T15:18:32.000000Z\\\",\\\"updated_at\\\":\\\"2022-09-13T15:18:32.000000Z\\\",\\\"deleted_at\\\":null,\\\"actividad\\\":{\\\"id\\\":855,\\\"created_at\\\":null,\\\"updated_at\\\":null,\\\"name\\\":\\\"Servicios empresariales n.c.p.\\\",\\\"codigo_afip\\\":\\\"829900\\\",\\\"codigo_cm\\\":null},\\\"cm_articulo_regimen\\\":{\\\"id\\\":10,\\\"user_id\\\":null,\\\"descripcion\\\":\\\"Articulo 14\\\",\\\"codigo\\\":14,\\\"habilitado\\\":1,\\\"created_at\\\":\\\"2022-09-02T10:49:17.000000Z\\\",\\\"updated_at\\\":\\\"2022-09-02T10:49:18.000000Z\\\",\\\"deleted_at\\\":null}}]}]}}\\\";s:7:\\\"user_id\\\";i:7768;s:10:\\\"updated_at\\\";s:19:\\\"2022-09-13 12:19:10\\\";s:10:\\\"created_at\\\";s:19:\\\"2022-09-13 12:19:10\\\";s:2:\\\"id\\\";i:4343;}s:11:\\\"\\u0000*\\u0000original\\\";a:5:{s:11:\\\"descripcion\\\";s:12448:\\\"{\\\"group_person_zone_actividad\\\":[{\\\"id\\\":52,\\\"user_id\\\":7768,\\\"person_id\\\":41245,\\\"zone_id\\\":23,\\\"actividad_id\\\":855,\\\"calculo_iibb\\\":1,\\\"coef\\\":\\\"0.00000\\\",\\\"alicuota\\\":\\\"3.50000\\\",\\\"cm_articulo_regimen_id\\\":10,\\\"habilitado\\\":1,\\\"created_at\\\":\\\"2022-09-09T17:36:15.000000Z\\\",\\\"updated_at\\\":\\\"2022-09-09T17:36:15.000000Z\\\",\\\"deleted_at\\\":null,\\\"cm_articulo_regimen\\\":{\\\"id\\\":10,\\\"user_id\\\":null,\\\"descripcion\\\":\\\"Articulo 14\\\",\\\"codigo\\\":14,\\\"habilitado\\\":1,\\\"created_at\\\":\\\"2022-09-02T10:49:17.000000Z\\\",\\\"updated_at\\\":\\\"2022-09-02T10:49:18.000000Z\\\",\\\"deleted_at\\\":null},\\\"actividad\\\":{\\\"id\\\":855,\\\"created_at\\\":null,\\\"updated_at\\\":null,\\\"name\\\":\\\"Servicios empresariales n.c.p.\\\",\\\"codigo_afip\\\":\\\"829900\\\",\\\"codigo_cm\\\":null}}],\\\"person\\\":{\\\"id\\\":41245,\\\"user_id\\\":7768,\\\"field_name1\\\":\\\"PABLO D AMARIO\\\",\\\"field_name2\\\":null,\\\"document_type\\\":\\\"cuit\\\",\\\"document\\\":\\\"20-34039898-0\\\",\\\"cond_frente_al_iva_id\\\":null,\\\"country_id\\\":null,\\\"state_id\\\":null,\\\"zone_id\\\":null,\\\"plan_cuenta_id\\\":null,\\\"iva_creditos_tipo_id\\\":null,\\\"created_at\\\":\\\"2022-09-09T17:22:10.000000Z\\\",\\\"updated_at\\\":\\\"2022-09-09T17:22:10.000000Z\\\",\\\"activity_id\\\":null,\\\"address\\\":null,\\\"person_type_id\\\":1,\\\"fa_iva_condition_id\\\":null,\\\"fa_codigo_postal\\\":null,\\\"email\\\":null,\\\"deleted_at\\\":null,\\\"person_config\\\":{\\\"id\\\":12,\\\"user_id\\\":7768,\\\"person_id\\\":41245,\\\"period_id\\\":null,\\\"zone_id\\\":null,\\\"settle_calc_by_coef\\\":0,\\\"created_at\\\":\\\"2022-09-09T17:22:10.000000Z\\\",\\\"updated_at\\\":\\\"2022-09-09T17:36:15.000000Z\\\",\\\"active\\\":2,\\\"enviarMail\\\":1,\\\"honorario\\\":\\\"0.00\\\",\\\"cta_cte_tesoreria_cuenta_id\\\":null,\\\"month_close\\\":12,\\\"iva_condition_id\\\":1,\\\"obligation_sell\\\":1,\\\"obligation_buy\\\":1,\\\"obligation_iva\\\":0,\\\"obligation_electronic_receipt\\\":0,\\\"obligation_iibb\\\":4,\\\"obligation_other_taxes\\\":null,\\\"liquidation_start_period\\\":\\\"2018-04\\\",\\\"obligation_salaries\\\":0,\\\"empleada_domestica\\\":0,\\\"prorratear_iva\\\":0,\\\"is_itc\\\":0,\\\"priority_order\\\":3,\\\"person_id_administrador\\\":41245,\\\"person_id_titular\\\":41245,\\\"logo_path\\\":null,\\\"certificado_afip_path\\\":null,\\\"llave_afip_path\\\":null,\\\"access_electronic_receipt\\\":0,\\\"ruta_logo_fa\\\":null,\\\"inicio_actividades\\\":\\\"2022-09-09T03:00:00.000000Z\\\",\\\"iibb\\\":null,\\\"fe_leyenda\\\":null,\\\"atencion_iva\\\":0,\\\"atencion_iva_comentario\\\":null,\\\"atencion_iibb\\\":0,\\\"atencion_iibb_comentario\\\":null,\\\"deleted_at\\\":null}},\\\"settle\\\":{\\\"id\\\":258,\\\"user_id\\\":7768,\\\"apply_to\\\":\\\"iibb\\\",\\\"period_id\\\":15295,\\\"person_id\\\":41245,\\\"status\\\":1,\\\"auxiliar_id\\\":null,\\\"deleted_at\\\":null,\\\"files_relations\\\":[],\\\"period\\\":{\\\"id\\\":15295,\\\"user_id\\\":null,\\\"code\\\":\\\"2022-08\\\",\\\"year\\\":2022,\\\"period_number\\\":8,\\\"date_from\\\":\\\"2022-08-01\\\",\\\"date_to\\\":\\\"2022-08-31\\\",\\\"created_at\\\":null,\\\"updated_at\\\":null,\\\"person_id\\\":41245,\\\"conta_status\\\":0,\\\"deleted_at\\\":null,\\\"syj_periods_status_id\\\":1,\\\"syj_sin_asiento\\\":0,\\\"syj_asiento_modificado\\\":0,\\\"syj_periods_status_emp_dom_id\\\":1}},\\\"registros\\\":{\\\"id\\\":258,\\\"user_id\\\":7768,\\\"apply_to\\\":\\\"iibb\\\",\\\"period_id\\\":15295,\\\"person_id\\\":41245,\\\"status\\\":1,\\\"auxiliar_id\\\":null,\\\"deleted_at\\\":null,\\\"files_relations\\\":[],\\\"period_liquidation_iibb\\\":[{\\\"id\\\":285,\\\"user_id\\\":7768,\\\"period_liquidation_id\\\":258,\\\"period_id\\\":15295,\\\"person_id\\\":41245,\\\"zone_id\\\":23,\\\"base_amount\\\":238589,\\\"impuesto\\\":8350.62,\\\"saldo_a_favor_ant\\\":0,\\\"sircreb\\\":\\\"0.00\\\",\\\"percepciones\\\":\\\"0.00\\\",\\\"retenciones\\\":\\\"0.00\\\",\\\"a_pagar\\\":8350.62,\\\"a_favor\\\":0,\\\"created_at\\\":\\\"2022-09-13T15:18:32.000000Z\\\",\\\"updated_at\\\":\\\"2022-09-13T15:18:32.000000Z\\\",\\\"deleted_at\\\":null,\\\"zone\\\":{\\\"id\\\":23,\\\"name\\\":\\\"Buenos Aires\\\",\\\"sifere_coef\\\":\\\"0.00\\\",\\\"iibb_aliquot\\\":\\\"0.00\\\",\\\"iibb_perception_id\\\":null,\\\"retention_id\\\":null,\\\"created_at\\\":null,\\\"updated_at\\\":\\\"2022-09-02T10:49:21.000000Z\\\",\\\"code\\\":\\\"02\\\",\\\"sircreb_plan_cuenta_id\\\":276,\\\"codigo_cm\\\":902,\\\"codigo_afip\\\":\\\"1\\\"},\\\"details\\\":[{\\\"id\\\":727,\\\"user_id\\\":7768,\\\"period_liquidation_id\\\":258,\\\"period_id\\\":15295,\\\"person_id\\\":41245,\\\"zone_id\\\":23,\\\"calculo_iibb\\\":1,\\\"actividad_id\\\":855,\\\"coef\\\":\\\"0.0000\\\",\\\"aliquot\\\":\\\"3.5000\\\",\\\"cm_articulo_regimen_id\\\":10,\\\"base_amount\\\":238589,\\\"tax_amount\\\":8350.62,\\\"previous_period_balance\\\":\\\"0.00\\\",\\\"sircreb_amount\\\":\\\"0.00\\\",\\\"perception_amount\\\":\\\"0.00\\\",\\\"retention_amount\\\":\\\"0.00\\\",\\\"positive_amount\\\":\\\"0.00\\\",\\\"negative_amount\\\":\\\"0.00\\\",\\\"balance\\\":0,\\\"created_at\\\":\\\"2022-09-13T15:18:32.000000Z\\\",\\\"updated_at\\\":\\\"2022-09-13T15:18:32.000000Z\\\",\\\"deleted_at\\\":null,\\\"actividad\\\":{\\\"id\\\":855,\\\"created_at\\\":null,\\\"updated_at\\\":null,\\\"name\\\":\\\"Servicios empresariales n.c.p.\\\",\\\"codigo_afip\\\":\\\"829900\\\",\\\"codigo_cm\\\":null},\\\"cm_articulo_regimen\\\":{\\\"id\\\":10,\\\"user_id\\\":null,\\\"descripcion\\\":\\\"Articulo 14\\\",\\\"codigo\\\":14,\\\"habilitado\\\":1,\\\"created_at\\\":\\\"2022-09-02T10:49:17.000000Z\\\",\\\"updated_at\\\":\\\"2022-09-02T10:49:18.000000Z\\\",\\\"deleted_at\\\":null}},{\\\"id\\\":728,\\\"user_id\\\":7768,\\\"period_liquidation_id\\\":258,\\\"period_id\\\":15295,\\\"person_id\\\":41245,\\\"zone_id\\\":3,\\\"calculo_iibb\\\":1,\\\"actividad_id\\\":855,\\\"coef\\\":\\\"0.0000\\\",\\\"aliquot\\\":\\\"3.5000\\\",\\\"cm_articulo_regimen_id\\\":10,\\\"base_amount\\\":\\\"238589.00\\\",\\\"tax_amount\\\":\\\"0.00\\\",\\\"previous_period_balance\\\":\\\"0.00\\\",\\\"sircreb_amount\\\":\\\"0.00\\\",\\\"perception_amount\\\":\\\"0.00\\\",\\\"retention_amount\\\":\\\"0.00\\\",\\\"positive_amount\\\":\\\"0.00\\\",\\\"negative_amount\\\":\\\"0.00\\\",\\\"balance\\\":0,\\\"created_at\\\":\\\"2022-09-13T15:18:32.000000Z\\\",\\\"updated_at\\\":\\\"2022-09-13T15:18:32.000000Z\\\",\\\"deleted_at\\\":null,\\\"actividad\\\":{\\\"id\\\":855,\\\"created_at\\\":null,\\\"updated_at\\\":null,\\\"name\\\":\\\"Servicios empresariales n.c.p.\\\",\\\"codigo_afip\\\":\\\"829900\\\",\\\"codigo_cm\\\":null},\\\"cm_articulo_regimen\\\":{\\\"id\\\":10,\\\"user_id\\\":null,\\\"descripcion\\\":\\\"Articulo 14\\\",\\\"codigo\\\":14,\\\"habilitado\\\":1,\\\"created_at\\\":\\\"2022-09-02T10:49:17.000000Z\\\",\\\"updated_at\\\":\\\"2022-09-02T10:49:18.000000Z\\\",\\\"deleted_at\\\":null}},{\\\"id\\\":729,\\\"user_id\\\":7768,\\\"period_liquidation_id\\\":258,\\\"period_id\\\":15295,\\\"person_id\\\":41245,\\\"zone_id\\\":18,\\\"calculo_iibb\\\":1,\\\"actividad_id\\\":855,\\\"coef\\\":\\\"0.0000\\\",\\\"aliquot\\\":\\\"3.5000\\\",\\\"cm_articulo_regimen_id\\\":10,\\\"base_amount\\\":\\\"238589.00\\\",\\\"tax_amount\\\":\\\"0.00\\\",\\\"previous_period_balance\\\":\\\"0.00\\\",\\\"sircreb_amount\\\":\\\"0.00\\\",\\\"perception_amount\\\":\\\"0.00\\\",\\\"retention_amount\\\":\\\"0.00\\\",\\\"positive_amount\\\":\\\"0.00\\\",\\\"negative_amount\\\":\\\"0.00\\\",\\\"balance\\\":0,\\\"created_at\\\":\\\"2022-09-13T15:18:32.000000Z\\\",\\\"updated_at\\\":\\\"2022-09-13T15:18:32.000000Z\\\",\\\"deleted_at\\\":null,\\\"actividad\\\":{\\\"id\\\":855,\\\"created_at\\\":null,\\\"updated_at\\\":null,\\\"name\\\":\\\"Servicios empresariales n.c.p.\\\",\\\"codigo_afip\\\":\\\"829900\\\",\\\"codigo_cm\\\":null},\\\"cm_articulo_regimen\\\":{\\\"id\\\":10,\\\"user_id\\\":null,\\\"descripcion\\\":\\\"Articulo 14\\\",\\\"codigo\\\":14,\\\"habilitado\\\":1,\\\"created_at\\\":\\\"2022-09-02T10:49:17.000000Z\\\",\\\"updated_at\\\":\\\"2022-09-02T10:49:18.000000Z\\\",\\\"deleted_at\\\":null}}]},{\\\"id\\\":283,\\\"user_id\\\":7768,\\\"period_liquidation_id\\\":258,\\\"period_id\\\":15295,\\\"person_id\\\":41245,\\\"zone_id\\\":3,\\\"base_amount\\\":238589,\\\"impuesto\\\":0,\\\"saldo_a_favor_ant\\\":0,\\\"sircreb\\\":\\\"0.00\\\",\\\"percepciones\\\":\\\"0.00\\\",\\\"retenciones\\\":\\\"0.00\\\",\\\"a_pagar\\\":0,\\\"a_favor\\\":0,\\\"created_at\\\":\\\"2022-09-13T15:18:32.000000Z\\\",\\\"updated_at\\\":\\\"2022-09-13T15:18:32.000000Z\\\",\\\"deleted_at\\\":null,\\\"zone\\\":{\\\"id\\\":3,\\\"name\\\":\\\"Chaco\\\",\\\"sifere_coef\\\":\\\"0.00\\\",\\\"iibb_aliquot\\\":\\\"0.00\\\",\\\"iibb_perception_id\\\":null,\\\"retention_id\\\":null,\\\"created_at\\\":null,\\\"updated_at\\\":\\\"2022-09-02T10:49:21.000000Z\\\",\\\"code\\\":\\\"26\\\",\\\"sircreb_plan_cuenta_id\\\":279,\\\"codigo_cm\\\":906,\\\"codigo_afip\\\":\\\"16\\\"},\\\"details\\\":[{\\\"id\\\":727,\\\"user_id\\\":7768,\\\"period_liquidation_id\\\":258,\\\"period_id\\\":15295,\\\"person_id\\\":41245,\\\"zone_id\\\":23,\\\"calculo_iibb\\\":1,\\\"actividad_id\\\":855,\\\"coef\\\":\\\"0.0000\\\",\\\"aliquot\\\":\\\"3.5000\\\",\\\"cm_articulo_regimen_id\\\":10,\\\"base_amount\\\":\\\"238589.00\\\",\\\"tax_amount\\\":\\\"0.00\\\",\\\"previous_period_balance\\\":\\\"0.00\\\",\\\"sircreb_amount\\\":\\\"0.00\\\",\\\"perception_amount\\\":\\\"0.00\\\",\\\"retention_amount\\\":\\\"0.00\\\",\\\"positive_amount\\\":\\\"0.00\\\",\\\"negative_amount\\\":\\\"0.00\\\",\\\"balance\\\":0,\\\"created_at\\\":\\\"2022-09-13T15:18:32.000000Z\\\",\\\"updated_at\\\":\\\"2022-09-13T15:18:32.000000Z\\\",\\\"deleted_at\\\":null,\\\"actividad\\\":{\\\"id\\\":855,\\\"created_at\\\":null,\\\"updated_at\\\":null,\\\"name\\\":\\\"Servicios empresariales n.c.p.\\\",\\\"codigo_afip\\\":\\\"829900\\\",\\\"codigo_cm\\\":null},\\\"cm_articulo_regimen\\\":{\\\"id\\\":10,\\\"user_id\\\":null,\\\"descripcion\\\":\\\"Articulo 14\\\",\\\"codigo\\\":14,\\\"habilitado\\\":1,\\\"created_at\\\":\\\"2022-09-02T10:49:17.000000Z\\\",\\\"updated_at\\\":\\\"2022-09-02T10:49:18.000000Z\\\",\\\"deleted_at\\\":null}},{\\\"id\\\":728,\\\"user_id\\\":7768,\\\"period_liquidation_id\\\":258,\\\"period_id\\\":15295,\\\"person_id\\\":41245,\\\"zone_id\\\":3,\\\"calculo_iibb\\\":1,\\\"actividad_id\\\":855,\\\"coef\\\":\\\"0.0000\\\",\\\"aliquot\\\":\\\"3.5000\\\",\\\"cm_articulo_regimen_id\\\":10,\\\"base_amount\\\":238589,\\\"tax_amount\\\":0,\\\"previous_period_balance\\\":\\\"0.00\\\",\\\"sircreb_amount\\\":\\\"0.00\\\",\\\"perception_amount\\\":\\\"0.00\\\",\\\"retention_amount\\\":\\\"0.00\\\",\\\"positive_amount\\\":\\\"0.00\\\",\\\"negative_amount\\\":\\\"0.00\\\",\\\"balance\\\":0,\\\"created_at\\\":\\\"2022-09-13T15:18:32.000000Z\\\",\\\"updated_at\\\":\\\"2022-09-13T15:18:32.000000Z\\\",\\\"deleted_at\\\":null,\\\"actividad\\\":{\\\"id\\\":855,\\\"created_at\\\":null,\\\"updated_at\\\":null,\\\"name\\\":\\\"Servicios empresariales n.c.p.\\\",\\\"codigo_afip\\\":\\\"829900\\\",\\\"codigo_cm\\\":null},\\\"cm_articulo_regimen\\\":{\\\"id\\\":10,\\\"user_id\\\":null,\\\"descripcion\\\":\\\"Articulo 14\\\",\\\"codigo\\\":14,\\\"habilitado\\\":1,\\\"created_at\\\":\\\"2022-09-02T10:49:17.000000Z\\\",\\\"updated_at\\\":\\\"2022-09-02T10:49:18.000000Z\\\",\\\"deleted_at\\\":null}},{\\\"id\\\":729,\\\"user_id\\\":7768,\\\"period_liquidation_id\\\":258,\\\"period_id\\\":15295,\\\"person_id\\\":41245,\\\"zone_id\\\":18,\\\"calculo_iibb\\\":1,\\\"actividad_id\\\":855,\\\"coef\\\":\\\"0.0000\\\",\\\"aliquot\\\":\\\"3.5000\\\",\\\"cm_articulo_regimen_id\\\":10,\\\"base_amount\\\":\\\"238589.00\\\",\\\"tax_amount\\\":\\\"0.00\\\",\\\"previous_period_balance\\\":\\\"0.00\\\",\\\"sircreb_amount\\\":\\\"0.00\\\",\\\"perception_amount\\\":\\\"0.00\\\",\\\"retention_amount\\\":\\\"0.00\\\",\\\"positive_amount\\\":\\\"0.00\\\",\\\"negative_amount\\\":\\\"0.00\\\",\\\"balance\\\":0,\\\"created_at\\\":\\\"2022-09-13T15:18:32.000000Z\\\",\\\"updated_at\\\":\\\"2022-09-13T15:18:32.000000Z\\\",\\\"deleted_at\\\":null,\\\"actividad\\\":{\\\"id\\\":855,\\\"created_at\\\":null,\\\"updated_at\\\":null,\\\"name\\\":\\\"Servicios empresariales n.c.p.\\\",\\\"codigo_afip\\\":\\\"829900\\\",\\\"codigo_cm\\\":null},\\\"cm_articulo_regimen\\\":{\\\"id\\\":10,\\\"user_id\\\":null,\\\"descripcion\\\":\\\"Articulo 14\\\",\\\"codigo\\\":14,\\\"habilitado\\\":1,\\\"created_at\\\":\\\"2022-09-02T10:49:17.000000Z\\\",\\\"updated_at\\\":\\\"2022-09-02T10:49:18.000000Z\\\",\\\"deleted_at\\\":null}}]},{\\\"id\\\":284,\\\"user_id\\\":7768,\\\"period_liquidation_id\\\":258,\\\"period_id\\\":15295,\\\"person_id\\\":41245,\\\"zone_id\\\":18,\\\"base_amount\\\":238589,\\\"impuesto\\\":0,\\\"saldo_a_favor_ant\\\":0,\\\"sircreb\\\":\\\"0.00\\\",\\\"percepciones\\\":\\\"0.00\\\",\\\"retenciones\\\":\\\"0.00\\\",\\\"a_pagar\\\":0,\\\"a_favor\\\":0,\\\"created_at\\\":\\\"2022-09-13T15:18:32.000000Z\\\",\\\"updated_at\\\":\\\"2022-09-13T15:18:32.000000Z\\\",\\\"deleted_at\\\":null,\\\"zone\\\":{\\\"id\\\":18,\\\"name\\\":\\\"Santa Fe\\\",\\\"sifere_coef\\\":\\\"0.00\\\",\\\"iibb_aliquot\\\":\\\"0.00\\\",\\\"iibb_perception_id\\\":null,\\\"retention_id\\\":null,\\\"created_at\\\":null,\\\"updated_at\\\":\\\"2022-09-02T10:49:21.000000Z\\\",\\\"code\\\":\\\"70\\\",\\\"sircreb_plan_cuenta_id\\\":297,\\\"codigo_cm\\\":921,\\\"codigo_afip\\\":\\\"12\\\"},\\\"details\\\":[{\\\"id\\\":727,\\\"user_id\\\":7768,\\\"period_liquidation_id\\\":258,\\\"period_id\\\":15295,\\\"person_id\\\":41245,\\\"zone_id\\\":23,\\\"calculo_iibb\\\":1,\\\"actividad_id\\\":855,\\\"coef\\\":\\\"0.0000\\\",\\\"aliquot\\\":\\\"3.5000\\\",\\\"cm_articulo_regimen_id\\\":10,\\\"base_amount\\\":\\\"238589.00\\\",\\\"tax_amount\\\":\\\"0.00\\\",\\\"previous_period_balance\\\":\\\"0.00\\\",\\\"sircreb_amount\\\":\\\"0.00\\\",\\\"perception_amount\\\":\\\"0.00\\\",\\\"retention_amount\\\":\\\"0.00\\\",\\\"positive_amount\\\":\\\"0.00\\\",\\\"negative_amount\\\":\\\"0.00\\\",\\\"balance\\\":0,\\\"created_at\\\":\\\"2022-09-13T15:18:32.000000Z\\\",\\\"updated_at\\\":\\\"2022-09-13T15:18:32.000000Z\\\",\\\"deleted_at\\\":null,\\\"actividad\\\":{\\\"id\\\":855,\\\"created_at\\\":null,\\\"updated_at\\\":null,\\\"name\\\":\\\"Servicios empresariales n.c.p.\\\",\\\"codigo_afip\\\":\\\"829900\\\",\\\"codigo_cm\\\":null},\\\"cm_articulo_regimen\\\":{\\\"id\\\":10,\\\"user_id\\\":null,\\\"descripcion\\\":\\\"Articulo 14\\\",\\\"codigo\\\":14,\\\"habilitado\\\":1,\\\"created_at\\\":\\\"2022-09-02T10:49:17.000000Z\\\",\\\"updated_at\\\":\\\"2022-09-02T10:49:18.000000Z\\\",\\\"deleted_at\\\":null}},{\\\"id\\\":728,\\\"user_id\\\":7768,\\\"period_liquidation_id\\\":258,\\\"period_id\\\":15295,\\\"person_id\\\":41245,\\\"zone_id\\\":3,\\\"calculo_iibb\\\":1,\\\"actividad_id\\\":855,\\\"coef\\\":\\\"0.0000\\\",\\\"aliquot\\\":\\\"3.5000\\\",\\\"cm_articulo_regimen_id\\\":10,\\\"base_amount\\\":\\\"238589.00\\\",\\\"tax_amount\\\":\\\"0.00\\\",\\\"previous_period_balance\\\":\\\"0.00\\\",\\\"sircreb_amount\\\":\\\"0.00\\\",\\\"perception_amount\\\":\\\"0.00\\\",\\\"retention_amount\\\":\\\"0.00\\\",\\\"positive_amount\\\":\\\"0.00\\\",\\\"negative_amount\\\":\\\"0.00\\\",\\\"balance\\\":0,\\\"created_at\\\":\\\"2022-09-13T15:18:32.000000Z\\\",\\\"updated_at\\\":\\\"2022-09-13T15:18:32.000000Z\\\",\\\"deleted_at\\\":null,\\\"actividad\\\":{\\\"id\\\":855,\\\"created_at\\\":null,\\\"updated_at\\\":null,\\\"name\\\":\\\"Servicios empresariales n.c.p.\\\",\\\"codigo_afip\\\":\\\"829900\\\",\\\"codigo_cm\\\":null},\\\"cm_articulo_regimen\\\":{\\\"id\\\":10,\\\"user_id\\\":null,\\\"descripcion\\\":\\\"Articulo 14\\\",\\\"codigo\\\":14,\\\"habilitado\\\":1,\\\"created_at\\\":\\\"2022-09-02T10:49:17.000000Z\\\",\\\"updated_at\\\":\\\"2022-09-02T10:49:18.000000Z\\\",\\\"deleted_at\\\":null}},{\\\"id\\\":729,\\\"user_id\\\":7768,\\\"period_liquidation_id\\\":258,\\\"period_id\\\":15295,\\\"person_id\\\":41245,\\\"zone_id\\\":18,\\\"calculo_iibb\\\":1,\\\"actividad_id\\\":855,\\\"coef\\\":\\\"0.0000\\\",\\\"aliquot\\\":\\\"3.5000\\\",\\\"cm_articulo_regimen_id\\\":10,\\\"base_amount\\\":238589,\\\"tax_amount\\\":0,\\\"previous_period_balance\\\":\\\"0.00\\\",\\\"sircreb_amount\\\":\\\"0.00\\\",\\\"perception_amount\\\":\\\"0.00\\\",\\\"retention_amount\\\":\\\"0.00\\\",\\\"positive_amount\\\":\\\"0.00\\\",\\\"negative_amount\\\":\\\"0.00\\\",\\\"balance\\\":0,\\\"created_at\\\":\\\"2022-09-13T15:18:32.000000Z\\\",\\\"updated_at\\\":\\\"2022-09-13T15:18:32.000000Z\\\",\\\"deleted_at\\\":null,\\\"actividad\\\":{\\\"id\\\":855,\\\"created_at\\\":null,\\\"updated_at\\\":null,\\\"name\\\":\\\"Servicios empresariales n.c.p.\\\",\\\"codigo_afip\\\":\\\"829900\\\",\\\"codigo_cm\\\":null},\\\"cm_articulo_regimen\\\":{\\\"id\\\":10,\\\"user_id\\\":null,\\\"descripcion\\\":\\\"Articulo 14\\\",\\\"codigo\\\":14,\\\"habilitado\\\":1,\\\"created_at\\\":\\\"2022-09-02T10:49:17.000000Z\\\",\\\"updated_at\\\":\\\"2022-09-02T10:49:18.000000Z\\\",\\\"deleted_at\\\":null}}]}]}}\\\";s:7:\\\"user_id\\\";i:7768;s:10:\\\"updated_at\\\";s:19:\\\"2022-09-13 12:19:10\\\";s:10:\\\"created_at\\\";s:19:\\\"2022-09-13 12:19:10\\\";s:2:\\\"id\\\";i:4343;}s:10:\\\"\\u0000*\\u0000changes\\\";a:0:{}s:8:\\\"\\u0000*\\u0000casts\\\";a:0:{}s:17:\\\"\\u0000*\\u0000classCastCache\\\";a:0:{}s:8:\\\"\\u0000*\\u0000dates\\\";a:0:{}s:13:\\\"\\u0000*\\u0000dateFormat\\\";N;s:10:\\\"\\u0000*\\u0000appends\\\";a:0:{}s:19:\\\"\\u0000*\\u0000dispatchesEvents\\\";a:0:{}s:14:\\\"\\u0000*\\u0000observables\\\";a:0:{}s:12:\\\"\\u0000*\\u0000relations\\\";a:0:{}s:10:\\\"\\u0000*\\u0000touches\\\";a:0:{}s:10:\\\"timestamps\\\";b:1;s:9:\\\"\\u0000*\\u0000hidden\\\";a:0:{}s:10:\\\"\\u0000*\\u0000visible\\\";a:0:{}s:11:\\\"\\u0000*\\u0000fillable\\\";a:0:{}}}}s:3:\\\"job\\\";N;s:10:\\\"connection\\\";N;s:5:\\\"queue\\\";s:7:\\\"finance\\\";s:15:\\\"chainConnection\\\";N;s:10:\\\"chainQueue\\\";N;s:5:\\\"delay\\\";N;s:10:\\\"middleware\\\";a:0:{}s:7:\\\"chained\\\";a:0:{}}\"}}','Symfony\\Component\\Process\\Exception\\ProcessTimedOutException: The process \"node /home/forge/taxes.com.ar/resources/js/puppeteer/CMCopiarValoresEnDDJJ.js 20340398980 22Pablo898 4343\" exceeded the timeout of 60 seconds. in /home/forge/taxes.com.ar/vendor/symfony/process/Process.php:1213\nStack trace:\n#0 /home/forge/taxes.com.ar/vendor/symfony/process/Process.php(425): Symfony\\Component\\Process\\Process->checkTimeout()\n#1 /home/forge/taxes.com.ar/vendor/symfony/process/Process.php(249): Symfony\\Component\\Process\\Process->wait()\n#2 /home/forge/taxes.com.ar/app/Http/Controllers/Taxes/BOTCopiarEnAfipController.php(83): Symfony\\Component\\Process\\Process->run()\n#3 /home/forge/taxes.com.ar/app/Jobs/QueueGenerica.php(36): App\\Http\\Controllers\\Taxes\\BOTCopiarEnAfipController->Execute_Bot_Copiar_en_Afip(Object(Illuminate\\Support\\Collection))\n#4 /home/forge/taxes.com.ar/vendor/laravel/framework/src/Illuminate/Container/BoundMethod.php(36): App\\Jobs\\QueueGenerica->handle()\n#5 /home/forge/taxes.com.ar/vendor/laravel/framework/src/Illuminate/Container/Util.php(37): Illuminate\\Container\\BoundMethod::Illuminate\\Container\\{closure}()\n#6 /home/forge/taxes.com.ar/vendor/laravel/framework/src/Illuminate/Container/BoundMethod.php(93): Illuminate\\Container\\Util::unwrapIfClosure(Object(Closure))\n#7 /home/forge/taxes.com.ar/vendor/laravel/framework/src/Illuminate/Container/BoundMethod.php(37): Illuminate\\Container\\BoundMethod::callBoundMethod(Object(Illuminate\\Foundation\\Application), Array, Object(Closure))\n#8 /home/forge/taxes.com.ar/vendor/laravel/framework/src/Illuminate/Container/Container.php(596): Illuminate\\Container\\BoundMethod::call(Object(Illuminate\\Foundation\\Application), Array, Array, NULL)\n#9 /home/forge/taxes.com.ar/vendor/laravel/framework/src/Illuminate/Bus/Dispatcher.php(94): Illuminate\\Container\\Container->call(Array)\n#10 /home/forge/taxes.com.ar/vendor/laravel/framework/src/Illuminate/Pipeline/Pipeline.php(128): Illuminate\\Bus\\Dispatcher->Illuminate\\Bus\\{closure}(Object(App\\Jobs\\QueueGenerica))\n#11 /home/forge/taxes.com.ar/vendor/laravel/framework/src/Illuminate/Pipeline/Pipeline.php(103): Illuminate\\Pipeline\\Pipeline->Illuminate\\Pipeline\\{closure}(Object(App\\Jobs\\QueueGenerica))\n#12 /home/forge/taxes.com.ar/vendor/laravel/framework/src/Illuminate/Bus/Dispatcher.php(98): Illuminate\\Pipeline\\Pipeline->then(Object(Closure))\n#13 /home/forge/taxes.com.ar/vendor/laravel/framework/src/Illuminate/Queue/CallQueuedHandler.php(83): Illuminate\\Bus\\Dispatcher->dispatchNow(Object(App\\Jobs\\QueueGenerica), false)\n#14 /home/forge/taxes.com.ar/vendor/laravel/framework/src/Illuminate/Pipeline/Pipeline.php(128): Illuminate\\Queue\\CallQueuedHandler->Illuminate\\Queue\\{closure}(Object(App\\Jobs\\QueueGenerica))\n#15 /home/forge/taxes.com.ar/vendor/laravel/framework/src/Illuminate/Pipeline/Pipeline.php(103): Illuminate\\Pipeline\\Pipeline->Illuminate\\Pipeline\\{closure}(Object(App\\Jobs\\QueueGenerica))\n#16 /home/forge/taxes.com.ar/vendor/laravel/framework/src/Illuminate/Queue/CallQueuedHandler.php(85): Illuminate\\Pipeline\\Pipeline->then(Object(Closure))\n#17 /home/forge/taxes.com.ar/vendor/laravel/framework/src/Illuminate/Queue/CallQueuedHandler.php(59): Illuminate\\Queue\\CallQueuedHandler->dispatchThroughMiddleware(Object(App\\Queue\\DatabaseJob), Object(App\\Jobs\\QueueGenerica))\n#18 /home/forge/taxes.com.ar/vendor/laravel/framework/src/Illuminate/Queue/Jobs/Job.php(98): Illuminate\\Queue\\CallQueuedHandler->call(Object(App\\Queue\\DatabaseJob), Array)\n#19 /home/forge/taxes.com.ar/app/Queue/DatabaseJob.php(26): Illuminate\\Queue\\Jobs\\Job->fire()\n#20 /home/forge/taxes.com.ar/vendor/laravel/framework/src/Illuminate/Queue/Worker.php(356): App\\Queue\\DatabaseJob->fire()\n#21 /home/forge/taxes.com.ar/vendor/laravel/framework/src/Illuminate/Queue/Worker.php(306): Illuminate\\Queue\\Worker->process(\'finance\', Object(App\\Queue\\DatabaseJob), Object(Illuminate\\Queue\\WorkerOptions))\n#22 /home/forge/taxes.com.ar/vendor/laravel/framework/src/Illuminate/Queue/Worker.php(265): Illuminate\\Queue\\Worker->runJob(Object(App\\Queue\\DatabaseJob), \'finance\', Object(Illuminate\\Queue\\WorkerOptions))\n#23 /home/forge/taxes.com.ar/vendor/laravel/framework/src/Illuminate/Queue/Console/WorkCommand.php(112): Illuminate\\Queue\\Worker->runNextJob(\'finance\', \'finance\', Object(Illuminate\\Queue\\WorkerOptions))\n#24 /home/forge/taxes.com.ar/vendor/laravel/framework/src/Illuminate/Queue/Console/WorkCommand.php(96): Illuminate\\Queue\\Console\\WorkCommand->runWorker(\'finance\', \'finance\')\n#25 /home/forge/taxes.com.ar/vendor/laravel/framework/src/Illuminate/Container/BoundMethod.php(36): Illuminate\\Queue\\Console\\WorkCommand->handle()\n#26 /home/forge/taxes.com.ar/vendor/laravel/framework/src/Illuminate/Container/Util.php(37): Illuminate\\Container\\BoundMethod::Illuminate\\Container\\{closure}()\n#27 /home/forge/taxes.com.ar/vendor/laravel/framework/src/Illuminate/Container/BoundMethod.php(93): Illuminate\\Container\\Util::unwrapIfClosure(Object(Closure))\n#28 /home/forge/taxes.com.ar/vendor/laravel/framework/src/Illuminate/Container/BoundMethod.php(37): Illuminate\\Container\\BoundMethod::callBoundMethod(Object(Illuminate\\Foundation\\Application), Array, Object(Closure))\n#29 /home/forge/taxes.com.ar/vendor/laravel/framework/src/Illuminate/Container/Container.php(596): Illuminate\\Container\\BoundMethod::call(Object(Illuminate\\Foundation\\Application), Array, Array, NULL)\n#30 /home/forge/taxes.com.ar/vendor/laravel/framework/src/Illuminate/Console/Command.php(134): Illuminate\\Container\\Container->call(Array)\n#31 /home/forge/taxes.com.ar/vendor/symfony/console/Command/Command.php(256): Illuminate\\Console\\Command->execute(Object(Symfony\\Component\\Console\\Input\\ArgvInput), Object(Illuminate\\Console\\OutputStyle))\n#32 /home/forge/taxes.com.ar/vendor/laravel/framework/src/Illuminate/Console/Command.php(121): Symfony\\Component\\Console\\Command\\Command->run(Object(Symfony\\Component\\Console\\Input\\ArgvInput), Object(Illuminate\\Console\\OutputStyle))\n#33 /home/forge/taxes.com.ar/vendor/symfony/console/Application.php(971): Illuminate\\Console\\Command->run(Object(Symfony\\Component\\Console\\Input\\ArgvInput), Object(Symfony\\Component\\Console\\Output\\ConsoleOutput))\n#34 /home/forge/taxes.com.ar/vendor/symfony/console/Application.php(290): Symfony\\Component\\Console\\Application->doRunCommand(Object(Illuminate\\Queue\\Console\\WorkCommand), Object(Symfony\\Component\\Console\\Input\\ArgvInput), Object(Symfony\\Component\\Console\\Output\\ConsoleOutput))\n#35 /home/forge/taxes.com.ar/vendor/symfony/console/Application.php(166): Symfony\\Component\\Console\\Application->doRun(Object(Symfony\\Component\\Console\\Input\\ArgvInput), Object(Symfony\\Component\\Console\\Output\\ConsoleOutput))\n#36 /home/forge/taxes.com.ar/vendor/laravel/framework/src/Illuminate/Console/Application.php(93): Symfony\\Component\\Console\\Application->run(Object(Symfony\\Component\\Console\\Input\\ArgvInput), Object(Symfony\\Component\\Console\\Output\\ConsoleOutput))\n#37 /home/forge/taxes.com.ar/vendor/laravel/framework/src/Illuminate/Foundation/Console/Kernel.php(129): Illuminate\\Console\\Application->run(Object(Symfony\\Component\\Console\\Input\\ArgvInput), Object(Symfony\\Component\\Console\\Output\\ConsoleOutput))\n#38 /home/forge/taxes.com.ar/artisan(35): Illuminate\\Foundation\\Console\\Kernel->handle(Object(Symfony\\Component\\Console\\Input\\ArgvInput), Object(Symfony\\Component\\Console\\Output\\ConsoleOutput))\n#39 {main}','2022-09-13 12:20:10',NULL);
INSERT INTO `failed_jobs` VALUES (2,NULL,'finance','finance','{\"uuid\":\"ebb3558e-89f1-4e9a-819e-a4fce09906fd\",\"displayName\":\"App\\\\Jobs\\\\QueueGenerica\",\"job\":\"Illuminate\\\\Queue\\\\CallQueuedHandler@call\",\"maxTries\":null,\"maxExceptions\":null,\"delay\":null,\"timeout\":null,\"timeoutAt\":null,\"data\":{\"commandName\":\"App\\\\Jobs\\\\QueueGenerica\",\"command\":\"O:22:\\\"App\\\\Jobs\\\\QueueGenerica\\\":9:{s:28:\\\"\\u0000App\\\\Jobs\\\\QueueGenerica\\u0000data\\\";O:29:\\\"Illuminate\\\\Support\\\\Collection\\\":5:{s:8:\\\"\\u0000*\\u0000items\\\";a:0:{}s:11:\\\"controlador\\\";s:53:\\\"\\\\App\\\\Http\\\\Controllers\\\\Taxes\\\\BOTCopiarEnAfipController\\\";s:6:\\\"metodo\\\";s:26:\\\"Execute_Bot_Copiar_en_Afip\\\";s:12:\\\"metodo_error\\\";s:15:\\\"error_queue_bot\\\";s:9:\\\"variables\\\";O:29:\\\"Illuminate\\\\Support\\\\Collection\\\":7:{s:8:\\\"\\u0000*\\u0000items\\\";a:0:{}s:4:\\\"user\\\";O:8:\\\"App\\\\User\\\":28:{s:13:\\\"\\u0000*\\u0000connection\\\";s:9:\\\"seguridad\\\";s:8:\\\"\\u0000*\\u0000table\\\";s:6:\\\"tusers\\\";s:13:\\\"\\u0000*\\u0000primaryKey\\\";s:6:\\\"idUser\\\";s:11:\\\"\\u0000*\\u0000fillable\\\";a:12:{i:0;s:6:\\\"nombre\\\";i:1;s:9:\\\"loginUser\\\";i:2;s:9:\\\"emailUser\\\";i:3;s:5:\\\"clave\\\";i:4;s:9:\\\"claveUser\\\";i:5;s:10:\\\"statusUser\\\";i:6;s:12:\\\"user_type_id\\\";i:7;s:5:\\\"firma\\\";i:8;s:15:\\\"suscrip_plan_id\\\";i:9;s:7:\\\"importe\\\";i:10;s:6:\\\"avatar\\\";i:11;s:18:\\\"es_empresa_externa\\\";}s:9:\\\"\\u0000*\\u0000hidden\\\";a:4:{i:0;s:8:\\\"password\\\";i:1;s:14:\\\"remember_token\\\";i:2;s:9:\\\"claveUser\\\";i:3;s:5:\\\"clave\\\";}s:10:\\\"\\u0000*\\u0000keyType\\\";s:3:\\\"int\\\";s:12:\\\"incrementing\\\";b:1;s:7:\\\"\\u0000*\\u0000with\\\";a:0:{}s:12:\\\"\\u0000*\\u0000withCount\\\";a:0:{}s:10:\\\"\\u0000*\\u0000perPage\\\";i:15;s:6:\\\"exists\\\";b:1;s:18:\\\"wasRecentlyCreated\\\";b:0;s:13:\\\"\\u0000*\\u0000attributes\\\";a:17:{s:6:\\\"idUser\\\";i:7768;s:6:\\\"nombre\\\";s:18:\\\"Laplacette Dolores\\\";s:9:\\\"loginUser\\\";s:22:\\\"info@estudiolyl.com.ar\\\";s:9:\\\"emailUser\\\";s:22:\\\"info@estudiolyl.com.ar\\\";s:5:\\\"clave\\\";s:11:\\\"27329565063\\\";s:9:\\\"claveUser\\\";s:60:\\\"$2y$10$SRnhcmh9Ms4PgmCSAI1HhuLnN473XHxksXTF3LIf0KG3KAyr07yMi\\\";s:5:\\\"firma\\\";N;s:6:\\\"avatar\\\";N;s:10:\\\"statusUser\\\";i:1;s:14:\\\"remember_token\\\";N;s:10:\\\"created_at\\\";s:19:\\\"2022-09-02 07:48:37\\\";s:10:\\\"updated_at\\\";s:19:\\\"2022-09-12 21:10:41\\\";s:12:\\\"user_type_id\\\";i:1;s:18:\\\"es_empresa_externa\\\";i:0;s:15:\\\"suscrip_plan_id\\\";i:2;s:7:\\\"importe\\\";s:7:\\\"3750.00\\\";s:6:\\\"person\\\";O:17:\\\"App\\\\Models\\\\Person\\\":27:{s:10:\\\"\\u0000*\\u0000guarded\\\";a:0:{}s:8:\\\"\\u0000*\\u0000table\\\";s:7:\\\"persons\\\";s:13:\\\"\\u0000*\\u0000connection\\\";s:9:\\\"seguridad\\\";s:13:\\\"\\u0000*\\u0000primaryKey\\\";s:2:\\\"id\\\";s:10:\\\"\\u0000*\\u0000keyType\\\";s:3:\\\"int\\\";s:12:\\\"incrementing\\\";b:1;s:7:\\\"\\u0000*\\u0000with\\\";a:0:{}s:12:\\\"\\u0000*\\u0000withCount\\\";a:0:{}s:10:\\\"\\u0000*\\u0000perPage\\\";i:15;s:6:\\\"exists\\\";b:1;s:18:\\\"wasRecentlyCreated\\\";b:0;s:13:\\\"\\u0000*\\u0000attributes\\\";a:21:{s:2:\\\"id\\\";i:62352;s:7:\\\"user_id\\\";i:1;s:11:\\\"field_name1\\\";s:18:\\\"Laplacette Dolores\\\";s:11:\\\"field_name2\\\";N;s:13:\\\"document_type\\\";s:4:\\\"cuit\\\";s:8:\\\"document\\\";s:13:\\\"27-32956506-3\\\";s:21:\\\"cond_frente_al_iva_id\\\";N;s:10:\\\"country_id\\\";N;s:8:\\\"state_id\\\";N;s:7:\\\"zone_id\\\";N;s:14:\\\"plan_cuenta_id\\\";N;s:20:\\\"iva_creditos_tipo_id\\\";N;s:10:\\\"created_at\\\";s:19:\\\"2022-09-02 10:48:37\\\";s:10:\\\"updated_at\\\";s:19:\\\"2022-09-02 10:48:37\\\";s:11:\\\"activity_id\\\";N;s:7:\\\"address\\\";N;s:14:\\\"person_type_id\\\";N;s:19:\\\"fa_iva_condition_id\\\";N;s:16:\\\"fa_codigo_postal\\\";N;s:5:\\\"email\\\";N;s:10:\\\"deleted_at\\\";N;}s:11:\\\"\\u0000*\\u0000original\\\";a:21:{s:2:\\\"id\\\";i:62352;s:7:\\\"user_id\\\";i:1;s:11:\\\"field_name1\\\";s:18:\\\"Laplacette Dolores\\\";s:11:\\\"field_name2\\\";N;s:13:\\\"document_type\\\";s:4:\\\"cuit\\\";s:8:\\\"document\\\";s:13:\\\"27-32956506-3\\\";s:21:\\\"cond_frente_al_iva_id\\\";N;s:10:\\\"country_id\\\";N;s:8:\\\"state_id\\\";N;s:7:\\\"zone_id\\\";N;s:14:\\\"plan_cuenta_id\\\";N;s:20:\\\"iva_creditos_tipo_id\\\";N;s:10:\\\"created_at\\\";s:19:\\\"2022-09-02 10:48:37\\\";s:10:\\\"updated_at\\\";s:19:\\\"2022-09-02 10:48:37\\\";s:11:\\\"activity_id\\\";N;s:7:\\\"address\\\";N;s:14:\\\"person_type_id\\\";N;s:19:\\\"fa_iva_condition_id\\\";N;s:16:\\\"fa_codigo_postal\\\";N;s:5:\\\"email\\\";N;s:10:\\\"deleted_at\\\";N;}s:10:\\\"\\u0000*\\u0000changes\\\";a:0:{}s:8:\\\"\\u0000*\\u0000casts\\\";a:0:{}s:17:\\\"\\u0000*\\u0000classCastCache\\\";a:0:{}s:8:\\\"\\u0000*\\u0000dates\\\";a:0:{}s:13:\\\"\\u0000*\\u0000dateFormat\\\";N;s:10:\\\"\\u0000*\\u0000appends\\\";a:0:{}s:19:\\\"\\u0000*\\u0000dispatchesEvents\\\";a:0:{}s:14:\\\"\\u0000*\\u0000observables\\\";a:0:{}s:12:\\\"\\u0000*\\u0000relations\\\";a:0:{}s:10:\\\"\\u0000*\\u0000touches\\\";a:0:{}s:10:\\\"timestamps\\\";b:1;s:9:\\\"\\u0000*\\u0000hidden\\\";a:0:{}s:10:\\\"\\u0000*\\u0000visible\\\";a:0:{}s:11:\\\"\\u0000*\\u0000fillable\\\";a:0:{}}}s:11:\\\"\\u0000*\\u0000original\\\";a:16:{s:6:\\\"idUser\\\";i:7768;s:6:\\\"nombre\\\";s:18:\\\"Laplacette Dolores\\\";s:9:\\\"loginUser\\\";s:22:\\\"info@estudiolyl.com.ar\\\";s:9:\\\"emailUser\\\";s:22:\\\"info@estudiolyl.com.ar\\\";s:5:\\\"clave\\\";s:11:\\\"27329565063\\\";s:9:\\\"claveUser\\\";s:60:\\\"$2y$10$SRnhcmh9Ms4PgmCSAI1HhuLnN473XHxksXTF3LIf0KG3KAyr07yMi\\\";s:5:\\\"firma\\\";N;s:6:\\\"avatar\\\";N;s:10:\\\"statusUser\\\";i:1;s:14:\\\"remember_token\\\";N;s:10:\\\"created_at\\\";s:19:\\\"2022-09-02 07:48:37\\\";s:10:\\\"updated_at\\\";s:19:\\\"2022-09-12 21:10:41\\\";s:12:\\\"user_type_id\\\";i:1;s:18:\\\"es_empresa_externa\\\";i:0;s:15:\\\"suscrip_plan_id\\\";i:2;s:7:\\\"importe\\\";s:7:\\\"3750.00\\\";}s:10:\\\"\\u0000*\\u0000changes\\\";a:0:{}s:8:\\\"\\u0000*\\u0000casts\\\";a:0:{}s:17:\\\"\\u0000*\\u0000classCastCache\\\";a:0:{}s:8:\\\"\\u0000*\\u0000dates\\\";a:0:{}s:13:\\\"\\u0000*\\u0000dateFormat\\\";N;s:10:\\\"\\u0000*\\u0000appends\\\";a:0:{}s:19:\\\"\\u0000*\\u0000dispatchesEvents\\\";a:0:{}s:14:\\\"\\u0000*\\u0000observables\\\";a:0:{}s:12:\\\"\\u0000*\\u0000relations\\\";a:0:{}s:10:\\\"\\u0000*\\u0000touches\\\";a:0:{}s:10:\\\"timestamps\\\";b:1;s:10:\\\"\\u0000*\\u0000visible\\\";a:0:{}s:10:\\\"\\u0000*\\u0000guarded\\\";a:1:{i:0;s:1:\\\"*\\\";}s:20:\\\"\\u0000*\\u0000rememberTokenName\\\";s:14:\\\"remember_token\\\";}s:23:\\\"cuit_administrador_afip\\\";s:11:\\\"20340398980\\\";s:12:\\\"clave_fiscal\\\";s:10:\\\"22Pablo898\\\";s:5:\\\"sitio\\\";s:12:\\\"taxes.com.ar\\\";s:6:\\\"settle\\\";O:28:\\\"App\\\\Models\\\\PeriodLiquidation\\\":28:{s:8:\\\"\\u0000*\\u0000table\\\";s:19:\\\"period_liquidations\\\";s:10:\\\"\\u0000*\\u0000guarded\\\";a:0:{}s:9:\\\"\\u0000*\\u0000hidden\\\";a:2:{i:0;s:10:\\\"created_at\\\";i:1;s:10:\\\"updated_at\\\";}s:10:\\\"\\u0000*\\u0000appends\\\";a:1:{i:0;s:15:\\\"files_relations\\\";}s:13:\\\"\\u0000*\\u0000connection\\\";s:7:\\\"finance\\\";s:13:\\\"\\u0000*\\u0000primaryKey\\\";s:2:\\\"id\\\";s:10:\\\"\\u0000*\\u0000keyType\\\";s:3:\\\"int\\\";s:12:\\\"incrementing\\\";b:1;s:7:\\\"\\u0000*\\u0000with\\\";a:0:{}s:12:\\\"\\u0000*\\u0000withCount\\\";a:0:{}s:10:\\\"\\u0000*\\u0000perPage\\\";i:15;s:6:\\\"exists\\\";b:1;s:18:\\\"wasRecentlyCreated\\\";b:0;s:13:\\\"\\u0000*\\u0000attributes\\\";a:10:{s:2:\\\"id\\\";i:259;s:7:\\\"user_id\\\";i:7768;s:8:\\\"apply_to\\\";s:4:\\\"iibb\\\";s:9:\\\"period_id\\\";i:15295;s:9:\\\"person_id\\\";i:41245;s:6:\\\"status\\\";i:1;s:11:\\\"auxiliar_id\\\";i:4344;s:10:\\\"created_at\\\";s:19:\\\"2022-09-13 12:30:12\\\";s:10:\\\"updated_at\\\";s:19:\\\"2022-09-13 12:34:09\\\";s:10:\\\"deleted_at\\\";N;}s:11:\\\"\\u0000*\\u0000original\\\";a:10:{s:2:\\\"id\\\";i:259;s:7:\\\"user_id\\\";i:7768;s:8:\\\"apply_to\\\";s:4:\\\"iibb\\\";s:9:\\\"period_id\\\";i:15295;s:9:\\\"person_id\\\";i:41245;s:6:\\\"status\\\";i:1;s:11:\\\"auxiliar_id\\\";i:4344;s:10:\\\"created_at\\\";s:19:\\\"2022-09-13 12:30:12\\\";s:10:\\\"updated_at\\\";s:19:\\\"2022-09-13 12:34:09\\\";s:10:\\\"deleted_at\\\";N;}s:10:\\\"\\u0000*\\u0000changes\\\";a:2:{s:11:\\\"auxiliar_id\\\";i:4344;s:10:\\\"updated_at\\\";s:19:\\\"2022-09-13 12:34:09\\\";}s:8:\\\"\\u0000*\\u0000casts\\\";a:0:{}s:17:\\\"\\u0000*\\u0000classCastCache\\\";a:0:{}s:8:\\\"\\u0000*\\u0000dates\\\";a:1:{i:0;s:10:\\\"deleted_at\\\";}s:13:\\\"\\u0000*\\u0000dateFormat\\\";N;s:19:\\\"\\u0000*\\u0000dispatchesEvents\\\";a:0:{}s:14:\\\"\\u0000*\\u0000observables\\\";a:0:{}s:12:\\\"\\u0000*\\u0000relations\\\";a:0:{}s:10:\\\"\\u0000*\\u0000touches\\\";a:0:{}s:10:\\\"timestamps\\\";b:1;s:10:\\\"\\u0000*\\u0000visible\\\";a:0:{}s:11:\\\"\\u0000*\\u0000fillable\\\";a:0:{}s:16:\\\"\\u0000*\\u0000forceDeleting\\\";b:0;}s:8:\\\"auxiliar\\\";O:19:\\\"App\\\\Models\\\\Auxiliar\\\":27:{s:13:\\\"\\u0000*\\u0000connection\\\";s:9:\\\"seguridad\\\";s:8:\\\"\\u0000*\\u0000table\\\";s:8:\\\"auxiliar\\\";s:10:\\\"\\u0000*\\u0000guarded\\\";a:0:{}s:13:\\\"\\u0000*\\u0000primaryKey\\\";s:2:\\\"id\\\";s:10:\\\"\\u0000*\\u0000keyType\\\";s:3:\\\"int\\\";s:12:\\\"incrementing\\\";b:1;s:7:\\\"\\u0000*\\u0000with\\\";a:0:{}s:12:\\\"\\u0000*\\u0000withCount\\\";a:0:{}s:10:\\\"\\u0000*\\u0000perPage\\\";i:15;s:6:\\\"exists\\\";b:1;s:18:\\\"wasRecentlyCreated\\\";b:1;s:13:\\\"\\u0000*\\u0000attributes\\\";a:5:{s:11:\\\"descripcion\\\";s:12448:\\\"{\\\"group_person_zone_actividad\\\":[{\\\"id\\\":52,\\\"user_id\\\":7768,\\\"person_id\\\":41245,\\\"zone_id\\\":23,\\\"actividad_id\\\":855,\\\"calculo_iibb\\\":1,\\\"coef\\\":\\\"0.00000\\\",\\\"alicuota\\\":\\\"3.50000\\\",\\\"cm_articulo_regimen_id\\\":10,\\\"habilitado\\\":1,\\\"created_at\\\":\\\"2022-09-09T17:36:15.000000Z\\\",\\\"updated_at\\\":\\\"2022-09-09T17:36:15.000000Z\\\",\\\"deleted_at\\\":null,\\\"cm_articulo_regimen\\\":{\\\"id\\\":10,\\\"user_id\\\":null,\\\"descripcion\\\":\\\"Articulo 14\\\",\\\"codigo\\\":14,\\\"habilitado\\\":1,\\\"created_at\\\":\\\"2022-09-02T10:49:17.000000Z\\\",\\\"updated_at\\\":\\\"2022-09-02T10:49:18.000000Z\\\",\\\"deleted_at\\\":null},\\\"actividad\\\":{\\\"id\\\":855,\\\"created_at\\\":null,\\\"updated_at\\\":null,\\\"name\\\":\\\"Servicios empresariales n.c.p.\\\",\\\"codigo_afip\\\":\\\"829900\\\",\\\"codigo_cm\\\":null}}],\\\"person\\\":{\\\"id\\\":41245,\\\"user_id\\\":7768,\\\"field_name1\\\":\\\"PABLO D AMARIO\\\",\\\"field_name2\\\":null,\\\"document_type\\\":\\\"cuit\\\",\\\"document\\\":\\\"20-34039898-0\\\",\\\"cond_frente_al_iva_id\\\":null,\\\"country_id\\\":null,\\\"state_id\\\":null,\\\"zone_id\\\":null,\\\"plan_cuenta_id\\\":null,\\\"iva_creditos_tipo_id\\\":null,\\\"created_at\\\":\\\"2022-09-09T17:22:10.000000Z\\\",\\\"updated_at\\\":\\\"2022-09-09T17:22:10.000000Z\\\",\\\"activity_id\\\":null,\\\"address\\\":null,\\\"person_type_id\\\":1,\\\"fa_iva_condition_id\\\":null,\\\"fa_codigo_postal\\\":null,\\\"email\\\":null,\\\"deleted_at\\\":null,\\\"person_config\\\":{\\\"id\\\":12,\\\"user_id\\\":7768,\\\"person_id\\\":41245,\\\"period_id\\\":null,\\\"zone_id\\\":null,\\\"settle_calc_by_coef\\\":0,\\\"created_at\\\":\\\"2022-09-09T17:22:10.000000Z\\\",\\\"updated_at\\\":\\\"2022-09-09T17:36:15.000000Z\\\",\\\"active\\\":2,\\\"enviarMail\\\":1,\\\"honorario\\\":\\\"0.00\\\",\\\"cta_cte_tesoreria_cuenta_id\\\":null,\\\"month_close\\\":12,\\\"iva_condition_id\\\":1,\\\"obligation_sell\\\":1,\\\"obligation_buy\\\":1,\\\"obligation_iva\\\":0,\\\"obligation_electronic_receipt\\\":0,\\\"obligation_iibb\\\":4,\\\"obligation_other_taxes\\\":null,\\\"liquidation_start_period\\\":\\\"2018-04\\\",\\\"obligation_salaries\\\":0,\\\"empleada_domestica\\\":0,\\\"prorratear_iva\\\":0,\\\"is_itc\\\":0,\\\"priority_order\\\":3,\\\"person_id_administrador\\\":41245,\\\"person_id_titular\\\":41245,\\\"logo_path\\\":null,\\\"certificado_afip_path\\\":null,\\\"llave_afip_path\\\":null,\\\"access_electronic_receipt\\\":0,\\\"ruta_logo_fa\\\":null,\\\"inicio_actividades\\\":\\\"2022-09-09T03:00:00.000000Z\\\",\\\"iibb\\\":null,\\\"fe_leyenda\\\":null,\\\"atencion_iva\\\":0,\\\"atencion_iva_comentario\\\":null,\\\"atencion_iibb\\\":0,\\\"atencion_iibb_comentario\\\":null,\\\"deleted_at\\\":null}},\\\"settle\\\":{\\\"id\\\":259,\\\"user_id\\\":7768,\\\"apply_to\\\":\\\"iibb\\\",\\\"period_id\\\":15295,\\\"person_id\\\":41245,\\\"status\\\":1,\\\"auxiliar_id\\\":null,\\\"deleted_at\\\":null,\\\"files_relations\\\":[],\\\"period\\\":{\\\"id\\\":15295,\\\"user_id\\\":null,\\\"code\\\":\\\"2022-08\\\",\\\"year\\\":2022,\\\"period_number\\\":8,\\\"date_from\\\":\\\"2022-08-01\\\",\\\"date_to\\\":\\\"2022-08-31\\\",\\\"created_at\\\":null,\\\"updated_at\\\":null,\\\"person_id\\\":41245,\\\"conta_status\\\":0,\\\"deleted_at\\\":null,\\\"syj_periods_status_id\\\":1,\\\"syj_sin_asiento\\\":0,\\\"syj_asiento_modificado\\\":0,\\\"syj_periods_status_emp_dom_id\\\":1}},\\\"registros\\\":{\\\"id\\\":259,\\\"user_id\\\":7768,\\\"apply_to\\\":\\\"iibb\\\",\\\"period_id\\\":15295,\\\"person_id\\\":41245,\\\"status\\\":1,\\\"auxiliar_id\\\":null,\\\"deleted_at\\\":null,\\\"files_relations\\\":[],\\\"period_liquidation_iibb\\\":[{\\\"id\\\":288,\\\"user_id\\\":7768,\\\"period_liquidation_id\\\":259,\\\"period_id\\\":15295,\\\"person_id\\\":41245,\\\"zone_id\\\":23,\\\"base_amount\\\":238589,\\\"impuesto\\\":8350.62,\\\"saldo_a_favor_ant\\\":0,\\\"sircreb\\\":\\\"0.00\\\",\\\"percepciones\\\":\\\"0.00\\\",\\\"retenciones\\\":\\\"0.00\\\",\\\"a_pagar\\\":8350.62,\\\"a_favor\\\":0,\\\"created_at\\\":\\\"2022-09-13T15:30:12.000000Z\\\",\\\"updated_at\\\":\\\"2022-09-13T15:30:12.000000Z\\\",\\\"deleted_at\\\":null,\\\"zone\\\":{\\\"id\\\":23,\\\"name\\\":\\\"Buenos Aires\\\",\\\"sifere_coef\\\":\\\"0.00\\\",\\\"iibb_aliquot\\\":\\\"0.00\\\",\\\"iibb_perception_id\\\":null,\\\"retention_id\\\":null,\\\"created_at\\\":null,\\\"updated_at\\\":\\\"2022-09-02T10:49:21.000000Z\\\",\\\"code\\\":\\\"02\\\",\\\"sircreb_plan_cuenta_id\\\":276,\\\"codigo_cm\\\":902,\\\"codigo_afip\\\":\\\"1\\\"},\\\"details\\\":[{\\\"id\\\":730,\\\"user_id\\\":7768,\\\"period_liquidation_id\\\":259,\\\"period_id\\\":15295,\\\"person_id\\\":41245,\\\"zone_id\\\":23,\\\"calculo_iibb\\\":1,\\\"actividad_id\\\":855,\\\"coef\\\":\\\"0.0000\\\",\\\"aliquot\\\":\\\"3.5000\\\",\\\"cm_articulo_regimen_id\\\":10,\\\"base_amount\\\":238589,\\\"tax_amount\\\":8350.62,\\\"previous_period_balance\\\":\\\"0.00\\\",\\\"sircreb_amount\\\":\\\"0.00\\\",\\\"perception_amount\\\":\\\"0.00\\\",\\\"retention_amount\\\":\\\"0.00\\\",\\\"positive_amount\\\":\\\"0.00\\\",\\\"negative_amount\\\":\\\"0.00\\\",\\\"balance\\\":0,\\\"created_at\\\":\\\"2022-09-13T15:30:12.000000Z\\\",\\\"updated_at\\\":\\\"2022-09-13T15:30:12.000000Z\\\",\\\"deleted_at\\\":null,\\\"actividad\\\":{\\\"id\\\":855,\\\"created_at\\\":null,\\\"updated_at\\\":null,\\\"name\\\":\\\"Servicios empresariales n.c.p.\\\",\\\"codigo_afip\\\":\\\"829900\\\",\\\"codigo_cm\\\":null},\\\"cm_articulo_regimen\\\":{\\\"id\\\":10,\\\"user_id\\\":null,\\\"descripcion\\\":\\\"Articulo 14\\\",\\\"codigo\\\":14,\\\"habilitado\\\":1,\\\"created_at\\\":\\\"2022-09-02T10:49:17.000000Z\\\",\\\"updated_at\\\":\\\"2022-09-02T10:49:18.000000Z\\\",\\\"deleted_at\\\":null}},{\\\"id\\\":731,\\\"user_id\\\":7768,\\\"period_liquidation_id\\\":259,\\\"period_id\\\":15295,\\\"person_id\\\":41245,\\\"zone_id\\\":3,\\\"calculo_iibb\\\":1,\\\"actividad_id\\\":855,\\\"coef\\\":\\\"0.0000\\\",\\\"aliquot\\\":\\\"3.5000\\\",\\\"cm_articulo_regimen_id\\\":10,\\\"base_amount\\\":\\\"238589.00\\\",\\\"tax_amount\\\":\\\"0.00\\\",\\\"previous_period_balance\\\":\\\"0.00\\\",\\\"sircreb_amount\\\":\\\"0.00\\\",\\\"perception_amount\\\":\\\"0.00\\\",\\\"retention_amount\\\":\\\"0.00\\\",\\\"positive_amount\\\":\\\"0.00\\\",\\\"negative_amount\\\":\\\"0.00\\\",\\\"balance\\\":0,\\\"created_at\\\":\\\"2022-09-13T15:30:12.000000Z\\\",\\\"updated_at\\\":\\\"2022-09-13T15:30:12.000000Z\\\",\\\"deleted_at\\\":null,\\\"actividad\\\":{\\\"id\\\":855,\\\"created_at\\\":null,\\\"updated_at\\\":null,\\\"name\\\":\\\"Servicios empresariales n.c.p.\\\",\\\"codigo_afip\\\":\\\"829900\\\",\\\"codigo_cm\\\":null},\\\"cm_articulo_regimen\\\":{\\\"id\\\":10,\\\"user_id\\\":null,\\\"descripcion\\\":\\\"Articulo 14\\\",\\\"codigo\\\":14,\\\"habilitado\\\":1,\\\"created_at\\\":\\\"2022-09-02T10:49:17.000000Z\\\",\\\"updated_at\\\":\\\"2022-09-02T10:49:18.000000Z\\\",\\\"deleted_at\\\":null}},{\\\"id\\\":732,\\\"user_id\\\":7768,\\\"period_liquidation_id\\\":259,\\\"period_id\\\":15295,\\\"person_id\\\":41245,\\\"zone_id\\\":18,\\\"calculo_iibb\\\":1,\\\"actividad_id\\\":855,\\\"coef\\\":\\\"0.0000\\\",\\\"aliquot\\\":\\\"3.5000\\\",\\\"cm_articulo_regimen_id\\\":10,\\\"base_amount\\\":\\\"238589.00\\\",\\\"tax_amount\\\":\\\"0.00\\\",\\\"previous_period_balance\\\":\\\"0.00\\\",\\\"sircreb_amount\\\":\\\"0.00\\\",\\\"perception_amount\\\":\\\"0.00\\\",\\\"retention_amount\\\":\\\"0.00\\\",\\\"positive_amount\\\":\\\"0.00\\\",\\\"negative_amount\\\":\\\"0.00\\\",\\\"balance\\\":0,\\\"created_at\\\":\\\"2022-09-13T15:30:12.000000Z\\\",\\\"updated_at\\\":\\\"2022-09-13T15:30:12.000000Z\\\",\\\"deleted_at\\\":null,\\\"actividad\\\":{\\\"id\\\":855,\\\"created_at\\\":null,\\\"updated_at\\\":null,\\\"name\\\":\\\"Servicios empresariales n.c.p.\\\",\\\"codigo_afip\\\":\\\"829900\\\",\\\"codigo_cm\\\":null},\\\"cm_articulo_regimen\\\":{\\\"id\\\":10,\\\"user_id\\\":null,\\\"descripcion\\\":\\\"Articulo 14\\\",\\\"codigo\\\":14,\\\"habilitado\\\":1,\\\"created_at\\\":\\\"2022-09-02T10:49:17.000000Z\\\",\\\"updated_at\\\":\\\"2022-09-02T10:49:18.000000Z\\\",\\\"deleted_at\\\":null}}]},{\\\"id\\\":286,\\\"user_id\\\":7768,\\\"period_liquidation_id\\\":259,\\\"period_id\\\":15295,\\\"person_id\\\":41245,\\\"zone_id\\\":3,\\\"base_amount\\\":238589,\\\"impuesto\\\":0,\\\"saldo_a_favor_ant\\\":0,\\\"sircreb\\\":\\\"0.00\\\",\\\"percepciones\\\":\\\"0.00\\\",\\\"retenciones\\\":\\\"0.00\\\",\\\"a_pagar\\\":0,\\\"a_favor\\\":0,\\\"created_at\\\":\\\"2022-09-13T15:30:12.000000Z\\\",\\\"updated_at\\\":\\\"2022-09-13T15:30:12.000000Z\\\",\\\"deleted_at\\\":null,\\\"zone\\\":{\\\"id\\\":3,\\\"name\\\":\\\"Chaco\\\",\\\"sifere_coef\\\":\\\"0.00\\\",\\\"iibb_aliquot\\\":\\\"0.00\\\",\\\"iibb_perception_id\\\":null,\\\"retention_id\\\":null,\\\"created_at\\\":null,\\\"updated_at\\\":\\\"2022-09-02T10:49:21.000000Z\\\",\\\"code\\\":\\\"26\\\",\\\"sircreb_plan_cuenta_id\\\":279,\\\"codigo_cm\\\":906,\\\"codigo_afip\\\":\\\"16\\\"},\\\"details\\\":[{\\\"id\\\":730,\\\"user_id\\\":7768,\\\"period_liquidation_id\\\":259,\\\"period_id\\\":15295,\\\"person_id\\\":41245,\\\"zone_id\\\":23,\\\"calculo_iibb\\\":1,\\\"actividad_id\\\":855,\\\"coef\\\":\\\"0.0000\\\",\\\"aliquot\\\":\\\"3.5000\\\",\\\"cm_articulo_regimen_id\\\":10,\\\"base_amount\\\":\\\"238589.00\\\",\\\"tax_amount\\\":\\\"0.00\\\",\\\"previous_period_balance\\\":\\\"0.00\\\",\\\"sircreb_amount\\\":\\\"0.00\\\",\\\"perception_amount\\\":\\\"0.00\\\",\\\"retention_amount\\\":\\\"0.00\\\",\\\"positive_amount\\\":\\\"0.00\\\",\\\"negative_amount\\\":\\\"0.00\\\",\\\"balance\\\":0,\\\"created_at\\\":\\\"2022-09-13T15:30:12.000000Z\\\",\\\"updated_at\\\":\\\"2022-09-13T15:30:12.000000Z\\\",\\\"deleted_at\\\":null,\\\"actividad\\\":{\\\"id\\\":855,\\\"created_at\\\":null,\\\"updated_at\\\":null,\\\"name\\\":\\\"Servicios empresariales n.c.p.\\\",\\\"codigo_afip\\\":\\\"829900\\\",\\\"codigo_cm\\\":null},\\\"cm_articulo_regimen\\\":{\\\"id\\\":10,\\\"user_id\\\":null,\\\"descripcion\\\":\\\"Articulo 14\\\",\\\"codigo\\\":14,\\\"habilitado\\\":1,\\\"created_at\\\":\\\"2022-09-02T10:49:17.000000Z\\\",\\\"updated_at\\\":\\\"2022-09-02T10:49:18.000000Z\\\",\\\"deleted_at\\\":null}},{\\\"id\\\":731,\\\"user_id\\\":7768,\\\"period_liquidation_id\\\":259,\\\"period_id\\\":15295,\\\"person_id\\\":41245,\\\"zone_id\\\":3,\\\"calculo_iibb\\\":1,\\\"actividad_id\\\":855,\\\"coef\\\":\\\"0.0000\\\",\\\"aliquot\\\":\\\"3.5000\\\",\\\"cm_articulo_regimen_id\\\":10,\\\"base_amount\\\":238589,\\\"tax_amount\\\":0,\\\"previous_period_balance\\\":\\\"0.00\\\",\\\"sircreb_amount\\\":\\\"0.00\\\",\\\"perception_amount\\\":\\\"0.00\\\",\\\"retention_amount\\\":\\\"0.00\\\",\\\"positive_amount\\\":\\\"0.00\\\",\\\"negative_amount\\\":\\\"0.00\\\",\\\"balance\\\":0,\\\"created_at\\\":\\\"2022-09-13T15:30:12.000000Z\\\",\\\"updated_at\\\":\\\"2022-09-13T15:30:12.000000Z\\\",\\\"deleted_at\\\":null,\\\"actividad\\\":{\\\"id\\\":855,\\\"created_at\\\":null,\\\"updated_at\\\":null,\\\"name\\\":\\\"Servicios empresariales n.c.p.\\\",\\\"codigo_afip\\\":\\\"829900\\\",\\\"codigo_cm\\\":null},\\\"cm_articulo_regimen\\\":{\\\"id\\\":10,\\\"user_id\\\":null,\\\"descripcion\\\":\\\"Articulo 14\\\",\\\"codigo\\\":14,\\\"habilitado\\\":1,\\\"created_at\\\":\\\"2022-09-02T10:49:17.000000Z\\\",\\\"updated_at\\\":\\\"2022-09-02T10:49:18.000000Z\\\",\\\"deleted_at\\\":null}},{\\\"id\\\":732,\\\"user_id\\\":7768,\\\"period_liquidation_id\\\":259,\\\"period_id\\\":15295,\\\"person_id\\\":41245,\\\"zone_id\\\":18,\\\"calculo_iibb\\\":1,\\\"actividad_id\\\":855,\\\"coef\\\":\\\"0.0000\\\",\\\"aliquot\\\":\\\"3.5000\\\",\\\"cm_articulo_regimen_id\\\":10,\\\"base_amount\\\":\\\"238589.00\\\",\\\"tax_amount\\\":\\\"0.00\\\",\\\"previous_period_balance\\\":\\\"0.00\\\",\\\"sircreb_amount\\\":\\\"0.00\\\",\\\"perception_amount\\\":\\\"0.00\\\",\\\"retention_amount\\\":\\\"0.00\\\",\\\"positive_amount\\\":\\\"0.00\\\",\\\"negative_amount\\\":\\\"0.00\\\",\\\"balance\\\":0,\\\"created_at\\\":\\\"2022-09-13T15:30:12.000000Z\\\",\\\"updated_at\\\":\\\"2022-09-13T15:30:12.000000Z\\\",\\\"deleted_at\\\":null,\\\"actividad\\\":{\\\"id\\\":855,\\\"created_at\\\":null,\\\"updated_at\\\":null,\\\"name\\\":\\\"Servicios empresariales n.c.p.\\\",\\\"codigo_afip\\\":\\\"829900\\\",\\\"codigo_cm\\\":null},\\\"cm_articulo_regimen\\\":{\\\"id\\\":10,\\\"user_id\\\":null,\\\"descripcion\\\":\\\"Articulo 14\\\",\\\"codigo\\\":14,\\\"habilitado\\\":1,\\\"created_at\\\":\\\"2022-09-02T10:49:17.000000Z\\\",\\\"updated_at\\\":\\\"2022-09-02T10:49:18.000000Z\\\",\\\"deleted_at\\\":null}}]},{\\\"id\\\":287,\\\"user_id\\\":7768,\\\"period_liquidation_id\\\":259,\\\"period_id\\\":15295,\\\"person_id\\\":41245,\\\"zone_id\\\":18,\\\"base_amount\\\":238589,\\\"impuesto\\\":0,\\\"saldo_a_favor_ant\\\":0,\\\"sircreb\\\":\\\"0.00\\\",\\\"percepciones\\\":\\\"0.00\\\",\\\"retenciones\\\":\\\"0.00\\\",\\\"a_pagar\\\":0,\\\"a_favor\\\":0,\\\"created_at\\\":\\\"2022-09-13T15:30:12.000000Z\\\",\\\"updated_at\\\":\\\"2022-09-13T15:30:12.000000Z\\\",\\\"deleted_at\\\":null,\\\"zone\\\":{\\\"id\\\":18,\\\"name\\\":\\\"Santa Fe\\\",\\\"sifere_coef\\\":\\\"0.00\\\",\\\"iibb_aliquot\\\":\\\"0.00\\\",\\\"iibb_perception_id\\\":null,\\\"retention_id\\\":null,\\\"created_at\\\":null,\\\"updated_at\\\":\\\"2022-09-02T10:49:21.000000Z\\\",\\\"code\\\":\\\"70\\\",\\\"sircreb_plan_cuenta_id\\\":297,\\\"codigo_cm\\\":921,\\\"codigo_afip\\\":\\\"12\\\"},\\\"details\\\":[{\\\"id\\\":730,\\\"user_id\\\":7768,\\\"period_liquidation_id\\\":259,\\\"period_id\\\":15295,\\\"person_id\\\":41245,\\\"zone_id\\\":23,\\\"calculo_iibb\\\":1,\\\"actividad_id\\\":855,\\\"coef\\\":\\\"0.0000\\\",\\\"aliquot\\\":\\\"3.5000\\\",\\\"cm_articulo_regimen_id\\\":10,\\\"base_amount\\\":\\\"238589.00\\\",\\\"tax_amount\\\":\\\"0.00\\\",\\\"previous_period_balance\\\":\\\"0.00\\\",\\\"sircreb_amount\\\":\\\"0.00\\\",\\\"perception_amount\\\":\\\"0.00\\\",\\\"retention_amount\\\":\\\"0.00\\\",\\\"positive_amount\\\":\\\"0.00\\\",\\\"negative_amount\\\":\\\"0.00\\\",\\\"balance\\\":0,\\\"created_at\\\":\\\"2022-09-13T15:30:12.000000Z\\\",\\\"updated_at\\\":\\\"2022-09-13T15:30:12.000000Z\\\",\\\"deleted_at\\\":null,\\\"actividad\\\":{\\\"id\\\":855,\\\"created_at\\\":null,\\\"updated_at\\\":null,\\\"name\\\":\\\"Servicios empresariales n.c.p.\\\",\\\"codigo_afip\\\":\\\"829900\\\",\\\"codigo_cm\\\":null},\\\"cm_articulo_regimen\\\":{\\\"id\\\":10,\\\"user_id\\\":null,\\\"descripcion\\\":\\\"Articulo 14\\\",\\\"codigo\\\":14,\\\"habilitado\\\":1,\\\"created_at\\\":\\\"2022-09-02T10:49:17.000000Z\\\",\\\"updated_at\\\":\\\"2022-09-02T10:49:18.000000Z\\\",\\\"deleted_at\\\":null}},{\\\"id\\\":731,\\\"user_id\\\":7768,\\\"period_liquidation_id\\\":259,\\\"period_id\\\":15295,\\\"person_id\\\":41245,\\\"zone_id\\\":3,\\\"calculo_iibb\\\":1,\\\"actividad_id\\\":855,\\\"coef\\\":\\\"0.0000\\\",\\\"aliquot\\\":\\\"3.5000\\\",\\\"cm_articulo_regimen_id\\\":10,\\\"base_amount\\\":\\\"238589.00\\\",\\\"tax_amount\\\":\\\"0.00\\\",\\\"previous_period_balance\\\":\\\"0.00\\\",\\\"sircreb_amount\\\":\\\"0.00\\\",\\\"perception_amount\\\":\\\"0.00\\\",\\\"retention_amount\\\":\\\"0.00\\\",\\\"positive_amount\\\":\\\"0.00\\\",\\\"negative_amount\\\":\\\"0.00\\\",\\\"balance\\\":0,\\\"created_at\\\":\\\"2022-09-13T15:30:12.000000Z\\\",\\\"updated_at\\\":\\\"2022-09-13T15:30:12.000000Z\\\",\\\"deleted_at\\\":null,\\\"actividad\\\":{\\\"id\\\":855,\\\"created_at\\\":null,\\\"updated_at\\\":null,\\\"name\\\":\\\"Servicios empresariales n.c.p.\\\",\\\"codigo_afip\\\":\\\"829900\\\",\\\"codigo_cm\\\":null},\\\"cm_articulo_regimen\\\":{\\\"id\\\":10,\\\"user_id\\\":null,\\\"descripcion\\\":\\\"Articulo 14\\\",\\\"codigo\\\":14,\\\"habilitado\\\":1,\\\"created_at\\\":\\\"2022-09-02T10:49:17.000000Z\\\",\\\"updated_at\\\":\\\"2022-09-02T10:49:18.000000Z\\\",\\\"deleted_at\\\":null}},{\\\"id\\\":732,\\\"user_id\\\":7768,\\\"period_liquidation_id\\\":259,\\\"period_id\\\":15295,\\\"person_id\\\":41245,\\\"zone_id\\\":18,\\\"calculo_iibb\\\":1,\\\"actividad_id\\\":855,\\\"coef\\\":\\\"0.0000\\\",\\\"aliquot\\\":\\\"3.5000\\\",\\\"cm_articulo_regimen_id\\\":10,\\\"base_amount\\\":238589,\\\"tax_amount\\\":0,\\\"previous_period_balance\\\":\\\"0.00\\\",\\\"sircreb_amount\\\":\\\"0.00\\\",\\\"perception_amount\\\":\\\"0.00\\\",\\\"retention_amount\\\":\\\"0.00\\\",\\\"positive_amount\\\":\\\"0.00\\\",\\\"negative_amount\\\":\\\"0.00\\\",\\\"balance\\\":0,\\\"created_at\\\":\\\"2022-09-13T15:30:12.000000Z\\\",\\\"updated_at\\\":\\\"2022-09-13T15:30:12.000000Z\\\",\\\"deleted_at\\\":null,\\\"actividad\\\":{\\\"id\\\":855,\\\"created_at\\\":null,\\\"updated_at\\\":null,\\\"name\\\":\\\"Servicios empresariales n.c.p.\\\",\\\"codigo_afip\\\":\\\"829900\\\",\\\"codigo_cm\\\":null},\\\"cm_articulo_regimen\\\":{\\\"id\\\":10,\\\"user_id\\\":null,\\\"descripcion\\\":\\\"Articulo 14\\\",\\\"codigo\\\":14,\\\"habilitado\\\":1,\\\"created_at\\\":\\\"2022-09-02T10:49:17.000000Z\\\",\\\"updated_at\\\":\\\"2022-09-02T10:49:18.000000Z\\\",\\\"deleted_at\\\":null}}]}]}}\\\";s:7:\\\"user_id\\\";i:7768;s:10:\\\"updated_at\\\";s:19:\\\"2022-09-13 12:34:09\\\";s:10:\\\"created_at\\\";s:19:\\\"2022-09-13 12:34:09\\\";s:2:\\\"id\\\";i:4344;}s:11:\\\"\\u0000*\\u0000original\\\";a:5:{s:11:\\\"descripcion\\\";s:12448:\\\"{\\\"group_person_zone_actividad\\\":[{\\\"id\\\":52,\\\"user_id\\\":7768,\\\"person_id\\\":41245,\\\"zone_id\\\":23,\\\"actividad_id\\\":855,\\\"calculo_iibb\\\":1,\\\"coef\\\":\\\"0.00000\\\",\\\"alicuota\\\":\\\"3.50000\\\",\\\"cm_articulo_regimen_id\\\":10,\\\"habilitado\\\":1,\\\"created_at\\\":\\\"2022-09-09T17:36:15.000000Z\\\",\\\"updated_at\\\":\\\"2022-09-09T17:36:15.000000Z\\\",\\\"deleted_at\\\":null,\\\"cm_articulo_regimen\\\":{\\\"id\\\":10,\\\"user_id\\\":null,\\\"descripcion\\\":\\\"Articulo 14\\\",\\\"codigo\\\":14,\\\"habilitado\\\":1,\\\"created_at\\\":\\\"2022-09-02T10:49:17.000000Z\\\",\\\"updated_at\\\":\\\"2022-09-02T10:49:18.000000Z\\\",\\\"deleted_at\\\":null},\\\"actividad\\\":{\\\"id\\\":855,\\\"created_at\\\":null,\\\"updated_at\\\":null,\\\"name\\\":\\\"Servicios empresariales n.c.p.\\\",\\\"codigo_afip\\\":\\\"829900\\\",\\\"codigo_cm\\\":null}}],\\\"person\\\":{\\\"id\\\":41245,\\\"user_id\\\":7768,\\\"field_name1\\\":\\\"PABLO D AMARIO\\\",\\\"field_name2\\\":null,\\\"document_type\\\":\\\"cuit\\\",\\\"document\\\":\\\"20-34039898-0\\\",\\\"cond_frente_al_iva_id\\\":null,\\\"country_id\\\":null,\\\"state_id\\\":null,\\\"zone_id\\\":null,\\\"plan_cuenta_id\\\":null,\\\"iva_creditos_tipo_id\\\":null,\\\"created_at\\\":\\\"2022-09-09T17:22:10.000000Z\\\",\\\"updated_at\\\":\\\"2022-09-09T17:22:10.000000Z\\\",\\\"activity_id\\\":null,\\\"address\\\":null,\\\"person_type_id\\\":1,\\\"fa_iva_condition_id\\\":null,\\\"fa_codigo_postal\\\":null,\\\"email\\\":null,\\\"deleted_at\\\":null,\\\"person_config\\\":{\\\"id\\\":12,\\\"user_id\\\":7768,\\\"person_id\\\":41245,\\\"period_id\\\":null,\\\"zone_id\\\":null,\\\"settle_calc_by_coef\\\":0,\\\"created_at\\\":\\\"2022-09-09T17:22:10.000000Z\\\",\\\"updated_at\\\":\\\"2022-09-09T17:36:15.000000Z\\\",\\\"active\\\":2,\\\"enviarMail\\\":1,\\\"honorario\\\":\\\"0.00\\\",\\\"cta_cte_tesoreria_cuenta_id\\\":null,\\\"month_close\\\":12,\\\"iva_condition_id\\\":1,\\\"obligation_sell\\\":1,\\\"obligation_buy\\\":1,\\\"obligation_iva\\\":0,\\\"obligation_electronic_receipt\\\":0,\\\"obligation_iibb\\\":4,\\\"obligation_other_taxes\\\":null,\\\"liquidation_start_period\\\":\\\"2018-04\\\",\\\"obligation_salaries\\\":0,\\\"empleada_domestica\\\":0,\\\"prorratear_iva\\\":0,\\\"is_itc\\\":0,\\\"priority_order\\\":3,\\\"person_id_administrador\\\":41245,\\\"person_id_titular\\\":41245,\\\"logo_path\\\":null,\\\"certificado_afip_path\\\":null,\\\"llave_afip_path\\\":null,\\\"access_electronic_receipt\\\":0,\\\"ruta_logo_fa\\\":null,\\\"inicio_actividades\\\":\\\"2022-09-09T03:00:00.000000Z\\\",\\\"iibb\\\":null,\\\"fe_leyenda\\\":null,\\\"atencion_iva\\\":0,\\\"atencion_iva_comentario\\\":null,\\\"atencion_iibb\\\":0,\\\"atencion_iibb_comentario\\\":null,\\\"deleted_at\\\":null}},\\\"settle\\\":{\\\"id\\\":259,\\\"user_id\\\":7768,\\\"apply_to\\\":\\\"iibb\\\",\\\"period_id\\\":15295,\\\"person_id\\\":41245,\\\"status\\\":1,\\\"auxiliar_id\\\":null,\\\"deleted_at\\\":null,\\\"files_relations\\\":[],\\\"period\\\":{\\\"id\\\":15295,\\\"user_id\\\":null,\\\"code\\\":\\\"2022-08\\\",\\\"year\\\":2022,\\\"period_number\\\":8,\\\"date_from\\\":\\\"2022-08-01\\\",\\\"date_to\\\":\\\"2022-08-31\\\",\\\"created_at\\\":null,\\\"updated_at\\\":null,\\\"person_id\\\":41245,\\\"conta_status\\\":0,\\\"deleted_at\\\":null,\\\"syj_periods_status_id\\\":1,\\\"syj_sin_asiento\\\":0,\\\"syj_asiento_modificado\\\":0,\\\"syj_periods_status_emp_dom_id\\\":1}},\\\"registros\\\":{\\\"id\\\":259,\\\"user_id\\\":7768,\\\"apply_to\\\":\\\"iibb\\\",\\\"period_id\\\":15295,\\\"person_id\\\":41245,\\\"status\\\":1,\\\"auxiliar_id\\\":null,\\\"deleted_at\\\":null,\\\"files_relations\\\":[],\\\"period_liquidation_iibb\\\":[{\\\"id\\\":288,\\\"user_id\\\":7768,\\\"period_liquidation_id\\\":259,\\\"period_id\\\":15295,\\\"person_id\\\":41245,\\\"zone_id\\\":23,\\\"base_amount\\\":238589,\\\"impuesto\\\":8350.62,\\\"saldo_a_favor_ant\\\":0,\\\"sircreb\\\":\\\"0.00\\\",\\\"percepciones\\\":\\\"0.00\\\",\\\"retenciones\\\":\\\"0.00\\\",\\\"a_pagar\\\":8350.62,\\\"a_favor\\\":0,\\\"created_at\\\":\\\"2022-09-13T15:30:12.000000Z\\\",\\\"updated_at\\\":\\\"2022-09-13T15:30:12.000000Z\\\",\\\"deleted_at\\\":null,\\\"zone\\\":{\\\"id\\\":23,\\\"name\\\":\\\"Buenos Aires\\\",\\\"sifere_coef\\\":\\\"0.00\\\",\\\"iibb_aliquot\\\":\\\"0.00\\\",\\\"iibb_perception_id\\\":null,\\\"retention_id\\\":null,\\\"created_at\\\":null,\\\"updated_at\\\":\\\"2022-09-02T10:49:21.000000Z\\\",\\\"code\\\":\\\"02\\\",\\\"sircreb_plan_cuenta_id\\\":276,\\\"codigo_cm\\\":902,\\\"codigo_afip\\\":\\\"1\\\"},\\\"details\\\":[{\\\"id\\\":730,\\\"user_id\\\":7768,\\\"period_liquidation_id\\\":259,\\\"period_id\\\":15295,\\\"person_id\\\":41245,\\\"zone_id\\\":23,\\\"calculo_iibb\\\":1,\\\"actividad_id\\\":855,\\\"coef\\\":\\\"0.0000\\\",\\\"aliquot\\\":\\\"3.5000\\\",\\\"cm_articulo_regimen_id\\\":10,\\\"base_amount\\\":238589,\\\"tax_amount\\\":8350.62,\\\"previous_period_balance\\\":\\\"0.00\\\",\\\"sircreb_amount\\\":\\\"0.00\\\",\\\"perception_amount\\\":\\\"0.00\\\",\\\"retention_amount\\\":\\\"0.00\\\",\\\"positive_amount\\\":\\\"0.00\\\",\\\"negative_amount\\\":\\\"0.00\\\",\\\"balance\\\":0,\\\"created_at\\\":\\\"2022-09-13T15:30:12.000000Z\\\",\\\"updated_at\\\":\\\"2022-09-13T15:30:12.000000Z\\\",\\\"deleted_at\\\":null,\\\"actividad\\\":{\\\"id\\\":855,\\\"created_at\\\":null,\\\"updated_at\\\":null,\\\"name\\\":\\\"Servicios empresariales n.c.p.\\\",\\\"codigo_afip\\\":\\\"829900\\\",\\\"codigo_cm\\\":null},\\\"cm_articulo_regimen\\\":{\\\"id\\\":10,\\\"user_id\\\":null,\\\"descripcion\\\":\\\"Articulo 14\\\",\\\"codigo\\\":14,\\\"habilitado\\\":1,\\\"created_at\\\":\\\"2022-09-02T10:49:17.000000Z\\\",\\\"updated_at\\\":\\\"2022-09-02T10:49:18.000000Z\\\",\\\"deleted_at\\\":null}},{\\\"id\\\":731,\\\"user_id\\\":7768,\\\"period_liquidation_id\\\":259,\\\"period_id\\\":15295,\\\"person_id\\\":41245,\\\"zone_id\\\":3,\\\"calculo_iibb\\\":1,\\\"actividad_id\\\":855,\\\"coef\\\":\\\"0.0000\\\",\\\"aliquot\\\":\\\"3.5000\\\",\\\"cm_articulo_regimen_id\\\":10,\\\"base_amount\\\":\\\"238589.00\\\",\\\"tax_amount\\\":\\\"0.00\\\",\\\"previous_period_balance\\\":\\\"0.00\\\",\\\"sircreb_amount\\\":\\\"0.00\\\",\\\"perception_amount\\\":\\\"0.00\\\",\\\"retention_amount\\\":\\\"0.00\\\",\\\"positive_amount\\\":\\\"0.00\\\",\\\"negative_amount\\\":\\\"0.00\\\",\\\"balance\\\":0,\\\"created_at\\\":\\\"2022-09-13T15:30:12.000000Z\\\",\\\"updated_at\\\":\\\"2022-09-13T15:30:12.000000Z\\\",\\\"deleted_at\\\":null,\\\"actividad\\\":{\\\"id\\\":855,\\\"created_at\\\":null,\\\"updated_at\\\":null,\\\"name\\\":\\\"Servicios empresariales n.c.p.\\\",\\\"codigo_afip\\\":\\\"829900\\\",\\\"codigo_cm\\\":null},\\\"cm_articulo_regimen\\\":{\\\"id\\\":10,\\\"user_id\\\":null,\\\"descripcion\\\":\\\"Articulo 14\\\",\\\"codigo\\\":14,\\\"habilitado\\\":1,\\\"created_at\\\":\\\"2022-09-02T10:49:17.000000Z\\\",\\\"updated_at\\\":\\\"2022-09-02T10:49:18.000000Z\\\",\\\"deleted_at\\\":null}},{\\\"id\\\":732,\\\"user_id\\\":7768,\\\"period_liquidation_id\\\":259,\\\"period_id\\\":15295,\\\"person_id\\\":41245,\\\"zone_id\\\":18,\\\"calculo_iibb\\\":1,\\\"actividad_id\\\":855,\\\"coef\\\":\\\"0.0000\\\",\\\"aliquot\\\":\\\"3.5000\\\",\\\"cm_articulo_regimen_id\\\":10,\\\"base_amount\\\":\\\"238589.00\\\",\\\"tax_amount\\\":\\\"0.00\\\",\\\"previous_period_balance\\\":\\\"0.00\\\",\\\"sircreb_amount\\\":\\\"0.00\\\",\\\"perception_amount\\\":\\\"0.00\\\",\\\"retention_amount\\\":\\\"0.00\\\",\\\"positive_amount\\\":\\\"0.00\\\",\\\"negative_amount\\\":\\\"0.00\\\",\\\"balance\\\":0,\\\"created_at\\\":\\\"2022-09-13T15:30:12.000000Z\\\",\\\"updated_at\\\":\\\"2022-09-13T15:30:12.000000Z\\\",\\\"deleted_at\\\":null,\\\"actividad\\\":{\\\"id\\\":855,\\\"created_at\\\":null,\\\"updated_at\\\":null,\\\"name\\\":\\\"Servicios empresariales n.c.p.\\\",\\\"codigo_afip\\\":\\\"829900\\\",\\\"codigo_cm\\\":null},\\\"cm_articulo_regimen\\\":{\\\"id\\\":10,\\\"user_id\\\":null,\\\"descripcion\\\":\\\"Articulo 14\\\",\\\"codigo\\\":14,\\\"habilitado\\\":1,\\\"created_at\\\":\\\"2022-09-02T10:49:17.000000Z\\\",\\\"updated_at\\\":\\\"2022-09-02T10:49:18.000000Z\\\",\\\"deleted_at\\\":null}}]},{\\\"id\\\":286,\\\"user_id\\\":7768,\\\"period_liquidation_id\\\":259,\\\"period_id\\\":15295,\\\"person_id\\\":41245,\\\"zone_id\\\":3,\\\"base_amount\\\":238589,\\\"impuesto\\\":0,\\\"saldo_a_favor_ant\\\":0,\\\"sircreb\\\":\\\"0.00\\\",\\\"percepciones\\\":\\\"0.00\\\",\\\"retenciones\\\":\\\"0.00\\\",\\\"a_pagar\\\":0,\\\"a_favor\\\":0,\\\"created_at\\\":\\\"2022-09-13T15:30:12.000000Z\\\",\\\"updated_at\\\":\\\"2022-09-13T15:30:12.000000Z\\\",\\\"deleted_at\\\":null,\\\"zone\\\":{\\\"id\\\":3,\\\"name\\\":\\\"Chaco\\\",\\\"sifere_coef\\\":\\\"0.00\\\",\\\"iibb_aliquot\\\":\\\"0.00\\\",\\\"iibb_perception_id\\\":null,\\\"retention_id\\\":null,\\\"created_at\\\":null,\\\"updated_at\\\":\\\"2022-09-02T10:49:21.000000Z\\\",\\\"code\\\":\\\"26\\\",\\\"sircreb_plan_cuenta_id\\\":279,\\\"codigo_cm\\\":906,\\\"codigo_afip\\\":\\\"16\\\"},\\\"details\\\":[{\\\"id\\\":730,\\\"user_id\\\":7768,\\\"period_liquidation_id\\\":259,\\\"period_id\\\":15295,\\\"person_id\\\":41245,\\\"zone_id\\\":23,\\\"calculo_iibb\\\":1,\\\"actividad_id\\\":855,\\\"coef\\\":\\\"0.0000\\\",\\\"aliquot\\\":\\\"3.5000\\\",\\\"cm_articulo_regimen_id\\\":10,\\\"base_amount\\\":\\\"238589.00\\\",\\\"tax_amount\\\":\\\"0.00\\\",\\\"previous_period_balance\\\":\\\"0.00\\\",\\\"sircreb_amount\\\":\\\"0.00\\\",\\\"perception_amount\\\":\\\"0.00\\\",\\\"retention_amount\\\":\\\"0.00\\\",\\\"positive_amount\\\":\\\"0.00\\\",\\\"negative_amount\\\":\\\"0.00\\\",\\\"balance\\\":0,\\\"created_at\\\":\\\"2022-09-13T15:30:12.000000Z\\\",\\\"updated_at\\\":\\\"2022-09-13T15:30:12.000000Z\\\",\\\"deleted_at\\\":null,\\\"actividad\\\":{\\\"id\\\":855,\\\"created_at\\\":null,\\\"updated_at\\\":null,\\\"name\\\":\\\"Servicios empresariales n.c.p.\\\",\\\"codigo_afip\\\":\\\"829900\\\",\\\"codigo_cm\\\":null},\\\"cm_articulo_regimen\\\":{\\\"id\\\":10,\\\"user_id\\\":null,\\\"descripcion\\\":\\\"Articulo 14\\\",\\\"codigo\\\":14,\\\"habilitado\\\":1,\\\"created_at\\\":\\\"2022-09-02T10:49:17.000000Z\\\",\\\"updated_at\\\":\\\"2022-09-02T10:49:18.000000Z\\\",\\\"deleted_at\\\":null}},{\\\"id\\\":731,\\\"user_id\\\":7768,\\\"period_liquidation_id\\\":259,\\\"period_id\\\":15295,\\\"person_id\\\":41245,\\\"zone_id\\\":3,\\\"calculo_iibb\\\":1,\\\"actividad_id\\\":855,\\\"coef\\\":\\\"0.0000\\\",\\\"aliquot\\\":\\\"3.5000\\\",\\\"cm_articulo_regimen_id\\\":10,\\\"base_amount\\\":238589,\\\"tax_amount\\\":0,\\\"previous_period_balance\\\":\\\"0.00\\\",\\\"sircreb_amount\\\":\\\"0.00\\\",\\\"perception_amount\\\":\\\"0.00\\\",\\\"retention_amount\\\":\\\"0.00\\\",\\\"positive_amount\\\":\\\"0.00\\\",\\\"negative_amount\\\":\\\"0.00\\\",\\\"balance\\\":0,\\\"created_at\\\":\\\"2022-09-13T15:30:12.000000Z\\\",\\\"updated_at\\\":\\\"2022-09-13T15:30:12.000000Z\\\",\\\"deleted_at\\\":null,\\\"actividad\\\":{\\\"id\\\":855,\\\"created_at\\\":null,\\\"updated_at\\\":null,\\\"name\\\":\\\"Servicios empresariales n.c.p.\\\",\\\"codigo_afip\\\":\\\"829900\\\",\\\"codigo_cm\\\":null},\\\"cm_articulo_regimen\\\":{\\\"id\\\":10,\\\"user_id\\\":null,\\\"descripcion\\\":\\\"Articulo 14\\\",\\\"codigo\\\":14,\\\"habilitado\\\":1,\\\"created_at\\\":\\\"2022-09-02T10:49:17.000000Z\\\",\\\"updated_at\\\":\\\"2022-09-02T10:49:18.000000Z\\\",\\\"deleted_at\\\":null}},{\\\"id\\\":732,\\\"user_id\\\":7768,\\\"period_liquidation_id\\\":259,\\\"period_id\\\":15295,\\\"person_id\\\":41245,\\\"zone_id\\\":18,\\\"calculo_iibb\\\":1,\\\"actividad_id\\\":855,\\\"coef\\\":\\\"0.0000\\\",\\\"aliquot\\\":\\\"3.5000\\\",\\\"cm_articulo_regimen_id\\\":10,\\\"base_amount\\\":\\\"238589.00\\\",\\\"tax_amount\\\":\\\"0.00\\\",\\\"previous_period_balance\\\":\\\"0.00\\\",\\\"sircreb_amount\\\":\\\"0.00\\\",\\\"perception_amount\\\":\\\"0.00\\\",\\\"retention_amount\\\":\\\"0.00\\\",\\\"positive_amount\\\":\\\"0.00\\\",\\\"negative_amount\\\":\\\"0.00\\\",\\\"balance\\\":0,\\\"created_at\\\":\\\"2022-09-13T15:30:12.000000Z\\\",\\\"updated_at\\\":\\\"2022-09-13T15:30:12.000000Z\\\",\\\"deleted_at\\\":null,\\\"actividad\\\":{\\\"id\\\":855,\\\"created_at\\\":null,\\\"updated_at\\\":null,\\\"name\\\":\\\"Servicios empresariales n.c.p.\\\",\\\"codigo_afip\\\":\\\"829900\\\",\\\"codigo_cm\\\":null},\\\"cm_articulo_regimen\\\":{\\\"id\\\":10,\\\"user_id\\\":null,\\\"descripcion\\\":\\\"Articulo 14\\\",\\\"codigo\\\":14,\\\"habilitado\\\":1,\\\"created_at\\\":\\\"2022-09-02T10:49:17.000000Z\\\",\\\"updated_at\\\":\\\"2022-09-02T10:49:18.000000Z\\\",\\\"deleted_at\\\":null}}]},{\\\"id\\\":287,\\\"user_id\\\":7768,\\\"period_liquidation_id\\\":259,\\\"period_id\\\":15295,\\\"person_id\\\":41245,\\\"zone_id\\\":18,\\\"base_amount\\\":238589,\\\"impuesto\\\":0,\\\"saldo_a_favor_ant\\\":0,\\\"sircreb\\\":\\\"0.00\\\",\\\"percepciones\\\":\\\"0.00\\\",\\\"retenciones\\\":\\\"0.00\\\",\\\"a_pagar\\\":0,\\\"a_favor\\\":0,\\\"created_at\\\":\\\"2022-09-13T15:30:12.000000Z\\\",\\\"updated_at\\\":\\\"2022-09-13T15:30:12.000000Z\\\",\\\"deleted_at\\\":null,\\\"zone\\\":{\\\"id\\\":18,\\\"name\\\":\\\"Santa Fe\\\",\\\"sifere_coef\\\":\\\"0.00\\\",\\\"iibb_aliquot\\\":\\\"0.00\\\",\\\"iibb_perception_id\\\":null,\\\"retention_id\\\":null,\\\"created_at\\\":null,\\\"updated_at\\\":\\\"2022-09-02T10:49:21.000000Z\\\",\\\"code\\\":\\\"70\\\",\\\"sircreb_plan_cuenta_id\\\":297,\\\"codigo_cm\\\":921,\\\"codigo_afip\\\":\\\"12\\\"},\\\"details\\\":[{\\\"id\\\":730,\\\"user_id\\\":7768,\\\"period_liquidation_id\\\":259,\\\"period_id\\\":15295,\\\"person_id\\\":41245,\\\"zone_id\\\":23,\\\"calculo_iibb\\\":1,\\\"actividad_id\\\":855,\\\"coef\\\":\\\"0.0000\\\",\\\"aliquot\\\":\\\"3.5000\\\",\\\"cm_articulo_regimen_id\\\":10,\\\"base_amount\\\":\\\"238589.00\\\",\\\"tax_amount\\\":\\\"0.00\\\",\\\"previous_period_balance\\\":\\\"0.00\\\",\\\"sircreb_amount\\\":\\\"0.00\\\",\\\"perception_amount\\\":\\\"0.00\\\",\\\"retention_amount\\\":\\\"0.00\\\",\\\"positive_amount\\\":\\\"0.00\\\",\\\"negative_amount\\\":\\\"0.00\\\",\\\"balance\\\":0,\\\"created_at\\\":\\\"2022-09-13T15:30:12.000000Z\\\",\\\"updated_at\\\":\\\"2022-09-13T15:30:12.000000Z\\\",\\\"deleted_at\\\":null,\\\"actividad\\\":{\\\"id\\\":855,\\\"created_at\\\":null,\\\"updated_at\\\":null,\\\"name\\\":\\\"Servicios empresariales n.c.p.\\\",\\\"codigo_afip\\\":\\\"829900\\\",\\\"codigo_cm\\\":null},\\\"cm_articulo_regimen\\\":{\\\"id\\\":10,\\\"user_id\\\":null,\\\"descripcion\\\":\\\"Articulo 14\\\",\\\"codigo\\\":14,\\\"habilitado\\\":1,\\\"created_at\\\":\\\"2022-09-02T10:49:17.000000Z\\\",\\\"updated_at\\\":\\\"2022-09-02T10:49:18.000000Z\\\",\\\"deleted_at\\\":null}},{\\\"id\\\":731,\\\"user_id\\\":7768,\\\"period_liquidation_id\\\":259,\\\"period_id\\\":15295,\\\"person_id\\\":41245,\\\"zone_id\\\":3,\\\"calculo_iibb\\\":1,\\\"actividad_id\\\":855,\\\"coef\\\":\\\"0.0000\\\",\\\"aliquot\\\":\\\"3.5000\\\",\\\"cm_articulo_regimen_id\\\":10,\\\"base_amount\\\":\\\"238589.00\\\",\\\"tax_amount\\\":\\\"0.00\\\",\\\"previous_period_balance\\\":\\\"0.00\\\",\\\"sircreb_amount\\\":\\\"0.00\\\",\\\"perception_amount\\\":\\\"0.00\\\",\\\"retention_amount\\\":\\\"0.00\\\",\\\"positive_amount\\\":\\\"0.00\\\",\\\"negative_amount\\\":\\\"0.00\\\",\\\"balance\\\":0,\\\"created_at\\\":\\\"2022-09-13T15:30:12.000000Z\\\",\\\"updated_at\\\":\\\"2022-09-13T15:30:12.000000Z\\\",\\\"deleted_at\\\":null,\\\"actividad\\\":{\\\"id\\\":855,\\\"created_at\\\":null,\\\"updated_at\\\":null,\\\"name\\\":\\\"Servicios empresariales n.c.p.\\\",\\\"codigo_afip\\\":\\\"829900\\\",\\\"codigo_cm\\\":null},\\\"cm_articulo_regimen\\\":{\\\"id\\\":10,\\\"user_id\\\":null,\\\"descripcion\\\":\\\"Articulo 14\\\",\\\"codigo\\\":14,\\\"habilitado\\\":1,\\\"created_at\\\":\\\"2022-09-02T10:49:17.000000Z\\\",\\\"updated_at\\\":\\\"2022-09-02T10:49:18.000000Z\\\",\\\"deleted_at\\\":null}},{\\\"id\\\":732,\\\"user_id\\\":7768,\\\"period_liquidation_id\\\":259,\\\"period_id\\\":15295,\\\"person_id\\\":41245,\\\"zone_id\\\":18,\\\"calculo_iibb\\\":1,\\\"actividad_id\\\":855,\\\"coef\\\":\\\"0.0000\\\",\\\"aliquot\\\":\\\"3.5000\\\",\\\"cm_articulo_regimen_id\\\":10,\\\"base_amount\\\":238589,\\\"tax_amount\\\":0,\\\"previous_period_balance\\\":\\\"0.00\\\",\\\"sircreb_amount\\\":\\\"0.00\\\",\\\"perception_amount\\\":\\\"0.00\\\",\\\"retention_amount\\\":\\\"0.00\\\",\\\"positive_amount\\\":\\\"0.00\\\",\\\"negative_amount\\\":\\\"0.00\\\",\\\"balance\\\":0,\\\"created_at\\\":\\\"2022-09-13T15:30:12.000000Z\\\",\\\"updated_at\\\":\\\"2022-09-13T15:30:12.000000Z\\\",\\\"deleted_at\\\":null,\\\"actividad\\\":{\\\"id\\\":855,\\\"created_at\\\":null,\\\"updated_at\\\":null,\\\"name\\\":\\\"Servicios empresariales n.c.p.\\\",\\\"codigo_afip\\\":\\\"829900\\\",\\\"codigo_cm\\\":null},\\\"cm_articulo_regimen\\\":{\\\"id\\\":10,\\\"user_id\\\":null,\\\"descripcion\\\":\\\"Articulo 14\\\",\\\"codigo\\\":14,\\\"habilitado\\\":1,\\\"created_at\\\":\\\"2022-09-02T10:49:17.000000Z\\\",\\\"updated_at\\\":\\\"2022-09-02T10:49:18.000000Z\\\",\\\"deleted_at\\\":null}}]}]}}\\\";s:7:\\\"user_id\\\";i:7768;s:10:\\\"updated_at\\\";s:19:\\\"2022-09-13 12:34:09\\\";s:10:\\\"created_at\\\";s:19:\\\"2022-09-13 12:34:09\\\";s:2:\\\"id\\\";i:4344;}s:10:\\\"\\u0000*\\u0000changes\\\";a:0:{}s:8:\\\"\\u0000*\\u0000casts\\\";a:0:{}s:17:\\\"\\u0000*\\u0000classCastCache\\\";a:0:{}s:8:\\\"\\u0000*\\u0000dates\\\";a:0:{}s:13:\\\"\\u0000*\\u0000dateFormat\\\";N;s:10:\\\"\\u0000*\\u0000appends\\\";a:0:{}s:19:\\\"\\u0000*\\u0000dispatchesEvents\\\";a:0:{}s:14:\\\"\\u0000*\\u0000observables\\\";a:0:{}s:12:\\\"\\u0000*\\u0000relations\\\";a:0:{}s:10:\\\"\\u0000*\\u0000touches\\\";a:0:{}s:10:\\\"timestamps\\\";b:1;s:9:\\\"\\u0000*\\u0000hidden\\\";a:0:{}s:10:\\\"\\u0000*\\u0000visible\\\";a:0:{}s:11:\\\"\\u0000*\\u0000fillable\\\";a:0:{}}}}s:3:\\\"job\\\";N;s:10:\\\"connection\\\";N;s:5:\\\"queue\\\";s:7:\\\"finance\\\";s:15:\\\"chainConnection\\\";N;s:10:\\\"chainQueue\\\";N;s:5:\\\"delay\\\";N;s:10:\\\"middleware\\\";a:0:{}s:7:\\\"chained\\\";a:0:{}}\"}}','Symfony\\Component\\Process\\Exception\\ProcessTimedOutException: The process \"node /home/forge/taxes.com.ar/resources/js/puppeteer/CMCopiarValoresEnDDJJ.js 20340398980 22Pablo898 4344\" exceeded the timeout of 60 seconds. in /home/forge/taxes.com.ar/vendor/symfony/process/Process.php:1213\nStack trace:\n#0 /home/forge/taxes.com.ar/vendor/symfony/process/Process.php(425): Symfony\\Component\\Process\\Process->checkTimeout()\n#1 /home/forge/taxes.com.ar/vendor/symfony/process/Process.php(249): Symfony\\Component\\Process\\Process->wait()\n#2 /home/forge/taxes.com.ar/app/Http/Controllers/Taxes/BOTCopiarEnAfipController.php(83): Symfony\\Component\\Process\\Process->run()\n#3 /home/forge/taxes.com.ar/app/Jobs/QueueGenerica.php(36): App\\Http\\Controllers\\Taxes\\BOTCopiarEnAfipController->Execute_Bot_Copiar_en_Afip(Object(Illuminate\\Support\\Collection))\n#4 /home/forge/taxes.com.ar/vendor/laravel/framework/src/Illuminate/Container/BoundMethod.php(36): App\\Jobs\\QueueGenerica->handle()\n#5 /home/forge/taxes.com.ar/vendor/laravel/framework/src/Illuminate/Container/Util.php(37): Illuminate\\Container\\BoundMethod::Illuminate\\Container\\{closure}()\n#6 /home/forge/taxes.com.ar/vendor/laravel/framework/src/Illuminate/Container/BoundMethod.php(93): Illuminate\\Container\\Util::unwrapIfClosure(Object(Closure))\n#7 /home/forge/taxes.com.ar/vendor/laravel/framework/src/Illuminate/Container/BoundMethod.php(37): Illuminate\\Container\\BoundMethod::callBoundMethod(Object(Illuminate\\Foundation\\Application), Array, Object(Closure))\n#8 /home/forge/taxes.com.ar/vendor/laravel/framework/src/Illuminate/Container/Container.php(596): Illuminate\\Container\\BoundMethod::call(Object(Illuminate\\Foundation\\Application), Array, Array, NULL)\n#9 /home/forge/taxes.com.ar/vendor/laravel/framework/src/Illuminate/Bus/Dispatcher.php(94): Illuminate\\Container\\Container->call(Array)\n#10 /home/forge/taxes.com.ar/vendor/laravel/framework/src/Illuminate/Pipeline/Pipeline.php(128): Illuminate\\Bus\\Dispatcher->Illuminate\\Bus\\{closure}(Object(App\\Jobs\\QueueGenerica))\n#11 /home/forge/taxes.com.ar/vendor/laravel/framework/src/Illuminate/Pipeline/Pipeline.php(103): Illuminate\\Pipeline\\Pipeline->Illuminate\\Pipeline\\{closure}(Object(App\\Jobs\\QueueGenerica))\n#12 /home/forge/taxes.com.ar/vendor/laravel/framework/src/Illuminate/Bus/Dispatcher.php(98): Illuminate\\Pipeline\\Pipeline->then(Object(Closure))\n#13 /home/forge/taxes.com.ar/vendor/laravel/framework/src/Illuminate/Queue/CallQueuedHandler.php(83): Illuminate\\Bus\\Dispatcher->dispatchNow(Object(App\\Jobs\\QueueGenerica), false)\n#14 /home/forge/taxes.com.ar/vendor/laravel/framework/src/Illuminate/Pipeline/Pipeline.php(128): Illuminate\\Queue\\CallQueuedHandler->Illuminate\\Queue\\{closure}(Object(App\\Jobs\\QueueGenerica))\n#15 /home/forge/taxes.com.ar/vendor/laravel/framework/src/Illuminate/Pipeline/Pipeline.php(103): Illuminate\\Pipeline\\Pipeline->Illuminate\\Pipeline\\{closure}(Object(App\\Jobs\\QueueGenerica))\n#16 /home/forge/taxes.com.ar/vendor/laravel/framework/src/Illuminate/Queue/CallQueuedHandler.php(85): Illuminate\\Pipeline\\Pipeline->then(Object(Closure))\n#17 /home/forge/taxes.com.ar/vendor/laravel/framework/src/Illuminate/Queue/CallQueuedHandler.php(59): Illuminate\\Queue\\CallQueuedHandler->dispatchThroughMiddleware(Object(App\\Queue\\DatabaseJob), Object(App\\Jobs\\QueueGenerica))\n#18 /home/forge/taxes.com.ar/vendor/laravel/framework/src/Illuminate/Queue/Jobs/Job.php(98): Illuminate\\Queue\\CallQueuedHandler->call(Object(App\\Queue\\DatabaseJob), Array)\n#19 /home/forge/taxes.com.ar/app/Queue/DatabaseJob.php(26): Illuminate\\Queue\\Jobs\\Job->fire()\n#20 /home/forge/taxes.com.ar/vendor/laravel/framework/src/Illuminate/Queue/Worker.php(356): App\\Queue\\DatabaseJob->fire()\n#21 /home/forge/taxes.com.ar/vendor/laravel/framework/src/Illuminate/Queue/Worker.php(306): Illuminate\\Queue\\Worker->process(\'finance\', Object(App\\Queue\\DatabaseJob), Object(Illuminate\\Queue\\WorkerOptions))\n#22 /home/forge/taxes.com.ar/vendor/laravel/framework/src/Illuminate/Queue/Worker.php(265): Illuminate\\Queue\\Worker->runJob(Object(App\\Queue\\DatabaseJob), \'finance\', Object(Illuminate\\Queue\\WorkerOptions))\n#23 /home/forge/taxes.com.ar/vendor/laravel/framework/src/Illuminate/Queue/Console/WorkCommand.php(112): Illuminate\\Queue\\Worker->runNextJob(\'finance\', \'finance\', Object(Illuminate\\Queue\\WorkerOptions))\n#24 /home/forge/taxes.com.ar/vendor/laravel/framework/src/Illuminate/Queue/Console/WorkCommand.php(96): Illuminate\\Queue\\Console\\WorkCommand->runWorker(\'finance\', \'finance\')\n#25 /home/forge/taxes.com.ar/vendor/laravel/framework/src/Illuminate/Container/BoundMethod.php(36): Illuminate\\Queue\\Console\\WorkCommand->handle()\n#26 /home/forge/taxes.com.ar/vendor/laravel/framework/src/Illuminate/Container/Util.php(37): Illuminate\\Container\\BoundMethod::Illuminate\\Container\\{closure}()\n#27 /home/forge/taxes.com.ar/vendor/laravel/framework/src/Illuminate/Container/BoundMethod.php(93): Illuminate\\Container\\Util::unwrapIfClosure(Object(Closure))\n#28 /home/forge/taxes.com.ar/vendor/laravel/framework/src/Illuminate/Container/BoundMethod.php(37): Illuminate\\Container\\BoundMethod::callBoundMethod(Object(Illuminate\\Foundation\\Application), Array, Object(Closure))\n#29 /home/forge/taxes.com.ar/vendor/laravel/framework/src/Illuminate/Container/Container.php(596): Illuminate\\Container\\BoundMethod::call(Object(Illuminate\\Foundation\\Application), Array, Array, NULL)\n#30 /home/forge/taxes.com.ar/vendor/laravel/framework/src/Illuminate/Console/Command.php(134): Illuminate\\Container\\Container->call(Array)\n#31 /home/forge/taxes.com.ar/vendor/symfony/console/Command/Command.php(256): Illuminate\\Console\\Command->execute(Object(Symfony\\Component\\Console\\Input\\ArgvInput), Object(Illuminate\\Console\\OutputStyle))\n#32 /home/forge/taxes.com.ar/vendor/laravel/framework/src/Illuminate/Console/Command.php(121): Symfony\\Component\\Console\\Command\\Command->run(Object(Symfony\\Component\\Console\\Input\\ArgvInput), Object(Illuminate\\Console\\OutputStyle))\n#33 /home/forge/taxes.com.ar/vendor/symfony/console/Application.php(971): Illuminate\\Console\\Command->run(Object(Symfony\\Component\\Console\\Input\\ArgvInput), Object(Symfony\\Component\\Console\\Output\\ConsoleOutput))\n#34 /home/forge/taxes.com.ar/vendor/symfony/console/Application.php(290): Symfony\\Component\\Console\\Application->doRunCommand(Object(Illuminate\\Queue\\Console\\WorkCommand), Object(Symfony\\Component\\Console\\Input\\ArgvInput), Object(Symfony\\Component\\Console\\Output\\ConsoleOutput))\n#35 /home/forge/taxes.com.ar/vendor/symfony/console/Application.php(166): Symfony\\Component\\Console\\Application->doRun(Object(Symfony\\Component\\Console\\Input\\ArgvInput), Object(Symfony\\Component\\Console\\Output\\ConsoleOutput))\n#36 /home/forge/taxes.com.ar/vendor/laravel/framework/src/Illuminate/Console/Application.php(93): Symfony\\Component\\Console\\Application->run(Object(Symfony\\Component\\Console\\Input\\ArgvInput), Object(Symfony\\Component\\Console\\Output\\ConsoleOutput))\n#37 /home/forge/taxes.com.ar/vendor/laravel/framework/src/Illuminate/Foundation/Console/Kernel.php(129): Illuminate\\Console\\Application->run(Object(Symfony\\Component\\Console\\Input\\ArgvInput), Object(Symfony\\Component\\Console\\Output\\ConsoleOutput))\n#38 /home/forge/taxes.com.ar/artisan(35): Illuminate\\Foundation\\Console\\Kernel->handle(Object(Symfony\\Component\\Console\\Input\\ArgvInput), Object(Symfony\\Component\\Console\\Output\\ConsoleOutput))\n#39 {main}','2022-09-13 12:35:09',NULL);
INSERT INTO `failed_jobs` VALUES (3,NULL,'finance','finance','{\"uuid\":\"f86642aa-de13-4e35-b08c-cec3bbc39461\",\"displayName\":\"App\\\\Jobs\\\\QueueGenerica\",\"job\":\"Illuminate\\\\Queue\\\\CallQueuedHandler@call\",\"maxTries\":null,\"maxExceptions\":null,\"delay\":null,\"timeout\":null,\"timeoutAt\":null,\"data\":{\"commandName\":\"App\\\\Jobs\\\\QueueGenerica\",\"command\":\"O:22:\\\"App\\\\Jobs\\\\QueueGenerica\\\":9:{s:28:\\\"\\u0000App\\\\Jobs\\\\QueueGenerica\\u0000data\\\";O:29:\\\"Illuminate\\\\Support\\\\Collection\\\":5:{s:8:\\\"\\u0000*\\u0000items\\\";a:0:{}s:11:\\\"controlador\\\";s:53:\\\"\\\\App\\\\Http\\\\Controllers\\\\Taxes\\\\BOTCopiarEnAfipController\\\";s:6:\\\"metodo\\\";s:26:\\\"Execute_Bot_Copiar_en_Afip\\\";s:12:\\\"metodo_error\\\";s:15:\\\"error_queue_bot\\\";s:9:\\\"variables\\\";O:29:\\\"Illuminate\\\\Support\\\\Collection\\\":7:{s:8:\\\"\\u0000*\\u0000items\\\";a:0:{}s:4:\\\"user\\\";O:8:\\\"App\\\\User\\\":28:{s:13:\\\"\\u0000*\\u0000connection\\\";s:9:\\\"seguridad\\\";s:8:\\\"\\u0000*\\u0000table\\\";s:6:\\\"tusers\\\";s:13:\\\"\\u0000*\\u0000primaryKey\\\";s:6:\\\"idUser\\\";s:11:\\\"\\u0000*\\u0000fillable\\\";a:12:{i:0;s:6:\\\"nombre\\\";i:1;s:9:\\\"loginUser\\\";i:2;s:9:\\\"emailUser\\\";i:3;s:5:\\\"clave\\\";i:4;s:9:\\\"claveUser\\\";i:5;s:10:\\\"statusUser\\\";i:6;s:12:\\\"user_type_id\\\";i:7;s:5:\\\"firma\\\";i:8;s:15:\\\"suscrip_plan_id\\\";i:9;s:7:\\\"importe\\\";i:10;s:6:\\\"avatar\\\";i:11;s:18:\\\"es_empresa_externa\\\";}s:9:\\\"\\u0000*\\u0000hidden\\\";a:4:{i:0;s:8:\\\"password\\\";i:1;s:14:\\\"remember_token\\\";i:2;s:9:\\\"claveUser\\\";i:3;s:5:\\\"clave\\\";}s:10:\\\"\\u0000*\\u0000keyType\\\";s:3:\\\"int\\\";s:12:\\\"incrementing\\\";b:1;s:7:\\\"\\u0000*\\u0000with\\\";a:0:{}s:12:\\\"\\u0000*\\u0000withCount\\\";a:0:{}s:10:\\\"\\u0000*\\u0000perPage\\\";i:15;s:6:\\\"exists\\\";b:1;s:18:\\\"wasRecentlyCreated\\\";b:0;s:13:\\\"\\u0000*\\u0000attributes\\\";a:17:{s:6:\\\"idUser\\\";i:7768;s:6:\\\"nombre\\\";s:18:\\\"Laplacette Dolores\\\";s:9:\\\"loginUser\\\";s:22:\\\"info@estudiolyl.com.ar\\\";s:9:\\\"emailUser\\\";s:22:\\\"info@estudiolyl.com.ar\\\";s:5:\\\"clave\\\";s:11:\\\"27329565063\\\";s:9:\\\"claveUser\\\";s:60:\\\"$2y$10$SRnhcmh9Ms4PgmCSAI1HhuLnN473XHxksXTF3LIf0KG3KAyr07yMi\\\";s:5:\\\"firma\\\";N;s:6:\\\"avatar\\\";N;s:10:\\\"statusUser\\\";i:1;s:14:\\\"remember_token\\\";N;s:10:\\\"created_at\\\";s:19:\\\"2022-09-02 07:48:37\\\";s:10:\\\"updated_at\\\";s:19:\\\"2022-09-12 21:10:41\\\";s:12:\\\"user_type_id\\\";i:1;s:18:\\\"es_empresa_externa\\\";i:0;s:15:\\\"suscrip_plan_id\\\";i:2;s:7:\\\"importe\\\";s:7:\\\"3750.00\\\";s:6:\\\"person\\\";O:17:\\\"App\\\\Models\\\\Person\\\":27:{s:10:\\\"\\u0000*\\u0000guarded\\\";a:0:{}s:8:\\\"\\u0000*\\u0000table\\\";s:7:\\\"persons\\\";s:13:\\\"\\u0000*\\u0000connection\\\";s:9:\\\"seguridad\\\";s:13:\\\"\\u0000*\\u0000primaryKey\\\";s:2:\\\"id\\\";s:10:\\\"\\u0000*\\u0000keyType\\\";s:3:\\\"int\\\";s:12:\\\"incrementing\\\";b:1;s:7:\\\"\\u0000*\\u0000with\\\";a:0:{}s:12:\\\"\\u0000*\\u0000withCount\\\";a:0:{}s:10:\\\"\\u0000*\\u0000perPage\\\";i:15;s:6:\\\"exists\\\";b:1;s:18:\\\"wasRecentlyCreated\\\";b:0;s:13:\\\"\\u0000*\\u0000attributes\\\";a:21:{s:2:\\\"id\\\";i:62352;s:7:\\\"user_id\\\";i:1;s:11:\\\"field_name1\\\";s:18:\\\"Laplacette Dolores\\\";s:11:\\\"field_name2\\\";N;s:13:\\\"document_type\\\";s:4:\\\"cuit\\\";s:8:\\\"document\\\";s:13:\\\"27-32956506-3\\\";s:21:\\\"cond_frente_al_iva_id\\\";N;s:10:\\\"country_id\\\";N;s:8:\\\"state_id\\\";N;s:7:\\\"zone_id\\\";N;s:14:\\\"plan_cuenta_id\\\";N;s:20:\\\"iva_creditos_tipo_id\\\";N;s:10:\\\"created_at\\\";s:19:\\\"2022-09-02 10:48:37\\\";s:10:\\\"updated_at\\\";s:19:\\\"2022-09-02 10:48:37\\\";s:11:\\\"activity_id\\\";N;s:7:\\\"address\\\";N;s:14:\\\"person_type_id\\\";N;s:19:\\\"fa_iva_condition_id\\\";N;s:16:\\\"fa_codigo_postal\\\";N;s:5:\\\"email\\\";N;s:10:\\\"deleted_at\\\";N;}s:11:\\\"\\u0000*\\u0000original\\\";a:21:{s:2:\\\"id\\\";i:62352;s:7:\\\"user_id\\\";i:1;s:11:\\\"field_name1\\\";s:18:\\\"Laplacette Dolores\\\";s:11:\\\"field_name2\\\";N;s:13:\\\"document_type\\\";s:4:\\\"cuit\\\";s:8:\\\"document\\\";s:13:\\\"27-32956506-3\\\";s:21:\\\"cond_frente_al_iva_id\\\";N;s:10:\\\"country_id\\\";N;s:8:\\\"state_id\\\";N;s:7:\\\"zone_id\\\";N;s:14:\\\"plan_cuenta_id\\\";N;s:20:\\\"iva_creditos_tipo_id\\\";N;s:10:\\\"created_at\\\";s:19:\\\"2022-09-02 10:48:37\\\";s:10:\\\"updated_at\\\";s:19:\\\"2022-09-02 10:48:37\\\";s:11:\\\"activity_id\\\";N;s:7:\\\"address\\\";N;s:14:\\\"person_type_id\\\";N;s:19:\\\"fa_iva_condition_id\\\";N;s:16:\\\"fa_codigo_postal\\\";N;s:5:\\\"email\\\";N;s:10:\\\"deleted_at\\\";N;}s:10:\\\"\\u0000*\\u0000changes\\\";a:0:{}s:8:\\\"\\u0000*\\u0000casts\\\";a:0:{}s:17:\\\"\\u0000*\\u0000classCastCache\\\";a:0:{}s:8:\\\"\\u0000*\\u0000dates\\\";a:0:{}s:13:\\\"\\u0000*\\u0000dateFormat\\\";N;s:10:\\\"\\u0000*\\u0000appends\\\";a:0:{}s:19:\\\"\\u0000*\\u0000dispatchesEvents\\\";a:0:{}s:14:\\\"\\u0000*\\u0000observables\\\";a:0:{}s:12:\\\"\\u0000*\\u0000relations\\\";a:0:{}s:10:\\\"\\u0000*\\u0000touches\\\";a:0:{}s:10:\\\"timestamps\\\";b:1;s:9:\\\"\\u0000*\\u0000hidden\\\";a:0:{}s:10:\\\"\\u0000*\\u0000visible\\\";a:0:{}s:11:\\\"\\u0000*\\u0000fillable\\\";a:0:{}}}s:11:\\\"\\u0000*\\u0000original\\\";a:16:{s:6:\\\"idUser\\\";i:7768;s:6:\\\"nombre\\\";s:18:\\\"Laplacette Dolores\\\";s:9:\\\"loginUser\\\";s:22:\\\"info@estudiolyl.com.ar\\\";s:9:\\\"emailUser\\\";s:22:\\\"info@estudiolyl.com.ar\\\";s:5:\\\"clave\\\";s:11:\\\"27329565063\\\";s:9:\\\"claveUser\\\";s:60:\\\"$2y$10$SRnhcmh9Ms4PgmCSAI1HhuLnN473XHxksXTF3LIf0KG3KAyr07yMi\\\";s:5:\\\"firma\\\";N;s:6:\\\"avatar\\\";N;s:10:\\\"statusUser\\\";i:1;s:14:\\\"remember_token\\\";N;s:10:\\\"created_at\\\";s:19:\\\"2022-09-02 07:48:37\\\";s:10:\\\"updated_at\\\";s:19:\\\"2022-09-12 21:10:41\\\";s:12:\\\"user_type_id\\\";i:1;s:18:\\\"es_empresa_externa\\\";i:0;s:15:\\\"suscrip_plan_id\\\";i:2;s:7:\\\"importe\\\";s:7:\\\"3750.00\\\";}s:10:\\\"\\u0000*\\u0000changes\\\";a:0:{}s:8:\\\"\\u0000*\\u0000casts\\\";a:0:{}s:17:\\\"\\u0000*\\u0000classCastCache\\\";a:0:{}s:8:\\\"\\u0000*\\u0000dates\\\";a:0:{}s:13:\\\"\\u0000*\\u0000dateFormat\\\";N;s:10:\\\"\\u0000*\\u0000appends\\\";a:0:{}s:19:\\\"\\u0000*\\u0000dispatchesEvents\\\";a:0:{}s:14:\\\"\\u0000*\\u0000observables\\\";a:0:{}s:12:\\\"\\u0000*\\u0000relations\\\";a:0:{}s:10:\\\"\\u0000*\\u0000touches\\\";a:0:{}s:10:\\\"timestamps\\\";b:1;s:10:\\\"\\u0000*\\u0000visible\\\";a:0:{}s:10:\\\"\\u0000*\\u0000guarded\\\";a:1:{i:0;s:1:\\\"*\\\";}s:20:\\\"\\u0000*\\u0000rememberTokenName\\\";s:14:\\\"remember_token\\\";}s:23:\\\"cuit_administrador_afip\\\";s:11:\\\"27286950316\\\";s:12:\\\"clave_fiscal\\\";s:10:\\\"Branca2022\\\";s:5:\\\"sitio\\\";s:12:\\\"taxes.com.ar\\\";s:6:\\\"settle\\\";O:28:\\\"App\\\\Models\\\\PeriodLiquidation\\\":28:{s:8:\\\"\\u0000*\\u0000table\\\";s:19:\\\"period_liquidations\\\";s:10:\\\"\\u0000*\\u0000guarded\\\";a:0:{}s:9:\\\"\\u0000*\\u0000hidden\\\";a:2:{i:0;s:10:\\\"created_at\\\";i:1;s:10:\\\"updated_at\\\";}s:10:\\\"\\u0000*\\u0000appends\\\";a:1:{i:0;s:15:\\\"files_relations\\\";}s:13:\\\"\\u0000*\\u0000connection\\\";s:7:\\\"finance\\\";s:13:\\\"\\u0000*\\u0000primaryKey\\\";s:2:\\\"id\\\";s:10:\\\"\\u0000*\\u0000keyType\\\";s:3:\\\"int\\\";s:12:\\\"incrementing\\\";b:1;s:7:\\\"\\u0000*\\u0000with\\\";a:0:{}s:12:\\\"\\u0000*\\u0000withCount\\\";a:0:{}s:10:\\\"\\u0000*\\u0000perPage\\\";i:15;s:6:\\\"exists\\\";b:1;s:18:\\\"wasRecentlyCreated\\\";b:0;s:13:\\\"\\u0000*\\u0000attributes\\\";a:10:{s:2:\\\"id\\\";i:261;s:7:\\\"user_id\\\";i:7768;s:8:\\\"apply_to\\\";s:3:\\\"iva\\\";s:9:\\\"period_id\\\";i:88852;s:9:\\\"person_id\\\";i:41298;s:6:\\\"status\\\";i:1;s:11:\\\"auxiliar_id\\\";i:4397;s:10:\\\"created_at\\\";s:19:\\\"2022-09-14 13:40:07\\\";s:10:\\\"updated_at\\\";s:19:\\\"2022-09-14 16:22:50\\\";s:10:\\\"deleted_at\\\";N;}s:11:\\\"\\u0000*\\u0000original\\\";a:10:{s:2:\\\"id\\\";i:261;s:7:\\\"user_id\\\";i:7768;s:8:\\\"apply_to\\\";s:3:\\\"iva\\\";s:9:\\\"period_id\\\";i:88852;s:9:\\\"person_id\\\";i:41298;s:6:\\\"status\\\";i:1;s:11:\\\"auxiliar_id\\\";i:4397;s:10:\\\"created_at\\\";s:19:\\\"2022-09-14 13:40:07\\\";s:10:\\\"updated_at\\\";s:19:\\\"2022-09-14 16:22:50\\\";s:10:\\\"deleted_at\\\";N;}s:10:\\\"\\u0000*\\u0000changes\\\";a:2:{s:11:\\\"auxiliar_id\\\";i:4397;s:10:\\\"updated_at\\\";s:19:\\\"2022-09-14 16:22:50\\\";}s:8:\\\"\\u0000*\\u0000casts\\\";a:0:{}s:17:\\\"\\u0000*\\u0000classCastCache\\\";a:0:{}s:8:\\\"\\u0000*\\u0000dates\\\";a:1:{i:0;s:10:\\\"deleted_at\\\";}s:13:\\\"\\u0000*\\u0000dateFormat\\\";N;s:19:\\\"\\u0000*\\u0000dispatchesEvents\\\";a:0:{}s:14:\\\"\\u0000*\\u0000observables\\\";a:0:{}s:12:\\\"\\u0000*\\u0000relations\\\";a:0:{}s:10:\\\"\\u0000*\\u0000touches\\\";a:0:{}s:10:\\\"timestamps\\\";b:1;s:10:\\\"\\u0000*\\u0000visible\\\";a:0:{}s:11:\\\"\\u0000*\\u0000fillable\\\";a:0:{}s:16:\\\"\\u0000*\\u0000forceDeleting\\\";b:0;}s:8:\\\"auxiliar\\\";O:19:\\\"App\\\\Models\\\\Auxiliar\\\":27:{s:13:\\\"\\u0000*\\u0000connection\\\";s:9:\\\"seguridad\\\";s:8:\\\"\\u0000*\\u0000table\\\";s:8:\\\"auxiliar\\\";s:10:\\\"\\u0000*\\u0000guarded\\\";a:0:{}s:13:\\\"\\u0000*\\u0000primaryKey\\\";s:2:\\\"id\\\";s:10:\\\"\\u0000*\\u0000keyType\\\";s:3:\\\"int\\\";s:12:\\\"incrementing\\\";b:1;s:7:\\\"\\u0000*\\u0000with\\\";a:0:{}s:12:\\\"\\u0000*\\u0000withCount\\\";a:0:{}s:10:\\\"\\u0000*\\u0000perPage\\\";i:15;s:6:\\\"exists\\\";b:1;s:18:\\\"wasRecentlyCreated\\\";b:1;s:13:\\\"\\u0000*\\u0000attributes\\\";a:5:{s:11:\\\"descripcion\\\";s:165409:\\\"{\\\"totales\\\":{\\\"period_liquidation_id\\\":261,\\\"period_id\\\":88852,\\\"person_id\\\":41298,\\\"total_debit\\\":0,\\\"total_credit\\\":0,\\\"credito_fiscal_comp\\\":\\\"0.00\\\",\\\"previous_technical\\\":\\\"0.00\\\",\\\"technical_balance\\\":\\\"0.00\\\",\\\"previous_free_availability\\\":\\\"0.00\\\",\\\"retention_amount\\\":\\\"0.00\\\",\\\"perception_amount\\\":\\\"0.00\\\",\\\"compensation_amount\\\":\\\"0.00\\\",\\\"total_perceptions_retentions\\\":\\\"0.00\\\",\\\"free_availability_balance\\\":\\\"0.00\\\",\\\"pago_a_cuenta\\\":\\\"0.00\\\",\\\"negative_amount\\\":\\\"0.00\\\",\\\"positive_amount\\\":\\\"0.00\\\",\\\"total_free_availability\\\":\\\"0.00\\\",\\\"saldo_pago_a_cuenta\\\":\\\"0.00\\\",\\\"total_debito_mis_comp\\\":\\\"0.00\\\",\\\"total_credito_mis_comp\\\":\\\"0.00\\\",\\\"comentarios\\\":null},\\\"actividades\\\":[{\\\"id\\\":187,\\\"user_id\\\":7768,\\\"person_id\\\":41298,\\\"activity_id\\\":946,\\\"is_principal\\\":1,\\\"created_at\\\":\\\"2022-09-13T02:52:35.000000Z\\\",\\\"updated_at\\\":\\\"2022-09-13T02:52:35.000000Z\\\",\\\"deleted_at\\\":null,\\\"type\\\":1,\\\"actividad\\\":{\\\"id\\\":946,\\\"created_at\\\":null,\\\"updated_at\\\":null,\\\"name\\\":\\\"Servicios personales n.c.p.\\\",\\\"codigo_afip\\\":\\\"960990\\\",\\\"codigo_cm\\\":null,\\\"total_iva\\\":0,\\\"total_gravado\\\":0}}],\\\"iva_creditos_tipos\\\":[{\\\"id\\\":1,\\\"user_id\\\":0,\\\"descripcion\\\":\\\"Compras de bienes (excepto bienes de uso)\\\",\\\"total\\\":0,\\\"habilitado\\\":1,\\\"created_at\\\":null,\\\"updated_at\\\":null,\\\"deleted_at\\\":null},{\\\"id\\\":2,\\\"user_id\\\":0,\\\"descripcion\\\":\\\"Locaciones\\\",\\\"total\\\":0,\\\"habilitado\\\":1,\\\"created_at\\\":null,\\\"updated_at\\\":null,\\\"deleted_at\\\":null},{\\\"id\\\":3,\\\"user_id\\\":0,\\\"descripcion\\\":\\\"Prestaciones de servicios\\\",\\\"total\\\":0,\\\"habilitado\\\":1,\\\"created_at\\\":null,\\\"updated_at\\\":null,\\\"deleted_at\\\":null},{\\\"id\\\":4,\\\"user_id\\\":0,\\\"descripcion\\\":\\\"Inversiones de Bienes de Uso\\\",\\\"total\\\":0,\\\"habilitado\\\":1,\\\"created_at\\\":null,\\\"updated_at\\\":null,\\\"deleted_at\\\":null},{\\\"id\\\":5,\\\"user_id\\\":0,\\\"descripcion\\\":\\\"Compras de bienes usados a consumidores finales\\\",\\\"total\\\":0,\\\"habilitado\\\":1,\\\"created_at\\\":null,\\\"updated_at\\\":null,\\\"deleted_at\\\":null},{\\\"id\\\":6,\\\"user_id\\\":0,\\\"descripcion\\\":\\\"Tur IVA\\\",\\\"total\\\":0,\\\"habilitado\\\":1,\\\"created_at\\\":null,\\\"updated_at\\\":null,\\\"deleted_at\\\":null},{\\\"id\\\":7,\\\"user_id\\\":0,\\\"descripcion\\\":\\\"Contribuciones de la Seguridad Social\\\",\\\"total\\\":0,\\\"habilitado\\\":1,\\\"created_at\\\":null,\\\"updated_at\\\":null,\\\"deleted_at\\\":null},{\\\"id\\\":8,\\\"user_id\\\":0,\\\"descripcion\\\":\\\"Contribuciones de la Seguridad Social - Art\\u00edculo 91 Ley 27.467\\\",\\\"total\\\":0,\\\"habilitado\\\":1,\\\"created_at\\\":null,\\\"updated_at\\\":null,\\\"deleted_at\\\":null},{\\\"id\\\":9,\\\"user_id\\\":0,\\\"descripcion\\\":\\\"Otros Conceptos\\\",\\\"total\\\":0,\\\"habilitado\\\":1,\\\"created_at\\\":null,\\\"updated_at\\\":null,\\\"deleted_at\\\":null},{\\\"id\\\":10,\\\"user_id\\\":0,\\\"descripcion\\\":\\\"Compras de Bienes en el Exterior\\\",\\\"total\\\":0,\\\"habilitado\\\":1,\\\"created_at\\\":null,\\\"updated_at\\\":null,\\\"deleted_at\\\":null},{\\\"id\\\":11,\\\"user_id\\\":0,\\\"descripcion\\\":\\\"Compras de Servicios en el exterior - Impuesto ingresado a trav\\u00e9s de entidades Financieras\\\",\\\"total\\\":0,\\\"habilitado\\\":1,\\\"created_at\\\":null,\\\"updated_at\\\":null,\\\"deleted_at\\\":null},{\\\"id\\\":12,\\\"user_id\\\":0,\\\"descripcion\\\":\\\"Compras de Servicios en el exterior - Impuesto ingresado por el responsable\\\",\\\"total\\\":0,\\\"habilitado\\\":1,\\\"created_at\\\":null,\\\"updated_at\\\":null,\\\"deleted_at\\\":null},{\\\"id\\\":13,\\\"user_id\\\":0,\\\"descripcion\\\":\\\"Locaciones o prestaciones gravadas en el pa\\u00eds realizadas por sujetos del exterior - Impuesto ingresado a trav\\u00e9s de entidades Financieras\\\",\\\"total\\\":0,\\\"habilitado\\\":1,\\\"created_at\\\":null,\\\"updated_at\\\":null,\\\"deleted_at\\\":null},{\\\"id\\\":14,\\\"user_id\\\":0,\\\"descripcion\\\":\\\"R\\u00e9gimen especial de compensaci\\u00f3n para la estabilizaci\\u00f3n de precios - Emergencia alimentaria - Ley 27.519\\\",\\\"total\\\":0,\\\"habilitado\\\":1,\\\"created_at\\\":null,\\\"updated_at\\\":null,\\\"deleted_at\\\":null}],\\\"origenes_ventas\\\":{\\\"0\\\":{\\\"id\\\":1,\\\"type\\\":1,\\\"ordr\\\":1,\\\"total\\\":\\\"0.00\\\",\\\"descripcion\\\":\\\"Operaciones con Responsables Inscriptos\\\",\\\"habilitado\\\":1,\\\"created_at\\\":null,\\\"updated_at\\\":null,\\\"deleted_at\\\":null},\\\"1\\\":{\\\"id\\\":2,\\\"type\\\":1,\\\"ordr\\\":2,\\\"total\\\":\\\"0.00\\\",\\\"descripcion\\\":\\\"Operaciones con Consumidores finales, Exentos y No alcanzados\\\",\\\"habilitado\\\":1,\\\"created_at\\\":null,\\\"updated_at\\\":null,\\\"deleted_at\\\":null},\\\"2\\\":{\\\"id\\\":3,\\\"type\\\":1,\\\"ordr\\\":3,\\\"total\\\":\\\"0.00\\\",\\\"descripcion\\\":\\\"Operaciones no gravadas y exentas\\\",\\\"habilitado\\\":1,\\\"created_at\\\":null,\\\"updated_at\\\":null,\\\"deleted_at\\\":null},\\\"3\\\":{\\\"id\\\":4,\\\"type\\\":1,\\\"ordr\\\":4,\\\"total\\\":\\\"0.00\\\",\\\"descripcion\\\":\\\"Credito fiscal a restituir\\\",\\\"habilitado\\\":1,\\\"created_at\\\":null,\\\"updated_at\\\":null,\\\"deleted_at\\\":null},\\\"7\\\":{\\\"id\\\":8,\\\"type\\\":1,\\\"ordr\\\":8,\\\"total\\\":\\\"0.00\\\",\\\"descripcion\\\":\\\"Operaciones con Monotributistas - Regimen Simmplificado\\\",\\\"habilitado\\\":1,\\\"created_at\\\":\\\"2022-09-02T10:49:22.000000Z\\\",\\\"updated_at\\\":\\\"2022-09-02T10:49:22.000000Z\\\",\\\"deleted_at\\\":null}},\\\"origenes_compras\\\":{\\\"4\\\":{\\\"id\\\":5,\\\"type\\\":2,\\\"ordr\\\":5,\\\"total\\\":\\\"0.00\\\",\\\"descripcion\\\":\\\"Debito fiscal a restituir\\\",\\\"habilitado\\\":1,\\\"created_at\\\":null,\\\"updated_at\\\":null,\\\"deleted_at\\\":null},\\\"5\\\":{\\\"id\\\":6,\\\"type\\\":2,\\\"ordr\\\":6,\\\"total\\\":\\\"0.00\\\",\\\"descripcion\\\":\\\"Total Credito Fiscal\\\",\\\"habilitado\\\":1,\\\"created_at\\\":null,\\\"updated_at\\\":null,\\\"deleted_at\\\":null},\\\"6\\\":{\\\"id\\\":7,\\\"type\\\":2,\\\"ordr\\\":7,\\\"total\\\":\\\"0.00\\\",\\\"descripcion\\\":\\\"Total Operaciones que no Generan Credito Fiscal\\\",\\\"habilitado\\\":1,\\\"created_at\\\":null,\\\"updated_at\\\":null,\\\"deleted_at\\\":null}},\\\"settle\\\":{\\\"id\\\":261,\\\"user_id\\\":7768,\\\"apply_to\\\":\\\"iva\\\",\\\"period_id\\\":88852,\\\"person_id\\\":41298,\\\"status\\\":1,\\\"auxiliar_id\\\":null,\\\"deleted_at\\\":null,\\\"files_relations\\\":[],\\\"period\\\":{\\\"id\\\":88852,\\\"user_id\\\":null,\\\"code\\\":\\\"2022-05\\\",\\\"year\\\":2022,\\\"period_number\\\":5,\\\"date_from\\\":\\\"2022-05-01\\\",\\\"date_to\\\":\\\"2022-05-31\\\",\\\"created_at\\\":null,\\\"updated_at\\\":null,\\\"person_id\\\":41298,\\\"conta_status\\\":0,\\\"deleted_at\\\":null,\\\"syj_periods_status_id\\\":1,\\\"syj_sin_asiento\\\":0,\\\"syj_asiento_modificado\\\":0,\\\"syj_periods_status_emp_dom_id\\\":1},\\\"period_liquidation_i_v_a\\\":{\\\"id\\\":127,\\\"user_id\\\":7768,\\\"period_liquidation_id\\\":261,\\\"period_id\\\":88852,\\\"person_id\\\":41298,\\\"total_debit\\\":\\\"0.00\\\",\\\"total_debito_mis_comp\\\":\\\"0.00\\\",\\\"total_credit\\\":\\\"0.00\\\",\\\"credito_fiscal_comp\\\":\\\"0.00\\\",\\\"total_credito_mis_comp\\\":\\\"0.00\\\",\\\"previous_technical\\\":\\\"0.00\\\",\\\"technical_balance\\\":\\\"0.00\\\",\\\"previous_free_availability\\\":\\\"0.00\\\",\\\"retention_amount\\\":\\\"0.00\\\",\\\"perception_amount\\\":\\\"0.00\\\",\\\"compensation_amount\\\":\\\"0.00\\\",\\\"total_perceptions_retentions\\\":\\\"0.00\\\",\\\"free_availability_balance\\\":\\\"0.00\\\",\\\"pago_a_cuenta\\\":\\\"0.00\\\",\\\"negative_amount\\\":\\\"0.00\\\",\\\"positive_amount\\\":\\\"0.00\\\",\\\"total_free_availability\\\":\\\"0.00\\\",\\\"saldo_pago_a_cuenta\\\":\\\"0.00\\\",\\\"comentarios\\\":null,\\\"created_at\\\":\\\"2022-09-14T16:40:07.000000Z\\\",\\\"updated_at\\\":\\\"2022-09-14T16:40:08.000000Z\\\",\\\"deleted_at\\\":null}},\\\"details\\\":[{\\\"id\\\":36541,\\\"user_id\\\":7768,\\\"period_liquidation_id\\\":261,\\\"period_liquidation_iva_id\\\":127,\\\"period_id\\\":88852,\\\"person_id\\\":41298,\\\"activity_id\\\":946,\\\"iva_creditos_tipo_id\\\":1,\\\"type\\\":1,\\\"tax_id\\\":3,\\\"taxabled_amount\\\":\\\"0.00\\\",\\\"iva_amount\\\":\\\"0.00\\\",\\\"created_at\\\":\\\"2022-09-14T16:40:07.000000Z\\\",\\\"updated_at\\\":\\\"2022-09-14T16:40:07.000000Z\\\",\\\"ordr\\\":1,\\\"deleted_at\\\":null,\\\"base\\\":\\\"0.00\\\",\\\"system_taxes\\\":{\\\"id\\\":3,\\\"created_at\\\":null,\\\"updated_at\\\":\\\"2020-04-16T13:33:23.000000Z\\\",\\\"name\\\":\\\"gravado al 27%\\\",\\\"apply_to\\\":\\\"iva\\\",\\\"ammount_permited\\\":1,\\\"percent_iva\\\":\\\"27.00\\\",\\\"taxable_iibb\\\":1,\\\"taxable_iva\\\":1,\\\"code\\\":6,\\\"status\\\":1,\\\"afip_alicuota_id\\\":6,\\\"plan_cuenta_id\\\":96,\\\"code_citi_alic_iva\\\":6}},{\\\"id\\\":36542,\\\"user_id\\\":7768,\\\"period_liquidation_id\\\":261,\\\"period_liquidation_iva_id\\\":127,\\\"period_id\\\":88852,\\\"person_id\\\":41298,\\\"activity_id\\\":946,\\\"iva_creditos_tipo_id\\\":1,\\\"type\\\":1,\\\"tax_id\\\":2,\\\"taxabled_amount\\\":\\\"0.00\\\",\\\"iva_amount\\\":\\\"0.00\\\",\\\"created_at\\\":\\\"2022-09-14T16:40:07.000000Z\\\",\\\"updated_at\\\":\\\"2022-09-14T16:40:07.000000Z\\\",\\\"ordr\\\":1,\\\"deleted_at\\\":null,\\\"base\\\":\\\"0.00\\\",\\\"system_taxes\\\":{\\\"id\\\":2,\\\"created_at\\\":null,\\\"updated_at\\\":\\\"2020-04-16T13:33:23.000000Z\\\",\\\"name\\\":\\\"gravado al 21%\\\",\\\"apply_to\\\":\\\"iva\\\",\\\"ammount_permited\\\":1,\\\"percent_iva\\\":\\\"21.00\\\",\\\"taxable_iibb\\\":1,\\\"taxable_iva\\\":1,\\\"code\\\":5,\\\"status\\\":1,\\\"afip_alicuota_id\\\":5,\\\"plan_cuenta_id\\\":96,\\\"code_citi_alic_iva\\\":5}},{\\\"id\\\":36543,\\\"user_id\\\":7768,\\\"period_liquidation_id\\\":261,\\\"period_liquidation_iva_id\\\":127,\\\"period_id\\\":88852,\\\"person_id\\\":41298,\\\"activity_id\\\":946,\\\"iva_creditos_tipo_id\\\":1,\\\"type\\\":1,\\\"tax_id\\\":1,\\\"taxabled_amount\\\":\\\"0.00\\\",\\\"iva_amount\\\":\\\"0.00\\\",\\\"created_at\\\":\\\"2022-09-14T16:40:07.000000Z\\\",\\\"updated_at\\\":\\\"2022-09-14T16:40:07.000000Z\\\",\\\"ordr\\\":1,\\\"deleted_at\\\":null,\\\"base\\\":\\\"0.00\\\",\\\"system_taxes\\\":{\\\"id\\\":1,\\\"created_at\\\":null,\\\"updated_at\\\":\\\"2020-04-16T13:33:23.000000Z\\\",\\\"name\\\":\\\"gravado al 10,5%\\\",\\\"apply_to\\\":\\\"iva\\\",\\\"ammount_permited\\\":1,\\\"percent_iva\\\":\\\"10.50\\\",\\\"taxable_iibb\\\":1,\\\"taxable_iva\\\":1,\\\"code\\\":4,\\\"status\\\":1,\\\"afip_alicuota_id\\\":4,\\\"plan_cuenta_id\\\":96,\\\"code_citi_alic_iva\\\":4}},{\\\"id\\\":36544,\\\"user_id\\\":7768,\\\"period_liquidation_id\\\":261,\\\"period_liquidation_iva_id\\\":127,\\\"period_id\\\":88852,\\\"person_id\\\":41298,\\\"activity_id\\\":946,\\\"iva_creditos_tipo_id\\\":1,\\\"type\\\":1,\\\"tax_id\\\":5,\\\"taxabled_amount\\\":\\\"0.00\\\",\\\"iva_amount\\\":\\\"0.00\\\",\\\"created_at\\\":\\\"2022-09-14T16:40:07.000000Z\\\",\\\"updated_at\\\":\\\"2022-09-14T16:40:07.000000Z\\\",\\\"ordr\\\":1,\\\"deleted_at\\\":null,\\\"base\\\":\\\"0.00\\\",\\\"system_taxes\\\":{\\\"id\\\":5,\\\"created_at\\\":null,\\\"updated_at\\\":\\\"2020-04-16T13:33:23.000000Z\\\",\\\"name\\\":\\\"gravado al 5%\\\",\\\"apply_to\\\":\\\"iva\\\",\\\"ammount_permited\\\":1,\\\"percent_iva\\\":\\\"5.00\\\",\\\"taxable_iibb\\\":1,\\\"taxable_iva\\\":1,\\\"code\\\":8,\\\"status\\\":1,\\\"afip_alicuota_id\\\":8,\\\"plan_cuenta_id\\\":96,\\\"code_citi_alic_iva\\\":8}},{\\\"id\\\":36545,\\\"user_id\\\":7768,\\\"period_liquidation_id\\\":261,\\\"period_liquidation_iva_id\\\":127,\\\"period_id\\\":88852,\\\"person_id\\\":41298,\\\"activity_id\\\":946,\\\"iva_creditos_tipo_id\\\":1,\\\"type\\\":1,\\\"tax_id\\\":4,\\\"taxabled_amount\\\":\\\"0.00\\\",\\\"iva_amount\\\":\\\"0.00\\\",\\\"created_at\\\":\\\"2022-09-14T16:40:07.000000Z\\\",\\\"updated_at\\\":\\\"2022-09-14T16:40:07.000000Z\\\",\\\"ordr\\\":1,\\\"deleted_at\\\":null,\\\"base\\\":\\\"0.00\\\",\\\"system_taxes\\\":{\\\"id\\\":4,\\\"created_at\\\":null,\\\"updated_at\\\":\\\"2020-04-16T13:33:23.000000Z\\\",\\\"name\\\":\\\"gravado al 2,5%\\\",\\\"apply_to\\\":\\\"iva\\\",\\\"ammount_permited\\\":1,\\\"percent_iva\\\":\\\"2.50\\\",\\\"taxable_iibb\\\":1,\\\"taxable_iva\\\":1,\\\"code\\\":9,\\\"status\\\":1,\\\"afip_alicuota_id\\\":9,\\\"plan_cuenta_id\\\":96,\\\"code_citi_alic_iva\\\":9}},{\\\"id\\\":36546,\\\"user_id\\\":7768,\\\"period_liquidation_id\\\":261,\\\"period_liquidation_iva_id\\\":127,\\\"period_id\\\":88852,\\\"person_id\\\":41298,\\\"activity_id\\\":946,\\\"iva_creditos_tipo_id\\\":1,\\\"type\\\":1,\\\"tax_id\\\":8,\\\"taxabled_amount\\\":\\\"0.00\\\",\\\"iva_amount\\\":\\\"0.00\\\",\\\"created_at\\\":\\\"2022-09-14T16:40:07.000000Z\\\",\\\"updated_at\\\":\\\"2022-09-14T16:40:07.000000Z\\\",\\\"ordr\\\":1,\\\"deleted_at\\\":null,\\\"base\\\":\\\"0.00\\\",\\\"system_taxes\\\":{\\\"id\\\":8,\\\"created_at\\\":null,\\\"updated_at\\\":\\\"2020-04-16T13:33:23.000000Z\\\",\\\"name\\\":\\\"Exento\\\",\\\"apply_to\\\":\\\"iva\\\",\\\"ammount_permited\\\":1,\\\"percent_iva\\\":\\\"0.00\\\",\\\"taxable_iibb\\\":1,\\\"taxable_iva\\\":1,\\\"code\\\":2,\\\"status\\\":1,\\\"afip_alicuota_id\\\":2,\\\"plan_cuenta_id\\\":218,\\\"code_citi_alic_iva\\\":3}},{\\\"id\\\":36547,\\\"user_id\\\":7768,\\\"period_liquidation_id\\\":261,\\\"period_liquidation_iva_id\\\":127,\\\"period_id\\\":88852,\\\"person_id\\\":41298,\\\"activity_id\\\":946,\\\"iva_creditos_tipo_id\\\":1,\\\"type\\\":1,\\\"tax_id\\\":3,\\\"taxabled_amount\\\":\\\"0.00\\\",\\\"iva_amount\\\":\\\"0.00\\\",\\\"created_at\\\":\\\"2022-09-14T16:40:07.000000Z\\\",\\\"updated_at\\\":\\\"2022-09-14T16:40:07.000000Z\\\",\\\"ordr\\\":2,\\\"deleted_at\\\":null,\\\"base\\\":0,\\\"system_taxes\\\":{\\\"id\\\":3,\\\"created_at\\\":null,\\\"updated_at\\\":\\\"2020-04-16T13:33:23.000000Z\\\",\\\"name\\\":\\\"gravado al 27%\\\",\\\"apply_to\\\":\\\"iva\\\",\\\"ammount_permited\\\":1,\\\"percent_iva\\\":\\\"27.00\\\",\\\"taxable_iibb\\\":1,\\\"taxable_iva\\\":1,\\\"code\\\":6,\\\"status\\\":1,\\\"afip_alicuota_id\\\":6,\\\"plan_cuenta_id\\\":96,\\\"code_citi_alic_iva\\\":6}},{\\\"id\\\":36548,\\\"user_id\\\":7768,\\\"period_liquidation_id\\\":261,\\\"period_liquidation_iva_id\\\":127,\\\"period_id\\\":88852,\\\"person_id\\\":41298,\\\"activity_id\\\":946,\\\"iva_creditos_tipo_id\\\":1,\\\"type\\\":1,\\\"tax_id\\\":2,\\\"taxabled_amount\\\":\\\"0.00\\\",\\\"iva_amount\\\":\\\"0.00\\\",\\\"created_at\\\":\\\"2022-09-14T16:40:07.000000Z\\\",\\\"updated_at\\\":\\\"2022-09-14T16:40:07.000000Z\\\",\\\"ordr\\\":2,\\\"deleted_at\\\":null,\\\"base\\\":0,\\\"system_taxes\\\":{\\\"id\\\":2,\\\"created_at\\\":null,\\\"updated_at\\\":\\\"2020-04-16T13:33:23.000000Z\\\",\\\"name\\\":\\\"gravado al 21%\\\",\\\"apply_to\\\":\\\"iva\\\",\\\"ammount_permited\\\":1,\\\"percent_iva\\\":\\\"21.00\\\",\\\"taxable_iibb\\\":1,\\\"taxable_iva\\\":1,\\\"code\\\":5,\\\"status\\\":1,\\\"afip_alicuota_id\\\":5,\\\"plan_cuenta_id\\\":96,\\\"code_citi_alic_iva\\\":5}},{\\\"id\\\":36549,\\\"user_id\\\":7768,\\\"period_liquidation_id\\\":261,\\\"period_liquidation_iva_id\\\":127,\\\"period_id\\\":88852,\\\"person_id\\\":41298,\\\"activity_id\\\":946,\\\"iva_creditos_tipo_id\\\":1,\\\"type\\\":1,\\\"tax_id\\\":1,\\\"taxabled_amount\\\":\\\"0.00\\\",\\\"iva_amount\\\":\\\"0.00\\\",\\\"created_at\\\":\\\"2022-09-14T16:40:07.000000Z\\\",\\\"updated_at\\\":\\\"2022-09-14T16:40:07.000000Z\\\",\\\"ordr\\\":2,\\\"deleted_at\\\":null,\\\"base\\\":0,\\\"system_taxes\\\":{\\\"id\\\":1,\\\"created_at\\\":null,\\\"updated_at\\\":\\\"2020-04-16T13:33:23.000000Z\\\",\\\"name\\\":\\\"gravado al 10,5%\\\",\\\"apply_to\\\":\\\"iva\\\",\\\"ammount_permited\\\":1,\\\"percent_iva\\\":\\\"10.50\\\",\\\"taxable_iibb\\\":1,\\\"taxable_iva\\\":1,\\\"code\\\":4,\\\"status\\\":1,\\\"afip_alicuota_id\\\":4,\\\"plan_cuenta_id\\\":96,\\\"code_citi_alic_iva\\\":4}},{\\\"id\\\":36550,\\\"user_id\\\":7768,\\\"period_liquidation_id\\\":261,\\\"period_liquidation_iva_id\\\":127,\\\"period_id\\\":88852,\\\"person_id\\\":41298,\\\"activity_id\\\":946,\\\"iva_creditos_tipo_id\\\":1,\\\"type\\\":1,\\\"tax_id\\\":5,\\\"taxabled_amount\\\":\\\"0.00\\\",\\\"iva_amount\\\":\\\"0.00\\\",\\\"created_at\\\":\\\"2022-09-14T16:40:07.000000Z\\\",\\\"updated_at\\\":\\\"2022-09-14T16:40:07.000000Z\\\",\\\"ordr\\\":2,\\\"deleted_at\\\":null,\\\"base\\\":0,\\\"system_taxes\\\":{\\\"id\\\":5,\\\"created_at\\\":null,\\\"updated_at\\\":\\\"2020-04-16T13:33:23.000000Z\\\",\\\"name\\\":\\\"gravado al 5%\\\",\\\"apply_to\\\":\\\"iva\\\",\\\"ammount_permited\\\":1,\\\"percent_iva\\\":\\\"5.00\\\",\\\"taxable_iibb\\\":1,\\\"taxable_iva\\\":1,\\\"code\\\":8,\\\"status\\\":1,\\\"afip_alicuota_id\\\":8,\\\"plan_cuenta_id\\\":96,\\\"code_citi_alic_iva\\\":8}},{\\\"id\\\":36551,\\\"user_id\\\":7768,\\\"period_liquidation_id\\\":261,\\\"period_liquidation_iva_id\\\":127,\\\"period_id\\\":88852,\\\"person_id\\\":41298,\\\"activity_id\\\":946,\\\"iva_creditos_tipo_id\\\":1,\\\"type\\\":1,\\\"tax_id\\\":4,\\\"taxabled_amount\\\":\\\"0.00\\\",\\\"iva_amount\\\":\\\"0.00\\\",\\\"created_at\\\":\\\"2022-09-14T16:40:07.000000Z\\\",\\\"updated_at\\\":\\\"2022-09-14T16:40:07.000000Z\\\",\\\"ordr\\\":2,\\\"deleted_at\\\":null,\\\"base\\\":0,\\\"system_taxes\\\":{\\\"id\\\":4,\\\"created_at\\\":null,\\\"updated_at\\\":\\\"2020-04-16T13:33:23.000000Z\\\",\\\"name\\\":\\\"gravado al 2,5%\\\",\\\"apply_to\\\":\\\"iva\\\",\\\"ammount_permited\\\":1,\\\"percent_iva\\\":\\\"2.50\\\",\\\"taxable_iibb\\\":1,\\\"taxable_iva\\\":1,\\\"code\\\":9,\\\"status\\\":1,\\\"afip_alicuota_id\\\":9,\\\"plan_cuenta_id\\\":96,\\\"code_citi_alic_iva\\\":9}},{\\\"id\\\":36552,\\\"user_id\\\":7768,\\\"period_liquidation_id\\\":261,\\\"period_liquidation_iva_id\\\":127,\\\"period_id\\\":88852,\\\"person_id\\\":41298,\\\"activity_id\\\":946,\\\"iva_creditos_tipo_id\\\":1,\\\"type\\\":1,\\\"tax_id\\\":8,\\\"taxabled_amount\\\":\\\"0.00\\\",\\\"iva_amount\\\":\\\"0.00\\\",\\\"created_at\\\":\\\"2022-09-14T16:40:07.000000Z\\\",\\\"updated_at\\\":\\\"2022-09-14T16:40:07.000000Z\\\",\\\"ordr\\\":2,\\\"deleted_at\\\":null,\\\"base\\\":0,\\\"system_taxes\\\":{\\\"id\\\":8,\\\"created_at\\\":null,\\\"updated_at\\\":\\\"2020-04-16T13:33:23.000000Z\\\",\\\"name\\\":\\\"Exento\\\",\\\"apply_to\\\":\\\"iva\\\",\\\"ammount_permited\\\":1,\\\"percent_iva\\\":\\\"0.00\\\",\\\"taxable_iibb\\\":1,\\\"taxable_iva\\\":1,\\\"code\\\":2,\\\"status\\\":1,\\\"afip_alicuota_id\\\":2,\\\"plan_cuenta_id\\\":218,\\\"code_citi_alic_iva\\\":3}},{\\\"id\\\":36553,\\\"user_id\\\":7768,\\\"period_liquidation_id\\\":261,\\\"period_liquidation_iva_id\\\":127,\\\"period_id\\\":88852,\\\"person_id\\\":41298,\\\"activity_id\\\":946,\\\"iva_creditos_tipo_id\\\":1,\\\"type\\\":1,\\\"tax_id\\\":7,\\\"taxabled_amount\\\":\\\"0.00\\\",\\\"iva_amount\\\":\\\"0.00\\\",\\\"created_at\\\":\\\"2022-09-14T16:40:07.000000Z\\\",\\\"updated_at\\\":\\\"2022-09-14T16:40:07.000000Z\\\",\\\"ordr\\\":3,\\\"deleted_at\\\":null,\\\"base\\\":\\\"0.00\\\",\\\"system_taxes\\\":{\\\"id\\\":7,\\\"created_at\\\":null,\\\"updated_at\\\":\\\"2020-04-16T13:33:23.000000Z\\\",\\\"name\\\":\\\"no gravado\\\",\\\"apply_to\\\":\\\"iva\\\",\\\"ammount_permited\\\":1,\\\"percent_iva\\\":\\\"0.00\\\",\\\"taxable_iibb\\\":1,\\\"taxable_iva\\\":1,\\\"code\\\":1,\\\"status\\\":1,\\\"afip_alicuota_id\\\":1,\\\"plan_cuenta_id\\\":218,\\\"code_citi_alic_iva\\\":3}},{\\\"id\\\":36554,\\\"user_id\\\":7768,\\\"period_liquidation_id\\\":261,\\\"period_liquidation_iva_id\\\":127,\\\"period_id\\\":88852,\\\"person_id\\\":41298,\\\"activity_id\\\":946,\\\"iva_creditos_tipo_id\\\":1,\\\"type\\\":1,\\\"tax_id\\\":6,\\\"taxabled_amount\\\":\\\"0.00\\\",\\\"iva_amount\\\":\\\"0.00\\\",\\\"created_at\\\":\\\"2022-09-14T16:40:07.000000Z\\\",\\\"updated_at\\\":\\\"2022-09-14T16:40:07.000000Z\\\",\\\"ordr\\\":3,\\\"deleted_at\\\":null,\\\"base\\\":\\\"0.00\\\",\\\"system_taxes\\\":{\\\"id\\\":6,\\\"created_at\\\":null,\\\"updated_at\\\":\\\"2020-04-16T13:33:23.000000Z\\\",\\\"name\\\":\\\"gravado al 0%\\\",\\\"apply_to\\\":\\\"iva\\\",\\\"ammount_permited\\\":1,\\\"percent_iva\\\":\\\"0.00\\\",\\\"taxable_iibb\\\":1,\\\"taxable_iva\\\":1,\\\"code\\\":3,\\\"status\\\":1,\\\"afip_alicuota_id\\\":3,\\\"plan_cuenta_id\\\":218,\\\"code_citi_alic_iva\\\":3}},{\\\"id\\\":36555,\\\"user_id\\\":7768,\\\"period_liquidation_id\\\":261,\\\"period_liquidation_iva_id\\\":127,\\\"period_id\\\":88852,\\\"person_id\\\":41298,\\\"activity_id\\\":946,\\\"iva_creditos_tipo_id\\\":1,\\\"type\\\":1,\\\"tax_id\\\":3,\\\"taxabled_amount\\\":\\\"0.00\\\",\\\"iva_amount\\\":\\\"0.00\\\",\\\"created_at\\\":\\\"2022-09-14T16:40:07.000000Z\\\",\\\"updated_at\\\":\\\"2022-09-14T16:40:07.000000Z\\\",\\\"ordr\\\":4,\\\"deleted_at\\\":null,\\\"base\\\":\\\"0.00\\\",\\\"system_taxes\\\":{\\\"id\\\":3,\\\"created_at\\\":null,\\\"updated_at\\\":\\\"2020-04-16T13:33:23.000000Z\\\",\\\"name\\\":\\\"gravado al 27%\\\",\\\"apply_to\\\":\\\"iva\\\",\\\"ammount_permited\\\":1,\\\"percent_iva\\\":\\\"27.00\\\",\\\"taxable_iibb\\\":1,\\\"taxable_iva\\\":1,\\\"code\\\":6,\\\"status\\\":1,\\\"afip_alicuota_id\\\":6,\\\"plan_cuenta_id\\\":96,\\\"code_citi_alic_iva\\\":6}},{\\\"id\\\":36556,\\\"user_id\\\":7768,\\\"period_liquidation_id\\\":261,\\\"period_liquidation_iva_id\\\":127,\\\"period_id\\\":88852,\\\"person_id\\\":41298,\\\"activity_id\\\":946,\\\"iva_creditos_tipo_id\\\":1,\\\"type\\\":1,\\\"tax_id\\\":2,\\\"taxabled_amount\\\":\\\"0.00\\\",\\\"iva_amount\\\":\\\"0.00\\\",\\\"created_at\\\":\\\"2022-09-14T16:40:07.000000Z\\\",\\\"updated_at\\\":\\\"2022-09-14T16:40:07.000000Z\\\",\\\"ordr\\\":4,\\\"deleted_at\\\":null,\\\"base\\\":\\\"0.00\\\",\\\"system_taxes\\\":{\\\"id\\\":2,\\\"created_at\\\":null,\\\"updated_at\\\":\\\"2020-04-16T13:33:23.000000Z\\\",\\\"name\\\":\\\"gravado al 21%\\\",\\\"apply_to\\\":\\\"iva\\\",\\\"ammount_permited\\\":1,\\\"percent_iva\\\":\\\"21.00\\\",\\\"taxable_iibb\\\":1,\\\"taxable_iva\\\":1,\\\"code\\\":5,\\\"status\\\":1,\\\"afip_alicuota_id\\\":5,\\\"plan_cuenta_id\\\":96,\\\"code_citi_alic_iva\\\":5}},{\\\"id\\\":36557,\\\"user_id\\\":7768,\\\"period_liquidation_id\\\":261,\\\"period_liquidation_iva_id\\\":127,\\\"period_id\\\":88852,\\\"person_id\\\":41298,\\\"activity_id\\\":946,\\\"iva_creditos_tipo_id\\\":1,\\\"type\\\":1,\\\"tax_id\\\":1,\\\"taxabled_amount\\\":\\\"0.00\\\",\\\"iva_amount\\\":\\\"0.00\\\",\\\"created_at\\\":\\\"2022-09-14T16:40:07.000000Z\\\",\\\"updated_at\\\":\\\"2022-09-14T16:40:07.000000Z\\\",\\\"ordr\\\":4,\\\"deleted_at\\\":null,\\\"base\\\":\\\"0.00\\\",\\\"system_taxes\\\":{\\\"id\\\":1,\\\"created_at\\\":null,\\\"updated_at\\\":\\\"2020-04-16T13:33:23.000000Z\\\",\\\"name\\\":\\\"gravado al 10,5%\\\",\\\"apply_to\\\":\\\"iva\\\",\\\"ammount_permited\\\":1,\\\"percent_iva\\\":\\\"10.50\\\",\\\"taxable_iibb\\\":1,\\\"taxable_iva\\\":1,\\\"code\\\":4,\\\"status\\\":1,\\\"afip_alicuota_id\\\":4,\\\"plan_cuenta_id\\\":96,\\\"code_citi_alic_iva\\\":4}},{\\\"id\\\":36558,\\\"user_id\\\":7768,\\\"period_liquidation_id\\\":261,\\\"period_liquidation_iva_id\\\":127,\\\"period_id\\\":88852,\\\"person_id\\\":41298,\\\"activity_id\\\":946,\\\"iva_creditos_tipo_id\\\":1,\\\"type\\\":1,\\\"tax_id\\\":5,\\\"taxabled_amount\\\":\\\"0.00\\\",\\\"iva_amount\\\":\\\"0.00\\\",\\\"created_at\\\":\\\"2022-09-14T16:40:07.000000Z\\\",\\\"updated_at\\\":\\\"2022-09-14T16:40:07.000000Z\\\",\\\"ordr\\\":4,\\\"deleted_at\\\":null,\\\"base\\\":\\\"0.00\\\",\\\"system_taxes\\\":{\\\"id\\\":5,\\\"created_at\\\":null,\\\"updated_at\\\":\\\"2020-04-16T13:33:23.000000Z\\\",\\\"name\\\":\\\"gravado al 5%\\\",\\\"apply_to\\\":\\\"iva\\\",\\\"ammount_permited\\\":1,\\\"percent_iva\\\":\\\"5.00\\\",\\\"taxable_iibb\\\":1,\\\"taxable_iva\\\":1,\\\"code\\\":8,\\\"status\\\":1,\\\"afip_alicuota_id\\\":8,\\\"plan_cuenta_id\\\":96,\\\"code_citi_alic_iva\\\":8}},{\\\"id\\\":36559,\\\"user_id\\\":7768,\\\"period_liquidation_id\\\":261,\\\"period_liquidation_iva_id\\\":127,\\\"period_id\\\":88852,\\\"person_id\\\":41298,\\\"activity_id\\\":946,\\\"iva_creditos_tipo_id\\\":1,\\\"type\\\":1,\\\"tax_id\\\":4,\\\"taxabled_amount\\\":\\\"0.00\\\",\\\"iva_amount\\\":\\\"0.00\\\",\\\"created_at\\\":\\\"2022-09-14T16:40:07.000000Z\\\",\\\"updated_at\\\":\\\"2022-09-14T16:40:07.000000Z\\\",\\\"ordr\\\":4,\\\"deleted_at\\\":null,\\\"base\\\":\\\"0.00\\\",\\\"system_taxes\\\":{\\\"id\\\":4,\\\"created_at\\\":null,\\\"updated_at\\\":\\\"2020-04-16T13:33:23.000000Z\\\",\\\"name\\\":\\\"gravado al 2,5%\\\",\\\"apply_to\\\":\\\"iva\\\",\\\"ammount_permited\\\":1,\\\"percent_iva\\\":\\\"2.50\\\",\\\"taxable_iibb\\\":1,\\\"taxable_iva\\\":1,\\\"code\\\":9,\\\"status\\\":1,\\\"afip_alicuota_id\\\":9,\\\"plan_cuenta_id\\\":96,\\\"code_citi_alic_iva\\\":9}},{\\\"id\\\":36560,\\\"user_id\\\":7768,\\\"period_liquidation_id\\\":261,\\\"period_liquidation_iva_id\\\":127,\\\"period_id\\\":88852,\\\"person_id\\\":41298,\\\"activity_id\\\":946,\\\"iva_creditos_tipo_id\\\":1,\\\"type\\\":1,\\\"tax_id\\\":7,\\\"taxabled_amount\\\":\\\"0.00\\\",\\\"iva_amount\\\":\\\"0.00\\\",\\\"created_at\\\":\\\"2022-09-14T16:40:07.000000Z\\\",\\\"updated_at\\\":\\\"2022-09-14T16:40:07.000000Z\\\",\\\"ordr\\\":4,\\\"deleted_at\\\":null,\\\"base\\\":\\\"0.00\\\",\\\"system_taxes\\\":{\\\"id\\\":7,\\\"created_at\\\":null,\\\"updated_at\\\":\\\"2020-04-16T13:33:23.000000Z\\\",\\\"name\\\":\\\"no gravado\\\",\\\"apply_to\\\":\\\"iva\\\",\\\"ammount_permited\\\":1,\\\"percent_iva\\\":\\\"0.00\\\",\\\"taxable_iibb\\\":1,\\\"taxable_iva\\\":1,\\\"code\\\":1,\\\"status\\\":1,\\\"afip_alicuota_id\\\":1,\\\"plan_cuenta_id\\\":218,\\\"code_citi_alic_iva\\\":3}},{\\\"id\\\":36561,\\\"user_id\\\":7768,\\\"period_liquidation_id\\\":261,\\\"period_liquidation_iva_id\\\":127,\\\"period_id\\\":88852,\\\"person_id\\\":41298,\\\"activity_id\\\":946,\\\"iva_creditos_tipo_id\\\":1,\\\"type\\\":1,\\\"tax_id\\\":8,\\\"taxabled_amount\\\":\\\"0.00\\\",\\\"iva_amount\\\":\\\"0.00\\\",\\\"created_at\\\":\\\"2022-09-14T16:40:07.000000Z\\\",\\\"updated_at\\\":\\\"2022-09-14T16:40:07.000000Z\\\",\\\"ordr\\\":4,\\\"deleted_at\\\":null,\\\"base\\\":\\\"0.00\\\",\\\"system_taxes\\\":{\\\"id\\\":8,\\\"created_at\\\":null,\\\"updated_at\\\":\\\"2020-04-16T13:33:23.000000Z\\\",\\\"name\\\":\\\"Exento\\\",\\\"apply_to\\\":\\\"iva\\\",\\\"ammount_permited\\\":1,\\\"percent_iva\\\":\\\"0.00\\\",\\\"taxable_iibb\\\":1,\\\"taxable_iva\\\":1,\\\"code\\\":2,\\\"status\\\":1,\\\"afip_alicuota_id\\\":2,\\\"plan_cuenta_id\\\":218,\\\"code_citi_alic_iva\\\":3}},{\\\"id\\\":36562,\\\"user_id\\\":7768,\\\"period_liquidation_id\\\":261,\\\"period_liquidation_iva_id\\\":127,\\\"period_id\\\":88852,\\\"person_id\\\":41298,\\\"activity_id\\\":946,\\\"iva_creditos_tipo_id\\\":1,\\\"type\\\":1,\\\"tax_id\\\":6,\\\"taxabled_amount\\\":\\\"0.00\\\",\\\"iva_amount\\\":\\\"0.00\\\",\\\"created_at\\\":\\\"2022-09-14T16:40:07.000000Z\\\",\\\"updated_at\\\":\\\"2022-09-14T16:40:07.000000Z\\\",\\\"ordr\\\":4,\\\"deleted_at\\\":null,\\\"base\\\":\\\"0.00\\\",\\\"system_taxes\\\":{\\\"id\\\":6,\\\"created_at\\\":null,\\\"updated_at\\\":\\\"2020-04-16T13:33:23.000000Z\\\",\\\"name\\\":\\\"gravado al 0%\\\",\\\"apply_to\\\":\\\"iva\\\",\\\"ammount_permited\\\":1,\\\"percent_iva\\\":\\\"0.00\\\",\\\"taxable_iibb\\\":1,\\\"taxable_iva\\\":1,\\\"code\\\":3,\\\"status\\\":1,\\\"afip_alicuota_id\\\":3,\\\"plan_cuenta_id\\\":218,\\\"code_citi_alic_iva\\\":3}},{\\\"id\\\":36563,\\\"user_id\\\":7768,\\\"period_liquidation_id\\\":261,\\\"period_liquidation_iva_id\\\":127,\\\"period_id\\\":88852,\\\"person_id\\\":41298,\\\"activity_id\\\":1,\\\"iva_creditos_tipo_id\\\":11,\\\"type\\\":2,\\\"tax_id\\\":3,\\\"taxabled_amount\\\":\\\"0.00\\\",\\\"iva_amount\\\":\\\"0.00\\\",\\\"created_at\\\":\\\"2022-09-14T16:40:07.000000Z\\\",\\\"updated_at\\\":\\\"2022-09-14T16:40:07.000000Z\\\",\\\"ordr\\\":5,\\\"deleted_at\\\":null,\\\"base\\\":\\\"0.00\\\",\\\"system_taxes\\\":{\\\"id\\\":3,\\\"created_at\\\":null,\\\"updated_at\\\":\\\"2020-04-16T13:33:23.000000Z\\\",\\\"name\\\":\\\"gravado al 27%\\\",\\\"apply_to\\\":\\\"iva\\\",\\\"ammount_permited\\\":1,\\\"percent_iva\\\":\\\"27.00\\\",\\\"taxable_iibb\\\":1,\\\"taxable_iva\\\":1,\\\"code\\\":6,\\\"status\\\":1,\\\"afip_alicuota_id\\\":6,\\\"plan_cuenta_id\\\":96,\\\"code_citi_alic_iva\\\":6}},{\\\"id\\\":36564,\\\"user_id\\\":7768,\\\"period_liquidation_id\\\":261,\\\"period_liquidation_iva_id\\\":127,\\\"period_id\\\":88852,\\\"person_id\\\":41298,\\\"activity_id\\\":1,\\\"iva_creditos_tipo_id\\\":3,\\\"type\\\":2,\\\"tax_id\\\":3,\\\"taxabled_amount\\\":\\\"0.00\\\",\\\"iva_amount\\\":\\\"0.00\\\",\\\"created_at\\\":\\\"2022-09-14T16:40:07.000000Z\\\",\\\"updated_at\\\":\\\"2022-09-14T16:40:07.000000Z\\\",\\\"ordr\\\":5,\\\"deleted_at\\\":null,\\\"base\\\":\\\"0.00\\\",\\\"system_taxes\\\":{\\\"id\\\":3,\\\"created_at\\\":null,\\\"updated_at\\\":\\\"2020-04-16T13:33:23.000000Z\\\",\\\"name\\\":\\\"gravado al 27%\\\",\\\"apply_to\\\":\\\"iva\\\",\\\"ammount_permited\\\":1,\\\"percent_iva\\\":\\\"27.00\\\",\\\"taxable_iibb\\\":1,\\\"taxable_iva\\\":1,\\\"code\\\":6,\\\"status\\\":1,\\\"afip_alicuota_id\\\":6,\\\"plan_cuenta_id\\\":96,\\\"code_citi_alic_iva\\\":6}},{\\\"id\\\":36565,\\\"user_id\\\":7768,\\\"period_liquidation_id\\\":261,\\\"period_liquidation_iva_id\\\":127,\\\"period_id\\\":88852,\\\"person_id\\\":41298,\\\"activity_id\\\":1,\\\"iva_creditos_tipo_id\\\":7,\\\"type\\\":2,\\\"tax_id\\\":3,\\\"taxabled_amount\\\":\\\"0.00\\\",\\\"iva_amount\\\":\\\"0.00\\\",\\\"created_at\\\":\\\"2022-09-14T16:40:07.000000Z\\\",\\\"updated_at\\\":\\\"2022-09-14T16:40:07.000000Z\\\",\\\"ordr\\\":5,\\\"deleted_at\\\":null,\\\"base\\\":\\\"0.00\\\",\\\"system_taxes\\\":{\\\"id\\\":3,\\\"created_at\\\":null,\\\"updated_at\\\":\\\"2020-04-16T13:33:23.000000Z\\\",\\\"name\\\":\\\"gravado al 27%\\\",\\\"apply_to\\\":\\\"iva\\\",\\\"ammount_permited\\\":1,\\\"percent_iva\\\":\\\"27.00\\\",\\\"taxable_iibb\\\":1,\\\"taxable_iva\\\":1,\\\"code\\\":6,\\\"status\\\":1,\\\"afip_alicuota_id\\\":6,\\\"plan_cuenta_id\\\":96,\\\"code_citi_alic_iva\\\":6}},{\\\"id\\\":36566,\\\"user_id\\\":7768,\\\"period_liquidation_id\\\":261,\\\"period_liquidation_iva_id\\\":127,\\\"period_id\\\":88852,\\\"person_id\\\":41298,\\\"activity_id\\\":1,\\\"iva_creditos_tipo_id\\\":8,\\\"type\\\":2,\\\"tax_id\\\":3,\\\"taxabled_amount\\\":\\\"0.00\\\",\\\"iva_amount\\\":\\\"0.00\\\",\\\"created_at\\\":\\\"2022-09-14T16:40:07.000000Z\\\",\\\"updated_at\\\":\\\"2022-09-14T16:40:07.000000Z\\\",\\\"ordr\\\":5,\\\"deleted_at\\\":null,\\\"base\\\":\\\"0.00\\\",\\\"system_taxes\\\":{\\\"id\\\":3,\\\"created_at\\\":null,\\\"updated_at\\\":\\\"2020-04-16T13:33:23.000000Z\\\",\\\"name\\\":\\\"gravado al 27%\\\",\\\"apply_to\\\":\\\"iva\\\",\\\"ammount_permited\\\":1,\\\"percent_iva\\\":\\\"27.00\\\",\\\"taxable_iibb\\\":1,\\\"taxable_iva\\\":1,\\\"code\\\":6,\\\"status\\\":1,\\\"afip_alicuota_id\\\":6,\\\"plan_cuenta_id\\\":96,\\\"code_citi_alic_iva\\\":6}},{\\\"id\\\":36567,\\\"user_id\\\":7768,\\\"period_liquidation_id\\\":261,\\\"period_liquidation_iva_id\\\":127,\\\"period_id\\\":88852,\\\"person_id\\\":41298,\\\"activity_id\\\":1,\\\"iva_creditos_tipo_id\\\":12,\\\"type\\\":2,\\\"tax_id\\\":3,\\\"taxabled_amount\\\":\\\"0.00\\\",\\\"iva_amount\\\":\\\"0.00\\\",\\\"created_at\\\":\\\"2022-09-14T16:40:07.000000Z\\\",\\\"updated_at\\\":\\\"2022-09-14T16:40:07.000000Z\\\",\\\"ordr\\\":5,\\\"deleted_at\\\":null,\\\"base\\\":\\\"0.00\\\",\\\"system_taxes\\\":{\\\"id\\\":3,\\\"created_at\\\":null,\\\"updated_at\\\":\\\"2020-04-16T13:33:23.000000Z\\\",\\\"name\\\":\\\"gravado al 27%\\\",\\\"apply_to\\\":\\\"iva\\\",\\\"ammount_permited\\\":1,\\\"percent_iva\\\":\\\"27.00\\\",\\\"taxable_iibb\\\":1,\\\"taxable_iva\\\":1,\\\"code\\\":6,\\\"status\\\":1,\\\"afip_alicuota_id\\\":6,\\\"plan_cuenta_id\\\":96,\\\"code_citi_alic_iva\\\":6}},{\\\"id\\\":36568,\\\"user_id\\\":7768,\\\"period_liquidation_id\\\":261,\\\"period_liquidation_iva_id\\\":127,\\\"period_id\\\":88852,\\\"person_id\\\":41298,\\\"activity_id\\\":1,\\\"iva_creditos_tipo_id\\\":4,\\\"type\\\":2,\\\"tax_id\\\":3,\\\"taxabled_amount\\\":\\\"0.00\\\",\\\"iva_amount\\\":\\\"0.00\\\",\\\"created_at\\\":\\\"2022-09-14T16:40:07.000000Z\\\",\\\"updated_at\\\":\\\"2022-09-14T16:40:07.000000Z\\\",\\\"ordr\\\":5,\\\"deleted_at\\\":null,\\\"base\\\":\\\"0.00\\\",\\\"system_taxes\\\":{\\\"id\\\":3,\\\"created_at\\\":null,\\\"updated_at\\\":\\\"2020-04-16T13:33:23.000000Z\\\",\\\"name\\\":\\\"gravado al 27%\\\",\\\"apply_to\\\":\\\"iva\\\",\\\"ammount_permited\\\":1,\\\"percent_iva\\\":\\\"27.00\\\",\\\"taxable_iibb\\\":1,\\\"taxable_iva\\\":1,\\\"code\\\":6,\\\"status\\\":1,\\\"afip_alicuota_id\\\":6,\\\"plan_cuenta_id\\\":96,\\\"code_citi_alic_iva\\\":6}},{\\\"id\\\":36569,\\\"user_id\\\":7768,\\\"period_liquidation_id\\\":261,\\\"period_liquidation_iva_id\\\":127,\\\"period_id\\\":88852,\\\"person_id\\\":41298,\\\"activity_id\\\":1,\\\"iva_creditos_tipo_id\\\":9,\\\"type\\\":2,\\\"tax_id\\\":3,\\\"taxabled_amount\\\":\\\"0.00\\\",\\\"iva_amount\\\":\\\"0.00\\\",\\\"created_at\\\":\\\"2022-09-14T16:40:07.000000Z\\\",\\\"updated_at\\\":\\\"2022-09-14T16:40:07.000000Z\\\",\\\"ordr\\\":5,\\\"deleted_at\\\":null,\\\"base\\\":\\\"0.00\\\",\\\"system_taxes\\\":{\\\"id\\\":3,\\\"created_at\\\":null,\\\"updated_at\\\":\\\"2020-04-16T13:33:23.000000Z\\\",\\\"name\\\":\\\"gravado al 27%\\\",\\\"apply_to\\\":\\\"iva\\\",\\\"ammount_permited\\\":1,\\\"percent_iva\\\":\\\"27.00\\\",\\\"taxable_iibb\\\":1,\\\"taxable_iva\\\":1,\\\"code\\\":6,\\\"status\\\":1,\\\"afip_alicuota_id\\\":6,\\\"plan_cuenta_id\\\":96,\\\"code_citi_alic_iva\\\":6}},{\\\"id\\\":36570,\\\"user_id\\\":7768,\\\"period_liquidation_id\\\":261,\\\"period_liquidation_iva_id\\\":127,\\\"period_id\\\":88852,\\\"person_id\\\":41298,\\\"activity_id\\\":1,\\\"iva_creditos_tipo_id\\\":1,\\\"type\\\":2,\\\"tax_id\\\":3,\\\"taxabled_amount\\\":\\\"0.00\\\",\\\"iva_amount\\\":\\\"0.00\\\",\\\"created_at\\\":\\\"2022-09-14T16:40:07.000000Z\\\",\\\"updated_at\\\":\\\"2022-09-14T16:40:07.000000Z\\\",\\\"ordr\\\":5,\\\"deleted_at\\\":null,\\\"base\\\":\\\"0.00\\\",\\\"system_taxes\\\":{\\\"id\\\":3,\\\"created_at\\\":null,\\\"updated_at\\\":\\\"2020-04-16T13:33:23.000000Z\\\",\\\"name\\\":\\\"gravado al 27%\\\",\\\"apply_to\\\":\\\"iva\\\",\\\"ammount_permited\\\":1,\\\"percent_iva\\\":\\\"27.00\\\",\\\"taxable_iibb\\\":1,\\\"taxable_iva\\\":1,\\\"code\\\":6,\\\"status\\\":1,\\\"afip_alicuota_id\\\":6,\\\"plan_cuenta_id\\\":96,\\\"code_citi_alic_iva\\\":6}},{\\\"id\\\":36571,\\\"user_id\\\":7768,\\\"period_liquidation_id\\\":261,\\\"period_liquidation_iva_id\\\":127,\\\"period_id\\\":88852,\\\"person_id\\\":41298,\\\"activity_id\\\":1,\\\"iva_creditos_tipo_id\\\":5,\\\"type\\\":2,\\\"tax_id\\\":3,\\\"taxabled_amount\\\":\\\"0.00\\\",\\\"iva_amount\\\":\\\"0.00\\\",\\\"created_at\\\":\\\"2022-09-14T16:40:07.000000Z\\\",\\\"updated_at\\\":\\\"2022-09-14T16:40:07.000000Z\\\",\\\"ordr\\\":5,\\\"deleted_at\\\":null,\\\"base\\\":\\\"0.00\\\",\\\"system_taxes\\\":{\\\"id\\\":3,\\\"created_at\\\":null,\\\"updated_at\\\":\\\"2020-04-16T13:33:23.000000Z\\\",\\\"name\\\":\\\"gravado al 27%\\\",\\\"apply_to\\\":\\\"iva\\\",\\\"ammount_permited\\\":1,\\\"percent_iva\\\":\\\"27.00\\\",\\\"taxable_iibb\\\":1,\\\"taxable_iva\\\":1,\\\"code\\\":6,\\\"status\\\":1,\\\"afip_alicuota_id\\\":6,\\\"plan_cuenta_id\\\":96,\\\"code_citi_alic_iva\\\":6}},{\\\"id\\\":36572,\\\"user_id\\\":7768,\\\"period_liquidation_id\\\":261,\\\"period_liquidation_iva_id\\\":127,\\\"period_id\\\":88852,\\\"person_id\\\":41298,\\\"activity_id\\\":1,\\\"iva_creditos_tipo_id\\\":13,\\\"type\\\":2,\\\"tax_id\\\":3,\\\"taxabled_amount\\\":\\\"0.00\\\",\\\"iva_amount\\\":\\\"0.00\\\",\\\"created_at\\\":\\\"2022-09-14T16:40:07.000000Z\\\",\\\"updated_at\\\":\\\"2022-09-14T16:40:07.000000Z\\\",\\\"ordr\\\":5,\\\"deleted_at\\\":null,\\\"base\\\":\\\"0.00\\\",\\\"system_taxes\\\":{\\\"id\\\":3,\\\"created_at\\\":null,\\\"updated_at\\\":\\\"2020-04-16T13:33:23.000000Z\\\",\\\"name\\\":\\\"gravado al 27%\\\",\\\"apply_to\\\":\\\"iva\\\",\\\"ammount_permited\\\":1,\\\"percent_iva\\\":\\\"27.00\\\",\\\"taxable_iibb\\\":1,\\\"taxable_iva\\\":1,\\\"code\\\":6,\\\"status\\\":1,\\\"afip_alicuota_id\\\":6,\\\"plan_cuenta_id\\\":96,\\\"code_citi_alic_iva\\\":6}},{\\\"id\\\":36573,\\\"user_id\\\":7768,\\\"period_liquidation_id\\\":261,\\\"period_liquidation_iva_id\\\":127,\\\"period_id\\\":88852,\\\"person_id\\\":41298,\\\"activity_id\\\":1,\\\"iva_creditos_tipo_id\\\":10,\\\"type\\\":2,\\\"tax_id\\\":3,\\\"taxabled_amount\\\":\\\"0.00\\\",\\\"iva_amount\\\":\\\"0.00\\\",\\\"created_at\\\":\\\"2022-09-14T16:40:07.000000Z\\\",\\\"updated_at\\\":\\\"2022-09-14T16:40:07.000000Z\\\",\\\"ordr\\\":5,\\\"deleted_at\\\":null,\\\"base\\\":\\\"0.00\\\",\\\"system_taxes\\\":{\\\"id\\\":3,\\\"created_at\\\":null,\\\"updated_at\\\":\\\"2020-04-16T13:33:23.000000Z\\\",\\\"name\\\":\\\"gravado al 27%\\\",\\\"apply_to\\\":\\\"iva\\\",\\\"ammount_permited\\\":1,\\\"percent_iva\\\":\\\"27.00\\\",\\\"taxable_iibb\\\":1,\\\"taxable_iva\\\":1,\\\"code\\\":6,\\\"status\\\":1,\\\"afip_alicuota_id\\\":6,\\\"plan_cuenta_id\\\":96,\\\"code_citi_alic_iva\\\":6}},{\\\"id\\\":36574,\\\"user_id\\\":7768,\\\"period_liquidation_id\\\":261,\\\"period_liquidation_iva_id\\\":127,\\\"period_id\\\":88852,\\\"person_id\\\":41298,\\\"activity_id\\\":1,\\\"iva_creditos_tipo_id\\\":2,\\\"type\\\":2,\\\"tax_id\\\":3,\\\"taxabled_amount\\\":\\\"0.00\\\",\\\"iva_amount\\\":\\\"0.00\\\",\\\"created_at\\\":\\\"2022-09-14T16:40:07.000000Z\\\",\\\"updated_at\\\":\\\"2022-09-14T16:40:07.000000Z\\\",\\\"ordr\\\":5,\\\"deleted_at\\\":null,\\\"base\\\":\\\"0.00\\\",\\\"system_taxes\\\":{\\\"id\\\":3,\\\"created_at\\\":null,\\\"updated_at\\\":\\\"2020-04-16T13:33:23.000000Z\\\",\\\"name\\\":\\\"gravado al 27%\\\",\\\"apply_to\\\":\\\"iva\\\",\\\"ammount_permited\\\":1,\\\"percent_iva\\\":\\\"27.00\\\",\\\"taxable_iibb\\\":1,\\\"taxable_iva\\\":1,\\\"code\\\":6,\\\"status\\\":1,\\\"afip_alicuota_id\\\":6,\\\"plan_cuenta_id\\\":96,\\\"code_citi_alic_iva\\\":6}},{\\\"id\\\":36575,\\\"user_id\\\":7768,\\\"period_liquidation_id\\\":261,\\\"period_liquidation_iva_id\\\":127,\\\"period_id\\\":88852,\\\"person_id\\\":41298,\\\"activity_id\\\":1,\\\"iva_creditos_tipo_id\\\":6,\\\"type\\\":2,\\\"tax_id\\\":3,\\\"taxabled_amount\\\":\\\"0.00\\\",\\\"iva_amount\\\":\\\"0.00\\\",\\\"created_at\\\":\\\"2022-09-14T16:40:07.000000Z\\\",\\\"updated_at\\\":\\\"2022-09-14T16:40:07.000000Z\\\",\\\"ordr\\\":5,\\\"deleted_at\\\":null,\\\"base\\\":\\\"0.00\\\",\\\"system_taxes\\\":{\\\"id\\\":3,\\\"created_at\\\":null,\\\"updated_at\\\":\\\"2020-04-16T13:33:23.000000Z\\\",\\\"name\\\":\\\"gravado al 27%\\\",\\\"apply_to\\\":\\\"iva\\\",\\\"ammount_permited\\\":1,\\\"percent_iva\\\":\\\"27.00\\\",\\\"taxable_iibb\\\":1,\\\"taxable_iva\\\":1,\\\"code\\\":6,\\\"status\\\":1,\\\"afip_alicuota_id\\\":6,\\\"plan_cuenta_id\\\":96,\\\"code_citi_alic_iva\\\":6}},{\\\"id\\\":36576,\\\"user_id\\\":7768,\\\"period_liquidation_id\\\":261,\\\"period_liquidation_iva_id\\\":127,\\\"period_id\\\":88852,\\\"person_id\\\":41298,\\\"activity_id\\\":1,\\\"iva_creditos_tipo_id\\\":14,\\\"type\\\":2,\\\"tax_id\\\":3,\\\"taxabled_amount\\\":\\\"0.00\\\",\\\"iva_amount\\\":\\\"0.00\\\",\\\"created_at\\\":\\\"2022-09-14T16:40:07.000000Z\\\",\\\"updated_at\\\":\\\"2022-09-14T16:40:07.000000Z\\\",\\\"ordr\\\":5,\\\"deleted_at\\\":null,\\\"base\\\":\\\"0.00\\\",\\\"system_taxes\\\":{\\\"id\\\":3,\\\"created_at\\\":null,\\\"updated_at\\\":\\\"2020-04-16T13:33:23.000000Z\\\",\\\"name\\\":\\\"gravado al 27%\\\",\\\"apply_to\\\":\\\"iva\\\",\\\"ammount_permited\\\":1,\\\"percent_iva\\\":\\\"27.00\\\",\\\"taxable_iibb\\\":1,\\\"taxable_iva\\\":1,\\\"code\\\":6,\\\"status\\\":1,\\\"afip_alicuota_id\\\":6,\\\"plan_cuenta_id\\\":96,\\\"code_citi_alic_iva\\\":6}},{\\\"id\\\":36577,\\\"user_id\\\":7768,\\\"period_liquidation_id\\\":261,\\\"period_liquidation_iva_id\\\":127,\\\"period_id\\\":88852,\\\"person_id\\\":41298,\\\"activity_id\\\":1,\\\"iva_creditos_tipo_id\\\":8,\\\"type\\\":2,\\\"tax_id\\\":2,\\\"taxabled_amount\\\":\\\"0.00\\\",\\\"iva_amount\\\":\\\"0.00\\\",\\\"created_at\\\":\\\"2022-09-14T16:40:07.000000Z\\\",\\\"updated_at\\\":\\\"2022-09-14T16:40:07.000000Z\\\",\\\"ordr\\\":5,\\\"deleted_at\\\":null,\\\"base\\\":\\\"0.00\\\",\\\"system_taxes\\\":{\\\"id\\\":2,\\\"created_at\\\":null,\\\"updated_at\\\":\\\"2020-04-16T13:33:23.000000Z\\\",\\\"name\\\":\\\"gravado al 21%\\\",\\\"apply_to\\\":\\\"iva\\\",\\\"ammount_permited\\\":1,\\\"percent_iva\\\":\\\"21.00\\\",\\\"taxable_iibb\\\":1,\\\"taxable_iva\\\":1,\\\"code\\\":5,\\\"status\\\":1,\\\"afip_alicuota_id\\\":5,\\\"plan_cuenta_id\\\":96,\\\"code_citi_alic_iva\\\":5}},{\\\"id\\\":36578,\\\"user_id\\\":7768,\\\"period_liquidation_id\\\":261,\\\"period_liquidation_iva_id\\\":127,\\\"period_id\\\":88852,\\\"person_id\\\":41298,\\\"activity_id\\\":1,\\\"iva_creditos_tipo_id\\\":12,\\\"type\\\":2,\\\"tax_id\\\":2,\\\"taxabled_amount\\\":\\\"0.00\\\",\\\"iva_amount\\\":\\\"0.00\\\",\\\"created_at\\\":\\\"2022-09-14T16:40:07.000000Z\\\",\\\"updated_at\\\":\\\"2022-09-14T16:40:07.000000Z\\\",\\\"ordr\\\":5,\\\"deleted_at\\\":null,\\\"base\\\":\\\"0.00\\\",\\\"system_taxes\\\":{\\\"id\\\":2,\\\"created_at\\\":null,\\\"updated_at\\\":\\\"2020-04-16T13:33:23.000000Z\\\",\\\"name\\\":\\\"gravado al 21%\\\",\\\"apply_to\\\":\\\"iva\\\",\\\"ammount_permited\\\":1,\\\"percent_iva\\\":\\\"21.00\\\",\\\"taxable_iibb\\\":1,\\\"taxable_iva\\\":1,\\\"code\\\":5,\\\"status\\\":1,\\\"afip_alicuota_id\\\":5,\\\"plan_cuenta_id\\\":96,\\\"code_citi_alic_iva\\\":5}},{\\\"id\\\":36579,\\\"user_id\\\":7768,\\\"period_liquidation_id\\\":261,\\\"period_liquidation_iva_id\\\":127,\\\"period_id\\\":88852,\\\"person_id\\\":41298,\\\"activity_id\\\":1,\\\"iva_creditos_tipo_id\\\":4,\\\"type\\\":2,\\\"tax_id\\\":2,\\\"taxabled_amount\\\":\\\"0.00\\\",\\\"iva_amount\\\":\\\"0.00\\\",\\\"created_at\\\":\\\"2022-09-14T16:40:07.000000Z\\\",\\\"updated_at\\\":\\\"2022-09-14T16:40:07.000000Z\\\",\\\"ordr\\\":5,\\\"deleted_at\\\":null,\\\"base\\\":\\\"0.00\\\",\\\"system_taxes\\\":{\\\"id\\\":2,\\\"created_at\\\":null,\\\"updated_at\\\":\\\"2020-04-16T13:33:23.000000Z\\\",\\\"name\\\":\\\"gravado al 21%\\\",\\\"apply_to\\\":\\\"iva\\\",\\\"ammount_permited\\\":1,\\\"percent_iva\\\":\\\"21.00\\\",\\\"taxable_iibb\\\":1,\\\"taxable_iva\\\":1,\\\"code\\\":5,\\\"status\\\":1,\\\"afip_alicuota_id\\\":5,\\\"plan_cuenta_id\\\":96,\\\"code_citi_alic_iva\\\":5}},{\\\"id\\\":36580,\\\"user_id\\\":7768,\\\"period_liquidation_id\\\":261,\\\"period_liquidation_iva_id\\\":127,\\\"period_id\\\":88852,\\\"person_id\\\":41298,\\\"activity_id\\\":1,\\\"iva_creditos_tipo_id\\\":9,\\\"type\\\":2,\\\"tax_id\\\":2,\\\"taxabled_amount\\\":\\\"0.00\\\",\\\"iva_amount\\\":\\\"0.00\\\",\\\"created_at\\\":\\\"2022-09-14T16:40:07.000000Z\\\",\\\"updated_at\\\":\\\"2022-09-14T16:40:07.000000Z\\\",\\\"ordr\\\":5,\\\"deleted_at\\\":null,\\\"base\\\":\\\"0.00\\\",\\\"system_taxes\\\":{\\\"id\\\":2,\\\"created_at\\\":null,\\\"updated_at\\\":\\\"2020-04-16T13:33:23.000000Z\\\",\\\"name\\\":\\\"gravado al 21%\\\",\\\"apply_to\\\":\\\"iva\\\",\\\"ammount_permited\\\":1,\\\"percent_iva\\\":\\\"21.00\\\",\\\"taxable_iibb\\\":1,\\\"taxable_iva\\\":1,\\\"code\\\":5,\\\"status\\\":1,\\\"afip_alicuota_id\\\":5,\\\"plan_cuenta_id\\\":96,\\\"code_citi_alic_iva\\\":5}},{\\\"id\\\":36581,\\\"user_id\\\":7768,\\\"period_liquidation_id\\\":261,\\\"period_liquidation_iva_id\\\":127,\\\"period_id\\\":88852,\\\"person_id\\\":41298,\\\"activity_id\\\":1,\\\"iva_creditos_tipo_id\\\":1,\\\"type\\\":2,\\\"tax_id\\\":2,\\\"taxabled_amount\\\":\\\"0.00\\\",\\\"iva_amount\\\":\\\"0.00\\\",\\\"created_at\\\":\\\"2022-09-14T16:40:07.000000Z\\\",\\\"updated_at\\\":\\\"2022-09-14T16:40:07.000000Z\\\",\\\"ordr\\\":5,\\\"deleted_at\\\":null,\\\"base\\\":\\\"0.00\\\",\\\"system_taxes\\\":{\\\"id\\\":2,\\\"created_at\\\":null,\\\"updated_at\\\":\\\"2020-04-16T13:33:23.000000Z\\\",\\\"name\\\":\\\"gravado al 21%\\\",\\\"apply_to\\\":\\\"iva\\\",\\\"ammount_permited\\\":1,\\\"percent_iva\\\":\\\"21.00\\\",\\\"taxable_iibb\\\":1,\\\"taxable_iva\\\":1,\\\"code\\\":5,\\\"status\\\":1,\\\"afip_alicuota_id\\\":5,\\\"plan_cuenta_id\\\":96,\\\"code_citi_alic_iva\\\":5}},{\\\"id\\\":36582,\\\"user_id\\\":7768,\\\"period_liquidation_id\\\":261,\\\"period_liquidation_iva_id\\\":127,\\\"period_id\\\":88852,\\\"person_id\\\":41298,\\\"activity_id\\\":1,\\\"iva_creditos_tipo_id\\\":5,\\\"type\\\":2,\\\"tax_id\\\":2,\\\"taxabled_amount\\\":\\\"0.00\\\",\\\"iva_amount\\\":\\\"0.00\\\",\\\"created_at\\\":\\\"2022-09-14T16:40:07.000000Z\\\",\\\"updated_at\\\":\\\"2022-09-14T16:40:07.000000Z\\\",\\\"ordr\\\":5,\\\"deleted_at\\\":null,\\\"base\\\":\\\"0.00\\\",\\\"system_taxes\\\":{\\\"id\\\":2,\\\"created_at\\\":null,\\\"updated_at\\\":\\\"2020-04-16T13:33:23.000000Z\\\",\\\"name\\\":\\\"gravado al 21%\\\",\\\"apply_to\\\":\\\"iva\\\",\\\"ammount_permited\\\":1,\\\"percent_iva\\\":\\\"21.00\\\",\\\"taxable_iibb\\\":1,\\\"taxable_iva\\\":1,\\\"code\\\":5,\\\"status\\\":1,\\\"afip_alicuota_id\\\":5,\\\"plan_cuenta_id\\\":96,\\\"code_citi_alic_iva\\\":5}},{\\\"id\\\":36583,\\\"user_id\\\":7768,\\\"period_liquidation_id\\\":261,\\\"period_liquidation_iva_id\\\":127,\\\"period_id\\\":88852,\\\"person_id\\\":41298,\\\"activity_id\\\":1,\\\"iva_creditos_tipo_id\\\":13,\\\"type\\\":2,\\\"tax_id\\\":2,\\\"taxabled_amount\\\":\\\"0.00\\\",\\\"iva_amount\\\":\\\"0.00\\\",\\\"created_at\\\":\\\"2022-09-14T16:40:07.000000Z\\\",\\\"updated_at\\\":\\\"2022-09-14T16:40:07.000000Z\\\",\\\"ordr\\\":5,\\\"deleted_at\\\":null,\\\"base\\\":\\\"0.00\\\",\\\"system_taxes\\\":{\\\"id\\\":2,\\\"created_at\\\":null,\\\"updated_at\\\":\\\"2020-04-16T13:33:23.000000Z\\\",\\\"name\\\":\\\"gravado al 21%\\\",\\\"apply_to\\\":\\\"iva\\\",\\\"ammount_permited\\\":1,\\\"percent_iva\\\":\\\"21.00\\\",\\\"taxable_iibb\\\":1,\\\"taxable_iva\\\":1,\\\"code\\\":5,\\\"status\\\":1,\\\"afip_alicuota_id\\\":5,\\\"plan_cuenta_id\\\":96,\\\"code_citi_alic_iva\\\":5}},{\\\"id\\\":36584,\\\"user_id\\\":7768,\\\"period_liquidation_id\\\":261,\\\"period_liquidation_iva_id\\\":127,\\\"period_id\\\":88852,\\\"person_id\\\":41298,\\\"activity_id\\\":1,\\\"iva_creditos_tipo_id\\\":10,\\\"type\\\":2,\\\"tax_id\\\":2,\\\"taxabled_amount\\\":\\\"0.00\\\",\\\"iva_amount\\\":\\\"0.00\\\",\\\"created_at\\\":\\\"2022-09-14T16:40:07.000000Z\\\",\\\"updated_at\\\":\\\"2022-09-14T16:40:07.000000Z\\\",\\\"ordr\\\":5,\\\"deleted_at\\\":null,\\\"base\\\":\\\"0.00\\\",\\\"system_taxes\\\":{\\\"id\\\":2,\\\"created_at\\\":null,\\\"updated_at\\\":\\\"2020-04-16T13:33:23.000000Z\\\",\\\"name\\\":\\\"gravado al 21%\\\",\\\"apply_to\\\":\\\"iva\\\",\\\"ammount_permited\\\":1,\\\"percent_iva\\\":\\\"21.00\\\",\\\"taxable_iibb\\\":1,\\\"taxable_iva\\\":1,\\\"code\\\":5,\\\"status\\\":1,\\\"afip_alicuota_id\\\":5,\\\"plan_cuenta_id\\\":96,\\\"code_citi_alic_iva\\\":5}},{\\\"id\\\":36585,\\\"user_id\\\":7768,\\\"period_liquidation_id\\\":261,\\\"period_liquidation_iva_id\\\":127,\\\"period_id\\\":88852,\\\"person_id\\\":41298,\\\"activity_id\\\":1,\\\"iva_creditos_tipo_id\\\":2,\\\"type\\\":2,\\\"tax_id\\\":2,\\\"taxabled_amount\\\":\\\"0.00\\\",\\\"iva_amount\\\":\\\"0.00\\\",\\\"created_at\\\":\\\"2022-09-14T16:40:07.000000Z\\\",\\\"updated_at\\\":\\\"2022-09-14T16:40:07.000000Z\\\",\\\"ordr\\\":5,\\\"deleted_at\\\":null,\\\"base\\\":\\\"0.00\\\",\\\"system_taxes\\\":{\\\"id\\\":2,\\\"created_at\\\":null,\\\"updated_at\\\":\\\"2020-04-16T13:33:23.000000Z\\\",\\\"name\\\":\\\"gravado al 21%\\\",\\\"apply_to\\\":\\\"iva\\\",\\\"ammount_permited\\\":1,\\\"percent_iva\\\":\\\"21.00\\\",\\\"taxable_iibb\\\":1,\\\"taxable_iva\\\":1,\\\"code\\\":5,\\\"status\\\":1,\\\"afip_alicuota_id\\\":5,\\\"plan_cuenta_id\\\":96,\\\"code_citi_alic_iva\\\":5}},{\\\"id\\\":36586,\\\"user_id\\\":7768,\\\"period_liquidation_id\\\":261,\\\"period_liquidation_iva_id\\\":127,\\\"period_id\\\":88852,\\\"person_id\\\":41298,\\\"activity_id\\\":1,\\\"iva_creditos_tipo_id\\\":6,\\\"type\\\":2,\\\"tax_id\\\":2,\\\"taxabled_amount\\\":\\\"0.00\\\",\\\"iva_amount\\\":\\\"0.00\\\",\\\"created_at\\\":\\\"2022-09-14T16:40:07.000000Z\\\",\\\"updated_at\\\":\\\"2022-09-14T16:40:07.000000Z\\\",\\\"ordr\\\":5,\\\"deleted_at\\\":null,\\\"base\\\":\\\"0.00\\\",\\\"system_taxes\\\":{\\\"id\\\":2,\\\"created_at\\\":null,\\\"updated_at\\\":\\\"2020-04-16T13:33:23.000000Z\\\",\\\"name\\\":\\\"gravado al 21%\\\",\\\"apply_to\\\":\\\"iva\\\",\\\"ammount_permited\\\":1,\\\"percent_iva\\\":\\\"21.00\\\",\\\"taxable_iibb\\\":1,\\\"taxable_iva\\\":1,\\\"code\\\":5,\\\"status\\\":1,\\\"afip_alicuota_id\\\":5,\\\"plan_cuenta_id\\\":96,\\\"code_citi_alic_iva\\\":5}},{\\\"id\\\":36587,\\\"user_id\\\":7768,\\\"period_liquidation_id\\\":261,\\\"period_liquidation_iva_id\\\":127,\\\"period_id\\\":88852,\\\"person_id\\\":41298,\\\"activity_id\\\":1,\\\"iva_creditos_tipo_id\\\":14,\\\"type\\\":2,\\\"tax_id\\\":2,\\\"taxabled_amount\\\":\\\"0.00\\\",\\\"iva_amount\\\":\\\"0.00\\\",\\\"created_at\\\":\\\"2022-09-14T16:40:07.000000Z\\\",\\\"updated_at\\\":\\\"2022-09-14T16:40:07.000000Z\\\",\\\"ordr\\\":5,\\\"deleted_at\\\":null,\\\"base\\\":\\\"0.00\\\",\\\"system_taxes\\\":{\\\"id\\\":2,\\\"created_at\\\":null,\\\"updated_at\\\":\\\"2020-04-16T13:33:23.000000Z\\\",\\\"name\\\":\\\"gravado al 21%\\\",\\\"apply_to\\\":\\\"iva\\\",\\\"ammount_permited\\\":1,\\\"percent_iva\\\":\\\"21.00\\\",\\\"taxable_iibb\\\":1,\\\"taxable_iva\\\":1,\\\"code\\\":5,\\\"status\\\":1,\\\"afip_alicuota_id\\\":5,\\\"plan_cuenta_id\\\":96,\\\"code_citi_alic_iva\\\":5}},{\\\"id\\\":36588,\\\"user_id\\\":7768,\\\"period_liquidation_id\\\":261,\\\"period_liquidation_iva_id\\\":127,\\\"period_id\\\":88852,\\\"person_id\\\":41298,\\\"activity_id\\\":1,\\\"iva_creditos_tipo_id\\\":11,\\\"type\\\":2,\\\"tax_id\\\":2,\\\"taxabled_amount\\\":\\\"0.00\\\",\\\"iva_amount\\\":\\\"0.00\\\",\\\"created_at\\\":\\\"2022-09-14T16:40:07.000000Z\\\",\\\"updated_at\\\":\\\"2022-09-14T16:40:07.000000Z\\\",\\\"ordr\\\":5,\\\"deleted_at\\\":null,\\\"base\\\":\\\"0.00\\\",\\\"system_taxes\\\":{\\\"id\\\":2,\\\"created_at\\\":null,\\\"updated_at\\\":\\\"2020-04-16T13:33:23.000000Z\\\",\\\"name\\\":\\\"gravado al 21%\\\",\\\"apply_to\\\":\\\"iva\\\",\\\"ammount_permited\\\":1,\\\"percent_iva\\\":\\\"21.00\\\",\\\"taxable_iibb\\\":1,\\\"taxable_iva\\\":1,\\\"code\\\":5,\\\"status\\\":1,\\\"afip_alicuota_id\\\":5,\\\"plan_cuenta_id\\\":96,\\\"code_citi_alic_iva\\\":5}},{\\\"id\\\":36589,\\\"user_id\\\":7768,\\\"period_liquidation_id\\\":261,\\\"period_liquidation_iva_id\\\":127,\\\"period_id\\\":88852,\\\"person_id\\\":41298,\\\"activity_id\\\":1,\\\"iva_creditos_tipo_id\\\":3,\\\"type\\\":2,\\\"tax_id\\\":2,\\\"taxabled_amount\\\":\\\"0.00\\\",\\\"iva_amount\\\":\\\"0.00\\\",\\\"created_at\\\":\\\"2022-09-14T16:40:07.000000Z\\\",\\\"updated_at\\\":\\\"2022-09-14T16:40:07.000000Z\\\",\\\"ordr\\\":5,\\\"deleted_at\\\":null,\\\"base\\\":\\\"0.00\\\",\\\"system_taxes\\\":{\\\"id\\\":2,\\\"created_at\\\":null,\\\"updated_at\\\":\\\"2020-04-16T13:33:23.000000Z\\\",\\\"name\\\":\\\"gravado al 21%\\\",\\\"apply_to\\\":\\\"iva\\\",\\\"ammount_permited\\\":1,\\\"percent_iva\\\":\\\"21.00\\\",\\\"taxable_iibb\\\":1,\\\"taxable_iva\\\":1,\\\"code\\\":5,\\\"status\\\":1,\\\"afip_alicuota_id\\\":5,\\\"plan_cuenta_id\\\":96,\\\"code_citi_alic_iva\\\":5}},{\\\"id\\\":36590,\\\"user_id\\\":7768,\\\"period_liquidation_id\\\":261,\\\"period_liquidation_iva_id\\\":127,\\\"period_id\\\":88852,\\\"person_id\\\":41298,\\\"activity_id\\\":1,\\\"iva_creditos_tipo_id\\\":7,\\\"type\\\":2,\\\"tax_id\\\":2,\\\"taxabled_amount\\\":\\\"0.00\\\",\\\"iva_amount\\\":\\\"0.00\\\",\\\"created_at\\\":\\\"2022-09-14T16:40:07.000000Z\\\",\\\"updated_at\\\":\\\"2022-09-14T16:40:07.000000Z\\\",\\\"ordr\\\":5,\\\"deleted_at\\\":null,\\\"base\\\":\\\"0.00\\\",\\\"system_taxes\\\":{\\\"id\\\":2,\\\"created_at\\\":null,\\\"updated_at\\\":\\\"2020-04-16T13:33:23.000000Z\\\",\\\"name\\\":\\\"gravado al 21%\\\",\\\"apply_to\\\":\\\"iva\\\",\\\"ammount_permited\\\":1,\\\"percent_iva\\\":\\\"21.00\\\",\\\"taxable_iibb\\\":1,\\\"taxable_iva\\\":1,\\\"code\\\":5,\\\"status\\\":1,\\\"afip_alicuota_id\\\":5,\\\"plan_cuenta_id\\\":96,\\\"code_citi_alic_iva\\\":5}},{\\\"id\\\":36591,\\\"user_id\\\":7768,\\\"period_liquidation_id\\\":261,\\\"period_liquidation_iva_id\\\":127,\\\"period_id\\\":88852,\\\"person_id\\\":41298,\\\"activity_id\\\":1,\\\"iva_creditos_tipo_id\\\":9,\\\"type\\\":2,\\\"tax_id\\\":1,\\\"taxabled_amount\\\":\\\"0.00\\\",\\\"iva_amount\\\":\\\"0.00\\\",\\\"created_at\\\":\\\"2022-09-14T16:40:07.000000Z\\\",\\\"updated_at\\\":\\\"2022-09-14T16:40:07.000000Z\\\",\\\"ordr\\\":5,\\\"deleted_at\\\":null,\\\"base\\\":\\\"0.00\\\",\\\"system_taxes\\\":{\\\"id\\\":1,\\\"created_at\\\":null,\\\"updated_at\\\":\\\"2020-04-16T13:33:23.000000Z\\\",\\\"name\\\":\\\"gravado al 10,5%\\\",\\\"apply_to\\\":\\\"iva\\\",\\\"ammount_permited\\\":1,\\\"percent_iva\\\":\\\"10.50\\\",\\\"taxable_iibb\\\":1,\\\"taxable_iva\\\":1,\\\"code\\\":4,\\\"status\\\":1,\\\"afip_alicuota_id\\\":4,\\\"plan_cuenta_id\\\":96,\\\"code_citi_alic_iva\\\":4}},{\\\"id\\\":36592,\\\"user_id\\\":7768,\\\"period_liquidation_id\\\":261,\\\"period_liquidation_iva_id\\\":127,\\\"period_id\\\":88852,\\\"person_id\\\":41298,\\\"activity_id\\\":1,\\\"iva_creditos_tipo_id\\\":1,\\\"type\\\":2,\\\"tax_id\\\":1,\\\"taxabled_amount\\\":\\\"0.00\\\",\\\"iva_amount\\\":\\\"0.00\\\",\\\"created_at\\\":\\\"2022-09-14T16:40:07.000000Z\\\",\\\"updated_at\\\":\\\"2022-09-14T16:40:07.000000Z\\\",\\\"ordr\\\":5,\\\"deleted_at\\\":null,\\\"base\\\":\\\"0.00\\\",\\\"system_taxes\\\":{\\\"id\\\":1,\\\"created_at\\\":null,\\\"updated_at\\\":\\\"2020-04-16T13:33:23.000000Z\\\",\\\"name\\\":\\\"gravado al 10,5%\\\",\\\"apply_to\\\":\\\"iva\\\",\\\"ammount_permited\\\":1,\\\"percent_iva\\\":\\\"10.50\\\",\\\"taxable_iibb\\\":1,\\\"taxable_iva\\\":1,\\\"code\\\":4,\\\"status\\\":1,\\\"afip_alicuota_id\\\":4,\\\"plan_cuenta_id\\\":96,\\\"code_citi_alic_iva\\\":4}},{\\\"id\\\":36593,\\\"user_id\\\":7768,\\\"period_liquidation_id\\\":261,\\\"period_liquidation_iva_id\\\":127,\\\"period_id\\\":88852,\\\"person_id\\\":41298,\\\"activity_id\\\":1,\\\"iva_creditos_tipo_id\\\":5,\\\"type\\\":2,\\\"tax_id\\\":1,\\\"taxabled_amount\\\":\\\"0.00\\\",\\\"iva_amount\\\":\\\"0.00\\\",\\\"created_at\\\":\\\"2022-09-14T16:40:07.000000Z\\\",\\\"updated_at\\\":\\\"2022-09-14T16:40:07.000000Z\\\",\\\"ordr\\\":5,\\\"deleted_at\\\":null,\\\"base\\\":\\\"0.00\\\",\\\"system_taxes\\\":{\\\"id\\\":1,\\\"created_at\\\":null,\\\"updated_at\\\":\\\"2020-04-16T13:33:23.000000Z\\\",\\\"name\\\":\\\"gravado al 10,5%\\\",\\\"apply_to\\\":\\\"iva\\\",\\\"ammount_permited\\\":1,\\\"percent_iva\\\":\\\"10.50\\\",\\\"taxable_iibb\\\":1,\\\"taxable_iva\\\":1,\\\"code\\\":4,\\\"status\\\":1,\\\"afip_alicuota_id\\\":4,\\\"plan_cuenta_id\\\":96,\\\"code_citi_alic_iva\\\":4}},{\\\"id\\\":36594,\\\"user_id\\\":7768,\\\"period_liquidation_id\\\":261,\\\"period_liquidation_iva_id\\\":127,\\\"period_id\\\":88852,\\\"person_id\\\":41298,\\\"activity_id\\\":1,\\\"iva_creditos_tipo_id\\\":13,\\\"type\\\":2,\\\"tax_id\\\":1,\\\"taxabled_amount\\\":\\\"0.00\\\",\\\"iva_amount\\\":\\\"0.00\\\",\\\"created_at\\\":\\\"2022-09-14T16:40:07.000000Z\\\",\\\"updated_at\\\":\\\"2022-09-14T16:40:07.000000Z\\\",\\\"ordr\\\":5,\\\"deleted_at\\\":null,\\\"base\\\":\\\"0.00\\\",\\\"system_taxes\\\":{\\\"id\\\":1,\\\"created_at\\\":null,\\\"updated_at\\\":\\\"2020-04-16T13:33:23.000000Z\\\",\\\"name\\\":\\\"gravado al 10,5%\\\",\\\"apply_to\\\":\\\"iva\\\",\\\"ammount_permited\\\":1,\\\"percent_iva\\\":\\\"10.50\\\",\\\"taxable_iibb\\\":1,\\\"taxable_iva\\\":1,\\\"code\\\":4,\\\"status\\\":1,\\\"afip_alicuota_id\\\":4,\\\"plan_cuenta_id\\\":96,\\\"code_citi_alic_iva\\\":4}},{\\\"id\\\":36595,\\\"user_id\\\":7768,\\\"period_liquidation_id\\\":261,\\\"period_liquidation_iva_id\\\":127,\\\"period_id\\\":88852,\\\"person_id\\\":41298,\\\"activity_id\\\":1,\\\"iva_creditos_tipo_id\\\":10,\\\"type\\\":2,\\\"tax_id\\\":1,\\\"taxabled_amount\\\":\\\"0.00\\\",\\\"iva_amount\\\":\\\"0.00\\\",\\\"created_at\\\":\\\"2022-09-14T16:40:07.000000Z\\\",\\\"updated_at\\\":\\\"2022-09-14T16:40:07.000000Z\\\",\\\"ordr\\\":5,\\\"deleted_at\\\":null,\\\"base\\\":\\\"0.00\\\",\\\"system_taxes\\\":{\\\"id\\\":1,\\\"created_at\\\":null,\\\"updated_at\\\":\\\"2020-04-16T13:33:23.000000Z\\\",\\\"name\\\":\\\"gravado al 10,5%\\\",\\\"apply_to\\\":\\\"iva\\\",\\\"ammount_permited\\\":1,\\\"percent_iva\\\":\\\"10.50\\\",\\\"taxable_iibb\\\":1,\\\"taxable_iva\\\":1,\\\"code\\\":4,\\\"status\\\":1,\\\"afip_alicuota_id\\\":4,\\\"plan_cuenta_id\\\":96,\\\"code_citi_alic_iva\\\":4}},{\\\"id\\\":36596,\\\"user_id\\\":7768,\\\"period_liquidation_id\\\":261,\\\"period_liquidation_iva_id\\\":127,\\\"period_id\\\":88852,\\\"person_id\\\":41298,\\\"activity_id\\\":1,\\\"iva_creditos_tipo_id\\\":2,\\\"type\\\":2,\\\"tax_id\\\":1,\\\"taxabled_amount\\\":\\\"0.00\\\",\\\"iva_amount\\\":\\\"0.00\\\",\\\"created_at\\\":\\\"2022-09-14T16:40:07.000000Z\\\",\\\"updated_at\\\":\\\"2022-09-14T16:40:07.000000Z\\\",\\\"ordr\\\":5,\\\"deleted_at\\\":null,\\\"base\\\":\\\"0.00\\\",\\\"system_taxes\\\":{\\\"id\\\":1,\\\"created_at\\\":null,\\\"updated_at\\\":\\\"2020-04-16T13:33:23.000000Z\\\",\\\"name\\\":\\\"gravado al 10,5%\\\",\\\"apply_to\\\":\\\"iva\\\",\\\"ammount_permited\\\":1,\\\"percent_iva\\\":\\\"10.50\\\",\\\"taxable_iibb\\\":1,\\\"taxable_iva\\\":1,\\\"code\\\":4,\\\"status\\\":1,\\\"afip_alicuota_id\\\":4,\\\"plan_cuenta_id\\\":96,\\\"code_citi_alic_iva\\\":4}},{\\\"id\\\":36597,\\\"user_id\\\":7768,\\\"period_liquidation_id\\\":261,\\\"period_liquidation_iva_id\\\":127,\\\"period_id\\\":88852,\\\"person_id\\\":41298,\\\"activity_id\\\":1,\\\"iva_creditos_tipo_id\\\":6,\\\"type\\\":2,\\\"tax_id\\\":1,\\\"taxabled_amount\\\":\\\"0.00\\\",\\\"iva_amount\\\":\\\"0.00\\\",\\\"created_at\\\":\\\"2022-09-14T16:40:07.000000Z\\\",\\\"updated_at\\\":\\\"2022-09-14T16:40:07.000000Z\\\",\\\"ordr\\\":5,\\\"deleted_at\\\":null,\\\"base\\\":\\\"0.00\\\",\\\"system_taxes\\\":{\\\"id\\\":1,\\\"created_at\\\":null,\\\"updated_at\\\":\\\"2020-04-16T13:33:23.000000Z\\\",\\\"name\\\":\\\"gravado al 10,5%\\\",\\\"apply_to\\\":\\\"iva\\\",\\\"ammount_permited\\\":1,\\\"percent_iva\\\":\\\"10.50\\\",\\\"taxable_iibb\\\":1,\\\"taxable_iva\\\":1,\\\"code\\\":4,\\\"status\\\":1,\\\"afip_alicuota_id\\\":4,\\\"plan_cuenta_id\\\":96,\\\"code_citi_alic_iva\\\":4}},{\\\"id\\\":36598,\\\"user_id\\\":7768,\\\"period_liquidation_id\\\":261,\\\"period_liquidation_iva_id\\\":127,\\\"period_id\\\":88852,\\\"person_id\\\":41298,\\\"activity_id\\\":1,\\\"iva_creditos_tipo_id\\\":14,\\\"type\\\":2,\\\"tax_id\\\":1,\\\"taxabled_amount\\\":\\\"0.00\\\",\\\"iva_amount\\\":\\\"0.00\\\",\\\"created_at\\\":\\\"2022-09-14T16:40:07.000000Z\\\",\\\"updated_at\\\":\\\"2022-09-14T16:40:07.000000Z\\\",\\\"ordr\\\":5,\\\"deleted_at\\\":null,\\\"base\\\":\\\"0.00\\\",\\\"system_taxes\\\":{\\\"id\\\":1,\\\"created_at\\\":null,\\\"updated_at\\\":\\\"2020-04-16T13:33:23.000000Z\\\",\\\"name\\\":\\\"gravado al 10,5%\\\",\\\"apply_to\\\":\\\"iva\\\",\\\"ammount_permited\\\":1,\\\"percent_iva\\\":\\\"10.50\\\",\\\"taxable_iibb\\\":1,\\\"taxable_iva\\\":1,\\\"code\\\":4,\\\"status\\\":1,\\\"afip_alicuota_id\\\":4,\\\"plan_cuenta_id\\\":96,\\\"code_citi_alic_iva\\\":4}},{\\\"id\\\":36599,\\\"user_id\\\":7768,\\\"period_liquidation_id\\\":261,\\\"period_liquidation_iva_id\\\":127,\\\"period_id\\\":88852,\\\"person_id\\\":41298,\\\"activity_id\\\":1,\\\"iva_creditos_tipo_id\\\":11,\\\"type\\\":2,\\\"tax_id\\\":1,\\\"taxabled_amount\\\":\\\"0.00\\\",\\\"iva_amount\\\":\\\"0.00\\\",\\\"created_at\\\":\\\"2022-09-14T16:40:07.000000Z\\\",\\\"updated_at\\\":\\\"2022-09-14T16:40:07.000000Z\\\",\\\"ordr\\\":5,\\\"deleted_at\\\":null,\\\"base\\\":\\\"0.00\\\",\\\"system_taxes\\\":{\\\"id\\\":1,\\\"created_at\\\":null,\\\"updated_at\\\":\\\"2020-04-16T13:33:23.000000Z\\\",\\\"name\\\":\\\"gravado al 10,5%\\\",\\\"apply_to\\\":\\\"iva\\\",\\\"ammount_permited\\\":1,\\\"percent_iva\\\":\\\"10.50\\\",\\\"taxable_iibb\\\":1,\\\"taxable_iva\\\":1,\\\"code\\\":4,\\\"status\\\":1,\\\"afip_alicuota_id\\\":4,\\\"plan_cuenta_id\\\":96,\\\"code_citi_alic_iva\\\":4}},{\\\"id\\\":36600,\\\"user_id\\\":7768,\\\"period_liquidation_id\\\":261,\\\"period_liquidation_iva_id\\\":127,\\\"period_id\\\":88852,\\\"person_id\\\":41298,\\\"activity_id\\\":1,\\\"iva_creditos_tipo_id\\\":3,\\\"type\\\":2,\\\"tax_id\\\":1,\\\"taxabled_amount\\\":\\\"0.00\\\",\\\"iva_amount\\\":\\\"0.00\\\",\\\"created_at\\\":\\\"2022-09-14T16:40:07.000000Z\\\",\\\"updated_at\\\":\\\"2022-09-14T16:40:07.000000Z\\\",\\\"ordr\\\":5,\\\"deleted_at\\\":null,\\\"base\\\":\\\"0.00\\\",\\\"system_taxes\\\":{\\\"id\\\":1,\\\"created_at\\\":null,\\\"updated_at\\\":\\\"2020-04-16T13:33:23.000000Z\\\",\\\"name\\\":\\\"gravado al 10,5%\\\",\\\"apply_to\\\":\\\"iva\\\",\\\"ammount_permited\\\":1,\\\"percent_iva\\\":\\\"10.50\\\",\\\"taxable_iibb\\\":1,\\\"taxable_iva\\\":1,\\\"code\\\":4,\\\"status\\\":1,\\\"afip_alicuota_id\\\":4,\\\"plan_cuenta_id\\\":96,\\\"code_citi_alic_iva\\\":4}},{\\\"id\\\":36601,\\\"user_id\\\":7768,\\\"period_liquidation_id\\\":261,\\\"period_liquidation_iva_id\\\":127,\\\"period_id\\\":88852,\\\"person_id\\\":41298,\\\"activity_id\\\":1,\\\"iva_creditos_tipo_id\\\":7,\\\"type\\\":2,\\\"tax_id\\\":1,\\\"taxabled_amount\\\":\\\"0.00\\\",\\\"iva_amount\\\":\\\"0.00\\\",\\\"created_at\\\":\\\"2022-09-14T16:40:07.000000Z\\\",\\\"updated_at\\\":\\\"2022-09-14T16:40:07.000000Z\\\",\\\"ordr\\\":5,\\\"deleted_at\\\":null,\\\"base\\\":\\\"0.00\\\",\\\"system_taxes\\\":{\\\"id\\\":1,\\\"created_at\\\":null,\\\"updated_at\\\":\\\"2020-04-16T13:33:23.000000Z\\\",\\\"name\\\":\\\"gravado al 10,5%\\\",\\\"apply_to\\\":\\\"iva\\\",\\\"ammount_permited\\\":1,\\\"percent_iva\\\":\\\"10.50\\\",\\\"taxable_iibb\\\":1,\\\"taxable_iva\\\":1,\\\"code\\\":4,\\\"status\\\":1,\\\"afip_alicuota_id\\\":4,\\\"plan_cuenta_id\\\":96,\\\"code_citi_alic_iva\\\":4}},{\\\"id\\\":36602,\\\"user_id\\\":7768,\\\"period_liquidation_id\\\":261,\\\"period_liquidation_iva_id\\\":127,\\\"period_id\\\":88852,\\\"person_id\\\":41298,\\\"activity_id\\\":1,\\\"iva_creditos_tipo_id\\\":12,\\\"type\\\":2,\\\"tax_id\\\":1,\\\"taxabled_amount\\\":\\\"0.00\\\",\\\"iva_amount\\\":\\\"0.00\\\",\\\"created_at\\\":\\\"2022-09-14T16:40:07.000000Z\\\",\\\"updated_at\\\":\\\"2022-09-14T16:40:07.000000Z\\\",\\\"ordr\\\":5,\\\"deleted_at\\\":null,\\\"base\\\":\\\"0.00\\\",\\\"system_taxes\\\":{\\\"id\\\":1,\\\"created_at\\\":null,\\\"updated_at\\\":\\\"2020-04-16T13:33:23.000000Z\\\",\\\"name\\\":\\\"gravado al 10,5%\\\",\\\"apply_to\\\":\\\"iva\\\",\\\"ammount_permited\\\":1,\\\"percent_iva\\\":\\\"10.50\\\",\\\"taxable_iibb\\\":1,\\\"taxable_iva\\\":1,\\\"code\\\":4,\\\"status\\\":1,\\\"afip_alicuota_id\\\":4,\\\"plan_cuenta_id\\\":96,\\\"code_citi_alic_iva\\\":4}},{\\\"id\\\":36603,\\\"user_id\\\":7768,\\\"period_liquidation_id\\\":261,\\\"period_liquidation_iva_id\\\":127,\\\"period_id\\\":88852,\\\"person_id\\\":41298,\\\"activity_id\\\":1,\\\"iva_creditos_tipo_id\\\":4,\\\"type\\\":2,\\\"tax_id\\\":1,\\\"taxabled_amount\\\":\\\"0.00\\\",\\\"iva_amount\\\":\\\"0.00\\\",\\\"created_at\\\":\\\"2022-09-14T16:40:07.000000Z\\\",\\\"updated_at\\\":\\\"2022-09-14T16:40:07.000000Z\\\",\\\"ordr\\\":5,\\\"deleted_at\\\":null,\\\"base\\\":\\\"0.00\\\",\\\"system_taxes\\\":{\\\"id\\\":1,\\\"created_at\\\":null,\\\"updated_at\\\":\\\"2020-04-16T13:33:23.000000Z\\\",\\\"name\\\":\\\"gravado al 10,5%\\\",\\\"apply_to\\\":\\\"iva\\\",\\\"ammount_permited\\\":1,\\\"percent_iva\\\":\\\"10.50\\\",\\\"taxable_iibb\\\":1,\\\"taxable_iva\\\":1,\\\"code\\\":4,\\\"status\\\":1,\\\"afip_alicuota_id\\\":4,\\\"plan_cuenta_id\\\":96,\\\"code_citi_alic_iva\\\":4}},{\\\"id\\\":36604,\\\"user_id\\\":7768,\\\"period_liquidation_id\\\":261,\\\"period_liquidation_iva_id\\\":127,\\\"period_id\\\":88852,\\\"person_id\\\":41298,\\\"activity_id\\\":1,\\\"iva_creditos_tipo_id\\\":8,\\\"type\\\":2,\\\"tax_id\\\":1,\\\"taxabled_amount\\\":\\\"0.00\\\",\\\"iva_amount\\\":\\\"0.00\\\",\\\"created_at\\\":\\\"2022-09-14T16:40:07.000000Z\\\",\\\"updated_at\\\":\\\"2022-09-14T16:40:07.000000Z\\\",\\\"ordr\\\":5,\\\"deleted_at\\\":null,\\\"base\\\":\\\"0.00\\\",\\\"system_taxes\\\":{\\\"id\\\":1,\\\"created_at\\\":null,\\\"updated_at\\\":\\\"2020-04-16T13:33:23.000000Z\\\",\\\"name\\\":\\\"gravado al 10,5%\\\",\\\"apply_to\\\":\\\"iva\\\",\\\"ammount_permited\\\":1,\\\"percent_iva\\\":\\\"10.50\\\",\\\"taxable_iibb\\\":1,\\\"taxable_iva\\\":1,\\\"code\\\":4,\\\"status\\\":1,\\\"afip_alicuota_id\\\":4,\\\"plan_cuenta_id\\\":96,\\\"code_citi_alic_iva\\\":4}},{\\\"id\\\":36605,\\\"user_id\\\":7768,\\\"period_liquidation_id\\\":261,\\\"period_liquidation_iva_id\\\":127,\\\"period_id\\\":88852,\\\"person_id\\\":41298,\\\"activity_id\\\":1,\\\"iva_creditos_tipo_id\\\":9,\\\"type\\\":2,\\\"tax_id\\\":5,\\\"taxabled_amount\\\":\\\"0.00\\\",\\\"iva_amount\\\":\\\"0.00\\\",\\\"created_at\\\":\\\"2022-09-14T16:40:07.000000Z\\\",\\\"updated_at\\\":\\\"2022-09-14T16:40:07.000000Z\\\",\\\"ordr\\\":5,\\\"deleted_at\\\":null,\\\"base\\\":\\\"0.00\\\",\\\"system_taxes\\\":{\\\"id\\\":5,\\\"created_at\\\":null,\\\"updated_at\\\":\\\"2020-04-16T13:33:23.000000Z\\\",\\\"name\\\":\\\"gravado al 5%\\\",\\\"apply_to\\\":\\\"iva\\\",\\\"ammount_permited\\\":1,\\\"percent_iva\\\":\\\"5.00\\\",\\\"taxable_iibb\\\":1,\\\"taxable_iva\\\":1,\\\"code\\\":8,\\\"status\\\":1,\\\"afip_alicuota_id\\\":8,\\\"plan_cuenta_id\\\":96,\\\"code_citi_alic_iva\\\":8}},{\\\"id\\\":36606,\\\"user_id\\\":7768,\\\"period_liquidation_id\\\":261,\\\"period_liquidation_iva_id\\\":127,\\\"period_id\\\":88852,\\\"person_id\\\":41298,\\\"activity_id\\\":1,\\\"iva_creditos_tipo_id\\\":1,\\\"type\\\":2,\\\"tax_id\\\":5,\\\"taxabled_amount\\\":\\\"0.00\\\",\\\"iva_amount\\\":\\\"0.00\\\",\\\"created_at\\\":\\\"2022-09-14T16:40:07.000000Z\\\",\\\"updated_at\\\":\\\"2022-09-14T16:40:07.000000Z\\\",\\\"ordr\\\":5,\\\"deleted_at\\\":null,\\\"base\\\":\\\"0.00\\\",\\\"system_taxes\\\":{\\\"id\\\":5,\\\"created_at\\\":null,\\\"updated_at\\\":\\\"2020-04-16T13:33:23.000000Z\\\",\\\"name\\\":\\\"gravado al 5%\\\",\\\"apply_to\\\":\\\"iva\\\",\\\"ammount_permited\\\":1,\\\"percent_iva\\\":\\\"5.00\\\",\\\"taxable_iibb\\\":1,\\\"taxable_iva\\\":1,\\\"code\\\":8,\\\"status\\\":1,\\\"afip_alicuota_id\\\":8,\\\"plan_cuenta_id\\\":96,\\\"code_citi_alic_iva\\\":8}},{\\\"id\\\":36607,\\\"user_id\\\":7768,\\\"period_liquidation_id\\\":261,\\\"period_liquidation_iva_id\\\":127,\\\"period_id\\\":88852,\\\"person_id\\\":41298,\\\"activity_id\\\":1,\\\"iva_creditos_tipo_id\\\":5,\\\"type\\\":2,\\\"tax_id\\\":5,\\\"taxabled_amount\\\":\\\"0.00\\\",\\\"iva_amount\\\":\\\"0.00\\\",\\\"created_at\\\":\\\"2022-09-14T16:40:07.000000Z\\\",\\\"updated_at\\\":\\\"2022-09-14T16:40:07.000000Z\\\",\\\"ordr\\\":5,\\\"deleted_at\\\":null,\\\"base\\\":\\\"0.00\\\",\\\"system_taxes\\\":{\\\"id\\\":5,\\\"created_at\\\":null,\\\"updated_at\\\":\\\"2020-04-16T13:33:23.000000Z\\\",\\\"name\\\":\\\"gravado al 5%\\\",\\\"apply_to\\\":\\\"iva\\\",\\\"ammount_permited\\\":1,\\\"percent_iva\\\":\\\"5.00\\\",\\\"taxable_iibb\\\":1,\\\"taxable_iva\\\":1,\\\"code\\\":8,\\\"status\\\":1,\\\"afip_alicuota_id\\\":8,\\\"plan_cuenta_id\\\":96,\\\"code_citi_alic_iva\\\":8}},{\\\"id\\\":36608,\\\"user_id\\\":7768,\\\"period_liquidation_id\\\":261,\\\"period_liquidation_iva_id\\\":127,\\\"period_id\\\":88852,\\\"person_id\\\":41298,\\\"activity_id\\\":1,\\\"iva_creditos_tipo_id\\\":13,\\\"type\\\":2,\\\"tax_id\\\":5,\\\"taxabled_amount\\\":\\\"0.00\\\",\\\"iva_amount\\\":\\\"0.00\\\",\\\"created_at\\\":\\\"2022-09-14T16:40:07.000000Z\\\",\\\"updated_at\\\":\\\"2022-09-14T16:40:07.000000Z\\\",\\\"ordr\\\":5,\\\"deleted_at\\\":null,\\\"base\\\":\\\"0.00\\\",\\\"system_taxes\\\":{\\\"id\\\":5,\\\"created_at\\\":null,\\\"updated_at\\\":\\\"2020-04-16T13:33:23.000000Z\\\",\\\"name\\\":\\\"gravado al 5%\\\",\\\"apply_to\\\":\\\"iva\\\",\\\"ammount_permited\\\":1,\\\"percent_iva\\\":\\\"5.00\\\",\\\"taxable_iibb\\\":1,\\\"taxable_iva\\\":1,\\\"code\\\":8,\\\"status\\\":1,\\\"afip_alicuota_id\\\":8,\\\"plan_cuenta_id\\\":96,\\\"code_citi_alic_iva\\\":8}},{\\\"id\\\":36609,\\\"user_id\\\":7768,\\\"period_liquidation_id\\\":261,\\\"period_liquidation_iva_id\\\":127,\\\"period_id\\\":88852,\\\"person_id\\\":41298,\\\"activity_id\\\":1,\\\"iva_creditos_tipo_id\\\":10,\\\"type\\\":2,\\\"tax_id\\\":5,\\\"taxabled_amount\\\":\\\"0.00\\\",\\\"iva_amount\\\":\\\"0.00\\\",\\\"created_at\\\":\\\"2022-09-14T16:40:07.000000Z\\\",\\\"updated_at\\\":\\\"2022-09-14T16:40:07.000000Z\\\",\\\"ordr\\\":5,\\\"deleted_at\\\":null,\\\"base\\\":\\\"0.00\\\",\\\"system_taxes\\\":{\\\"id\\\":5,\\\"created_at\\\":null,\\\"updated_at\\\":\\\"2020-04-16T13:33:23.000000Z\\\",\\\"name\\\":\\\"gravado al 5%\\\",\\\"apply_to\\\":\\\"iva\\\",\\\"ammount_permited\\\":1,\\\"percent_iva\\\":\\\"5.00\\\",\\\"taxable_iibb\\\":1,\\\"taxable_iva\\\":1,\\\"code\\\":8,\\\"status\\\":1,\\\"afip_alicuota_id\\\":8,\\\"plan_cuenta_id\\\":96,\\\"code_citi_alic_iva\\\":8}},{\\\"id\\\":36610,\\\"user_id\\\":7768,\\\"period_liquidation_id\\\":261,\\\"period_liquidation_iva_id\\\":127,\\\"period_id\\\":88852,\\\"person_id\\\":41298,\\\"activity_id\\\":1,\\\"iva_creditos_tipo_id\\\":2,\\\"type\\\":2,\\\"tax_id\\\":5,\\\"taxabled_amount\\\":\\\"0.00\\\",\\\"iva_amount\\\":\\\"0.00\\\",\\\"created_at\\\":\\\"2022-09-14T16:40:07.000000Z\\\",\\\"updated_at\\\":\\\"2022-09-14T16:40:07.000000Z\\\",\\\"ordr\\\":5,\\\"deleted_at\\\":null,\\\"base\\\":\\\"0.00\\\",\\\"system_taxes\\\":{\\\"id\\\":5,\\\"created_at\\\":null,\\\"updated_at\\\":\\\"2020-04-16T13:33:23.000000Z\\\",\\\"name\\\":\\\"gravado al 5%\\\",\\\"apply_to\\\":\\\"iva\\\",\\\"ammount_permited\\\":1,\\\"percent_iva\\\":\\\"5.00\\\",\\\"taxable_iibb\\\":1,\\\"taxable_iva\\\":1,\\\"code\\\":8,\\\"status\\\":1,\\\"afip_alicuota_id\\\":8,\\\"plan_cuenta_id\\\":96,\\\"code_citi_alic_iva\\\":8}},{\\\"id\\\":36611,\\\"user_id\\\":7768,\\\"period_liquidation_id\\\":261,\\\"period_liquidation_iva_id\\\":127,\\\"period_id\\\":88852,\\\"person_id\\\":41298,\\\"activity_id\\\":1,\\\"iva_creditos_tipo_id\\\":6,\\\"type\\\":2,\\\"tax_id\\\":5,\\\"taxabled_amount\\\":\\\"0.00\\\",\\\"iva_amount\\\":\\\"0.00\\\",\\\"created_at\\\":\\\"2022-09-14T16:40:07.000000Z\\\",\\\"updated_at\\\":\\\"2022-09-14T16:40:07.000000Z\\\",\\\"ordr\\\":5,\\\"deleted_at\\\":null,\\\"base\\\":\\\"0.00\\\",\\\"system_taxes\\\":{\\\"id\\\":5,\\\"created_at\\\":null,\\\"updated_at\\\":\\\"2020-04-16T13:33:23.000000Z\\\",\\\"name\\\":\\\"gravado al 5%\\\",\\\"apply_to\\\":\\\"iva\\\",\\\"ammount_permited\\\":1,\\\"percent_iva\\\":\\\"5.00\\\",\\\"taxable_iibb\\\":1,\\\"taxable_iva\\\":1,\\\"code\\\":8,\\\"status\\\":1,\\\"afip_alicuota_id\\\":8,\\\"plan_cuenta_id\\\":96,\\\"code_citi_alic_iva\\\":8}},{\\\"id\\\":36612,\\\"user_id\\\":7768,\\\"period_liquidation_id\\\":261,\\\"period_liquidation_iva_id\\\":127,\\\"period_id\\\":88852,\\\"person_id\\\":41298,\\\"activity_id\\\":1,\\\"iva_creditos_tipo_id\\\":14,\\\"type\\\":2,\\\"tax_id\\\":5,\\\"taxabled_amount\\\":\\\"0.00\\\",\\\"iva_amount\\\":\\\"0.00\\\",\\\"created_at\\\":\\\"2022-09-14T16:40:07.000000Z\\\",\\\"updated_at\\\":\\\"2022-09-14T16:40:07.000000Z\\\",\\\"ordr\\\":5,\\\"deleted_at\\\":null,\\\"base\\\":\\\"0.00\\\",\\\"system_taxes\\\":{\\\"id\\\":5,\\\"created_at\\\":null,\\\"updated_at\\\":\\\"2020-04-16T13:33:23.000000Z\\\",\\\"name\\\":\\\"gravado al 5%\\\",\\\"apply_to\\\":\\\"iva\\\",\\\"ammount_permited\\\":1,\\\"percent_iva\\\":\\\"5.00\\\",\\\"taxable_iibb\\\":1,\\\"taxable_iva\\\":1,\\\"code\\\":8,\\\"status\\\":1,\\\"afip_alicuota_id\\\":8,\\\"plan_cuenta_id\\\":96,\\\"code_citi_alic_iva\\\":8}},{\\\"id\\\":36613,\\\"user_id\\\":7768,\\\"period_liquidation_id\\\":261,\\\"period_liquidation_iva_id\\\":127,\\\"period_id\\\":88852,\\\"person_id\\\":41298,\\\"activity_id\\\":1,\\\"iva_creditos_tipo_id\\\":11,\\\"type\\\":2,\\\"tax_id\\\":5,\\\"taxabled_amount\\\":\\\"0.00\\\",\\\"iva_amount\\\":\\\"0.00\\\",\\\"created_at\\\":\\\"2022-09-14T16:40:07.000000Z\\\",\\\"updated_at\\\":\\\"2022-09-14T16:40:07.000000Z\\\",\\\"ordr\\\":5,\\\"deleted_at\\\":null,\\\"base\\\":\\\"0.00\\\",\\\"system_taxes\\\":{\\\"id\\\":5,\\\"created_at\\\":null,\\\"updated_at\\\":\\\"2020-04-16T13:33:23.000000Z\\\",\\\"name\\\":\\\"gravado al 5%\\\",\\\"apply_to\\\":\\\"iva\\\",\\\"ammount_permited\\\":1,\\\"percent_iva\\\":\\\"5.00\\\",\\\"taxable_iibb\\\":1,\\\"taxable_iva\\\":1,\\\"code\\\":8,\\\"status\\\":1,\\\"afip_alicuota_id\\\":8,\\\"plan_cuenta_id\\\":96,\\\"code_citi_alic_iva\\\":8}},{\\\"id\\\":36614,\\\"user_id\\\":7768,\\\"period_liquidation_id\\\":261,\\\"period_liquidation_iva_id\\\":127,\\\"period_id\\\":88852,\\\"person_id\\\":41298,\\\"activity_id\\\":1,\\\"iva_creditos_tipo_id\\\":3,\\\"type\\\":2,\\\"tax_id\\\":5,\\\"taxabled_amount\\\":\\\"0.00\\\",\\\"iva_amount\\\":\\\"0.00\\\",\\\"created_at\\\":\\\"2022-09-14T16:40:07.000000Z\\\",\\\"updated_at\\\":\\\"2022-09-14T16:40:07.000000Z\\\",\\\"ordr\\\":5,\\\"deleted_at\\\":null,\\\"base\\\":\\\"0.00\\\",\\\"system_taxes\\\":{\\\"id\\\":5,\\\"created_at\\\":null,\\\"updated_at\\\":\\\"2020-04-16T13:33:23.000000Z\\\",\\\"name\\\":\\\"gravado al 5%\\\",\\\"apply_to\\\":\\\"iva\\\",\\\"ammount_permited\\\":1,\\\"percent_iva\\\":\\\"5.00\\\",\\\"taxable_iibb\\\":1,\\\"taxable_iva\\\":1,\\\"code\\\":8,\\\"status\\\":1,\\\"afip_alicuota_id\\\":8,\\\"plan_cuenta_id\\\":96,\\\"code_citi_alic_iva\\\":8}},{\\\"id\\\":36615,\\\"user_id\\\":7768,\\\"period_liquidation_id\\\":261,\\\"period_liquidation_iva_id\\\":127,\\\"period_id\\\":88852,\\\"person_id\\\":41298,\\\"activity_id\\\":1,\\\"iva_creditos_tipo_id\\\":7,\\\"type\\\":2,\\\"tax_id\\\":5,\\\"taxabled_amount\\\":\\\"0.00\\\",\\\"iva_amount\\\":\\\"0.00\\\",\\\"created_at\\\":\\\"2022-09-14T16:40:07.000000Z\\\",\\\"updated_at\\\":\\\"2022-09-14T16:40:07.000000Z\\\",\\\"ordr\\\":5,\\\"deleted_at\\\":null,\\\"base\\\":\\\"0.00\\\",\\\"system_taxes\\\":{\\\"id\\\":5,\\\"created_at\\\":null,\\\"updated_at\\\":\\\"2020-04-16T13:33:23.000000Z\\\",\\\"name\\\":\\\"gravado al 5%\\\",\\\"apply_to\\\":\\\"iva\\\",\\\"ammount_permited\\\":1,\\\"percent_iva\\\":\\\"5.00\\\",\\\"taxable_iibb\\\":1,\\\"taxable_iva\\\":1,\\\"code\\\":8,\\\"status\\\":1,\\\"afip_alicuota_id\\\":8,\\\"plan_cuenta_id\\\":96,\\\"code_citi_alic_iva\\\":8}},{\\\"id\\\":36616,\\\"user_id\\\":7768,\\\"period_liquidation_id\\\":261,\\\"period_liquidation_iva_id\\\":127,\\\"period_id\\\":88852,\\\"person_id\\\":41298,\\\"activity_id\\\":1,\\\"iva_creditos_tipo_id\\\":8,\\\"type\\\":2,\\\"tax_id\\\":5,\\\"taxabled_amount\\\":\\\"0.00\\\",\\\"iva_amount\\\":\\\"0.00\\\",\\\"created_at\\\":\\\"2022-09-14T16:40:07.000000Z\\\",\\\"updated_at\\\":\\\"2022-09-14T16:40:07.000000Z\\\",\\\"ordr\\\":5,\\\"deleted_at\\\":null,\\\"base\\\":\\\"0.00\\\",\\\"system_taxes\\\":{\\\"id\\\":5,\\\"created_at\\\":null,\\\"updated_at\\\":\\\"2020-04-16T13:33:23.000000Z\\\",\\\"name\\\":\\\"gravado al 5%\\\",\\\"apply_to\\\":\\\"iva\\\",\\\"ammount_permited\\\":1,\\\"percent_iva\\\":\\\"5.00\\\",\\\"taxable_iibb\\\":1,\\\"taxable_iva\\\":1,\\\"code\\\":8,\\\"status\\\":1,\\\"afip_alicuota_id\\\":8,\\\"plan_cuenta_id\\\":96,\\\"code_citi_alic_iva\\\":8}},{\\\"id\\\":36617,\\\"user_id\\\":7768,\\\"period_liquidation_id\\\":261,\\\"period_liquidation_iva_id\\\":127,\\\"period_id\\\":88852,\\\"person_id\\\":41298,\\\"activity_id\\\":1,\\\"iva_creditos_tipo_id\\\":12,\\\"type\\\":2,\\\"tax_id\\\":5,\\\"taxabled_amount\\\":\\\"0.00\\\",\\\"iva_amount\\\":\\\"0.00\\\",\\\"created_at\\\":\\\"2022-09-14T16:40:07.000000Z\\\",\\\"updated_at\\\":\\\"2022-09-14T16:40:07.000000Z\\\",\\\"ordr\\\":5,\\\"deleted_at\\\":null,\\\"base\\\":\\\"0.00\\\",\\\"system_taxes\\\":{\\\"id\\\":5,\\\"created_at\\\":null,\\\"updated_at\\\":\\\"2020-04-16T13:33:23.000000Z\\\",\\\"name\\\":\\\"gravado al 5%\\\",\\\"apply_to\\\":\\\"iva\\\",\\\"ammount_permited\\\":1,\\\"percent_iva\\\":\\\"5.00\\\",\\\"taxable_iibb\\\":1,\\\"taxable_iva\\\":1,\\\"code\\\":8,\\\"status\\\":1,\\\"afip_alicuota_id\\\":8,\\\"plan_cuenta_id\\\":96,\\\"code_citi_alic_iva\\\":8}},{\\\"id\\\":36618,\\\"user_id\\\":7768,\\\"period_liquidation_id\\\":261,\\\"period_liquidation_iva_id\\\":127,\\\"period_id\\\":88852,\\\"person_id\\\":41298,\\\"activity_id\\\":1,\\\"iva_creditos_tipo_id\\\":4,\\\"type\\\":2,\\\"tax_id\\\":5,\\\"taxabled_amount\\\":\\\"0.00\\\",\\\"iva_amount\\\":\\\"0.00\\\",\\\"created_at\\\":\\\"2022-09-14T16:40:07.000000Z\\\",\\\"updated_at\\\":\\\"2022-09-14T16:40:07.000000Z\\\",\\\"ordr\\\":5,\\\"deleted_at\\\":null,\\\"base\\\":\\\"0.00\\\",\\\"system_taxes\\\":{\\\"id\\\":5,\\\"created_at\\\":null,\\\"updated_at\\\":\\\"2020-04-16T13:33:23.000000Z\\\",\\\"name\\\":\\\"gravado al 5%\\\",\\\"apply_to\\\":\\\"iva\\\",\\\"ammount_permited\\\":1,\\\"percent_iva\\\":\\\"5.00\\\",\\\"taxable_iibb\\\":1,\\\"taxable_iva\\\":1,\\\"code\\\":8,\\\"status\\\":1,\\\"afip_alicuota_id\\\":8,\\\"plan_cuenta_id\\\":96,\\\"code_citi_alic_iva\\\":8}},{\\\"id\\\":36619,\\\"user_id\\\":7768,\\\"period_liquidation_id\\\":261,\\\"period_liquidation_iva_id\\\":127,\\\"period_id\\\":88852,\\\"person_id\\\":41298,\\\"activity_id\\\":1,\\\"iva_creditos_tipo_id\\\":10,\\\"type\\\":2,\\\"tax_id\\\":4,\\\"taxabled_amount\\\":\\\"0.00\\\",\\\"iva_amount\\\":\\\"0.00\\\",\\\"created_at\\\":\\\"2022-09-14T16:40:07.000000Z\\\",\\\"updated_at\\\":\\\"2022-09-14T16:40:07.000000Z\\\",\\\"ordr\\\":5,\\\"deleted_at\\\":null,\\\"base\\\":\\\"0.00\\\",\\\"system_taxes\\\":{\\\"id\\\":4,\\\"created_at\\\":null,\\\"updated_at\\\":\\\"2020-04-16T13:33:23.000000Z\\\",\\\"name\\\":\\\"gravado al 2,5%\\\",\\\"apply_to\\\":\\\"iva\\\",\\\"ammount_permited\\\":1,\\\"percent_iva\\\":\\\"2.50\\\",\\\"taxable_iibb\\\":1,\\\"taxable_iva\\\":1,\\\"code\\\":9,\\\"status\\\":1,\\\"afip_alicuota_id\\\":9,\\\"plan_cuenta_id\\\":96,\\\"code_citi_alic_iva\\\":9}},{\\\"id\\\":36620,\\\"user_id\\\":7768,\\\"period_liquidation_id\\\":261,\\\"period_liquidation_iva_id\\\":127,\\\"period_id\\\":88852,\\\"person_id\\\":41298,\\\"activity_id\\\":1,\\\"iva_creditos_tipo_id\\\":2,\\\"type\\\":2,\\\"tax_id\\\":4,\\\"taxabled_amount\\\":\\\"0.00\\\",\\\"iva_amount\\\":\\\"0.00\\\",\\\"created_at\\\":\\\"2022-09-14T16:40:07.000000Z\\\",\\\"updated_at\\\":\\\"2022-09-14T16:40:07.000000Z\\\",\\\"ordr\\\":5,\\\"deleted_at\\\":null,\\\"base\\\":\\\"0.00\\\",\\\"system_taxes\\\":{\\\"id\\\":4,\\\"created_at\\\":null,\\\"updated_at\\\":\\\"2020-04-16T13:33:23.000000Z\\\",\\\"name\\\":\\\"gravado al 2,5%\\\",\\\"apply_to\\\":\\\"iva\\\",\\\"ammount_permited\\\":1,\\\"percent_iva\\\":\\\"2.50\\\",\\\"taxable_iibb\\\":1,\\\"taxable_iva\\\":1,\\\"code\\\":9,\\\"status\\\":1,\\\"afip_alicuota_id\\\":9,\\\"plan_cuenta_id\\\":96,\\\"code_citi_alic_iva\\\":9}},{\\\"id\\\":36621,\\\"user_id\\\":7768,\\\"period_liquidation_id\\\":261,\\\"period_liquidation_iva_id\\\":127,\\\"period_id\\\":88852,\\\"person_id\\\":41298,\\\"activity_id\\\":1,\\\"iva_creditos_tipo_id\\\":6,\\\"type\\\":2,\\\"tax_id\\\":4,\\\"taxabled_amount\\\":\\\"0.00\\\",\\\"iva_amount\\\":\\\"0.00\\\",\\\"created_at\\\":\\\"2022-09-14T16:40:07.000000Z\\\",\\\"updated_at\\\":\\\"2022-09-14T16:40:07.000000Z\\\",\\\"ordr\\\":5,\\\"deleted_at\\\":null,\\\"base\\\":\\\"0.00\\\",\\\"system_taxes\\\":{\\\"id\\\":4,\\\"created_at\\\":null,\\\"updated_at\\\":\\\"2020-04-16T13:33:23.000000Z\\\",\\\"name\\\":\\\"gravado al 2,5%\\\",\\\"apply_to\\\":\\\"iva\\\",\\\"ammount_permited\\\":1,\\\"percent_iva\\\":\\\"2.50\\\",\\\"taxable_iibb\\\":1,\\\"taxable_iva\\\":1,\\\"code\\\":9,\\\"status\\\":1,\\\"afip_alicuota_id\\\":9,\\\"plan_cuenta_id\\\":96,\\\"code_citi_alic_iva\\\":9}},{\\\"id\\\":36622,\\\"user_id\\\":7768,\\\"period_liquidation_id\\\":261,\\\"period_liquidation_iva_id\\\":127,\\\"period_id\\\":88852,\\\"person_id\\\":41298,\\\"activity_id\\\":1,\\\"iva_creditos_tipo_id\\\":14,\\\"type\\\":2,\\\"tax_id\\\":4,\\\"taxabled_amount\\\":\\\"0.00\\\",\\\"iva_amount\\\":\\\"0.00\\\",\\\"created_at\\\":\\\"2022-09-14T16:40:07.000000Z\\\",\\\"updated_at\\\":\\\"2022-09-14T16:40:07.000000Z\\\",\\\"ordr\\\":5,\\\"deleted_at\\\":null,\\\"base\\\":\\\"0.00\\\",\\\"system_taxes\\\":{\\\"id\\\":4,\\\"created_at\\\":null,\\\"updated_at\\\":\\\"2020-04-16T13:33:23.000000Z\\\",\\\"name\\\":\\\"gravado al 2,5%\\\",\\\"apply_to\\\":\\\"iva\\\",\\\"ammount_permited\\\":1,\\\"percent_iva\\\":\\\"2.50\\\",\\\"taxable_iibb\\\":1,\\\"taxable_iva\\\":1,\\\"code\\\":9,\\\"status\\\":1,\\\"afip_alicuota_id\\\":9,\\\"plan_cuenta_id\\\":96,\\\"code_citi_alic_iva\\\":9}},{\\\"id\\\":36623,\\\"user_id\\\":7768,\\\"period_liquidation_id\\\":261,\\\"period_liquidation_iva_id\\\":127,\\\"period_id\\\":88852,\\\"person_id\\\":41298,\\\"activity_id\\\":1,\\\"iva_creditos_tipo_id\\\":11,\\\"type\\\":2,\\\"tax_id\\\":4,\\\"taxabled_amount\\\":\\\"0.00\\\",\\\"iva_amount\\\":\\\"0.00\\\",\\\"created_at\\\":\\\"2022-09-14T16:40:07.000000Z\\\",\\\"updated_at\\\":\\\"2022-09-14T16:40:07.000000Z\\\",\\\"ordr\\\":5,\\\"deleted_at\\\":null,\\\"base\\\":\\\"0.00\\\",\\\"system_taxes\\\":{\\\"id\\\":4,\\\"created_at\\\":null,\\\"updated_at\\\":\\\"2020-04-16T13:33:23.000000Z\\\",\\\"name\\\":\\\"gravado al 2,5%\\\",\\\"apply_to\\\":\\\"iva\\\",\\\"ammount_permited\\\":1,\\\"percent_iva\\\":\\\"2.50\\\",\\\"taxable_iibb\\\":1,\\\"taxable_iva\\\":1,\\\"code\\\":9,\\\"status\\\":1,\\\"afip_alicuota_id\\\":9,\\\"plan_cuenta_id\\\":96,\\\"code_citi_alic_iva\\\":9}},{\\\"id\\\":36624,\\\"user_id\\\":7768,\\\"period_liquidation_id\\\":261,\\\"period_liquidation_iva_id\\\":127,\\\"period_id\\\":88852,\\\"person_id\\\":41298,\\\"activity_id\\\":1,\\\"iva_creditos_tipo_id\\\":3,\\\"type\\\":2,\\\"tax_id\\\":4,\\\"taxabled_amount\\\":\\\"0.00\\\",\\\"iva_amount\\\":\\\"0.00\\\",\\\"created_at\\\":\\\"2022-09-14T16:40:07.000000Z\\\",\\\"updated_at\\\":\\\"2022-09-14T16:40:07.000000Z\\\",\\\"ordr\\\":5,\\\"deleted_at\\\":null,\\\"base\\\":\\\"0.00\\\",\\\"system_taxes\\\":{\\\"id\\\":4,\\\"created_at\\\":null,\\\"updated_at\\\":\\\"2020-04-16T13:33:23.000000Z\\\",\\\"name\\\":\\\"gravado al 2,5%\\\",\\\"apply_to\\\":\\\"iva\\\",\\\"ammount_permited\\\":1,\\\"percent_iva\\\":\\\"2.50\\\",\\\"taxable_iibb\\\":1,\\\"taxable_iva\\\":1,\\\"code\\\":9,\\\"status\\\":1,\\\"afip_alicuota_id\\\":9,\\\"plan_cuenta_id\\\":96,\\\"code_citi_alic_iva\\\":9}},{\\\"id\\\":36625,\\\"user_id\\\":7768,\\\"period_liquidation_id\\\":261,\\\"period_liquidation_iva_id\\\":127,\\\"period_id\\\":88852,\\\"person_id\\\":41298,\\\"activity_id\\\":1,\\\"iva_creditos_tipo_id\\\":7,\\\"type\\\":2,\\\"tax_id\\\":4,\\\"taxabled_amount\\\":\\\"0.00\\\",\\\"iva_amount\\\":\\\"0.00\\\",\\\"created_at\\\":\\\"2022-09-14T16:40:07.000000Z\\\",\\\"updated_at\\\":\\\"2022-09-14T16:40:07.000000Z\\\",\\\"ordr\\\":5,\\\"deleted_at\\\":null,\\\"base\\\":\\\"0.00\\\",\\\"system_taxes\\\":{\\\"id\\\":4,\\\"created_at\\\":null,\\\"updated_at\\\":\\\"2020-04-16T13:33:23.000000Z\\\",\\\"name\\\":\\\"gravado al 2,5%\\\",\\\"apply_to\\\":\\\"iva\\\",\\\"ammount_permited\\\":1,\\\"percent_iva\\\":\\\"2.50\\\",\\\"taxable_iibb\\\":1,\\\"taxable_iva\\\":1,\\\"code\\\":9,\\\"status\\\":1,\\\"afip_alicuota_id\\\":9,\\\"plan_cuenta_id\\\":96,\\\"code_citi_alic_iva\\\":9}},{\\\"id\\\":36626,\\\"user_id\\\":7768,\\\"period_liquidation_id\\\":261,\\\"period_liquidation_iva_id\\\":127,\\\"period_id\\\":88852,\\\"person_id\\\":41298,\\\"activity_id\\\":1,\\\"iva_creditos_tipo_id\\\":8,\\\"type\\\":2,\\\"tax_id\\\":4,\\\"taxabled_amount\\\":\\\"0.00\\\",\\\"iva_amount\\\":\\\"0.00\\\",\\\"created_at\\\":\\\"2022-09-14T16:40:07.000000Z\\\",\\\"updated_at\\\":\\\"2022-09-14T16:40:07.000000Z\\\",\\\"ordr\\\":5,\\\"deleted_at\\\":null,\\\"base\\\":\\\"0.00\\\",\\\"system_taxes\\\":{\\\"id\\\":4,\\\"created_at\\\":null,\\\"updated_at\\\":\\\"2020-04-16T13:33:23.000000Z\\\",\\\"name\\\":\\\"gravado al 2,5%\\\",\\\"apply_to\\\":\\\"iva\\\",\\\"ammount_permited\\\":1,\\\"percent_iva\\\":\\\"2.50\\\",\\\"taxable_iibb\\\":1,\\\"taxable_iva\\\":1,\\\"code\\\":9,\\\"status\\\":1,\\\"afip_alicuota_id\\\":9,\\\"plan_cuenta_id\\\":96,\\\"code_citi_alic_iva\\\":9}},{\\\"id\\\":36627,\\\"user_id\\\":7768,\\\"period_liquidation_id\\\":261,\\\"period_liquidation_iva_id\\\":127,\\\"period_id\\\":88852,\\\"person_id\\\":41298,\\\"activity_id\\\":1,\\\"iva_creditos_tipo_id\\\":12,\\\"type\\\":2,\\\"tax_id\\\":4,\\\"taxabled_amount\\\":\\\"0.00\\\",\\\"iva_amount\\\":\\\"0.00\\\",\\\"created_at\\\":\\\"2022-09-14T16:40:07.000000Z\\\",\\\"updated_at\\\":\\\"2022-09-14T16:40:07.000000Z\\\",\\\"ordr\\\":5,\\\"deleted_at\\\":null,\\\"base\\\":\\\"0.00\\\",\\\"system_taxes\\\":{\\\"id\\\":4,\\\"created_at\\\":null,\\\"updated_at\\\":\\\"2020-04-16T13:33:23.000000Z\\\",\\\"name\\\":\\\"gravado al 2,5%\\\",\\\"apply_to\\\":\\\"iva\\\",\\\"ammount_permited\\\":1,\\\"percent_iva\\\":\\\"2.50\\\",\\\"taxable_iibb\\\":1,\\\"taxable_iva\\\":1,\\\"code\\\":9,\\\"status\\\":1,\\\"afip_alicuota_id\\\":9,\\\"plan_cuenta_id\\\":96,\\\"code_citi_alic_iva\\\":9}},{\\\"id\\\":36628,\\\"user_id\\\":7768,\\\"period_liquidation_id\\\":261,\\\"period_liquidation_iva_id\\\":127,\\\"period_id\\\":88852,\\\"person_id\\\":41298,\\\"activity_id\\\":1,\\\"iva_creditos_tipo_id\\\":4,\\\"type\\\":2,\\\"tax_id\\\":4,\\\"taxabled_amount\\\":\\\"0.00\\\",\\\"iva_amount\\\":\\\"0.00\\\",\\\"created_at\\\":\\\"2022-09-14T16:40:07.000000Z\\\",\\\"updated_at\\\":\\\"2022-09-14T16:40:07.000000Z\\\",\\\"ordr\\\":5,\\\"deleted_at\\\":null,\\\"base\\\":\\\"0.00\\\",\\\"system_taxes\\\":{\\\"id\\\":4,\\\"created_at\\\":null,\\\"updated_at\\\":\\\"2020-04-16T13:33:23.000000Z\\\",\\\"name\\\":\\\"gravado al 2,5%\\\",\\\"apply_to\\\":\\\"iva\\\",\\\"ammount_permited\\\":1,\\\"percent_iva\\\":\\\"2.50\\\",\\\"taxable_iibb\\\":1,\\\"taxable_iva\\\":1,\\\"code\\\":9,\\\"status\\\":1,\\\"afip_alicuota_id\\\":9,\\\"plan_cuenta_id\\\":96,\\\"code_citi_alic_iva\\\":9}},{\\\"id\\\":36629,\\\"user_id\\\":7768,\\\"period_liquidation_id\\\":261,\\\"period_liquidation_iva_id\\\":127,\\\"period_id\\\":88852,\\\"person_id\\\":41298,\\\"activity_id\\\":1,\\\"iva_creditos_tipo_id\\\":9,\\\"type\\\":2,\\\"tax_id\\\":4,\\\"taxabled_amount\\\":\\\"0.00\\\",\\\"iva_amount\\\":\\\"0.00\\\",\\\"created_at\\\":\\\"2022-09-14T16:40:07.000000Z\\\",\\\"updated_at\\\":\\\"2022-09-14T16:40:07.000000Z\\\",\\\"ordr\\\":5,\\\"deleted_at\\\":null,\\\"base\\\":\\\"0.00\\\",\\\"system_taxes\\\":{\\\"id\\\":4,\\\"created_at\\\":null,\\\"updated_at\\\":\\\"2020-04-16T13:33:23.000000Z\\\",\\\"name\\\":\\\"gravado al 2,5%\\\",\\\"apply_to\\\":\\\"iva\\\",\\\"ammount_permited\\\":1,\\\"percent_iva\\\":\\\"2.50\\\",\\\"taxable_iibb\\\":1,\\\"taxable_iva\\\":1,\\\"code\\\":9,\\\"status\\\":1,\\\"afip_alicuota_id\\\":9,\\\"plan_cuenta_id\\\":96,\\\"code_citi_alic_iva\\\":9}},{\\\"id\\\":36630,\\\"user_id\\\":7768,\\\"period_liquidation_id\\\":261,\\\"period_liquidation_iva_id\\\":127,\\\"period_id\\\":88852,\\\"person_id\\\":41298,\\\"activity_id\\\":1,\\\"iva_creditos_tipo_id\\\":1,\\\"type\\\":2,\\\"tax_id\\\":4,\\\"taxabled_amount\\\":\\\"0.00\\\",\\\"iva_amount\\\":\\\"0.00\\\",\\\"created_at\\\":\\\"2022-09-14T16:40:07.000000Z\\\",\\\"updated_at\\\":\\\"2022-09-14T16:40:07.000000Z\\\",\\\"ordr\\\":5,\\\"deleted_at\\\":null,\\\"base\\\":\\\"0.00\\\",\\\"system_taxes\\\":{\\\"id\\\":4,\\\"created_at\\\":null,\\\"updated_at\\\":\\\"2020-04-16T13:33:23.000000Z\\\",\\\"name\\\":\\\"gravado al 2,5%\\\",\\\"apply_to\\\":\\\"iva\\\",\\\"ammount_permited\\\":1,\\\"percent_iva\\\":\\\"2.50\\\",\\\"taxable_iibb\\\":1,\\\"taxable_iva\\\":1,\\\"code\\\":9,\\\"status\\\":1,\\\"afip_alicuota_id\\\":9,\\\"plan_cuenta_id\\\":96,\\\"code_citi_alic_iva\\\":9}},{\\\"id\\\":36631,\\\"user_id\\\":7768,\\\"period_liquidation_id\\\":261,\\\"period_liquidation_iva_id\\\":127,\\\"period_id\\\":88852,\\\"person_id\\\":41298,\\\"activity_id\\\":1,\\\"iva_creditos_tipo_id\\\":5,\\\"type\\\":2,\\\"tax_id\\\":4,\\\"taxabled_amount\\\":\\\"0.00\\\",\\\"iva_amount\\\":\\\"0.00\\\",\\\"created_at\\\":\\\"2022-09-14T16:40:07.000000Z\\\",\\\"updated_at\\\":\\\"2022-09-14T16:40:07.000000Z\\\",\\\"ordr\\\":5,\\\"deleted_at\\\":null,\\\"base\\\":\\\"0.00\\\",\\\"system_taxes\\\":{\\\"id\\\":4,\\\"created_at\\\":null,\\\"updated_at\\\":\\\"2020-04-16T13:33:23.000000Z\\\",\\\"name\\\":\\\"gravado al 2,5%\\\",\\\"apply_to\\\":\\\"iva\\\",\\\"ammount_permited\\\":1,\\\"percent_iva\\\":\\\"2.50\\\",\\\"taxable_iibb\\\":1,\\\"taxable_iva\\\":1,\\\"code\\\":9,\\\"status\\\":1,\\\"afip_alicuota_id\\\":9,\\\"plan_cuenta_id\\\":96,\\\"code_citi_alic_iva\\\":9}},{\\\"id\\\":36632,\\\"user_id\\\":7768,\\\"period_liquidation_id\\\":261,\\\"period_liquidation_iva_id\\\":127,\\\"period_id\\\":88852,\\\"person_id\\\":41298,\\\"activity_id\\\":1,\\\"iva_creditos_tipo_id\\\":13,\\\"type\\\":2,\\\"tax_id\\\":4,\\\"taxabled_amount\\\":\\\"0.00\\\",\\\"iva_amount\\\":\\\"0.00\\\",\\\"created_at\\\":\\\"2022-09-14T16:40:07.000000Z\\\",\\\"updated_at\\\":\\\"2022-09-14T16:40:07.000000Z\\\",\\\"ordr\\\":5,\\\"deleted_at\\\":null,\\\"base\\\":\\\"0.00\\\",\\\"system_taxes\\\":{\\\"id\\\":4,\\\"created_at\\\":null,\\\"updated_at\\\":\\\"2020-04-16T13:33:23.000000Z\\\",\\\"name\\\":\\\"gravado al 2,5%\\\",\\\"apply_to\\\":\\\"iva\\\",\\\"ammount_permited\\\":1,\\\"percent_iva\\\":\\\"2.50\\\",\\\"taxable_iibb\\\":1,\\\"taxable_iva\\\":1,\\\"code\\\":9,\\\"status\\\":1,\\\"afip_alicuota_id\\\":9,\\\"plan_cuenta_id\\\":96,\\\"code_citi_alic_iva\\\":9}},{\\\"id\\\":36633,\\\"user_id\\\":7768,\\\"period_liquidation_id\\\":261,\\\"period_liquidation_iva_id\\\":127,\\\"period_id\\\":88852,\\\"person_id\\\":41298,\\\"activity_id\\\":1,\\\"iva_creditos_tipo_id\\\":8,\\\"type\\\":2,\\\"tax_id\\\":6,\\\"taxabled_amount\\\":\\\"0.00\\\",\\\"iva_amount\\\":\\\"0.00\\\",\\\"created_at\\\":\\\"2022-09-14T16:40:07.000000Z\\\",\\\"updated_at\\\":\\\"2022-09-14T16:40:07.000000Z\\\",\\\"ordr\\\":5,\\\"deleted_at\\\":null,\\\"base\\\":\\\"0.00\\\",\\\"system_taxes\\\":{\\\"id\\\":6,\\\"created_at\\\":null,\\\"updated_at\\\":\\\"2020-04-16T13:33:23.000000Z\\\",\\\"name\\\":\\\"gravado al 0%\\\",\\\"apply_to\\\":\\\"iva\\\",\\\"ammount_permited\\\":1,\\\"percent_iva\\\":\\\"0.00\\\",\\\"taxable_iibb\\\":1,\\\"taxable_iva\\\":1,\\\"code\\\":3,\\\"status\\\":1,\\\"afip_alicuota_id\\\":3,\\\"plan_cuenta_id\\\":218,\\\"code_citi_alic_iva\\\":3}},{\\\"id\\\":36634,\\\"user_id\\\":7768,\\\"period_liquidation_id\\\":261,\\\"period_liquidation_iva_id\\\":127,\\\"period_id\\\":88852,\\\"person_id\\\":41298,\\\"activity_id\\\":1,\\\"iva_creditos_tipo_id\\\":12,\\\"type\\\":2,\\\"tax_id\\\":6,\\\"taxabled_amount\\\":\\\"0.00\\\",\\\"iva_amount\\\":\\\"0.00\\\",\\\"created_at\\\":\\\"2022-09-14T16:40:07.000000Z\\\",\\\"updated_at\\\":\\\"2022-09-14T16:40:07.000000Z\\\",\\\"ordr\\\":5,\\\"deleted_at\\\":null,\\\"base\\\":\\\"0.00\\\",\\\"system_taxes\\\":{\\\"id\\\":6,\\\"created_at\\\":null,\\\"updated_at\\\":\\\"2020-04-16T13:33:23.000000Z\\\",\\\"name\\\":\\\"gravado al 0%\\\",\\\"apply_to\\\":\\\"iva\\\",\\\"ammount_permited\\\":1,\\\"percent_iva\\\":\\\"0.00\\\",\\\"taxable_iibb\\\":1,\\\"taxable_iva\\\":1,\\\"code\\\":3,\\\"status\\\":1,\\\"afip_alicuota_id\\\":3,\\\"plan_cuenta_id\\\":218,\\\"code_citi_alic_iva\\\":3}},{\\\"id\\\":36635,\\\"user_id\\\":7768,\\\"period_liquidation_id\\\":261,\\\"period_liquidation_iva_id\\\":127,\\\"period_id\\\":88852,\\\"person_id\\\":41298,\\\"activity_id\\\":1,\\\"iva_creditos_tipo_id\\\":4,\\\"type\\\":2,\\\"tax_id\\\":6,\\\"taxabled_amount\\\":\\\"0.00\\\",\\\"iva_amount\\\":\\\"0.00\\\",\\\"created_at\\\":\\\"2022-09-14T16:40:07.000000Z\\\",\\\"updated_at\\\":\\\"2022-09-14T16:40:07.000000Z\\\",\\\"ordr\\\":5,\\\"deleted_at\\\":null,\\\"base\\\":\\\"0.00\\\",\\\"system_taxes\\\":{\\\"id\\\":6,\\\"created_at\\\":null,\\\"updated_at\\\":\\\"2020-04-16T13:33:23.000000Z\\\",\\\"name\\\":\\\"gravado al 0%\\\",\\\"apply_to\\\":\\\"iva\\\",\\\"ammount_permited\\\":1,\\\"percent_iva\\\":\\\"0.00\\\",\\\"taxable_iibb\\\":1,\\\"taxable_iva\\\":1,\\\"code\\\":3,\\\"status\\\":1,\\\"afip_alicuota_id\\\":3,\\\"plan_cuenta_id\\\":218,\\\"code_citi_alic_iva\\\":3}},{\\\"id\\\":36636,\\\"user_id\\\":7768,\\\"period_liquidation_id\\\":261,\\\"period_liquidation_iva_id\\\":127,\\\"period_id\\\":88852,\\\"person_id\\\":41298,\\\"activity_id\\\":1,\\\"iva_creditos_tipo_id\\\":11,\\\"type\\\":2,\\\"tax_id\\\":7,\\\"taxabled_amount\\\":\\\"0.00\\\",\\\"iva_amount\\\":\\\"0.00\\\",\\\"created_at\\\":\\\"2022-09-14T16:40:07.000000Z\\\",\\\"updated_at\\\":\\\"2022-09-14T16:40:07.000000Z\\\",\\\"ordr\\\":5,\\\"deleted_at\\\":null,\\\"base\\\":\\\"0.00\\\",\\\"system_taxes\\\":{\\\"id\\\":7,\\\"created_at\\\":null,\\\"updated_at\\\":\\\"2020-04-16T13:33:23.000000Z\\\",\\\"name\\\":\\\"no gravado\\\",\\\"apply_to\\\":\\\"iva\\\",\\\"ammount_permited\\\":1,\\\"percent_iva\\\":\\\"0.00\\\",\\\"taxable_iibb\\\":1,\\\"taxable_iva\\\":1,\\\"code\\\":1,\\\"status\\\":1,\\\"afip_alicuota_id\\\":1,\\\"plan_cuenta_id\\\":218,\\\"code_citi_alic_iva\\\":3}},{\\\"id\\\":36637,\\\"user_id\\\":7768,\\\"period_liquidation_id\\\":261,\\\"period_liquidation_iva_id\\\":127,\\\"period_id\\\":88852,\\\"person_id\\\":41298,\\\"activity_id\\\":1,\\\"iva_creditos_tipo_id\\\":3,\\\"type\\\":2,\\\"tax_id\\\":7,\\\"taxabled_amount\\\":\\\"0.00\\\",\\\"iva_amount\\\":\\\"0.00\\\",\\\"created_at\\\":\\\"2022-09-14T16:40:07.000000Z\\\",\\\"updated_at\\\":\\\"2022-09-14T16:40:07.000000Z\\\",\\\"ordr\\\":5,\\\"deleted_at\\\":null,\\\"base\\\":\\\"0.00\\\",\\\"system_taxes\\\":{\\\"id\\\":7,\\\"created_at\\\":null,\\\"updated_at\\\":\\\"2020-04-16T13:33:23.000000Z\\\",\\\"name\\\":\\\"no gravado\\\",\\\"apply_to\\\":\\\"iva\\\",\\\"ammount_permited\\\":1,\\\"percent_iva\\\":\\\"0.00\\\",\\\"taxable_iibb\\\":1,\\\"taxable_iva\\\":1,\\\"code\\\":1,\\\"status\\\":1,\\\"afip_alicuota_id\\\":1,\\\"plan_cuenta_id\\\":218,\\\"code_citi_alic_iva\\\":3}},{\\\"id\\\":36638,\\\"user_id\\\":7768,\\\"period_liquidation_id\\\":261,\\\"period_liquidation_iva_id\\\":127,\\\"period_id\\\":88852,\\\"person_id\\\":41298,\\\"activity_id\\\":1,\\\"iva_creditos_tipo_id\\\":7,\\\"type\\\":2,\\\"tax_id\\\":7,\\\"taxabled_amount\\\":\\\"0.00\\\",\\\"iva_amount\\\":\\\"0.00\\\",\\\"created_at\\\":\\\"2022-09-14T16:40:07.000000Z\\\",\\\"updated_at\\\":\\\"2022-09-14T16:40:07.000000Z\\\",\\\"ordr\\\":5,\\\"deleted_at\\\":null,\\\"base\\\":\\\"0.00\\\",\\\"system_taxes\\\":{\\\"id\\\":7,\\\"created_at\\\":null,\\\"updated_at\\\":\\\"2020-04-16T13:33:23.000000Z\\\",\\\"name\\\":\\\"no gravado\\\",\\\"apply_to\\\":\\\"iva\\\",\\\"ammount_permited\\\":1,\\\"percent_iva\\\":\\\"0.00\\\",\\\"taxable_iibb\\\":1,\\\"taxable_iva\\\":1,\\\"code\\\":1,\\\"status\\\":1,\\\"afip_alicuota_id\\\":1,\\\"plan_cuenta_id\\\":218,\\\"code_citi_alic_iva\\\":3}},{\\\"id\\\":36639,\\\"user_id\\\":7768,\\\"period_liquidation_id\\\":261,\\\"period_liquidation_iva_id\\\":127,\\\"period_id\\\":88852,\\\"person_id\\\":41298,\\\"activity_id\\\":1,\\\"iva_creditos_tipo_id\\\":10,\\\"type\\\":2,\\\"tax_id\\\":8,\\\"taxabled_amount\\\":\\\"0.00\\\",\\\"iva_amount\\\":\\\"0.00\\\",\\\"created_at\\\":\\\"2022-09-14T16:40:07.000000Z\\\",\\\"updated_at\\\":\\\"2022-09-14T16:40:07.000000Z\\\",\\\"ordr\\\":5,\\\"deleted_at\\\":null,\\\"base\\\":\\\"0.00\\\",\\\"system_taxes\\\":{\\\"id\\\":8,\\\"created_at\\\":null,\\\"updated_at\\\":\\\"2020-04-16T13:33:23.000000Z\\\",\\\"name\\\":\\\"Exento\\\",\\\"apply_to\\\":\\\"iva\\\",\\\"ammount_permited\\\":1,\\\"percent_iva\\\":\\\"0.00\\\",\\\"taxable_iibb\\\":1,\\\"taxable_iva\\\":1,\\\"code\\\":2,\\\"status\\\":1,\\\"afip_alicuota_id\\\":2,\\\"plan_cuenta_id\\\":218,\\\"code_citi_alic_iva\\\":3}},{\\\"id\\\":36640,\\\"user_id\\\":7768,\\\"period_liquidation_id\\\":261,\\\"period_liquidation_iva_id\\\":127,\\\"period_id\\\":88852,\\\"person_id\\\":41298,\\\"activity_id\\\":1,\\\"iva_creditos_tipo_id\\\":2,\\\"type\\\":2,\\\"tax_id\\\":8,\\\"taxabled_amount\\\":\\\"0.00\\\",\\\"iva_amount\\\":\\\"0.00\\\",\\\"created_at\\\":\\\"2022-09-14T16:40:07.000000Z\\\",\\\"updated_at\\\":\\\"2022-09-14T16:40:07.000000Z\\\",\\\"ordr\\\":5,\\\"deleted_at\\\":null,\\\"base\\\":\\\"0.00\\\",\\\"system_taxes\\\":{\\\"id\\\":8,\\\"created_at\\\":null,\\\"updated_at\\\":\\\"2020-04-16T13:33:23.000000Z\\\",\\\"name\\\":\\\"Exento\\\",\\\"apply_to\\\":\\\"iva\\\",\\\"ammount_permited\\\":1,\\\"percent_iva\\\":\\\"0.00\\\",\\\"taxable_iibb\\\":1,\\\"taxable_iva\\\":1,\\\"code\\\":2,\\\"status\\\":1,\\\"afip_alicuota_id\\\":2,\\\"plan_cuenta_id\\\":218,\\\"code_citi_alic_iva\\\":3}},{\\\"id\\\":36641,\\\"user_id\\\":7768,\\\"period_liquidation_id\\\":261,\\\"period_liquidation_iva_id\\\":127,\\\"period_id\\\":88852,\\\"person_id\\\":41298,\\\"activity_id\\\":1,\\\"iva_creditos_tipo_id\\\":6,\\\"type\\\":2,\\\"tax_id\\\":8,\\\"taxabled_amount\\\":\\\"0.00\\\",\\\"iva_amount\\\":\\\"0.00\\\",\\\"created_at\\\":\\\"2022-09-14T16:40:07.000000Z\\\",\\\"updated_at\\\":\\\"2022-09-14T16:40:07.000000Z\\\",\\\"ordr\\\":5,\\\"deleted_at\\\":null,\\\"base\\\":\\\"0.00\\\",\\\"system_taxes\\\":{\\\"id\\\":8,\\\"created_at\\\":null,\\\"updated_at\\\":\\\"2020-04-16T13:33:23.000000Z\\\",\\\"name\\\":\\\"Exento\\\",\\\"apply_to\\\":\\\"iva\\\",\\\"ammount_permited\\\":1,\\\"percent_iva\\\":\\\"0.00\\\",\\\"taxable_iibb\\\":1,\\\"taxable_iva\\\":1,\\\"code\\\":2,\\\"status\\\":1,\\\"afip_alicuota_id\\\":2,\\\"plan_cuenta_id\\\":218,\\\"code_citi_alic_iva\\\":3}},{\\\"id\\\":36642,\\\"user_id\\\":7768,\\\"period_liquidation_id\\\":261,\\\"period_liquidation_iva_id\\\":127,\\\"period_id\\\":88852,\\\"person_id\\\":41298,\\\"activity_id\\\":1,\\\"iva_creditos_tipo_id\\\":14,\\\"type\\\":2,\\\"tax_id\\\":8,\\\"taxabled_amount\\\":\\\"0.00\\\",\\\"iva_amount\\\":\\\"0.00\\\",\\\"created_at\\\":\\\"2022-09-14T16:40:07.000000Z\\\",\\\"updated_at\\\":\\\"2022-09-14T16:40:07.000000Z\\\",\\\"ordr\\\":5,\\\"deleted_at\\\":null,\\\"base\\\":\\\"0.00\\\",\\\"system_taxes\\\":{\\\"id\\\":8,\\\"created_at\\\":null,\\\"updated_at\\\":\\\"2020-04-16T13:33:23.000000Z\\\",\\\"name\\\":\\\"Exento\\\",\\\"apply_to\\\":\\\"iva\\\",\\\"ammount_permited\\\":1,\\\"percent_iva\\\":\\\"0.00\\\",\\\"taxable_iibb\\\":1,\\\"taxable_iva\\\":1,\\\"code\\\":2,\\\"status\\\":1,\\\"afip_alicuota_id\\\":2,\\\"plan_cuenta_id\\\":218,\\\"code_citi_alic_iva\\\":3}},{\\\"id\\\":36643,\\\"user_id\\\":7768,\\\"period_liquidation_id\\\":261,\\\"period_liquidation_iva_id\\\":127,\\\"period_id\\\":88852,\\\"person_id\\\":41298,\\\"activity_id\\\":1,\\\"iva_creditos_tipo_id\\\":9,\\\"type\\\":2,\\\"tax_id\\\":6,\\\"taxabled_amount\\\":\\\"0.00\\\",\\\"iva_amount\\\":\\\"0.00\\\",\\\"created_at\\\":\\\"2022-09-14T16:40:07.000000Z\\\",\\\"updated_at\\\":\\\"2022-09-14T16:40:07.000000Z\\\",\\\"ordr\\\":5,\\\"deleted_at\\\":null,\\\"base\\\":\\\"0.00\\\",\\\"system_taxes\\\":{\\\"id\\\":6,\\\"created_at\\\":null,\\\"updated_at\\\":\\\"2020-04-16T13:33:23.000000Z\\\",\\\"name\\\":\\\"gravado al 0%\\\",\\\"apply_to\\\":\\\"iva\\\",\\\"ammount_permited\\\":1,\\\"percent_iva\\\":\\\"0.00\\\",\\\"taxable_iibb\\\":1,\\\"taxable_iva\\\":1,\\\"code\\\":3,\\\"status\\\":1,\\\"afip_alicuota_id\\\":3,\\\"plan_cuenta_id\\\":218,\\\"code_citi_alic_iva\\\":3}},{\\\"id\\\":36644,\\\"user_id\\\":7768,\\\"period_liquidation_id\\\":261,\\\"period_liquidation_iva_id\\\":127,\\\"period_id\\\":88852,\\\"person_id\\\":41298,\\\"activity_id\\\":1,\\\"iva_creditos_tipo_id\\\":1,\\\"type\\\":2,\\\"tax_id\\\":6,\\\"taxabled_amount\\\":\\\"0.00\\\",\\\"iva_amount\\\":\\\"0.00\\\",\\\"created_at\\\":\\\"2022-09-14T16:40:07.000000Z\\\",\\\"updated_at\\\":\\\"2022-09-14T16:40:07.000000Z\\\",\\\"ordr\\\":5,\\\"deleted_at\\\":null,\\\"base\\\":\\\"0.00\\\",\\\"system_taxes\\\":{\\\"id\\\":6,\\\"created_at\\\":null,\\\"updated_at\\\":\\\"2020-04-16T13:33:23.000000Z\\\",\\\"name\\\":\\\"gravado al 0%\\\",\\\"apply_to\\\":\\\"iva\\\",\\\"ammount_permited\\\":1,\\\"percent_iva\\\":\\\"0.00\\\",\\\"taxable_iibb\\\":1,\\\"taxable_iva\\\":1,\\\"code\\\":3,\\\"status\\\":1,\\\"afip_alicuota_id\\\":3,\\\"plan_cuenta_id\\\":218,\\\"code_citi_alic_iva\\\":3}},{\\\"id\\\":36645,\\\"user_id\\\":7768,\\\"period_liquidation_id\\\":261,\\\"period_liquidation_iva_id\\\":127,\\\"period_id\\\":88852,\\\"person_id\\\":41298,\\\"activity_id\\\":1,\\\"iva_creditos_tipo_id\\\":5,\\\"type\\\":2,\\\"tax_id\\\":6,\\\"taxabled_amount\\\":\\\"0.00\\\",\\\"iva_amount\\\":\\\"0.00\\\",\\\"created_at\\\":\\\"2022-09-14T16:40:07.000000Z\\\",\\\"updated_at\\\":\\\"2022-09-14T16:40:07.000000Z\\\",\\\"ordr\\\":5,\\\"deleted_at\\\":null,\\\"base\\\":\\\"0.00\\\",\\\"system_taxes\\\":{\\\"id\\\":6,\\\"created_at\\\":null,\\\"updated_at\\\":\\\"2020-04-16T13:33:23.000000Z\\\",\\\"name\\\":\\\"gravado al 0%\\\",\\\"apply_to\\\":\\\"iva\\\",\\\"ammount_permited\\\":1,\\\"percent_iva\\\":\\\"0.00\\\",\\\"taxable_iibb\\\":1,\\\"taxable_iva\\\":1,\\\"code\\\":3,\\\"status\\\":1,\\\"afip_alicuota_id\\\":3,\\\"plan_cuenta_id\\\":218,\\\"code_citi_alic_iva\\\":3}},{\\\"id\\\":36646,\\\"user_id\\\":7768,\\\"period_liquidation_id\\\":261,\\\"period_liquidation_iva_id\\\":127,\\\"period_id\\\":88852,\\\"person_id\\\":41298,\\\"activity_id\\\":1,\\\"iva_creditos_tipo_id\\\":13,\\\"type\\\":2,\\\"tax_id\\\":6,\\\"taxabled_amount\\\":\\\"0.00\\\",\\\"iva_amount\\\":\\\"0.00\\\",\\\"created_at\\\":\\\"2022-09-14T16:40:07.000000Z\\\",\\\"updated_at\\\":\\\"2022-09-14T16:40:07.000000Z\\\",\\\"ordr\\\":5,\\\"deleted_at\\\":null,\\\"base\\\":\\\"0.00\\\",\\\"system_taxes\\\":{\\\"id\\\":6,\\\"created_at\\\":null,\\\"updated_at\\\":\\\"2020-04-16T13:33:23.000000Z\\\",\\\"name\\\":\\\"gravado al 0%\\\",\\\"apply_to\\\":\\\"iva\\\",\\\"ammount_permited\\\":1,\\\"percent_iva\\\":\\\"0.00\\\",\\\"taxable_iibb\\\":1,\\\"taxable_iva\\\":1,\\\"code\\\":3,\\\"status\\\":1,\\\"afip_alicuota_id\\\":3,\\\"plan_cuenta_id\\\":218,\\\"code_citi_alic_iva\\\":3}},{\\\"id\\\":36647,\\\"user_id\\\":7768,\\\"period_liquidation_id\\\":261,\\\"period_liquidation_iva_id\\\":127,\\\"period_id\\\":88852,\\\"person_id\\\":41298,\\\"activity_id\\\":1,\\\"iva_creditos_tipo_id\\\":8,\\\"type\\\":2,\\\"tax_id\\\":7,\\\"taxabled_amount\\\":\\\"0.00\\\",\\\"iva_amount\\\":\\\"0.00\\\",\\\"created_at\\\":\\\"2022-09-14T16:40:07.000000Z\\\",\\\"updated_at\\\":\\\"2022-09-14T16:40:07.000000Z\\\",\\\"ordr\\\":5,\\\"deleted_at\\\":null,\\\"base\\\":\\\"0.00\\\",\\\"system_taxes\\\":{\\\"id\\\":7,\\\"created_at\\\":null,\\\"updated_at\\\":\\\"2020-04-16T13:33:23.000000Z\\\",\\\"name\\\":\\\"no gravado\\\",\\\"apply_to\\\":\\\"iva\\\",\\\"ammount_permited\\\":1,\\\"percent_iva\\\":\\\"0.00\\\",\\\"taxable_iibb\\\":1,\\\"taxable_iva\\\":1,\\\"code\\\":1,\\\"status\\\":1,\\\"afip_alicuota_id\\\":1,\\\"plan_cuenta_id\\\":218,\\\"code_citi_alic_iva\\\":3}},{\\\"id\\\":36648,\\\"user_id\\\":7768,\\\"period_liquidation_id\\\":261,\\\"period_liquidation_iva_id\\\":127,\\\"period_id\\\":88852,\\\"person_id\\\":41298,\\\"activity_id\\\":1,\\\"iva_creditos_tipo_id\\\":12,\\\"type\\\":2,\\\"tax_id\\\":7,\\\"taxabled_amount\\\":\\\"0.00\\\",\\\"iva_amount\\\":\\\"0.00\\\",\\\"created_at\\\":\\\"2022-09-14T16:40:07.000000Z\\\",\\\"updated_at\\\":\\\"2022-09-14T16:40:07.000000Z\\\",\\\"ordr\\\":5,\\\"deleted_at\\\":null,\\\"base\\\":\\\"0.00\\\",\\\"system_taxes\\\":{\\\"id\\\":7,\\\"created_at\\\":null,\\\"updated_at\\\":\\\"2020-04-16T13:33:23.000000Z\\\",\\\"name\\\":\\\"no gravado\\\",\\\"apply_to\\\":\\\"iva\\\",\\\"ammount_permited\\\":1,\\\"percent_iva\\\":\\\"0.00\\\",\\\"taxable_iibb\\\":1,\\\"taxable_iva\\\":1,\\\"code\\\":1,\\\"status\\\":1,\\\"afip_alicuota_id\\\":1,\\\"plan_cuenta_id\\\":218,\\\"code_citi_alic_iva\\\":3}},{\\\"id\\\":36649,\\\"user_id\\\":7768,\\\"period_liquidation_id\\\":261,\\\"period_liquidation_iva_id\\\":127,\\\"period_id\\\":88852,\\\"person_id\\\":41298,\\\"activity_id\\\":1,\\\"iva_creditos_tipo_id\\\":4,\\\"type\\\":2,\\\"tax_id\\\":7,\\\"taxabled_amount\\\":\\\"0.00\\\",\\\"iva_amount\\\":\\\"0.00\\\",\\\"created_at\\\":\\\"2022-09-14T16:40:07.000000Z\\\",\\\"updated_at\\\":\\\"2022-09-14T16:40:07.000000Z\\\",\\\"ordr\\\":5,\\\"deleted_at\\\":null,\\\"base\\\":\\\"0.00\\\",\\\"system_taxes\\\":{\\\"id\\\":7,\\\"created_at\\\":null,\\\"updated_at\\\":\\\"2020-04-16T13:33:23.000000Z\\\",\\\"name\\\":\\\"no gravado\\\",\\\"apply_to\\\":\\\"iva\\\",\\\"ammount_permited\\\":1,\\\"percent_iva\\\":\\\"0.00\\\",\\\"taxable_iibb\\\":1,\\\"taxable_iva\\\":1,\\\"code\\\":1,\\\"status\\\":1,\\\"afip_alicuota_id\\\":1,\\\"plan_cuenta_id\\\":218,\\\"code_citi_alic_iva\\\":3}},{\\\"id\\\":36650,\\\"user_id\\\":7768,\\\"period_liquidation_id\\\":261,\\\"period_liquidation_iva_id\\\":127,\\\"period_id\\\":88852,\\\"person_id\\\":41298,\\\"activity_id\\\":1,\\\"iva_creditos_tipo_id\\\":11,\\\"type\\\":2,\\\"tax_id\\\":8,\\\"taxabled_amount\\\":\\\"0.00\\\",\\\"iva_amount\\\":\\\"0.00\\\",\\\"created_at\\\":\\\"2022-09-14T16:40:07.000000Z\\\",\\\"updated_at\\\":\\\"2022-09-14T16:40:07.000000Z\\\",\\\"ordr\\\":5,\\\"deleted_at\\\":null,\\\"base\\\":\\\"0.00\\\",\\\"system_taxes\\\":{\\\"id\\\":8,\\\"created_at\\\":null,\\\"updated_at\\\":\\\"2020-04-16T13:33:23.000000Z\\\",\\\"name\\\":\\\"Exento\\\",\\\"apply_to\\\":\\\"iva\\\",\\\"ammount_permited\\\":1,\\\"percent_iva\\\":\\\"0.00\\\",\\\"taxable_iibb\\\":1,\\\"taxable_iva\\\":1,\\\"code\\\":2,\\\"status\\\":1,\\\"afip_alicuota_id\\\":2,\\\"plan_cuenta_id\\\":218,\\\"code_citi_alic_iva\\\":3}},{\\\"id\\\":36651,\\\"user_id\\\":7768,\\\"period_liquidation_id\\\":261,\\\"period_liquidation_iva_id\\\":127,\\\"period_id\\\":88852,\\\"person_id\\\":41298,\\\"activity_id\\\":1,\\\"iva_creditos_tipo_id\\\":3,\\\"type\\\":2,\\\"tax_id\\\":8,\\\"taxabled_amount\\\":\\\"0.00\\\",\\\"iva_amount\\\":\\\"0.00\\\",\\\"created_at\\\":\\\"2022-09-14T16:40:07.000000Z\\\",\\\"updated_at\\\":\\\"2022-09-14T16:40:07.000000Z\\\",\\\"ordr\\\":5,\\\"deleted_at\\\":null,\\\"base\\\":\\\"0.00\\\",\\\"system_taxes\\\":{\\\"id\\\":8,\\\"created_at\\\":null,\\\"updated_at\\\":\\\"2020-04-16T13:33:23.000000Z\\\",\\\"name\\\":\\\"Exento\\\",\\\"apply_to\\\":\\\"iva\\\",\\\"ammount_permited\\\":1,\\\"percent_iva\\\":\\\"0.00\\\",\\\"taxable_iibb\\\":1,\\\"taxable_iva\\\":1,\\\"code\\\":2,\\\"status\\\":1,\\\"afip_alicuota_id\\\":2,\\\"plan_cuenta_id\\\":218,\\\"code_citi_alic_iva\\\":3}},{\\\"id\\\":36652,\\\"user_id\\\":7768,\\\"period_liquidation_id\\\":261,\\\"period_liquidation_iva_id\\\":127,\\\"period_id\\\":88852,\\\"person_id\\\":41298,\\\"activity_id\\\":1,\\\"iva_creditos_tipo_id\\\":7,\\\"type\\\":2,\\\"tax_id\\\":8,\\\"taxabled_amount\\\":\\\"0.00\\\",\\\"iva_amount\\\":\\\"0.00\\\",\\\"created_at\\\":\\\"2022-09-14T16:40:07.000000Z\\\",\\\"updated_at\\\":\\\"2022-09-14T16:40:07.000000Z\\\",\\\"ordr\\\":5,\\\"deleted_at\\\":null,\\\"base\\\":\\\"0.00\\\",\\\"system_taxes\\\":{\\\"id\\\":8,\\\"created_at\\\":null,\\\"updated_at\\\":\\\"2020-04-16T13:33:23.000000Z\\\",\\\"name\\\":\\\"Exento\\\",\\\"apply_to\\\":\\\"iva\\\",\\\"ammount_permited\\\":1,\\\"percent_iva\\\":\\\"0.00\\\",\\\"taxable_iibb\\\":1,\\\"taxable_iva\\\":1,\\\"code\\\":2,\\\"status\\\":1,\\\"afip_alicuota_id\\\":2,\\\"plan_cuenta_id\\\":218,\\\"code_citi_alic_iva\\\":3}},{\\\"id\\\":36653,\\\"user_id\\\":7768,\\\"period_liquidation_id\\\":261,\\\"period_liquidation_iva_id\\\":127,\\\"period_id\\\":88852,\\\"person_id\\\":41298,\\\"activity_id\\\":1,\\\"iva_creditos_tipo_id\\\":10,\\\"type\\\":2,\\\"tax_id\\\":6,\\\"taxabled_amount\\\":\\\"0.00\\\",\\\"iva_amount\\\":\\\"0.00\\\",\\\"created_at\\\":\\\"2022-09-14T16:40:07.000000Z\\\",\\\"updated_at\\\":\\\"2022-09-14T16:40:07.000000Z\\\",\\\"ordr\\\":5,\\\"deleted_at\\\":null,\\\"base\\\":\\\"0.00\\\",\\\"system_taxes\\\":{\\\"id\\\":6,\\\"created_at\\\":null,\\\"updated_at\\\":\\\"2020-04-16T13:33:23.000000Z\\\",\\\"name\\\":\\\"gravado al 0%\\\",\\\"apply_to\\\":\\\"iva\\\",\\\"ammount_permited\\\":1,\\\"percent_iva\\\":\\\"0.00\\\",\\\"taxable_iibb\\\":1,\\\"taxable_iva\\\":1,\\\"code\\\":3,\\\"status\\\":1,\\\"afip_alicuota_id\\\":3,\\\"plan_cuenta_id\\\":218,\\\"code_citi_alic_iva\\\":3}},{\\\"id\\\":36654,\\\"user_id\\\":7768,\\\"period_liquidation_id\\\":261,\\\"period_liquidation_iva_id\\\":127,\\\"period_id\\\":88852,\\\"person_id\\\":41298,\\\"activity_id\\\":1,\\\"iva_creditos_tipo_id\\\":2,\\\"type\\\":2,\\\"tax_id\\\":6,\\\"taxabled_amount\\\":\\\"0.00\\\",\\\"iva_amount\\\":\\\"0.00\\\",\\\"created_at\\\":\\\"2022-09-14T16:40:07.000000Z\\\",\\\"updated_at\\\":\\\"2022-09-14T16:40:07.000000Z\\\",\\\"ordr\\\":5,\\\"deleted_at\\\":null,\\\"base\\\":\\\"0.00\\\",\\\"system_taxes\\\":{\\\"id\\\":6,\\\"created_at\\\":null,\\\"updated_at\\\":\\\"2020-04-16T13:33:23.000000Z\\\",\\\"name\\\":\\\"gravado al 0%\\\",\\\"apply_to\\\":\\\"iva\\\",\\\"ammount_permited\\\":1,\\\"percent_iva\\\":\\\"0.00\\\",\\\"taxable_iibb\\\":1,\\\"taxable_iva\\\":1,\\\"code\\\":3,\\\"status\\\":1,\\\"afip_alicuota_id\\\":3,\\\"plan_cuenta_id\\\":218,\\\"code_citi_alic_iva\\\":3}},{\\\"id\\\":36655,\\\"user_id\\\":7768,\\\"period_liquidation_id\\\":261,\\\"period_liquidation_iva_id\\\":127,\\\"period_id\\\":88852,\\\"person_id\\\":41298,\\\"activity_id\\\":1,\\\"iva_creditos_tipo_id\\\":6,\\\"type\\\":2,\\\"tax_id\\\":6,\\\"taxabled_amount\\\":\\\"0.00\\\",\\\"iva_amount\\\":\\\"0.00\\\",\\\"created_at\\\":\\\"2022-09-14T16:40:07.000000Z\\\",\\\"updated_at\\\":\\\"2022-09-14T16:40:07.000000Z\\\",\\\"ordr\\\":5,\\\"deleted_at\\\":null,\\\"base\\\":\\\"0.00\\\",\\\"system_taxes\\\":{\\\"id\\\":6,\\\"created_at\\\":null,\\\"updated_at\\\":\\\"2020-04-16T13:33:23.000000Z\\\",\\\"name\\\":\\\"gravado al 0%\\\",\\\"apply_to\\\":\\\"iva\\\",\\\"ammount_permited\\\":1,\\\"percent_iva\\\":\\\"0.00\\\",\\\"taxable_iibb\\\":1,\\\"taxable_iva\\\":1,\\\"code\\\":3,\\\"status\\\":1,\\\"afip_alicuota_id\\\":3,\\\"plan_cuenta_id\\\":218,\\\"code_citi_alic_iva\\\":3}},{\\\"id\\\":36656,\\\"user_id\\\":7768,\\\"period_liquidation_id\\\":261,\\\"period_liquidation_iva_id\\\":127,\\\"period_id\\\":88852,\\\"person_id\\\":41298,\\\"activity_id\\\":1,\\\"iva_creditos_tipo_id\\\":14,\\\"type\\\":2,\\\"tax_id\\\":6,\\\"taxabled_amount\\\":\\\"0.00\\\",\\\"iva_amount\\\":\\\"0.00\\\",\\\"created_at\\\":\\\"2022-09-14T16:40:07.000000Z\\\",\\\"updated_at\\\":\\\"2022-09-14T16:40:07.000000Z\\\",\\\"ordr\\\":5,\\\"deleted_at\\\":null,\\\"base\\\":\\\"0.00\\\",\\\"system_taxes\\\":{\\\"id\\\":6,\\\"created_at\\\":null,\\\"updated_at\\\":\\\"2020-04-16T13:33:23.000000Z\\\",\\\"name\\\":\\\"gravado al 0%\\\",\\\"apply_to\\\":\\\"iva\\\",\\\"ammount_permited\\\":1,\\\"percent_iva\\\":\\\"0.00\\\",\\\"taxable_iibb\\\":1,\\\"taxable_iva\\\":1,\\\"code\\\":3,\\\"status\\\":1,\\\"afip_alicuota_id\\\":3,\\\"plan_cuenta_id\\\":218,\\\"code_citi_alic_iva\\\":3}},{\\\"id\\\":36657,\\\"user_id\\\":7768,\\\"period_liquidation_id\\\":261,\\\"period_liquidation_iva_id\\\":127,\\\"period_id\\\":88852,\\\"person_id\\\":41298,\\\"activity_id\\\":1,\\\"iva_creditos_tipo_id\\\":9,\\\"type\\\":2,\\\"tax_id\\\":7,\\\"taxabled_amount\\\":\\\"0.00\\\",\\\"iva_amount\\\":\\\"0.00\\\",\\\"created_at\\\":\\\"2022-09-14T16:40:07.000000Z\\\",\\\"updated_at\\\":\\\"2022-09-14T16:40:07.000000Z\\\",\\\"ordr\\\":5,\\\"deleted_at\\\":null,\\\"base\\\":\\\"0.00\\\",\\\"system_taxes\\\":{\\\"id\\\":7,\\\"created_at\\\":null,\\\"updated_at\\\":\\\"2020-04-16T13:33:23.000000Z\\\",\\\"name\\\":\\\"no gravado\\\",\\\"apply_to\\\":\\\"iva\\\",\\\"ammount_permited\\\":1,\\\"percent_iva\\\":\\\"0.00\\\",\\\"taxable_iibb\\\":1,\\\"taxable_iva\\\":1,\\\"code\\\":1,\\\"status\\\":1,\\\"afip_alicuota_id\\\":1,\\\"plan_cuenta_id\\\":218,\\\"code_citi_alic_iva\\\":3}},{\\\"id\\\":36658,\\\"user_id\\\":7768,\\\"period_liquidation_id\\\":261,\\\"period_liquidation_iva_id\\\":127,\\\"period_id\\\":88852,\\\"person_id\\\":41298,\\\"activity_id\\\":1,\\\"iva_creditos_tipo_id\\\":1,\\\"type\\\":2,\\\"tax_id\\\":7,\\\"taxabled_amount\\\":\\\"0.00\\\",\\\"iva_amount\\\":\\\"0.00\\\",\\\"created_at\\\":\\\"2022-09-14T16:40:07.000000Z\\\",\\\"updated_at\\\":\\\"2022-09-14T16:40:07.000000Z\\\",\\\"ordr\\\":5,\\\"deleted_at\\\":null,\\\"base\\\":\\\"0.00\\\",\\\"system_taxes\\\":{\\\"id\\\":7,\\\"created_at\\\":null,\\\"updated_at\\\":\\\"2020-04-16T13:33:23.000000Z\\\",\\\"name\\\":\\\"no gravado\\\",\\\"apply_to\\\":\\\"iva\\\",\\\"ammount_permited\\\":1,\\\"percent_iva\\\":\\\"0.00\\\",\\\"taxable_iibb\\\":1,\\\"taxable_iva\\\":1,\\\"code\\\":1,\\\"status\\\":1,\\\"afip_alicuota_id\\\":1,\\\"plan_cuenta_id\\\":218,\\\"code_citi_alic_iva\\\":3}},{\\\"id\\\":36659,\\\"user_id\\\":7768,\\\"period_liquidation_id\\\":261,\\\"period_liquidation_iva_id\\\":127,\\\"period_id\\\":88852,\\\"person_id\\\":41298,\\\"activity_id\\\":1,\\\"iva_creditos_tipo_id\\\":5,\\\"type\\\":2,\\\"tax_id\\\":7,\\\"taxabled_amount\\\":\\\"0.00\\\",\\\"iva_amount\\\":\\\"0.00\\\",\\\"created_at\\\":\\\"2022-09-14T16:40:07.000000Z\\\",\\\"updated_at\\\":\\\"2022-09-14T16:40:07.000000Z\\\",\\\"ordr\\\":5,\\\"deleted_at\\\":null,\\\"base\\\":\\\"0.00\\\",\\\"system_taxes\\\":{\\\"id\\\":7,\\\"created_at\\\":null,\\\"updated_at\\\":\\\"2020-04-16T13:33:23.000000Z\\\",\\\"name\\\":\\\"no gravado\\\",\\\"apply_to\\\":\\\"iva\\\",\\\"ammount_permited\\\":1,\\\"percent_iva\\\":\\\"0.00\\\",\\\"taxable_iibb\\\":1,\\\"taxable_iva\\\":1,\\\"code\\\":1,\\\"status\\\":1,\\\"afip_alicuota_id\\\":1,\\\"plan_cuenta_id\\\":218,\\\"code_citi_alic_iva\\\":3}},{\\\"id\\\":36660,\\\"user_id\\\":7768,\\\"period_liquidation_id\\\":261,\\\"period_liquidation_iva_id\\\":127,\\\"period_id\\\":88852,\\\"person_id\\\":41298,\\\"activity_id\\\":1,\\\"iva_creditos_tipo_id\\\":13,\\\"type\\\":2,\\\"tax_id\\\":7,\\\"taxabled_amount\\\":\\\"0.00\\\",\\\"iva_amount\\\":\\\"0.00\\\",\\\"created_at\\\":\\\"2022-09-14T16:40:07.000000Z\\\",\\\"updated_at\\\":\\\"2022-09-14T16:40:07.000000Z\\\",\\\"ordr\\\":5,\\\"deleted_at\\\":null,\\\"base\\\":\\\"0.00\\\",\\\"system_taxes\\\":{\\\"id\\\":7,\\\"created_at\\\":null,\\\"updated_at\\\":\\\"2020-04-16T13:33:23.000000Z\\\",\\\"name\\\":\\\"no gravado\\\",\\\"apply_to\\\":\\\"iva\\\",\\\"ammount_permited\\\":1,\\\"percent_iva\\\":\\\"0.00\\\",\\\"taxable_iibb\\\":1,\\\"taxable_iva\\\":1,\\\"code\\\":1,\\\"status\\\":1,\\\"afip_alicuota_id\\\":1,\\\"plan_cuenta_id\\\":218,\\\"code_citi_alic_iva\\\":3}},{\\\"id\\\":36661,\\\"user_id\\\":7768,\\\"period_liquidation_id\\\":261,\\\"period_liquidation_iva_id\\\":127,\\\"period_id\\\":88852,\\\"person_id\\\":41298,\\\"activity_id\\\":1,\\\"iva_creditos_tipo_id\\\":8,\\\"type\\\":2,\\\"tax_id\\\":8,\\\"taxabled_amount\\\":\\\"0.00\\\",\\\"iva_amount\\\":\\\"0.00\\\",\\\"created_at\\\":\\\"2022-09-14T16:40:07.000000Z\\\",\\\"updated_at\\\":\\\"2022-09-14T16:40:07.000000Z\\\",\\\"ordr\\\":5,\\\"deleted_at\\\":null,\\\"base\\\":\\\"0.00\\\",\\\"system_taxes\\\":{\\\"id\\\":8,\\\"created_at\\\":null,\\\"updated_at\\\":\\\"2020-04-16T13:33:23.000000Z\\\",\\\"name\\\":\\\"Exento\\\",\\\"apply_to\\\":\\\"iva\\\",\\\"ammount_permited\\\":1,\\\"percent_iva\\\":\\\"0.00\\\",\\\"taxable_iibb\\\":1,\\\"taxable_iva\\\":1,\\\"code\\\":2,\\\"status\\\":1,\\\"afip_alicuota_id\\\":2,\\\"plan_cuenta_id\\\":218,\\\"code_citi_alic_iva\\\":3}},{\\\"id\\\":36662,\\\"user_id\\\":7768,\\\"period_liquidation_id\\\":261,\\\"period_liquidation_iva_id\\\":127,\\\"period_id\\\":88852,\\\"person_id\\\":41298,\\\"activity_id\\\":1,\\\"iva_creditos_tipo_id\\\":12,\\\"type\\\":2,\\\"tax_id\\\":8,\\\"taxabled_amount\\\":\\\"0.00\\\",\\\"iva_amount\\\":\\\"0.00\\\",\\\"created_at\\\":\\\"2022-09-14T16:40:07.000000Z\\\",\\\"updated_at\\\":\\\"2022-09-14T16:40:07.000000Z\\\",\\\"ordr\\\":5,\\\"deleted_at\\\":null,\\\"base\\\":\\\"0.00\\\",\\\"system_taxes\\\":{\\\"id\\\":8,\\\"created_at\\\":null,\\\"updated_at\\\":\\\"2020-04-16T13:33:23.000000Z\\\",\\\"name\\\":\\\"Exento\\\",\\\"apply_to\\\":\\\"iva\\\",\\\"ammount_permited\\\":1,\\\"percent_iva\\\":\\\"0.00\\\",\\\"taxable_iibb\\\":1,\\\"taxable_iva\\\":1,\\\"code\\\":2,\\\"status\\\":1,\\\"afip_alicuota_id\\\":2,\\\"plan_cuenta_id\\\":218,\\\"code_citi_alic_iva\\\":3}},{\\\"id\\\":36663,\\\"user_id\\\":7768,\\\"period_liquidation_id\\\":261,\\\"period_liquidation_iva_id\\\":127,\\\"period_id\\\":88852,\\\"person_id\\\":41298,\\\"activity_id\\\":1,\\\"iva_creditos_tipo_id\\\":4,\\\"type\\\":2,\\\"tax_id\\\":8,\\\"taxabled_amount\\\":\\\"0.00\\\",\\\"iva_amount\\\":\\\"0.00\\\",\\\"created_at\\\":\\\"2022-09-14T16:40:07.000000Z\\\",\\\"updated_at\\\":\\\"2022-09-14T16:40:07.000000Z\\\",\\\"ordr\\\":5,\\\"deleted_at\\\":null,\\\"base\\\":\\\"0.00\\\",\\\"system_taxes\\\":{\\\"id\\\":8,\\\"created_at\\\":null,\\\"updated_at\\\":\\\"2020-04-16T13:33:23.000000Z\\\",\\\"name\\\":\\\"Exento\\\",\\\"apply_to\\\":\\\"iva\\\",\\\"ammount_permited\\\":1,\\\"percent_iva\\\":\\\"0.00\\\",\\\"taxable_iibb\\\":1,\\\"taxable_iva\\\":1,\\\"code\\\":2,\\\"status\\\":1,\\\"afip_alicuota_id\\\":2,\\\"plan_cuenta_id\\\":218,\\\"code_citi_alic_iva\\\":3}},{\\\"id\\\":36664,\\\"user_id\\\":7768,\\\"period_liquidation_id\\\":261,\\\"period_liquidation_iva_id\\\":127,\\\"period_id\\\":88852,\\\"person_id\\\":41298,\\\"activity_id\\\":1,\\\"iva_creditos_tipo_id\\\":11,\\\"type\\\":2,\\\"tax_id\\\":6,\\\"taxabled_amount\\\":\\\"0.00\\\",\\\"iva_amount\\\":\\\"0.00\\\",\\\"created_at\\\":\\\"2022-09-14T16:40:07.000000Z\\\",\\\"updated_at\\\":\\\"2022-09-14T16:40:07.000000Z\\\",\\\"ordr\\\":5,\\\"deleted_at\\\":null,\\\"base\\\":\\\"0.00\\\",\\\"system_taxes\\\":{\\\"id\\\":6,\\\"created_at\\\":null,\\\"updated_at\\\":\\\"2020-04-16T13:33:23.000000Z\\\",\\\"name\\\":\\\"gravado al 0%\\\",\\\"apply_to\\\":\\\"iva\\\",\\\"ammount_permited\\\":1,\\\"percent_iva\\\":\\\"0.00\\\",\\\"taxable_iibb\\\":1,\\\"taxable_iva\\\":1,\\\"code\\\":3,\\\"status\\\":1,\\\"afip_alicuota_id\\\":3,\\\"plan_cuenta_id\\\":218,\\\"code_citi_alic_iva\\\":3}},{\\\"id\\\":36665,\\\"user_id\\\":7768,\\\"period_liquidation_id\\\":261,\\\"period_liquidation_iva_id\\\":127,\\\"period_id\\\":88852,\\\"person_id\\\":41298,\\\"activity_id\\\":1,\\\"iva_creditos_tipo_id\\\":3,\\\"type\\\":2,\\\"tax_id\\\":6,\\\"taxabled_amount\\\":\\\"0.00\\\",\\\"iva_amount\\\":\\\"0.00\\\",\\\"created_at\\\":\\\"2022-09-14T16:40:07.000000Z\\\",\\\"updated_at\\\":\\\"2022-09-14T16:40:07.000000Z\\\",\\\"ordr\\\":5,\\\"deleted_at\\\":null,\\\"base\\\":\\\"0.00\\\",\\\"system_taxes\\\":{\\\"id\\\":6,\\\"created_at\\\":null,\\\"updated_at\\\":\\\"2020-04-16T13:33:23.000000Z\\\",\\\"name\\\":\\\"gravado al 0%\\\",\\\"apply_to\\\":\\\"iva\\\",\\\"ammount_permited\\\":1,\\\"percent_iva\\\":\\\"0.00\\\",\\\"taxable_iibb\\\":1,\\\"taxable_iva\\\":1,\\\"code\\\":3,\\\"status\\\":1,\\\"afip_alicuota_id\\\":3,\\\"plan_cuenta_id\\\":218,\\\"code_citi_alic_iva\\\":3}},{\\\"id\\\":36666,\\\"user_id\\\":7768,\\\"period_liquidation_id\\\":261,\\\"period_liquidation_iva_id\\\":127,\\\"period_id\\\":88852,\\\"person_id\\\":41298,\\\"activity_id\\\":1,\\\"iva_creditos_tipo_id\\\":7,\\\"type\\\":2,\\\"tax_id\\\":6,\\\"taxabled_amount\\\":\\\"0.00\\\",\\\"iva_amount\\\":\\\"0.00\\\",\\\"created_at\\\":\\\"2022-09-14T16:40:07.000000Z\\\",\\\"updated_at\\\":\\\"2022-09-14T16:40:07.000000Z\\\",\\\"ordr\\\":5,\\\"deleted_at\\\":null,\\\"base\\\":\\\"0.00\\\",\\\"system_taxes\\\":{\\\"id\\\":6,\\\"created_at\\\":null,\\\"updated_at\\\":\\\"2020-04-16T13:33:23.000000Z\\\",\\\"name\\\":\\\"gravado al 0%\\\",\\\"apply_to\\\":\\\"iva\\\",\\\"ammount_permited\\\":1,\\\"percent_iva\\\":\\\"0.00\\\",\\\"taxable_iibb\\\":1,\\\"taxable_iva\\\":1,\\\"code\\\":3,\\\"status\\\":1,\\\"afip_alicuota_id\\\":3,\\\"plan_cuenta_id\\\":218,\\\"code_citi_alic_iva\\\":3}},{\\\"id\\\":36667,\\\"user_id\\\":7768,\\\"period_liquidation_id\\\":261,\\\"period_liquidation_iva_id\\\":127,\\\"period_id\\\":88852,\\\"person_id\\\":41298,\\\"activity_id\\\":1,\\\"iva_creditos_tipo_id\\\":10,\\\"type\\\":2,\\\"tax_id\\\":7,\\\"taxabled_amount\\\":\\\"0.00\\\",\\\"iva_amount\\\":\\\"0.00\\\",\\\"created_at\\\":\\\"2022-09-14T16:40:07.000000Z\\\",\\\"updated_at\\\":\\\"2022-09-14T16:40:07.000000Z\\\",\\\"ordr\\\":5,\\\"deleted_at\\\":null,\\\"base\\\":\\\"0.00\\\",\\\"system_taxes\\\":{\\\"id\\\":7,\\\"created_at\\\":null,\\\"updated_at\\\":\\\"2020-04-16T13:33:23.000000Z\\\",\\\"name\\\":\\\"no gravado\\\",\\\"apply_to\\\":\\\"iva\\\",\\\"ammount_permited\\\":1,\\\"percent_iva\\\":\\\"0.00\\\",\\\"taxable_iibb\\\":1,\\\"taxable_iva\\\":1,\\\"code\\\":1,\\\"status\\\":1,\\\"afip_alicuota_id\\\":1,\\\"plan_cuenta_id\\\":218,\\\"code_citi_alic_iva\\\":3}},{\\\"id\\\":36668,\\\"user_id\\\":7768,\\\"period_liquidation_id\\\":261,\\\"period_liquidation_iva_id\\\":127,\\\"period_id\\\":88852,\\\"person_id\\\":41298,\\\"activity_id\\\":1,\\\"iva_creditos_tipo_id\\\":2,\\\"type\\\":2,\\\"tax_id\\\":7,\\\"taxabled_amount\\\":\\\"0.00\\\",\\\"iva_amount\\\":\\\"0.00\\\",\\\"created_at\\\":\\\"2022-09-14T16:40:07.000000Z\\\",\\\"updated_at\\\":\\\"2022-09-14T16:40:07.000000Z\\\",\\\"ordr\\\":5,\\\"deleted_at\\\":null,\\\"base\\\":\\\"0.00\\\",\\\"system_taxes\\\":{\\\"id\\\":7,\\\"created_at\\\":null,\\\"updated_at\\\":\\\"2020-04-16T13:33:23.000000Z\\\",\\\"name\\\":\\\"no gravado\\\",\\\"apply_to\\\":\\\"iva\\\",\\\"ammount_permited\\\":1,\\\"percent_iva\\\":\\\"0.00\\\",\\\"taxable_iibb\\\":1,\\\"taxable_iva\\\":1,\\\"code\\\":1,\\\"status\\\":1,\\\"afip_alicuota_id\\\":1,\\\"plan_cuenta_id\\\":218,\\\"code_citi_alic_iva\\\":3}},{\\\"id\\\":36669,\\\"user_id\\\":7768,\\\"period_liquidation_id\\\":261,\\\"period_liquidation_iva_id\\\":127,\\\"period_id\\\":88852,\\\"person_id\\\":41298,\\\"activity_id\\\":1,\\\"iva_creditos_tipo_id\\\":6,\\\"type\\\":2,\\\"tax_id\\\":7,\\\"taxabled_amount\\\":\\\"0.00\\\",\\\"iva_amount\\\":\\\"0.00\\\",\\\"created_at\\\":\\\"2022-09-14T16:40:07.000000Z\\\",\\\"updated_at\\\":\\\"2022-09-14T16:40:07.000000Z\\\",\\\"ordr\\\":5,\\\"deleted_at\\\":null,\\\"base\\\":\\\"0.00\\\",\\\"system_taxes\\\":{\\\"id\\\":7,\\\"created_at\\\":null,\\\"updated_at\\\":\\\"2020-04-16T13:33:23.000000Z\\\",\\\"name\\\":\\\"no gravado\\\",\\\"apply_to\\\":\\\"iva\\\",\\\"ammount_permited\\\":1,\\\"percent_iva\\\":\\\"0.00\\\",\\\"taxable_iibb\\\":1,\\\"taxable_iva\\\":1,\\\"code\\\":1,\\\"status\\\":1,\\\"afip_alicuota_id\\\":1,\\\"plan_cuenta_id\\\":218,\\\"code_citi_alic_iva\\\":3}},{\\\"id\\\":36670,\\\"user_id\\\":7768,\\\"period_liquidation_id\\\":261,\\\"period_liquidation_iva_id\\\":127,\\\"period_id\\\":88852,\\\"person_id\\\":41298,\\\"activity_id\\\":1,\\\"iva_creditos_tipo_id\\\":14,\\\"type\\\":2,\\\"tax_id\\\":7,\\\"taxabled_amount\\\":\\\"0.00\\\",\\\"iva_amount\\\":\\\"0.00\\\",\\\"created_at\\\":\\\"2022-09-14T16:40:07.000000Z\\\",\\\"updated_at\\\":\\\"2022-09-14T16:40:07.000000Z\\\",\\\"ordr\\\":5,\\\"deleted_at\\\":null,\\\"base\\\":\\\"0.00\\\",\\\"system_taxes\\\":{\\\"id\\\":7,\\\"created_at\\\":null,\\\"updated_at\\\":\\\"2020-04-16T13:33:23.000000Z\\\",\\\"name\\\":\\\"no gravado\\\",\\\"apply_to\\\":\\\"iva\\\",\\\"ammount_permited\\\":1,\\\"percent_iva\\\":\\\"0.00\\\",\\\"taxable_iibb\\\":1,\\\"taxable_iva\\\":1,\\\"code\\\":1,\\\"status\\\":1,\\\"afip_alicuota_id\\\":1,\\\"plan_cuenta_id\\\":218,\\\"code_citi_alic_iva\\\":3}},{\\\"id\\\":36671,\\\"user_id\\\":7768,\\\"period_liquidation_id\\\":261,\\\"period_liquidation_iva_id\\\":127,\\\"period_id\\\":88852,\\\"person_id\\\":41298,\\\"activity_id\\\":1,\\\"iva_creditos_tipo_id\\\":9,\\\"type\\\":2,\\\"tax_id\\\":8,\\\"taxabled_amount\\\":\\\"0.00\\\",\\\"iva_amount\\\":\\\"0.00\\\",\\\"created_at\\\":\\\"2022-09-14T16:40:07.000000Z\\\",\\\"updated_at\\\":\\\"2022-09-14T16:40:07.000000Z\\\",\\\"ordr\\\":5,\\\"deleted_at\\\":null,\\\"base\\\":\\\"0.00\\\",\\\"system_taxes\\\":{\\\"id\\\":8,\\\"created_at\\\":null,\\\"updated_at\\\":\\\"2020-04-16T13:33:23.000000Z\\\",\\\"name\\\":\\\"Exento\\\",\\\"apply_to\\\":\\\"iva\\\",\\\"ammount_permited\\\":1,\\\"percent_iva\\\":\\\"0.00\\\",\\\"taxable_iibb\\\":1,\\\"taxable_iva\\\":1,\\\"code\\\":2,\\\"status\\\":1,\\\"afip_alicuota_id\\\":2,\\\"plan_cuenta_id\\\":218,\\\"code_citi_alic_iva\\\":3}},{\\\"id\\\":36672,\\\"user_id\\\":7768,\\\"period_liquidation_id\\\":261,\\\"period_liquidation_iva_id\\\":127,\\\"period_id\\\":88852,\\\"person_id\\\":41298,\\\"activity_id\\\":1,\\\"iva_creditos_tipo_id\\\":1,\\\"type\\\":2,\\\"tax_id\\\":8,\\\"taxabled_amount\\\":\\\"0.00\\\",\\\"iva_amount\\\":\\\"0.00\\\",\\\"created_at\\\":\\\"2022-09-14T16:40:07.000000Z\\\",\\\"updated_at\\\":\\\"2022-09-14T16:40:07.000000Z\\\",\\\"ordr\\\":5,\\\"deleted_at\\\":null,\\\"base\\\":\\\"0.00\\\",\\\"system_taxes\\\":{\\\"id\\\":8,\\\"created_at\\\":null,\\\"updated_at\\\":\\\"2020-04-16T13:33:23.000000Z\\\",\\\"name\\\":\\\"Exento\\\",\\\"apply_to\\\":\\\"iva\\\",\\\"ammount_permited\\\":1,\\\"percent_iva\\\":\\\"0.00\\\",\\\"taxable_iibb\\\":1,\\\"taxable_iva\\\":1,\\\"code\\\":2,\\\"status\\\":1,\\\"afip_alicuota_id\\\":2,\\\"plan_cuenta_id\\\":218,\\\"code_citi_alic_iva\\\":3}},{\\\"id\\\":36673,\\\"user_id\\\":7768,\\\"period_liquidation_id\\\":261,\\\"period_liquidation_iva_id\\\":127,\\\"period_id\\\":88852,\\\"person_id\\\":41298,\\\"activity_id\\\":1,\\\"iva_creditos_tipo_id\\\":5,\\\"type\\\":2,\\\"tax_id\\\":8,\\\"taxabled_amount\\\":\\\"0.00\\\",\\\"iva_amount\\\":\\\"0.00\\\",\\\"created_at\\\":\\\"2022-09-14T16:40:07.000000Z\\\",\\\"updated_at\\\":\\\"2022-09-14T16:40:07.000000Z\\\",\\\"ordr\\\":5,\\\"deleted_at\\\":null,\\\"base\\\":\\\"0.00\\\",\\\"system_taxes\\\":{\\\"id\\\":8,\\\"created_at\\\":null,\\\"updated_at\\\":\\\"2020-04-16T13:33:23.000000Z\\\",\\\"name\\\":\\\"Exento\\\",\\\"apply_to\\\":\\\"iva\\\",\\\"ammount_permited\\\":1,\\\"percent_iva\\\":\\\"0.00\\\",\\\"taxable_iibb\\\":1,\\\"taxable_iva\\\":1,\\\"code\\\":2,\\\"status\\\":1,\\\"afip_alicuota_id\\\":2,\\\"plan_cuenta_id\\\":218,\\\"code_citi_alic_iva\\\":3}},{\\\"id\\\":36674,\\\"user_id\\\":7768,\\\"period_liquidation_id\\\":261,\\\"period_liquidation_iva_id\\\":127,\\\"period_id\\\":88852,\\\"person_id\\\":41298,\\\"activity_id\\\":1,\\\"iva_creditos_tipo_id\\\":13,\\\"type\\\":2,\\\"tax_id\\\":8,\\\"taxabled_amount\\\":\\\"0.00\\\",\\\"iva_amount\\\":\\\"0.00\\\",\\\"created_at\\\":\\\"2022-09-14T16:40:07.000000Z\\\",\\\"updated_at\\\":\\\"2022-09-14T16:40:07.000000Z\\\",\\\"ordr\\\":5,\\\"deleted_at\\\":null,\\\"base\\\":\\\"0.00\\\",\\\"system_taxes\\\":{\\\"id\\\":8,\\\"created_at\\\":null,\\\"updated_at\\\":\\\"2020-04-16T13:33:23.000000Z\\\",\\\"name\\\":\\\"Exento\\\",\\\"apply_to\\\":\\\"iva\\\",\\\"ammount_permited\\\":1,\\\"percent_iva\\\":\\\"0.00\\\",\\\"taxable_iibb\\\":1,\\\"taxable_iva\\\":1,\\\"code\\\":2,\\\"status\\\":1,\\\"afip_alicuota_id\\\":2,\\\"plan_cuenta_id\\\":218,\\\"code_citi_alic_iva\\\":3}},{\\\"id\\\":36675,\\\"user_id\\\":7768,\\\"period_liquidation_id\\\":261,\\\"period_liquidation_iva_id\\\":127,\\\"period_id\\\":88852,\\\"person_id\\\":41298,\\\"activity_id\\\":1,\\\"iva_creditos_tipo_id\\\":4,\\\"type\\\":2,\\\"tax_id\\\":3,\\\"taxabled_amount\\\":\\\"0.00\\\",\\\"iva_amount\\\":\\\"0.00\\\",\\\"created_at\\\":\\\"2022-09-14T16:40:07.000000Z\\\",\\\"updated_at\\\":\\\"2022-09-14T16:40:07.000000Z\\\",\\\"ordr\\\":6,\\\"deleted_at\\\":null,\\\"base\\\":\\\"0.00\\\",\\\"system_taxes\\\":{\\\"id\\\":3,\\\"created_at\\\":null,\\\"updated_at\\\":\\\"2020-04-16T13:33:23.000000Z\\\",\\\"name\\\":\\\"gravado al 27%\\\",\\\"apply_to\\\":\\\"iva\\\",\\\"ammount_permited\\\":1,\\\"percent_iva\\\":\\\"27.00\\\",\\\"taxable_iibb\\\":1,\\\"taxable_iva\\\":1,\\\"code\\\":6,\\\"status\\\":1,\\\"afip_alicuota_id\\\":6,\\\"plan_cuenta_id\\\":96,\\\"code_citi_alic_iva\\\":6}},{\\\"id\\\":36676,\\\"user_id\\\":7768,\\\"period_liquidation_id\\\":261,\\\"period_liquidation_iva_id\\\":127,\\\"period_id\\\":88852,\\\"person_id\\\":41298,\\\"activity_id\\\":1,\\\"iva_creditos_tipo_id\\\":7,\\\"type\\\":2,\\\"tax_id\\\":3,\\\"taxabled_amount\\\":\\\"0.00\\\",\\\"iva_amount\\\":\\\"0.00\\\",\\\"created_at\\\":\\\"2022-09-14T16:40:07.000000Z\\\",\\\"updated_at\\\":\\\"2022-09-14T16:40:07.000000Z\\\",\\\"ordr\\\":6,\\\"deleted_at\\\":null,\\\"base\\\":\\\"0.00\\\",\\\"system_taxes\\\":{\\\"id\\\":3,\\\"created_at\\\":null,\\\"updated_at\\\":\\\"2020-04-16T13:33:23.000000Z\\\",\\\"name\\\":\\\"gravado al 27%\\\",\\\"apply_to\\\":\\\"iva\\\",\\\"ammount_permited\\\":1,\\\"percent_iva\\\":\\\"27.00\\\",\\\"taxable_iibb\\\":1,\\\"taxable_iva\\\":1,\\\"code\\\":6,\\\"status\\\":1,\\\"afip_alicuota_id\\\":6,\\\"plan_cuenta_id\\\":96,\\\"code_citi_alic_iva\\\":6}},{\\\"id\\\":36677,\\\"user_id\\\":7768,\\\"period_liquidation_id\\\":261,\\\"period_liquidation_iva_id\\\":127,\\\"period_id\\\":88852,\\\"person_id\\\":41298,\\\"activity_id\\\":1,\\\"iva_creditos_tipo_id\\\":10,\\\"type\\\":2,\\\"tax_id\\\":3,\\\"taxabled_amount\\\":\\\"0.00\\\",\\\"iva_amount\\\":\\\"0.00\\\",\\\"created_at\\\":\\\"2022-09-14T16:40:07.000000Z\\\",\\\"updated_at\\\":\\\"2022-09-14T16:40:07.000000Z\\\",\\\"ordr\\\":6,\\\"deleted_at\\\":null,\\\"base\\\":\\\"0.00\\\",\\\"system_taxes\\\":{\\\"id\\\":3,\\\"created_at\\\":null,\\\"updated_at\\\":\\\"2020-04-16T13:33:23.000000Z\\\",\\\"name\\\":\\\"gravado al 27%\\\",\\\"apply_to\\\":\\\"iva\\\",\\\"ammount_permited\\\":1,\\\"percent_iva\\\":\\\"27.00\\\",\\\"taxable_iibb\\\":1,\\\"taxable_iva\\\":1,\\\"code\\\":6,\\\"status\\\":1,\\\"afip_alicuota_id\\\":6,\\\"plan_cuenta_id\\\":96,\\\"code_citi_alic_iva\\\":6}},{\\\"id\\\":36678,\\\"user_id\\\":7768,\\\"period_liquidation_id\\\":261,\\\"period_liquidation_iva_id\\\":127,\\\"period_id\\\":88852,\\\"person_id\\\":41298,\\\"activity_id\\\":1,\\\"iva_creditos_tipo_id\\\":13,\\\"type\\\":2,\\\"tax_id\\\":3,\\\"taxabled_amount\\\":\\\"0.00\\\",\\\"iva_amount\\\":\\\"0.00\\\",\\\"created_at\\\":\\\"2022-09-14T16:40:07.000000Z\\\",\\\"updated_at\\\":\\\"2022-09-14T16:40:07.000000Z\\\",\\\"ordr\\\":6,\\\"deleted_at\\\":null,\\\"base\\\":\\\"0.00\\\",\\\"system_taxes\\\":{\\\"id\\\":3,\\\"created_at\\\":null,\\\"updated_at\\\":\\\"2020-04-16T13:33:23.000000Z\\\",\\\"name\\\":\\\"gravado al 27%\\\",\\\"apply_to\\\":\\\"iva\\\",\\\"ammount_permited\\\":1,\\\"percent_iva\\\":\\\"27.00\\\",\\\"taxable_iibb\\\":1,\\\"taxable_iva\\\":1,\\\"code\\\":6,\\\"status\\\":1,\\\"afip_alicuota_id\\\":6,\\\"plan_cuenta_id\\\":96,\\\"code_citi_alic_iva\\\":6}},{\\\"id\\\":36679,\\\"user_id\\\":7768,\\\"period_liquidation_id\\\":261,\\\"period_liquidation_iva_id\\\":127,\\\"period_id\\\":88852,\\\"person_id\\\":41298,\\\"activity_id\\\":1,\\\"iva_creditos_tipo_id\\\":3,\\\"type\\\":2,\\\"tax_id\\\":3,\\\"taxabled_amount\\\":\\\"0.00\\\",\\\"iva_amount\\\":\\\"0.00\\\",\\\"created_at\\\":\\\"2022-09-14T16:40:07.000000Z\\\",\\\"updated_at\\\":\\\"2022-09-14T16:40:07.000000Z\\\",\\\"ordr\\\":6,\\\"deleted_at\\\":null,\\\"base\\\":\\\"0.00\\\",\\\"system_taxes\\\":{\\\"id\\\":3,\\\"created_at\\\":null,\\\"updated_at\\\":\\\"2020-04-16T13:33:23.000000Z\\\",\\\"name\\\":\\\"gravado al 27%\\\",\\\"apply_to\\\":\\\"iva\\\",\\\"ammount_permited\\\":1,\\\"percent_iva\\\":\\\"27.00\\\",\\\"taxable_iibb\\\":1,\\\"taxable_iva\\\":1,\\\"code\\\":6,\\\"status\\\":1,\\\"afip_alicuota_id\\\":6,\\\"plan_cuenta_id\\\":96,\\\"code_citi_alic_iva\\\":6}},{\\\"id\\\":36680,\\\"user_id\\\":7768,\\\"period_liquidation_id\\\":261,\\\"period_liquidation_iva_id\\\":127,\\\"period_id\\\":88852,\\\"person_id\\\":41298,\\\"activity_id\\\":1,\\\"iva_creditos_tipo_id\\\":6,\\\"type\\\":2,\\\"tax_id\\\":3,\\\"taxabled_amount\\\":\\\"0.00\\\",\\\"iva_amount\\\":\\\"0.00\\\",\\\"created_at\\\":\\\"2022-09-14T16:40:07.000000Z\\\",\\\"updated_at\\\":\\\"2022-09-14T16:40:07.000000Z\\\",\\\"ordr\\\":6,\\\"deleted_at\\\":null,\\\"base\\\":\\\"0.00\\\",\\\"system_taxes\\\":{\\\"id\\\":3,\\\"created_at\\\":null,\\\"updated_at\\\":\\\"2020-04-16T13:33:23.000000Z\\\",\\\"name\\\":\\\"gravado al 27%\\\",\\\"apply_to\\\":\\\"iva\\\",\\\"ammount_permited\\\":1,\\\"percent_iva\\\":\\\"27.00\\\",\\\"taxable_iibb\\\":1,\\\"taxable_iva\\\":1,\\\"code\\\":6,\\\"status\\\":1,\\\"afip_alicuota_id\\\":6,\\\"plan_cuenta_id\\\":96,\\\"code_citi_alic_iva\\\":6}},{\\\"id\\\":36681,\\\"user_id\\\":7768,\\\"period_liquidation_id\\\":261,\\\"period_liquidation_iva_id\\\":127,\\\"period_id\\\":88852,\\\"person_id\\\":41298,\\\"activity_id\\\":1,\\\"iva_creditos_tipo_id\\\":9,\\\"type\\\":2,\\\"tax_id\\\":3,\\\"taxabled_amount\\\":\\\"0.00\\\",\\\"iva_amount\\\":\\\"0.00\\\",\\\"created_at\\\":\\\"2022-09-14T16:40:07.000000Z\\\",\\\"updated_at\\\":\\\"2022-09-14T16:40:07.000000Z\\\",\\\"ordr\\\":6,\\\"deleted_at\\\":null,\\\"base\\\":\\\"0.00\\\",\\\"system_taxes\\\":{\\\"id\\\":3,\\\"created_at\\\":null,\\\"updated_at\\\":\\\"2020-04-16T13:33:23.000000Z\\\",\\\"name\\\":\\\"gravado al 27%\\\",\\\"apply_to\\\":\\\"iva\\\",\\\"ammount_permited\\\":1,\\\"percent_iva\\\":\\\"27.00\\\",\\\"taxable_iibb\\\":1,\\\"taxable_iva\\\":1,\\\"code\\\":6,\\\"status\\\":1,\\\"afip_alicuota_id\\\":6,\\\"plan_cuenta_id\\\":96,\\\"code_citi_alic_iva\\\":6}},{\\\"id\\\":36682,\\\"user_id\\\":7768,\\\"period_liquidation_id\\\":261,\\\"period_liquidation_iva_id\\\":127,\\\"period_id\\\":88852,\\\"person_id\\\":41298,\\\"activity_id\\\":1,\\\"iva_creditos_tipo_id\\\":12,\\\"type\\\":2,\\\"tax_id\\\":3,\\\"taxabled_amount\\\":\\\"0.00\\\",\\\"iva_amount\\\":\\\"0.00\\\",\\\"created_at\\\":\\\"2022-09-14T16:40:07.000000Z\\\",\\\"updated_at\\\":\\\"2022-09-14T16:40:07.000000Z\\\",\\\"ordr\\\":6,\\\"deleted_at\\\":null,\\\"base\\\":\\\"0.00\\\",\\\"system_taxes\\\":{\\\"id\\\":3,\\\"created_at\\\":null,\\\"updated_at\\\":\\\"2020-04-16T13:33:23.000000Z\\\",\\\"name\\\":\\\"gravado al 27%\\\",\\\"apply_to\\\":\\\"iva\\\",\\\"ammount_permited\\\":1,\\\"percent_iva\\\":\\\"27.00\\\",\\\"taxable_iibb\\\":1,\\\"taxable_iva\\\":1,\\\"code\\\":6,\\\"status\\\":1,\\\"afip_alicuota_id\\\":6,\\\"plan_cuenta_id\\\":96,\\\"code_citi_alic_iva\\\":6}},{\\\"id\\\":36683,\\\"user_id\\\":7768,\\\"period_liquidation_id\\\":261,\\\"period_liquidation_iva_id\\\":127,\\\"period_id\\\":88852,\\\"person_id\\\":41298,\\\"activity_id\\\":1,\\\"iva_creditos_tipo_id\\\":2,\\\"type\\\":2,\\\"tax_id\\\":3,\\\"taxabled_amount\\\":\\\"0.00\\\",\\\"iva_amount\\\":\\\"0.00\\\",\\\"created_at\\\":\\\"2022-09-14T16:40:07.000000Z\\\",\\\"updated_at\\\":\\\"2022-09-14T16:40:07.000000Z\\\",\\\"ordr\\\":6,\\\"deleted_at\\\":null,\\\"base\\\":\\\"0.00\\\",\\\"system_taxes\\\":{\\\"id\\\":3,\\\"created_at\\\":null,\\\"updated_at\\\":\\\"2020-04-16T13:33:23.000000Z\\\",\\\"name\\\":\\\"gravado al 27%\\\",\\\"apply_to\\\":\\\"iva\\\",\\\"ammount_permited\\\":1,\\\"percent_iva\\\":\\\"27.00\\\",\\\"taxable_iibb\\\":1,\\\"taxable_iva\\\":1,\\\"code\\\":6,\\\"status\\\":1,\\\"afip_alicuota_id\\\":6,\\\"plan_cuenta_id\\\":96,\\\"code_citi_alic_iva\\\":6}},{\\\"id\\\":36684,\\\"user_id\\\":7768,\\\"period_liquidation_id\\\":261,\\\"period_liquidation_iva_id\\\":127,\\\"period_id\\\":88852,\\\"person_id\\\":41298,\\\"activity_id\\\":1,\\\"iva_creditos_tipo_id\\\":5,\\\"type\\\":2,\\\"tax_id\\\":3,\\\"taxabled_amount\\\":\\\"0.00\\\",\\\"iva_amount\\\":\\\"0.00\\\",\\\"created_at\\\":\\\"2022-09-14T16:40:07.000000Z\\\",\\\"updated_at\\\":\\\"2022-09-14T16:40:07.000000Z\\\",\\\"ordr\\\":6,\\\"deleted_at\\\":null,\\\"base\\\":\\\"0.00\\\",\\\"system_taxes\\\":{\\\"id\\\":3,\\\"created_at\\\":null,\\\"updated_at\\\":\\\"2020-04-16T13:33:23.000000Z\\\",\\\"name\\\":\\\"gravado al 27%\\\",\\\"apply_to\\\":\\\"iva\\\",\\\"ammount_permited\\\":1,\\\"percent_iva\\\":\\\"27.00\\\",\\\"taxable_iibb\\\":1,\\\"taxable_iva\\\":1,\\\"code\\\":6,\\\"status\\\":1,\\\"afip_alicuota_id\\\":6,\\\"plan_cuenta_id\\\":96,\\\"code_citi_alic_iva\\\":6}},{\\\"id\\\":36685,\\\"user_id\\\":7768,\\\"period_liquidation_id\\\":261,\\\"period_liquidation_iva_id\\\":127,\\\"period_id\\\":88852,\\\"person_id\\\":41298,\\\"activity_id\\\":1,\\\"iva_creditos_tipo_id\\\":8,\\\"type\\\":2,\\\"tax_id\\\":3,\\\"taxabled_amount\\\":\\\"0.00\\\",\\\"iva_amount\\\":\\\"0.00\\\",\\\"created_at\\\":\\\"2022-09-14T16:40:07.000000Z\\\",\\\"updated_at\\\":\\\"2022-09-14T16:40:07.000000Z\\\",\\\"ordr\\\":6,\\\"deleted_at\\\":null,\\\"base\\\":\\\"0.00\\\",\\\"system_taxes\\\":{\\\"id\\\":3,\\\"created_at\\\":null,\\\"updated_at\\\":\\\"2020-04-16T13:33:23.000000Z\\\",\\\"name\\\":\\\"gravado al 27%\\\",\\\"apply_to\\\":\\\"iva\\\",\\\"ammount_permited\\\":1,\\\"percent_iva\\\":\\\"27.00\\\",\\\"taxable_iibb\\\":1,\\\"taxable_iva\\\":1,\\\"code\\\":6,\\\"status\\\":1,\\\"afip_alicuota_id\\\":6,\\\"plan_cuenta_id\\\":96,\\\"code_citi_alic_iva\\\":6}},{\\\"id\\\":36686,\\\"user_id\\\":7768,\\\"period_liquidation_id\\\":261,\\\"period_liquidation_iva_id\\\":127,\\\"period_id\\\":88852,\\\"person_id\\\":41298,\\\"activity_id\\\":1,\\\"iva_creditos_tipo_id\\\":11,\\\"type\\\":2,\\\"tax_id\\\":3,\\\"taxabled_amount\\\":\\\"0.00\\\",\\\"iva_amount\\\":\\\"0.00\\\",\\\"created_at\\\":\\\"2022-09-14T16:40:07.000000Z\\\",\\\"updated_at\\\":\\\"2022-09-14T16:40:07.000000Z\\\",\\\"ordr\\\":6,\\\"deleted_at\\\":null,\\\"base\\\":\\\"0.00\\\",\\\"system_taxes\\\":{\\\"id\\\":3,\\\"created_at\\\":null,\\\"updated_at\\\":\\\"2020-04-16T13:33:23.000000Z\\\",\\\"name\\\":\\\"gravado al 27%\\\",\\\"apply_to\\\":\\\"iva\\\",\\\"ammount_permited\\\":1,\\\"percent_iva\\\":\\\"27.00\\\",\\\"taxable_iibb\\\":1,\\\"taxable_iva\\\":1,\\\"code\\\":6,\\\"status\\\":1,\\\"afip_alicuota_id\\\":6,\\\"plan_cuenta_id\\\":96,\\\"code_citi_alic_iva\\\":6}},{\\\"id\\\":36687,\\\"user_id\\\":7768,\\\"period_liquidation_id\\\":261,\\\"period_liquidation_iva_id\\\":127,\\\"period_id\\\":88852,\\\"person_id\\\":41298,\\\"activity_id\\\":1,\\\"iva_creditos_tipo_id\\\":14,\\\"type\\\":2,\\\"tax_id\\\":3,\\\"taxabled_amount\\\":\\\"0.00\\\",\\\"iva_amount\\\":\\\"0.00\\\",\\\"created_at\\\":\\\"2022-09-14T16:40:07.000000Z\\\",\\\"updated_at\\\":\\\"2022-09-14T16:40:07.000000Z\\\",\\\"ordr\\\":6,\\\"deleted_at\\\":null,\\\"base\\\":\\\"0.00\\\",\\\"system_taxes\\\":{\\\"id\\\":3,\\\"created_at\\\":null,\\\"updated_at\\\":\\\"2020-04-16T13:33:23.000000Z\\\",\\\"name\\\":\\\"gravado al 27%\\\",\\\"apply_to\\\":\\\"iva\\\",\\\"ammount_permited\\\":1,\\\"percent_iva\\\":\\\"27.00\\\",\\\"taxable_iibb\\\":1,\\\"taxable_iva\\\":1,\\\"code\\\":6,\\\"status\\\":1,\\\"afip_alicuota_id\\\":6,\\\"plan_cuenta_id\\\":96,\\\"code_citi_alic_iva\\\":6}},{\\\"id\\\":36688,\\\"user_id\\\":7768,\\\"period_liquidation_id\\\":261,\\\"period_liquidation_iva_id\\\":127,\\\"period_id\\\":88852,\\\"person_id\\\":41298,\\\"activity_id\\\":1,\\\"iva_creditos_tipo_id\\\":1,\\\"type\\\":2,\\\"tax_id\\\":3,\\\"taxabled_amount\\\":\\\"0.00\\\",\\\"iva_amount\\\":\\\"0.00\\\",\\\"created_at\\\":\\\"2022-09-14T16:40:07.000000Z\\\",\\\"updated_at\\\":\\\"2022-09-14T16:40:07.000000Z\\\",\\\"ordr\\\":6,\\\"deleted_at\\\":null,\\\"base\\\":\\\"0.00\\\",\\\"system_taxes\\\":{\\\"id\\\":3,\\\"created_at\\\":null,\\\"updated_at\\\":\\\"2020-04-16T13:33:23.000000Z\\\",\\\"name\\\":\\\"gravado al 27%\\\",\\\"apply_to\\\":\\\"iva\\\",\\\"ammount_permited\\\":1,\\\"percent_iva\\\":\\\"27.00\\\",\\\"taxable_iibb\\\":1,\\\"taxable_iva\\\":1,\\\"code\\\":6,\\\"status\\\":1,\\\"afip_alicuota_id\\\":6,\\\"plan_cuenta_id\\\":96,\\\"code_citi_alic_iva\\\":6}},{\\\"id\\\":36689,\\\"user_id\\\":7768,\\\"period_liquidation_id\\\":261,\\\"period_liquidation_iva_id\\\":127,\\\"period_id\\\":88852,\\\"person_id\\\":41298,\\\"activity_id\\\":1,\\\"iva_creditos_tipo_id\\\":3,\\\"type\\\":2,\\\"tax_id\\\":2,\\\"taxabled_amount\\\":\\\"0.00\\\",\\\"iva_amount\\\":\\\"0.00\\\",\\\"created_at\\\":\\\"2022-09-14T16:40:07.000000Z\\\",\\\"updated_at\\\":\\\"2022-09-14T16:40:07.000000Z\\\",\\\"ordr\\\":6,\\\"deleted_at\\\":null,\\\"base\\\":\\\"0.00\\\",\\\"system_taxes\\\":{\\\"id\\\":2,\\\"created_at\\\":null,\\\"updated_at\\\":\\\"2020-04-16T13:33:23.000000Z\\\",\\\"name\\\":\\\"gravado al 21%\\\",\\\"apply_to\\\":\\\"iva\\\",\\\"ammount_permited\\\":1,\\\"percent_iva\\\":\\\"21.00\\\",\\\"taxable_iibb\\\":1,\\\"taxable_iva\\\":1,\\\"code\\\":5,\\\"status\\\":1,\\\"afip_alicuota_id\\\":5,\\\"plan_cuenta_id\\\":96,\\\"code_citi_alic_iva\\\":5}},{\\\"id\\\":36690,\\\"user_id\\\":7768,\\\"period_liquidation_id\\\":261,\\\"period_liquidation_iva_id\\\":127,\\\"period_id\\\":88852,\\\"person_id\\\":41298,\\\"activity_id\\\":1,\\\"iva_creditos_tipo_id\\\":6,\\\"type\\\":2,\\\"tax_id\\\":2,\\\"taxabled_amount\\\":\\\"0.00\\\",\\\"iva_amount\\\":\\\"0.00\\\",\\\"created_at\\\":\\\"2022-09-14T16:40:07.000000Z\\\",\\\"updated_at\\\":\\\"2022-09-14T16:40:07.000000Z\\\",\\\"ordr\\\":6,\\\"deleted_at\\\":null,\\\"base\\\":\\\"0.00\\\",\\\"system_taxes\\\":{\\\"id\\\":2,\\\"created_at\\\":null,\\\"updated_at\\\":\\\"2020-04-16T13:33:23.000000Z\\\",\\\"name\\\":\\\"gravado al 21%\\\",\\\"apply_to\\\":\\\"iva\\\",\\\"ammount_permited\\\":1,\\\"percent_iva\\\":\\\"21.00\\\",\\\"taxable_iibb\\\":1,\\\"taxable_iva\\\":1,\\\"code\\\":5,\\\"status\\\":1,\\\"afip_alicuota_id\\\":5,\\\"plan_cuenta_id\\\":96,\\\"code_citi_alic_iva\\\":5}},{\\\"id\\\":36691,\\\"user_id\\\":7768,\\\"period_liquidation_id\\\":261,\\\"period_liquidation_iva_id\\\":127,\\\"period_id\\\":88852,\\\"person_id\\\":41298,\\\"activity_id\\\":1,\\\"iva_creditos_tipo_id\\\":9,\\\"type\\\":2,\\\"tax_id\\\":2,\\\"taxabled_amount\\\":\\\"0.00\\\",\\\"iva_amount\\\":\\\"0.00\\\",\\\"created_at\\\":\\\"2022-09-14T16:40:07.000000Z\\\",\\\"updated_at\\\":\\\"2022-09-14T16:40:07.000000Z\\\",\\\"ordr\\\":6,\\\"deleted_at\\\":null,\\\"base\\\":\\\"0.00\\\",\\\"system_taxes\\\":{\\\"id\\\":2,\\\"created_at\\\":null,\\\"updated_at\\\":\\\"2020-04-16T13:33:23.000000Z\\\",\\\"name\\\":\\\"gravado al 21%\\\",\\\"apply_to\\\":\\\"iva\\\",\\\"ammount_permited\\\":1,\\\"percent_iva\\\":\\\"21.00\\\",\\\"taxable_iibb\\\":1,\\\"taxable_iva\\\":1,\\\"code\\\":5,\\\"status\\\":1,\\\"afip_alicuota_id\\\":5,\\\"plan_cuenta_id\\\":96,\\\"code_citi_alic_iva\\\":5}},{\\\"id\\\":36692,\\\"user_id\\\":7768,\\\"period_liquidation_id\\\":261,\\\"period_liquidation_iva_id\\\":127,\\\"period_id\\\":88852,\\\"person_id\\\":41298,\\\"activity_id\\\":1,\\\"iva_creditos_tipo_id\\\":12,\\\"type\\\":2,\\\"tax_id\\\":2,\\\"taxabled_amount\\\":\\\"0.00\\\",\\\"iva_amount\\\":\\\"0.00\\\",\\\"created_at\\\":\\\"2022-09-14T16:40:07.000000Z\\\",\\\"updated_at\\\":\\\"2022-09-14T16:40:07.000000Z\\\",\\\"ordr\\\":6,\\\"deleted_at\\\":null,\\\"base\\\":\\\"0.00\\\",\\\"system_taxes\\\":{\\\"id\\\":2,\\\"created_at\\\":null,\\\"updated_at\\\":\\\"2020-04-16T13:33:23.000000Z\\\",\\\"name\\\":\\\"gravado al 21%\\\",\\\"apply_to\\\":\\\"iva\\\",\\\"ammount_permited\\\":1,\\\"percent_iva\\\":\\\"21.00\\\",\\\"taxable_iibb\\\":1,\\\"taxable_iva\\\":1,\\\"code\\\":5,\\\"status\\\":1,\\\"afip_alicuota_id\\\":5,\\\"plan_cuenta_id\\\":96,\\\"code_citi_alic_iva\\\":5}},{\\\"id\\\":36693,\\\"user_id\\\":7768,\\\"period_liquidation_id\\\":261,\\\"period_liquidation_iva_id\\\":127,\\\"period_id\\\":88852,\\\"person_id\\\":41298,\\\"activity_id\\\":1,\\\"iva_creditos_tipo_id\\\":2,\\\"type\\\":2,\\\"tax_id\\\":2,\\\"taxabled_amount\\\":\\\"0.00\\\",\\\"iva_amount\\\":\\\"0.00\\\",\\\"created_at\\\":\\\"2022-09-14T16:40:07.000000Z\\\",\\\"updated_at\\\":\\\"2022-09-14T16:40:07.000000Z\\\",\\\"ordr\\\":6,\\\"deleted_at\\\":null,\\\"base\\\":\\\"0.00\\\",\\\"system_taxes\\\":{\\\"id\\\":2,\\\"created_at\\\":null,\\\"updated_at\\\":\\\"2020-04-16T13:33:23.000000Z\\\",\\\"name\\\":\\\"gravado al 21%\\\",\\\"apply_to\\\":\\\"iva\\\",\\\"ammount_permited\\\":1,\\\"percent_iva\\\":\\\"21.00\\\",\\\"taxable_iibb\\\":1,\\\"taxable_iva\\\":1,\\\"code\\\":5,\\\"status\\\":1,\\\"afip_alicuota_id\\\":5,\\\"plan_cuenta_id\\\":96,\\\"code_citi_alic_iva\\\":5}},{\\\"id\\\":36694,\\\"user_id\\\":7768,\\\"period_liquidation_id\\\":261,\\\"period_liquidation_iva_id\\\":127,\\\"period_id\\\":88852,\\\"person_id\\\":41298,\\\"activity_id\\\":1,\\\"iva_creditos_tipo_id\\\":5,\\\"type\\\":2,\\\"tax_id\\\":2,\\\"taxabled_amount\\\":\\\"0.00\\\",\\\"iva_amount\\\":\\\"0.00\\\",\\\"created_at\\\":\\\"2022-09-14T16:40:07.000000Z\\\",\\\"updated_at\\\":\\\"2022-09-14T16:40:07.000000Z\\\",\\\"ordr\\\":6,\\\"deleted_at\\\":null,\\\"base\\\":\\\"0.00\\\",\\\"system_taxes\\\":{\\\"id\\\":2,\\\"created_at\\\":null,\\\"updated_at\\\":\\\"2020-04-16T13:33:23.000000Z\\\",\\\"name\\\":\\\"gravado al 21%\\\",\\\"apply_to\\\":\\\"iva\\\",\\\"ammount_permited\\\":1,\\\"percent_iva\\\":\\\"21.00\\\",\\\"taxable_iibb\\\":1,\\\"taxable_iva\\\":1,\\\"code\\\":5,\\\"status\\\":1,\\\"afip_alicuota_id\\\":5,\\\"plan_cuenta_id\\\":96,\\\"code_citi_alic_iva\\\":5}},{\\\"id\\\":36695,\\\"user_id\\\":7768,\\\"period_liquidation_id\\\":261,\\\"period_liquidation_iva_id\\\":127,\\\"period_id\\\":88852,\\\"person_id\\\":41298,\\\"activity_id\\\":1,\\\"iva_creditos_tipo_id\\\":8,\\\"type\\\":2,\\\"tax_id\\\":2,\\\"taxabled_amount\\\":\\\"0.00\\\",\\\"iva_amount\\\":\\\"0.00\\\",\\\"created_at\\\":\\\"2022-09-14T16:40:07.000000Z\\\",\\\"updated_at\\\":\\\"2022-09-14T16:40:07.000000Z\\\",\\\"ordr\\\":6,\\\"deleted_at\\\":null,\\\"base\\\":\\\"0.00\\\",\\\"system_taxes\\\":{\\\"id\\\":2,\\\"created_at\\\":null,\\\"updated_at\\\":\\\"2020-04-16T13:33:23.000000Z\\\",\\\"name\\\":\\\"gravado al 21%\\\",\\\"apply_to\\\":\\\"iva\\\",\\\"ammount_permited\\\":1,\\\"percent_iva\\\":\\\"21.00\\\",\\\"taxable_iibb\\\":1,\\\"taxable_iva\\\":1,\\\"code\\\":5,\\\"status\\\":1,\\\"afip_alicuota_id\\\":5,\\\"plan_cuenta_id\\\":96,\\\"code_citi_alic_iva\\\":5}},{\\\"id\\\":36696,\\\"user_id\\\":7768,\\\"period_liquidation_id\\\":261,\\\"period_liquidation_iva_id\\\":127,\\\"period_id\\\":88852,\\\"person_id\\\":41298,\\\"activity_id\\\":1,\\\"iva_creditos_tipo_id\\\":11,\\\"type\\\":2,\\\"tax_id\\\":2,\\\"taxabled_amount\\\":\\\"0.00\\\",\\\"iva_amount\\\":\\\"0.00\\\",\\\"created_at\\\":\\\"2022-09-14T16:40:07.000000Z\\\",\\\"updated_at\\\":\\\"2022-09-14T16:40:07.000000Z\\\",\\\"ordr\\\":6,\\\"deleted_at\\\":null,\\\"base\\\":\\\"0.00\\\",\\\"system_taxes\\\":{\\\"id\\\":2,\\\"created_at\\\":null,\\\"updated_at\\\":\\\"2020-04-16T13:33:23.000000Z\\\",\\\"name\\\":\\\"gravado al 21%\\\",\\\"apply_to\\\":\\\"iva\\\",\\\"ammount_permited\\\":1,\\\"percent_iva\\\":\\\"21.00\\\",\\\"taxable_iibb\\\":1,\\\"taxable_iva\\\":1,\\\"code\\\":5,\\\"status\\\":1,\\\"afip_alicuota_id\\\":5,\\\"plan_cuenta_id\\\":96,\\\"code_citi_alic_iva\\\":5}},{\\\"id\\\":36697,\\\"user_id\\\":7768,\\\"period_liquidation_id\\\":261,\\\"period_liquidation_iva_id\\\":127,\\\"period_id\\\":88852,\\\"person_id\\\":41298,\\\"activity_id\\\":1,\\\"iva_creditos_tipo_id\\\":14,\\\"type\\\":2,\\\"tax_id\\\":2,\\\"taxabled_amount\\\":\\\"0.00\\\",\\\"iva_amount\\\":\\\"0.00\\\",\\\"created_at\\\":\\\"2022-09-14T16:40:07.000000Z\\\",\\\"updated_at\\\":\\\"2022-09-14T16:40:07.000000Z\\\",\\\"ordr\\\":6,\\\"deleted_at\\\":null,\\\"base\\\":\\\"0.00\\\",\\\"system_taxes\\\":{\\\"id\\\":2,\\\"created_at\\\":null,\\\"updated_at\\\":\\\"2020-04-16T13:33:23.000000Z\\\",\\\"name\\\":\\\"gravado al 21%\\\",\\\"apply_to\\\":\\\"iva\\\",\\\"ammount_permited\\\":1,\\\"percent_iva\\\":\\\"21.00\\\",\\\"taxable_iibb\\\":1,\\\"taxable_iva\\\":1,\\\"code\\\":5,\\\"status\\\":1,\\\"afip_alicuota_id\\\":5,\\\"plan_cuenta_id\\\":96,\\\"code_citi_alic_iva\\\":5}},{\\\"id\\\":36698,\\\"user_id\\\":7768,\\\"period_liquidation_id\\\":261,\\\"period_liquidation_iva_id\\\":127,\\\"period_id\\\":88852,\\\"person_id\\\":41298,\\\"activity_id\\\":1,\\\"iva_creditos_tipo_id\\\":1,\\\"type\\\":2,\\\"tax_id\\\":2,\\\"taxabled_amount\\\":\\\"0.00\\\",\\\"iva_amount\\\":\\\"0.00\\\",\\\"created_at\\\":\\\"2022-09-14T16:40:07.000000Z\\\",\\\"updated_at\\\":\\\"2022-09-14T16:40:07.000000Z\\\",\\\"ordr\\\":6,\\\"deleted_at\\\":null,\\\"base\\\":\\\"0.00\\\",\\\"system_taxes\\\":{\\\"id\\\":2,\\\"created_at\\\":null,\\\"updated_at\\\":\\\"2020-04-16T13:33:23.000000Z\\\",\\\"name\\\":\\\"gravado al 21%\\\",\\\"apply_to\\\":\\\"iva\\\",\\\"ammount_permited\\\":1,\\\"percent_iva\\\":\\\"21.00\\\",\\\"taxable_iibb\\\":1,\\\"taxable_iva\\\":1,\\\"code\\\":5,\\\"status\\\":1,\\\"afip_alicuota_id\\\":5,\\\"plan_cuenta_id\\\":96,\\\"code_citi_alic_iva\\\":5}},{\\\"id\\\":36699,\\\"user_id\\\":7768,\\\"period_liquidation_id\\\":261,\\\"period_liquidation_iva_id\\\":127,\\\"period_id\\\":88852,\\\"person_id\\\":41298,\\\"activity_id\\\":1,\\\"iva_creditos_tipo_id\\\":4,\\\"type\\\":2,\\\"tax_id\\\":2,\\\"taxabled_amount\\\":\\\"0.00\\\",\\\"iva_amount\\\":\\\"0.00\\\",\\\"created_at\\\":\\\"2022-09-14T16:40:07.000000Z\\\",\\\"updated_at\\\":\\\"2022-09-14T16:40:07.000000Z\\\",\\\"ordr\\\":6,\\\"deleted_at\\\":null,\\\"base\\\":\\\"0.00\\\",\\\"system_taxes\\\":{\\\"id\\\":2,\\\"created_at\\\":null,\\\"updated_at\\\":\\\"2020-04-16T13:33:23.000000Z\\\",\\\"name\\\":\\\"gravado al 21%\\\",\\\"apply_to\\\":\\\"iva\\\",\\\"ammount_permited\\\":1,\\\"percent_iva\\\":\\\"21.00\\\",\\\"taxable_iibb\\\":1,\\\"taxable_iva\\\":1,\\\"code\\\":5,\\\"status\\\":1,\\\"afip_alicuota_id\\\":5,\\\"plan_cuenta_id\\\":96,\\\"code_citi_alic_iva\\\":5}},{\\\"id\\\":36700,\\\"user_id\\\":7768,\\\"period_liquidation_id\\\":261,\\\"period_liquidation_iva_id\\\":127,\\\"period_id\\\":88852,\\\"person_id\\\":41298,\\\"activity_id\\\":1,\\\"iva_creditos_tipo_id\\\":7,\\\"type\\\":2,\\\"tax_id\\\":2,\\\"taxabled_amount\\\":\\\"0.00\\\",\\\"iva_amount\\\":0,\\\"created_at\\\":\\\"2022-09-14T16:40:07.000000Z\\\",\\\"updated_at\\\":\\\"2022-09-14T16:40:07.000000Z\\\",\\\"ordr\\\":6,\\\"deleted_at\\\":null,\\\"base\\\":0,\\\"system_taxes\\\":{\\\"id\\\":2,\\\"created_at\\\":null,\\\"updated_at\\\":\\\"2020-04-16T13:33:23.000000Z\\\",\\\"name\\\":\\\"gravado al 21%\\\",\\\"apply_to\\\":\\\"iva\\\",\\\"ammount_permited\\\":1,\\\"percent_iva\\\":\\\"21.00\\\",\\\"taxable_iibb\\\":1,\\\"taxable_iva\\\":1,\\\"code\\\":5,\\\"status\\\":1,\\\"afip_alicuota_id\\\":5,\\\"plan_cuenta_id\\\":96,\\\"code_citi_alic_iva\\\":5}},{\\\"id\\\":36701,\\\"user_id\\\":7768,\\\"period_liquidation_id\\\":261,\\\"period_liquidation_iva_id\\\":127,\\\"period_id\\\":88852,\\\"person_id\\\":41298,\\\"activity_id\\\":1,\\\"iva_creditos_tipo_id\\\":10,\\\"type\\\":2,\\\"tax_id\\\":2,\\\"taxabled_amount\\\":\\\"0.00\\\",\\\"iva_amount\\\":\\\"0.00\\\",\\\"created_at\\\":\\\"2022-09-14T16:40:07.000000Z\\\",\\\"updated_at\\\":\\\"2022-09-14T16:40:07.000000Z\\\",\\\"ordr\\\":6,\\\"deleted_at\\\":null,\\\"base\\\":\\\"0.00\\\",\\\"system_taxes\\\":{\\\"id\\\":2,\\\"created_at\\\":null,\\\"updated_at\\\":\\\"2020-04-16T13:33:23.000000Z\\\",\\\"name\\\":\\\"gravado al 21%\\\",\\\"apply_to\\\":\\\"iva\\\",\\\"ammount_permited\\\":1,\\\"percent_iva\\\":\\\"21.00\\\",\\\"taxable_iibb\\\":1,\\\"taxable_iva\\\":1,\\\"code\\\":5,\\\"status\\\":1,\\\"afip_alicuota_id\\\":5,\\\"plan_cuenta_id\\\":96,\\\"code_citi_alic_iva\\\":5}},{\\\"id\\\":36702,\\\"user_id\\\":7768,\\\"period_liquidation_id\\\":261,\\\"period_liquidation_iva_id\\\":127,\\\"period_id\\\":88852,\\\"person_id\\\":41298,\\\"activity_id\\\":1,\\\"iva_creditos_tipo_id\\\":13,\\\"type\\\":2,\\\"tax_id\\\":2,\\\"taxabled_amount\\\":\\\"0.00\\\",\\\"iva_amount\\\":\\\"0.00\\\",\\\"created_at\\\":\\\"2022-09-14T16:40:07.000000Z\\\",\\\"updated_at\\\":\\\"2022-09-14T16:40:07.000000Z\\\",\\\"ordr\\\":6,\\\"deleted_at\\\":null,\\\"base\\\":\\\"0.00\\\",\\\"system_taxes\\\":{\\\"id\\\":2,\\\"created_at\\\":null,\\\"updated_at\\\":\\\"2020-04-16T13:33:23.000000Z\\\",\\\"name\\\":\\\"gravado al 21%\\\",\\\"apply_to\\\":\\\"iva\\\",\\\"ammount_permited\\\":1,\\\"percent_iva\\\":\\\"21.00\\\",\\\"taxable_iibb\\\":1,\\\"taxable_iva\\\":1,\\\"code\\\":5,\\\"status\\\":1,\\\"afip_alicuota_id\\\":5,\\\"plan_cuenta_id\\\":96,\\\"code_citi_alic_iva\\\":5}},{\\\"id\\\":36703,\\\"user_id\\\":7768,\\\"period_liquidation_id\\\":261,\\\"period_liquidation_iva_id\\\":127,\\\"period_id\\\":88852,\\\"person_id\\\":41298,\\\"activity_id\\\":1,\\\"iva_creditos_tipo_id\\\":2,\\\"type\\\":2,\\\"tax_id\\\":1,\\\"taxabled_amount\\\":\\\"0.00\\\",\\\"iva_amount\\\":\\\"0.00\\\",\\\"created_at\\\":\\\"2022-09-14T16:40:07.000000Z\\\",\\\"updated_at\\\":\\\"2022-09-14T16:40:07.000000Z\\\",\\\"ordr\\\":6,\\\"deleted_at\\\":null,\\\"base\\\":\\\"0.00\\\",\\\"system_taxes\\\":{\\\"id\\\":1,\\\"created_at\\\":null,\\\"updated_at\\\":\\\"2020-04-16T13:33:23.000000Z\\\",\\\"name\\\":\\\"gravado al 10,5%\\\",\\\"apply_to\\\":\\\"iva\\\",\\\"ammount_permited\\\":1,\\\"percent_iva\\\":\\\"10.50\\\",\\\"taxable_iibb\\\":1,\\\"taxable_iva\\\":1,\\\"code\\\":4,\\\"status\\\":1,\\\"afip_alicuota_id\\\":4,\\\"plan_cuenta_id\\\":96,\\\"code_citi_alic_iva\\\":4}},{\\\"id\\\":36704,\\\"user_id\\\":7768,\\\"period_liquidation_id\\\":261,\\\"period_liquidation_iva_id\\\":127,\\\"period_id\\\":88852,\\\"person_id\\\":41298,\\\"activity_id\\\":1,\\\"iva_creditos_tipo_id\\\":5,\\\"type\\\":2,\\\"tax_id\\\":1,\\\"taxabled_amount\\\":\\\"0.00\\\",\\\"iva_amount\\\":\\\"0.00\\\",\\\"created_at\\\":\\\"2022-09-14T16:40:07.000000Z\\\",\\\"updated_at\\\":\\\"2022-09-14T16:40:07.000000Z\\\",\\\"ordr\\\":6,\\\"deleted_at\\\":null,\\\"base\\\":\\\"0.00\\\",\\\"system_taxes\\\":{\\\"id\\\":1,\\\"created_at\\\":null,\\\"updated_at\\\":\\\"2020-04-16T13:33:23.000000Z\\\",\\\"name\\\":\\\"gravado al 10,5%\\\",\\\"apply_to\\\":\\\"iva\\\",\\\"ammount_permited\\\":1,\\\"percent_iva\\\":\\\"10.50\\\",\\\"taxable_iibb\\\":1,\\\"taxable_iva\\\":1,\\\"code\\\":4,\\\"status\\\":1,\\\"afip_alicuota_id\\\":4,\\\"plan_cuenta_id\\\":96,\\\"code_citi_alic_iva\\\":4}},{\\\"id\\\":36705,\\\"user_id\\\":7768,\\\"period_liquidation_id\\\":261,\\\"period_liquidation_iva_id\\\":127,\\\"period_id\\\":88852,\\\"person_id\\\":41298,\\\"activity_id\\\":1,\\\"iva_creditos_tipo_id\\\":8,\\\"type\\\":2,\\\"tax_id\\\":1,\\\"taxabled_amount\\\":\\\"0.00\\\",\\\"iva_amount\\\":\\\"0.00\\\",\\\"created_at\\\":\\\"2022-09-14T16:40:07.000000Z\\\",\\\"updated_at\\\":\\\"2022-09-14T16:40:07.000000Z\\\",\\\"ordr\\\":6,\\\"deleted_at\\\":null,\\\"base\\\":\\\"0.00\\\",\\\"system_taxes\\\":{\\\"id\\\":1,\\\"created_at\\\":null,\\\"updated_at\\\":\\\"2020-04-16T13:33:23.000000Z\\\",\\\"name\\\":\\\"gravado al 10,5%\\\",\\\"apply_to\\\":\\\"iva\\\",\\\"ammount_permited\\\":1,\\\"percent_iva\\\":\\\"10.50\\\",\\\"taxable_iibb\\\":1,\\\"taxable_iva\\\":1,\\\"code\\\":4,\\\"status\\\":1,\\\"afip_alicuota_id\\\":4,\\\"plan_cuenta_id\\\":96,\\\"code_citi_alic_iva\\\":4}},{\\\"id\\\":36706,\\\"user_id\\\":7768,\\\"period_liquidation_id\\\":261,\\\"period_liquidation_iva_id\\\":127,\\\"period_id\\\":88852,\\\"person_id\\\":41298,\\\"activity_id\\\":1,\\\"iva_creditos_tipo_id\\\":11,\\\"type\\\":2,\\\"tax_id\\\":1,\\\"taxabled_amount\\\":\\\"0.00\\\",\\\"iva_amount\\\":\\\"0.00\\\",\\\"created_at\\\":\\\"2022-09-14T16:40:07.000000Z\\\",\\\"updated_at\\\":\\\"2022-09-14T16:40:07.000000Z\\\",\\\"ordr\\\":6,\\\"deleted_at\\\":null,\\\"base\\\":\\\"0.00\\\",\\\"system_taxes\\\":{\\\"id\\\":1,\\\"created_at\\\":null,\\\"updated_at\\\":\\\"2020-04-16T13:33:23.000000Z\\\",\\\"name\\\":\\\"gravado al 10,5%\\\",\\\"apply_to\\\":\\\"iva\\\",\\\"ammount_permited\\\":1,\\\"percent_iva\\\":\\\"10.50\\\",\\\"taxable_iibb\\\":1,\\\"taxable_iva\\\":1,\\\"code\\\":4,\\\"status\\\":1,\\\"afip_alicuota_id\\\":4,\\\"plan_cuenta_id\\\":96,\\\"code_citi_alic_iva\\\":4}},{\\\"id\\\":36707,\\\"user_id\\\":7768,\\\"period_liquidation_id\\\":261,\\\"period_liquidation_iva_id\\\":127,\\\"period_id\\\":88852,\\\"person_id\\\":41298,\\\"activity_id\\\":1,\\\"iva_creditos_tipo_id\\\":14,\\\"type\\\":2,\\\"tax_id\\\":1,\\\"taxabled_amount\\\":\\\"0.00\\\",\\\"iva_amount\\\":\\\"0.00\\\",\\\"created_at\\\":\\\"2022-09-14T16:40:07.000000Z\\\",\\\"updated_at\\\":\\\"2022-09-14T16:40:07.000000Z\\\",\\\"ordr\\\":6,\\\"deleted_at\\\":null,\\\"base\\\":\\\"0.00\\\",\\\"system_taxes\\\":{\\\"id\\\":1,\\\"created_at\\\":null,\\\"updated_at\\\":\\\"2020-04-16T13:33:23.000000Z\\\",\\\"name\\\":\\\"gravado al 10,5%\\\",\\\"apply_to\\\":\\\"iva\\\",\\\"ammount_permited\\\":1,\\\"percent_iva\\\":\\\"10.50\\\",\\\"taxable_iibb\\\":1,\\\"taxable_iva\\\":1,\\\"code\\\":4,\\\"status\\\":1,\\\"afip_alicuota_id\\\":4,\\\"plan_cuenta_id\\\":96,\\\"code_citi_alic_iva\\\":4}},{\\\"id\\\":36708,\\\"user_id\\\":7768,\\\"period_liquidation_id\\\":261,\\\"period_liquidation_iva_id\\\":127,\\\"period_id\\\":88852,\\\"person_id\\\":41298,\\\"activity_id\\\":1,\\\"iva_creditos_tipo_id\\\":1,\\\"type\\\":2,\\\"tax_id\\\":1,\\\"taxabled_amount\\\":\\\"0.00\\\",\\\"iva_amount\\\":\\\"0.00\\\",\\\"created_at\\\":\\\"2022-09-14T16:40:07.000000Z\\\",\\\"updated_at\\\":\\\"2022-09-14T16:40:07.000000Z\\\",\\\"ordr\\\":6,\\\"deleted_at\\\":null,\\\"base\\\":\\\"0.00\\\",\\\"system_taxes\\\":{\\\"id\\\":1,\\\"created_at\\\":null,\\\"updated_at\\\":\\\"2020-04-16T13:33:23.000000Z\\\",\\\"name\\\":\\\"gravado al 10,5%\\\",\\\"apply_to\\\":\\\"iva\\\",\\\"ammount_permited\\\":1,\\\"percent_iva\\\":\\\"10.50\\\",\\\"taxable_iibb\\\":1,\\\"taxable_iva\\\":1,\\\"code\\\":4,\\\"status\\\":1,\\\"afip_alicuota_id\\\":4,\\\"plan_cuenta_id\\\":96,\\\"code_citi_alic_iva\\\":4}},{\\\"id\\\":36709,\\\"user_id\\\":7768,\\\"period_liquidation_id\\\":261,\\\"period_liquidation_iva_id\\\":127,\\\"period_id\\\":88852,\\\"person_id\\\":41298,\\\"activity_id\\\":1,\\\"iva_creditos_tipo_id\\\":4,\\\"type\\\":2,\\\"tax_id\\\":1,\\\"taxabled_amount\\\":\\\"0.00\\\",\\\"iva_amount\\\":\\\"0.00\\\",\\\"created_at\\\":\\\"2022-09-14T16:40:07.000000Z\\\",\\\"updated_at\\\":\\\"2022-09-14T16:40:07.000000Z\\\",\\\"ordr\\\":6,\\\"deleted_at\\\":null,\\\"base\\\":\\\"0.00\\\",\\\"system_taxes\\\":{\\\"id\\\":1,\\\"created_at\\\":null,\\\"updated_at\\\":\\\"2020-04-16T13:33:23.000000Z\\\",\\\"name\\\":\\\"gravado al 10,5%\\\",\\\"apply_to\\\":\\\"iva\\\",\\\"ammount_permited\\\":1,\\\"percent_iva\\\":\\\"10.50\\\",\\\"taxable_iibb\\\":1,\\\"taxable_iva\\\":1,\\\"code\\\":4,\\\"status\\\":1,\\\"afip_alicuota_id\\\":4,\\\"plan_cuenta_id\\\":96,\\\"code_citi_alic_iva\\\":4}},{\\\"id\\\":36710,\\\"user_id\\\":7768,\\\"period_liquidation_id\\\":261,\\\"period_liquidation_iva_id\\\":127,\\\"period_id\\\":88852,\\\"person_id\\\":41298,\\\"activity_id\\\":1,\\\"iva_creditos_tipo_id\\\":7,\\\"type\\\":2,\\\"tax_id\\\":1,\\\"taxabled_amount\\\":\\\"0.00\\\",\\\"iva_amount\\\":\\\"0.00\\\",\\\"created_at\\\":\\\"2022-09-14T16:40:07.000000Z\\\",\\\"updated_at\\\":\\\"2022-09-14T16:40:07.000000Z\\\",\\\"ordr\\\":6,\\\"deleted_at\\\":null,\\\"base\\\":\\\"0.00\\\",\\\"system_taxes\\\":{\\\"id\\\":1,\\\"created_at\\\":null,\\\"updated_at\\\":\\\"2020-04-16T13:33:23.000000Z\\\",\\\"name\\\":\\\"gravado al 10,5%\\\",\\\"apply_to\\\":\\\"iva\\\",\\\"ammount_permited\\\":1,\\\"percent_iva\\\":\\\"10.50\\\",\\\"taxable_iibb\\\":1,\\\"taxable_iva\\\":1,\\\"code\\\":4,\\\"status\\\":1,\\\"afip_alicuota_id\\\":4,\\\"plan_cuenta_id\\\":96,\\\"code_citi_alic_iva\\\":4}},{\\\"id\\\":36711,\\\"user_id\\\":7768,\\\"period_liquidation_id\\\":261,\\\"period_liquidation_iva_id\\\":127,\\\"period_id\\\":88852,\\\"person_id\\\":41298,\\\"activity_id\\\":1,\\\"iva_creditos_tipo_id\\\":10,\\\"type\\\":2,\\\"tax_id\\\":1,\\\"taxabled_amount\\\":\\\"0.00\\\",\\\"iva_amount\\\":\\\"0.00\\\",\\\"created_at\\\":\\\"2022-09-14T16:40:07.000000Z\\\",\\\"updated_at\\\":\\\"2022-09-14T16:40:07.000000Z\\\",\\\"ordr\\\":6,\\\"deleted_at\\\":null,\\\"base\\\":\\\"0.00\\\",\\\"system_taxes\\\":{\\\"id\\\":1,\\\"created_at\\\":null,\\\"updated_at\\\":\\\"2020-04-16T13:33:23.000000Z\\\",\\\"name\\\":\\\"gravado al 10,5%\\\",\\\"apply_to\\\":\\\"iva\\\",\\\"ammount_permited\\\":1,\\\"percent_iva\\\":\\\"10.50\\\",\\\"taxable_iibb\\\":1,\\\"taxable_iva\\\":1,\\\"code\\\":4,\\\"status\\\":1,\\\"afip_alicuota_id\\\":4,\\\"plan_cuenta_id\\\":96,\\\"code_citi_alic_iva\\\":4}},{\\\"id\\\":36712,\\\"user_id\\\":7768,\\\"period_liquidation_id\\\":261,\\\"period_liquidation_iva_id\\\":127,\\\"period_id\\\":88852,\\\"person_id\\\":41298,\\\"activity_id\\\":1,\\\"iva_creditos_tipo_id\\\":13,\\\"type\\\":2,\\\"tax_id\\\":1,\\\"taxabled_amount\\\":\\\"0.00\\\",\\\"iva_amount\\\":\\\"0.00\\\",\\\"created_at\\\":\\\"2022-09-14T16:40:07.000000Z\\\",\\\"updated_at\\\":\\\"2022-09-14T16:40:07.000000Z\\\",\\\"ordr\\\":6,\\\"deleted_at\\\":null,\\\"base\\\":\\\"0.00\\\",\\\"system_taxes\\\":{\\\"id\\\":1,\\\"created_at\\\":null,\\\"updated_at\\\":\\\"2020-04-16T13:33:23.000000Z\\\",\\\"name\\\":\\\"gravado al 10,5%\\\",\\\"apply_to\\\":\\\"iva\\\",\\\"ammount_permited\\\":1,\\\"percent_iva\\\":\\\"10.50\\\",\\\"taxable_iibb\\\":1,\\\"taxable_iva\\\":1,\\\"code\\\":4,\\\"status\\\":1,\\\"afip_alicuota_id\\\":4,\\\"plan_cuenta_id\\\":96,\\\"code_citi_alic_iva\\\":4}},{\\\"id\\\":36713,\\\"user_id\\\":7768,\\\"period_liquidation_id\\\":261,\\\"period_liquidation_iva_id\\\":127,\\\"period_id\\\":88852,\\\"person_id\\\":41298,\\\"activity_id\\\":1,\\\"iva_creditos_tipo_id\\\":3,\\\"type\\\":2,\\\"tax_id\\\":1,\\\"taxabled_amount\\\":\\\"0.00\\\",\\\"iva_amount\\\":\\\"0.00\\\",\\\"created_at\\\":\\\"2022-09-14T16:40:07.000000Z\\\",\\\"updated_at\\\":\\\"2022-09-14T16:40:07.000000Z\\\",\\\"ordr\\\":6,\\\"deleted_at\\\":null,\\\"base\\\":\\\"0.00\\\",\\\"system_taxes\\\":{\\\"id\\\":1,\\\"created_at\\\":null,\\\"updated_at\\\":\\\"2020-04-16T13:33:23.000000Z\\\",\\\"name\\\":\\\"gravado al 10,5%\\\",\\\"apply_to\\\":\\\"iva\\\",\\\"ammount_permited\\\":1,\\\"percent_iva\\\":\\\"10.50\\\",\\\"taxable_iibb\\\":1,\\\"taxable_iva\\\":1,\\\"code\\\":4,\\\"status\\\":1,\\\"afip_alicuota_id\\\":4,\\\"plan_cuenta_id\\\":96,\\\"code_citi_alic_iva\\\":4}},{\\\"id\\\":36714,\\\"user_id\\\":7768,\\\"period_liquidation_id\\\":261,\\\"period_liquidation_iva_id\\\":127,\\\"period_id\\\":88852,\\\"person_id\\\":41298,\\\"activity_id\\\":1,\\\"iva_creditos_tipo_id\\\":6,\\\"type\\\":2,\\\"tax_id\\\":1,\\\"taxabled_amount\\\":\\\"0.00\\\",\\\"iva_amount\\\":\\\"0.00\\\",\\\"created_at\\\":\\\"2022-09-14T16:40:07.000000Z\\\",\\\"updated_at\\\":\\\"2022-09-14T16:40:07.000000Z\\\",\\\"ordr\\\":6,\\\"deleted_at\\\":null,\\\"base\\\":\\\"0.00\\\",\\\"system_taxes\\\":{\\\"id\\\":1,\\\"created_at\\\":null,\\\"updated_at\\\":\\\"2020-04-16T13:33:23.000000Z\\\",\\\"name\\\":\\\"gravado al 10,5%\\\",\\\"apply_to\\\":\\\"iva\\\",\\\"ammount_permited\\\":1,\\\"percent_iva\\\":\\\"10.50\\\",\\\"taxable_iibb\\\":1,\\\"taxable_iva\\\":1,\\\"code\\\":4,\\\"status\\\":1,\\\"afip_alicuota_id\\\":4,\\\"plan_cuenta_id\\\":96,\\\"code_citi_alic_iva\\\":4}},{\\\"id\\\":36715,\\\"user_id\\\":7768,\\\"period_liquidation_id\\\":261,\\\"period_liquidation_iva_id\\\":127,\\\"period_id\\\":88852,\\\"person_id\\\":41298,\\\"activity_id\\\":1,\\\"iva_creditos_tipo_id\\\":9,\\\"type\\\":2,\\\"tax_id\\\":1,\\\"taxabled_amount\\\":\\\"0.00\\\",\\\"iva_amount\\\":\\\"0.00\\\",\\\"created_at\\\":\\\"2022-09-14T16:40:07.000000Z\\\",\\\"updated_at\\\":\\\"2022-09-14T16:40:07.000000Z\\\",\\\"ordr\\\":6,\\\"deleted_at\\\":null,\\\"base\\\":\\\"0.00\\\",\\\"system_taxes\\\":{\\\"id\\\":1,\\\"created_at\\\":null,\\\"updated_at\\\":\\\"2020-04-16T13:33:23.000000Z\\\",\\\"name\\\":\\\"gravado al 10,5%\\\",\\\"apply_to\\\":\\\"iva\\\",\\\"ammount_permited\\\":1,\\\"percent_iva\\\":\\\"10.50\\\",\\\"taxable_iibb\\\":1,\\\"taxable_iva\\\":1,\\\"code\\\":4,\\\"status\\\":1,\\\"afip_alicuota_id\\\":4,\\\"plan_cuenta_id\\\":96,\\\"code_citi_alic_iva\\\":4}},{\\\"id\\\":36716,\\\"user_id\\\":7768,\\\"period_liquidation_id\\\":261,\\\"period_liquidation_iva_id\\\":127,\\\"period_id\\\":88852,\\\"person_id\\\":41298,\\\"activity_id\\\":1,\\\"iva_creditos_tipo_id\\\":12,\\\"type\\\":2,\\\"tax_id\\\":1,\\\"taxabled_amount\\\":\\\"0.00\\\",\\\"iva_amount\\\":\\\"0.00\\\",\\\"created_at\\\":\\\"2022-09-14T16:40:08.000000Z\\\",\\\"updated_at\\\":\\\"2022-09-14T16:40:08.000000Z\\\",\\\"ordr\\\":6,\\\"deleted_at\\\":null,\\\"base\\\":\\\"0.00\\\",\\\"system_taxes\\\":{\\\"id\\\":1,\\\"created_at\\\":null,\\\"updated_at\\\":\\\"2020-04-16T13:33:23.000000Z\\\",\\\"name\\\":\\\"gravado al 10,5%\\\",\\\"apply_to\\\":\\\"iva\\\",\\\"ammount_permited\\\":1,\\\"percent_iva\\\":\\\"10.50\\\",\\\"taxable_iibb\\\":1,\\\"taxable_iva\\\":1,\\\"code\\\":4,\\\"status\\\":1,\\\"afip_alicuota_id\\\":4,\\\"plan_cuenta_id\\\":96,\\\"code_citi_alic_iva\\\":4}},{\\\"id\\\":36717,\\\"user_id\\\":7768,\\\"period_liquidation_id\\\":261,\\\"period_liquidation_iva_id\\\":127,\\\"period_id\\\":88852,\\\"person_id\\\":41298,\\\"activity_id\\\":1,\\\"iva_creditos_tipo_id\\\":9,\\\"type\\\":2,\\\"tax_id\\\":5,\\\"taxabled_amount\\\":\\\"0.00\\\",\\\"iva_amount\\\":\\\"0.00\\\",\\\"created_at\\\":\\\"2022-09-14T16:40:08.000000Z\\\",\\\"updated_at\\\":\\\"2022-09-14T16:40:08.000000Z\\\",\\\"ordr\\\":6,\\\"deleted_at\\\":null,\\\"base\\\":\\\"0.00\\\",\\\"system_taxes\\\":{\\\"id\\\":5,\\\"created_at\\\":null,\\\"updated_at\\\":\\\"2020-04-16T13:33:23.000000Z\\\",\\\"name\\\":\\\"gravado al 5%\\\",\\\"apply_to\\\":\\\"iva\\\",\\\"ammount_permited\\\":1,\\\"percent_iva\\\":\\\"5.00\\\",\\\"taxable_iibb\\\":1,\\\"taxable_iva\\\":1,\\\"code\\\":8,\\\"status\\\":1,\\\"afip_alicuota_id\\\":8,\\\"plan_cuenta_id\\\":96,\\\"code_citi_alic_iva\\\":8}},{\\\"id\\\":36718,\\\"user_id\\\":7768,\\\"period_liquidation_id\\\":261,\\\"period_liquidation_iva_id\\\":127,\\\"period_id\\\":88852,\\\"person_id\\\":41298,\\\"activity_id\\\":1,\\\"iva_creditos_tipo_id\\\":12,\\\"type\\\":2,\\\"tax_id\\\":5,\\\"taxabled_amount\\\":\\\"0.00\\\",\\\"iva_amount\\\":\\\"0.00\\\",\\\"created_at\\\":\\\"2022-09-14T16:40:08.000000Z\\\",\\\"updated_at\\\":\\\"2022-09-14T16:40:08.000000Z\\\",\\\"ordr\\\":6,\\\"deleted_at\\\":null,\\\"base\\\":\\\"0.00\\\",\\\"system_taxes\\\":{\\\"id\\\":5,\\\"created_at\\\":null,\\\"updated_at\\\":\\\"2020-04-16T13:33:23.000000Z\\\",\\\"name\\\":\\\"gravado al 5%\\\",\\\"apply_to\\\":\\\"iva\\\",\\\"ammount_permited\\\":1,\\\"percent_iva\\\":\\\"5.00\\\",\\\"taxable_iibb\\\":1,\\\"taxable_iva\\\":1,\\\"code\\\":8,\\\"status\\\":1,\\\"afip_alicuota_id\\\":8,\\\"plan_cuenta_id\\\":96,\\\"code_citi_alic_iva\\\":8}},{\\\"id\\\":36719,\\\"user_id\\\":7768,\\\"period_liquidation_id\\\":261,\\\"period_liquidation_iva_id\\\":127,\\\"period_id\\\":88852,\\\"person_id\\\":41298,\\\"activity_id\\\":1,\\\"iva_creditos_tipo_id\\\":2,\\\"type\\\":2,\\\"tax_id\\\":5,\\\"taxabled_amount\\\":\\\"0.00\\\",\\\"iva_amount\\\":\\\"0.00\\\",\\\"created_at\\\":\\\"2022-09-14T16:40:08.000000Z\\\",\\\"updated_at\\\":\\\"2022-09-14T16:40:08.000000Z\\\",\\\"ordr\\\":6,\\\"deleted_at\\\":null,\\\"base\\\":\\\"0.00\\\",\\\"system_taxes\\\":{\\\"id\\\":5,\\\"created_at\\\":null,\\\"updated_at\\\":\\\"2020-04-16T13:33:23.000000Z\\\",\\\"name\\\":\\\"gravado al 5%\\\",\\\"apply_to\\\":\\\"iva\\\",\\\"ammount_permited\\\":1,\\\"percent_iva\\\":\\\"5.00\\\",\\\"taxable_iibb\\\":1,\\\"taxable_iva\\\":1,\\\"code\\\":8,\\\"status\\\":1,\\\"afip_alicuota_id\\\":8,\\\"plan_cuenta_id\\\":96,\\\"code_citi_alic_iva\\\":8}},{\\\"id\\\":36720,\\\"user_id\\\":7768,\\\"period_liquidation_id\\\":261,\\\"period_liquidation_iva_id\\\":127,\\\"period_id\\\":88852,\\\"person_id\\\":41298,\\\"activity_id\\\":1,\\\"iva_creditos_tipo_id\\\":5,\\\"type\\\":2,\\\"tax_id\\\":5,\\\"taxabled_amount\\\":\\\"0.00\\\",\\\"iva_amount\\\":\\\"0.00\\\",\\\"created_at\\\":\\\"2022-09-14T16:40:08.000000Z\\\",\\\"updated_at\\\":\\\"2022-09-14T16:40:08.000000Z\\\",\\\"ordr\\\":6,\\\"deleted_at\\\":null,\\\"base\\\":\\\"0.00\\\",\\\"system_taxes\\\":{\\\"id\\\":5,\\\"created_at\\\":null,\\\"updated_at\\\":\\\"2020-04-16T13:33:23.000000Z\\\",\\\"name\\\":\\\"gravado al 5%\\\",\\\"apply_to\\\":\\\"iva\\\",\\\"ammount_permited\\\":1,\\\"percent_iva\\\":\\\"5.00\\\",\\\"taxable_iibb\\\":1,\\\"taxable_iva\\\":1,\\\"code\\\":8,\\\"status\\\":1,\\\"afip_alicuota_id\\\":8,\\\"plan_cuenta_id\\\":96,\\\"code_citi_alic_iva\\\":8}},{\\\"id\\\":36721,\\\"user_id\\\":7768,\\\"period_liquidation_id\\\":261,\\\"period_liquidation_iva_id\\\":127,\\\"period_id\\\":88852,\\\"person_id\\\":41298,\\\"activity_id\\\":1,\\\"iva_creditos_tipo_id\\\":8,\\\"type\\\":2,\\\"tax_id\\\":5,\\\"taxabled_amount\\\":\\\"0.00\\\",\\\"iva_amount\\\":\\\"0.00\\\",\\\"created_at\\\":\\\"2022-09-14T16:40:08.000000Z\\\",\\\"updated_at\\\":\\\"2022-09-14T16:40:08.000000Z\\\",\\\"ordr\\\":6,\\\"deleted_at\\\":null,\\\"base\\\":\\\"0.00\\\",\\\"system_taxes\\\":{\\\"id\\\":5,\\\"created_at\\\":null,\\\"updated_at\\\":\\\"2020-04-16T13:33:23.000000Z\\\",\\\"name\\\":\\\"gravado al 5%\\\",\\\"apply_to\\\":\\\"iva\\\",\\\"ammount_permited\\\":1,\\\"percent_iva\\\":\\\"5.00\\\",\\\"taxable_iibb\\\":1,\\\"taxable_iva\\\":1,\\\"code\\\":8,\\\"status\\\":1,\\\"afip_alicuota_id\\\":8,\\\"plan_cuenta_id\\\":96,\\\"code_citi_alic_iva\\\":8}},{\\\"id\\\":36722,\\\"user_id\\\":7768,\\\"period_liquidation_id\\\":261,\\\"period_liquidation_iva_id\\\":127,\\\"period_id\\\":88852,\\\"person_id\\\":41298,\\\"activity_id\\\":1,\\\"iva_creditos_tipo_id\\\":11,\\\"type\\\":2,\\\"tax_id\\\":5,\\\"taxabled_amount\\\":\\\"0.00\\\",\\\"iva_amount\\\":\\\"0.00\\\",\\\"created_at\\\":\\\"2022-09-14T16:40:08.000000Z\\\",\\\"updated_at\\\":\\\"2022-09-14T16:40:08.000000Z\\\",\\\"ordr\\\":6,\\\"deleted_at\\\":null,\\\"base\\\":\\\"0.00\\\",\\\"system_taxes\\\":{\\\"id\\\":5,\\\"created_at\\\":null,\\\"updated_at\\\":\\\"2020-04-16T13:33:23.000000Z\\\",\\\"name\\\":\\\"gravado al 5%\\\",\\\"apply_to\\\":\\\"iva\\\",\\\"ammount_permited\\\":1,\\\"percent_iva\\\":\\\"5.00\\\",\\\"taxable_iibb\\\":1,\\\"taxable_iva\\\":1,\\\"code\\\":8,\\\"status\\\":1,\\\"afip_alicuota_id\\\":8,\\\"plan_cuenta_id\\\":96,\\\"code_citi_alic_iva\\\":8}},{\\\"id\\\":36723,\\\"user_id\\\":7768,\\\"period_liquidation_id\\\":261,\\\"period_liquidation_iva_id\\\":127,\\\"period_id\\\":88852,\\\"person_id\\\":41298,\\\"activity_id\\\":1,\\\"iva_creditos_tipo_id\\\":14,\\\"type\\\":2,\\\"tax_id\\\":5,\\\"taxabled_amount\\\":\\\"0.00\\\",\\\"iva_amount\\\":\\\"0.00\\\",\\\"created_at\\\":\\\"2022-09-14T16:40:08.000000Z\\\",\\\"updated_at\\\":\\\"2022-09-14T16:40:08.000000Z\\\",\\\"ordr\\\":6,\\\"deleted_at\\\":null,\\\"base\\\":\\\"0.00\\\",\\\"system_taxes\\\":{\\\"id\\\":5,\\\"created_at\\\":null,\\\"updated_at\\\":\\\"2020-04-16T13:33:23.000000Z\\\",\\\"name\\\":\\\"gravado al 5%\\\",\\\"apply_to\\\":\\\"iva\\\",\\\"ammount_permited\\\":1,\\\"percent_iva\\\":\\\"5.00\\\",\\\"taxable_iibb\\\":1,\\\"taxable_iva\\\":1,\\\"code\\\":8,\\\"status\\\":1,\\\"afip_alicuota_id\\\":8,\\\"plan_cuenta_id\\\":96,\\\"code_citi_alic_iva\\\":8}},{\\\"id\\\":36724,\\\"user_id\\\":7768,\\\"period_liquidation_id\\\":261,\\\"period_liquidation_iva_id\\\":127,\\\"period_id\\\":88852,\\\"person_id\\\":41298,\\\"activity_id\\\":1,\\\"iva_creditos_tipo_id\\\":1,\\\"type\\\":2,\\\"tax_id\\\":5,\\\"taxabled_amount\\\":\\\"0.00\\\",\\\"iva_amount\\\":\\\"0.00\\\",\\\"created_at\\\":\\\"2022-09-14T16:40:08.000000Z\\\",\\\"updated_at\\\":\\\"2022-09-14T16:40:08.000000Z\\\",\\\"ordr\\\":6,\\\"deleted_at\\\":null,\\\"base\\\":\\\"0.00\\\",\\\"system_taxes\\\":{\\\"id\\\":5,\\\"created_at\\\":null,\\\"updated_at\\\":\\\"2020-04-16T13:33:23.000000Z\\\",\\\"name\\\":\\\"gravado al 5%\\\",\\\"apply_to\\\":\\\"iva\\\",\\\"ammount_permited\\\":1,\\\"percent_iva\\\":\\\"5.00\\\",\\\"taxable_iibb\\\":1,\\\"taxable_iva\\\":1,\\\"code\\\":8,\\\"status\\\":1,\\\"afip_alicuota_id\\\":8,\\\"plan_cuenta_id\\\":96,\\\"code_citi_alic_iva\\\":8}},{\\\"id\\\":36725,\\\"user_id\\\":7768,\\\"period_liquidation_id\\\":261,\\\"period_liquidation_iva_id\\\":127,\\\"period_id\\\":88852,\\\"person_id\\\":41298,\\\"activity_id\\\":1,\\\"iva_creditos_tipo_id\\\":4,\\\"type\\\":2,\\\"tax_id\\\":5,\\\"taxabled_amount\\\":\\\"0.00\\\",\\\"iva_amount\\\":\\\"0.00\\\",\\\"created_at\\\":\\\"2022-09-14T16:40:08.000000Z\\\",\\\"updated_at\\\":\\\"2022-09-14T16:40:08.000000Z\\\",\\\"ordr\\\":6,\\\"deleted_at\\\":null,\\\"base\\\":\\\"0.00\\\",\\\"system_taxes\\\":{\\\"id\\\":5,\\\"created_at\\\":null,\\\"updated_at\\\":\\\"2020-04-16T13:33:23.000000Z\\\",\\\"name\\\":\\\"gravado al 5%\\\",\\\"apply_to\\\":\\\"iva\\\",\\\"ammount_permited\\\":1,\\\"percent_iva\\\":\\\"5.00\\\",\\\"taxable_iibb\\\":1,\\\"taxable_iva\\\":1,\\\"code\\\":8,\\\"status\\\":1,\\\"afip_alicuota_id\\\":8,\\\"plan_cuenta_id\\\":96,\\\"code_citi_alic_iva\\\":8}},{\\\"id\\\":36726,\\\"user_id\\\":7768,\\\"period_liquidation_id\\\":261,\\\"period_liquidation_iva_id\\\":127,\\\"period_id\\\":88852,\\\"person_id\\\":41298,\\\"activity_id\\\":1,\\\"iva_creditos_tipo_id\\\":7,\\\"type\\\":2,\\\"tax_id\\\":5,\\\"taxabled_amount\\\":\\\"0.00\\\",\\\"iva_amount\\\":\\\"0.00\\\",\\\"created_at\\\":\\\"2022-09-14T16:40:08.000000Z\\\",\\\"updated_at\\\":\\\"2022-09-14T16:40:08.000000Z\\\",\\\"ordr\\\":6,\\\"deleted_at\\\":null,\\\"base\\\":\\\"0.00\\\",\\\"system_taxes\\\":{\\\"id\\\":5,\\\"created_at\\\":null,\\\"updated_at\\\":\\\"2020-04-16T13:33:23.000000Z\\\",\\\"name\\\":\\\"gravado al 5%\\\",\\\"apply_to\\\":\\\"iva\\\",\\\"ammount_permited\\\":1,\\\"percent_iva\\\":\\\"5.00\\\",\\\"taxable_iibb\\\":1,\\\"taxable_iva\\\":1,\\\"code\\\":8,\\\"status\\\":1,\\\"afip_alicuota_id\\\":8,\\\"plan_cuenta_id\\\":96,\\\"code_citi_alic_iva\\\":8}},{\\\"id\\\":36727,\\\"user_id\\\":7768,\\\"period_liquidation_id\\\":261,\\\"period_liquidation_iva_id\\\":127,\\\"period_id\\\":88852,\\\"person_id\\\":41298,\\\"activity_id\\\":1,\\\"iva_creditos_tipo_id\\\":10,\\\"type\\\":2,\\\"tax_id\\\":5,\\\"taxabled_amount\\\":\\\"0.00\\\",\\\"iva_amount\\\":\\\"0.00\\\",\\\"created_at\\\":\\\"2022-09-14T16:40:08.000000Z\\\",\\\"updated_at\\\":\\\"2022-09-14T16:40:08.000000Z\\\",\\\"ordr\\\":6,\\\"deleted_at\\\":null,\\\"base\\\":\\\"0.00\\\",\\\"system_taxes\\\":{\\\"id\\\":5,\\\"created_at\\\":null,\\\"updated_at\\\":\\\"2020-04-16T13:33:23.000000Z\\\",\\\"name\\\":\\\"gravado al 5%\\\",\\\"apply_to\\\":\\\"iva\\\",\\\"ammount_permited\\\":1,\\\"percent_iva\\\":\\\"5.00\\\",\\\"taxable_iibb\\\":1,\\\"taxable_iva\\\":1,\\\"code\\\":8,\\\"status\\\":1,\\\"afip_alicuota_id\\\":8,\\\"plan_cuenta_id\\\":96,\\\"code_citi_alic_iva\\\":8}},{\\\"id\\\":36728,\\\"user_id\\\":7768,\\\"period_liquidation_id\\\":261,\\\"period_liquidation_iva_id\\\":127,\\\"period_id\\\":88852,\\\"person_id\\\":41298,\\\"activity_id\\\":1,\\\"iva_creditos_tipo_id\\\":13,\\\"type\\\":2,\\\"tax_id\\\":5,\\\"taxabled_amount\\\":\\\"0.00\\\",\\\"iva_amount\\\":\\\"0.00\\\",\\\"created_at\\\":\\\"2022-09-14T16:40:08.000000Z\\\",\\\"updated_at\\\":\\\"2022-09-14T16:40:08.000000Z\\\",\\\"ordr\\\":6,\\\"deleted_at\\\":null,\\\"base\\\":\\\"0.00\\\",\\\"system_taxes\\\":{\\\"id\\\":5,\\\"created_at\\\":null,\\\"updated_at\\\":\\\"2020-04-16T13:33:23.000000Z\\\",\\\"name\\\":\\\"gravado al 5%\\\",\\\"apply_to\\\":\\\"iva\\\",\\\"ammount_permited\\\":1,\\\"percent_iva\\\":\\\"5.00\\\",\\\"taxable_iibb\\\":1,\\\"taxable_iva\\\":1,\\\"code\\\":8,\\\"status\\\":1,\\\"afip_alicuota_id\\\":8,\\\"plan_cuenta_id\\\":96,\\\"code_citi_alic_iva\\\":8}},{\\\"id\\\":36729,\\\"user_id\\\":7768,\\\"period_liquidation_id\\\":261,\\\"period_liquidation_iva_id\\\":127,\\\"period_id\\\":88852,\\\"person_id\\\":41298,\\\"activity_id\\\":1,\\\"iva_creditos_tipo_id\\\":3,\\\"type\\\":2,\\\"tax_id\\\":5,\\\"taxabled_amount\\\":\\\"0.00\\\",\\\"iva_amount\\\":\\\"0.00\\\",\\\"created_at\\\":\\\"2022-09-14T16:40:08.000000Z\\\",\\\"updated_at\\\":\\\"2022-09-14T16:40:08.000000Z\\\",\\\"ordr\\\":6,\\\"deleted_at\\\":null,\\\"base\\\":\\\"0.00\\\",\\\"system_taxes\\\":{\\\"id\\\":5,\\\"created_at\\\":null,\\\"updated_at\\\":\\\"2020-04-16T13:33:23.000000Z\\\",\\\"name\\\":\\\"gravado al 5%\\\",\\\"apply_to\\\":\\\"iva\\\",\\\"ammount_permited\\\":1,\\\"percent_iva\\\":\\\"5.00\\\",\\\"taxable_iibb\\\":1,\\\"taxable_iva\\\":1,\\\"code\\\":8,\\\"status\\\":1,\\\"afip_alicuota_id\\\":8,\\\"plan_cuenta_id\\\":96,\\\"code_citi_alic_iva\\\":8}},{\\\"id\\\":36730,\\\"user_id\\\":7768,\\\"period_liquidation_id\\\":261,\\\"period_liquidation_iva_id\\\":127,\\\"period_id\\\":88852,\\\"person_id\\\":41298,\\\"activity_id\\\":1,\\\"iva_creditos_tipo_id\\\":6,\\\"type\\\":2,\\\"tax_id\\\":5,\\\"taxabled_amount\\\":\\\"0.00\\\",\\\"iva_amount\\\":\\\"0.00\\\",\\\"created_at\\\":\\\"2022-09-14T16:40:08.000000Z\\\",\\\"updated_at\\\":\\\"2022-09-14T16:40:08.000000Z\\\",\\\"ordr\\\":6,\\\"deleted_at\\\":null,\\\"base\\\":\\\"0.00\\\",\\\"system_taxes\\\":{\\\"id\\\":5,\\\"created_at\\\":null,\\\"updated_at\\\":\\\"2020-04-16T13:33:23.000000Z\\\",\\\"name\\\":\\\"gravado al 5%\\\",\\\"apply_to\\\":\\\"iva\\\",\\\"ammount_permited\\\":1,\\\"percent_iva\\\":\\\"5.00\\\",\\\"taxable_iibb\\\":1,\\\"taxable_iva\\\":1,\\\"code\\\":8,\\\"status\\\":1,\\\"afip_alicuota_id\\\":8,\\\"plan_cuenta_id\\\":96,\\\"code_citi_alic_iva\\\":8}},{\\\"id\\\":36731,\\\"user_id\\\":7768,\\\"period_liquidation_id\\\":261,\\\"period_liquidation_iva_id\\\":127,\\\"period_id\\\":88852,\\\"person_id\\\":41298,\\\"activity_id\\\":1,\\\"iva_creditos_tipo_id\\\":8,\\\"type\\\":2,\\\"tax_id\\\":4,\\\"taxabled_amount\\\":\\\"0.00\\\",\\\"iva_amount\\\":\\\"0.00\\\",\\\"created_at\\\":\\\"2022-09-14T16:40:08.000000Z\\\",\\\"updated_at\\\":\\\"2022-09-14T16:40:08.000000Z\\\",\\\"ordr\\\":6,\\\"deleted_at\\\":null,\\\"base\\\":\\\"0.00\\\",\\\"system_taxes\\\":{\\\"id\\\":4,\\\"created_at\\\":null,\\\"updated_at\\\":\\\"2020-04-16T13:33:23.000000Z\\\",\\\"name\\\":\\\"gravado al 2,5%\\\",\\\"apply_to\\\":\\\"iva\\\",\\\"ammount_permited\\\":1,\\\"percent_iva\\\":\\\"2.50\\\",\\\"taxable_iibb\\\":1,\\\"taxable_iva\\\":1,\\\"code\\\":9,\\\"status\\\":1,\\\"afip_alicuota_id\\\":9,\\\"plan_cuenta_id\\\":96,\\\"code_citi_alic_iva\\\":9}},{\\\"id\\\":36732,\\\"user_id\\\":7768,\\\"period_liquidation_id\\\":261,\\\"period_liquidation_iva_id\\\":127,\\\"period_id\\\":88852,\\\"person_id\\\":41298,\\\"activity_id\\\":1,\\\"iva_creditos_tipo_id\\\":11,\\\"type\\\":2,\\\"tax_id\\\":4,\\\"taxabled_amount\\\":\\\"0.00\\\",\\\"iva_amount\\\":\\\"0.00\\\",\\\"created_at\\\":\\\"2022-09-14T16:40:08.000000Z\\\",\\\"updated_at\\\":\\\"2022-09-14T16:40:08.000000Z\\\",\\\"ordr\\\":6,\\\"deleted_at\\\":null,\\\"base\\\":\\\"0.00\\\",\\\"system_taxes\\\":{\\\"id\\\":4,\\\"created_at\\\":null,\\\"updated_at\\\":\\\"2020-04-16T13:33:23.000000Z\\\",\\\"name\\\":\\\"gravado al 2,5%\\\",\\\"apply_to\\\":\\\"iva\\\",\\\"ammount_permited\\\":1,\\\"percent_iva\\\":\\\"2.50\\\",\\\"taxable_iibb\\\":1,\\\"taxable_iva\\\":1,\\\"code\\\":9,\\\"status\\\":1,\\\"afip_alicuota_id\\\":9,\\\"plan_cuenta_id\\\":96,\\\"code_citi_alic_iva\\\":9}},{\\\"id\\\":36733,\\\"user_id\\\":7768,\\\"period_liquidation_id\\\":261,\\\"period_liquidation_iva_id\\\":127,\\\"period_id\\\":88852,\\\"person_id\\\":41298,\\\"activity_id\\\":1,\\\"iva_creditos_tipo_id\\\":14,\\\"type\\\":2,\\\"tax_id\\\":4,\\\"taxabled_amount\\\":\\\"0.00\\\",\\\"iva_amount\\\":\\\"0.00\\\",\\\"created_at\\\":\\\"2022-09-14T16:40:08.000000Z\\\",\\\"updated_at\\\":\\\"2022-09-14T16:40:08.000000Z\\\",\\\"ordr\\\":6,\\\"deleted_at\\\":null,\\\"base\\\":\\\"0.00\\\",\\\"system_taxes\\\":{\\\"id\\\":4,\\\"created_at\\\":null,\\\"updated_at\\\":\\\"2020-04-16T13:33:23.000000Z\\\",\\\"name\\\":\\\"gravado al 2,5%\\\",\\\"apply_to\\\":\\\"iva\\\",\\\"ammount_permited\\\":1,\\\"percent_iva\\\":\\\"2.50\\\",\\\"taxable_iibb\\\":1,\\\"taxable_iva\\\":1,\\\"code\\\":9,\\\"status\\\":1,\\\"afip_alicuota_id\\\":9,\\\"plan_cuenta_id\\\":96,\\\"code_citi_alic_iva\\\":9}},{\\\"id\\\":36734,\\\"user_id\\\":7768,\\\"period_liquidation_id\\\":261,\\\"period_liquidation_iva_id\\\":127,\\\"period_id\\\":88852,\\\"person_id\\\":41298,\\\"activity_id\\\":1,\\\"iva_creditos_tipo_id\\\":1,\\\"type\\\":2,\\\"tax_id\\\":4,\\\"taxabled_amount\\\":\\\"0.00\\\",\\\"iva_amount\\\":\\\"0.00\\\",\\\"created_at\\\":\\\"2022-09-14T16:40:08.000000Z\\\",\\\"updated_at\\\":\\\"2022-09-14T16:40:08.000000Z\\\",\\\"ordr\\\":6,\\\"deleted_at\\\":null,\\\"base\\\":\\\"0.00\\\",\\\"system_taxes\\\":{\\\"id\\\":4,\\\"created_at\\\":null,\\\"updated_at\\\":\\\"2020-04-16T13:33:23.000000Z\\\",\\\"name\\\":\\\"gravado al 2,5%\\\",\\\"apply_to\\\":\\\"iva\\\",\\\"ammount_permited\\\":1,\\\"percent_iva\\\":\\\"2.50\\\",\\\"taxable_iibb\\\":1,\\\"taxable_iva\\\":1,\\\"code\\\":9,\\\"status\\\":1,\\\"afip_alicuota_id\\\":9,\\\"plan_cuenta_id\\\":96,\\\"code_citi_alic_iva\\\":9}},{\\\"id\\\":36735,\\\"user_id\\\":7768,\\\"period_liquidation_id\\\":261,\\\"period_liquidation_iva_id\\\":127,\\\"period_id\\\":88852,\\\"person_id\\\":41298,\\\"activity_id\\\":1,\\\"iva_creditos_tipo_id\\\":4,\\\"type\\\":2,\\\"tax_id\\\":4,\\\"taxabled_amount\\\":\\\"0.00\\\",\\\"iva_amount\\\":\\\"0.00\\\",\\\"created_at\\\":\\\"2022-09-14T16:40:08.000000Z\\\",\\\"updated_at\\\":\\\"2022-09-14T16:40:08.000000Z\\\",\\\"ordr\\\":6,\\\"deleted_at\\\":null,\\\"base\\\":\\\"0.00\\\",\\\"system_taxes\\\":{\\\"id\\\":4,\\\"created_at\\\":null,\\\"updated_at\\\":\\\"2020-04-16T13:33:23.000000Z\\\",\\\"name\\\":\\\"gravado al 2,5%\\\",\\\"apply_to\\\":\\\"iva\\\",\\\"ammount_permited\\\":1,\\\"percent_iva\\\":\\\"2.50\\\",\\\"taxable_iibb\\\":1,\\\"taxable_iva\\\":1,\\\"code\\\":9,\\\"status\\\":1,\\\"afip_alicuota_id\\\":9,\\\"plan_cuenta_id\\\":96,\\\"code_citi_alic_iva\\\":9}},{\\\"id\\\":36736,\\\"user_id\\\":7768,\\\"period_liquidation_id\\\":261,\\\"period_liquidation_iva_id\\\":127,\\\"period_id\\\":88852,\\\"person_id\\\":41298,\\\"activity_id\\\":1,\\\"iva_creditos_tipo_id\\\":7,\\\"type\\\":2,\\\"tax_id\\\":4,\\\"taxabled_amount\\\":\\\"0.00\\\",\\\"iva_amount\\\":\\\"0.00\\\",\\\"created_at\\\":\\\"2022-09-14T16:40:08.000000Z\\\",\\\"updated_at\\\":\\\"2022-09-14T16:40:08.000000Z\\\",\\\"ordr\\\":6,\\\"deleted_at\\\":null,\\\"base\\\":\\\"0.00\\\",\\\"system_taxes\\\":{\\\"id\\\":4,\\\"created_at\\\":null,\\\"updated_at\\\":\\\"2020-04-16T13:33:23.000000Z\\\",\\\"name\\\":\\\"gravado al 2,5%\\\",\\\"apply_to\\\":\\\"iva\\\",\\\"ammount_permited\\\":1,\\\"percent_iva\\\":\\\"2.50\\\",\\\"taxable_iibb\\\":1,\\\"taxable_iva\\\":1,\\\"code\\\":9,\\\"status\\\":1,\\\"afip_alicuota_id\\\":9,\\\"plan_cuenta_id\\\":96,\\\"code_citi_alic_iva\\\":9}},{\\\"id\\\":36737,\\\"user_id\\\":7768,\\\"period_liquidation_id\\\":261,\\\"period_liquidation_iva_id\\\":127,\\\"period_id\\\":88852,\\\"person_id\\\":41298,\\\"activity_id\\\":1,\\\"iva_creditos_tipo_id\\\":10,\\\"type\\\":2,\\\"tax_id\\\":4,\\\"taxabled_amount\\\":\\\"0.00\\\",\\\"iva_amount\\\":\\\"0.00\\\",\\\"created_at\\\":\\\"2022-09-14T16:40:08.000000Z\\\",\\\"updated_at\\\":\\\"2022-09-14T16:40:08.000000Z\\\",\\\"ordr\\\":6,\\\"deleted_at\\\":null,\\\"base\\\":\\\"0.00\\\",\\\"system_taxes\\\":{\\\"id\\\":4,\\\"created_at\\\":null,\\\"updated_at\\\":\\\"2020-04-16T13:33:23.000000Z\\\",\\\"name\\\":\\\"gravado al 2,5%\\\",\\\"apply_to\\\":\\\"iva\\\",\\\"ammount_permited\\\":1,\\\"percent_iva\\\":\\\"2.50\\\",\\\"taxable_iibb\\\":1,\\\"taxable_iva\\\":1,\\\"code\\\":9,\\\"status\\\":1,\\\"afip_alicuota_id\\\":9,\\\"plan_cuenta_id\\\":96,\\\"code_citi_alic_iva\\\":9}},{\\\"id\\\":36738,\\\"user_id\\\":7768,\\\"period_liquidation_id\\\":261,\\\"period_liquidation_iva_id\\\":127,\\\"period_id\\\":88852,\\\"person_id\\\":41298,\\\"activity_id\\\":1,\\\"iva_creditos_tipo_id\\\":13,\\\"type\\\":2,\\\"tax_id\\\":4,\\\"taxabled_amount\\\":\\\"0.00\\\",\\\"iva_amount\\\":\\\"0.00\\\",\\\"created_at\\\":\\\"2022-09-14T16:40:08.000000Z\\\",\\\"updated_at\\\":\\\"2022-09-14T16:40:08.000000Z\\\",\\\"ordr\\\":6,\\\"deleted_at\\\":null,\\\"base\\\":\\\"0.00\\\",\\\"system_taxes\\\":{\\\"id\\\":4,\\\"created_at\\\":null,\\\"updated_at\\\":\\\"2020-04-16T13:33:23.000000Z\\\",\\\"name\\\":\\\"gravado al 2,5%\\\",\\\"apply_to\\\":\\\"iva\\\",\\\"ammount_permited\\\":1,\\\"percent_iva\\\":\\\"2.50\\\",\\\"taxable_iibb\\\":1,\\\"taxable_iva\\\":1,\\\"code\\\":9,\\\"status\\\":1,\\\"afip_alicuota_id\\\":9,\\\"plan_cuenta_id\\\":96,\\\"code_citi_alic_iva\\\":9}},{\\\"id\\\":36739,\\\"user_id\\\":7768,\\\"period_liquidation_id\\\":261,\\\"period_liquidation_iva_id\\\":127,\\\"period_id\\\":88852,\\\"person_id\\\":41298,\\\"activity_id\\\":1,\\\"iva_creditos_tipo_id\\\":3,\\\"type\\\":2,\\\"tax_id\\\":4,\\\"taxabled_amount\\\":\\\"0.00\\\",\\\"iva_amount\\\":\\\"0.00\\\",\\\"created_at\\\":\\\"2022-09-14T16:40:08.000000Z\\\",\\\"updated_at\\\":\\\"2022-09-14T16:40:08.000000Z\\\",\\\"ordr\\\":6,\\\"deleted_at\\\":null,\\\"base\\\":\\\"0.00\\\",\\\"system_taxes\\\":{\\\"id\\\":4,\\\"created_at\\\":null,\\\"updated_at\\\":\\\"2020-04-16T13:33:23.000000Z\\\",\\\"name\\\":\\\"gravado al 2,5%\\\",\\\"apply_to\\\":\\\"iva\\\",\\\"ammount_permited\\\":1,\\\"percent_iva\\\":\\\"2.50\\\",\\\"taxable_iibb\\\":1,\\\"taxable_iva\\\":1,\\\"code\\\":9,\\\"status\\\":1,\\\"afip_alicuota_id\\\":9,\\\"plan_cuenta_id\\\":96,\\\"code_citi_alic_iva\\\":9}},{\\\"id\\\":36740,\\\"user_id\\\":7768,\\\"period_liquidation_id\\\":261,\\\"period_liquidation_iva_id\\\":127,\\\"period_id\\\":88852,\\\"person_id\\\":41298,\\\"activity_id\\\":1,\\\"iva_creditos_tipo_id\\\":6,\\\"type\\\":2,\\\"tax_id\\\":4,\\\"taxabled_amount\\\":\\\"0.00\\\",\\\"iva_amount\\\":\\\"0.00\\\",\\\"created_at\\\":\\\"2022-09-14T16:40:08.000000Z\\\",\\\"updated_at\\\":\\\"2022-09-14T16:40:08.000000Z\\\",\\\"ordr\\\":6,\\\"deleted_at\\\":null,\\\"base\\\":\\\"0.00\\\",\\\"system_taxes\\\":{\\\"id\\\":4,\\\"created_at\\\":null,\\\"updated_at\\\":\\\"2020-04-16T13:33:23.000000Z\\\",\\\"name\\\":\\\"gravado al 2,5%\\\",\\\"apply_to\\\":\\\"iva\\\",\\\"ammount_permited\\\":1,\\\"percent_iva\\\":\\\"2.50\\\",\\\"taxable_iibb\\\":1,\\\"taxable_iva\\\":1,\\\"code\\\":9,\\\"status\\\":1,\\\"afip_alicuota_id\\\":9,\\\"plan_cuenta_id\\\":96,\\\"code_citi_alic_iva\\\":9}},{\\\"id\\\":36741,\\\"user_id\\\":7768,\\\"period_liquidation_id\\\":261,\\\"period_liquidation_iva_id\\\":127,\\\"period_id\\\":88852,\\\"person_id\\\":41298,\\\"activity_id\\\":1,\\\"iva_creditos_tipo_id\\\":9,\\\"type\\\":2,\\\"tax_id\\\":4,\\\"taxabled_amount\\\":\\\"0.00\\\",\\\"iva_amount\\\":\\\"0.00\\\",\\\"created_at\\\":\\\"2022-09-14T16:40:08.000000Z\\\",\\\"updated_at\\\":\\\"2022-09-14T16:40:08.000000Z\\\",\\\"ordr\\\":6,\\\"deleted_at\\\":null,\\\"base\\\":\\\"0.00\\\",\\\"system_taxes\\\":{\\\"id\\\":4,\\\"created_at\\\":null,\\\"updated_at\\\":\\\"2020-04-16T13:33:23.000000Z\\\",\\\"name\\\":\\\"gravado al 2,5%\\\",\\\"apply_to\\\":\\\"iva\\\",\\\"ammount_permited\\\":1,\\\"percent_iva\\\":\\\"2.50\\\",\\\"taxable_iibb\\\":1,\\\"taxable_iva\\\":1,\\\"code\\\":9,\\\"status\\\":1,\\\"afip_alicuota_id\\\":9,\\\"plan_cuenta_id\\\":96,\\\"code_citi_alic_iva\\\":9}},{\\\"id\\\":36742,\\\"user_id\\\":7768,\\\"period_liquidation_id\\\":261,\\\"period_liquidation_iva_id\\\":127,\\\"period_id\\\":88852,\\\"person_id\\\":41298,\\\"activity_id\\\":1,\\\"iva_creditos_tipo_id\\\":12,\\\"type\\\":2,\\\"tax_id\\\":4,\\\"taxabled_amount\\\":\\\"0.00\\\",\\\"iva_amount\\\":\\\"0.00\\\",\\\"created_at\\\":\\\"2022-09-14T16:40:08.000000Z\\\",\\\"updated_at\\\":\\\"2022-09-14T16:40:08.000000Z\\\",\\\"ordr\\\":6,\\\"deleted_at\\\":null,\\\"base\\\":\\\"0.00\\\",\\\"system_taxes\\\":{\\\"id\\\":4,\\\"created_at\\\":null,\\\"updated_at\\\":\\\"2020-04-16T13:33:23.000000Z\\\",\\\"name\\\":\\\"gravado al 2,5%\\\",\\\"apply_to\\\":\\\"iva\\\",\\\"ammount_permited\\\":1,\\\"percent_iva\\\":\\\"2.50\\\",\\\"taxable_iibb\\\":1,\\\"taxable_iva\\\":1,\\\"code\\\":9,\\\"status\\\":1,\\\"afip_alicuota_id\\\":9,\\\"plan_cuenta_id\\\":96,\\\"code_citi_alic_iva\\\":9}},{\\\"id\\\":36743,\\\"user_id\\\":7768,\\\"period_liquidation_id\\\":261,\\\"period_liquidation_iva_id\\\":127,\\\"period_id\\\":88852,\\\"person_id\\\":41298,\\\"activity_id\\\":1,\\\"iva_creditos_tipo_id\\\":2,\\\"type\\\":2,\\\"tax_id\\\":4,\\\"taxabled_amount\\\":\\\"0.00\\\",\\\"iva_amount\\\":\\\"0.00\\\",\\\"created_at\\\":\\\"2022-09-14T16:40:08.000000Z\\\",\\\"updated_at\\\":\\\"2022-09-14T16:40:08.000000Z\\\",\\\"ordr\\\":6,\\\"deleted_at\\\":null,\\\"base\\\":\\\"0.00\\\",\\\"system_taxes\\\":{\\\"id\\\":4,\\\"created_at\\\":null,\\\"updated_at\\\":\\\"2020-04-16T13:33:23.000000Z\\\",\\\"name\\\":\\\"gravado al 2,5%\\\",\\\"apply_to\\\":\\\"iva\\\",\\\"ammount_permited\\\":1,\\\"percent_iva\\\":\\\"2.50\\\",\\\"taxable_iibb\\\":1,\\\"taxable_iva\\\":1,\\\"code\\\":9,\\\"status\\\":1,\\\"afip_alicuota_id\\\":9,\\\"plan_cuenta_id\\\":96,\\\"code_citi_alic_iva\\\":9}},{\\\"id\\\":36744,\\\"user_id\\\":7768,\\\"period_liquidation_id\\\":261,\\\"period_liquidation_iva_id\\\":127,\\\"period_id\\\":88852,\\\"person_id\\\":41298,\\\"activity_id\\\":1,\\\"iva_creditos_tipo_id\\\":5,\\\"type\\\":2,\\\"tax_id\\\":4,\\\"taxabled_amount\\\":\\\"0.00\\\",\\\"iva_amount\\\":\\\"0.00\\\",\\\"created_at\\\":\\\"2022-09-14T16:40:08.000000Z\\\",\\\"updated_at\\\":\\\"2022-09-14T16:40:08.000000Z\\\",\\\"ordr\\\":6,\\\"deleted_at\\\":null,\\\"base\\\":\\\"0.00\\\",\\\"system_taxes\\\":{\\\"id\\\":4,\\\"created_at\\\":null,\\\"updated_at\\\":\\\"2020-04-16T13:33:23.000000Z\\\",\\\"name\\\":\\\"gravado al 2,5%\\\",\\\"apply_to\\\":\\\"iva\\\",\\\"ammount_permited\\\":1,\\\"percent_iva\\\":\\\"2.50\\\",\\\"taxable_iibb\\\":1,\\\"taxable_iva\\\":1,\\\"code\\\":9,\\\"status\\\":1,\\\"afip_alicuota_id\\\":9,\\\"plan_cuenta_id\\\":96,\\\"code_citi_alic_iva\\\":9}},{\\\"id\\\":36745,\\\"user_id\\\":7768,\\\"period_liquidation_id\\\":261,\\\"period_liquidation_iva_id\\\":127,\\\"period_id\\\":88852,\\\"person_id\\\":41298,\\\"activity_id\\\":1,\\\"iva_creditos_tipo_id\\\":13,\\\"type\\\":2,\\\"tax_id\\\":8,\\\"taxabled_amount\\\":\\\"0.00\\\",\\\"iva_amount\\\":\\\"0.00\\\",\\\"created_at\\\":\\\"2022-09-14T16:40:08.000000Z\\\",\\\"updated_at\\\":\\\"2022-09-14T16:40:08.000000Z\\\",\\\"ordr\\\":6,\\\"deleted_at\\\":null,\\\"base\\\":\\\"0.00\\\",\\\"system_taxes\\\":{\\\"id\\\":8,\\\"created_at\\\":null,\\\"updated_at\\\":\\\"2020-04-16T13:33:23.000000Z\\\",\\\"name\\\":\\\"Exento\\\",\\\"apply_to\\\":\\\"iva\\\",\\\"ammount_permited\\\":1,\\\"percent_iva\\\":\\\"0.00\\\",\\\"taxable_iibb\\\":1,\\\"taxable_iva\\\":1,\\\"code\\\":2,\\\"status\\\":1,\\\"afip_alicuota_id\\\":2,\\\"plan_cuenta_id\\\":218,\\\"code_citi_alic_iva\\\":3}},{\\\"id\\\":36746,\\\"user_id\\\":7768,\\\"period_liquidation_id\\\":261,\\\"period_liquidation_iva_id\\\":127,\\\"period_id\\\":88852,\\\"person_id\\\":41298,\\\"activity_id\\\":1,\\\"iva_creditos_tipo_id\\\":3,\\\"type\\\":2,\\\"tax_id\\\":8,\\\"taxabled_amount\\\":\\\"0.00\\\",\\\"iva_amount\\\":\\\"0.00\\\",\\\"created_at\\\":\\\"2022-09-14T16:40:08.000000Z\\\",\\\"updated_at\\\":\\\"2022-09-14T16:40:08.000000Z\\\",\\\"ordr\\\":6,\\\"deleted_at\\\":null,\\\"base\\\":\\\"0.00\\\",\\\"system_taxes\\\":{\\\"id\\\":8,\\\"created_at\\\":null,\\\"updated_at\\\":\\\"2020-04-16T13:33:23.000000Z\\\",\\\"name\\\":\\\"Exento\\\",\\\"apply_to\\\":\\\"iva\\\",\\\"ammount_permited\\\":1,\\\"percent_iva\\\":\\\"0.00\\\",\\\"taxable_iibb\\\":1,\\\"taxable_iva\\\":1,\\\"code\\\":2,\\\"status\\\":1,\\\"afip_alicuota_id\\\":2,\\\"plan_cuenta_id\\\":218,\\\"code_citi_alic_iva\\\":3}},{\\\"id\\\":36747,\\\"user_id\\\":7768,\\\"period_liquidation_id\\\":261,\\\"period_liquidation_iva_id\\\":127,\\\"period_id\\\":88852,\\\"person_id\\\":41298,\\\"activity_id\\\":1,\\\"iva_creditos_tipo_id\\\":6,\\\"type\\\":2,\\\"tax_id\\\":8,\\\"taxabled_amount\\\":\\\"0.00\\\",\\\"iva_amount\\\":\\\"0.00\\\",\\\"created_at\\\":\\\"2022-09-14T16:40:08.000000Z\\\",\\\"updated_at\\\":\\\"2022-09-14T16:40:08.000000Z\\\",\\\"ordr\\\":6,\\\"deleted_at\\\":null,\\\"base\\\":\\\"0.00\\\",\\\"system_taxes\\\":{\\\"id\\\":8,\\\"created_at\\\":null,\\\"updated_at\\\":\\\"2020-04-16T13:33:23.000000Z\\\",\\\"name\\\":\\\"Exento\\\",\\\"apply_to\\\":\\\"iva\\\",\\\"ammount_permited\\\":1,\\\"percent_iva\\\":\\\"0.00\\\",\\\"taxable_iibb\\\":1,\\\"taxable_iva\\\":1,\\\"code\\\":2,\\\"status\\\":1,\\\"afip_alicuota_id\\\":2,\\\"plan_cuenta_id\\\":218,\\\"code_citi_alic_iva\\\":3}},{\\\"id\\\":36748,\\\"user_id\\\":7768,\\\"period_liquidation_id\\\":261,\\\"period_liquidation_iva_id\\\":127,\\\"period_id\\\":88852,\\\"person_id\\\":41298,\\\"activity_id\\\":1,\\\"iva_creditos_tipo_id\\\":9,\\\"type\\\":2,\\\"tax_id\\\":8,\\\"taxabled_amount\\\":\\\"0.00\\\",\\\"iva_amount\\\":\\\"0.00\\\",\\\"created_at\\\":\\\"2022-09-14T16:40:08.000000Z\\\",\\\"updated_at\\\":\\\"2022-09-14T16:40:08.000000Z\\\",\\\"ordr\\\":6,\\\"deleted_at\\\":null,\\\"base\\\":\\\"0.00\\\",\\\"system_taxes\\\":{\\\"id\\\":8,\\\"created_at\\\":null,\\\"updated_at\\\":\\\"2020-04-16T13:33:23.000000Z\\\",\\\"name\\\":\\\"Exento\\\",\\\"apply_to\\\":\\\"iva\\\",\\\"ammount_permited\\\":1,\\\"percent_iva\\\":\\\"0.00\\\",\\\"taxable_iibb\\\":1,\\\"taxable_iva\\\":1,\\\"code\\\":2,\\\"status\\\":1,\\\"afip_alicuota_id\\\":2,\\\"plan_cuenta_id\\\":218,\\\"code_citi_alic_iva\\\":3}},{\\\"id\\\":36749,\\\"user_id\\\":7768,\\\"period_liquidation_id\\\":261,\\\"period_liquidation_iva_id\\\":127,\\\"period_id\\\":88852,\\\"person_id\\\":41298,\\\"activity_id\\\":1,\\\"iva_creditos_tipo_id\\\":12,\\\"type\\\":2,\\\"tax_id\\\":8,\\\"taxabled_amount\\\":\\\"0.00\\\",\\\"iva_amount\\\":\\\"0.00\\\",\\\"created_at\\\":\\\"2022-09-14T16:40:08.000000Z\\\",\\\"updated_at\\\":\\\"2022-09-14T16:40:08.000000Z\\\",\\\"ordr\\\":6,\\\"deleted_at\\\":null,\\\"base\\\":\\\"0.00\\\",\\\"system_taxes\\\":{\\\"id\\\":8,\\\"created_at\\\":null,\\\"updated_at\\\":\\\"2020-04-16T13:33:23.000000Z\\\",\\\"name\\\":\\\"Exento\\\",\\\"apply_to\\\":\\\"iva\\\",\\\"ammount_permited\\\":1,\\\"percent_iva\\\":\\\"0.00\\\",\\\"taxable_iibb\\\":1,\\\"taxable_iva\\\":1,\\\"code\\\":2,\\\"status\\\":1,\\\"afip_alicuota_id\\\":2,\\\"plan_cuenta_id\\\":218,\\\"code_citi_alic_iva\\\":3}},{\\\"id\\\":36750,\\\"user_id\\\":7768,\\\"period_liquidation_id\\\":261,\\\"period_liquidation_iva_id\\\":127,\\\"period_id\\\":88852,\\\"person_id\\\":41298,\\\"activity_id\\\":1,\\\"iva_creditos_tipo_id\\\":2,\\\"type\\\":2,\\\"tax_id\\\":8,\\\"taxabled_amount\\\":\\\"0.00\\\",\\\"iva_amount\\\":\\\"0.00\\\",\\\"created_at\\\":\\\"2022-09-14T16:40:08.000000Z\\\",\\\"updated_at\\\":\\\"2022-09-14T16:40:08.000000Z\\\",\\\"ordr\\\":6,\\\"deleted_at\\\":null,\\\"base\\\":\\\"0.00\\\",\\\"system_taxes\\\":{\\\"id\\\":8,\\\"created_at\\\":null,\\\"updated_at\\\":\\\"2020-04-16T13:33:23.000000Z\\\",\\\"name\\\":\\\"Exento\\\",\\\"apply_to\\\":\\\"iva\\\",\\\"ammount_permited\\\":1,\\\"percent_iva\\\":\\\"0.00\\\",\\\"taxable_iibb\\\":1,\\\"taxable_iva\\\":1,\\\"code\\\":2,\\\"status\\\":1,\\\"afip_alicuota_id\\\":2,\\\"plan_cuenta_id\\\":218,\\\"code_citi_alic_iva\\\":3}},{\\\"id\\\":36751,\\\"user_id\\\":7768,\\\"period_liquidation_id\\\":261,\\\"period_liquidation_iva_id\\\":127,\\\"period_id\\\":88852,\\\"person_id\\\":41298,\\\"activity_id\\\":1,\\\"iva_creditos_tipo_id\\\":5,\\\"type\\\":2,\\\"tax_id\\\":8,\\\"taxabled_amount\\\":\\\"0.00\\\",\\\"iva_amount\\\":\\\"0.00\\\",\\\"created_at\\\":\\\"2022-09-14T16:40:08.000000Z\\\",\\\"updated_at\\\":\\\"2022-09-14T16:40:08.000000Z\\\",\\\"ordr\\\":6,\\\"deleted_at\\\":null,\\\"base\\\":\\\"0.00\\\",\\\"system_taxes\\\":{\\\"id\\\":8,\\\"created_at\\\":null,\\\"updated_at\\\":\\\"2020-04-16T13:33:23.000000Z\\\",\\\"name\\\":\\\"Exento\\\",\\\"apply_to\\\":\\\"iva\\\",\\\"ammount_permited\\\":1,\\\"percent_iva\\\":\\\"0.00\\\",\\\"taxable_iibb\\\":1,\\\"taxable_iva\\\":1,\\\"code\\\":2,\\\"status\\\":1,\\\"afip_alicuota_id\\\":2,\\\"plan_cuenta_id\\\":218,\\\"code_citi_alic_iva\\\":3}},{\\\"id\\\":36752,\\\"user_id\\\":7768,\\\"period_liquidation_id\\\":261,\\\"period_liquidation_iva_id\\\":127,\\\"period_id\\\":88852,\\\"person_id\\\":41298,\\\"activity_id\\\":1,\\\"iva_creditos_tipo_id\\\":8,\\\"type\\\":2,\\\"tax_id\\\":8,\\\"taxabled_amount\\\":\\\"0.00\\\",\\\"iva_amount\\\":\\\"0.00\\\",\\\"created_at\\\":\\\"2022-09-14T16:40:08.000000Z\\\",\\\"updated_at\\\":\\\"2022-09-14T16:40:08.000000Z\\\",\\\"ordr\\\":6,\\\"deleted_at\\\":null,\\\"base\\\":\\\"0.00\\\",\\\"system_taxes\\\":{\\\"id\\\":8,\\\"created_at\\\":null,\\\"updated_at\\\":\\\"2020-04-16T13:33:23.000000Z\\\",\\\"name\\\":\\\"Exento\\\",\\\"apply_to\\\":\\\"iva\\\",\\\"ammount_permited\\\":1,\\\"percent_iva\\\":\\\"0.00\\\",\\\"taxable_iibb\\\":1,\\\"taxable_iva\\\":1,\\\"code\\\":2,\\\"status\\\":1,\\\"afip_alicuota_id\\\":2,\\\"plan_cuenta_id\\\":218,\\\"code_citi_alic_iva\\\":3}},{\\\"id\\\":36753,\\\"user_id\\\":7768,\\\"period_liquidation_id\\\":261,\\\"period_liquidation_iva_id\\\":127,\\\"period_id\\\":88852,\\\"person_id\\\":41298,\\\"activity_id\\\":1,\\\"iva_creditos_tipo_id\\\":11,\\\"type\\\":2,\\\"tax_id\\\":8,\\\"taxabled_amount\\\":\\\"0.00\\\",\\\"iva_amount\\\":\\\"0.00\\\",\\\"created_at\\\":\\\"2022-09-14T16:40:08.000000Z\\\",\\\"updated_at\\\":\\\"2022-09-14T16:40:08.000000Z\\\",\\\"ordr\\\":6,\\\"deleted_at\\\":null,\\\"base\\\":\\\"0.00\\\",\\\"system_taxes\\\":{\\\"id\\\":8,\\\"created_at\\\":null,\\\"updated_at\\\":\\\"2020-04-16T13:33:23.000000Z\\\",\\\"name\\\":\\\"Exento\\\",\\\"apply_to\\\":\\\"iva\\\",\\\"ammount_permited\\\":1,\\\"percent_iva\\\":\\\"0.00\\\",\\\"taxable_iibb\\\":1,\\\"taxable_iva\\\":1,\\\"code\\\":2,\\\"status\\\":1,\\\"afip_alicuota_id\\\":2,\\\"plan_cuenta_id\\\":218,\\\"code_citi_alic_iva\\\":3}},{\\\"id\\\":36754,\\\"user_id\\\":7768,\\\"period_liquidation_id\\\":261,\\\"period_liquidation_iva_id\\\":127,\\\"period_id\\\":88852,\\\"person_id\\\":41298,\\\"activity_id\\\":1,\\\"iva_creditos_tipo_id\\\":14,\\\"type\\\":2,\\\"tax_id\\\":8,\\\"taxabled_amount\\\":\\\"0.00\\\",\\\"iva_amount\\\":\\\"0.00\\\",\\\"created_at\\\":\\\"2022-09-14T16:40:08.000000Z\\\",\\\"updated_at\\\":\\\"2022-09-14T16:40:08.000000Z\\\",\\\"ordr\\\":6,\\\"deleted_at\\\":null,\\\"base\\\":\\\"0.00\\\",\\\"system_taxes\\\":{\\\"id\\\":8,\\\"created_at\\\":null,\\\"updated_at\\\":\\\"2020-04-16T13:33:23.000000Z\\\",\\\"name\\\":\\\"Exento\\\",\\\"apply_to\\\":\\\"iva\\\",\\\"ammount_permited\\\":1,\\\"percent_iva\\\":\\\"0.00\\\",\\\"taxable_iibb\\\":1,\\\"taxable_iva\\\":1,\\\"code\\\":2,\\\"status\\\":1,\\\"afip_alicuota_id\\\":2,\\\"plan_cuenta_id\\\":218,\\\"code_citi_alic_iva\\\":3}},{\\\"id\\\":36755,\\\"user_id\\\":7768,\\\"period_liquidation_id\\\":261,\\\"period_liquidation_iva_id\\\":127,\\\"period_id\\\":88852,\\\"person_id\\\":41298,\\\"activity_id\\\":1,\\\"iva_creditos_tipo_id\\\":1,\\\"type\\\":2,\\\"tax_id\\\":8,\\\"taxabled_amount\\\":\\\"0.00\\\",\\\"iva_amount\\\":\\\"0.00\\\",\\\"created_at\\\":\\\"2022-09-14T16:40:08.000000Z\\\",\\\"updated_at\\\":\\\"2022-09-14T16:40:08.000000Z\\\",\\\"ordr\\\":6,\\\"deleted_at\\\":null,\\\"base\\\":\\\"0.00\\\",\\\"system_taxes\\\":{\\\"id\\\":8,\\\"created_at\\\":null,\\\"updated_at\\\":\\\"2020-04-16T13:33:23.000000Z\\\",\\\"name\\\":\\\"Exento\\\",\\\"apply_to\\\":\\\"iva\\\",\\\"ammount_permited\\\":1,\\\"percent_iva\\\":\\\"0.00\\\",\\\"taxable_iibb\\\":1,\\\"taxable_iva\\\":1,\\\"code\\\":2,\\\"status\\\":1,\\\"afip_alicuota_id\\\":2,\\\"plan_cuenta_id\\\":218,\\\"code_citi_alic_iva\\\":3}},{\\\"id\\\":36756,\\\"user_id\\\":7768,\\\"period_liquidation_id\\\":261,\\\"period_liquidation_iva_id\\\":127,\\\"period_id\\\":88852,\\\"person_id\\\":41298,\\\"activity_id\\\":1,\\\"iva_creditos_tipo_id\\\":4,\\\"type\\\":2,\\\"tax_id\\\":8,\\\"taxabled_amount\\\":\\\"0.00\\\",\\\"iva_amount\\\":\\\"0.00\\\",\\\"created_at\\\":\\\"2022-09-14T16:40:08.000000Z\\\",\\\"updated_at\\\":\\\"2022-09-14T16:40:08.000000Z\\\",\\\"ordr\\\":6,\\\"deleted_at\\\":null,\\\"base\\\":\\\"0.00\\\",\\\"system_taxes\\\":{\\\"id\\\":8,\\\"created_at\\\":null,\\\"updated_at\\\":\\\"2020-04-16T13:33:23.000000Z\\\",\\\"name\\\":\\\"Exento\\\",\\\"apply_to\\\":\\\"iva\\\",\\\"ammount_permited\\\":1,\\\"percent_iva\\\":\\\"0.00\\\",\\\"taxable_iibb\\\":1,\\\"taxable_iva\\\":1,\\\"code\\\":2,\\\"status\\\":1,\\\"afip_alicuota_id\\\":2,\\\"plan_cuenta_id\\\":218,\\\"code_citi_alic_iva\\\":3}},{\\\"id\\\":36757,\\\"user_id\\\":7768,\\\"period_liquidation_id\\\":261,\\\"period_liquidation_iva_id\\\":127,\\\"period_id\\\":88852,\\\"person_id\\\":41298,\\\"activity_id\\\":1,\\\"iva_creditos_tipo_id\\\":7,\\\"type\\\":2,\\\"tax_id\\\":8,\\\"taxabled_amount\\\":\\\"0.00\\\",\\\"iva_amount\\\":\\\"0.00\\\",\\\"created_at\\\":\\\"2022-09-14T16:40:08.000000Z\\\",\\\"updated_at\\\":\\\"2022-09-14T16:40:08.000000Z\\\",\\\"ordr\\\":6,\\\"deleted_at\\\":null,\\\"base\\\":\\\"0.00\\\",\\\"system_taxes\\\":{\\\"id\\\":8,\\\"created_at\\\":null,\\\"updated_at\\\":\\\"2020-04-16T13:33:23.000000Z\\\",\\\"name\\\":\\\"Exento\\\",\\\"apply_to\\\":\\\"iva\\\",\\\"ammount_permited\\\":1,\\\"percent_iva\\\":\\\"0.00\\\",\\\"taxable_iibb\\\":1,\\\"taxable_iva\\\":1,\\\"code\\\":2,\\\"status\\\":1,\\\"afip_alicuota_id\\\":2,\\\"plan_cuenta_id\\\":218,\\\"code_citi_alic_iva\\\":3}},{\\\"id\\\":36758,\\\"user_id\\\":7768,\\\"period_liquidation_id\\\":261,\\\"period_liquidation_iva_id\\\":127,\\\"period_i