INSERT INTO `cta_cte_cliente_pivot_receipt` VALUES (9986,NULL,9986,9967,NULL,NULL,NULL,NULL),(9987,NULL,9987,9968,NULL,NULL,NULL,NULL),(9988,NULL,9988,9969,NULL,NULL,NULL,NULL),(9989,NULL,9989,9970,NULL,NULL,NULL,NULL),(9990,NULL,9990,9971,NULL,NULL,NULL,NULL),(9991,NULL,9991,9972,NULL,NULL,NULL,NULL),(9992,NULL,9992,9973,NULL,NULL,NULL,NULL),(9993,NULL,9993,9974,NULL,NULL,NULL,NULL),(9994,NULL,9994,9975,NULL,NULL,NULL,NULL),(9995,NULL,9995,9976,NULL,NULL,NULL,NULL),(9996,NULL,9996,9977,NULL,NULL,NULL,NULL),(9997,NULL,9997,9978,NULL,NULL,NULL,NULL),(9998,NULL,9998,9979,NULL,NULL,NULL,NULL),(9999,NULL,9999,9980,NULL,NULL,NULL,NULL),(10000,NULL,10000,9981,NULL,NULL,NULL,NULL),(10001,NULL,10001,9982,NULL,NULL,NULL,NULL),(10002,NULL,10002,9983,NULL,NULL,NULL,NULL),(10003,NULL,10003,9984,NULL,NULL,NULL,NULL),(10004,NULL,10004,9985,NULL,NULL,NULL,NULL),(10005,NULL,10005,9986,NULL,NULL,NULL,NULL),(10006,NULL,10006,9987,NULL,NULL,NULL,NULL),(10007,NULL,10007,9988,NULL,NULL,NULL,NULL),(10008,NULL,10008,9989,NULL,NULL,NULL,NULL),(10009,NULL,10009,9990,NULL,NULL,NULL,NULL),(10010,NULL,10010,9991,NULL,NULL,NULL,NULL),(10011,NULL,10011,9992,NULL,NULL,NULL,NULL),(10012,NULL,10012,9993,NULL,NULL,NULL,NULL),(10013,NULL,10013,9994,NULL,NULL,NULL,NULL),(10014,NULL,10014,9995,NULL,NULL,NULL,NULL),(10015,NULL,10015,9996,NULL,NULL,NULL,NULL),(10016,NULL,10016,9997,NULL,NULL,NULL,NULL),(10017,NULL,10017,9998,NULL,NULL,NULL,NULL),(10018,NULL,10018,9999,NULL,NULL,NULL,NULL),(10019,NULL,10019,10000,NULL,NULL,NULL,NULL),(10020,NULL,10020,10001,NULL,NULL,NULL,NULL),(10021,NULL,10021,10002,NULL,NULL,NULL,NULL),(10022,NULL,10022,10003,NULL,NULL,NULL,NULL),(10023,NULL,10023,10004,NULL,NULL,NULL,NULL),(10024,NULL,10024,10005,NULL,NULL,NULL,NULL),(10025,NULL,10025,10006,NULL,NULL,NULL,NULL),(10026,NULL,10026,10007,NULL,NULL,NULL,NULL),(10027,NULL,10027,10008,NULL,NULL,NULL,NULL),(10028,NULL,10028,10009,NULL,NULL,NULL,NULL),(10029,NULL,10029,10010,NULL,NULL,NULL,NULL),(10030,NULL,10030,10011,NULL,NULL,NULL,NULL),(10031,NULL,10031,10012,NULL,NULL,NULL,NULL),(10032,NULL,10032,10013,NULL,NULL,NULL,NULL),(10033,NULL,10033,10014,NULL,NULL,NULL,NULL),(10034,NULL,10034,10015,NULL,NULL,NULL,NULL),(10035,NULL,10035,10016,NULL,NULL,NULL,NULL),(10036,NULL,10036,10017,NULL,NULL,NULL,NULL),(10037,NULL,10037,10018,NULL,NULL,NULL,NULL),(10038,NULL,10038,10019,NULL,NULL,NULL,NULL),(10039,NULL,10039,10020,NULL,NULL,NULL,NULL),(10040,NULL,10040,10021,NULL,NULL,NULL,NULL),(10041,NULL,10041,10022,NULL,NULL,NULL,NULL),(10042,NULL,10042,10023,NULL,NULL,NULL,NULL),(10043,NULL,10043,10024,NULL,NULL,NULL,NULL),(10044,NULL,10044,10025,NULL,NULL,NULL,NULL),(10045,NULL,10045,10026,NULL,NULL,NULL,NULL),(10046,NULL,10046,10027,NULL,NULL,NULL,NULL),(10047,NULL,10047,10028,NULL,NULL,NULL,NULL),(10048,NULL,10048,10029,NULL,NULL,NULL,NULL),(10049,NULL,10049,10030,NULL,NULL,NULL,NULL),(10050,NULL,10050,10031,NULL,NULL,NULL,NULL),(10051,NULL,10051,10032,NULL,NULL,NULL,NULL),(10052,NULL,10052,10033,NULL,NULL,NULL,NULL),(10053,NULL,10053,10034,NULL,NULL,NULL,NULL),(10054,NULL,10054,10035,NULL,NULL,NULL,NULL),(10055,NULL,10055,10036,NULL,NULL,NULL,NULL),(10056,NULL,10056,10037,NULL,NULL,NULL,NULL),(10057,NULL,10057,10038,NULL,NULL,NULL,NULL),(10058,NULL,10058,10039,NULL,NULL,NULL,NULL),(10059,NULL,10059,10040,NULL,NULL,NULL,NULL),(10060,NULL,10060,10041,NULL,NULL,NULL,NULL),(10061,NULL,10061,10042,NULL,NULL,NULL,NULL),(10062,NULL,10062,10043,NULL,NULL,NULL,NULL),(10063,NULL,10063,10044,NULL,NULL,NULL,NULL),(10064,NULL,10064,10045,NULL,NULL,NULL,NULL),(10065,NULL,10065,10046,NULL,NULL,NULL,NULL),(10066,NULL,10066,10047,NULL,NULL,NULL,NULL),(10067,NULL,10067,10048,NULL,NULL,NULL,NULL),(10068,NULL,10068,10049,NULL,NULL,NULL,NULL),(10069,NULL,10069,10050,NULL,NULL,NULL,NULL),(10070,NULL,10070,10051,NULL,NULL,NULL,NULL),(10071,NULL,10071,10052,NULL,NULL,NULL,NULL),(10072,NULL,10072,10053,NULL,NULL,NULL,NULL),(10073,NULL,10073,10054,NULL,NULL,NULL,NULL),(10074,NULL,10074,10055,NULL,NULL,NULL,NULL);
INSERT INTO `cta_cte_cliente_pivot_receipt` VALUES (10075,NULL,10075,10056,NULL,NULL,NULL,NULL),(10076,NULL,10076,10057,NULL,NULL,NULL,NULL),(10077,NULL,10077,10058,NULL,NULL,NULL,NULL),(10078,NULL,10078,10059,NULL,NULL,NULL,NULL),(10079,NULL,10079,10060,NULL,NULL,NULL,NULL),(10080,NULL,10080,10061,NULL,NULL,NULL,NULL),(10081,NULL,10081,10062,NULL,NULL,NULL,NULL),(10082,NULL,10082,10063,NULL,NULL,NULL,NULL),(10083,NULL,10083,10064,NULL,NULL,NULL,NULL),(10084,NULL,10084,10065,NULL,NULL,NULL,NULL),(10085,NULL,10085,10066,NULL,NULL,NULL,NULL),(10086,NULL,10086,10067,NULL,NULL,NULL,NULL),(10087,NULL,10087,10068,NULL,NULL,NULL,NULL),(10088,NULL,10088,10069,NULL,NULL,NULL,NULL),(10089,NULL,10089,10070,NULL,NULL,NULL,NULL),(10090,NULL,10090,10071,NULL,NULL,NULL,NULL),(10091,NULL,10091,10072,NULL,NULL,NULL,NULL),(10092,NULL,10092,10073,NULL,NULL,NULL,NULL),(10093,NULL,10093,10074,NULL,NULL,NULL,NULL),(10094,NULL,10094,10075,NULL,NULL,NULL,NULL),(10095,NULL,10095,10076,NULL,NULL,NULL,NULL),(10096,NULL,10096,10077,NULL,NULL,NULL,NULL),(10097,NULL,10097,10078,NULL,NULL,NULL,NULL),(10098,NULL,10098,10079,NULL,NULL,NULL,NULL),(10099,NULL,10099,10080,NULL,NULL,NULL,NULL),(10100,NULL,10100,10081,NULL,NULL,NULL,NULL),(10101,NULL,10101,10082,NULL,NULL,NULL,NULL),(10102,NULL,10102,10083,NULL,NULL,NULL,NULL),(10103,NULL,10103,10084,NULL,NULL,NULL,NULL),(10104,NULL,10104,10085,NULL,NULL,NULL,NULL),(10105,NULL,10105,10086,NULL,NULL,NULL,NULL),(10106,NULL,10106,10087,NULL,NULL,NULL,NULL),(10107,NULL,10107,10088,NULL,NULL,NULL,NULL),(10108,NULL,10108,10089,NULL,NULL,NULL,NULL),(10109,NULL,10109,10090,NULL,NULL,NULL,NULL),(10110,NULL,10110,10091,NULL,NULL,NULL,NULL),(10111,NULL,10111,10092,NULL,NULL,NULL,NULL),(10112,NULL,10112,10093,NULL,NULL,NULL,NULL),(10113,NULL,10113,10094,NULL,NULL,NULL,NULL),(10114,NULL,10114,10095,NULL,NULL,NULL,NULL),(10115,NULL,10115,10096,NULL,NULL,NULL,NULL),(10116,NULL,10116,10097,NULL,NULL,NULL,NULL),(10117,NULL,10117,10098,NULL,NULL,NULL,NULL),(10118,NULL,10118,10099,NULL,NULL,NULL,NULL),(10119,NULL,10119,10100,NULL,NULL,NULL,NULL),(10120,NULL,10120,10101,NULL,NULL,NULL,NULL),(10121,NULL,10121,10102,NULL,NULL,NULL,NULL),(10122,NULL,10122,10103,NULL,NULL,NULL,NULL),(10123,NULL,10123,10104,NULL,NULL,NULL,NULL),(10124,NULL,10124,10105,NULL,NULL,NULL,NULL),(10125,NULL,10125,10106,NULL,NULL,NULL,NULL),(10126,NULL,10126,10107,NULL,NULL,NULL,NULL),(10127,NULL,10127,10108,NULL,NULL,NULL,NULL),(10128,NULL,10128,10109,NULL,NULL,NULL,NULL),(10129,NULL,10129,10110,NULL,NULL,NULL,NULL),(10130,NULL,10130,10111,NULL,NULL,NULL,NULL),(10131,NULL,10131,10112,NULL,NULL,NULL,NULL),(10132,NULL,10132,10113,NULL,NULL,NULL,NULL),(10133,NULL,10133,10114,NULL,NULL,NULL,NULL),(10134,NULL,10134,10115,NULL,NULL,NULL,NULL),(10135,NULL,10135,10116,NULL,NULL,NULL,NULL),(10136,NULL,10136,10117,NULL,NULL,NULL,NULL),(10137,NULL,10137,10118,NULL,NULL,NULL,NULL),(10138,NULL,10138,10119,NULL,NULL,NULL,NULL),(10139,NULL,10139,10120,NULL,NULL,NULL,NULL),(10140,NULL,10140,10121,NULL,NULL,NULL,NULL),(10141,NULL,10141,10122,NULL,NULL,NULL,NULL),(10142,NULL,10142,10123,NULL,NULL,NULL,NULL),(10143,NULL,10143,10124,NULL,NULL,NULL,NULL),(10144,NULL,10144,10125,NULL,NULL,NULL,NULL),(10145,NULL,10145,10126,NULL,NULL,NULL,NULL),(10146,NULL,10146,10127,NULL,NULL,NULL,NULL),(10147,NULL,10147,10128,NULL,NULL,NULL,NULL),(10148,NULL,10148,10129,NULL,NULL,NULL,NULL),(10149,NULL,10149,10130,NULL,NULL,NULL,NULL),(10150,NULL,10150,10131,NULL,NULL,NULL,NULL),(10151,NULL,10151,10132,NULL,NULL,NULL,NULL),(10152,NULL,10152,10133,NULL,NULL,NULL,NULL),(10153,NULL,10153,10134,NULL,NULL,NULL,NULL),(10154,NULL,10154,10135,NULL,NULL,NULL,NULL),(10155,NULL,10155,10136,NULL,NULL,NULL,NULL),(10156,NULL,10156,10137,NULL,NULL,NULL,NULL),(10157,NULL,10157,10138,NULL,NULL,NULL,NULL),(10158,NULL,10158,10139,NULL,NULL,NULL,NULL),(10159,NULL,10159,10140,NULL,NULL,NULL,NULL),(10160,NULL,10160,10141,NULL,NULL,NULL,NULL),(10161,NULL,10161,10142,NULL,NULL,NULL,NULL);
INSERT INTO `cta_cte_cliente_pivot_receipt` VALUES (10162,NULL,10162,10143,NULL,NULL,NULL,NULL),(10163,NULL,10163,10144,NULL,NULL,NULL,NULL),(10164,NULL,10164,10145,NULL,NULL,NULL,NULL),(10165,NULL,10165,10146,NULL,NULL,NULL,NULL),(10166,NULL,10166,10147,NULL,NULL,NULL,NULL),(10167,NULL,10167,10148,NULL,NULL,NULL,NULL),(10168,NULL,10168,10149,NULL,NULL,NULL,NULL),(10169,NULL,10169,10150,NULL,NULL,NULL,NULL),(10170,NULL,10170,10151,NULL,NULL,NULL,NULL),(10171,NULL,10171,10152,NULL,NULL,NULL,NULL),(10172,NULL,10172,10153,NULL,NULL,NULL,NULL),(10173,NULL,10173,10154,NULL,NULL,NULL,NULL),(10174,NULL,10174,10155,NULL,NULL,NULL,NULL),(10175,NULL,10175,10156,NULL,NULL,NULL,NULL),(10176,NULL,10176,10157,NULL,NULL,NULL,NULL),(10177,NULL,10177,10158,NULL,NULL,NULL,NULL),(10178,NULL,10178,10159,NULL,NULL,NULL,NULL),(10179,NULL,10179,10160,NULL,NULL,NULL,NULL),(10180,NULL,10180,10161,NULL,NULL,NULL,NULL),(10181,NULL,10181,10162,NULL,NULL,NULL,NULL),(10182,NULL,10182,10163,NULL,NULL,NULL,NULL),(10183,NULL,10183,10164,NULL,NULL,NULL,NULL),(10184,NULL,10184,10165,NULL,NULL,NULL,NULL),(10185,NULL,10185,10166,NULL,NULL,NULL,NULL),(10186,NULL,10186,10167,NULL,NULL,NULL,NULL),(10187,NULL,10187,10168,NULL,NULL,NULL,NULL),(10188,NULL,10188,10169,NULL,NULL,NULL,NULL),(10189,NULL,10189,10170,NULL,NULL,NULL,NULL),(10190,NULL,10190,10171,NULL,NULL,NULL,NULL),(10191,NULL,10191,10172,NULL,NULL,NULL,NULL),(10192,NULL,10192,10173,NULL,NULL,NULL,NULL),(10193,NULL,10193,10174,NULL,NULL,NULL,NULL),(10194,NULL,10194,10175,NULL,NULL,NULL,NULL),(10195,NULL,10195,10176,NULL,NULL,NULL,NULL),(10196,NULL,10196,10177,NULL,NULL,NULL,NULL),(10197,NULL,10197,10178,NULL,NULL,NULL,NULL),(10198,NULL,10198,10179,NULL,NULL,NULL,NULL),(10199,NULL,10199,10180,NULL,NULL,NULL,NULL),(10200,NULL,10200,10181,NULL,NULL,NULL,NULL),(10201,NULL,10201,10182,NULL,NULL,NULL,NULL),(10202,NULL,10202,10183,NULL,NULL,NULL,NULL),(10203,NULL,10203,10184,NULL,NULL,NULL,NULL),(10204,NULL,10204,10185,NULL,NULL,NULL,NULL),(10205,NULL,10205,10186,NULL,NULL,NULL,NULL),(10206,NULL,10206,10187,NULL,NULL,NULL,NULL),(10207,NULL,10207,10188,NULL,NULL,NULL,NULL),(10208,NULL,10208,10189,NULL,NULL,NULL,NULL),(10209,NULL,10209,10190,NULL,NULL,NULL,NULL),(10210,NULL,10210,10191,NULL,NULL,NULL,NULL),(10211,NULL,10211,10192,NULL,NULL,NULL,NULL),(10212,NULL,10212,10193,NULL,NULL,NULL,NULL),(10213,NULL,10213,10194,NULL,NULL,NULL,NULL),(10214,NULL,10214,10195,NULL,NULL,NULL,NULL),(10215,NULL,10215,10196,NULL,NULL,NULL,NULL),(10216,NULL,10216,10197,NULL,NULL,NULL,NULL),(10217,NULL,10217,10198,NULL,NULL,NULL,NULL),(10218,NULL,10218,10199,NULL,NULL,NULL,NULL),(10219,NULL,10219,10200,NULL,NULL,NULL,NULL),(10220,NULL,10220,10201,NULL,NULL,NULL,NULL),(10221,NULL,10221,10202,NULL,NULL,NULL,NULL),(10222,NULL,10222,10203,NULL,NULL,NULL,NULL),(10223,NULL,10223,10204,NULL,NULL,NULL,NULL),(10224,NULL,10224,10205,NULL,NULL,NULL,NULL),(10225,NULL,10225,10206,NULL,NULL,NULL,NULL),(10226,NULL,10226,10207,NULL,NULL,NULL,NULL),(10227,NULL,10227,10208,NULL,NULL,NULL,NULL),(10228,NULL,10228,10209,NULL,NULL,NULL,NULL),(10229,NULL,10229,10210,NULL,NULL,NULL,NULL),(10230,NULL,10230,10211,NULL,NULL,NULL,NULL),(10231,NULL,10231,10212,NULL,NULL,NULL,NULL),(10232,NULL,10232,10213,NULL,NULL,NULL,NULL),(10233,NULL,10233,10214,NULL,NULL,NULL,NULL),(10234,NULL,10234,10215,NULL,NULL,NULL,NULL),(10235,NULL,10235,10216,NULL,NULL,NULL,NULL),(10236,NULL,10236,10217,NULL,NULL,NULL,NULL),(10237,NULL,10237,10218,NULL,NULL,NULL,NULL),(10238,NULL,10238,10219,NULL,NULL,NULL,NULL),(10239,NULL,10239,10220,NULL,NULL,NULL,NULL),(10240,NULL,10240,10221,NULL,NULL,NULL,NULL),(10241,NULL,10241,10222,NULL,NULL,NULL,NULL),(10242,NULL,10242,10223,NULL,NULL,NULL,NULL),(10243,NULL,10243,10224,NULL,NULL,NULL,NULL),(10244,NULL,10244,10225,NULL,NULL,NULL,NULL),(10245,NULL,10245,10226,NULL,NULL,NULL,NULL),(10246,NULL,10246,10227,NULL,NULL,NULL,NULL),(10247,NULL,10247,10228,NULL,NULL,NULL,NULL),(10248,NULL,10248,10229,NULL,NULL,NULL,NULL);
INSERT INTO `cta_cte_cliente_pivot_receipt` VALUES (10249,NULL,10249,10230,NULL,NULL,NULL,NULL),(10250,NULL,10250,10231,NULL,NULL,NULL,NULL),(10251,NULL,10251,10232,NULL,NULL,NULL,NULL),(10252,NULL,10252,10233,NULL,NULL,NULL,NULL),(10253,NULL,10253,10234,NULL,NULL,NULL,NULL),(10254,NULL,10254,10235,NULL,NULL,NULL,NULL),(10255,NULL,10255,10236,NULL,NULL,NULL,NULL),(10256,NULL,10256,10237,NULL,NULL,NULL,NULL),(10257,NULL,10257,10238,NULL,NULL,NULL,NULL),(10258,NULL,10258,10239,NULL,NULL,NULL,NULL),(10259,NULL,10259,10240,NULL,NULL,NULL,NULL),(10260,NULL,10260,10241,NULL,NULL,NULL,NULL),(10261,NULL,10261,10242,NULL,NULL,NULL,NULL),(10262,NULL,10262,10243,NULL,NULL,NULL,NULL),(10263,NULL,10263,10244,NULL,NULL,NULL,NULL),(10264,NULL,10264,10245,NULL,NULL,NULL,NULL),(10265,NULL,10265,10246,NULL,NULL,NULL,NULL),(10266,NULL,10266,10247,NULL,NULL,NULL,NULL),(10267,NULL,10267,10248,NULL,NULL,NULL,NULL),(10268,NULL,10268,10249,NULL,NULL,NULL,NULL),(10269,NULL,10269,10250,NULL,NULL,NULL,NULL),(10270,NULL,10270,10251,NULL,NULL,NULL,NULL),(10271,NULL,10271,10252,NULL,NULL,NULL,NULL),(10272,NULL,10272,10253,NULL,NULL,NULL,NULL),(10273,NULL,10273,10254,NULL,NULL,NULL,NULL),(10274,NULL,10274,10255,NULL,NULL,NULL,NULL),(10275,NULL,10275,10256,NULL,NULL,NULL,NULL),(10276,NULL,10276,10257,NULL,NULL,NULL,NULL),(10277,NULL,10277,10258,NULL,NULL,NULL,NULL),(10278,NULL,10278,10259,NULL,NULL,NULL,NULL),(10279,NULL,10279,10260,NULL,NULL,NULL,NULL),(10280,NULL,10280,10261,NULL,NULL,NULL,NULL),(10281,NULL,10281,10262,NULL,NULL,NULL,NULL),(10282,NULL,10282,10263,NULL,NULL,NULL,NULL),(10283,NULL,10283,10264,NULL,NULL,NULL,NULL),(10284,NULL,10284,10265,NULL,NULL,NULL,NULL),(10285,NULL,10285,10266,NULL,NULL,NULL,NULL),(10286,NULL,10286,10267,NULL,NULL,NULL,NULL),(10287,NULL,10287,10268,NULL,NULL,NULL,NULL),(10288,NULL,10288,10269,NULL,NULL,NULL,NULL),(10289,NULL,10289,10270,NULL,NULL,NULL,NULL),(10290,NULL,10290,10271,NULL,NULL,NULL,NULL),(10291,NULL,10291,10272,NULL,NULL,NULL,NULL),(10292,NULL,10292,10273,NULL,NULL,NULL,NULL),(10293,NULL,10293,10274,NULL,NULL,NULL,NULL),(10294,NULL,10294,10275,NULL,NULL,NULL,NULL),(10295,NULL,10295,10276,NULL,NULL,NULL,NULL),(10296,NULL,10296,10277,NULL,NULL,NULL,NULL),(10297,NULL,10297,10278,NULL,NULL,NULL,NULL),(10298,NULL,10298,10279,NULL,NULL,NULL,NULL),(10299,NULL,10299,10280,NULL,NULL,NULL,NULL),(10300,NULL,10300,10281,NULL,NULL,NULL,NULL),(10301,NULL,10301,10282,NULL,NULL,NULL,NULL),(10302,NULL,10302,10283,NULL,NULL,NULL,NULL),(10303,NULL,10303,10284,NULL,NULL,NULL,NULL),(10304,NULL,10304,10285,NULL,NULL,NULL,NULL),(10305,NULL,10305,10286,NULL,NULL,NULL,NULL),(10306,NULL,10306,10287,NULL,NULL,NULL,NULL),(10307,NULL,10307,10288,NULL,NULL,NULL,NULL),(10308,NULL,10308,10289,NULL,NULL,NULL,NULL),(10309,NULL,10309,10290,NULL,NULL,NULL,NULL),(10310,NULL,10310,10291,NULL,NULL,NULL,NULL),(10311,NULL,10311,10292,NULL,NULL,NULL,NULL),(10312,NULL,10312,10293,NULL,NULL,NULL,NULL),(10313,NULL,10313,10294,NULL,NULL,NULL,NULL),(10314,NULL,10314,10295,NULL,NULL,NULL,NULL),(10315,NULL,10315,10296,NULL,NULL,NULL,NULL),(10316,NULL,10316,10297,NULL,NULL,NULL,NULL),(10317,NULL,10317,10298,NULL,NULL,NULL,NULL),(10318,NULL,10318,10299,NULL,NULL,NULL,NULL),(10319,NULL,10319,10300,NULL,NULL,NULL,NULL),(10320,NULL,10320,10301,NULL,NULL,NULL,NULL),(10321,NULL,10321,10302,NULL,NULL,NULL,NULL),(10322,NULL,10322,10303,NULL,NULL,NULL,NULL),(10323,NULL,10323,10304,NULL,NULL,NULL,NULL),(10324,NULL,10324,10305,NULL,NULL,NULL,NULL),(10325,NULL,10325,10306,NULL,NULL,NULL,NULL),(10326,NULL,10326,10307,NULL,NULL,NULL,NULL),(10327,NULL,10327,10308,NULL,NULL,NULL,NULL),(10328,NULL,10328,10309,NULL,NULL,NULL,NULL),(10329,NULL,10329,10310,NULL,NULL,NULL,NULL),(10330,NULL,10330,10311,NULL,NULL,NULL,NULL),(10331,NULL,10331,10312,NULL,NULL,NULL,NULL),(10332,NULL,10332,10313,NULL,NULL,NULL,NULL),(10333,NULL,10333,10314,NULL,NULL,NULL,NULL),(10334,NULL,10334,10315,NULL,NULL,NULL,NULL),(10335,NULL,10335,10316,NULL,NULL,NULL,NULL);
INSERT INTO `cta_cte_cliente_pivot_receipt` VALUES (10336,NULL,10336,10317,NULL,NULL,NULL,NULL),(10337,NULL,10337,10318,NULL,NULL,NULL,NULL),(10338,NULL,10338,10319,NULL,NULL,NULL,NULL),(10339,NULL,10339,10320,NULL,NULL,NULL,NULL),(10340,NULL,10340,10321,NULL,NULL,NULL,NULL),(10341,NULL,10341,10322,NULL,NULL,NULL,NULL),(10342,NULL,10342,10323,NULL,NULL,NULL,NULL),(10343,NULL,10343,10324,NULL,NULL,NULL,NULL),(10344,NULL,10344,10325,NULL,NULL,NULL,NULL),(10345,NULL,10345,10326,NULL,NULL,NULL,NULL),(10346,NULL,10346,10327,NULL,NULL,NULL,NULL),(10347,NULL,10347,10328,NULL,NULL,NULL,NULL),(10348,NULL,10348,10329,NULL,NULL,NULL,NULL),(10349,NULL,10349,10330,NULL,NULL,NULL,NULL),(10350,NULL,10350,10331,NULL,NULL,NULL,NULL),(10351,NULL,10351,10332,NULL,NULL,NULL,NULL),(10352,NULL,10352,10333,NULL,NULL,NULL,NULL),(10353,NULL,10353,10334,NULL,NULL,NULL,NULL),(10354,NULL,10354,10335,NULL,NULL,NULL,NULL),(10355,NULL,10355,10336,NULL,NULL,NULL,NULL),(10356,NULL,10356,10337,NULL,NULL,NULL,NULL),(10357,NULL,10357,10338,NULL,NULL,NULL,NULL),(10358,NULL,10358,10339,NULL,NULL,NULL,NULL),(10359,NULL,10359,10340,NULL,NULL,NULL,NULL),(10360,NULL,10360,10341,NULL,NULL,NULL,NULL),(10361,NULL,10361,10342,NULL,NULL,NULL,NULL),(10362,NULL,10362,10343,NULL,NULL,NULL,NULL),(10363,NULL,10363,10344,NULL,NULL,NULL,NULL),(10364,NULL,10364,10345,NULL,NULL,NULL,NULL),(10365,NULL,10365,10346,NULL,NULL,NULL,NULL),(10366,NULL,10366,10347,NULL,NULL,NULL,NULL),(10367,NULL,10367,10348,NULL,NULL,NULL,NULL),(10368,NULL,10368,10349,NULL,NULL,NULL,NULL),(10369,NULL,10369,10350,NULL,NULL,NULL,NULL),(10370,NULL,10370,10351,NULL,NULL,NULL,NULL),(10371,NULL,10371,10352,NULL,NULL,NULL,NULL),(10372,NULL,10372,10353,NULL,NULL,NULL,NULL),(10373,NULL,10373,10354,NULL,NULL,NULL,NULL),(10374,NULL,10374,10355,NULL,NULL,NULL,NULL),(10375,NULL,10375,10356,NULL,NULL,NULL,NULL),(10376,NULL,10376,10357,NULL,NULL,NULL,NULL),(10377,NULL,10377,10358,NULL,NULL,NULL,NULL),(10378,NULL,10378,10359,NULL,NULL,NULL,NULL),(10379,NULL,10379,10360,NULL,NULL,NULL,NULL),(10380,NULL,10380,10361,NULL,NULL,NULL,NULL),(10381,NULL,10381,10362,NULL,NULL,NULL,NULL),(10382,NULL,10382,10363,NULL,NULL,NULL,NULL),(10383,NULL,10383,10364,NULL,NULL,NULL,NULL),(10384,NULL,10384,10365,NULL,NULL,NULL,NULL),(10385,NULL,10385,10366,NULL,NULL,NULL,NULL),(10386,NULL,10386,10367,NULL,NULL,NULL,NULL),(10387,NULL,10387,10368,NULL,NULL,NULL,NULL),(10388,NULL,10388,10369,NULL,NULL,NULL,NULL),(10389,NULL,10389,10370,NULL,NULL,NULL,NULL),(10390,NULL,10390,10371,NULL,NULL,NULL,NULL),(10391,NULL,10391,10372,NULL,NULL,NULL,NULL),(10392,NULL,10392,10373,NULL,NULL,NULL,NULL),(10393,NULL,10393,10374,NULL,NULL,NULL,NULL),(10394,NULL,10394,10375,NULL,NULL,NULL,NULL),(10395,NULL,10395,10376,NULL,NULL,NULL,NULL),(10396,NULL,10396,10377,NULL,NULL,NULL,NULL),(10397,NULL,10397,10378,NULL,NULL,NULL,NULL),(10398,NULL,10398,10379,NULL,NULL,NULL,NULL),(10399,NULL,10399,10380,NULL,NULL,NULL,NULL),(10400,NULL,10400,10381,NULL,NULL,NULL,NULL),(10401,NULL,10401,10382,NULL,NULL,NULL,NULL),(10402,NULL,10402,10383,NULL,NULL,NULL,NULL),(10403,NULL,10403,10384,NULL,NULL,NULL,NULL),(10404,NULL,10404,10385,NULL,NULL,NULL,NULL),(10405,NULL,10405,10386,NULL,NULL,NULL,NULL),(10406,NULL,10406,10387,NULL,NULL,NULL,NULL),(10407,NULL,10407,10388,NULL,NULL,NULL,NULL),(10408,NULL,10408,10389,NULL,NULL,NULL,NULL),(10409,NULL,10409,10390,NULL,NULL,NULL,NULL),(10410,NULL,10410,10391,NULL,NULL,NULL,NULL),(10411,NULL,10411,10392,NULL,NULL,NULL,NULL),(10412,NULL,10412,10393,NULL,NULL,NULL,NULL),(10413,NULL,10413,10394,NULL,NULL,NULL,NULL),(10414,NULL,10414,10395,NULL,NULL,NULL,NULL),(10415,NULL,10415,10396,NULL,NULL,NULL,NULL),(10416,NULL,10416,10397,NULL,NULL,NULL,NULL),(10417,NULL,10417,10398,NULL,NULL,NULL,NULL),(10418,NULL,10418,10399,NULL,NULL,NULL,NULL),(10419,NULL,10419,10400,NULL,NULL,NULL,NULL),(10420,NULL,10420,10401,NULL,NULL,NULL,NULL),(10421,NULL,10421,10402,NULL,NULL,NULL,NULL),(10422,NULL,10422,10403,NULL,NULL,NULL,NULL);
INSERT INTO `cta_cte_cliente_pivot_receipt` VALUES (10423,NULL,10423,10404,NULL,NULL,NULL,NULL),(10424,NULL,10424,10405,NULL,NULL,NULL,NULL),(10425,NULL,10425,10406,NULL,NULL,NULL,NULL),(10426,NULL,10426,10407,NULL,NULL,NULL,NULL),(10427,NULL,10427,10408,NULL,NULL,NULL,NULL),(10428,NULL,10428,10409,NULL,NULL,NULL,NULL),(10429,NULL,10429,10410,NULL,NULL,NULL,NULL),(10430,NULL,10430,10411,NULL,NULL,NULL,NULL),(10431,NULL,10431,10412,NULL,NULL,NULL,NULL),(10432,NULL,10432,10413,NULL,NULL,NULL,NULL),(10433,NULL,10433,10414,NULL,NULL,NULL,NULL),(10434,NULL,10434,10415,NULL,NULL,NULL,NULL),(10435,NULL,10435,10416,NULL,NULL,NULL,NULL),(10436,NULL,10436,10417,NULL,NULL,NULL,NULL),(10437,NULL,10437,10418,NULL,NULL,NULL,NULL),(10438,NULL,10438,10419,NULL,NULL,NULL,NULL),(10439,NULL,10439,10420,NULL,NULL,NULL,NULL),(10440,NULL,10440,10421,NULL,NULL,NULL,NULL),(10441,NULL,10441,10422,NULL,NULL,NULL,NULL),(10442,NULL,10442,10423,NULL,NULL,NULL,NULL),(10443,NULL,10443,10424,NULL,NULL,NULL,NULL),(10444,NULL,10444,10425,NULL,NULL,NULL,NULL),(10445,NULL,10445,10426,NULL,NULL,NULL,NULL),(10446,NULL,10446,10427,NULL,NULL,NULL,NULL),(10447,NULL,10447,10428,NULL,NULL,NULL,NULL),(10448,NULL,10448,10429,NULL,NULL,NULL,NULL),(10449,NULL,10449,10430,NULL,NULL,NULL,NULL),(10450,NULL,10450,10431,NULL,NULL,NULL,NULL),(10451,NULL,10451,10432,NULL,NULL,NULL,NULL),(10452,NULL,10452,10433,NULL,NULL,NULL,NULL),(10453,NULL,10453,10434,NULL,NULL,NULL,NULL),(10454,NULL,10454,10435,NULL,NULL,NULL,NULL),(10455,NULL,10455,10436,NULL,NULL,NULL,NULL),(10456,NULL,10456,10437,NULL,NULL,NULL,NULL),(10457,NULL,10457,10438,NULL,NULL,NULL,NULL),(10458,NULL,10458,10439,NULL,NULL,NULL,NULL),(10459,NULL,10459,10440,NULL,NULL,NULL,NULL),(10460,NULL,10460,10441,NULL,NULL,NULL,NULL),(10461,NULL,10461,10442,NULL,NULL,NULL,NULL),(10462,NULL,10462,10443,NULL,NULL,NULL,NULL),(10463,NULL,10463,10444,NULL,NULL,NULL,NULL),(10464,NULL,10464,10445,NULL,NULL,NULL,NULL),(10465,NULL,10465,10446,NULL,NULL,NULL,NULL),(10466,NULL,10466,10447,NULL,NULL,NULL,NULL),(10467,NULL,10467,10448,NULL,NULL,NULL,NULL),(10468,NULL,10468,10449,NULL,NULL,NULL,NULL),(10469,NULL,10469,10450,NULL,NULL,NULL,NULL),(10470,NULL,10470,10451,NULL,NULL,NULL,NULL),(10471,NULL,10471,10452,NULL,NULL,NULL,NULL),(10472,NULL,10472,10453,NULL,NULL,NULL,NULL),(10473,NULL,10473,10454,NULL,NULL,NULL,NULL),(10474,NULL,10474,10455,NULL,NULL,NULL,NULL),(10475,NULL,10475,10456,NULL,NULL,NULL,NULL),(10476,NULL,10476,10457,NULL,NULL,NULL,NULL),(10477,NULL,10477,10458,NULL,NULL,NULL,NULL),(10478,NULL,10478,10459,NULL,NULL,NULL,NULL),(10479,NULL,10479,10460,NULL,NULL,NULL,NULL),(10480,NULL,10480,10461,NULL,NULL,NULL,NULL),(10481,NULL,10481,10462,NULL,NULL,NULL,NULL),(10482,NULL,10482,10463,NULL,NULL,NULL,NULL),(10483,NULL,10483,10464,NULL,NULL,NULL,NULL),(10484,NULL,10484,10465,NULL,NULL,NULL,NULL),(10485,NULL,10485,10466,NULL,NULL,NULL,NULL),(10486,NULL,10486,10467,NULL,NULL,NULL,NULL),(10487,NULL,10487,10468,NULL,NULL,NULL,NULL),(10488,NULL,10488,10469,NULL,NULL,NULL,NULL),(10489,NULL,10489,10470,NULL,NULL,NULL,NULL),(10490,NULL,10490,10471,NULL,NULL,NULL,NULL),(10491,NULL,10491,10472,NULL,NULL,NULL,NULL),(10492,NULL,10492,10473,NULL,NULL,NULL,NULL),(10493,NULL,10493,10474,NULL,NULL,NULL,NULL),(10494,NULL,10494,10475,NULL,NULL,NULL,NULL),(10495,NULL,10495,10476,NULL,NULL,NULL,NULL),(10496,NULL,10496,10477,NULL,NULL,NULL,NULL),(10497,NULL,10497,10478,NULL,NULL,NULL,NULL),(10498,NULL,10498,10479,NULL,NULL,NULL,NULL),(10499,NULL,10499,10480,NULL,NULL,NULL,NULL),(10500,NULL,10500,10481,NULL,NULL,NULL,NULL),(10501,NULL,10501,10482,NULL,NULL,NULL,NULL),(10502,NULL,10502,10483,NULL,NULL,NULL,NULL),(10503,NULL,10503,10484,NULL,NULL,NULL,NULL),(10504,NULL,10504,10485,NULL,NULL,NULL,NULL),(10505,NULL,10505,10486,NULL,NULL,NULL,NULL),(10506,NULL,10506,10487,NULL,NULL,NULL,NULL),(10507,NULL,10507,10488,NULL,NULL,NULL,NULL),(10508,NULL,10508,10489,NULL,NULL,NULL,NULL),(10509,NULL,10509,10490,NULL,NULL,NULL,NULL);
INSERT INTO `cta_cte_cliente_pivot_receipt` VALUES (10510,NULL,10510,10491,NULL,NULL,NULL,NULL),(10511,NULL,10511,10492,NULL,NULL,NULL,NULL),(10512,NULL,10512,10493,NULL,NULL,NULL,NULL),(10513,NULL,10513,10494,NULL,NULL,NULL,NULL),(10514,NULL,10514,10495,NULL,NULL,NULL,NULL),(10515,NULL,10515,10496,NULL,NULL,NULL,NULL),(10516,NULL,10516,10497,NULL,NULL,NULL,NULL),(10517,NULL,10517,10498,NULL,NULL,NULL,NULL),(10518,NULL,10518,10499,NULL,NULL,NULL,NULL),(10519,NULL,10519,10500,NULL,NULL,NULL,NULL),(10520,NULL,10520,10501,NULL,NULL,NULL,NULL),(10521,NULL,10521,10502,NULL,NULL,NULL,NULL),(10522,NULL,10522,10503,NULL,NULL,NULL,NULL),(10523,NULL,10523,10504,NULL,NULL,NULL,NULL),(10524,NULL,10524,10505,NULL,NULL,NULL,NULL),(10525,NULL,10525,10506,NULL,NULL,NULL,NULL),(10526,NULL,10526,10507,NULL,NULL,NULL,NULL),(10527,NULL,10527,10508,NULL,NULL,NULL,NULL),(10528,NULL,10528,10509,NULL,NULL,NULL,NULL),(10529,NULL,10529,10510,NULL,NULL,NULL,NULL),(10530,NULL,10530,10511,NULL,NULL,NULL,NULL),(10531,NULL,10531,10512,NULL,NULL,NULL,NULL),(10532,NULL,10532,10513,NULL,NULL,NULL,NULL),(10533,NULL,10533,10514,NULL,NULL,NULL,NULL),(10534,NULL,10534,10515,NULL,NULL,NULL,NULL),(10535,NULL,10535,10516,NULL,NULL,NULL,NULL),(10536,NULL,10536,10517,NULL,NULL,NULL,NULL),(10537,NULL,10537,10518,NULL,NULL,NULL,NULL),(10538,NULL,10538,10519,NULL,NULL,NULL,NULL),(10539,NULL,10539,10520,NULL,NULL,NULL,NULL),(10540,NULL,10540,10521,NULL,NULL,NULL,NULL),(10541,NULL,10541,10522,NULL,NULL,NULL,NULL),(10542,NULL,10542,10523,NULL,NULL,NULL,NULL),(10543,NULL,10543,10524,NULL,NULL,NULL,NULL),(10544,NULL,10544,10525,NULL,NULL,NULL,NULL),(10545,NULL,10545,10526,NULL,NULL,NULL,NULL),(10546,NULL,10546,10527,NULL,NULL,NULL,NULL),(10547,NULL,10547,10528,NULL,NULL,NULL,NULL),(10548,NULL,10548,10529,NULL,NULL,NULL,NULL),(10549,NULL,10549,10530,NULL,NULL,NULL,NULL),(10550,NULL,10550,10531,NULL,NULL,NULL,NULL),(10551,NULL,10551,10532,NULL,NULL,NULL,NULL),(10552,NULL,10552,10533,NULL,NULL,NULL,NULL),(10553,NULL,10553,10534,NULL,NULL,NULL,NULL),(10554,NULL,10554,10535,NULL,NULL,NULL,NULL),(10555,NULL,10555,10536,NULL,NULL,NULL,NULL),(10556,NULL,10556,10537,NULL,NULL,NULL,NULL),(10557,NULL,10557,10538,NULL,NULL,NULL,NULL),(10558,NULL,10558,10539,NULL,NULL,NULL,NULL),(10559,NULL,10559,10540,NULL,NULL,NULL,NULL),(10560,NULL,10560,10541,NULL,NULL,NULL,NULL),(10561,NULL,10561,10542,NULL,NULL,NULL,NULL),(10562,NULL,10562,10543,NULL,NULL,NULL,NULL),(10563,NULL,10563,10544,NULL,NULL,NULL,NULL),(10564,NULL,10564,10545,NULL,NULL,NULL,NULL),(10565,NULL,10565,10546,NULL,NULL,NULL,NULL),(10566,NULL,10566,10547,NULL,NULL,NULL,NULL),(10567,NULL,10567,10548,NULL,NULL,NULL,NULL),(10568,NULL,10568,10549,NULL,NULL,NULL,NULL),(10569,NULL,10569,10550,NULL,NULL,NULL,NULL),(10570,NULL,10570,10551,NULL,NULL,NULL,NULL),(10571,NULL,10571,10552,NULL,NULL,NULL,NULL),(10572,NULL,10572,10553,NULL,NULL,NULL,NULL),(10573,NULL,10573,10554,NULL,NULL,NULL,NULL),(10574,NULL,10574,10555,NULL,NULL,NULL,NULL),(10575,NULL,10575,10556,NULL,NULL,NULL,NULL),(10576,NULL,10576,10557,NULL,NULL,NULL,NULL),(10577,NULL,10577,10558,NULL,NULL,NULL,NULL),(10578,NULL,10578,10559,NULL,NULL,NULL,NULL),(10579,NULL,10579,10560,NULL,NULL,NULL,NULL),(10580,NULL,10580,10561,NULL,NULL,NULL,NULL),(10581,NULL,10581,10562,NULL,NULL,NULL,NULL),(10582,NULL,10582,10563,NULL,NULL,NULL,NULL),(10583,NULL,10583,10564,NULL,NULL,NULL,NULL),(10584,NULL,10584,10565,NULL,NULL,NULL,NULL),(10585,NULL,10585,10566,NULL,NULL,NULL,NULL),(10586,NULL,10586,10567,NULL,NULL,NULL,NULL),(10587,NULL,10587,10568,NULL,NULL,NULL,NULL),(10588,NULL,10588,10569,NULL,NULL,NULL,NULL),(10589,NULL,10589,10570,NULL,NULL,NULL,NULL),(10590,NULL,10590,10571,NULL,NULL,NULL,NULL),(10591,NULL,10591,10572,NULL,NULL,NULL,NULL),(10592,NULL,10592,10573,NULL,NULL,NULL,NULL),(10593,NULL,10593,10574,NULL,NULL,NULL,NULL),(10594,NULL,10594,10575,NULL,NULL,NULL,NULL),(10595,NULL,10595,10576,NULL,NULL,NULL,NULL),(10596,NULL,10596,10577,NULL,NULL,NULL,NULL);
INSERT INTO `cta_cte_cliente_pivot_receipt` VALUES (10597,NULL,10597,10578,NULL,NULL,NULL,NULL),(10598,NULL,10598,10579,NULL,NULL,NULL,NULL),(10599,NULL,10599,10580,NULL,NULL,NULL,NULL),(10600,NULL,10600,10581,NULL,NULL,NULL,NULL),(10601,NULL,10601,10582,NULL,NULL,NULL,NULL),(10602,NULL,10602,10583,NULL,NULL,NULL,NULL),(10603,NULL,10603,10584,NULL,NULL,NULL,NULL),(10604,NULL,10604,10585,NULL,NULL,NULL,NULL),(10605,NULL,10605,10586,NULL,NULL,NULL,NULL),(10606,NULL,10606,10587,NULL,NULL,NULL,NULL),(10607,NULL,10607,10588,NULL,NULL,NULL,NULL),(10608,NULL,10608,10589,NULL,NULL,NULL,NULL),(10609,NULL,10609,10590,NULL,NULL,NULL,NULL),(10610,NULL,10610,10591,NULL,NULL,NULL,NULL),(10611,NULL,10611,10592,NULL,NULL,NULL,NULL),(10612,NULL,10612,10593,NULL,NULL,NULL,NULL),(10613,NULL,10613,10594,NULL,NULL,NULL,NULL),(10614,NULL,10614,10595,NULL,NULL,NULL,NULL),(10615,NULL,10615,10596,NULL,NULL,NULL,NULL),(10616,NULL,10616,10597,NULL,NULL,NULL,NULL),(10617,NULL,10617,10598,NULL,NULL,NULL,NULL),(10618,NULL,10618,10599,NULL,NULL,NULL,NULL),(10619,NULL,10619,10600,NULL,NULL,NULL,NULL),(10620,NULL,10620,10601,NULL,NULL,NULL,NULL),(10621,NULL,10621,10602,NULL,NULL,NULL,NULL),(10622,NULL,10622,10603,NULL,NULL,NULL,NULL),(10623,NULL,10623,10604,NULL,NULL,NULL,NULL),(10624,NULL,10624,10605,NULL,NULL,NULL,NULL),(10625,NULL,10625,10606,NULL,NULL,NULL,NULL),(10626,NULL,10626,10607,NULL,NULL,NULL,NULL),(10627,NULL,10627,10608,NULL,NULL,NULL,NULL),(10628,NULL,10628,10609,NULL,NULL,NULL,NULL),(10629,NULL,10629,10610,NULL,NULL,NULL,NULL),(10630,NULL,10630,10611,NULL,NULL,NULL,NULL),(10631,NULL,10631,10612,NULL,NULL,NULL,NULL),(10632,NULL,10632,10613,NULL,NULL,NULL,NULL),(10633,NULL,10633,10614,NULL,NULL,NULL,NULL),(10634,NULL,10634,10615,NULL,NULL,NULL,NULL),(10635,NULL,10635,10616,NULL,NULL,NULL,NULL),(10636,NULL,10636,10617,NULL,NULL,NULL,NULL),(10637,NULL,10637,10618,NULL,NULL,NULL,NULL),(10638,NULL,10638,10619,NULL,NULL,NULL,NULL),(10639,NULL,10639,10620,NULL,NULL,NULL,NULL),(10640,NULL,10640,10621,NULL,NULL,NULL,NULL),(10641,NULL,10641,10622,NULL,NULL,NULL,NULL),(10642,NULL,10642,10623,NULL,NULL,NULL,NULL),(10643,NULL,10643,10624,NULL,NULL,NULL,NULL),(10644,NULL,10644,10625,NULL,NULL,NULL,NULL),(10645,NULL,10645,10626,NULL,NULL,NULL,NULL),(10646,NULL,10646,10627,NULL,NULL,NULL,NULL),(10647,NULL,10647,10628,NULL,NULL,NULL,NULL),(10648,NULL,10648,10629,NULL,NULL,NULL,NULL),(10649,NULL,10649,10630,NULL,NULL,NULL,NULL),(10650,NULL,10650,10631,NULL,NULL,NULL,NULL),(10651,NULL,10651,10632,NULL,NULL,NULL,NULL),(10652,NULL,10652,10633,NULL,NULL,NULL,NULL),(10653,NULL,10653,10634,NULL,NULL,NULL,NULL),(10654,NULL,10654,10635,NULL,NULL,NULL,NULL),(10655,NULL,10655,10636,NULL,NULL,NULL,NULL),(10656,NULL,10656,10637,NULL,NULL,NULL,NULL),(10657,NULL,10657,10638,NULL,NULL,NULL,NULL),(10658,NULL,10658,10639,NULL,NULL,NULL,NULL),(10659,NULL,10659,10640,NULL,NULL,NULL,NULL),(10660,NULL,10660,10641,NULL,NULL,NULL,NULL),(10661,NULL,10661,10642,NULL,NULL,NULL,NULL),(10662,NULL,10662,10643,NULL,NULL,NULL,NULL),(10663,NULL,10663,10644,NULL,NULL,NULL,NULL),(10664,NULL,10664,10645,NULL,NULL,NULL,NULL),(10665,NULL,10665,10646,NULL,NULL,NULL,NULL),(10666,NULL,10666,10647,NULL,NULL,NULL,NULL),(10667,NULL,10667,10648,NULL,NULL,NULL,NULL),(10668,NULL,10668,10649,NULL,NULL,NULL,NULL),(10669,NULL,10669,10650,NULL,NULL,NULL,NULL),(10670,NULL,10670,10651,NULL,NULL,NULL,NULL),(10671,NULL,10671,10652,NULL,NULL,NULL,NULL),(10672,NULL,10672,10653,NULL,NULL,NULL,NULL),(10673,NULL,10673,10654,NULL,NULL,NULL,NULL),(10674,NULL,10674,10655,NULL,NULL,NULL,NULL),(10675,NULL,10675,10656,NULL,NULL,NULL,NULL),(10676,NULL,10676,10657,NULL,NULL,NULL,NULL),(10677,NULL,10677,10658,NULL,NULL,NULL,NULL),(10678,NULL,10678,10659,NULL,NULL,NULL,NULL),(10679,NULL,10679,10660,NULL,NULL,NULL,NULL),(10680,NULL,10680,10661,NULL,NULL,NULL,NULL),(10681,NULL,10681,10662,NULL,NULL,NULL,NULL),(10682,NULL,10682,10663,NULL,NULL,NULL,NULL),(10683,NULL,10683,10664,NULL,NULL,NULL,NULL);
INSERT INTO `cta_cte_cliente_pivot_receipt` VALUES (10684,NULL,10684,10665,NULL,NULL,NULL,NULL),(10685,NULL,10685,10666,NULL,NULL,NULL,NULL),(10686,NULL,10686,10667,NULL,NULL,NULL,NULL),(10687,NULL,10687,10668,NULL,NULL,NULL,NULL),(10688,NULL,10688,10669,NULL,NULL,NULL,NULL),(10689,NULL,10689,10670,NULL,NULL,NULL,NULL),(10690,NULL,10690,10671,NULL,NULL,NULL,NULL),(10691,NULL,10691,10672,NULL,NULL,NULL,NULL),(10692,NULL,10692,10673,NULL,NULL,NULL,NULL),(10693,NULL,10693,10674,NULL,NULL,NULL,NULL),(10694,NULL,10694,10675,NULL,NULL,NULL,NULL),(10695,NULL,10695,10676,NULL,NULL,NULL,NULL),(10696,NULL,10696,10677,NULL,NULL,NULL,NULL),(10697,NULL,10697,10678,NULL,NULL,NULL,NULL),(10698,NULL,10698,10679,NULL,NULL,NULL,NULL),(10699,NULL,10699,10680,NULL,NULL,NULL,NULL),(10700,NULL,10700,10681,NULL,NULL,NULL,NULL),(10701,NULL,10701,10682,NULL,NULL,NULL,NULL),(10702,NULL,10702,10683,NULL,NULL,NULL,NULL),(10703,NULL,10703,10684,NULL,NULL,NULL,NULL),(10704,NULL,10704,10685,NULL,NULL,NULL,NULL),(10705,NULL,10705,10686,NULL,NULL,NULL,NULL),(10706,NULL,10706,10687,NULL,NULL,NULL,NULL),(10707,NULL,10707,10688,NULL,NULL,NULL,NULL),(10708,NULL,10708,10689,NULL,NULL,NULL,NULL),(10709,NULL,10709,10690,NULL,NULL,NULL,NULL),(10710,NULL,10710,10691,NULL,NULL,NULL,NULL),(10711,NULL,10711,10692,NULL,NULL,NULL,NULL),(10712,NULL,10712,10693,NULL,NULL,NULL,NULL),(10713,NULL,10713,10694,NULL,NULL,NULL,NULL),(10714,NULL,10714,10695,NULL,NULL,NULL,NULL),(10715,NULL,10715,10696,NULL,NULL,NULL,NULL),(10716,NULL,10716,10697,NULL,NULL,NULL,NULL),(10717,NULL,10717,10698,NULL,NULL,NULL,NULL),(10718,NULL,10718,10699,NULL,NULL,NULL,NULL),(10719,NULL,10719,10700,NULL,NULL,NULL,NULL),(10720,NULL,10720,10701,NULL,NULL,NULL,NULL),(10721,NULL,10721,10702,NULL,NULL,NULL,NULL),(10722,NULL,10722,10703,NULL,NULL,NULL,NULL),(10723,NULL,10723,10704,NULL,NULL,NULL,NULL),(10724,NULL,10724,10705,NULL,NULL,NULL,NULL),(10725,NULL,10725,10706,NULL,NULL,NULL,NULL),(10726,NULL,10726,10707,NULL,NULL,NULL,NULL),(10727,NULL,10727,10708,NULL,NULL,NULL,NULL),(10728,NULL,10728,10709,NULL,NULL,NULL,NULL),(10729,NULL,10729,10710,NULL,NULL,NULL,NULL),(10730,NULL,10730,10711,NULL,NULL,NULL,NULL),(10731,NULL,10731,10712,NULL,NULL,NULL,NULL),(10732,NULL,10732,10713,NULL,NULL,NULL,NULL),(10733,NULL,10733,10714,NULL,NULL,NULL,NULL),(10734,NULL,10734,10715,NULL,NULL,NULL,NULL),(10735,NULL,10735,10716,NULL,NULL,NULL,NULL),(10736,NULL,10736,10717,NULL,NULL,NULL,NULL),(10737,NULL,10737,10718,NULL,NULL,NULL,NULL),(10738,NULL,10738,10719,NULL,NULL,NULL,NULL),(10739,NULL,10739,10720,NULL,NULL,NULL,NULL),(10740,NULL,10740,10721,NULL,NULL,NULL,NULL),(10741,NULL,10741,10722,NULL,NULL,NULL,NULL),(10742,NULL,10742,10723,NULL,NULL,NULL,NULL),(10743,NULL,10743,10724,NULL,NULL,NULL,NULL),(10744,NULL,10744,10725,NULL,NULL,NULL,NULL),(10745,NULL,10745,10726,NULL,NULL,NULL,NULL),(10746,NULL,10746,10727,NULL,NULL,NULL,NULL),(10747,NULL,10747,10728,NULL,NULL,NULL,NULL),(10748,NULL,10748,10729,NULL,NULL,NULL,NULL),(10749,NULL,10749,10730,NULL,NULL,NULL,NULL),(10750,NULL,10750,10731,NULL,NULL,NULL,NULL),(10751,NULL,10751,10732,NULL,NULL,NULL,NULL),(10752,NULL,10752,10733,NULL,NULL,NULL,NULL),(10753,NULL,10753,10734,NULL,NULL,NULL,NULL),(10754,NULL,10754,10735,NULL,NULL,NULL,NULL),(10755,NULL,10755,10736,NULL,NULL,NULL,NULL),(10756,NULL,10756,10737,NULL,NULL,NULL,NULL),(10757,NULL,10757,10738,NULL,NULL,NULL,NULL),(10758,NULL,10758,10739,NULL,NULL,NULL,NULL),(10759,NULL,10759,10740,NULL,NULL,NULL,NULL),(10760,NULL,10760,10741,NULL,NULL,NULL,NULL),(10761,NULL,10761,10742,NULL,NULL,NULL,NULL),(10762,NULL,10762,10743,NULL,NULL,NULL,NULL),(10763,NULL,10763,10744,NULL,NULL,NULL,NULL),(10764,NULL,10764,10745,NULL,NULL,NULL,NULL),(10765,NULL,10765,10746,NULL,NULL,NULL,NULL),(10766,NULL,10766,10747,NULL,NULL,NULL,NULL),(10767,NULL,10767,10748,NULL,NULL,NULL,NULL),(10768,NULL,10768,10749,NULL,NULL,NULL,NULL),(10769,NULL,10769,10750,NULL,NULL,NULL,NULL),(10770,NULL,10770,10751,NULL,NULL,NULL,NULL);
INSERT INTO `cta_cte_cliente_pivot_receipt` VALUES (10771,NULL,10771,10752,NULL,NULL,NULL,NULL),(10772,NULL,10772,10753,NULL,NULL,NULL,NULL),(10773,NULL,10773,10754,NULL,NULL,NULL,NULL),(10774,NULL,10774,10755,NULL,NULL,NULL,NULL),(10775,NULL,10775,10756,NULL,NULL,NULL,NULL),(10776,NULL,10776,10757,NULL,NULL,NULL,NULL),(10777,NULL,10777,10758,NULL,NULL,NULL,NULL),(10778,NULL,10778,10759,NULL,NULL,NULL,NULL),(10779,NULL,10779,10760,NULL,NULL,NULL,NULL),(10780,NULL,10780,10761,NULL,NULL,NULL,NULL),(10781,NULL,10781,10762,NULL,NULL,NULL,NULL),(10782,NULL,10782,10763,NULL,NULL,NULL,NULL),(10783,NULL,10783,10764,NULL,NULL,NULL,NULL),(10784,NULL,10784,10765,NULL,NULL,NULL,NULL),(10785,NULL,10785,10766,NULL,NULL,NULL,NULL),(10786,NULL,10786,10767,NULL,NULL,NULL,NULL),(10787,NULL,10787,10768,NULL,NULL,NULL,NULL),(10788,NULL,10788,10769,NULL,NULL,NULL,NULL),(10789,NULL,10789,10770,NULL,NULL,NULL,NULL),(10790,NULL,10790,10771,NULL,NULL,NULL,NULL),(10791,NULL,10791,10772,NULL,NULL,NULL,NULL),(10792,NULL,10792,10773,NULL,NULL,NULL,NULL),(10793,NULL,10793,10774,NULL,NULL,NULL,NULL),(10794,NULL,10794,10775,NULL,NULL,NULL,NULL),(10795,NULL,10795,10776,NULL,NULL,NULL,NULL),(10796,NULL,10796,10777,NULL,NULL,NULL,NULL),(10797,NULL,10797,10778,NULL,NULL,NULL,NULL),(10798,NULL,10798,10779,NULL,NULL,NULL,NULL),(10799,NULL,10799,10780,NULL,NULL,NULL,NULL),(10800,NULL,10800,10781,NULL,NULL,NULL,NULL),(10801,NULL,10801,10782,NULL,NULL,NULL,NULL),(10802,NULL,10802,10783,NULL,NULL,NULL,NULL),(10803,NULL,10803,10784,NULL,NULL,NULL,NULL),(10804,NULL,10804,10785,NULL,NULL,NULL,NULL),(10805,NULL,10805,10786,NULL,NULL,NULL,NULL),(10806,NULL,10806,10787,NULL,NULL,NULL,NULL),(10807,NULL,10807,10788,NULL,NULL,NULL,NULL),(10808,NULL,10808,10789,NULL,NULL,NULL,NULL),(10809,NULL,10809,10790,NULL,NULL,NULL,NULL),(10810,NULL,10810,10791,NULL,NULL,NULL,NULL),(10811,NULL,10811,10792,NULL,NULL,NULL,NULL),(10812,NULL,10812,10793,NULL,NULL,NULL,NULL),(10813,NULL,10813,10794,NULL,NULL,NULL,NULL),(10814,NULL,10814,10795,NULL,NULL,NULL,NULL),(10815,NULL,10815,10796,NULL,NULL,NULL,NULL),(10816,NULL,10816,10797,NULL,NULL,NULL,NULL),(10817,NULL,10817,10798,NULL,NULL,NULL,NULL),(10818,NULL,10818,10799,NULL,NULL,NULL,NULL),(10819,NULL,10819,10800,NULL,NULL,NULL,NULL),(10820,NULL,10820,10801,NULL,NULL,NULL,NULL),(10821,NULL,10821,10802,NULL,NULL,NULL,NULL),(10822,NULL,10822,10803,NULL,NULL,NULL,NULL),(10823,NULL,10823,10804,NULL,NULL,NULL,NULL),(10824,NULL,10824,10805,NULL,NULL,NULL,NULL),(10825,NULL,10825,10806,NULL,NULL,NULL,NULL),(10826,NULL,10826,10807,NULL,NULL,NULL,NULL),(10827,NULL,10827,10808,NULL,NULL,NULL,NULL),(10828,NULL,10828,10809,NULL,NULL,NULL,NULL),(10829,NULL,10829,10810,NULL,NULL,NULL,NULL),(10830,NULL,10830,10811,NULL,NULL,NULL,NULL),(10831,NULL,10831,10812,NULL,NULL,NULL,NULL),(10832,NULL,10832,10813,NULL,NULL,NULL,NULL),(10833,NULL,10833,10814,NULL,NULL,NULL,NULL),(10834,NULL,10834,10815,NULL,NULL,NULL,NULL),(10835,NULL,10835,10816,NULL,NULL,NULL,NULL),(10836,NULL,10836,10817,NULL,NULL,NULL,NULL),(10837,NULL,10837,10818,NULL,NULL,NULL,NULL),(10838,NULL,10838,10819,NULL,NULL,NULL,NULL),(10839,NULL,10839,10820,NULL,NULL,NULL,NULL),(10840,NULL,10840,10821,NULL,NULL,NULL,NULL),(10841,NULL,10841,10822,NULL,NULL,NULL,NULL),(10842,NULL,10842,10823,NULL,NULL,NULL,NULL),(10843,NULL,10843,10824,NULL,NULL,NULL,NULL),(10844,NULL,10844,10825,NULL,NULL,NULL,NULL),(10845,NULL,10845,10826,NULL,NULL,NULL,NULL),(10846,NULL,10846,10827,NULL,NULL,NULL,NULL),(10847,NULL,10847,10828,NULL,NULL,NULL,NULL),(10848,NULL,10848,10829,NULL,NULL,NULL,NULL),(10849,NULL,10849,10830,NULL,NULL,NULL,NULL),(10850,NULL,10850,10831,NULL,NULL,NULL,NULL),(10851,NULL,10851,10832,NULL,NULL,NULL,NULL),(10852,NULL,10852,10833,NULL,NULL,NULL,NULL),(10853,NULL,10853,10834,NULL,NULL,NULL,NULL),(10854,NULL,10854,10835,NULL,NULL,NULL,NULL),(10855,NULL,10855,10836,NULL,NULL,NULL,NULL),(10856,NULL,10856,10837,NULL,NULL,NULL,NULL),(10857,NULL,10857,10838,NULL,NULL,NULL,NULL);
INSERT INTO `cta_cte_cliente_pivot_receipt` VALUES (10858,NULL,10858,10839,NULL,NULL,NULL,NULL),(10859,NULL,10859,10840,NULL,NULL,NULL,NULL),(10860,NULL,10860,10841,NULL,NULL,NULL,NULL),(10861,NULL,10861,10842,NULL,NULL,NULL,NULL),(10862,NULL,10862,10843,NULL,NULL,NULL,NULL),(10863,NULL,10863,10844,NULL,NULL,NULL,NULL),(10864,NULL,10864,10845,NULL,NULL,NULL,NULL),(10865,NULL,10865,10846,NULL,NULL,NULL,NULL),(10866,NULL,10866,10847,NULL,NULL,NULL,NULL),(10867,NULL,10867,10848,NULL,NULL,NULL,NULL),(10868,NULL,10868,10849,NULL,NULL,NULL,NULL),(10869,NULL,10869,10850,NULL,NULL,NULL,NULL),(10870,NULL,10870,10851,NULL,NULL,NULL,NULL),(10871,NULL,10871,10852,NULL,NULL,NULL,NULL),(10872,NULL,10872,10853,NULL,NULL,NULL,NULL),(10873,NULL,10873,10854,NULL,NULL,NULL,NULL),(10874,NULL,10874,10855,NULL,NULL,NULL,NULL),(10875,NULL,10875,10856,NULL,NULL,NULL,NULL),(10876,NULL,10876,10857,NULL,NULL,NULL,NULL),(10877,NULL,10877,10858,NULL,NULL,NULL,NULL),(10878,NULL,10878,10859,NULL,NULL,NULL,NULL),(10879,NULL,10879,10860,NULL,NULL,NULL,NULL),(10880,NULL,10880,10861,NULL,NULL,NULL,NULL),(10881,NULL,10881,10862,NULL,NULL,NULL,NULL),(10882,NULL,10882,10863,NULL,NULL,NULL,NULL),(10883,NULL,10883,10864,NULL,NULL,NULL,NULL),(10884,NULL,10884,10865,NULL,NULL,NULL,NULL),(10885,NULL,10885,10866,NULL,NULL,NULL,NULL),(10886,NULL,10886,10867,NULL,NULL,NULL,NULL),(10887,NULL,10887,10868,NULL,NULL,NULL,NULL),(10888,NULL,10888,10869,NULL,NULL,NULL,NULL),(10889,NULL,10889,10870,NULL,NULL,NULL,NULL),(10890,NULL,10890,10871,NULL,NULL,NULL,NULL),(10891,NULL,10891,10872,NULL,NULL,NULL,NULL),(10892,NULL,10892,10873,NULL,NULL,NULL,NULL),(10893,NULL,10893,10874,NULL,NULL,NULL,NULL),(10894,NULL,10894,10875,NULL,NULL,NULL,NULL),(10895,NULL,10895,10876,NULL,NULL,NULL,NULL),(10896,NULL,10896,10877,NULL,NULL,NULL,NULL),(10897,NULL,10897,10878,NULL,NULL,NULL,NULL),(10898,NULL,10898,10879,NULL,NULL,NULL,NULL),(10899,NULL,10899,10880,NULL,NULL,NULL,NULL),(10900,NULL,10900,10881,NULL,NULL,NULL,NULL),(10901,NULL,10901,10882,NULL,NULL,NULL,NULL),(10902,NULL,10902,10883,NULL,NULL,NULL,NULL),(10903,NULL,10903,10884,NULL,NULL,NULL,NULL),(10904,NULL,10904,10885,NULL,NULL,NULL,NULL),(10905,NULL,10905,10886,NULL,NULL,NULL,NULL),(10906,NULL,10906,10887,NULL,NULL,NULL,NULL),(10907,NULL,10907,10888,NULL,NULL,NULL,NULL),(10908,NULL,10908,10889,NULL,NULL,NULL,NULL),(10909,NULL,10909,10890,NULL,NULL,NULL,NULL),(10910,NULL,10910,10891,NULL,NULL,NULL,NULL),(10911,NULL,10911,10892,NULL,NULL,NULL,NULL),(10912,NULL,10912,10893,NULL,NULL,NULL,NULL),(10913,NULL,10913,10894,NULL,NULL,NULL,NULL),(10914,NULL,10914,10895,NULL,NULL,NULL,NULL),(10915,NULL,10915,10896,NULL,NULL,NULL,NULL),(10916,NULL,10916,10897,NULL,NULL,NULL,NULL),(10917,NULL,10917,10898,NULL,NULL,NULL,NULL),(10918,NULL,10918,10899,NULL,NULL,NULL,NULL),(10919,NULL,10919,10900,NULL,NULL,NULL,NULL),(10920,NULL,10920,10901,NULL,NULL,NULL,NULL),(10921,NULL,10921,10902,NULL,NULL,NULL,NULL),(10922,NULL,10922,10903,NULL,NULL,NULL,NULL),(10923,NULL,10923,10904,NULL,NULL,NULL,NULL),(10924,NULL,10924,10905,NULL,NULL,NULL,NULL),(10925,NULL,10925,10906,NULL,NULL,NULL,NULL),(10926,NULL,10926,10907,NULL,NULL,NULL,NULL),(10927,NULL,10927,10908,NULL,NULL,NULL,NULL),(10928,NULL,10928,10909,NULL,NULL,NULL,NULL),(10929,NULL,10929,10910,NULL,NULL,NULL,NULL),(10930,NULL,10930,10911,NULL,NULL,NULL,NULL),(10973,NULL,10973,10954,NULL,NULL,NULL,NULL),(10974,NULL,10974,10955,NULL,NULL,NULL,NULL),(10975,NULL,10975,10956,NULL,NULL,NULL,NULL),(10976,NULL,10976,10957,NULL,NULL,NULL,NULL),(10977,NULL,10977,10958,NULL,NULL,NULL,NULL),(10978,NULL,10978,10959,NULL,NULL,NULL,NULL),(10979,NULL,10979,10960,NULL,NULL,NULL,NULL),(10980,NULL,10980,10961,NULL,NULL,NULL,NULL),(10981,NULL,10981,10962,NULL,NULL,NULL,NULL),(10982,NULL,10982,10963,NULL,NULL,NULL,NULL),(10983,NULL,10983,10964,NULL,NULL,NULL,NULL),(10984,NULL,10984,10965,NULL,NULL,NULL,NULL),(10985,NULL,10985,10966,NULL,NULL,NULL,NULL),(10986,NULL,10986,10967,NULL,NULL,NULL,NULL);
INSERT INTO `cta_cte_cliente_pivot_receipt` VALUES (10987,NULL,10987,10968,NULL,NULL,NULL,NULL),(10988,NULL,10988,10969,NULL,NULL,NULL,NULL),(10989,NULL,10989,10970,NULL,NULL,NULL,NULL),(10990,NULL,10990,10971,NULL,NULL,NULL,NULL),(10991,NULL,10991,10972,NULL,NULL,NULL,NULL),(10992,NULL,10992,10973,NULL,NULL,NULL,NULL),(10993,NULL,10993,10974,NULL,NULL,NULL,NULL),(10994,NULL,10994,10975,NULL,NULL,NULL,NULL),(10995,NULL,10995,10976,NULL,NULL,NULL,NULL),(10996,NULL,10996,10977,NULL,NULL,NULL,NULL),(10997,NULL,10997,10978,NULL,NULL,NULL,NULL),(10998,NULL,10998,10979,NULL,NULL,NULL,NULL),(10999,NULL,10999,10980,NULL,NULL,NULL,NULL),(11000,NULL,11000,10981,NULL,NULL,NULL,NULL),(11001,NULL,11001,10982,NULL,NULL,NULL,NULL),(11002,NULL,11002,10983,NULL,NULL,NULL,NULL),(11003,NULL,11003,10984,NULL,NULL,NULL,NULL),(11004,NULL,11004,10985,NULL,NULL,NULL,NULL),(11005,NULL,11005,10986,NULL,NULL,NULL,NULL),(11006,NULL,11006,10987,NULL,NULL,NULL,NULL),(11007,NULL,11007,10988,NULL,NULL,NULL,NULL),(11008,NULL,11008,10989,NULL,NULL,NULL,NULL),(11009,NULL,11009,10990,NULL,NULL,NULL,NULL),(11010,NULL,11010,10991,NULL,NULL,NULL,NULL),(11011,NULL,11011,10992,NULL,NULL,NULL,NULL),(11012,NULL,11012,10993,NULL,NULL,NULL,NULL),(11013,NULL,11013,10994,NULL,NULL,NULL,NULL),(11014,NULL,11014,10995,NULL,NULL,NULL,NULL),(11015,NULL,11015,10996,NULL,NULL,NULL,NULL),(11016,NULL,11016,10997,NULL,NULL,NULL,NULL),(11017,NULL,11017,10998,NULL,NULL,NULL,NULL),(11018,NULL,11018,10999,NULL,NULL,NULL,NULL),(11019,NULL,11019,11000,NULL,NULL,NULL,NULL),(11020,NULL,11020,11001,NULL,NULL,NULL,NULL),(11021,NULL,11021,11002,NULL,NULL,NULL,NULL),(11022,NULL,11022,11003,NULL,NULL,NULL,NULL),(11023,NULL,11023,11004,NULL,NULL,NULL,NULL),(11024,NULL,11024,11005,NULL,NULL,NULL,NULL),(11025,NULL,11025,11006,NULL,NULL,NULL,NULL),(11026,NULL,11026,11007,NULL,NULL,NULL,NULL),(11027,NULL,11027,11008,NULL,NULL,NULL,NULL),(11028,NULL,11028,11009,NULL,NULL,NULL,NULL),(11029,NULL,11029,11010,NULL,NULL,NULL,NULL),(11030,NULL,11030,11011,NULL,NULL,NULL,NULL),(11031,NULL,11031,11012,NULL,NULL,NULL,NULL),(11032,NULL,11032,11013,NULL,NULL,NULL,NULL),(11033,NULL,11033,11014,NULL,NULL,NULL,NULL),(11034,NULL,11034,11015,NULL,NULL,NULL,NULL),(11035,NULL,11035,11016,NULL,NULL,NULL,NULL),(11036,NULL,11036,11017,NULL,NULL,NULL,NULL),(11037,NULL,11037,11018,NULL,NULL,NULL,NULL),(11038,NULL,11038,11019,NULL,NULL,NULL,NULL),(11039,NULL,11039,11020,NULL,NULL,NULL,NULL),(11040,NULL,11040,11021,NULL,NULL,NULL,NULL),(11041,NULL,11041,11022,NULL,NULL,NULL,NULL),(11042,NULL,11042,11023,NULL,NULL,NULL,NULL),(11043,NULL,11043,11024,NULL,NULL,NULL,NULL),(11044,NULL,11044,11025,NULL,NULL,NULL,NULL),(11045,NULL,11045,11026,NULL,NULL,NULL,NULL),(11046,NULL,11046,11027,NULL,NULL,NULL,NULL),(11047,NULL,11047,11028,NULL,NULL,NULL,NULL),(11048,NULL,11048,11029,NULL,NULL,NULL,NULL),(11049,NULL,11049,11030,NULL,NULL,NULL,NULL),(11050,NULL,11050,11031,NULL,NULL,NULL,NULL),(11051,NULL,11051,11032,NULL,NULL,NULL,NULL),(11052,NULL,11052,11033,NULL,NULL,NULL,NULL),(11053,NULL,11053,11034,NULL,NULL,NULL,NULL),(11054,NULL,11054,11035,NULL,NULL,NULL,NULL),(11055,NULL,11055,11036,NULL,NULL,NULL,NULL),(11056,NULL,11056,11037,NULL,NULL,NULL,NULL),(11057,NULL,11057,11038,NULL,NULL,NULL,NULL),(11058,NULL,11058,11039,NULL,NULL,NULL,NULL),(11059,NULL,11059,11040,NULL,NULL,NULL,NULL),(11060,NULL,11060,11041,NULL,NULL,NULL,NULL),(11061,NULL,11061,11042,NULL,NULL,NULL,NULL),(11062,NULL,11062,11043,NULL,NULL,NULL,NULL),(11063,NULL,11063,11044,NULL,NULL,NULL,NULL),(11064,NULL,11064,11045,NULL,NULL,NULL,NULL),(11065,NULL,11065,11046,NULL,NULL,NULL,NULL),(11066,NULL,11066,11047,NULL,NULL,NULL,NULL),(11067,NULL,11067,11048,NULL,NULL,NULL,NULL),(11068,NULL,11068,11049,NULL,NULL,NULL,NULL),(11069,NULL,11069,11050,NULL,NULL,NULL,NULL),(11070,NULL,11070,11051,NULL,NULL,NULL,NULL),(11071,NULL,11071,11052,NULL,NULL,NULL,NULL),(11072,NULL,11072,11053,NULL,NULL,NULL,NULL),(11073,NULL,11073,11054,NULL,NULL,NULL,NULL);
INSERT INTO `cta_cte_cliente_pivot_receipt` VALUES (11074,NULL,11074,11055,NULL,NULL,NULL,NULL),(11075,NULL,11075,11056,NULL,NULL,NULL,NULL),(11076,NULL,11076,11057,NULL,NULL,NULL,NULL),(11077,NULL,11077,11058,NULL,NULL,NULL,NULL),(11078,NULL,11078,11059,NULL,NULL,NULL,NULL),(11079,NULL,11079,11060,NULL,NULL,NULL,NULL),(11080,NULL,11080,11061,NULL,NULL,NULL,NULL),(11081,NULL,11081,11062,NULL,NULL,NULL,NULL),(11082,NULL,11082,11063,NULL,NULL,NULL,NULL),(11083,NULL,11083,11064,NULL,NULL,NULL,NULL),(11084,NULL,11084,11065,NULL,NULL,NULL,NULL),(11085,NULL,11085,11066,NULL,NULL,NULL,NULL),(11086,NULL,11086,11067,NULL,NULL,NULL,NULL),(11087,NULL,11087,11068,NULL,NULL,NULL,NULL),(11088,NULL,11088,11069,NULL,NULL,NULL,NULL),(11089,NULL,11089,11070,NULL,NULL,NULL,NULL),(11090,NULL,11090,11071,NULL,NULL,NULL,NULL),(11091,NULL,11091,11072,NULL,NULL,NULL,NULL),(11092,NULL,11092,11073,NULL,NULL,NULL,NULL),(11093,NULL,11093,11074,NULL,NULL,NULL,NULL),(11094,NULL,11094,11075,NULL,NULL,NULL,NULL),(11095,NULL,11095,11076,NULL,NULL,NULL,NULL),(11096,NULL,11096,11077,NULL,NULL,NULL,NULL),(11097,NULL,11097,11078,NULL,NULL,NULL,NULL),(11098,NULL,11098,11079,NULL,NULL,NULL,NULL),(11099,NULL,11099,11080,NULL,NULL,NULL,NULL),(11100,NULL,11100,11081,NULL,NULL,NULL,NULL),(11101,NULL,11101,11082,NULL,NULL,NULL,NULL),(11102,NULL,11102,11083,NULL,NULL,NULL,NULL),(11103,NULL,11103,11084,NULL,NULL,NULL,NULL),(11104,NULL,11104,11085,NULL,NULL,NULL,NULL),(11105,NULL,11105,11086,NULL,NULL,NULL,NULL),(11106,NULL,11106,11087,NULL,NULL,NULL,NULL),(11107,NULL,11107,11088,NULL,NULL,NULL,NULL),(11108,NULL,11108,11089,NULL,NULL,NULL,NULL),(11109,NULL,11109,11090,NULL,NULL,NULL,NULL),(11110,NULL,11110,11091,NULL,NULL,NULL,NULL),(11111,NULL,11111,11092,NULL,NULL,NULL,NULL),(11112,NULL,11112,11093,NULL,NULL,NULL,NULL),(11113,NULL,11113,11094,NULL,NULL,NULL,NULL),(11114,NULL,11114,11095,NULL,NULL,NULL,NULL),(11115,NULL,11115,11096,NULL,NULL,NULL,NULL),(11116,NULL,11116,11097,NULL,NULL,NULL,NULL),(11117,NULL,11117,11098,NULL,NULL,NULL,NULL),(11118,NULL,11118,11099,NULL,NULL,NULL,NULL),(11119,NULL,11119,11100,NULL,NULL,NULL,NULL),(11120,NULL,11120,11101,NULL,NULL,NULL,NULL),(11121,NULL,11121,11102,NULL,NULL,NULL,NULL),(11122,NULL,11122,11103,NULL,NULL,NULL,NULL),(11123,NULL,11123,11104,NULL,NULL,NULL,NULL),(11124,NULL,11124,11105,NULL,NULL,NULL,NULL),(11125,NULL,11125,11106,NULL,NULL,NULL,NULL),(11126,NULL,11126,11107,NULL,NULL,NULL,NULL),(11127,NULL,11127,11108,NULL,NULL,NULL,NULL),(11128,NULL,11128,11109,NULL,NULL,NULL,NULL),(11129,NULL,11129,11110,NULL,NULL,NULL,NULL),(11130,NULL,11130,11111,NULL,NULL,NULL,NULL),(11131,NULL,11131,11112,NULL,NULL,NULL,NULL),(11132,NULL,11132,11113,NULL,NULL,NULL,NULL),(11133,NULL,11133,11114,NULL,NULL,NULL,NULL),(11134,NULL,11134,11115,NULL,NULL,NULL,NULL),(11135,NULL,11135,11116,NULL,NULL,NULL,NULL),(11136,NULL,11136,11117,NULL,NULL,NULL,NULL),(11137,NULL,11137,11118,NULL,NULL,NULL,NULL),(11138,NULL,11138,11119,NULL,NULL,NULL,NULL),(11139,NULL,11139,11120,NULL,NULL,NULL,NULL),(11140,NULL,11140,11121,NULL,NULL,NULL,NULL),(11141,NULL,11141,11122,NULL,NULL,NULL,NULL),(11142,NULL,11142,11123,NULL,NULL,NULL,NULL),(11143,NULL,11143,11124,NULL,NULL,NULL,NULL),(11144,NULL,11144,11125,NULL,NULL,NULL,NULL),(11145,NULL,11145,11126,NULL,NULL,NULL,NULL),(11146,NULL,11146,11127,NULL,NULL,NULL,NULL),(11147,NULL,11147,11128,NULL,NULL,NULL,NULL),(11148,NULL,11148,11129,NULL,NULL,NULL,NULL),(11149,NULL,11149,11130,NULL,NULL,NULL,NULL),(11150,NULL,11150,11131,NULL,NULL,NULL,NULL),(11151,NULL,11151,11132,NULL,NULL,NULL,NULL),(11152,NULL,11152,11133,NULL,NULL,NULL,NULL),(11153,NULL,11153,11134,NULL,NULL,NULL,NULL),(11154,NULL,11154,11135,NULL,NULL,NULL,NULL),(11155,NULL,11155,11136,NULL,NULL,NULL,NULL),(11156,NULL,11156,11137,NULL,NULL,NULL,NULL),(11157,NULL,11157,11138,NULL,NULL,NULL,NULL),(11158,NULL,11158,11139,NULL,NULL,NULL,NULL),(11159,NULL,11159,11140,NULL,NULL,NULL,NULL),(11160,NULL,11160,11141,NULL,NULL,NULL,NULL);
INSERT INTO `cta_cte_cliente_pivot_receipt` VALUES (11161,NULL,11161,11142,NULL,NULL,NULL,NULL),(11162,NULL,11162,11143,NULL,NULL,NULL,NULL),(11163,NULL,11163,11144,NULL,NULL,NULL,NULL),(11164,NULL,11164,11145,NULL,NULL,NULL,NULL),(11165,NULL,11165,11146,NULL,NULL,NULL,NULL),(11166,NULL,11166,11147,NULL,NULL,NULL,NULL),(11167,NULL,11167,11148,NULL,NULL,NULL,NULL),(11168,NULL,11168,11149,NULL,NULL,NULL,NULL),(11169,NULL,11169,11150,NULL,NULL,NULL,NULL),(11170,NULL,11170,11151,NULL,NULL,NULL,NULL),(11171,NULL,11171,11152,NULL,NULL,NULL,NULL),(11172,NULL,11172,11153,NULL,NULL,NULL,NULL),(11173,NULL,11173,11154,NULL,NULL,NULL,NULL),(11174,NULL,11174,11155,NULL,NULL,NULL,NULL),(11175,NULL,11175,11156,NULL,NULL,NULL,NULL),(11176,NULL,11176,11157,NULL,NULL,NULL,NULL),(11177,NULL,11177,11158,NULL,NULL,NULL,NULL),(11178,NULL,11178,11159,NULL,NULL,NULL,NULL),(11179,NULL,11179,11160,NULL,NULL,NULL,NULL),(11180,NULL,11180,11161,NULL,NULL,NULL,NULL),(11181,NULL,11181,11162,NULL,NULL,NULL,NULL),(11182,NULL,11182,11163,NULL,NULL,NULL,NULL),(11183,NULL,11183,11164,NULL,NULL,NULL,NULL),(11184,NULL,11184,11165,NULL,NULL,NULL,NULL),(11185,NULL,11185,11166,NULL,NULL,NULL,NULL),(11186,NULL,11186,11167,NULL,NULL,NULL,NULL),(11187,NULL,11187,11168,NULL,NULL,NULL,NULL),(11188,NULL,11188,11169,NULL,NULL,NULL,NULL),(11189,NULL,11189,11170,NULL,NULL,NULL,NULL),(11190,NULL,11190,11171,NULL,NULL,NULL,NULL),(11191,NULL,11191,11172,NULL,NULL,NULL,NULL),(11192,NULL,11192,11173,NULL,NULL,NULL,NULL),(11193,NULL,11193,11174,NULL,NULL,NULL,NULL),(11194,NULL,11194,11175,NULL,NULL,NULL,NULL),(11195,NULL,11195,11176,NULL,NULL,NULL,NULL),(11196,NULL,11196,11177,NULL,NULL,NULL,NULL),(11197,NULL,11197,11178,NULL,NULL,NULL,NULL),(11198,NULL,11198,11179,NULL,NULL,NULL,NULL),(11199,NULL,11199,11180,NULL,NULL,NULL,NULL),(11200,NULL,11200,11181,NULL,NULL,NULL,NULL),(11201,NULL,11201,11182,NULL,NULL,NULL,NULL),(11202,NULL,11202,11183,NULL,NULL,NULL,NULL),(11203,2978,11203,11184,NULL,'2022-07-13 13:30:48','2022-07-13 13:30:48',NULL),(11204,2978,11204,11185,NULL,'2022-07-13 13:31:40','2022-07-13 13:31:40',NULL),(11205,2978,11205,11186,NULL,'2022-07-13 13:31:40','2022-07-13 13:31:40',NULL),(11206,2978,11206,11187,NULL,'2022-07-13 13:31:40','2022-07-13 13:31:40',NULL),(11207,2978,11207,11188,NULL,'2022-07-13 13:31:40','2022-07-13 13:31:40',NULL),(11208,2978,11208,11189,NULL,'2022-07-13 13:31:40','2022-07-13 13:31:40',NULL),(11209,2978,11209,11190,NULL,'2022-07-13 13:31:40','2022-07-13 13:31:40',NULL),(11210,2978,11210,11191,NULL,'2022-07-13 13:31:40','2022-07-13 13:31:40',NULL),(11211,2978,11211,11192,NULL,'2022-07-13 13:31:40','2022-07-13 13:31:40',NULL),(11212,2978,11212,11193,NULL,'2022-07-13 22:03:56','2022-07-13 22:03:56',NULL),(11213,2978,11213,11194,NULL,'2022-07-13 22:03:56','2022-07-13 22:03:56',NULL),(11214,2978,11214,11195,NULL,'2022-07-13 22:03:56','2022-07-13 22:03:56',NULL),(11215,2978,11215,11196,NULL,'2022-07-13 22:04:49','2022-07-13 22:04:49',NULL),(11216,2978,11216,11197,NULL,'2022-07-13 22:04:50','2022-07-13 22:04:50',NULL),(11217,2978,11217,11198,NULL,'2022-07-13 22:32:42','2022-07-13 22:32:42',NULL),(11218,2978,11218,11199,NULL,'2022-07-13 22:33:29','2022-07-13 22:33:29',NULL),(11219,2978,11219,11200,NULL,'2022-07-13 22:33:29','2022-07-13 22:33:29',NULL),(11220,2978,11220,11201,NULL,'2022-07-13 22:33:29','2022-07-13 22:33:29',NULL),(11221,2978,11221,11202,NULL,'2022-07-13 22:33:29','2022-07-13 22:33:29',NULL),(11222,2978,11222,11203,NULL,'2022-07-14 00:47:51','2022-07-14 00:47:51',NULL),(11223,2978,11223,11204,NULL,'2022-07-14 00:48:45','2022-07-14 00:48:45',NULL),(11224,2978,11224,11205,NULL,'2022-07-14 00:48:45','2022-07-14 00:48:45',NULL),(11225,2978,11225,11206,NULL,'2022-07-14 00:48:45','2022-07-14 00:48:45',NULL),(11226,2978,11226,11207,NULL,'2022-07-14 00:48:45','2022-07-14 00:48:45',NULL),(11227,2978,11227,11208,NULL,'2022-07-14 00:48:45','2022-07-14 00:48:45',NULL),(11228,2978,11228,11209,NULL,'2022-07-14 00:48:45','2022-07-14 00:48:45',NULL);
INSERT INTO `cta_cte_cliente_pivot_receipt` VALUES (11229,2978,11229,11210,NULL,'2022-07-14 00:48:45','2022-07-14 00:48:45',NULL),(11230,2978,11230,11211,NULL,'2022-07-14 00:48:45','2022-07-14 00:48:45',NULL),(11231,2978,11231,11212,NULL,'2022-07-14 00:48:45','2022-07-14 00:48:45',NULL),(11232,2978,11232,11213,NULL,'2022-07-14 00:48:45','2022-07-14 00:48:45',NULL),(11233,2978,11233,11214,NULL,'2022-07-14 00:48:45','2022-07-14 00:48:45',NULL),(11234,2978,11234,11215,NULL,'2022-07-14 00:48:46','2022-07-14 00:48:46',NULL),(11235,2978,11235,11216,NULL,'2022-07-14 00:48:46','2022-07-14 00:48:46',NULL),(11236,2978,11236,11217,NULL,'2022-07-14 00:48:46','2022-07-14 00:48:46',NULL),(11237,2978,11237,11218,NULL,'2022-07-14 00:48:46','2022-07-14 00:48:46',NULL),(11238,2978,11238,11219,NULL,'2022-07-14 00:48:46','2022-07-14 00:48:46',NULL),(11239,2978,11239,11220,NULL,'2022-07-14 00:48:46','2022-07-14 00:48:46',NULL),(11240,2978,11240,11221,NULL,'2022-07-14 00:48:46','2022-07-14 00:48:46',NULL),(11241,2978,11241,11222,NULL,'2022-07-14 00:48:46','2022-07-14 00:48:46',NULL),(11242,2978,11242,11223,NULL,'2022-07-14 00:48:46','2022-07-14 00:48:46',NULL),(11243,2978,11243,11224,NULL,'2022-07-14 00:48:46','2022-07-14 00:48:46',NULL),(11244,2978,11244,11225,NULL,'2022-07-14 00:48:46','2022-07-14 00:48:46',NULL),(11245,2978,11245,11226,NULL,'2022-07-14 00:48:46','2022-07-14 00:48:46',NULL),(11246,2978,11246,11227,NULL,'2022-07-14 00:48:46','2022-07-14 00:48:46',NULL),(11247,2978,11247,11228,NULL,'2022-07-17 21:46:44','2022-07-17 21:46:44',NULL),(11248,2978,11248,11229,NULL,'2022-07-17 21:46:44','2022-07-17 21:46:44',NULL),(11249,2978,11249,11230,NULL,'2022-07-17 21:46:44','2022-07-17 21:46:44',NULL),(11250,2978,11250,11231,NULL,'2022-07-17 21:46:44','2022-07-17 21:46:44',NULL),(11251,2978,11251,11232,NULL,'2022-07-17 21:46:45','2022-07-17 21:46:45',NULL),(11252,2978,11252,11233,NULL,'2022-07-17 21:46:45','2022-07-17 21:46:45',NULL),(11253,2978,11253,11234,NULL,'2022-07-17 21:46:45','2022-07-17 21:46:45',NULL),(11254,2978,11254,11235,NULL,'2022-07-17 21:46:45','2022-07-17 21:46:45',NULL),(11255,2978,11255,11236,NULL,'2022-07-17 21:46:45','2022-07-17 21:46:45',NULL),(11256,2978,11256,11237,NULL,'2022-07-17 21:46:45','2022-07-17 21:46:45',NULL),(11257,2978,11257,11238,NULL,'2022-07-17 21:48:41','2022-07-17 21:48:41',NULL),(11258,2978,11258,11239,NULL,'2022-07-17 21:48:41','2022-07-17 21:48:41',NULL),(11259,2978,11259,11240,NULL,'2022-07-17 21:48:41','2022-07-17 21:48:41',NULL),(11260,2978,11260,11241,NULL,'2022-07-17 21:48:41','2022-07-17 21:48:41',NULL),(11261,2978,11261,11242,NULL,'2022-07-17 21:48:41','2022-07-17 21:48:41',NULL),(11262,2978,11262,11243,NULL,'2022-07-17 21:48:41','2022-07-17 21:48:41',NULL),(11263,2978,11263,11244,NULL,'2022-07-17 21:48:41','2022-07-17 21:48:41',NULL),(11264,2978,11264,11245,NULL,'2022-07-17 21:48:41','2022-07-17 21:48:41',NULL),(11265,2978,11265,11246,NULL,'2022-07-17 21:48:41','2022-07-17 21:48:41',NULL),(11266,2978,11266,11247,NULL,'2022-07-17 21:48:41','2022-07-17 21:48:41',NULL),(11267,2978,11267,11248,NULL,'2022-07-17 22:35:14','2022-07-17 22:35:14',NULL),(11268,2978,11268,11249,NULL,'2022-07-17 22:35:14','2022-07-17 22:35:14',NULL),(11269,2978,11269,11250,NULL,'2022-07-17 22:35:14','2022-07-17 22:35:14',NULL),(11270,2978,11270,11251,NULL,'2022-07-17 22:36:24','2022-07-17 22:36:24',NULL),(11271,2978,11271,11252,NULL,'2022-07-17 22:36:24','2022-07-17 22:36:24',NULL),(11272,2978,11272,11253,NULL,'2022-07-17 22:36:24','2022-07-17 22:36:24',NULL),(11273,2978,11273,11254,NULL,'2022-07-18 13:19:33','2022-07-18 13:19:33',NULL),(11274,2978,11274,11255,NULL,'2022-07-18 13:19:33','2022-07-18 13:19:33',NULL),(11275,2978,11275,11256,NULL,'2022-07-18 13:19:33','2022-07-18 13:19:33',NULL),(11276,2978,11276,11257,NULL,'2022-07-18 13:19:33','2022-07-18 13:19:33',NULL),(11277,2978,11277,11258,NULL,'2022-07-18 13:19:33','2022-07-18 13:19:33',NULL),(11278,2978,11278,11259,NULL,'2022-07-18 13:19:33','2022-07-18 13:19:33',NULL);
INSERT INTO `cta_cte_cliente_pivot_receipt` VALUES (11279,2978,11279,11260,NULL,'2022-07-18 13:19:33','2022-07-18 13:19:33',NULL),(11280,2978,11280,11261,NULL,'2022-07-18 13:19:33','2022-07-18 13:19:33',NULL),(11281,2978,11281,11262,NULL,'2022-07-18 13:19:33','2022-07-18 13:19:33',NULL),(11282,2978,11282,11263,NULL,'2022-07-18 13:19:33','2022-07-18 13:19:33',NULL),(11283,2978,11283,11264,NULL,'2022-07-18 13:19:33','2022-07-18 13:19:33',NULL),(11284,2978,11284,11265,NULL,'2022-07-18 13:19:33','2022-07-18 13:19:33',NULL),(11285,2978,11285,11266,NULL,'2022-07-18 13:19:33','2022-07-18 13:19:33',NULL),(11286,2978,11286,11267,NULL,'2022-07-18 13:19:33','2022-07-18 13:19:33',NULL),(11287,2978,11287,11268,NULL,'2022-07-18 13:19:34','2022-07-18 13:19:34',NULL),(11288,2978,11288,11269,NULL,'2022-07-18 13:19:34','2022-07-18 13:19:34',NULL),(11289,2978,11289,11270,NULL,'2022-07-18 13:19:34','2022-07-18 13:19:34',NULL),(11290,2978,11290,11271,NULL,'2022-07-18 13:19:34','2022-07-18 13:19:34',NULL),(11291,2978,11291,11272,NULL,'2022-07-18 13:19:34','2022-07-18 13:19:34',NULL),(11292,2978,11292,11273,NULL,'2022-07-18 13:19:34','2022-07-18 13:19:34',NULL),(11293,2978,11293,11274,NULL,'2022-07-18 13:19:34','2022-07-18 13:19:34',NULL),(11294,2978,11294,11275,NULL,'2022-07-18 13:19:34','2022-07-18 13:19:34',NULL),(11295,2978,11295,11276,NULL,'2022-07-18 13:19:34','2022-07-18 13:19:34',NULL),(11296,2978,11296,11277,NULL,'2022-07-18 13:19:34','2022-07-18 13:19:34',NULL),(11297,2978,11297,11278,NULL,'2022-07-18 13:19:34','2022-07-18 13:19:34',NULL),(11298,2978,11298,11279,NULL,'2022-07-18 13:19:34','2022-07-18 13:19:34',NULL),(11299,2978,11299,11280,NULL,'2022-07-18 13:19:34','2022-07-18 13:19:34',NULL),(11300,2978,11300,11281,NULL,'2022-07-18 13:19:34','2022-07-18 13:19:34',NULL),(11301,2978,11301,11282,NULL,'2022-07-18 13:19:34','2022-07-18 13:19:34',NULL),(11302,2978,11302,11283,NULL,'2022-07-18 13:19:34','2022-07-18 13:19:34',NULL),(11303,2978,11303,11284,NULL,'2022-07-18 13:19:35','2022-07-18 13:19:35',NULL),(11304,2978,11304,11285,NULL,'2022-07-18 13:19:35','2022-07-18 13:19:35',NULL),(11305,2978,11305,11286,NULL,'2022-07-18 13:19:35','2022-07-18 13:19:35',NULL),(11306,2978,11306,11287,NULL,'2022-07-18 13:19:35','2022-07-18 13:19:35',NULL),(11307,2978,11307,11288,NULL,'2022-07-18 13:19:35','2022-07-18 13:19:35',NULL),(11308,2978,11308,11289,NULL,'2022-07-18 13:19:35','2022-07-18 13:19:35',NULL),(11309,2978,11309,11290,NULL,'2022-07-18 13:19:35','2022-07-18 13:19:35',NULL),(11310,2978,11310,11291,NULL,'2022-07-18 13:19:35','2022-07-18 13:19:35',NULL),(11311,2978,11311,11292,NULL,'2022-07-18 13:19:35','2022-07-18 13:19:35',NULL),(11312,2978,11312,11293,NULL,'2022-07-18 13:19:35','2022-07-18 13:19:35',NULL),(11313,2978,11313,11294,NULL,'2022-07-18 13:19:35','2022-07-18 13:19:35',NULL),(11314,2978,11314,11295,NULL,'2022-07-18 13:19:35','2022-07-18 13:19:35',NULL),(11315,2978,11315,11296,NULL,'2022-07-18 13:19:35','2022-07-18 13:19:35',NULL),(11316,2978,11316,11297,NULL,'2022-07-18 13:19:35','2022-07-18 13:19:35',NULL),(11317,2978,11317,11298,NULL,'2022-07-18 13:19:35','2022-07-18 13:19:35',NULL),(11318,2978,11318,11299,NULL,'2022-07-18 13:19:35','2022-07-18 13:19:35',NULL),(11319,2978,11319,11300,NULL,'2022-07-18 13:19:35','2022-07-18 13:19:35',NULL),(11320,2978,11320,11301,NULL,'2022-07-18 13:19:35','2022-07-18 13:19:35',NULL),(11321,2978,11321,11302,NULL,'2022-07-18 13:19:36','2022-07-18 13:19:36',NULL),(11322,2978,11322,11303,NULL,'2022-07-18 13:19:36','2022-07-18 13:19:36',NULL),(11323,2978,11323,11304,NULL,'2022-07-18 13:19:36','2022-07-18 13:19:36',NULL),(11324,2978,11324,11305,NULL,'2022-07-18 13:19:36','2022-07-18 13:19:36',NULL),(11325,2978,11325,11306,NULL,'2022-07-18 13:19:36','2022-07-18 13:19:36',NULL),(11326,2978,11326,11307,NULL,'2022-07-18 13:19:36','2022-07-18 13:19:36',NULL),(11327,2978,11327,11308,NULL,'2022-07-18 13:19:36','2022-07-18 13:19:36',NULL),(11328,2978,11328,11309,NULL,'2022-07-18 13:19:36','2022-07-18 13:19:36',NULL);
INSERT INTO `cta_cte_cliente_pivot_receipt` VALUES (11329,2978,11329,11310,NULL,'2022-07-18 13:19:36','2022-07-18 13:19:36',NULL),(11330,2978,11330,11311,NULL,'2022-07-18 13:19:36','2022-07-18 13:19:36',NULL),(11331,2978,11331,11312,NULL,'2022-07-18 13:19:36','2022-07-18 13:19:36',NULL),(11332,2978,11332,11313,NULL,'2022-07-18 13:19:36','2022-07-18 13:19:36',NULL),(11333,2978,11333,11314,NULL,'2022-07-18 13:19:36','2022-07-18 13:19:36',NULL),(11334,2978,11334,11315,NULL,'2022-07-18 13:19:36','2022-07-18 13:19:36',NULL),(11335,2978,11335,11316,NULL,'2022-07-18 13:19:36','2022-07-18 13:19:36',NULL),(11336,2978,11336,11317,NULL,'2022-07-18 13:19:36','2022-07-18 13:19:36',NULL),(11337,2978,11337,11318,NULL,'2022-07-18 13:19:36','2022-07-18 13:19:36',NULL),(11338,2978,11338,11319,NULL,'2022-07-18 13:19:36','2022-07-18 13:19:36',NULL),(11339,2978,11339,11320,NULL,'2022-07-18 13:19:37','2022-07-18 13:19:37',NULL),(11340,2978,11340,11321,NULL,'2022-07-18 13:19:37','2022-07-18 13:19:37',NULL),(11341,2978,11341,11322,NULL,'2022-07-18 13:19:37','2022-07-18 13:19:37',NULL),(11342,2978,11342,11323,NULL,'2022-07-18 13:19:37','2022-07-18 13:19:37',NULL),(11343,2978,11343,11324,NULL,'2022-07-18 13:19:37','2022-07-18 13:19:37',NULL),(11344,2978,11344,11325,NULL,'2022-07-18 13:19:37','2022-07-18 13:19:37',NULL),(11345,2978,11345,11326,NULL,'2022-07-18 13:19:37','2022-07-18 13:19:37',NULL),(11346,2978,11346,11327,NULL,'2022-07-18 13:19:37','2022-07-18 13:19:37',NULL),(11347,2978,11347,11328,NULL,'2022-07-18 13:19:37','2022-07-18 13:19:37',NULL),(11348,2978,11348,11329,NULL,'2022-07-18 13:19:37','2022-07-18 13:19:37',NULL),(11349,2978,11349,11330,NULL,'2022-07-18 13:19:37','2022-07-18 13:19:37',NULL),(11350,2978,11350,11331,NULL,'2022-07-18 13:19:37','2022-07-18 13:19:37',NULL),(11351,2978,11351,11332,NULL,'2022-07-18 13:19:37','2022-07-18 13:19:37',NULL),(11352,2978,11352,11333,NULL,'2022-07-18 13:19:37','2022-07-18 13:19:37',NULL),(11353,2978,11353,11334,NULL,'2022-07-18 13:19:37','2022-07-18 13:19:37',NULL),(11354,2978,11354,11335,NULL,'2022-07-18 13:19:37','2022-07-18 13:19:37',NULL),(11355,2978,11355,11336,NULL,'2022-07-18 13:19:37','2022-07-18 13:19:37',NULL),(11356,2978,11356,11337,NULL,'2022-07-18 13:19:37','2022-07-18 13:19:37',NULL),(11357,2978,11357,11338,NULL,'2022-07-18 13:19:37','2022-07-18 13:19:37',NULL),(11358,2978,11358,11339,NULL,'2022-07-18 13:19:38','2022-07-18 13:19:38',NULL),(11359,2978,11359,11340,NULL,'2022-07-18 13:19:38','2022-07-18 13:19:38',NULL),(11360,2978,11360,11341,NULL,'2022-07-18 13:19:38','2022-07-18 13:19:38',NULL),(11361,2978,11361,11342,NULL,'2022-07-18 13:19:38','2022-07-18 13:19:38',NULL),(11362,2978,11362,11343,NULL,'2022-07-18 13:19:38','2022-07-18 13:19:38',NULL),(11363,2978,11363,11344,NULL,'2022-07-18 13:19:38','2022-07-18 13:19:38',NULL),(11364,2978,11364,11345,NULL,'2022-07-18 13:19:38','2022-07-18 13:19:38',NULL),(11365,2978,11365,11346,NULL,'2022-07-18 13:19:38','2022-07-18 13:19:38',NULL),(11366,2978,11366,11347,NULL,'2022-07-18 13:19:38','2022-07-18 13:19:38',NULL),(11367,2978,11367,11348,NULL,'2022-07-18 13:19:38','2022-07-18 13:19:38',NULL),(11368,2978,11368,11349,NULL,'2022-07-18 13:19:38','2022-07-18 13:19:38',NULL),(11369,2978,11369,11350,NULL,'2022-07-18 13:19:38','2022-07-18 13:19:38',NULL),(11370,2978,11370,11351,NULL,'2022-07-18 13:19:38','2022-07-18 13:19:38',NULL),(11371,2978,11371,11352,NULL,'2022-07-18 13:20:31','2022-07-18 13:20:31',NULL),(11372,2978,11372,11353,NULL,'2022-07-18 13:20:31','2022-07-18 13:20:31',NULL),(11373,2978,11373,11354,NULL,'2022-07-18 13:20:31','2022-07-18 13:20:31',NULL),(11374,2978,11374,11355,NULL,'2022-07-18 13:20:31','2022-07-18 13:20:31',NULL),(11375,2978,11375,11356,NULL,'2022-07-18 13:20:31','2022-07-18 13:20:31',NULL),(11376,2978,11376,11357,NULL,'2022-07-18 13:20:31','2022-07-18 13:20:31',NULL),(11377,2978,11377,11358,NULL,'2022-07-18 13:20:31','2022-07-18 13:20:31',NULL),(11378,2978,11378,11359,NULL,'2022-07-18 13:20:31','2022-07-18 13:20:31',NULL);
INSERT INTO `cta_cte_cliente_pivot_receipt` VALUES (11379,2978,11379,11360,NULL,'2022-07-18 13:20:31','2022-07-18 13:20:31',NULL),(11380,2978,11380,11361,NULL,'2022-07-24 23:23:59','2022-07-24 23:23:59',NULL),(11381,2978,11381,11362,NULL,'2022-07-24 23:23:59','2022-07-24 23:23:59',NULL),(11382,2978,11382,11363,NULL,'2022-07-24 23:23:59','2022-07-24 23:23:59',NULL),(11383,2978,11383,11364,NULL,'2022-07-24 23:23:59','2022-07-24 23:23:59',NULL),(11384,2978,11384,11365,NULL,'2022-07-24 23:23:59','2022-07-24 23:23:59',NULL),(11385,2978,11385,11366,NULL,'2022-07-24 23:23:59','2022-07-24 23:23:59',NULL),(11386,2978,11386,11367,NULL,'2022-07-24 23:23:59','2022-07-24 23:23:59',NULL),(11387,2978,11387,11368,NULL,'2022-07-24 23:23:59','2022-07-24 23:23:59',NULL),(11388,2978,11388,11369,NULL,'2022-07-24 23:23:59','2022-07-24 23:23:59',NULL),(11389,2978,11389,11370,NULL,'2022-07-24 23:24:58','2022-07-24 23:24:58',NULL),(11390,2978,11390,11371,NULL,'2022-07-24 23:24:59','2022-07-24 23:24:59',NULL),(11391,2978,11391,11372,NULL,'2022-07-24 23:24:59','2022-07-24 23:24:59',NULL),(11392,2978,11392,11373,NULL,'2022-08-08 22:04:25','2022-08-08 22:04:25',NULL),(11393,2978,11393,11374,NULL,'2022-08-08 22:04:25','2022-08-08 22:04:25',NULL),(11394,2978,11394,11375,NULL,'2022-08-08 22:05:29','2022-08-08 22:05:29',NULL),(11395,2978,11395,11376,NULL,'2022-08-08 22:05:29','2022-08-08 22:05:29',NULL),(11396,2978,11396,11377,NULL,'2022-08-10 11:26:03','2022-08-10 11:26:03',NULL),(11397,2978,11397,11378,NULL,'2022-08-10 11:26:04','2022-08-10 11:26:04',NULL),(11398,2978,11398,11379,NULL,'2022-08-10 11:26:04','2022-08-10 11:26:04',NULL),(11399,2978,11399,11380,NULL,'2022-08-10 11:26:04','2022-08-10 11:26:04',NULL),(11400,2978,11400,11381,NULL,'2022-08-10 11:26:04','2022-08-10 11:26:04',NULL),(11401,2978,11401,11382,NULL,'2022-08-10 11:35:01','2022-08-10 11:35:01',NULL),(11402,2978,11402,11383,NULL,'2022-08-10 11:35:01','2022-08-10 11:35:01',NULL),(11403,2978,11403,11384,NULL,'2022-08-10 11:35:01','2022-08-10 11:35:01',NULL),(11404,2978,11404,11385,NULL,'2022-08-10 11:35:01','2022-08-10 11:35:01',NULL),(11405,2978,11405,11386,NULL,'2022-08-10 11:35:01','2022-08-10 11:35:01',NULL),(11406,2978,11406,11387,NULL,'2022-08-10 11:35:01','2022-08-10 11:35:01',NULL),(11407,2978,11407,11388,NULL,'2022-08-10 11:35:01','2022-08-10 11:35:01',NULL),(11408,2978,11408,11389,NULL,'2022-08-10 11:35:01','2022-08-10 11:35:01',NULL),(11409,2978,11409,11390,NULL,'2022-08-10 11:35:51','2022-08-10 11:35:51',NULL),(11410,2978,11410,11391,NULL,'2022-08-11 11:25:47','2022-08-11 11:25:47',NULL),(11411,2978,11411,11392,NULL,'2022-08-11 11:25:47','2022-08-11 11:25:47',NULL),(11412,2978,11412,11393,NULL,'2022-08-11 11:26:38','2022-08-11 11:26:38',NULL),(11413,2978,11413,11394,NULL,'2022-08-11 11:26:38','2022-08-11 11:26:38',NULL),(11414,2978,11414,11395,NULL,'2022-08-11 11:26:38','2022-08-11 11:26:38',NULL),(11415,2978,11415,11396,NULL,'2022-08-11 11:26:38','2022-08-11 11:26:38',NULL),(11416,2978,11416,11397,NULL,'2022-08-11 11:42:50','2022-08-11 11:42:50',NULL),(11417,2978,11417,11398,NULL,'2022-08-11 11:42:50','2022-08-11 11:42:50',NULL),(11418,2978,11418,11399,NULL,'2022-08-11 11:42:50','2022-08-11 11:42:50',NULL),(11419,2978,11419,11400,NULL,'2022-08-11 11:42:50','2022-08-11 11:42:50',NULL),(11420,2978,11420,11401,NULL,'2022-08-11 11:42:50','2022-08-11 11:42:50',NULL),(11421,2978,11421,11402,NULL,'2022-08-11 11:42:50','2022-08-11 11:42:50',NULL),(11422,2978,11422,11403,NULL,'2022-08-11 11:42:50','2022-08-11 11:42:50',NULL),(11423,2978,11423,11404,NULL,'2022-08-11 11:42:50','2022-08-11 11:42:50',NULL),(11424,2978,11424,11405,NULL,'2022-08-11 11:42:50','2022-08-11 11:42:50',NULL),(11425,2978,11425,11406,NULL,'2022-08-11 11:42:50','2022-08-11 11:42:50',NULL),(11426,2978,11426,11407,NULL,'2022-08-11 11:42:50','2022-08-11 11:42:50',NULL),(11427,2978,11427,11408,NULL,'2022-08-11 11:42:50','2022-08-11 11:42:50',NULL),(11428,2978,11428,11409,NULL,'2022-08-11 11:42:50','2022-08-11 11:42:50',NULL);
INSERT INTO `cta_cte_cliente_pivot_receipt` VALUES (11429,2978,11429,11410,NULL,'2022-08-11 11:42:50','2022-08-11 11:42:50',NULL),(11430,2978,11430,11411,NULL,'2022-08-11 11:42:50','2022-08-11 11:42:50',NULL),(11431,2978,11431,11412,NULL,'2022-08-11 11:43:45','2022-08-11 11:43:45',NULL),(11432,2978,11432,11413,NULL,'2022-08-11 11:43:45','2022-08-11 11:43:45',NULL),(11433,2978,11433,11414,NULL,'2022-08-11 11:43:45','2022-08-11 11:43:45',NULL),(11434,2978,11434,11415,NULL,'2022-08-11 11:43:45','2022-08-11 11:43:45',NULL),(11435,2978,11435,11416,NULL,'2022-08-11 11:43:45','2022-08-11 11:43:45',NULL),(11436,2978,11436,11417,NULL,'2022-08-11 11:43:45','2022-08-11 11:43:45',NULL),(11437,2978,11437,11418,NULL,'2022-08-11 11:43:45','2022-08-11 11:43:45',NULL),(11438,2978,11438,11419,NULL,'2022-08-11 11:43:45','2022-08-11 11:43:45',NULL),(11439,2978,11439,11420,NULL,'2022-08-11 11:43:46','2022-08-11 11:43:46',NULL),(11440,2978,11440,11421,NULL,'2022-08-11 11:43:46','2022-08-11 11:43:46',NULL),(11441,2978,11441,11422,NULL,'2022-08-12 13:24:47','2022-08-12 13:24:47',NULL),(11442,2978,11442,11423,NULL,'2022-08-12 13:26:17','2022-08-12 13:26:17',NULL),(11443,2978,11443,11424,NULL,'2022-08-12 13:26:17','2022-08-12 13:26:17',NULL),(11444,2978,11444,11425,NULL,'2022-08-12 13:26:17','2022-08-12 13:26:17',NULL),(11445,2978,11445,11426,NULL,'2022-08-12 13:26:17','2022-08-12 13:26:17',NULL),(11446,2978,11446,11427,NULL,'2022-08-12 13:26:17','2022-08-12 13:26:17',NULL),(11447,2978,11447,11428,NULL,'2022-08-12 13:26:17','2022-08-12 13:26:17',NULL),(11448,2978,11448,11429,NULL,'2022-08-12 13:26:17','2022-08-12 13:26:17',NULL),(11449,2978,11449,11430,NULL,'2022-08-12 13:26:17','2022-08-12 13:26:17',NULL),(11450,2978,11450,11431,NULL,'2022-08-12 13:26:17','2022-08-12 13:26:17',NULL),(11451,2978,11451,11432,NULL,'2022-08-12 13:26:18','2022-08-12 13:26:18',NULL),(11452,2978,11452,11433,NULL,'2022-08-12 13:26:18','2022-08-12 13:26:18',NULL),(11453,2978,11453,11434,NULL,'2022-08-12 13:26:18','2022-08-12 13:26:18',NULL),(11454,2978,11454,11435,NULL,'2022-08-12 13:26:18','2022-08-12 13:26:18',NULL),(11455,2978,11455,11436,NULL,'2022-08-12 13:26:18','2022-08-12 13:26:18',NULL),(11456,2978,11456,11437,NULL,'2022-08-12 13:26:18','2022-08-12 13:26:18',NULL),(11457,2978,11457,11438,NULL,'2022-08-12 13:26:18','2022-08-12 13:26:18',NULL),(11458,2978,11458,11439,NULL,'2022-08-12 13:26:18','2022-08-12 13:26:18',NULL),(11459,2978,11459,11440,NULL,'2022-08-12 13:26:18','2022-08-12 13:26:18',NULL),(11460,2978,11460,11441,NULL,'2022-08-12 13:26:18','2022-08-12 13:26:18',NULL),(11461,2978,11461,11442,NULL,'2022-08-15 22:06:29','2022-08-15 22:06:29',NULL),(11462,2978,11462,11443,NULL,'2022-08-15 22:06:29','2022-08-15 22:06:29',NULL),(11463,2978,11463,11444,NULL,'2022-08-15 22:06:29','2022-08-15 22:06:29',NULL),(11464,2978,11464,11445,NULL,'2022-08-15 22:06:29','2022-08-15 22:06:29',NULL),(11465,2978,11465,11446,NULL,'2022-08-15 22:06:29','2022-08-15 22:06:29',NULL),(11466,2978,11466,11447,NULL,'2022-08-15 22:06:30','2022-08-15 22:06:30',NULL),(11467,2978,11467,11448,NULL,'2022-08-15 22:06:30','2022-08-15 22:06:30',NULL),(11468,2978,11468,11449,NULL,'2022-08-15 22:06:30','2022-08-15 22:06:30',NULL),(11469,2978,11469,11450,NULL,'2022-08-15 22:06:30','2022-08-15 22:06:30',NULL),(11470,2978,11470,11451,NULL,'2022-08-15 22:06:30','2022-08-15 22:06:30',NULL),(11471,2978,11471,11452,NULL,'2022-08-15 22:06:30','2022-08-15 22:06:30',NULL),(11472,2978,11472,11453,NULL,'2022-08-15 22:06:30','2022-08-15 22:06:30',NULL),(11473,2978,11473,11454,NULL,'2022-08-15 22:06:30','2022-08-15 22:06:30',NULL),(11474,2978,11474,11455,NULL,'2022-08-15 22:06:30','2022-08-15 22:06:30',NULL),(11475,2978,11475,11456,NULL,'2022-08-15 22:06:30','2022-08-15 22:06:30',NULL),(11476,2978,11476,11457,NULL,'2022-08-15 22:06:30','2022-08-15 22:06:30',NULL),(11477,2978,11477,11458,NULL,'2022-08-15 22:06:30','2022-08-15 22:06:30',NULL),(11478,2978,11478,11459,NULL,'2022-08-15 22:06:30','2022-08-15 22:06:30',NULL);
INSERT INTO `cta_cte_cliente_pivot_receipt` VALUES (11479,2978,11479,11460,NULL,'2022-08-15 22:06:30','2022-08-15 22:06:30',NULL),(11480,2978,11480,11461,NULL,'2022-08-15 22:06:30','2022-08-15 22:06:30',NULL),(11481,2978,11481,11462,NULL,'2022-08-15 22:06:30','2022-08-15 22:06:30',NULL),(11482,2978,11482,11463,NULL,'2022-08-15 22:06:30','2022-08-15 22:06:30',NULL),(11483,2978,11483,11464,NULL,'2022-08-15 22:06:30','2022-08-15 22:06:30',NULL),(11484,2978,11484,11465,NULL,'2022-08-15 22:06:30','2022-08-15 22:06:30',NULL),(11485,2978,11485,11466,NULL,'2022-08-15 22:06:30','2022-08-15 22:06:30',NULL),(11486,2978,11486,11467,NULL,'2022-08-15 22:06:30','2022-08-15 22:06:30',NULL),(11487,2978,11487,11468,NULL,'2022-08-15 22:06:30','2022-08-15 22:06:30',NULL),(11488,2978,11488,11469,NULL,'2022-08-15 22:06:31','2022-08-15 22:06:31',NULL),(11489,2978,11489,11470,NULL,'2022-08-15 22:06:31','2022-08-15 22:06:31',NULL),(11490,2978,11490,11471,NULL,'2022-08-15 22:06:31','2022-08-15 22:06:31',NULL),(11491,2978,11491,11472,NULL,'2022-08-15 22:06:31','2022-08-15 22:06:31',NULL),(11492,2978,11492,11473,NULL,'2022-08-15 22:06:31','2022-08-15 22:06:31',NULL),(11493,2978,11493,11474,NULL,'2022-08-15 22:06:31','2022-08-15 22:06:31',NULL),(11494,2978,11494,11475,NULL,'2022-08-15 22:06:31','2022-08-15 22:06:31',NULL),(11495,2978,11495,11476,NULL,'2022-08-15 22:06:31','2022-08-15 22:06:31',NULL),(11496,2978,11496,11477,NULL,'2022-08-15 22:06:31','2022-08-15 22:06:31',NULL),(11497,2978,11497,11478,NULL,'2022-08-15 22:06:31','2022-08-15 22:06:31',NULL),(11498,2978,11498,11479,NULL,'2022-08-15 22:06:31','2022-08-15 22:06:31',NULL),(11499,2978,11499,11480,NULL,'2022-08-15 22:06:31','2022-08-15 22:06:31',NULL),(11500,2978,11500,11481,NULL,'2022-08-15 22:06:31','2022-08-15 22:06:31',NULL),(11501,2978,11501,11482,NULL,'2022-08-15 22:06:31','2022-08-15 22:06:31',NULL),(11502,2978,11502,11483,NULL,'2022-08-15 22:06:31','2022-08-15 22:06:31',NULL),(11503,2978,11503,11484,NULL,'2022-08-15 22:06:31','2022-08-15 22:06:31',NULL),(11504,2978,11504,11485,NULL,'2022-08-15 22:06:31','2022-08-15 22:06:31',NULL),(11505,2978,11505,11486,NULL,'2022-08-15 22:07:22','2022-08-15 22:07:22',NULL),(11506,2978,11506,11487,NULL,'2022-08-15 22:07:22','2022-08-15 22:07:22',NULL),(11507,2978,11507,11488,NULL,'2022-08-15 22:07:22','2022-08-15 22:07:22',NULL),(11508,2978,11508,11489,NULL,'2022-08-15 22:07:22','2022-08-15 22:07:22',NULL),(11509,2978,11509,11490,NULL,'2022-08-15 22:07:23','2022-08-15 22:07:23',NULL),(11510,2978,11510,11491,NULL,'2022-08-15 22:08:57','2022-08-15 22:08:57',NULL),(11511,2978,11511,11492,NULL,'2022-08-15 22:08:57','2022-08-15 22:08:57',NULL),(11512,2978,11512,11493,NULL,'2022-08-15 22:08:57','2022-08-15 22:08:57',NULL),(11513,2978,11513,11494,NULL,'2022-08-15 22:08:57','2022-08-15 22:08:57',NULL),(11514,2978,11514,11495,NULL,'2022-08-15 22:08:57','2022-08-15 22:08:57',NULL),(11515,2978,11515,11496,NULL,'2022-08-15 22:08:57','2022-08-15 22:08:57',NULL),(11516,2978,11516,11497,NULL,'2022-08-15 22:08:57','2022-08-15 22:08:57',NULL),(11517,2978,11517,11498,NULL,'2022-08-15 22:08:57','2022-08-15 22:08:57',NULL),(11518,2978,11518,11499,NULL,'2022-08-15 22:08:57','2022-08-15 22:08:57',NULL),(11519,2978,11519,11500,NULL,'2022-08-15 22:08:57','2022-08-15 22:08:57',NULL),(11520,2978,11520,11501,NULL,'2022-08-15 22:08:57','2022-08-15 22:08:57',NULL),(11521,2978,11521,11502,NULL,'2022-08-15 22:08:57','2022-08-15 22:08:57',NULL),(11522,2978,11522,11503,NULL,'2022-08-15 22:08:57','2022-08-15 22:08:57',NULL),(11523,2978,11523,11504,NULL,'2022-08-15 22:08:57','2022-08-15 22:08:57',NULL),(11524,2978,11524,11505,NULL,'2022-08-15 22:08:57','2022-08-15 22:08:57',NULL),(11525,2978,11525,11506,NULL,'2022-08-15 22:08:58','2022-08-15 22:08:58',NULL),(11526,2978,11526,11507,NULL,'2022-08-15 22:08:58','2022-08-15 22:08:58',NULL),(11527,2978,11527,11508,NULL,'2022-08-15 22:08:58','2022-08-15 22:08:58',NULL),(11528,2978,11528,11509,NULL,'2022-08-15 22:08:58','2022-08-15 22:08:58',NULL);
INSERT INTO `cta_cte_cliente_pivot_receipt` VALUES (11529,2978,11529,11510,NULL,'2022-08-15 22:08:58','2022-08-15 22:08:58',NULL),(11530,2978,11530,11511,NULL,'2022-08-15 22:08:58','2022-08-15 22:08:58',NULL),(11531,2978,11531,11512,NULL,'2022-08-15 22:08:58','2022-08-15 22:08:58',NULL),(11532,2978,11532,11513,NULL,'2022-08-15 22:08:58','2022-08-15 22:08:58',NULL),(11533,2978,11533,11514,NULL,'2022-08-15 22:08:58','2022-08-15 22:08:58',NULL),(11534,2978,11534,11515,NULL,'2022-08-15 22:08:58','2022-08-15 22:08:58',NULL),(11535,2978,11535,11516,NULL,'2022-08-15 22:08:58','2022-08-15 22:08:58',NULL),(11536,2978,11536,11517,NULL,'2022-08-15 22:08:58','2022-08-15 22:08:58',NULL),(11537,2978,11537,11518,NULL,'2022-08-15 22:08:58','2022-08-15 22:08:58',NULL),(11538,2978,11538,11519,NULL,'2022-08-15 22:08:58','2022-08-15 22:08:58',NULL),(11539,2978,11539,11520,NULL,'2022-08-15 22:08:58','2022-08-15 22:08:58',NULL),(11540,2978,11540,11521,NULL,'2022-08-15 22:08:58','2022-08-15 22:08:58',NULL),(11541,2978,11541,11522,NULL,'2022-08-15 22:08:58','2022-08-15 22:08:58',NULL),(11542,2978,11542,11523,NULL,'2022-08-15 22:08:58','2022-08-15 22:08:58',NULL),(11543,2978,11543,11524,NULL,'2022-08-15 22:08:58','2022-08-15 22:08:58',NULL),(11544,2978,11544,11525,NULL,'2022-08-15 22:08:58','2022-08-15 22:08:58',NULL),(11545,2978,11545,11526,NULL,'2022-08-15 22:08:58','2022-08-15 22:08:58',NULL),(11546,2978,11546,11527,NULL,'2022-08-15 22:08:58','2022-08-15 22:08:58',NULL),(11547,2978,11547,11528,NULL,'2022-08-15 22:08:58','2022-08-15 22:08:58',NULL),(11548,2978,11548,11529,NULL,'2022-08-15 22:08:59','2022-08-15 22:08:59',NULL),(11549,2978,11549,11530,NULL,'2022-08-15 22:08:59','2022-08-15 22:08:59',NULL),(11550,2978,11550,11531,NULL,'2022-08-15 22:08:59','2022-08-15 22:08:59',NULL),(11551,2978,11551,11532,NULL,'2022-08-15 22:08:59','2022-08-15 22:08:59',NULL),(11552,2978,11552,11533,NULL,'2022-08-15 22:08:59','2022-08-15 22:08:59',NULL),(11553,2978,11553,11534,NULL,'2022-08-15 22:08:59','2022-08-15 22:08:59',NULL),(11554,2978,11554,11535,NULL,'2022-08-15 22:08:59','2022-08-15 22:08:59',NULL),(11555,2978,11555,11536,NULL,'2022-08-15 22:08:59','2022-08-15 22:08:59',NULL),(11556,2978,11556,11537,NULL,'2022-08-15 22:08:59','2022-08-15 22:08:59',NULL),(11557,2978,11557,11538,NULL,'2022-08-15 22:09:58','2022-08-15 22:09:58',NULL),(11558,2978,11558,11539,NULL,'2022-08-15 22:09:58','2022-08-15 22:09:58',NULL),(11559,2978,11559,11540,NULL,'2022-08-15 22:09:58','2022-08-15 22:09:58',NULL),(11560,2978,11560,11541,NULL,'2022-08-15 22:09:58','2022-08-15 22:09:58',NULL),(11561,2978,11561,11542,NULL,'2022-08-15 22:09:58','2022-08-15 22:09:58',NULL),(11562,2978,11562,11543,NULL,'2022-08-15 22:10:51','2022-08-15 22:10:51',NULL),(11563,2978,11563,11544,NULL,'2022-08-15 22:10:51','2022-08-15 22:10:51',NULL),(11564,2978,11564,11545,NULL,'2022-08-15 22:10:51','2022-08-15 22:10:51',NULL),(11565,2978,11565,11546,NULL,'2022-08-15 22:10:51','2022-08-15 22:10:51',NULL),(11566,2978,11566,11547,NULL,'2022-08-15 22:10:51','2022-08-15 22:10:51',NULL),(11567,2978,11567,11548,NULL,'2022-08-15 22:10:51','2022-08-15 22:10:51',NULL),(11568,2978,11568,11549,NULL,'2022-08-15 22:10:51','2022-08-15 22:10:51',NULL),(11569,2978,11569,11550,NULL,'2022-08-15 22:10:51','2022-08-15 22:10:51',NULL),(11570,2978,11570,11551,NULL,'2022-08-15 22:10:51','2022-08-15 22:10:51',NULL),(11571,2978,11571,11552,NULL,'2022-08-15 22:10:51','2022-08-15 22:10:51',NULL),(11572,2978,11572,11553,NULL,'2022-08-15 22:10:51','2022-08-15 22:10:51',NULL),(11573,2978,11573,11554,NULL,'2022-08-15 22:10:51','2022-08-15 22:10:51',NULL),(11574,2978,11574,11555,NULL,'2022-08-15 22:10:51','2022-08-15 22:10:51',NULL),(11575,2978,11575,11556,NULL,'2022-08-15 22:10:51','2022-08-15 22:10:51',NULL),(11576,2978,11576,11557,NULL,'2022-08-15 22:10:51','2022-08-15 22:10:51',NULL),(11577,2978,11577,11558,NULL,'2022-08-15 22:10:51','2022-08-15 22:10:51',NULL),(11578,2978,11578,11559,NULL,'2022-08-15 22:10:51','2022-08-15 22:10:51',NULL);
INSERT INTO `cta_cte_cliente_pivot_receipt` VALUES (11579,2978,11579,11560,NULL,'2022-08-15 22:10:51','2022-08-15 22:10:51',NULL),(11580,2978,11580,11561,NULL,'2022-08-15 22:10:51','2022-08-15 22:10:51',NULL),(11581,2978,11581,11562,NULL,'2022-08-15 22:10:52','2022-08-15 22:10:52',NULL),(11582,2978,11582,11563,NULL,'2022-08-15 22:10:52','2022-08-15 22:10:52',NULL),(11583,2978,11583,11564,NULL,'2022-08-15 22:10:52','2022-08-15 22:10:52',NULL),(11584,2978,11584,11565,NULL,'2022-08-15 22:10:52','2022-08-15 22:10:52',NULL),(11585,2978,11585,11566,NULL,'2022-08-15 22:10:52','2022-08-15 22:10:52',NULL),(11586,2978,11586,11567,NULL,'2022-08-15 22:10:52','2022-08-15 22:10:52',NULL),(11587,2978,11587,11568,NULL,'2022-08-15 22:10:52','2022-08-15 22:10:52',NULL),(11588,2978,11588,11569,NULL,'2022-08-15 22:10:52','2022-08-15 22:10:52',NULL),(11589,2978,11589,11570,NULL,'2022-08-15 22:10:52','2022-08-15 22:10:52',NULL),(11590,2978,11590,11571,NULL,'2022-08-15 22:10:52','2022-08-15 22:10:52',NULL),(11591,2978,11591,11572,NULL,'2022-08-15 22:10:52','2022-08-15 22:10:52',NULL),(11592,2978,11592,11573,NULL,'2022-08-15 22:10:52','2022-08-15 22:10:52',NULL),(11593,2978,11593,11574,NULL,'2022-08-15 22:10:52','2022-08-15 22:10:52',NULL),(11594,2978,11594,11575,NULL,'2022-08-15 22:10:52','2022-08-15 22:10:52',NULL),(11595,2978,11595,11576,NULL,'2022-08-15 22:10:52','2022-08-15 22:10:52',NULL),(11596,2978,11596,11577,NULL,'2022-08-15 22:10:52','2022-08-15 22:10:52',NULL),(11597,2978,11597,11578,NULL,'2022-08-15 22:10:52','2022-08-15 22:10:52',NULL),(11598,2978,11598,11579,NULL,'2022-08-15 22:10:52','2022-08-15 22:10:52',NULL),(11599,2978,11599,11580,NULL,'2022-08-15 22:10:52','2022-08-15 22:10:52',NULL),(11600,2978,11600,11581,NULL,'2022-08-15 22:10:52','2022-08-15 22:10:52',NULL),(11601,2978,11601,11582,NULL,'2022-08-15 22:10:52','2022-08-15 22:10:52',NULL),(11602,2978,11602,11583,NULL,'2022-08-15 22:10:52','2022-08-15 22:10:52',NULL),(11603,2978,11603,11584,NULL,'2022-08-15 22:10:53','2022-08-15 22:10:53',NULL),(11604,2978,11604,11585,NULL,'2022-08-15 22:10:53','2022-08-15 22:10:53',NULL),(11605,2978,11605,11586,NULL,'2022-08-15 22:10:53','2022-08-15 22:10:53',NULL),(11606,2978,11606,11587,NULL,'2022-08-15 22:10:53','2022-08-15 22:10:53',NULL),(11607,2978,11607,11588,NULL,'2022-08-15 22:10:53','2022-08-15 22:10:53',NULL),(11608,2978,11608,11589,NULL,'2022-08-15 22:10:53','2022-08-15 22:10:53',NULL),(11609,2978,11609,11590,NULL,'2022-08-15 22:10:53','2022-08-15 22:10:53',NULL),(11610,2978,11610,11591,NULL,'2022-08-15 22:11:52','2022-08-15 22:11:52',NULL),(11611,2978,11611,11592,NULL,'2022-08-15 22:11:52','2022-08-15 22:11:52',NULL),(11612,2978,11612,11593,NULL,'2022-08-15 22:11:52','2022-08-15 22:11:52',NULL),(11613,2978,11613,11594,NULL,'2022-08-15 22:11:52','2022-08-15 22:11:52',NULL),(11614,2978,11614,11595,NULL,'2022-08-15 22:11:52','2022-08-15 22:11:52',NULL),(11615,2978,11615,11596,NULL,'2022-08-15 22:11:52','2022-08-15 22:11:52',NULL),(11616,2978,11616,11597,NULL,'2022-08-15 22:12:49','2022-08-15 22:12:49',NULL),(11617,2978,11617,11598,NULL,'2022-08-15 22:13:41','2022-08-15 22:13:41',NULL),(11618,2978,11618,11599,NULL,'2022-08-15 22:13:41','2022-08-15 22:13:41',NULL),(11619,2978,11619,11600,NULL,'2022-08-15 22:13:41','2022-08-15 22:13:41',NULL),(11620,2978,11620,11601,NULL,'2022-08-15 22:13:41','2022-08-15 22:13:41',NULL),(11621,2978,11621,11602,NULL,'2022-08-16 10:56:17','2022-08-16 10:56:17',NULL),(11622,2978,11622,11603,NULL,'2022-08-16 10:56:17','2022-08-16 10:56:17',NULL),(11623,2978,11623,11604,NULL,'2022-08-16 10:56:17','2022-08-16 10:56:17',NULL),(11624,2978,11624,11605,NULL,'2022-08-16 10:56:17','2022-08-16 10:56:17',NULL),(11625,2978,11625,11606,NULL,'2022-08-16 10:56:17','2022-08-16 10:56:17',NULL),(11626,2978,11626,11607,NULL,'2022-08-16 10:56:17','2022-08-16 10:56:17',NULL),(11627,2978,11627,11608,NULL,'2022-08-16 10:56:17','2022-08-16 10:56:17',NULL),(11628,2978,11628,11609,NULL,'2022-08-16 10:56:17','2022-08-16 10:56:17',NULL);
INSERT INTO `cta_cte_cliente_pivot_receipt` VALUES (11629,2978,11629,11610,NULL,'2022-08-16 10:56:17','2022-08-16 10:56:17',NULL),(11630,2978,11630,11611,NULL,'2022-08-16 10:56:18','2022-08-16 10:56:18',NULL),(11631,2978,11631,11612,NULL,'2022-08-16 10:56:18','2022-08-16 10:56:18',NULL),(11632,2978,11632,11613,NULL,'2022-08-16 10:56:18','2022-08-16 10:56:18',NULL),(11633,2978,11633,11614,NULL,'2022-08-16 10:56:18','2022-08-16 10:56:18',NULL),(11634,2978,11634,11615,NULL,'2022-08-16 10:56:18','2022-08-16 10:56:18',NULL),(11635,2978,11635,11616,NULL,'2022-08-16 10:56:18','2022-08-16 10:56:18',NULL),(11636,2978,11636,11617,NULL,'2022-08-16 10:56:18','2022-08-16 10:56:18',NULL),(11637,2978,11637,11618,NULL,'2022-08-16 10:56:18','2022-08-16 10:56:18',NULL),(11638,2978,11638,11619,NULL,'2022-08-16 10:56:18','2022-08-16 10:56:18',NULL),(11639,2978,11639,11620,NULL,'2022-08-16 10:56:18','2022-08-16 10:56:18',NULL),(11640,2978,11640,11621,NULL,'2022-08-16 10:56:18','2022-08-16 10:56:18',NULL),(11641,2978,11641,11622,NULL,'2022-08-16 10:56:18','2022-08-16 10:56:18',NULL),(11642,2978,11642,11623,NULL,'2022-08-16 10:56:18','2022-08-16 10:56:18',NULL),(11643,2978,11643,11624,NULL,'2022-08-16 10:56:18','2022-08-16 10:56:18',NULL),(11644,2978,11644,11625,NULL,'2022-08-16 10:56:18','2022-08-16 10:56:18',NULL),(11645,2978,11645,11626,NULL,'2022-08-16 10:56:18','2022-08-16 10:56:18',NULL),(11646,2978,11646,11627,NULL,'2022-08-16 10:56:18','2022-08-16 10:56:18',NULL),(11647,2978,11647,11628,NULL,'2022-08-16 10:56:19','2022-08-16 10:56:19',NULL),(11648,2978,11648,11629,NULL,'2022-08-16 10:56:19','2022-08-16 10:56:19',NULL),(11649,2978,11649,11630,NULL,'2022-08-16 10:56:19','2022-08-16 10:56:19',NULL),(11650,2978,11650,11631,NULL,'2022-08-16 10:56:19','2022-08-16 10:56:19',NULL),(11651,2978,11651,11632,NULL,'2022-08-16 10:56:19','2022-08-16 10:56:19',NULL),(11652,2978,11652,11633,NULL,'2022-08-16 10:56:19','2022-08-16 10:56:19',NULL),(11653,2978,11653,11634,NULL,'2022-08-16 10:56:19','2022-08-16 10:56:19',NULL),(11654,2978,11654,11635,NULL,'2022-08-16 10:56:19','2022-08-16 10:56:19',NULL),(11655,2978,11655,11636,NULL,'2022-08-16 10:56:19','2022-08-16 10:56:19',NULL),(11656,2978,11656,11637,NULL,'2022-08-16 10:56:19','2022-08-16 10:56:19',NULL),(11657,2978,11657,11638,NULL,'2022-08-16 10:56:19','2022-08-16 10:56:19',NULL),(11658,2978,11658,11639,NULL,'2022-08-16 10:56:19','2022-08-16 10:56:19',NULL),(11659,2978,11659,11640,NULL,'2022-08-16 10:56:19','2022-08-16 10:56:19',NULL),(11660,2978,11660,11641,NULL,'2022-08-16 10:56:19','2022-08-16 10:56:19',NULL),(11661,2978,11661,11642,NULL,'2022-08-16 10:56:19','2022-08-16 10:56:19',NULL),(11662,2978,11662,11643,NULL,'2022-08-16 10:56:19','2022-08-16 10:56:19',NULL),(11663,2978,11663,11644,NULL,'2022-08-16 10:56:19','2022-08-16 10:56:19',NULL),(11664,2978,11664,11645,NULL,'2022-08-16 10:56:20','2022-08-16 10:56:20',NULL),(11665,2978,11665,11646,NULL,'2022-08-16 10:56:20','2022-08-16 10:56:20',NULL),(11666,2978,11666,11647,NULL,'2022-08-16 10:56:20','2022-08-16 10:56:20',NULL),(11667,2978,11667,11648,NULL,'2022-08-16 10:56:20','2022-08-16 10:56:20',NULL),(11668,2978,11668,11649,NULL,'2022-08-16 10:56:20','2022-08-16 10:56:20',NULL),(11669,2978,11669,11650,NULL,'2022-08-16 10:56:20','2022-08-16 10:56:20',NULL),(11670,2978,11670,11651,NULL,'2022-08-16 10:56:20','2022-08-16 10:56:20',NULL),(11671,2978,11671,11652,NULL,'2022-08-16 10:56:20','2022-08-16 10:56:20',NULL),(11672,2978,11672,11653,NULL,'2022-08-16 10:56:20','2022-08-16 10:56:20',NULL),(11673,2978,11673,11654,NULL,'2022-08-16 10:56:20','2022-08-16 10:56:20',NULL),(11674,2978,11674,11655,NULL,'2022-08-16 10:56:20','2022-08-16 10:56:20',NULL),(11675,2978,11675,11656,NULL,'2022-08-16 10:56:20','2022-08-16 10:56:20',NULL),(11676,2978,11676,11657,NULL,'2022-08-16 10:56:20','2022-08-16 10:56:20',NULL),(11677,2978,11677,11658,NULL,'2022-08-16 10:56:20','2022-08-16 10:56:20',NULL),(11678,2978,11678,11659,NULL,'2022-08-16 10:56:20','2022-08-16 10:56:20',NULL);
INSERT INTO `cta_cte_cliente_pivot_receipt` VALUES (11679,2978,11679,11660,NULL,'2022-08-16 10:56:20','2022-08-16 10:56:20',NULL),(11680,2978,11680,11661,NULL,'2022-08-16 10:57:25','2022-08-16 10:57:25',NULL),(11681,2978,11681,11662,NULL,'2022-08-16 10:57:25','2022-08-16 10:57:25',NULL),(11682,2978,11682,11663,NULL,'2022-08-16 10:57:25','2022-08-16 10:57:25',NULL),(11683,2978,11683,11664,NULL,'2022-09-11 22:38:51','2022-09-11 22:38:51',NULL),(11684,2978,11684,11665,NULL,'2022-09-11 22:38:51','2022-09-11 22:38:51',NULL),(11685,2978,11685,11666,NULL,'2022-09-11 22:38:51','2022-09-11 22:38:51',NULL),(11686,2978,11686,11667,NULL,'2022-09-11 22:39:47','2022-09-11 22:39:47',NULL),(11687,2978,11687,11668,NULL,'2022-09-11 22:39:47','2022-09-11 22:39:47',NULL),(11688,2978,11688,11669,NULL,'2022-09-11 22:39:48','2022-09-11 22:39:48',NULL),(11689,2978,11689,11670,NULL,'2022-09-13 22:29:02','2022-09-13 22:29:02',NULL),(11690,2978,11690,11671,NULL,'2022-09-13 22:29:02','2022-09-13 22:29:02',NULL),(11691,2978,11691,11672,NULL,'2022-09-13 22:29:02','2022-09-13 22:29:02',NULL),(11692,2978,11692,11673,NULL,'2022-09-13 22:29:02','2022-09-13 22:29:02',NULL),(11693,2978,11693,11674,NULL,'2022-09-13 22:29:02','2022-09-13 22:29:02',NULL),(11694,2978,11694,11675,NULL,'2022-09-13 22:29:02','2022-09-13 22:29:02',NULL),(11695,2978,11695,11676,NULL,'2022-09-13 22:29:02','2022-09-13 22:29:02',NULL),(11696,2978,11696,11677,NULL,'2022-09-13 22:29:02','2022-09-13 22:29:02',NULL),(11697,2978,11697,11678,NULL,'2022-09-13 22:29:02','2022-09-13 22:29:02',NULL),(11698,2978,11698,11679,NULL,'2022-09-13 22:29:03','2022-09-13 22:29:03',NULL),(11699,2978,11699,11680,NULL,'2022-09-13 22:29:03','2022-09-13 22:29:03',NULL),(11700,2978,11700,11681,NULL,'2022-09-13 22:29:03','2022-09-13 22:29:03',NULL),(11701,2978,11701,11682,NULL,'2022-09-13 22:29:03','2022-09-13 22:29:03',NULL),(11702,2978,11702,11683,NULL,'2022-09-13 22:29:03','2022-09-13 22:29:03',NULL),(11703,2978,11703,11684,NULL,'2022-09-13 22:35:38','2022-09-13 22:35:38',NULL),(11704,2978,11704,11685,NULL,'2022-09-13 22:35:38','2022-09-13 22:35:38',NULL),(11705,2978,11705,11686,NULL,'2022-09-13 22:35:38','2022-09-13 22:35:38',NULL),(11706,2978,11706,11687,NULL,'2022-09-13 22:35:38','2022-09-13 22:35:38',NULL),(11707,2978,11707,11688,NULL,'2022-09-13 22:35:38','2022-09-13 22:35:38',NULL),(11708,2978,11708,11689,NULL,'2022-09-13 22:35:38','2022-09-13 22:35:38',NULL),(11709,2978,11709,11690,NULL,'2022-09-13 22:35:38','2022-09-13 22:35:38',NULL),(11710,2978,11710,11691,NULL,'2022-09-13 22:35:38','2022-09-13 22:35:38',NULL),(11711,2978,11711,11692,NULL,'2022-09-13 22:35:38','2022-09-13 22:35:38',NULL),(11712,2978,11712,11693,NULL,'2022-09-13 22:35:38','2022-09-13 22:35:38',NULL),(11713,2978,11713,11694,NULL,'2022-09-13 22:35:38','2022-09-13 22:35:38',NULL),(11714,2978,11714,11695,NULL,'2022-09-13 22:35:38','2022-09-13 22:35:38',NULL),(11715,2978,11715,11696,NULL,'2022-09-13 22:35:38','2022-09-13 22:35:38',NULL),(11716,2978,11716,11697,NULL,'2022-09-13 22:35:38','2022-09-13 22:35:38',NULL),(11717,2978,11717,11698,NULL,'2022-09-13 22:38:19','2022-09-13 22:38:19',NULL),(11718,2978,11718,11699,NULL,'2022-09-13 22:38:19','2022-09-13 22:38:19',NULL),(11719,2978,11719,11700,NULL,'2022-09-13 22:38:19','2022-09-13 22:38:19',NULL),(11720,2978,11720,11701,NULL,'2022-09-13 22:38:19','2022-09-13 22:38:19',NULL),(11721,2978,11721,11702,NULL,'2022-09-13 22:38:19','2022-09-13 22:38:19',NULL),(11722,2978,11722,11703,NULL,'2022-09-13 22:38:19','2022-09-13 22:38:19',NULL),(11723,2978,11723,11704,NULL,'2022-09-13 22:38:19','2022-09-13 22:38:19',NULL),(11724,2978,11724,11705,NULL,'2022-09-13 22:38:19','2022-09-13 22:38:19',NULL),(11725,2978,11725,11706,NULL,'2022-09-13 22:38:19','2022-09-13 22:38:19',NULL),(11726,2978,11726,11707,NULL,'2022-09-26 20:47:03','2022-09-26 20:47:03',NULL),(11727,2978,11727,11708,NULL,'2022-09-26 20:47:03','2022-09-26 20:47:03',NULL),(11728,2978,11728,11709,NULL,'2022-09-26 20:49:32','2022-09-26 20:49:32',NULL);
INSERT INTO `cta_cte_cliente_pivot_receipt` VALUES (11729,2978,11729,11710,NULL,'2022-09-26 20:49:32','2022-09-26 20:49:32',NULL),(11730,2978,11730,11711,NULL,'2022-09-26 20:49:32','2022-09-26 20:49:32',NULL),(11731,2978,11731,11712,NULL,'2022-09-26 20:50:45','2022-09-26 20:50:45',NULL),(11732,2978,11732,11713,NULL,'2022-09-26 20:51:38','2022-09-26 20:51:38',NULL),(11733,2978,11733,11714,NULL,'2022-09-26 20:51:38','2022-09-26 20:51:38',NULL),(11734,2978,11734,11715,NULL,'2022-09-26 20:51:38','2022-09-26 20:51:38',NULL),(11735,2978,11735,11716,NULL,'2022-09-26 20:51:38','2022-09-26 20:51:38',NULL),(11736,2978,11736,11717,NULL,'2022-09-26 20:51:38','2022-09-26 20:51:38',NULL),(11737,2978,11737,11718,NULL,'2022-09-26 20:51:38','2022-09-26 20:51:38',NULL),(11738,2978,11738,11719,NULL,'2022-09-26 20:51:38','2022-09-26 20:51:38',NULL),(11739,2978,11739,11720,NULL,'2022-09-26 20:51:38','2022-09-26 20:51:38',NULL),(11740,2978,11740,11721,NULL,'2022-09-27 00:33:44','2022-09-27 00:33:44',NULL),(11741,2978,11741,11722,NULL,'2022-09-27 00:33:44','2022-09-27 00:33:44',NULL),(11742,2978,11742,11723,NULL,'2022-09-27 00:33:44','2022-09-27 00:33:44',NULL),(11743,2978,11743,11724,NULL,'2022-09-27 00:33:44','2022-09-27 00:33:44',NULL),(11744,2978,11744,11725,NULL,'2022-09-27 00:33:44','2022-09-27 00:33:44',NULL),(11745,2978,11745,11726,NULL,'2022-09-27 00:33:44','2022-09-27 00:33:44',NULL),(11746,2978,11746,11727,NULL,'2022-09-27 00:33:44','2022-09-27 00:33:44',NULL),(11747,2978,11747,11728,NULL,'2022-09-27 00:33:44','2022-09-27 00:33:44',NULL),(11748,2978,11748,11729,NULL,'2022-09-27 00:33:44','2022-09-27 00:33:44',NULL),(11749,2978,11749,11730,NULL,'2022-09-27 00:33:44','2022-09-27 00:33:44',NULL),(11750,2978,11750,11731,NULL,'2022-09-27 00:33:44','2022-09-27 00:33:44',NULL),(11751,2978,11751,11732,NULL,'2022-09-27 00:33:44','2022-09-27 00:33:44',NULL),(11752,2978,11752,11733,NULL,'2022-09-27 00:36:44','2022-09-27 00:36:44',NULL),(11753,2978,11753,11734,NULL,'2022-09-27 00:36:44','2022-09-27 00:36:44',NULL),(11754,2978,11754,11735,NULL,'2022-09-27 00:36:44','2022-09-27 00:36:44',NULL),(11755,2978,11755,11736,NULL,'2022-09-27 00:36:44','2022-09-27 00:36:44',NULL),(11756,2978,11756,11737,NULL,'2022-09-27 00:36:44','2022-09-27 00:36:44',NULL),(11757,2978,11757,11738,NULL,'2022-09-27 00:36:44','2022-09-27 00:36:44',NULL),(11758,2978,11758,11739,NULL,'2022-09-27 00:38:10','2022-09-27 00:38:10',NULL),(11759,2978,11759,11740,NULL,'2022-09-27 00:38:10','2022-09-27 00:38:10',NULL),(11760,2978,11760,11741,NULL,'2022-09-27 00:38:10','2022-09-27 00:38:10',NULL),(11761,2978,11761,11742,NULL,'2022-09-27 00:38:10','2022-09-27 00:38:10',NULL),(11762,2978,11762,11743,NULL,'2022-09-27 00:38:10','2022-09-27 00:38:10',NULL),(11763,2978,11763,11744,NULL,'2022-09-27 00:38:10','2022-09-27 00:38:10',NULL),(11764,2978,11764,11745,NULL,'2022-09-27 00:38:10','2022-09-27 00:38:10',NULL),(11765,2978,11765,11746,NULL,'2022-09-27 00:38:10','2022-09-27 00:38:10',NULL),(11766,2978,11766,11747,NULL,'2022-09-27 00:39:23','2022-09-27 00:39:23',NULL),(11767,2978,11767,11748,NULL,'2022-09-27 00:39:23','2022-09-27 00:39:23',NULL),(11768,2978,11768,11749,NULL,'2022-09-27 00:39:23','2022-09-27 00:39:23',NULL),(11769,2978,11769,11750,NULL,'2022-09-27 00:39:23','2022-09-27 00:39:23',NULL),(11770,2978,11770,11751,NULL,'2022-09-27 00:40:08','2022-09-27 00:40:08',NULL),(11771,2978,11771,11752,NULL,'2022-09-27 00:40:08','2022-09-27 00:40:08',NULL),(11772,2978,11772,11753,NULL,'2022-09-27 00:40:08','2022-09-27 00:40:08',NULL),(11773,2978,11773,11754,NULL,'2022-09-27 00:40:08','2022-09-27 00:40:08',NULL),(11774,2978,11774,11755,NULL,'2022-09-27 00:40:08','2022-09-27 00:40:08',NULL),(11775,2978,11775,11756,NULL,'2022-09-27 00:40:08','2022-09-27 00:40:08',NULL),(11776,2978,11776,11757,NULL,'2022-09-27 00:40:08','2022-09-27 00:40:08',NULL),(11777,2978,11777,11758,NULL,'2022-09-27 00:41:04','2022-09-27 00:41:04',NULL),(11778,2978,11778,11759,NULL,'2022-09-27 00:41:04','2022-09-27 00:41:04',NULL);
INSERT INTO `cta_cte_cliente_pivot_receipt` VALUES (11779,2978,11779,11760,NULL,'2022-09-27 00:41:04','2022-09-27 00:41:04',NULL),(11780,2978,11780,11761,NULL,'2022-09-27 00:41:04','2022-09-27 00:41:04',NULL),(11781,2978,11781,11762,NULL,'2022-09-27 00:41:04','2022-09-27 00:41:04',NULL),(11782,2978,11782,11763,NULL,'2022-09-27 00:41:04','2022-09-27 00:41:04',NULL),(11783,2978,11783,11764,NULL,'2022-09-27 00:42:36','2022-09-27 00:42:36',NULL),(11784,2978,11784,11765,NULL,'2022-09-27 00:42:36','2022-09-27 00:42:36',NULL),(11785,2978,11785,11766,NULL,'2022-09-27 00:42:36','2022-09-27 00:42:36',NULL),(11786,2978,11786,11767,NULL,'2022-09-27 00:42:37','2022-09-27 00:42:37',NULL),(11787,2978,11787,11768,NULL,'2022-09-27 00:42:37','2022-09-27 00:42:37',NULL),(11788,2978,11788,11769,NULL,'2022-09-27 00:42:37','2022-09-27 00:42:37',NULL),(11789,2978,11789,11770,NULL,'2022-09-27 00:42:37','2022-09-27 00:42:37',NULL),(11790,2978,11790,11771,NULL,'2022-09-27 00:42:37','2022-09-27 00:42:37',NULL),(11791,2978,11791,11772,NULL,'2022-09-27 00:42:37','2022-09-27 00:42:37',NULL),(11792,2978,11792,11773,NULL,'2022-09-27 00:42:37','2022-09-27 00:42:37',NULL),(11793,2978,11793,11774,NULL,'2022-09-27 00:42:37','2022-09-27 00:42:37',NULL),(11794,2978,11794,11775,NULL,'2022-09-27 00:44:43','2022-09-27 00:44:43',NULL),(11795,2978,11795,11776,NULL,'2022-09-27 00:44:43','2022-09-27 00:44:43',NULL),(11796,2978,11796,11777,NULL,'2022-09-27 00:44:43','2022-09-27 00:44:43',NULL),(11797,2978,11797,11778,NULL,'2022-09-27 00:44:43','2022-09-27 00:44:43',NULL),(11798,2978,11798,11779,NULL,'2022-09-27 00:44:43','2022-09-27 00:44:43',NULL),(11799,2978,11799,11780,NULL,'2022-09-27 00:47:32','2022-09-27 00:47:32',NULL),(11800,2978,11800,11781,NULL,'2022-09-27 00:47:32','2022-09-27 00:47:32',NULL),(11801,2978,11801,11782,NULL,'2022-09-27 00:47:32','2022-09-27 00:47:32',NULL),(11802,2978,11802,11783,NULL,'2022-09-27 00:47:32','2022-09-27 00:47:32',NULL),(11803,2978,11803,11784,NULL,'2022-09-27 00:47:32','2022-09-27 00:47:32',NULL),(11804,2978,11804,11785,NULL,'2022-09-27 00:47:32','2022-09-27 00:47:32',NULL),(11805,2978,11805,11786,NULL,'2022-09-27 00:47:56','2022-09-27 00:47:56',NULL),(11806,2978,11806,11787,NULL,'2022-09-27 00:47:56','2022-09-27 00:47:56',NULL),(11807,2978,11807,11788,NULL,'2022-09-27 00:47:56','2022-09-27 00:47:56',NULL),(11808,2978,11808,11789,NULL,'2022-09-27 00:47:56','2022-09-27 00:47:56',NULL),(11809,2978,11809,11790,NULL,'2022-09-27 00:47:56','2022-09-27 00:47:56',NULL),(11810,2978,11810,11791,NULL,'2022-09-27 00:47:56','2022-09-27 00:47:56',NULL),(11811,2978,11811,11792,NULL,'2022-09-27 00:47:56','2022-09-27 00:47:56',NULL),(11812,2978,11812,11793,NULL,'2022-09-27 00:47:56','2022-09-27 00:47:56',NULL),(11813,2978,11813,11794,NULL,'2022-09-27 00:48:20','2022-09-27 00:48:20',NULL),(11814,2978,11814,11795,NULL,'2022-09-27 00:48:20','2022-09-27 00:48:20',NULL),(11815,2978,11815,11796,NULL,'2022-09-27 00:48:20','2022-09-27 00:48:20',NULL),(11816,2978,11816,11797,NULL,'2022-09-27 00:48:20','2022-09-27 00:48:20',NULL),(11817,2978,11817,11798,NULL,'2022-09-27 00:48:21','2022-09-27 00:48:21',NULL),(11818,2978,11818,11799,NULL,'2022-09-27 00:48:21','2022-09-27 00:48:21',NULL),(11819,2978,11819,11800,NULL,'2022-09-27 00:48:21','2022-09-27 00:48:21',NULL),(11820,2978,11820,11801,NULL,'2022-09-27 00:48:21','2022-09-27 00:48:21',NULL),(11821,2978,11821,11802,NULL,'2022-09-27 00:48:21','2022-09-27 00:48:21',NULL),(11822,2978,11822,11803,NULL,'2022-09-27 00:48:21','2022-09-27 00:48:21',NULL),(11823,2978,11823,11804,NULL,'2022-09-27 00:48:21','2022-09-27 00:48:21',NULL),(11824,2978,11824,11805,NULL,'2022-09-27 00:48:21','2022-09-27 00:48:21',NULL),(11825,2978,11825,11806,NULL,'2022-09-27 00:48:21','2022-09-27 00:48:21',NULL),(11826,2978,11826,11807,NULL,'2022-09-27 00:48:21','2022-09-27 00:48:21',NULL),(11827,2978,11827,11808,NULL,'2022-09-27 00:48:21','2022-09-27 00:48:21',NULL),(11828,2978,11828,11809,NULL,'2022-09-27 00:48:21','2022-09-27 00:48:21',NULL);
INSERT INTO `cta_cte_cliente_pivot_receipt` VALUES (11829,2978,11829,11810,NULL,'2022-09-27 00:48:21','2022-09-27 00:48:21',NULL),(11830,2978,11830,11811,NULL,'2022-09-27 00:48:21','2022-09-27 00:48:21',NULL),(11831,2978,11831,11812,NULL,'2022-09-27 00:48:53','2022-09-27 00:48:53',NULL),(11832,2978,11832,11813,NULL,'2022-09-27 00:48:53','2022-09-27 00:48:53',NULL),(11833,2978,11833,11814,NULL,'2022-09-27 00:48:53','2022-09-27 00:48:53',NULL),(11834,2978,11834,11815,NULL,'2022-09-27 00:48:53','2022-09-27 00:48:53',NULL),(11835,2978,11835,11816,NULL,'2022-09-27 00:51:28','2022-09-27 00:51:28',NULL),(11836,2978,11836,11817,NULL,'2022-09-27 00:51:28','2022-09-27 00:51:28',NULL),(11837,2978,11837,11818,NULL,'2022-09-27 00:51:28','2022-09-27 00:51:28',NULL),(11838,2978,11838,11819,NULL,'2022-09-27 00:51:28','2022-09-27 00:51:28',NULL),(11839,2978,11839,11820,NULL,'2022-09-27 00:51:28','2022-09-27 00:51:28',NULL),(11840,2978,11840,11821,NULL,'2022-09-27 00:51:28','2022-09-27 00:51:28',NULL),(11841,2978,11841,11822,NULL,'2022-09-27 00:51:28','2022-09-27 00:51:28',NULL),(11842,2978,11842,11823,NULL,'2022-09-27 00:51:28','2022-09-27 00:51:28',NULL),(11843,2978,11843,11824,NULL,'2022-09-27 00:51:28','2022-09-27 00:51:28',NULL),(11844,2978,11844,11825,NULL,'2022-09-27 00:51:28','2022-09-27 00:51:28',NULL),(11845,2978,11845,11826,NULL,'2022-09-27 00:51:28','2022-09-27 00:51:28',NULL),(11846,2978,11846,11827,NULL,'2022-09-27 00:51:28','2022-09-27 00:51:28',NULL),(11847,2978,11847,11828,NULL,'2022-09-27 00:51:29','2022-09-27 00:51:29',NULL),(11848,2978,11848,11829,NULL,'2022-09-27 00:51:29','2022-09-27 00:51:29',NULL),(11849,2978,11849,11830,NULL,'2022-09-27 00:51:29','2022-09-27 00:51:29',NULL),(11850,2978,11850,11831,NULL,'2022-09-27 00:51:29','2022-09-27 00:51:29',NULL),(11851,2978,11851,11832,NULL,'2022-09-27 00:53:29','2022-09-27 00:53:29',NULL),(11852,2978,11852,11833,NULL,'2022-09-27 00:54:37','2022-09-27 00:54:37',NULL),(11853,2978,11853,11834,NULL,'2022-09-27 00:54:37','2022-09-27 00:54:37',NULL),(11854,2978,11854,11835,NULL,'2022-09-27 00:54:37','2022-09-27 00:54:37',NULL),(11855,2978,11855,11836,NULL,'2022-09-27 00:55:35','2022-09-27 00:55:35',NULL),(11856,2978,11856,11837,NULL,'2022-09-27 00:55:35','2022-09-27 00:55:35',NULL),(11857,2978,11857,11838,NULL,'2022-09-27 00:55:35','2022-09-27 00:55:35',NULL),(11858,2978,11858,11839,NULL,'2022-09-27 00:56:34','2022-09-27 00:56:34',NULL),(11859,2978,11859,11840,NULL,'2022-09-27 00:56:34','2022-09-27 00:56:34',NULL),(11860,2978,11860,11841,NULL,'2022-09-27 00:56:34','2022-09-27 00:56:34',NULL),(11861,2978,11861,11842,NULL,'2022-09-27 00:57:12','2022-09-27 00:57:12',NULL),(11862,2978,11862,11843,NULL,'2022-09-27 00:57:12','2022-09-27 00:57:12',NULL),(11863,2978,11863,11844,NULL,'2022-09-27 00:57:12','2022-09-27 00:57:12',NULL),(11864,2978,11864,11845,NULL,'2022-09-27 00:57:12','2022-09-27 00:57:12',NULL),(11865,2978,11865,11846,NULL,'2022-09-27 00:57:45','2022-09-27 00:57:45',NULL),(11866,2978,11866,11847,NULL,'2022-09-27 00:57:45','2022-09-27 00:57:45',NULL),(11867,2978,11867,11848,NULL,'2022-09-27 00:58:34','2022-09-27 00:58:34',NULL),(11868,2978,11868,11849,NULL,'2022-09-27 00:58:34','2022-09-27 00:58:34',NULL),(11869,2978,11869,11850,NULL,'2022-09-27 00:59:28','2022-09-27 00:59:28',NULL),(11870,2978,11870,11851,NULL,'2022-09-27 01:00:07','2022-09-27 01:00:07',NULL),(11871,2978,11871,11852,NULL,'2022-09-27 01:00:07','2022-09-27 01:00:07',NULL),(11872,2978,11872,11853,NULL,'2022-09-27 01:00:07','2022-09-27 01:00:07',NULL),(11873,2978,11873,11854,NULL,'2022-09-27 01:00:07','2022-09-27 01:00:07',NULL),(11874,2978,11874,11855,NULL,'2022-09-27 01:00:07','2022-09-27 01:00:07',NULL),(11875,2978,11875,11856,NULL,'2022-09-27 01:00:36','2022-09-27 01:00:36',NULL),(11876,2978,11876,11857,NULL,'2022-09-27 01:00:36','2022-09-27 01:00:36',NULL),(11877,2978,11877,11858,NULL,'2022-09-27 01:01:03','2022-09-27 01:01:03',NULL),(11878,2978,11878,11859,NULL,'2022-09-27 01:01:46','2022-09-27 01:01:46',NULL);
INSERT INTO `cta_cte_cliente_pivot_receipt` VALUES (11879,2978,11879,11860,NULL,'2022-09-27 01:02:18','2022-09-27 01:02:18',NULL),(11880,2978,11880,11861,NULL,'2022-09-27 01:03:07','2022-09-27 01:03:07',NULL),(11881,2978,11881,11862,NULL,'2022-09-27 01:03:07','2022-09-27 01:03:07',NULL),(11882,2978,11882,11863,NULL,'2022-09-27 01:03:07','2022-09-27 01:03:07',NULL),(11883,2978,11883,11864,NULL,'2022-09-27 01:03:07','2022-09-27 01:03:07',NULL),(11884,2978,11884,11865,NULL,'2022-09-27 01:03:51','2022-09-27 01:03:51',NULL),(11885,2978,11885,11866,NULL,'2022-09-27 01:03:51','2022-09-27 01:03:51',NULL),(11886,2978,11886,11867,NULL,'2022-09-27 01:04:28','2022-09-27 01:04:28',NULL),(11887,2978,11887,11868,NULL,'2022-09-27 01:04:28','2022-09-27 01:04:28',NULL),(11888,2978,11888,11869,NULL,'2022-09-27 01:06:24','2022-09-27 01:06:24',NULL),(11889,2978,11889,11870,NULL,'2022-09-27 01:07:34','2022-09-27 01:07:34',NULL),(11890,2978,11890,11871,NULL,'2022-09-27 01:07:34','2022-09-27 01:07:34',NULL),(11891,2978,11891,11872,NULL,'2022-09-27 01:08:16','2022-09-27 01:08:16',NULL),(11892,2978,11892,11873,NULL,'2022-09-27 01:08:16','2022-09-27 01:08:16',NULL),(11893,2978,11893,11874,NULL,'2022-09-27 01:08:16','2022-09-27 01:08:16',NULL),(11894,2978,11894,11875,NULL,'2022-09-27 01:08:16','2022-09-27 01:08:16',NULL),(11895,2978,11895,11876,NULL,'2022-09-27 01:08:17','2022-09-27 01:08:17',NULL),(11896,2978,11896,11877,NULL,'2022-09-27 01:08:17','2022-09-27 01:08:17',NULL),(11897,2978,11897,11878,NULL,'2022-09-27 01:09:16','2022-09-27 01:09:16',NULL),(11898,2978,11898,11879,NULL,'2022-09-27 01:09:16','2022-09-27 01:09:16',NULL),(11899,2978,11899,11880,NULL,'2022-09-27 01:09:16','2022-09-27 01:09:16',NULL),(11900,2978,11900,11881,NULL,'2022-09-27 01:09:16','2022-09-27 01:09:16',NULL),(11901,2978,11901,11882,NULL,'2022-09-27 01:09:16','2022-09-27 01:09:16',NULL),(11902,2978,11902,11883,NULL,'2022-09-27 01:10:09','2022-09-27 01:10:09',NULL),(11903,2978,11903,11884,NULL,'2022-09-27 01:10:09','2022-09-27 01:10:09',NULL),(11904,2978,11904,11885,NULL,'2022-09-27 01:14:47','2022-09-27 01:14:47',NULL),(11905,2978,11905,11886,NULL,'2022-09-27 01:14:47','2022-09-27 01:14:47',NULL),(11906,2978,11906,11887,NULL,'2022-09-27 01:15:12','2022-09-27 01:15:12',NULL),(11907,2978,11907,11888,NULL,'2022-09-27 01:15:12','2022-09-27 01:15:12',NULL),(11908,2978,11908,11889,NULL,'2022-09-27 01:15:38','2022-09-27 01:15:38',NULL),(11909,2978,11909,11890,NULL,'2022-09-27 01:15:38','2022-09-27 01:15:38',NULL),(11910,2978,11910,11891,NULL,'2022-09-27 01:17:38','2022-09-27 01:17:38',NULL),(11911,2978,11911,11892,NULL,'2022-09-27 01:17:38','2022-09-27 01:17:38',NULL),(11912,2978,11912,11893,NULL,'2022-09-29 10:26:46','2022-09-29 10:26:46',NULL),(11913,2978,11913,11894,NULL,'2022-09-29 10:26:46','2022-09-29 10:26:46',NULL),(11914,2978,11914,11895,NULL,'2022-09-29 10:26:46','2022-09-29 10:26:46',NULL),(11915,2978,11915,11896,NULL,'2022-09-29 10:26:46','2022-09-29 10:26:46',NULL),(11916,2978,11916,11897,NULL,'2022-09-29 10:26:46','2022-09-29 10:26:46',NULL),(11917,2978,11917,11898,NULL,'2022-09-29 10:26:46','2022-09-29 10:26:46',NULL),(11918,2978,11918,11899,NULL,'2022-10-06 00:49:37','2022-10-06 00:49:37',NULL),(11919,2978,11919,11900,NULL,'2022-10-06 00:49:37','2022-10-06 00:49:37',NULL),(11920,2978,11920,11901,NULL,'2022-10-06 00:49:37','2022-10-06 00:49:37',NULL),(11921,2978,11921,11902,NULL,'2022-10-06 00:49:37','2022-10-06 00:49:37',NULL),(11922,2978,11922,11903,NULL,'2022-10-06 00:49:37','2022-10-06 00:49:37',NULL),(11923,2978,11923,11904,NULL,'2022-10-06 00:49:37','2022-10-06 00:49:37',NULL),(11924,2978,11924,11905,NULL,'2022-10-06 00:49:37','2022-10-06 00:49:37',NULL),(11925,2978,11925,11906,NULL,'2022-10-06 00:49:37','2022-10-06 00:49:37',NULL),(11926,2978,11926,11907,NULL,'2022-10-06 00:49:37','2022-10-06 00:49:37',NULL),(11927,2978,11927,11908,NULL,'2022-10-06 00:49:37','2022-10-06 00:49:37',NULL),(11928,2978,11928,11909,NULL,'2022-10-06 00:51:07','2022-10-06 00:51:07',NULL);
INSERT INTO `cta_cte_cliente_pivot_receipt` VALUES (11929,2978,11929,11910,NULL,'2022-10-06 00:51:07','2022-10-06 00:51:07',NULL),(11930,2978,11930,11911,NULL,'2022-10-06 00:51:07','2022-10-06 00:51:07',NULL),(11931,2978,11931,11912,NULL,'2022-10-06 00:51:07','2022-10-06 00:51:07',NULL),(11932,2978,11932,11913,NULL,'2022-10-06 01:03:44','2022-10-06 01:03:44',NULL),(11933,2978,11933,11914,NULL,'2022-10-06 01:05:02','2022-10-06 01:05:02',NULL),(11934,2978,11934,11915,NULL,'2022-10-06 01:11:54','2022-10-06 01:11:54',NULL),(11935,2978,11935,11916,NULL,'2022-10-06 01:11:54','2022-10-06 01:11:54',NULL),(11936,2978,11936,11917,NULL,'2022-10-06 01:11:54','2022-10-06 01:11:54',NULL),(11937,2978,11937,11918,NULL,'2022-10-06 01:11:54','2022-10-06 01:11:54',NULL),(11938,2978,11938,11919,NULL,'2022-10-06 01:11:54','2022-10-06 01:11:54',NULL),(11939,2978,11939,11920,NULL,'2022-10-06 01:12:41','2022-10-06 01:12:41',NULL),(11940,2978,11940,11921,NULL,'2022-11-24 22:00:13','2022-11-24 22:00:13',NULL),(11941,2978,11941,11922,NULL,'2022-11-24 22:00:13','2022-11-24 22:00:13',NULL),(11942,2978,11942,11923,NULL,'2022-11-24 22:00:13','2022-11-24 22:00:13',NULL),(11943,2978,11943,11924,NULL,'2022-11-24 22:00:14','2022-11-24 22:00:14',NULL),(11944,2978,11944,11925,NULL,'2022-11-24 22:00:14','2022-11-24 22:00:14',NULL),(11945,2978,11945,11926,NULL,'2022-11-24 22:00:14','2022-11-24 22:00:14',NULL),(11946,2978,11946,11927,NULL,'2022-11-24 22:00:14','2022-11-24 22:00:14',NULL),(11947,2978,11947,11928,NULL,'2022-11-24 22:00:14','2022-11-24 22:00:14',NULL),(11948,2978,11948,11929,NULL,'2022-11-24 22:00:14','2022-11-24 22:00:14',NULL),(11949,2978,11949,11930,NULL,'2022-11-24 22:00:14','2022-11-24 22:00:14',NULL),(11950,2978,11950,11931,NULL,'2022-11-24 22:00:14','2022-11-24 22:00:14',NULL),(11951,2978,11951,11932,NULL,'2022-11-24 22:00:14','2022-11-24 22:00:14',NULL),(11952,2978,11952,11933,NULL,'2022-11-24 22:00:14','2022-11-24 22:00:14',NULL),(11953,2978,11953,11934,NULL,'2022-11-24 22:00:14','2022-11-24 22:00:14',NULL),(11954,2978,11954,11935,NULL,'2022-11-24 22:00:14','2022-11-24 22:00:14',NULL),(11955,2978,11955,11936,NULL,'2022-11-24 22:00:14','2022-11-24 22:00:14',NULL),(11956,2978,11956,11937,NULL,'2022-11-24 22:00:14','2022-11-24 22:00:14',NULL),(11957,2978,11957,11938,NULL,'2022-11-24 22:00:14','2022-11-24 22:00:14',NULL),(11958,2978,11958,11939,NULL,'2022-11-24 22:00:14','2022-11-24 22:00:14',NULL),(11959,2978,11959,11940,NULL,'2022-11-24 22:00:14','2022-11-24 22:00:14',NULL),(11960,2978,11960,11941,NULL,'2022-11-24 22:00:14','2022-11-24 22:00:14',NULL),(11961,2978,11961,11942,NULL,'2022-11-24 22:00:14','2022-11-24 22:00:14',NULL),(11962,2978,11962,11943,NULL,'2022-11-24 22:00:14','2022-11-24 22:00:14',NULL),(11963,2978,11963,11944,NULL,'2022-11-24 22:00:14','2022-11-24 22:00:14',NULL),(11964,2978,11964,11945,NULL,'2022-11-24 22:00:15','2022-11-24 22:00:15',NULL),(11965,2978,11965,11946,NULL,'2022-11-24 22:00:15','2022-11-24 22:00:15',NULL),(11966,2978,11966,11947,NULL,'2022-11-24 22:00:15','2022-11-24 22:00:15',NULL),(11967,2978,11967,11948,NULL,'2022-11-24 22:00:15','2022-11-24 22:00:15',NULL),(11968,2978,11968,11949,NULL,'2022-11-24 22:00:15','2022-11-24 22:00:15',NULL),(11969,2978,11969,11950,NULL,'2022-11-24 22:00:15','2022-11-24 22:00:15',NULL),(11970,2978,11970,11951,NULL,'2022-11-24 22:00:15','2022-11-24 22:00:15',NULL),(11971,2978,11971,11952,NULL,'2022-11-24 22:00:15','2022-11-24 22:00:15',NULL),(11972,2978,11972,11953,NULL,'2022-11-24 22:00:15','2022-11-24 22:00:15',NULL),(11973,2978,11973,11954,NULL,'2022-11-24 22:00:15','2022-11-24 22:00:15',NULL),(11974,2978,11974,11955,NULL,'2022-11-24 22:00:15','2022-11-24 22:00:15',NULL),(11975,2978,11975,11956,NULL,'2022-11-24 22:00:15','2022-11-24 22:00:15',NULL),(11976,2978,11976,11957,NULL,'2022-11-24 22:00:15','2022-11-24 22:00:15',NULL),(11977,2978,11977,11958,NULL,'2022-11-24 22:00:15','2022-11-24 22:00:15',NULL),(11978,2978,11978,11959,NULL,'2022-11-24 22:00:15','2022-11-24 22:00:15',NULL);
INSERT INTO `cta_cte_cliente_pivot_receipt` VALUES (11979,2978,11979,11960,NULL,'2022-11-24 22:00:15','2022-11-24 22:00:15',NULL),(11980,2978,11980,11961,NULL,'2022-11-24 22:00:15','2022-11-24 22:00:15',NULL),(11981,2978,11981,11962,NULL,'2022-11-24 22:00:15','2022-11-24 22:00:15',NULL),(11982,2978,11982,11963,NULL,'2022-11-24 22:00:15','2022-11-24 22:00:15',NULL),(11983,2978,11983,11964,NULL,'2022-11-24 22:00:15','2022-11-24 22:00:15',NULL),(11984,2978,11984,11965,NULL,'2022-11-24 22:00:16','2022-11-24 22:00:16',NULL),(11985,2978,11985,11966,NULL,'2022-11-24 22:00:16','2022-11-24 22:00:16',NULL),(11986,2978,11986,11967,NULL,'2022-11-24 22:00:16','2022-11-24 22:00:16',NULL),(11987,2978,11987,11968,NULL,'2022-11-24 22:00:16','2022-11-24 22:00:16',NULL),(11988,2978,11988,11969,NULL,'2022-11-24 22:00:16','2022-11-24 22:00:16',NULL),(11989,2978,11989,11970,NULL,'2022-11-24 22:00:16','2022-11-24 22:00:16',NULL),(11990,2978,11990,11971,NULL,'2022-11-24 22:00:16','2022-11-24 22:00:16',NULL),(11991,2978,11991,11972,NULL,'2022-11-24 22:00:16','2022-11-24 22:00:16',NULL),(11992,2978,11992,11973,NULL,'2022-11-24 22:00:16','2022-11-24 22:00:16',NULL),(11993,2978,11993,11974,NULL,'2022-11-24 22:00:16','2022-11-24 22:00:16',NULL),(11994,2978,11994,11975,NULL,'2022-11-24 22:00:16','2022-11-24 22:00:16',NULL),(11995,2978,11995,11976,NULL,'2022-11-24 22:00:16','2022-11-24 22:00:16',NULL),(11996,2978,11996,11977,NULL,'2022-11-24 22:00:16','2022-11-24 22:00:16',NULL),(11997,2978,11997,11978,NULL,'2022-11-24 22:00:16','2022-11-24 22:00:16',NULL),(11998,2978,11998,11979,NULL,'2022-11-24 22:00:16','2022-11-24 22:00:16',NULL),(11999,2978,11999,11980,NULL,'2022-11-24 22:00:16','2022-11-24 22:00:16',NULL),(12000,2978,12000,11981,NULL,'2022-11-24 22:00:16','2022-11-24 22:00:16',NULL),(12001,2978,12001,11982,NULL,'2022-11-24 22:00:16','2022-11-24 22:00:16',NULL),(12002,2978,12002,11983,NULL,'2022-11-24 22:00:16','2022-11-24 22:00:16',NULL),(12003,2978,12003,11984,NULL,'2022-11-24 22:00:16','2022-11-24 22:00:16',NULL),(12004,2978,12004,11985,NULL,'2022-11-24 22:00:17','2022-11-24 22:00:17',NULL),(12005,2978,12005,11986,NULL,'2022-11-24 22:00:17','2022-11-24 22:00:17',NULL),(12006,2978,12006,11987,NULL,'2022-11-24 22:00:17','2022-11-24 22:00:17',NULL),(12007,2978,12007,11988,NULL,'2022-11-24 22:00:17','2022-11-24 22:00:17',NULL),(12008,2978,12008,11989,NULL,'2022-11-24 22:00:17','2022-11-24 22:00:17',NULL),(12009,2978,12009,11990,NULL,'2022-11-24 22:00:17','2022-11-24 22:00:17',NULL),(12010,2978,12010,11991,NULL,'2022-11-24 22:00:17','2022-11-24 22:00:17',NULL),(12011,2978,12011,11992,NULL,'2022-11-24 22:00:17','2022-11-24 22:00:17',NULL),(12012,2978,12012,11993,NULL,'2022-11-24 22:00:17','2022-11-24 22:00:17',NULL),(12013,2978,12013,11994,NULL,'2022-11-24 22:00:17','2022-11-24 22:00:17',NULL),(12014,2978,12014,11995,NULL,'2022-11-24 22:00:17','2022-11-24 22:00:17',NULL),(12015,2978,12015,11996,NULL,'2022-11-24 22:00:17','2022-11-24 22:00:17',NULL),(12016,2978,12016,11997,NULL,'2022-11-24 22:00:17','2022-11-24 22:00:17',NULL),(12017,2978,12017,11998,NULL,'2022-11-24 22:00:17','2022-11-24 22:00:17',NULL),(12018,2978,12018,11999,NULL,'2022-11-24 22:00:17','2022-11-24 22:00:17',NULL),(12019,2978,12019,12000,NULL,'2022-11-24 22:00:17','2022-11-24 22:00:17',NULL),(12020,2978,12020,12001,NULL,'2022-11-24 22:00:17','2022-11-24 22:00:17',NULL),(12021,2978,12021,12002,NULL,'2022-11-24 22:00:17','2022-11-24 22:00:17',NULL),(12022,2978,12022,12003,NULL,'2022-11-24 22:00:17','2022-11-24 22:00:17',NULL),(12023,2978,12023,12004,NULL,'2022-11-24 22:00:17','2022-11-24 22:00:17',NULL),(12024,2978,12024,12005,NULL,'2022-11-24 22:00:18','2022-11-24 22:00:18',NULL),(12025,2978,12025,12006,NULL,'2022-11-24 22:00:18','2022-11-24 22:00:18',NULL),(12026,2978,12026,12007,NULL,'2022-11-24 22:00:18','2022-11-24 22:00:18',NULL),(12027,2978,12027,12008,NULL,'2022-11-24 22:00:18','2022-11-24 22:00:18',NULL),(12028,2978,12028,12009,NULL,'2022-11-24 22:00:18','2022-11-24 22:00:18',NULL);
INSERT INTO `cta_cte_cliente_pivot_receipt` VALUES (12029,2978,12029,12010,NULL,'2022-11-24 22:03:59','2022-11-24 22:03:59',NULL),(12030,2978,12030,12011,NULL,'2022-11-24 22:03:59','2022-11-24 22:03:59',NULL),(12031,2978,12031,12012,NULL,'2022-11-24 22:03:59','2022-11-24 22:03:59',NULL),(12032,2978,12032,12013,NULL,'2022-11-24 22:03:59','2022-11-24 22:03:59',NULL),(12033,2978,12033,12014,NULL,'2022-11-24 22:03:59','2022-11-24 22:03:59',NULL),(12034,2978,12034,12015,NULL,'2022-11-24 22:04:59','2022-11-24 22:04:59',NULL),(12035,2978,12035,12016,NULL,'2022-11-24 22:04:59','2022-11-24 22:04:59',NULL),(12036,2978,12036,12017,NULL,'2022-11-24 22:04:59','2022-11-24 22:04:59',NULL),(12037,2978,12037,12018,NULL,'2022-11-24 22:04:59','2022-11-24 22:04:59',NULL),(12038,2978,12038,12019,NULL,'2022-11-24 22:04:59','2022-11-24 22:04:59',NULL),(12039,2978,12039,12020,NULL,'2022-11-24 22:04:59','2022-11-24 22:04:59',NULL),(12040,2978,12040,12021,NULL,'2022-11-24 22:04:59','2022-11-24 22:04:59',NULL),(12041,2978,12041,12022,NULL,'2022-11-24 22:04:59','2022-11-24 22:04:59',NULL),(12042,2978,12042,12023,NULL,'2022-11-24 22:08:20','2022-11-24 22:08:20',NULL),(12043,2978,12043,12024,NULL,'2022-11-24 22:08:20','2022-11-24 22:08:20',NULL),(12044,2978,12044,12025,NULL,'2022-11-24 22:08:20','2022-11-24 22:08:20',NULL),(12045,2978,12045,12026,NULL,'2022-11-24 22:08:20','2022-11-24 22:08:20',NULL),(12046,2978,12046,12027,NULL,'2022-11-24 22:08:20','2022-11-24 22:08:20',NULL),(12047,2978,12047,12028,NULL,'2022-11-24 22:08:20','2022-11-24 22:08:20',NULL),(12048,2978,12048,12029,NULL,'2022-11-24 22:08:20','2022-11-24 22:08:20',NULL),(12049,2978,12049,12030,NULL,'2022-11-24 22:08:21','2022-11-24 22:08:21',NULL),(12050,2978,12050,12031,NULL,'2022-11-24 22:08:21','2022-11-24 22:08:21',NULL),(12051,2978,12051,12032,NULL,'2022-11-24 22:08:21','2022-11-24 22:08:21',NULL),(12052,2978,12052,12033,NULL,'2022-11-24 22:08:21','2022-11-24 22:08:21',NULL),(12053,2978,12053,12034,NULL,'2022-11-24 22:08:21','2022-11-24 22:08:21',NULL),(12054,2978,12054,12035,NULL,'2022-11-24 22:09:15','2022-11-24 22:09:15',NULL),(12055,2978,12055,12036,NULL,'2022-11-24 22:09:15','2022-11-24 22:09:15',NULL),(12056,2978,12056,12037,NULL,'2022-11-24 22:09:15','2022-11-24 22:09:15',NULL),(12057,2978,12057,12038,NULL,'2022-11-24 22:09:15','2022-11-24 22:09:15',NULL),(12058,2978,12058,12039,NULL,'2022-11-24 22:09:15','2022-11-24 22:09:15',NULL),(12059,2978,12059,12040,NULL,'2022-11-24 22:09:15','2022-11-24 22:09:15',NULL),(12060,2978,12060,12041,NULL,'2022-11-24 22:12:47','2022-11-24 22:12:47',NULL),(12061,2978,12061,12042,NULL,'2022-11-24 22:14:51','2022-11-24 22:14:51',NULL),(12062,2978,12062,12043,NULL,'2022-11-24 22:14:52','2022-11-24 22:14:52',NULL),(12063,2978,12063,12044,NULL,'2022-11-24 22:16:09','2022-11-24 22:16:09',NULL),(12064,2978,12064,12045,NULL,'2022-11-24 22:16:09','2022-11-24 22:16:09',NULL),(12065,2978,12065,12046,NULL,'2022-11-24 22:16:09','2022-11-24 22:16:09',NULL),(12066,2978,12066,12047,NULL,'2022-11-24 22:16:09','2022-11-24 22:16:09',NULL),(12067,2978,12067,12048,NULL,'2022-11-24 22:16:09','2022-11-24 22:16:09',NULL),(12068,2978,12068,12049,NULL,'2022-11-24 22:16:58','2022-11-24 22:16:58',NULL),(12069,2978,12069,12050,NULL,'2022-11-24 22:16:58','2022-11-24 22:16:58',NULL),(12070,2978,12070,12051,NULL,'2022-11-24 22:16:58','2022-11-24 22:16:58',NULL),(12071,2978,12071,12052,NULL,'2022-11-24 22:20:28','2022-11-24 22:20:28',NULL),(12072,2978,12072,12053,NULL,'2022-11-24 22:20:28','2022-11-24 22:20:28',NULL),(12073,2978,12073,12054,NULL,'2022-11-24 22:20:28','2022-11-24 22:20:28',NULL),(12074,2978,12074,12055,NULL,'2022-11-24 22:20:28','2022-11-24 22:20:28',NULL),(12075,2978,12075,12056,NULL,'2022-11-24 22:21:20','2022-11-24 22:21:20',NULL),(12155,2978,12155,12136,NULL,'2022-11-25 00:16:40','2022-11-25 00:16:40',NULL),(12156,2978,12156,12137,NULL,'2022-11-25 00:17:09','2022-11-25 00:17:09',NULL),(12157,2978,12157,12138,NULL,'2022-11-25 00:17:39','2022-11-25 00:17:39',NULL);
INSERT INTO `cta_cte_cliente_pivot_receipt` VALUES (12158,2978,12158,12139,NULL,'2022-11-25 00:18:55','2022-11-25 00:18:55',NULL),(12159,2978,12159,12140,NULL,'2022-11-25 00:18:55','2022-11-25 00:18:55',NULL),(12160,2978,12160,12141,NULL,'2022-11-25 00:18:55','2022-11-25 00:18:55',NULL),(12161,2978,12161,12142,NULL,'2022-11-25 00:18:55','2022-11-25 00:18:55',NULL),(12162,2978,12162,12143,NULL,'2022-11-25 00:18:55','2022-11-25 00:18:55',NULL),(12163,2978,12163,12144,NULL,'2022-11-25 00:18:55','2022-11-25 00:18:55',NULL),(12164,2978,12164,12145,NULL,'2022-11-25 00:18:55','2022-11-25 00:18:55',NULL),(12165,2978,12165,12146,NULL,'2022-11-25 00:18:55','2022-11-25 00:18:55',NULL),(12166,2978,12166,12147,NULL,'2022-11-25 00:18:55','2022-11-25 00:18:55',NULL),(12167,2978,12167,12148,NULL,'2022-11-25 00:18:55','2022-11-25 00:18:55',NULL),(12168,2978,12168,12149,NULL,'2022-11-25 00:18:55','2022-11-25 00:18:55',NULL),(12169,2978,12169,12150,NULL,'2022-11-25 00:18:55','2022-11-25 00:18:55',NULL),(12170,2978,12170,12151,NULL,'2022-11-25 00:18:55','2022-11-25 00:18:55',NULL),(12171,2978,12171,12152,NULL,'2022-11-25 00:18:55','2022-11-25 00:18:55',NULL),(12172,2978,12172,12153,NULL,'2022-11-25 00:18:55','2022-11-25 00:18:55',NULL),(12173,2978,12173,12154,NULL,'2022-11-25 00:18:55','2022-11-25 00:18:55',NULL),(12174,2978,12174,12155,NULL,'2022-11-25 00:18:55','2022-11-25 00:18:55',NULL),(12175,2978,12175,12156,NULL,'2022-11-25 00:18:55','2022-11-25 00:18:55',NULL),(12176,2978,12176,12157,NULL,'2022-11-25 00:19:48','2022-11-25 00:19:48',NULL),(12177,2978,12177,12158,NULL,'2022-11-25 00:19:48','2022-11-25 00:19:48',NULL),(12178,2978,12178,12159,NULL,'2022-11-25 00:19:48','2022-11-25 00:19:48',NULL),(12179,2978,12179,12160,NULL,'2022-11-25 00:19:48','2022-11-25 00:19:48',NULL),(12180,2978,12180,12161,NULL,'2022-11-25 00:19:48','2022-11-25 00:19:48',NULL),(12181,2978,12181,12162,NULL,'2022-11-25 00:19:48','2022-11-25 00:19:48',NULL),(12182,2978,12182,12163,NULL,'2022-11-25 00:19:48','2022-11-25 00:19:48',NULL),(12183,2978,12183,12164,NULL,'2022-11-25 00:19:48','2022-11-25 00:19:48',NULL),(12184,2978,12184,12165,NULL,'2022-11-25 00:19:48','2022-11-25 00:19:48',NULL),(12185,2978,12185,12166,NULL,'2022-11-25 00:19:48','2022-11-25 00:19:48',NULL),(12186,2978,12186,12167,NULL,'2022-11-25 00:19:48','2022-11-25 00:19:48',NULL),(12187,2978,12187,12168,NULL,'2022-11-25 00:19:48','2022-11-25 00:19:48',NULL),(12188,2978,12188,12169,NULL,'2022-11-25 00:19:48','2022-11-25 00:19:48',NULL),(12189,2978,12189,12170,NULL,'2022-11-25 00:19:48','2022-11-25 00:19:48',NULL),(12190,2978,12190,12171,NULL,'2022-11-25 00:19:48','2022-11-25 00:19:48',NULL),(12191,2978,12191,12172,NULL,'2022-11-25 00:19:48','2022-11-25 00:19:48',NULL),(12192,2978,12192,12173,NULL,'2022-11-25 00:19:48','2022-11-25 00:19:48',NULL),(12193,2978,12193,12174,NULL,'2022-11-25 00:19:48','2022-11-25 00:19:48',NULL),(12194,2978,12194,12175,NULL,'2022-11-25 00:19:48','2022-11-25 00:19:48',NULL),(12195,2978,12195,12176,NULL,'2022-11-25 00:20:23','2022-11-25 00:20:23',NULL),(12196,2978,12196,12177,NULL,'2022-11-25 00:20:23','2022-11-25 00:20:23',NULL),(12197,2978,12197,12178,NULL,'2022-11-25 00:20:23','2022-11-25 00:20:23',NULL),(12198,2978,12198,12179,NULL,'2022-11-25 00:20:23','2022-11-25 00:20:23',NULL),(12199,2978,12199,12180,NULL,'2022-11-25 00:20:23','2022-11-25 00:20:23',NULL),(12200,2978,12200,12181,NULL,'2022-11-25 00:20:23','2022-11-25 00:20:23',NULL),(12201,2978,12201,12182,NULL,'2022-11-25 00:20:23','2022-11-25 00:20:23',NULL),(12202,2978,12202,12183,NULL,'2022-11-25 00:20:23','2022-11-25 00:20:23',NULL),(12203,2978,12203,12184,NULL,'2022-11-25 00:20:23','2022-11-25 00:20:23',NULL),(12204,2978,12204,12185,NULL,'2022-11-25 00:20:23','2022-11-25 00:20:23',NULL),(12205,2978,12205,12186,NULL,'2022-11-25 00:20:23','2022-11-25 00:20:23',NULL),(12206,2978,12206,12187,NULL,'2022-11-25 00:20:23','2022-11-25 00:20:23',NULL),(12207,2978,12207,12188,NULL,'2022-11-25 00:20:23','2022-11-25 00:20:23',NULL);
INSERT INTO `cta_cte_cliente_pivot_receipt` VALUES (12208,2978,12208,12189,NULL,'2022-11-25 00:20:23','2022-11-25 00:20:23',NULL),(12209,2978,12209,12190,NULL,'2022-11-25 00:20:23','2022-11-25 00:20:23',NULL),(12210,2978,12210,12191,NULL,'2022-11-25 00:20:23','2022-11-25 00:20:23',NULL),(12211,2978,12211,12192,NULL,'2022-11-25 00:20:23','2022-11-25 00:20:23',NULL),(12212,2978,12212,12193,NULL,'2022-11-25 00:20:23','2022-11-25 00:20:23',NULL),(12213,2978,12213,12194,NULL,'2022-11-25 00:20:23','2022-11-25 00:20:23',NULL),(12214,2978,12214,12195,NULL,'2022-11-25 00:20:24','2022-11-25 00:20:24',NULL),(12215,2978,12215,12196,NULL,'2022-11-25 00:20:24','2022-11-25 00:20:24',NULL),(12216,2978,12216,12197,NULL,'2022-11-25 00:20:24','2022-11-25 00:20:24',NULL),(12217,2978,12217,12198,NULL,'2022-11-25 00:20:24','2022-11-25 00:20:24',NULL),(12218,2978,12218,12199,NULL,'2022-11-25 00:20:24','2022-11-25 00:20:24',NULL),(12219,2978,12219,12200,NULL,'2022-11-25 00:20:24','2022-11-25 00:20:24',NULL),(12220,2978,12220,12201,NULL,'2022-11-25 00:22:02','2022-11-25 00:22:02',NULL),(12221,2978,12221,12202,NULL,'2022-11-25 00:22:52','2022-11-25 00:22:52',NULL),(12222,2978,12222,12203,NULL,'2022-11-25 00:22:52','2022-11-25 00:22:52',NULL),(12223,2978,12223,12204,NULL,'2022-11-25 00:22:52','2022-11-25 00:22:52',NULL),(12224,2978,12224,12205,NULL,'2022-11-25 00:22:52','2022-11-25 00:22:52',NULL),(12225,2978,12225,12206,NULL,'2022-11-25 00:22:52','2022-11-25 00:22:52',NULL),(12226,2978,12226,12207,NULL,'2022-11-25 00:22:52','2022-11-25 00:22:52',NULL),(12227,2978,12227,12208,NULL,'2022-11-25 00:22:53','2022-11-25 00:22:53',NULL),(12228,2978,12228,12209,NULL,'2022-11-25 00:22:53','2022-11-25 00:22:53',NULL),(12229,2978,12229,12210,NULL,'2022-11-25 00:22:53','2022-11-25 00:22:53',NULL),(12230,2978,12230,12211,NULL,'2022-11-25 00:22:53','2022-11-25 00:22:53',NULL),(12231,2978,12231,12212,NULL,'2022-11-25 00:22:53','2022-11-25 00:22:53',NULL),(12232,2978,12232,12213,NULL,'2022-11-25 00:22:53','2022-11-25 00:22:53',NULL),(12233,2978,12233,12214,NULL,'2022-11-25 00:22:53','2022-11-25 00:22:53',NULL),(12234,2978,12234,12215,NULL,'2022-11-25 00:22:53','2022-11-25 00:22:53',NULL),(12235,2978,12235,12216,NULL,'2022-11-25 00:22:53','2022-11-25 00:22:53',NULL),(12236,2978,12236,12217,NULL,'2022-11-25 00:22:53','2022-11-25 00:22:53',NULL),(12237,2978,12237,12218,NULL,'2022-11-25 00:22:53','2022-11-25 00:22:53',NULL),(12238,2978,12238,12219,NULL,'2022-11-25 00:22:53','2022-11-25 00:22:53',NULL),(12239,2978,12239,12220,NULL,'2022-11-25 00:22:53','2022-11-25 00:22:53',NULL),(12240,2978,12240,12221,NULL,'2022-11-25 00:22:53','2022-11-25 00:22:53',NULL),(12241,2978,12241,12222,NULL,'2022-11-25 00:22:53','2022-11-25 00:22:53',NULL),(12242,2978,12242,12223,NULL,'2022-11-25 00:22:53','2022-11-25 00:22:53',NULL),(12243,2978,12243,12224,NULL,'2022-11-25 00:22:53','2022-11-25 00:22:53',NULL),(12244,2978,12244,12225,NULL,'2022-11-25 00:27:27','2022-11-25 00:27:27',NULL),(12245,2978,12245,12226,NULL,'2022-11-25 00:27:27','2022-11-25 00:27:27',NULL),(12246,2978,12246,12227,NULL,'2022-11-25 00:27:27','2022-11-25 00:27:27',NULL),(12247,2978,12247,12228,NULL,'2022-11-25 00:27:27','2022-11-25 00:27:27',NULL),(12248,2978,12248,12229,NULL,'2022-11-25 00:27:27','2022-11-25 00:27:27',NULL),(12249,2978,12249,12230,NULL,'2022-11-25 00:27:27','2022-11-25 00:27:27',NULL),(12250,2978,12250,12231,NULL,'2022-11-25 00:28:19','2022-11-25 00:28:19',NULL),(12251,2978,12251,12232,NULL,'2022-11-25 00:28:19','2022-11-25 00:28:19',NULL),(12252,2978,12252,12233,NULL,'2022-11-25 00:28:19','2022-11-25 00:28:19',NULL),(12253,2978,12253,12234,NULL,'2022-11-25 00:28:19','2022-11-25 00:28:19',NULL),(12254,2978,12254,12235,NULL,'2022-11-25 00:33:27','2022-11-25 00:33:27',NULL),(12255,2978,12255,12236,NULL,'2022-11-25 00:33:27','2022-11-25 00:33:27',NULL),(12256,2978,12256,12237,NULL,'2022-11-25 00:33:41','2022-11-25 00:33:41',NULL),(12257,2978,12257,12238,NULL,'2022-11-25 00:33:41','2022-11-25 00:33:41',NULL);
INSERT INTO `cta_cte_cliente_pivot_receipt` VALUES (12258,2978,12258,12239,NULL,'2022-11-25 00:33:41','2022-11-25 00:33:41',NULL),(12259,2978,12259,12240,NULL,'2022-11-25 00:33:59','2022-11-25 00:33:59',NULL),(12260,2978,12260,12241,NULL,'2022-11-25 00:33:59','2022-11-25 00:33:59',NULL),(12261,2978,12261,12242,NULL,'2022-11-25 00:33:59','2022-11-25 00:33:59',NULL),(12262,2978,12262,12243,NULL,'2022-11-25 00:34:00','2022-11-25 00:34:00',NULL),(12263,2978,12263,12244,NULL,'2022-11-25 00:34:00','2022-11-25 00:34:00',NULL),(12264,2978,12264,12245,NULL,'2022-11-25 00:34:00','2022-11-25 00:34:00',NULL),(12265,2978,12265,12246,NULL,'2022-11-25 00:34:00','2022-11-25 00:34:00',NULL),(12266,2978,12266,12247,NULL,'2022-11-25 00:34:00','2022-11-25 00:34:00',NULL),(12267,2978,12267,12248,NULL,'2022-11-25 00:34:00','2022-11-25 00:34:00',NULL),(12268,2978,12268,12249,NULL,'2022-11-25 00:41:22','2022-11-25 00:41:22',NULL),(12269,2978,12269,12250,NULL,'2022-11-25 00:41:22','2022-11-25 00:41:22',NULL),(12270,2978,12270,12251,NULL,'2022-11-25 00:41:22','2022-11-25 00:41:22',NULL),(12271,2978,12271,12252,NULL,'2022-11-25 00:41:22','2022-11-25 00:41:22',NULL),(12272,2978,12272,12253,NULL,'2022-11-25 00:41:22','2022-11-25 00:41:22',NULL),(12273,2978,12273,12254,NULL,'2022-11-25 00:41:22','2022-11-25 00:41:22',NULL),(12274,2978,12274,12255,NULL,'2022-11-25 00:41:22','2022-11-25 00:41:22',NULL),(12275,2978,12275,12256,NULL,'2022-11-25 00:41:23','2022-11-25 00:41:23',NULL),(12276,2978,12276,12257,NULL,'2022-11-25 00:41:23','2022-11-25 00:41:23',NULL),(12277,2978,12277,12258,NULL,'2022-11-25 00:41:23','2022-11-25 00:41:23',NULL),(12278,2978,12278,12259,NULL,'2022-11-25 00:41:23','2022-11-25 00:41:23',NULL),(12279,2978,12279,12260,NULL,'2022-11-25 00:41:23','2022-11-25 00:41:23',NULL),(12280,2978,12280,12261,NULL,'2022-11-25 00:41:23','2022-11-25 00:41:23',NULL),(12281,2978,12281,12262,NULL,'2022-11-25 00:41:23','2022-11-25 00:41:23',NULL),(12282,2978,12282,12263,NULL,'2022-11-25 00:41:24','2022-11-25 00:41:24',NULL),(12283,2978,12283,12264,NULL,'2022-11-25 00:41:24','2022-11-25 00:41:24',NULL),(12284,2978,12284,12265,NULL,'2022-11-25 00:41:24','2022-11-25 00:41:24',NULL),(12285,2978,12285,12266,NULL,'2022-11-25 00:41:24','2022-11-25 00:41:24',NULL),(12286,2978,12286,12267,NULL,'2022-11-25 00:41:24','2022-11-25 00:41:24',NULL),(12287,2978,12287,12268,NULL,'2022-11-25 00:41:24','2022-11-25 00:41:24',NULL),(12288,2978,12288,12269,NULL,'2022-11-25 00:41:24','2022-11-25 00:41:24',NULL),(12289,2978,12289,12270,NULL,'2022-11-25 00:41:24','2022-11-25 00:41:24',NULL),(12290,2978,12290,12271,NULL,'2022-11-25 00:41:24','2022-11-25 00:41:24',NULL),(12291,2978,12291,12272,NULL,'2022-11-25 00:41:24','2022-11-25 00:41:24',NULL),(12292,2978,12292,12273,NULL,'2022-11-25 00:41:25','2022-11-25 00:41:25',NULL),(12293,2978,12293,12274,NULL,'2022-11-25 00:41:25','2022-11-25 00:41:25',NULL),(12294,2978,12294,12275,NULL,'2022-11-25 00:41:25','2022-11-25 00:41:25',NULL),(12295,2978,12295,12276,NULL,'2022-11-25 00:41:25','2022-11-25 00:41:25',NULL),(12296,2978,12296,12277,NULL,'2022-11-25 00:41:25','2022-11-25 00:41:25',NULL),(12297,2978,12297,12278,NULL,'2022-11-25 00:41:25','2022-11-25 00:41:25',NULL),(12298,2978,12298,12279,NULL,'2022-11-25 00:41:25','2022-11-25 00:41:25',NULL),(12299,2978,12299,12280,NULL,'2022-11-25 00:41:25','2022-11-25 00:41:25',NULL),(12300,2978,12300,12281,NULL,'2022-11-25 00:41:26','2022-11-25 00:41:26',NULL),(12301,2978,12301,12282,NULL,'2022-11-25 00:41:26','2022-11-25 00:41:26',NULL),(12302,2978,12302,12283,NULL,'2022-11-25 00:41:26','2022-11-25 00:41:26',NULL),(12303,2978,12303,12284,NULL,'2022-11-25 00:41:26','2022-11-25 00:41:26',NULL),(12304,2978,12304,12285,NULL,'2022-11-25 00:41:26','2022-11-25 00:41:26',NULL),(12305,2978,12305,12286,NULL,'2022-11-25 00:41:26','2022-11-25 00:41:26',NULL),(12306,2978,12306,12287,NULL,'2022-11-25 00:41:26','2022-11-25 00:41:26',NULL),(12307,2978,12307,12288,NULL,'2022-11-25 00:41:26','2022-11-25 00:41:26',NULL);
INSERT INTO `cta_cte_cliente_pivot_receipt` VALUES (12308,2978,12308,12289,NULL,'2022-11-25 00:41:26','2022-11-25 00:41:26',NULL),(12309,2978,12309,12290,NULL,'2022-11-25 00:41:27','2022-11-25 00:41:27',NULL),(12310,2978,12310,12291,NULL,'2022-11-25 00:41:27','2022-11-25 00:41:27',NULL),(12311,2978,12311,12292,NULL,'2022-11-25 00:41:27','2022-11-25 00:41:27',NULL),(12312,2978,12312,12293,NULL,'2022-11-25 00:41:27','2022-11-25 00:41:27',NULL),(12313,2978,12313,12294,NULL,'2022-11-25 00:41:27','2022-11-25 00:41:27',NULL),(12314,2978,12314,12295,NULL,'2022-11-25 00:41:27','2022-11-25 00:41:27',NULL),(12315,2978,12315,12296,NULL,'2022-11-25 00:41:27','2022-11-25 00:41:27',NULL),(12316,2978,12316,12297,NULL,'2022-11-25 00:41:27','2022-11-25 00:41:27',NULL),(12317,2978,12317,12298,NULL,'2022-11-25 00:41:27','2022-11-25 00:41:27',NULL),(12318,2978,12318,12299,NULL,'2022-11-25 00:41:28','2022-11-25 00:41:28',NULL),(12319,2978,12319,12300,NULL,'2022-11-25 00:41:28','2022-11-25 00:41:28',NULL),(12320,2978,12320,12301,NULL,'2022-11-25 00:41:28','2022-11-25 00:41:28',NULL),(12321,2978,12321,12302,NULL,'2022-11-25 00:41:28','2022-11-25 00:41:28',NULL),(12322,2978,12322,12303,NULL,'2022-11-25 00:41:28','2022-11-25 00:41:28',NULL),(12323,2978,12323,12304,NULL,'2022-11-25 00:41:28','2022-11-25 00:41:28',NULL),(12324,2978,12324,12305,NULL,'2022-11-25 00:41:28','2022-11-25 00:41:28',NULL),(12325,2978,12325,12306,NULL,'2022-11-25 00:41:28','2022-11-25 00:41:28',NULL),(12326,2978,12326,12307,NULL,'2022-11-25 00:41:28','2022-11-25 00:41:28',NULL),(12327,2978,12327,12308,NULL,'2022-11-25 00:41:28','2022-11-25 00:41:28',NULL),(12328,2978,12328,12309,NULL,'2022-11-25 00:41:28','2022-11-25 00:41:28',NULL),(12329,2978,12329,12310,NULL,'2022-11-25 00:41:28','2022-11-25 00:41:28',NULL),(12330,2978,12330,12311,NULL,'2022-11-25 00:41:29','2022-11-25 00:41:29',NULL),(12331,2978,12331,12312,NULL,'2022-11-25 00:41:29','2022-11-25 00:41:29',NULL),(12332,2978,12332,12313,NULL,'2022-11-25 00:41:29','2022-11-25 00:41:29',NULL),(12333,2978,12333,12314,NULL,'2022-11-25 00:41:47','2022-11-25 00:41:47',NULL),(12334,2978,12334,12315,NULL,'2022-11-25 00:41:47','2022-11-25 00:41:47',NULL),(12335,2978,12335,12316,NULL,'2022-11-25 00:41:47','2022-11-25 00:41:47',NULL),(12336,2978,12336,12317,NULL,'2022-11-25 00:41:47','2022-11-25 00:41:47',NULL),(12337,2978,12337,12318,NULL,'2022-11-25 00:41:47','2022-11-25 00:41:47',NULL),(12338,2978,12338,12319,NULL,'2022-11-25 00:41:47','2022-11-25 00:41:47',NULL),(12339,2978,12339,12320,NULL,'2022-11-25 00:41:47','2022-11-25 00:41:47',NULL),(12340,2978,12340,12321,NULL,'2022-11-25 00:41:47','2022-11-25 00:41:47',NULL),(12341,2978,12341,12322,NULL,'2022-11-25 00:41:47','2022-11-25 00:41:47',NULL),(12342,2978,12342,12323,NULL,'2022-11-25 00:41:48','2022-11-25 00:41:48',NULL),(12343,2978,12343,12324,NULL,'2022-11-25 00:41:48','2022-11-25 00:41:48',NULL),(12344,2978,12344,12325,NULL,'2022-11-25 00:41:48','2022-11-25 00:41:48',NULL),(12345,2978,12345,12326,NULL,'2022-11-25 00:41:48','2022-11-25 00:41:48',NULL),(12346,2978,12346,12327,NULL,'2022-11-25 00:41:48','2022-11-25 00:41:48',NULL),(12347,2978,12347,12328,NULL,'2022-11-25 00:41:48','2022-11-25 00:41:48',NULL),(12348,2978,12348,12329,NULL,'2022-11-25 00:41:48','2022-11-25 00:41:48',NULL),(12349,2978,12349,12330,NULL,'2022-11-25 00:41:48','2022-11-25 00:41:48',NULL),(12350,2978,12350,12331,NULL,'2022-11-25 00:41:48','2022-11-25 00:41:48',NULL),(12351,2978,12351,12332,NULL,'2022-11-25 00:41:48','2022-11-25 00:41:48',NULL),(12352,2978,12352,12333,NULL,'2022-11-25 00:41:48','2022-11-25 00:41:48',NULL),(12353,2978,12353,12334,NULL,'2022-11-25 00:41:48','2022-11-25 00:41:48',NULL),(12354,2978,12354,12335,NULL,'2022-11-25 00:41:48','2022-11-25 00:41:48',NULL),(12355,2978,12355,12336,NULL,'2022-11-25 00:41:48','2022-11-25 00:41:48',NULL),(12356,2978,12356,12337,NULL,'2022-11-25 00:41:48','2022-11-25 00:41:48',NULL),(12357,2978,12357,12338,NULL,'2022-11-25 00:41:48','2022-11-25 00:41:48',NULL);
INSERT INTO `cta_cte_cliente_pivot_receipt` VALUES (12358,2978,12358,12339,NULL,'2022-11-25 00:41:48','2022-11-25 00:41:48',NULL),(12359,2978,12359,12340,NULL,'2022-11-25 00:41:48','2022-11-25 00:41:48',NULL),(12360,2978,12360,12341,NULL,'2022-11-25 00:41:48','2022-11-25 00:41:48',NULL),(12361,2978,12361,12342,NULL,'2022-11-25 00:41:49','2022-11-25 00:41:49',NULL),(12362,2978,12362,12343,NULL,'2022-11-25 00:41:49','2022-11-25 00:41:49',NULL),(12363,2978,12363,12344,NULL,'2022-11-25 00:41:49','2022-11-25 00:41:49',NULL),(12364,2978,12364,12345,NULL,'2022-11-25 00:41:49','2022-11-25 00:41:49',NULL),(12365,2978,12365,12346,NULL,'2022-11-25 00:41:49','2022-11-25 00:41:49',NULL),(12366,2978,12366,12347,NULL,'2022-11-25 00:41:49','2022-11-25 00:41:49',NULL),(12367,2978,12367,12348,NULL,'2022-11-25 00:41:49','2022-11-25 00:41:49',NULL),(12368,2978,12368,12349,NULL,'2022-11-25 00:41:49','2022-11-25 00:41:49',NULL),(12369,2978,12369,12350,NULL,'2022-11-25 00:41:49','2022-11-25 00:41:49',NULL),(12370,2978,12370,12351,NULL,'2022-11-25 00:41:49','2022-11-25 00:41:49',NULL),(12371,2978,12371,12352,NULL,'2022-11-25 00:41:49','2022-11-25 00:41:49',NULL),(12372,2978,12372,12353,NULL,'2022-11-25 00:41:49','2022-11-25 00:41:49',NULL),(12373,2978,12373,12354,NULL,'2022-11-25 00:41:49','2022-11-25 00:41:49',NULL),(12374,2978,12374,12355,NULL,'2022-11-25 00:41:49','2022-11-25 00:41:49',NULL),(12375,2978,12375,12356,NULL,'2022-11-25 00:41:49','2022-11-25 00:41:49',NULL),(12376,2978,12376,12357,NULL,'2022-11-25 00:41:49','2022-11-25 00:41:49',NULL),(12377,2978,12377,12358,NULL,'2022-11-25 00:41:49','2022-11-25 00:41:49',NULL),(12378,2978,12378,12359,NULL,'2022-11-25 00:41:49','2022-11-25 00:41:49',NULL),(12379,2978,12379,12360,NULL,'2022-11-25 00:41:49','2022-11-25 00:41:49',NULL),(12380,2978,12380,12361,NULL,'2022-11-25 00:41:49','2022-11-25 00:41:49',NULL),(12381,2978,12381,12362,NULL,'2022-11-25 00:41:50','2022-11-25 00:41:50',NULL),(12382,2978,12382,12363,NULL,'2022-11-25 00:41:50','2022-11-25 00:41:50',NULL),(12383,2978,12383,12364,NULL,'2022-11-25 00:41:50','2022-11-25 00:41:50',NULL),(12384,2978,12384,12365,NULL,'2022-11-25 00:41:50','2022-11-25 00:41:50',NULL),(12385,2978,12385,12366,NULL,'2022-11-25 00:41:50','2022-11-25 00:41:50',NULL),(12386,2978,12386,12367,NULL,'2022-11-25 00:41:50','2022-11-25 00:41:50',NULL),(12387,2978,12387,12368,NULL,'2022-11-25 00:41:50','2022-11-25 00:41:50',NULL),(12388,2978,12388,12369,NULL,'2022-11-25 00:41:50','2022-11-25 00:41:50',NULL),(12389,2978,12389,12370,NULL,'2022-11-25 00:41:50','2022-11-25 00:41:50',NULL),(12390,2978,12390,12371,NULL,'2022-11-25 00:41:50','2022-11-25 00:41:50',NULL),(12391,2978,12391,12372,NULL,'2022-11-25 00:41:50','2022-11-25 00:41:50',NULL),(12392,2978,12392,12373,NULL,'2022-11-25 00:41:50','2022-11-25 00:41:50',NULL),(12393,2978,12393,12374,NULL,'2022-11-25 00:41:50','2022-11-25 00:41:50',NULL),(12394,2978,12394,12375,NULL,'2022-11-25 00:41:50','2022-11-25 00:41:50',NULL),(12395,2978,12395,12376,NULL,'2022-11-25 00:41:50','2022-11-25 00:41:50',NULL),(12396,2978,12396,12377,NULL,'2022-11-25 00:41:50','2022-11-25 00:41:50',NULL),(12397,2978,12397,12378,NULL,'2022-11-25 00:41:50','2022-11-25 00:41:50',NULL),(12398,2978,12398,12379,NULL,'2022-11-25 00:41:50','2022-11-25 00:41:50',NULL),(12399,2978,12399,12380,NULL,'2022-11-25 00:41:50','2022-11-25 00:41:50',NULL),(12400,2978,12400,12381,NULL,'2022-11-25 00:41:50','2022-11-25 00:41:50',NULL),(12401,2978,12401,12382,NULL,'2022-11-25 00:41:51','2022-11-25 00:41:51',NULL),(12402,2978,12402,12383,NULL,'2022-11-25 00:41:51','2022-11-25 00:41:51',NULL),(12403,2978,12403,12384,NULL,'2022-11-25 00:41:51','2022-11-25 00:41:51',NULL),(12404,2978,12404,12385,NULL,'2022-11-25 00:41:51','2022-11-25 00:41:51',NULL),(12405,2978,12405,12386,NULL,'2022-11-25 00:41:51','2022-11-25 00:41:51',NULL),(12406,2978,12406,12387,NULL,'2022-11-25 00:41:51','2022-11-25 00:41:51',NULL),(12407,2978,12407,12388,NULL,'2022-11-25 00:41:51','2022-11-25 00:41:51',NULL);
INSERT INTO `cta_cte_cliente_pivot_receipt` VALUES (12408,2978,12408,12389,NULL,'2022-11-25 00:41:51','2022-11-25 00:41:51',NULL),(12409,2978,12409,12390,NULL,'2022-11-25 00:41:51','2022-11-25 00:41:51',NULL),(12410,2978,12410,12391,NULL,'2022-11-25 00:41:51','2022-11-25 00:41:51',NULL),(12411,2978,12411,12392,NULL,'2022-11-25 00:41:51','2022-11-25 00:41:51',NULL),(12412,2978,12412,12393,NULL,'2022-11-25 00:41:51','2022-11-25 00:41:51',NULL),(12413,2978,12413,12394,NULL,'2022-11-25 00:41:51','2022-11-25 00:41:51',NULL),(12414,2978,12414,12395,NULL,'2022-11-25 00:41:51','2022-11-25 00:41:51',NULL),(12415,2978,12415,12396,NULL,'2022-11-25 00:41:51','2022-11-25 00:41:51',NULL),(12416,2978,12416,12397,NULL,'2022-11-25 00:41:51','2022-11-25 00:41:51',NULL),(12417,2978,12417,12398,NULL,'2022-11-25 00:41:51','2022-11-25 00:41:51',NULL),(12418,2978,12418,12399,NULL,'2022-11-25 00:41:51','2022-11-25 00:41:51',NULL),(12419,2978,12419,12400,NULL,'2022-11-25 00:41:51','2022-11-25 00:41:51',NULL),(12420,2978,12420,12401,NULL,'2022-11-25 00:41:51','2022-11-25 00:41:51',NULL),(12421,2978,12421,12402,NULL,'2022-11-25 00:41:52','2022-11-25 00:41:52',NULL),(12422,2978,12422,12403,NULL,'2022-11-25 00:41:52','2022-11-25 00:41:52',NULL),(12423,2978,12423,12404,NULL,'2022-11-25 00:41:52','2022-11-25 00:41:52',NULL),(12424,2978,12424,12405,NULL,'2022-11-25 00:41:52','2022-11-25 00:41:52',NULL),(12425,2978,12425,12406,NULL,'2022-11-25 00:41:52','2022-11-25 00:41:52',NULL),(12426,2978,12426,12407,NULL,'2022-11-25 00:41:52','2022-11-25 00:41:52',NULL),(12427,2978,12427,12408,NULL,'2022-11-25 00:41:52','2022-11-25 00:41:52',NULL),(12428,2978,12428,12409,NULL,'2022-11-25 00:41:52','2022-11-25 00:41:52',NULL),(12429,2978,12429,12410,NULL,'2022-11-25 00:41:52','2022-11-25 00:41:52',NULL),(12430,2978,12430,12411,NULL,'2022-11-25 00:41:52','2022-11-25 00:41:52',NULL),(12431,2978,12431,12412,NULL,'2022-11-25 00:41:52','2022-11-25 00:41:52',NULL),(12432,2978,12432,12413,NULL,'2022-11-25 00:41:52','2022-11-25 00:41:52',NULL),(12433,2978,12433,12414,NULL,'2022-11-25 00:41:52','2022-11-25 00:41:52',NULL),(12434,2978,12434,12415,NULL,'2022-11-25 00:41:52','2022-11-25 00:41:52',NULL),(12435,2978,12435,12416,NULL,'2022-11-25 00:41:52','2022-11-25 00:41:52',NULL),(12436,2978,12436,12417,NULL,'2022-11-25 00:41:52','2022-11-25 00:41:52',NULL),(12437,2978,12437,12418,NULL,'2022-11-25 00:41:52','2022-11-25 00:41:52',NULL),(12438,2978,12438,12419,NULL,'2022-11-25 00:41:52','2022-11-25 00:41:52',NULL),(12439,2978,12439,12420,NULL,'2022-11-25 00:42:16','2022-11-25 00:42:16',NULL),(12440,2978,12440,12421,NULL,'2022-11-25 00:42:16','2022-11-25 00:42:16',NULL),(12441,2978,12441,12422,NULL,'2022-11-25 00:42:16','2022-11-25 00:42:16',NULL),(12442,2978,12442,12423,NULL,'2022-11-25 00:42:16','2022-11-25 00:42:16',NULL),(12443,2978,12443,12424,NULL,'2022-11-25 00:42:16','2022-11-25 00:42:16',NULL),(12444,2978,12444,12425,NULL,'2022-11-25 00:42:16','2022-11-25 00:42:16',NULL),(12445,2978,12445,12426,NULL,'2022-11-25 00:42:16','2022-11-25 00:42:16',NULL),(12446,2978,12446,12427,NULL,'2022-11-25 00:42:17','2022-11-25 00:42:17',NULL),(12447,2978,12447,12428,NULL,'2022-11-25 00:42:17','2022-11-25 00:42:17',NULL),(12448,2978,12448,12429,NULL,'2022-11-25 00:42:17','2022-11-25 00:42:17',NULL),(12449,2978,12449,12430,NULL,'2022-11-25 00:42:17','2022-11-25 00:42:17',NULL),(12450,2978,12450,12431,NULL,'2022-11-25 00:42:17','2022-11-25 00:42:17',NULL),(12451,2978,12451,12432,NULL,'2022-11-25 00:42:17','2022-11-25 00:42:17',NULL),(12452,2978,12452,12433,NULL,'2022-11-25 00:42:17','2022-11-25 00:42:17',NULL),(12453,2978,12453,12434,NULL,'2022-11-25 00:42:17','2022-11-25 00:42:17',NULL),(12454,2978,12454,12435,NULL,'2022-11-25 00:42:17','2022-11-25 00:42:17',NULL),(12455,2978,12455,12436,NULL,'2022-11-25 00:42:17','2022-11-25 00:42:17',NULL),(12456,2978,12456,12437,NULL,'2022-11-25 00:42:17','2022-11-25 00:42:17',NULL),(12457,2978,12457,12438,NULL,'2022-11-25 00:42:17','2022-11-25 00:42:17',NULL);
INSERT INTO `cta_cte_cliente_pivot_receipt` VALUES (12458,2978,12458,12439,NULL,'2022-11-25 00:42:17','2022-11-25 00:42:17',NULL),(12459,2978,12459,12440,NULL,'2022-11-25 00:42:17','2022-11-25 00:42:17',NULL),(12460,2978,12460,12441,NULL,'2022-11-25 00:42:17','2022-11-25 00:42:17',NULL),(12461,2978,12461,12442,NULL,'2022-11-25 00:42:17','2022-11-25 00:42:17',NULL),(12462,2978,12462,12443,NULL,'2022-11-25 00:42:17','2022-11-25 00:42:17',NULL),(12463,2978,12463,12444,NULL,'2022-11-25 00:42:17','2022-11-25 00:42:17',NULL),(12464,2978,12464,12445,NULL,'2022-11-25 00:42:17','2022-11-25 00:42:17',NULL),(12465,2978,12465,12446,NULL,'2022-11-25 00:42:17','2022-11-25 00:42:17',NULL),(12466,2978,12466,12447,NULL,'2022-11-25 00:42:18','2022-11-25 00:42:18',NULL),(12467,2978,12467,12448,NULL,'2022-11-25 00:42:18','2022-11-25 00:42:18',NULL),(12468,2978,12468,12449,NULL,'2022-11-25 00:42:18','2022-11-25 00:42:18',NULL),(12469,2978,12469,12450,NULL,'2022-11-25 00:42:18','2022-11-25 00:42:18',NULL),(12470,2978,12470,12451,NULL,'2022-11-25 00:42:18','2022-11-25 00:42:18',NULL),(12471,2978,12471,12452,NULL,'2022-11-25 00:42:18','2022-11-25 00:42:18',NULL),(12472,2978,12472,12453,NULL,'2022-11-25 00:42:18','2022-11-25 00:42:18',NULL),(12473,2978,12473,12454,NULL,'2022-11-25 00:42:18','2022-11-25 00:42:18',NULL),(12474,2978,12474,12455,NULL,'2022-11-25 00:42:18','2022-11-25 00:42:18',NULL),(12475,2978,12475,12456,NULL,'2022-11-25 00:42:18','2022-11-25 00:42:18',NULL),(12476,2978,12476,12457,NULL,'2022-11-25 00:42:18','2022-11-25 00:42:18',NULL),(12477,2978,12477,12458,NULL,'2022-11-25 00:42:18','2022-11-25 00:42:18',NULL),(12478,2978,12478,12459,NULL,'2022-11-25 00:42:18','2022-11-25 00:42:18',NULL),(12479,2978,12479,12460,NULL,'2022-11-25 00:42:18','2022-11-25 00:42:18',NULL),(12480,2978,12480,12461,NULL,'2022-11-25 00:42:18','2022-11-25 00:42:18',NULL),(12481,2978,12481,12462,NULL,'2022-11-25 00:42:18','2022-11-25 00:42:18',NULL),(12482,2978,12482,12463,NULL,'2022-11-25 00:42:18','2022-11-25 00:42:18',NULL),(12483,2978,12483,12464,NULL,'2022-11-25 00:42:18','2022-11-25 00:42:18',NULL),(12484,2978,12484,12465,NULL,'2022-11-25 00:42:19','2022-11-25 00:42:19',NULL),(12485,2978,12485,12466,NULL,'2022-11-25 00:42:19','2022-11-25 00:42:19',NULL),(12486,2978,12486,12467,NULL,'2022-11-25 00:42:19','2022-11-25 00:42:19',NULL),(12487,2978,12487,12468,NULL,'2022-11-25 00:42:19','2022-11-25 00:42:19',NULL),(12488,2978,12488,12469,NULL,'2022-11-25 00:42:19','2022-11-25 00:42:19',NULL),(12489,2978,12489,12470,NULL,'2022-11-25 00:42:19','2022-11-25 00:42:19',NULL),(12490,2978,12490,12471,NULL,'2022-11-25 00:42:19','2022-11-25 00:42:19',NULL),(12491,2978,12491,12472,NULL,'2022-11-25 00:42:19','2022-11-25 00:42:19',NULL),(12492,2978,12492,12473,NULL,'2022-11-25 00:42:19','2022-11-25 00:42:19',NULL),(12493,2978,12493,12474,NULL,'2022-11-25 00:42:19','2022-11-25 00:42:19',NULL),(12494,2978,12494,12475,NULL,'2022-11-25 00:42:19','2022-11-25 00:42:19',NULL),(12495,2978,12495,12476,NULL,'2022-11-25 00:42:19','2022-11-25 00:42:19',NULL),(12496,2978,12496,12477,NULL,'2022-11-25 00:42:19','2022-11-25 00:42:19',NULL),(12497,2978,12497,12478,NULL,'2022-11-25 00:42:19','2022-11-25 00:42:19',NULL),(12498,2978,12498,12479,NULL,'2022-11-25 00:42:19','2022-11-25 00:42:19',NULL),(12499,2978,12499,12480,NULL,'2022-11-25 00:42:19','2022-11-25 00:42:19',NULL),(12500,2978,12500,12481,NULL,'2022-11-25 00:42:19','2022-11-25 00:42:19',NULL),(12501,2978,12501,12482,NULL,'2022-11-25 00:42:19','2022-11-25 00:42:19',NULL),(12502,2978,12502,12483,NULL,'2022-11-25 00:42:19','2022-11-25 00:42:19',NULL),(12503,2978,12503,12484,NULL,'2022-11-25 00:42:19','2022-11-25 00:42:19',NULL),(12504,2978,12504,12485,NULL,'2022-11-25 00:42:20','2022-11-25 00:42:20',NULL),(12505,2978,12505,12486,NULL,'2022-11-25 00:42:20','2022-11-25 00:42:20',NULL),(12506,2978,12506,12487,NULL,'2022-11-25 00:42:20','2022-11-25 00:42:20',NULL),(12507,2978,12507,12488,NULL,'2022-11-25 00:42:20','2022-11-25 00:42:20',NULL);
INSERT INTO `cta_cte_cliente_pivot_receipt` VALUES (12508,2978,12508,12489,NULL,'2022-11-25 00:42:20','2022-11-25 00:42:20',NULL),(12509,2978,12509,12490,NULL,'2022-11-25 00:42:20','2022-11-25 00:42:20',NULL),(12510,2978,12510,12491,NULL,'2022-11-25 00:42:20','2022-11-25 00:42:20',NULL),(12511,2978,12511,12492,NULL,'2022-11-25 00:42:20','2022-11-25 00:42:20',NULL),(12512,2978,12512,12493,NULL,'2022-11-25 00:42:20','2022-11-25 00:42:20',NULL),(12513,2978,12513,12494,NULL,'2022-11-25 00:42:20','2022-11-25 00:42:20',NULL),(12514,2978,12514,12495,NULL,'2022-11-25 00:42:20','2022-11-25 00:42:20',NULL),(12515,2978,12515,12496,NULL,'2022-11-25 00:42:20','2022-11-25 00:42:20',NULL),(12516,2978,12516,12497,NULL,'2022-11-25 00:42:20','2022-11-25 00:42:20',NULL),(12517,2978,12517,12498,NULL,'2022-11-25 00:42:20','2022-11-25 00:42:20',NULL),(12518,2978,12518,12499,NULL,'2022-11-25 00:42:20','2022-11-25 00:42:20',NULL),(12519,2978,12519,12500,NULL,'2022-11-25 00:42:20','2022-11-25 00:42:20',NULL),(12520,2978,12520,12501,NULL,'2022-11-25 00:42:20','2022-11-25 00:42:20',NULL),(12521,2978,12521,12502,NULL,'2022-11-25 00:42:20','2022-11-25 00:42:20',NULL),(12522,2978,12522,12503,NULL,'2022-11-25 00:42:20','2022-11-25 00:42:20',NULL),(12523,2978,12523,12504,NULL,'2022-11-25 00:42:21','2022-11-25 00:42:21',NULL),(12524,2978,12524,12505,NULL,'2022-11-25 00:42:21','2022-11-25 00:42:21',NULL),(12525,2978,12525,12506,NULL,'2022-11-25 00:42:21','2022-11-25 00:42:21',NULL),(12526,2978,12526,12507,NULL,'2022-11-25 00:42:21','2022-11-25 00:42:21',NULL),(12527,2978,12527,12508,NULL,'2022-11-25 00:42:21','2022-11-25 00:42:21',NULL),(12528,2978,12528,12509,NULL,'2022-11-25 00:42:21','2022-11-25 00:42:21',NULL),(12529,2978,12529,12510,NULL,'2022-11-25 00:42:21','2022-11-25 00:42:21',NULL),(12530,2978,12530,12511,NULL,'2022-11-25 00:42:21','2022-11-25 00:42:21',NULL),(12531,2978,12531,12512,NULL,'2022-11-25 00:42:21','2022-11-25 00:42:21',NULL),(12532,2978,12532,12513,NULL,'2022-11-25 00:42:21','2022-11-25 00:42:21',NULL),(12533,2978,12533,12514,NULL,'2022-11-25 00:42:21','2022-11-25 00:42:21',NULL),(12534,2978,12534,12515,NULL,'2022-11-25 00:42:21','2022-11-25 00:42:21',NULL),(12535,2978,12535,12516,NULL,'2022-11-25 00:42:21','2022-11-25 00:42:21',NULL),(12536,2978,12536,12517,NULL,'2022-11-25 00:42:21','2022-11-25 00:42:21',NULL),(12537,2978,12537,12518,NULL,'2022-11-25 00:42:21','2022-11-25 00:42:21',NULL),(12538,2978,12538,12519,NULL,'2022-11-25 00:42:21','2022-11-25 00:42:21',NULL),(12539,2978,12539,12520,NULL,'2022-11-25 00:42:21','2022-11-25 00:42:21',NULL),(12540,2978,12540,12521,NULL,'2022-11-25 00:42:21','2022-11-25 00:42:21',NULL),(12541,2978,12541,12522,NULL,'2022-11-25 00:45:43','2022-11-25 00:45:43',NULL),(12542,2978,12542,12523,NULL,'2022-11-25 00:45:43','2022-11-25 00:45:43',NULL),(12543,2978,12543,12524,NULL,'2022-11-25 00:45:43','2022-11-25 00:45:43',NULL),(12544,2978,12544,12525,NULL,'2022-11-25 00:45:43','2022-11-25 00:45:43',NULL),(12545,2978,12545,12526,NULL,'2022-11-25 00:45:43','2022-11-25 00:45:43',NULL),(12546,2978,12546,12527,NULL,'2022-11-25 00:45:43','2022-11-25 00:45:43',NULL),(12547,2978,12547,12528,NULL,'2022-11-25 00:55:47','2022-11-25 00:55:47',NULL),(12548,2978,12548,12529,NULL,'2022-11-25 00:55:47','2022-11-25 00:55:47',NULL),(12549,2978,12549,12530,NULL,'2022-11-25 00:55:47','2022-11-25 00:55:47',NULL),(12550,2978,12550,12531,NULL,'2022-11-25 00:55:47','2022-11-25 00:55:47',NULL),(12551,2978,12551,12532,NULL,'2022-11-25 00:55:47','2022-11-25 00:55:47',NULL),(12552,2978,12552,12533,NULL,'2022-11-25 00:55:47','2022-11-25 00:55:47',NULL),(12553,2978,12553,12534,NULL,'2022-11-25 00:55:47','2022-11-25 00:55:47',NULL),(12554,2978,12554,12535,NULL,'2022-11-25 00:55:47','2022-11-25 00:55:47',NULL),(12555,2978,12555,12536,NULL,'2022-11-25 00:55:47','2022-11-25 00:55:47',NULL),(12556,2978,12556,12537,NULL,'2022-11-25 00:55:47','2022-11-25 00:55:47',NULL),(12557,2978,12557,12538,NULL,'2022-11-25 00:55:47','2022-11-25 00:55:47',NULL);
INSERT INTO `cta_cte_cliente_pivot_receipt` VALUES (12558,2978,12558,12539,NULL,'2022-11-25 00:55:47','2022-11-25 00:55:47',NULL),(12559,2978,12559,12540,NULL,'2022-11-25 00:55:47','2022-11-25 00:55:47',NULL),(12560,2978,12560,12541,NULL,'2022-11-25 00:55:47','2022-11-25 00:55:47',NULL),(12561,2978,12561,12542,NULL,'2022-11-25 00:55:47','2022-11-25 00:55:47',NULL),(12562,2978,12562,12543,NULL,'2022-11-25 00:55:47','2022-11-25 00:55:47',NULL),(12563,2978,12563,12544,NULL,'2022-11-25 00:55:47','2022-11-25 00:55:47',NULL),(12564,2978,12564,12545,NULL,'2022-11-25 00:55:47','2022-11-25 00:55:47',NULL),(12565,2978,12565,12546,NULL,'2022-11-25 00:55:47','2022-11-25 00:55:47',NULL),(12566,2978,12566,12547,NULL,'2022-12-06 22:11:29','2022-12-06 22:11:29',NULL),(12567,2978,12567,12548,NULL,'2022-12-06 22:11:29','2022-12-06 22:11:29',NULL),(12568,2978,12568,12549,NULL,'2022-12-06 22:30:16','2022-12-06 22:30:16',NULL),(12569,2978,12569,12550,NULL,'2022-12-06 22:30:16','2022-12-06 22:30:16',NULL),(12570,2978,12570,12551,NULL,'2022-12-06 22:30:17','2022-12-06 22:30:17',NULL),(12571,2978,12571,12552,NULL,'2022-12-06 22:30:17','2022-12-06 22:30:17',NULL),(12572,2978,12572,12553,NULL,'2022-12-06 22:30:17','2022-12-06 22:30:17',NULL),(12573,2978,12573,12554,NULL,'2022-12-06 22:30:17','2022-12-06 22:30:17',NULL),(12574,2978,12574,12555,NULL,'2022-12-06 22:30:17','2022-12-06 22:30:17',NULL),(12575,2978,12575,12556,NULL,'2022-12-06 22:30:17','2022-12-06 22:30:17',NULL),(12576,2978,12576,12557,NULL,'2022-12-06 22:30:17','2022-12-06 22:30:17',NULL),(12577,2978,12577,12558,NULL,'2022-12-06 22:30:17','2022-12-06 22:30:17',NULL),(12578,2978,12578,12559,NULL,'2022-12-06 22:30:17','2022-12-06 22:30:17',NULL),(12579,2978,12579,12560,NULL,'2022-12-06 22:30:17','2022-12-06 22:30:17',NULL),(12580,2978,12580,12561,NULL,'2022-12-06 22:30:17','2022-12-06 22:30:17',NULL),(12581,2978,12581,12562,NULL,'2022-12-06 22:30:44','2022-12-06 22:30:44',NULL),(12582,2978,12582,12563,NULL,'2022-12-06 22:30:44','2022-12-06 22:30:44',NULL),(12583,2978,12583,12564,NULL,'2022-12-06 22:30:44','2022-12-06 22:30:44',NULL),(12584,2978,12584,12565,NULL,'2022-12-06 22:30:44','2022-12-06 22:30:44',NULL),(12585,2978,12585,12566,NULL,'2022-12-06 22:30:44','2022-12-06 22:30:44',NULL),(12586,2978,12586,12567,NULL,'2022-12-06 22:30:44','2022-12-06 22:30:44',NULL),(12587,2978,12587,12568,NULL,'2022-12-06 22:30:44','2022-12-06 22:30:44',NULL),(12588,2978,12588,12569,NULL,'2022-12-06 22:30:44','2022-12-06 22:30:44',NULL),(12589,2978,12589,12570,NULL,'2022-12-06 22:30:44','2022-12-06 22:30:44',NULL),(12590,2978,12590,12571,NULL,'2022-12-06 22:30:44','2022-12-06 22:30:44',NULL),(12591,2978,12591,12572,NULL,'2022-12-06 22:30:44','2022-12-06 22:30:44',NULL);

--
-- Table structure for table `cta_cte_tesoreria`
--

CREATE TABLE `cta_cte_tesoreria` (
  `id` int(10) unsigned NOT NULL AUTO_INCREMENT,
  `user_id` int(10) unsigned DEFAULT NULL,
  `person_id` int(10) unsigned NOT NULL,
  `cta_cte_cliente_id` int(10) unsigned DEFAULT NULL,
  `nf_cta_cte_id` int(10) unsigned DEFAULT NULL,
  `cta_cte_tesoreria_cuenta_id` int(10) unsigned NOT NULL,
  `period_id` int(10) unsigned NOT NULL,
  `fecha` date DEFAULT NULL,
  `total` decimal(16,2) NOT NULL,
  `moneda_id` int(10) unsigned NOT NULL DEFAULT '1',
  `cotizacion` decimal(9,2) NOT NULL DEFAULT '1.00',
  `comentario` varchar(191) COLLATE utf8mb4_unicode_ci DEFAULT NULL,
  `file` varchar(191) COLLATE utf8mb4_unicode_ci DEFAULT NULL,
  `created_at` timestamp NULL DEFAULT NULL,
  `updated_at` timestamp NULL DEFAULT NULL,
  `deleted_at` timestamp NULL DEFAULT NULL,
  PRIMARY KEY (`id`),
  KEY `cta_cte_tesoreria_person_id_foreign` (`person_id`),
  KEY `cta_cte_tesoreria_cta_cte_cliente_id_foreign` (`cta_cte_cliente_id`),
  KEY `cta_cte_tesoreria_cta_cte_tesoreria_cuenta_id_foreign` (`cta_cte_tesoreria_cuenta_id`),
  KEY `cta_cte_tesoreria_period_id_foreign` (`period_id`),
  KEY `cta_cte_tesoreria_nf_cta_cte_id_foreign` (`nf_cta_cte_id`),
  KEY `cta_cte_tesoreria_moneda_id_foreign` (`moneda_id`),
  CONSTRAINT `cta_cte_tesoreria_cta_cte_cliente_id_foreign` FOREIGN KEY (`cta_cte_cliente_id`) REFERENCES `cta_cte_cliente` (`id`),
  CONSTRAINT `cta_cte_tesoreria_cta_cte_tesoreria_cuenta_id_foreign` FOREIGN KEY (`cta_cte_tesoreria_cuenta_id`) REFERENCES `cta_cte_tesoreria_cuentas` (`id`),
  CONSTRAINT `cta_cte_tesoreria_moneda_id_foreign` FOREIGN KEY (`moneda_id`) REFERENCES `monedas` (`id`),
  CONSTRAINT `cta_cte_tesoreria_nf_cta_cte_id_foreign` FOREIGN KEY (`nf_cta_cte_id`) REFERENCES `nf_cta_cte` (`id`),
  CONSTRAINT `cta_cte_tesoreria_period_id_foreign` FOREIGN KEY (`period_id`) REFERENCES `periods` (`id`),
  CONSTRAINT `cta_cte_tesoreria_person_id_foreign` FOREIGN KEY (`person_id`) REFERENCES `persons` (`id`)
) ENGINE=InnoDB DEFAULT CHARSET=utf8mb4 COLLATE=utf8mb4_unicode_ci;

--
-- Dumping data for table `cta_cte_tesoreria`
--


--
-- Table structure for table `cta_cte_tesoreria_banco_cheq`
--

CREATE TABLE `cta_cte_tesoreria_banco_cheq` (
  `id` int(10) unsigned NOT NULL AUTO_INCREMENT,
  `user_id` int(10) unsigned DEFAULT NULL,
  `person_id` int(10) unsigned NOT NULL,
  `cta_cte_tesoreria_cuenta_id` int(10) unsigned NOT NULL,
  `cta_cte_tesoreria_banco_id` int(10) unsigned NOT NULL,
  `chequera_tipo_id` int(10) unsigned NOT NULL,
  `serie` text COLLATE utf8mb4_unicode_ci,
  `numero_cheque` int(11) DEFAULT NULL,
  `habilitado` tinyint(1) NOT NULL DEFAULT '1',
  `created_at` timestamp NULL DEFAULT NULL,
  `updated_at` timestamp NULL DEFAULT NULL,
  `deleted_at` timestamp NULL DEFAULT NULL,
  PRIMARY KEY (`id`),
  KEY `cta_cte_tesoreria_banco_cheq_person_id_foreign` (`person_id`),
  KEY `cta_cte_tesoreria_banco_cheq_cta_cte_tesoreria_cuenta_id_foreign` (`cta_cte_tesoreria_cuenta_id`),
  KEY `cta_cte_tesoreria_banco_cheq_cta_cte_tesoreria_banco_id_foreign` (`cta_cte_tesoreria_banco_id`),
  KEY `cta_cte_tesoreria_banco_cheq_chequera_tipo_id_foreign` (`chequera_tipo_id`),
  CONSTRAINT `cta_cte_tesoreria_banco_cheq_chequera_tipo_id_foreign` FOREIGN KEY (`chequera_tipo_id`) REFERENCES `chequeras_tipos` (`id`),
  CONSTRAINT `cta_cte_tesoreria_banco_cheq_cta_cte_tesoreria_banco_id_foreign` FOREIGN KEY (`cta_cte_tesoreria_banco_id`) REFERENCES `cta_cte_tesoreria_bancos` (`id`),
  CONSTRAINT `cta_cte_tesoreria_banco_cheq_cta_cte_tesoreria_cuenta_id_foreign` FOREIGN KEY (`cta_cte_tesoreria_cuenta_id`) REFERENCES `cta_cte_tesoreria_cuentas` (`id`),
  CONSTRAINT `cta_cte_tesoreria_banco_cheq_person_id_foreign` FOREIGN KEY (`person_id`) REFERENCES `persons` (`id`)
) ENGINE=InnoDB DEFAULT CHARSET=utf8mb4 COLLATE=utf8mb4_unicode_ci;

--
-- Dumping data for table `cta_cte_tesoreria_banco_cheq`
--


--
-- Table structure for table `cta_cte_tesoreria_bancos`
--

CREATE TABLE `cta_cte_tesoreria_bancos` (
  `id` int(10) unsigned NOT NULL AUTO_INCREMENT,
  `user_id` int(10) unsigned DEFAULT NULL,
  `person_id` int(10) unsigned NOT NULL,
  `cta_cte_tesoreria_cuenta_id` int(10) unsigned NOT NULL,
  `ctacte_banco_id` int(10) unsigned NOT NULL,
  `zone_id` int(10) unsigned NOT NULL,
  `cuenta_contable_id` int(10) unsigned NOT NULL,
  `cuenta_contable_id_diferido` int(10) unsigned DEFAULT NULL,
  `cuenta_contable_id_pend_acred` int(10) unsigned DEFAULT NULL,
  `numero_cuenta` text COLLATE utf8mb4_unicode_ci,
  `cbu` text COLLATE utf8mb4_unicode_ci,
  `habilitado` tinyint(1) NOT NULL DEFAULT '1',
  `created_at` timestamp NULL DEFAULT NULL,
  `updated_at` timestamp NULL DEFAULT NULL,
  `deleted_at` timestamp NULL DEFAULT NULL,
  PRIMARY KEY (`id`),
  KEY `cta_cte_tesoreria_bancos_person_id_foreign` (`person_id`),
  KEY `cta_cte_tesoreria_bancos_cta_cte_tesoreria_cuenta_id_foreign` (`cta_cte_tesoreria_cuenta_id`),
  KEY `cta_cte_tesoreria_bancos_ctacte_banco_id_foreign` (`ctacte_banco_id`),
  KEY `cta_cte_tesoreria_bancos_zone_id_foreign` (`zone_id`),
  KEY `cta_cte_tesoreria_bancos_cuenta_contable_id_foreign` (`cuenta_contable_id`),
  KEY `cta_cte_tesoreria_bancos_cuenta_contable_id_diferido_foreign` (`cuenta_contable_id_diferido`),
  KEY `cta_cte_tesoreria_bancos_cuenta_contable_id_pend_acred_foreign` (`cuenta_contable_id_pend_acred`),
  CONSTRAINT `cta_cte_tesoreria_bancos_cta_cte_tesoreria_cuenta_id_foreign` FOREIGN KEY (`cta_cte_tesoreria_cuenta_id`) REFERENCES `cta_cte_tesoreria_cuentas` (`id`),
  CONSTRAINT `cta_cte_tesoreria_bancos_ctacte_banco_id_foreign` FOREIGN KEY (`ctacte_banco_id`) REFERENCES `ctacte_bancos` (`id`),
  CONSTRAINT `cta_cte_tesoreria_bancos_cuenta_contable_id_diferido_foreign` FOREIGN KEY (`cuenta_contable_id_diferido`) REFERENCES `conta_plan_cuenta` (`id`),
  CONSTRAINT `cta_cte_tesoreria_bancos_cuenta_contable_id_foreign` FOREIGN KEY (`cuenta_contable_id`) REFERENCES `conta_plan_cuenta` (`id`),
  CONSTRAINT `cta_cte_tesoreria_bancos_cuenta_contable_id_pend_acred_foreign` FOREIGN KEY (`cuenta_contable_id_pend_acred`) REFERENCES `conta_plan_cuenta` (`id`),
  CONSTRAINT `cta_cte_tesoreria_bancos_person_id_foreign` FOREIGN KEY (`person_id`) REFERENCES `persons` (`id`),
  CONSTRAINT `cta_cte_tesoreria_bancos_zone_id_foreign` FOREIGN KEY (`zone_id`) REFERENCES `zones` (`id`)
) ENGINE=InnoDB DEFAULT CHARSET=utf8mb4 COLLATE=utf8mb4_unicode_ci;

--
-- Dumping data for table `cta_cte_tesoreria_bancos`
--


--
-- Table structure for table `cta_cte_tesoreria_cuenta_tipos`
--

CREATE TABLE `cta_cte_tesoreria_cuenta_tipos` (
  `id` int(10) unsigned NOT NULL AUTO_INCREMENT,
  `user_id` int(10) unsigned DEFAULT NULL,
  `descripcion` text COLLATE utf8mb4_unicode_ci NOT NULL,
  `habilitado` tinyint(1) NOT NULL DEFAULT '1',
  `created_at` timestamp NULL DEFAULT NULL,
  `updated_at` timestamp NULL DEFAULT NULL,
  `deleted_at` timestamp NULL DEFAULT NULL,
  PRIMARY KEY (`id`)
) ENGINE=InnoDB AUTO_INCREMENT=9 DEFAULT CHARSET=utf8mb4 COLLATE=utf8mb4_unicode_ci;

--
-- Dumping data for table `cta_cte_tesoreria_cuenta_tipos`
--

INSERT INTO `cta_cte_tesoreria_cuenta_tipos` VALUES (1,NULL,'CAJA',1,NULL,NULL,NULL),(2,NULL,'BANCOS',1,NULL,NULL,NULL),(3,NULL,'CHEQUES',1,NULL,NULL,NULL),(4,NULL,'RETENCIONES',1,NULL,NULL,NULL),(5,NULL,'PERCEPCIONES',1,NULL,NULL,NULL),(6,NULL,'RESULTADO NEGATIVO',1,NULL,NULL,NULL),(7,NULL,'RESULTADO POSITIVO',1,NULL,NULL,NULL),(8,NULL,'MOVIMIENTO',1,NULL,NULL,NULL);

--
-- Table structure for table `cta_cte_tesoreria_cuentas`
--

CREATE TABLE `cta_cte_tesoreria_cuentas` (
  `id` int(10) unsigned NOT NULL AUTO_INCREMENT,
  `user_id` int(10) unsigned DEFAULT NULL,
  `moneda_id` int(10) unsigned NOT NULL DEFAULT '1',
  `plan_cuenta_id` int(10) unsigned NOT NULL,
  `person_id` int(10) unsigned DEFAULT NULL,
  `cta_cte_tesoreria_cuenta_tipo_id` int(10) unsigned NOT NULL DEFAULT '8',
  `nombre` varchar(191) COLLATE utf8mb4_unicode_ci NOT NULL,
  `cheque3ros` tinyint(1) NOT NULL DEFAULT '0',
  `cheque_emitidos` tinyint(1) NOT NULL DEFAULT '0',
  `tes_cta_cte` tinyint(1) NOT NULL DEFAULT '0',
  `tes_cuenta_origen` tinyint(1) NOT NULL DEFAULT '0',
  `tes_cuenta_destino` tinyint(1) NOT NULL DEFAULT '0',
  `conta_asientos` tinyint(1) NOT NULL DEFAULT '0',
  `habilitado` tinyint(1) NOT NULL DEFAULT '1',
  `created_at` timestamp NULL DEFAULT NULL,
  `updated_at` timestamp NULL DEFAULT NULL,
  `deleted_at` timestamp NULL DEFAULT NULL,
  PRIMARY KEY (`id`),
  KEY `cta_cte_tesoreria_cuentas_person_id_foreign` (`person_id`),
  KEY `cta_cte_tesoreria_cuentas_plan_cuenta_id_foreign` (`plan_cuenta_id`),
  KEY `cta_tes_tipo_id_foreign` (`cta_cte_tesoreria_cuenta_tipo_id`),
  KEY `cta_cte_tesoreria_cuentas_moneda_id_foreign` (`moneda_id`),
  CONSTRAINT `cta_cte_tesoreria_cuentas_moneda_id_foreign` FOREIGN KEY (`moneda_id`) REFERENCES `monedas` (`id`),
  CONSTRAINT `cta_cte_tesoreria_cuentas_person_id_foreign` FOREIGN KEY (`person_id`) REFERENCES `persons` (`id`),
  CONSTRAINT `cta_cte_tesoreria_cuentas_plan_cuenta_id_foreign` FOREIGN KEY (`plan_cuenta_id`) REFERENCES `conta_plan_cuenta` (`id`),
  CONSTRAINT `cta_tes_tipo_id_foreign` FOREIGN KEY (`cta_cte_tesoreria_cuenta_tipo_id`) REFERENCES `cta_cte_tesoreria_cuenta_tipos` (`id`)
) ENGINE=InnoDB AUTO_INCREMENT=757 DEFAULT CHARSET=utf8mb4 COLLATE=utf8mb4_unicode_ci;

--
-- Dumping data for table `cta_cte_tesoreria_cuentas`
--

INSERT INTO `cta_cte_tesoreria_cuentas` VALUES (13,NULL,1,13,NULL,8,'Clientes - Deudores',0,0,0,0,0,0,1,'2019-10-19 02:10:24','2019-10-19 02:10:24',NULL),(20,NULL,1,20,NULL,8,'Anticipos Impuesto a las Ganancias',0,0,0,0,1,0,1,'2019-10-19 02:10:24','2019-10-19 02:10:24',NULL),(23,NULL,1,23,NULL,4,'Retenciones Impuesto a las Ganancias',0,0,1,0,0,0,1,'2019-10-19 02:10:24','2023-03-27 00:00:36',NULL),(25,NULL,1,25,NULL,4,'Retenciones de IVA',0,0,1,0,0,0,1,'2019-10-19 02:10:24','2023-03-27 00:00:36',NULL),(57,NULL,1,57,NULL,8,'Proveedores en Cta. Cte. locales',0,0,0,0,0,0,1,'2019-10-19 02:10:24','2019-10-19 02:10:24',NULL),(60,NULL,1,60,NULL,3,'Cheques emitidos ',0,1,1,1,1,0,1,'2019-10-19 02:10:24','2023-03-27 00:00:36',NULL),(62,NULL,1,62,NULL,8,'Sueldos y Jornales a pagar',0,0,0,0,1,0,1,'2019-10-19 02:10:24','2019-10-19 02:10:24',NULL),(140,NULL,1,140,NULL,6,'Intereses y Gastos bancarios',0,0,0,0,1,0,1,'2019-10-19 02:10:24','2023-03-27 00:00:36',NULL),(162,NULL,1,162,NULL,4,'Retenciones SUSS',0,0,1,0,0,0,1,'2019-10-19 02:10:24','2023-03-27 00:00:36',NULL),(176,NULL,1,176,NULL,3,'Cheques en Cartera',1,0,1,1,1,0,1,'2019-10-19 02:10:24','2023-03-27 00:00:36',NULL),(201,NULL,1,201,NULL,6,'Monotributo',0,0,0,0,1,0,1,'2019-10-19 02:10:24','2023-03-27 00:00:36',NULL),(203,NULL,1,203,NULL,6,'Autonomos',0,0,0,0,1,0,1,'2019-10-19 02:10:24','2023-03-27 00:00:36',NULL),(219,NULL,1,219,NULL,8,'Pagos AFIP',0,0,0,0,1,0,1,'2019-10-19 02:10:24','2019-10-19 02:10:24',NULL),(251,NULL,1,251,NULL,4,'Retenciones de IIBB Buenos Aires',0,0,1,0,0,0,1,'2019-10-19 02:10:24','2023-03-27 00:00:36',NULL),(252,NULL,1,252,NULL,4,'Retenciones de IIBB Capital Federal',0,0,1,0,0,0,1,'2019-10-19 02:10:24','2023-03-27 00:00:36',NULL),(253,NULL,1,253,NULL,4,'Retenciones de IIBB Catamarca',0,0,1,0,0,0,1,'2019-10-19 02:10:24','2023-03-27 00:00:36',NULL),(254,NULL,1,254,NULL,4,'Retenciones de IIBB Chaco',0,0,1,0,0,0,1,'2019-10-19 02:10:24','2023-03-27 00:00:36',NULL),(255,NULL,1,255,NULL,4,'Retenciones de IIBB Chubut',0,0,1,0,0,0,1,'2019-10-19 02:10:24','2023-03-27 00:00:36',NULL),(256,NULL,1,256,NULL,4,'Retenciones de IIBB Córdoba',0,0,1,0,0,0,1,'2019-10-19 02:10:24','2023-03-27 00:00:36',NULL),(257,NULL,1,257,NULL,4,'Retenciones de IIBB Corrientes',0,0,1,0,0,0,1,'2019-10-19 02:10:24','2023-03-27 00:00:36',NULL),(258,NULL,1,258,NULL,4,'Retenciones de IIBB Entre Ríos',0,0,1,0,0,0,1,'2019-10-19 02:10:24','2023-03-27 00:00:36',NULL),(259,NULL,1,259,NULL,4,'Retenciones de IIBB Formosa',0,0,1,0,0,0,1,'2019-10-19 02:10:24','2023-03-27 00:00:36',NULL),(260,NULL,1,260,NULL,4,'Retenciones de IIBB Jujuy',0,0,1,0,0,0,1,'2019-10-19 02:10:24','2023-03-27 00:00:36',NULL),(261,NULL,1,261,NULL,4,'Retenciones de IIBB La Pampa',0,0,1,0,0,0,1,'2019-10-19 02:10:24','2023-03-27 00:00:36',NULL),(262,NULL,1,262,NULL,4,'Retenciones de IIBB La Rioja',0,0,1,0,0,0,1,'2019-10-19 02:10:24','2023-03-27 00:00:36',NULL),(263,NULL,1,263,NULL,4,'Retenciones de IIBB Mendoza',0,0,1,0,0,0,1,'2019-10-19 02:10:24','2023-03-27 00:00:36',NULL),(264,NULL,1,264,NULL,4,'Retenciones de IIBB Misiones',0,0,1,0,0,0,1,'2019-10-19 02:10:24','2023-03-27 00:00:36',NULL),(265,NULL,1,265,NULL,4,'Retenciones de IIBB Neuquén',0,0,1,0,0,0,1,'2019-10-19 02:10:24','2023-03-27 00:00:36',NULL),(266,NULL,1,266,NULL,4,'Retenciones de IIBB Pascua Lama',0,0,1,0,0,0,1,'2019-10-19 02:10:24','2023-03-27 00:00:36',NULL),(267,NULL,1,267,NULL,4,'Retenciones de IIBB Río Negro',0,0,1,0,0,0,1,'2019-10-19 02:10:24','2023-03-27 00:00:36',NULL),(268,NULL,1,268,NULL,4,'Retenciones de IIBB Salta',0,0,1,0,0,0,1,'2019-10-19 02:10:24','2023-03-27 00:00:36',NULL),(269,NULL,1,269,NULL,4,'Retenciones de IIBB San Juan',0,0,1,0,0,0,1,'2019-10-19 02:10:24','2023-03-27 00:00:36',NULL),(270,NULL,1,270,NULL,4,'Retenciones de IIBB San Luis',0,0,1,0,0,0,1,'2019-10-19 02:10:24','2023-03-27 00:00:36',NULL),(271,NULL,1,271,NULL,4,'Retenciones de IIBB Santa Cruz',0,0,1,0,0,0,1,'2019-10-19 02:10:24','2023-03-27 00:00:36',NULL);
INSERT INTO `cta_cte_tesoreria_cuentas` VALUES (272,NULL,1,272,NULL,4,'Retenciones de IIBB Santa Fe',0,0,1,0,0,0,1,'2019-10-19 02:10:24','2023-03-27 00:00:36',NULL),(273,NULL,1,273,NULL,4,'Retenciones de IIBB Santiago del Estero',0,0,1,0,0,0,1,'2019-10-19 02:10:24','2023-03-27 00:00:36',NULL),(274,NULL,1,274,NULL,4,'Retenciones de IIBB Tierra del Fuego',0,0,1,0,0,0,1,'2019-10-19 02:10:24','2023-03-27 00:00:36',NULL),(275,NULL,1,275,NULL,4,'Retenciones de IIBB Tucuman',0,0,1,0,0,0,1,'2019-10-19 02:10:24','2023-03-27 00:00:36',NULL),(351,NULL,1,351,NULL,8,'BANCO SIRCREB',0,0,0,0,1,0,1,'2019-10-19 02:10:24','2019-10-19 02:10:24',NULL),(359,NULL,1,359,NULL,8,'Caja en Pesos',0,0,1,1,1,0,1,'2019-10-19 02:10:24','2023-03-20 23:13:00','2023-03-20 23:13:00'),(360,NULL,1,360,NULL,8,'Retenciones Bancarias de Ganancias a Favor',0,0,0,0,1,0,1,'2019-10-19 02:10:24','2019-10-19 02:10:24',NULL),(364,NULL,1,364,NULL,8,'Anticipo de Clientes',0,0,0,0,1,0,1,'2019-10-19 02:10:24','2019-10-19 02:10:24',NULL),(384,NULL,1,384,NULL,8,'Caja en Dolares',0,0,1,1,1,0,1,'2019-10-19 02:10:24','2023-03-20 23:13:00','2023-03-20 23:13:00'),(409,NULL,1,409,NULL,6,'IVA Crédito Fiscal No computable',0,0,0,0,1,0,1,'2019-10-19 02:10:24','2023-03-27 00:00:36',NULL),(418,NULL,1,418,NULL,8,'Deudas Bancarias',0,0,0,1,1,0,1,'2019-10-19 02:10:24','2019-10-19 02:10:24',NULL),(433,NULL,1,433,NULL,8,'Préstamo',0,0,0,1,1,0,1,'2019-10-19 02:10:24','2019-10-19 02:10:24',NULL),(441,NULL,1,441,NULL,8,'Leasing',0,0,0,1,1,0,1,'2019-10-19 02:10:24','2019-10-19 02:10:24',NULL),(448,NULL,1,448,NULL,8,'Planes de Pagos AFIP',0,0,0,1,1,0,1,'2019-10-19 02:10:24','2019-10-19 02:10:24',NULL),(450,NULL,1,450,NULL,3,'Cheques Rechazados',0,0,0,0,1,0,1,'2019-10-19 02:10:24','2023-03-27 00:00:36',NULL),(467,NULL,1,467,NULL,6,'Interés',0,0,0,0,1,0,1,'2019-10-19 02:10:24','2023-03-27 00:00:36',NULL),(468,NULL,1,14,NULL,8,'Deudores por ventas comunes',0,0,0,0,0,1,1,'2020-02-06 17:23:07','2023-03-27 00:00:36',NULL),(469,NULL,1,15,NULL,8,'Deudores por ventas morosos',0,0,0,0,0,1,1,'2020-02-06 17:23:07','2023-03-27 00:00:36',NULL),(470,NULL,1,16,NULL,8,'Deudores en gestión judicial',0,0,0,0,0,1,1,'2020-02-06 17:23:07','2023-03-27 00:00:36',NULL),(471,NULL,1,17,NULL,8,'Previsión deudores incobrables',0,0,0,0,0,1,1,'2020-02-06 17:23:07','2023-03-27 00:00:36',NULL),(472,NULL,1,22,NULL,8,'Anticipo Impto.Ganancia Mínima Presunta',0,0,0,0,0,1,1,'2020-02-06 17:23:07','2023-03-27 00:00:36',NULL),(473,NULL,1,24,NULL,4,'Impuesto a las Ganancias (Saldo a favor)',0,0,0,0,0,1,0,'2020-02-06 17:23:07','2023-06-02 07:53:49',NULL),(474,NULL,1,27,NULL,8,'Anticipos de proveedores',0,0,0,0,0,1,1,'2020-02-06 17:23:07','2023-03-27 00:00:36',NULL),(475,NULL,1,28,NULL,8,'Depósito en garantía alquileres',0,0,0,0,0,1,1,'2020-02-06 17:23:07','2023-03-27 00:00:36',NULL),(476,NULL,1,29,NULL,8,'Derechos adquiridos a devengar',0,0,0,0,0,1,1,'2020-02-06 17:23:07','2023-03-27 00:00:36',NULL),(477,NULL,1,30,NULL,8,'Intereses a devengar',0,0,0,0,0,1,1,'2020-02-06 17:23:07','2023-03-27 00:00:36',NULL),(478,NULL,1,31,NULL,8,'Cuentas a rendir - Directores',0,0,0,0,0,1,1,'2020-02-06 17:23:07','2023-03-27 00:00:36',NULL),(479,NULL,1,32,NULL,8,'Alquileres no devengados',0,0,0,0,0,1,1,'2020-02-06 17:23:07','2023-03-27 00:00:36',NULL),(480,NULL,1,38,NULL,8,'Equipos de computación valores históricos',0,0,0,0,0,1,1,'2020-02-06 17:23:07','2023-03-27 00:00:36',NULL),(481,NULL,1,39,NULL,8,'Equipos de computación ajuste',0,0,0,0,0,1,1,'2020-02-06 17:23:07','2023-03-27 00:00:36',NULL),(482,NULL,1,40,NULL,8,'Amortización Acumulada Equipos de comput.',0,0,0,0,0,1,1,'2020-02-06 17:23:07','2023-03-27 00:00:36',NULL),(483,NULL,1,42,NULL,8,'Instalaciones valores históricos',0,0,0,0,0,1,1,'2020-02-06 17:23:07','2023-03-27 00:00:36',NULL),(484,NULL,1,43,NULL,8,'Instalaciones ajuste',0,0,0,0,0,1,1,'2020-02-06 17:23:07','2023-03-27 00:00:36',NULL),(485,NULL,1,44,NULL,8,'Amortización Acumulada Instalaciones',0,0,0,0,0,1,1,'2020-02-06 17:23:07','2023-03-27 00:00:36',NULL);
INSERT INTO `cta_cte_tesoreria_cuentas` VALUES (486,NULL,1,46,NULL,8,'Muebles y utiles valores históricos',0,0,0,0,0,1,1,'2020-02-06 17:23:07','2023-03-27 00:00:36',NULL),(487,NULL,1,47,NULL,8,'Muebles y utiles ajuste',0,0,0,0,0,1,1,'2020-02-06 17:23:07','2023-03-27 00:00:36',NULL),(488,NULL,1,48,NULL,8,'Amortización Acumulada Muebles y Útiles',0,0,0,0,0,1,1,'2020-02-06 17:23:07','2023-03-27 00:00:36',NULL),(489,NULL,1,50,NULL,8,'Gastos de organización valores historicos',0,0,0,0,0,1,1,'2020-02-06 17:23:07','2023-03-27 00:00:36',NULL),(490,NULL,1,51,NULL,8,'Gastos de organización ajuste',0,0,0,0,0,1,1,'2020-02-06 17:23:07','2023-03-27 00:00:36',NULL),(491,NULL,1,52,NULL,8,'Amortización acumulada gs. de organización',0,0,0,0,0,1,1,'2020-02-06 17:23:07','2023-03-27 00:00:36',NULL),(492,NULL,1,58,NULL,8,'Proveedores en cta. cte. exterior',0,0,0,0,0,1,1,'2020-02-06 17:23:07','2023-03-27 00:00:36',NULL),(493,NULL,1,59,NULL,8,'Derechos de exhibición a devengar',0,0,0,0,0,1,1,'2020-02-06 17:23:07','2023-03-27 00:00:36',NULL),(494,NULL,1,63,NULL,8,'Cargas sociales a pagar',0,0,0,0,0,1,1,'2020-02-06 17:23:07','2023-03-27 00:00:36',NULL),(495,NULL,1,64,NULL,8,'Sindicatos a Pagar',0,0,0,0,0,1,1,'2020-02-06 17:23:07','2023-03-27 00:00:36',NULL),(496,NULL,1,67,NULL,8,'IVA Debito Fiscal',0,0,0,0,0,1,1,'2020-02-06 17:23:07','2023-03-27 00:00:36',NULL),(497,NULL,1,68,NULL,8,'IVA Credito Fiscal',0,0,0,0,0,1,1,'2020-02-06 17:23:07','2023-03-27 00:00:36',NULL),(498,NULL,1,69,NULL,8,'Impuestos Internos',0,0,0,0,0,1,1,'2020-02-06 17:23:07','2023-03-27 00:00:36',NULL),(499,NULL,1,70,NULL,8,'Impuestos al Combustible',0,0,0,0,0,1,1,'2020-02-06 17:23:07','2023-03-27 00:00:36',NULL),(500,NULL,1,71,NULL,8,'IVA Retenciones de terceros',0,0,0,0,0,1,1,'2020-02-06 17:23:07','2023-03-27 00:00:36',NULL),(501,NULL,1,72,NULL,5,'IVA Percepciones realiz.por terceros',0,0,0,0,0,1,1,'2020-02-06 17:23:07','2023-03-27 00:00:36',NULL),(502,NULL,1,73,NULL,8,'IVA Saldo a favor',0,0,0,0,0,1,1,'2020-02-06 17:23:07','2023-03-27 00:00:36',NULL),(503,NULL,1,74,NULL,8,'IVA a pagar',0,0,0,0,0,1,1,'2020-02-06 17:23:07','2023-03-27 00:00:36',NULL),(504,NULL,1,75,NULL,5,'Percepciones Ingresos Brutos',0,0,0,0,0,1,1,'2020-02-06 17:23:07','2023-03-27 00:00:36',NULL),(505,NULL,1,76,NULL,8,'Otros Pagos AFIP',0,0,0,0,0,1,1,'2020-02-06 17:23:07','2023-03-27 00:00:36',NULL),(506,NULL,1,78,NULL,8,'Impuesto a los Ingresos Brutos Pasivo',0,0,0,0,0,1,1,'2020-02-06 17:23:07','2023-03-27 00:00:36',NULL),(507,NULL,1,79,NULL,8,'Impuesto a las Ganancias',0,0,0,0,0,1,1,'2020-02-06 17:23:07','2023-03-27 00:00:36',NULL),(508,NULL,1,80,NULL,8,'Impuesto a la Ganancia Mínima Presunta',0,0,0,0,0,1,1,'2020-02-06 17:23:07','2023-03-27 00:00:36',NULL),(509,NULL,1,81,NULL,8,'AFIP - Retenciones Impuesto a las Ganancias',0,0,0,0,0,1,1,'2020-02-06 17:23:07','2023-03-27 00:00:36',NULL),(510,NULL,1,82,NULL,8,'AFIP - Plan de Facilidades Decreto 338/02',0,0,0,0,0,1,1,'2020-02-06 17:23:07','2023-03-27 00:00:36',NULL),(511,NULL,1,87,NULL,8,'Acciones en circulación',0,0,0,0,0,1,1,'2020-02-06 17:23:07','2023-03-27 00:00:36',NULL),(512,NULL,1,88,NULL,8,'Ajuste del Capital',0,0,0,0,0,1,1,'2020-02-06 17:23:07','2023-03-27 00:00:36',NULL),(513,NULL,1,89,NULL,8,'Aportes Irrevocables Futuras Suscripciones',0,0,0,0,0,1,1,'2020-02-06 17:23:07','2023-03-27 00:00:36',NULL),(514,NULL,1,91,NULL,8,'Resultado del ejercicio',0,0,0,0,0,1,1,'2020-02-06 17:23:07','2023-03-27 00:00:36',NULL),(515,NULL,1,92,NULL,8,'Resultado ejercicios anteriores',0,0,0,0,0,1,1,'2020-02-06 17:23:07','2023-03-27 00:00:36',NULL),(516,NULL,1,93,NULL,8,'A.R.E.A.',0,0,0,0,0,1,1,'2020-02-06 17:23:07','2023-03-27 00:00:36',NULL),(517,NULL,1,96,NULL,7,'VENTAS',0,0,0,0,1,1,1,'2020-02-06 17:23:07','2023-03-27 00:00:36',NULL),(518,NULL,1,97,NULL,7,'Honorarios',0,0,0,0,1,1,1,'2020-02-06 17:23:07','2023-03-27 00:00:36',NULL),(519,NULL,1,99,NULL,7,'Descuentos obtenidos',0,0,0,0,1,1,1,'2020-02-06 17:23:07','2023-03-27 00:00:36',NULL);
INSERT INTO `cta_cte_tesoreria_cuentas` VALUES (520,NULL,1,100,NULL,7,'Reintegros por exportaciones',0,0,0,0,1,1,1,'2020-02-06 17:23:07','2023-03-27 00:00:36',NULL),(521,NULL,1,102,NULL,7,'Intereses Cobrados',0,0,0,0,1,1,1,'2020-02-06 17:23:07','2023-03-27 00:00:36',NULL),(522,NULL,1,103,NULL,7,'Diferencias de cambio',0,0,0,0,1,1,1,'2020-02-06 17:23:07','2023-03-27 00:00:36',NULL),(523,NULL,1,104,NULL,7,'Descuentos obtenidos',0,0,0,0,1,1,1,'2020-02-06 17:23:07','2023-03-27 00:00:37',NULL),(524,NULL,1,110,NULL,6,'Sueldos',0,0,0,0,0,1,1,'2020-02-06 17:23:07','2023-03-27 00:00:37',NULL),(525,NULL,1,111,NULL,6,'Contribuciones',0,0,0,0,0,1,1,'2020-02-06 17:23:07','2023-03-27 00:00:37',NULL),(526,NULL,1,112,NULL,6,'Sindicato',0,0,0,0,0,1,1,'2020-02-06 17:23:07','2023-03-27 00:00:37',NULL),(527,NULL,1,114,NULL,6,'ACA',0,0,0,0,0,1,1,'2020-02-06 17:23:07','2023-03-27 00:00:37',NULL),(528,NULL,1,115,NULL,6,'Aereos',0,0,0,0,0,1,1,'2020-02-06 17:23:07','2023-03-27 00:00:37',NULL),(529,NULL,1,116,NULL,6,'Alquiler',0,0,0,0,0,1,1,'2020-02-06 17:23:07','2023-03-27 00:00:37',NULL),(530,NULL,1,117,NULL,6,'AGUA AYSA',0,0,0,0,0,1,1,'2020-02-06 17:23:07','2023-03-27 00:00:37',NULL),(531,NULL,1,118,NULL,6,'TV Cablevision',0,0,0,0,0,1,1,'2020-02-06 17:23:07','2023-03-27 00:00:37',NULL),(532,NULL,1,119,NULL,1,'Caja Jubilacion Consejo',0,0,0,0,0,1,1,'2020-02-06 17:23:07','2023-03-27 00:00:37',NULL),(533,NULL,1,120,NULL,6,'Celulares',0,0,0,0,0,1,1,'2020-02-06 17:23:07','2023-03-27 00:00:37',NULL),(534,NULL,1,121,NULL,3,'Cheques',0,0,0,0,0,1,1,'2020-02-06 17:23:07','2023-03-27 00:00:37',NULL),(535,NULL,1,123,NULL,6,'Comida',0,0,0,0,0,1,1,'2020-02-06 17:23:07','2023-03-27 00:00:37',NULL),(536,NULL,1,126,NULL,6,'Fletes y acarreos',0,0,0,0,0,1,1,'2020-02-06 17:23:07','2023-03-27 00:00:37',NULL),(537,NULL,1,127,NULL,6,'Luz Edesur',0,0,0,0,0,1,1,'2020-02-06 17:23:07','2023-03-27 00:00:37',NULL),(538,NULL,1,128,NULL,6,'Movilidad y Viáticos',0,0,0,0,0,1,1,'2020-02-06 17:23:07','2023-03-27 00:00:37',NULL),(539,NULL,1,129,NULL,6,'Mantenimiento',0,0,0,0,0,1,1,'2020-02-06 17:23:07','2023-03-27 00:00:37',NULL),(540,NULL,1,130,NULL,6,'IVA No Computable',0,0,0,0,0,1,1,'2020-02-06 17:23:07','2023-03-27 00:00:37',NULL),(541,NULL,1,131,NULL,6,'Entretenimiento',0,0,0,0,0,1,1,'2020-02-06 17:23:07','2023-03-27 00:00:37',NULL),(542,NULL,1,132,NULL,6,'Amortización Bienes de Uso',0,0,0,0,0,1,1,'2020-02-06 17:23:07','2023-03-27 00:00:37',NULL),(543,NULL,1,135,NULL,6,'Gastos varios',0,0,0,0,0,1,1,'2020-02-06 17:23:07','2023-03-27 00:00:37',NULL),(544,NULL,1,136,NULL,6,'Ajuste por redondeo',0,0,0,0,0,1,1,'2020-02-06 17:23:07','2023-03-27 00:00:37',NULL),(545,NULL,1,137,NULL,6,'Deudores Incobrables',0,0,0,0,0,1,1,'2020-02-06 17:23:07','2023-03-27 00:00:37',NULL),(546,NULL,1,141,NULL,6,'Intereses Proveedores',0,0,0,0,0,1,1,'2020-02-06 17:23:07','2023-03-27 00:00:37',NULL),(547,NULL,1,143,NULL,6,'Diferencias de cambio',0,0,0,0,0,1,1,'2020-02-06 17:23:07','2023-03-27 00:00:37',NULL),(548,NULL,1,144,NULL,6,'Diferencia de Cambio Bces. en M.Extranjera',0,0,0,0,0,1,1,'2020-02-06 17:23:07','2023-03-27 00:00:37',NULL),(549,NULL,1,145,NULL,6,'Diferencia tipo cambio Vendedor/Comprador',0,0,0,0,0,1,1,'2020-02-06 17:23:07','2023-03-27 00:00:37',NULL),(550,NULL,1,146,NULL,6,'Diferencia por conversion en Bce. en Mon. Extranj.',0,0,0,0,0,1,1,'2020-02-06 17:23:07','2023-03-27 00:00:37',NULL),(551,NULL,1,147,NULL,6,'Diferencia de cambio CMV',0,0,0,0,0,1,1,'2020-02-06 17:23:07','2023-03-27 00:00:37',NULL),(552,NULL,1,148,NULL,6,'Diferencia de cambio PT',0,0,0,0,0,1,1,'2020-02-06 17:23:07','2023-03-27 00:00:37',NULL),(553,NULL,1,149,NULL,6,'Resultado por Exposición a la Inflación',0,0,0,0,0,1,1,'2020-02-06 17:23:07','2023-03-27 00:00:37',NULL),(554,NULL,1,150,NULL,6,'Diferencia de cambio PE',0,0,0,0,0,1,1,'2020-02-06 17:23:07','2023-03-27 00:00:37',NULL),(555,NULL,1,151,NULL,6,'Diferencia de cambio Ds.Vtas.',0,0,0,0,0,1,1,'2020-02-06 17:23:07','2023-03-27 00:00:37',NULL);
INSERT INTO `cta_cte_tesoreria_cuentas` VALUES (556,NULL,1,152,NULL,6,'Diferencia de cambio ME',0,0,0,0,0,1,1,'2020-02-06 17:23:07','2023-03-27 00:00:37',NULL),(557,NULL,1,153,NULL,6,'Descuentos otorgados',0,0,0,0,0,1,1,'2020-02-06 17:23:07','2023-03-27 00:00:37',NULL),(558,NULL,1,155,NULL,6,'Impuesto a las Ganancias',0,0,0,0,0,1,1,'2020-02-06 17:23:07','2023-03-27 00:00:37',NULL),(559,NULL,1,156,NULL,6,'Impuesto a los Ingresos Brutos',0,0,0,0,0,1,1,'2020-02-06 17:23:07','2023-03-27 00:00:37',NULL),(560,NULL,1,157,NULL,6,'Impuesto al Debito y Credito Bancario',0,0,0,0,0,1,1,'2020-02-06 17:23:07','2023-03-27 00:00:37',NULL),(561,NULL,1,159,NULL,6,'Pérdida por venta bienes de uso',0,0,0,0,0,1,1,'2020-02-06 17:23:07','2023-03-27 00:00:37',NULL),(562,NULL,1,160,NULL,6,'Inversiones',0,0,0,0,0,1,1,'2020-02-06 17:23:07','2023-03-27 00:00:37',NULL),(563,NULL,1,161,NULL,6,'Amortizaciones extraordinarias',0,0,0,0,0,1,1,'2020-02-06 17:23:07','2023-03-27 00:00:37',NULL),(564,NULL,1,178,NULL,6,'Google',0,0,0,0,0,1,1,'2020-02-06 17:23:07','2023-03-27 00:00:37',NULL),(565,NULL,1,188,NULL,6,'Publicidad',0,0,0,0,0,1,1,'2020-02-06 17:23:07','2023-03-27 00:00:37',NULL),(566,NULL,1,191,NULL,6,'Cargas Sociales',0,0,0,0,0,1,1,'2020-02-06 17:23:07','2023-03-27 00:00:37',NULL),(567,NULL,1,192,NULL,6,'Honorarios',0,0,0,0,0,1,1,'2020-02-06 17:23:07','2023-03-27 00:00:37',NULL),(568,NULL,1,193,NULL,6,'Telefono Fijo',0,0,0,0,0,1,1,'2020-02-06 17:23:07','2023-03-27 00:00:37',NULL),(569,NULL,1,198,NULL,6,'Seguros',0,0,0,0,0,1,1,'2020-02-06 17:23:07','2023-03-27 00:00:37',NULL),(570,NULL,1,199,NULL,6,'Internet',0,0,0,0,0,1,1,'2020-02-06 17:23:07','2023-03-27 00:00:37',NULL),(571,NULL,1,204,NULL,6,'Multas Impositivas',0,0,0,0,0,1,1,'2020-02-06 17:23:07','2023-03-27 00:00:37',NULL),(572,NULL,1,208,NULL,6,'Impuesto a los Ingresos Brutos - BS AS',0,0,0,0,0,1,1,'2020-02-06 17:23:07','2023-03-27 00:00:37',NULL),(573,NULL,1,209,NULL,6,'SIRCREB',0,0,0,0,0,1,1,'2020-02-06 17:23:07','2023-03-27 00:00:37',NULL),(574,NULL,1,212,NULL,6,'Tarjeta Visa',0,0,0,0,0,1,1,'2020-02-06 17:23:07','2023-03-27 00:00:37',NULL),(575,NULL,1,213,NULL,6,'Tarjeta American Express',0,0,0,0,0,1,1,'2020-02-06 17:23:07','2023-03-27 00:00:37',NULL),(576,NULL,1,214,NULL,6,'Tarjeta Mastercard',0,0,0,0,0,1,1,'2020-02-06 17:23:07','2023-03-27 00:00:37',NULL),(577,NULL,1,215,NULL,6,'Tarjeta Shopping',0,0,0,0,0,1,1,'2020-02-06 17:23:07','2023-03-27 00:00:37',NULL),(578,NULL,1,216,NULL,6,'Tarjeta Cencosud',0,0,0,0,0,1,1,'2020-02-06 17:23:07','2023-03-27 00:00:37',NULL),(579,NULL,1,217,NULL,6,'Compras',0,0,0,0,0,1,1,'2020-02-06 17:23:07','2023-03-27 00:00:37',NULL),(580,NULL,1,218,NULL,7,'Ventas No Gravadas',0,0,0,0,1,1,1,'2020-02-06 17:23:07','2023-03-27 00:00:37',NULL),(581,NULL,1,220,NULL,5,'Perc IVA -RG3337',0,0,0,0,0,1,0,'2020-02-06 17:23:07','2023-06-02 07:53:49',NULL),(582,NULL,1,221,NULL,6,'Imps. Internos',0,0,0,0,0,1,1,'2020-02-06 17:23:07','2023-03-27 00:00:37',NULL),(583,NULL,1,222,NULL,6,'Imp. Gasoil',0,0,0,0,0,1,1,'2020-02-06 17:23:07','2023-03-27 00:00:37',NULL),(584,NULL,1,223,NULL,6,'Imp. Hídricos',0,0,0,0,0,1,1,'2020-02-06 17:23:07','2023-03-27 00:00:37',NULL),(585,NULL,1,224,NULL,6,'ITC',0,0,0,0,0,1,1,'2020-02-06 17:23:07','2023-03-27 00:00:37',NULL),(586,NULL,1,225,NULL,5,'Perc IIBB  Buenos Aires',0,0,0,0,0,1,1,'2020-02-06 17:23:07','2023-03-27 00:00:37',NULL),(587,NULL,1,226,NULL,5,'Perc IIBB  Capital Federal',0,0,0,0,0,1,1,'2020-02-06 17:23:07','2023-03-27 00:00:37',NULL),(588,NULL,1,227,NULL,5,'Perc IIBB  Catamarca',0,0,0,0,0,1,1,'2020-02-06 17:23:07','2023-03-27 00:00:37',NULL),(589,NULL,1,228,NULL,5,'Perc IIBB  Chaco',0,0,0,0,0,1,1,'2020-02-06 17:23:07','2023-03-27 00:00:37',NULL),(590,NULL,1,229,NULL,5,'Perc IIBB  Chubut',0,0,0,0,0,1,1,'2020-02-06 17:23:07','2023-03-27 00:00:37',NULL),(591,NULL,1,230,NULL,5,'Perc IIBB  Córdoba',0,0,0,0,0,1,1,'2020-02-06 17:23:07','2023-03-27 00:00:37',NULL),(592,NULL,1,231,NULL,5,'Perc IIBB  Corrientes',0,0,0,0,0,1,1,'2020-02-06 17:23:07','2023-03-27 00:00:37',NULL);
INSERT INTO `cta_cte_tesoreria_cuentas` VALUES (593,NULL,1,232,NULL,5,'Perc IIBB  Entre Ríos',0,0,0,0,0,1,1,'2020-02-06 17:23:07','2023-03-27 00:00:37',NULL),(594,NULL,1,233,NULL,5,'Perc IIBB  Formosa',0,0,0,0,0,1,1,'2020-02-06 17:23:07','2023-03-27 00:00:37',NULL),(595,NULL,1,234,NULL,5,'Perc IIBB  Jujuy',0,0,0,0,0,1,1,'2020-02-06 17:23:07','2023-03-27 00:00:37',NULL),(596,NULL,1,235,NULL,5,'Perc IIBB  La Pampa',0,0,0,0,0,1,1,'2020-02-06 17:23:07','2023-03-27 00:00:37',NULL),(597,NULL,1,236,NULL,5,'Perc IIBB  La Rioja',0,0,0,0,0,1,1,'2020-02-06 17:23:07','2023-03-27 00:00:37',NULL),(598,NULL,1,237,NULL,5,'Perc IIBB  Mendoza',0,0,0,0,0,1,1,'2020-02-06 17:23:07','2023-03-27 00:00:37',NULL),(599,NULL,1,238,NULL,5,'Perc IIBB  Misiones',0,0,0,0,0,1,1,'2020-02-06 17:23:07','2023-03-27 00:00:37',NULL),(600,NULL,1,239,NULL,5,'Perc IIBB  Neuquén',0,0,0,0,0,1,1,'2020-02-06 17:23:07','2023-03-27 00:00:37',NULL),(601,NULL,1,240,NULL,5,'Perc IIBB  Pascua Lama',0,0,0,0,0,1,1,'2020-02-06 17:23:07','2023-03-27 00:00:37',NULL),(602,NULL,1,241,NULL,5,'Perc IIBB  Río Negro',0,0,0,0,0,1,1,'2020-02-06 17:23:07','2023-03-27 00:00:37',NULL),(603,NULL,1,242,NULL,5,'Perc IIBB  Salta',0,0,0,0,0,1,1,'2020-02-06 17:23:07','2023-03-27 00:00:37',NULL),(604,NULL,1,243,NULL,5,'Perc IIBB  San Juan',0,0,0,0,0,1,1,'2020-02-06 17:23:07','2023-03-27 00:00:37',NULL),(605,NULL,1,244,NULL,5,'Perc IIBB  San Luis',0,0,0,0,0,1,1,'2020-02-06 17:23:07','2023-03-27 00:00:37',NULL),(606,NULL,1,245,NULL,5,'Perc IIBB  Santa Cruz',0,0,0,0,0,1,1,'2020-02-06 17:23:07','2023-03-27 00:00:37',NULL),(607,NULL,1,246,NULL,5,'Perc IIBB  Santa Fe',0,0,0,0,0,1,1,'2020-02-06 17:23:07','2023-03-27 00:00:37',NULL),(608,NULL,1,247,NULL,5,'Perc IIBB  Santiago del Estero',0,0,0,0,0,1,1,'2020-02-06 17:23:07','2023-03-27 00:00:37',NULL),(609,NULL,1,248,NULL,5,'Perc IIBB  Tierra del Fuego',0,0,0,0,0,1,1,'2020-02-06 17:23:07','2023-03-27 00:00:37',NULL),(610,NULL,1,249,NULL,5,'Perc IIBB  Tucuman',0,0,0,0,0,1,1,'2020-02-06 17:23:07','2023-03-27 00:00:37',NULL),(611,NULL,1,250,NULL,6,'Compras No Gravadas',0,0,0,0,0,1,1,'2020-02-06 17:23:07','2023-03-27 00:00:37',NULL),(612,NULL,1,276,NULL,6,'SIRCREB Buenos Aires',0,0,0,0,0,1,1,'2020-02-06 17:23:07','2023-03-27 00:00:37',NULL),(613,NULL,1,277,NULL,6,'SIRCREB Capital Federal',0,0,0,0,0,1,1,'2020-02-06 17:23:07','2023-03-27 00:00:37',NULL),(614,NULL,1,278,NULL,6,'SIRCREB Catamarca',0,0,0,0,0,1,1,'2020-02-06 17:23:07','2023-03-27 00:00:37',NULL),(615,NULL,1,279,NULL,6,'SIRCREB Chaco',0,0,0,0,0,1,1,'2020-02-06 17:23:07','2023-03-27 00:00:37',NULL),(616,NULL,1,280,NULL,6,'SIRCREB Chubut',0,0,0,0,0,1,1,'2020-02-06 17:23:07','2023-03-27 00:00:37',NULL),(617,NULL,1,281,NULL,6,'SIRCREB Córdoba',0,0,0,0,0,1,1,'2020-02-06 17:23:07','2023-03-27 00:00:37',NULL),(618,NULL,1,282,NULL,6,'SIRCREB Corrientes',0,0,0,0,0,1,1,'2020-02-06 17:23:07','2023-03-27 00:00:37',NULL),(619,NULL,1,283,NULL,6,'SIRCREB Entre Ríos',0,0,0,0,0,1,1,'2020-02-06 17:23:07','2023-03-27 00:00:37',NULL),(620,NULL,1,284,NULL,6,'SIRCREB Formosa',0,0,0,0,0,1,1,'2020-02-06 17:23:07','2023-03-27 00:00:37',NULL),(621,NULL,1,285,NULL,6,'SIRCREB Jujuy',0,0,0,0,0,1,1,'2020-02-06 17:23:07','2023-03-27 00:00:37',NULL),(622,NULL,1,286,NULL,6,'SIRCREB La Pampa',0,0,0,0,0,1,1,'2020-02-06 17:23:07','2023-03-27 00:00:37',NULL),(623,NULL,1,287,NULL,6,'SIRCREB La Rioja',0,0,0,0,0,1,1,'2020-02-06 17:23:07','2023-03-27 00:00:37',NULL),(624,NULL,1,288,NULL,6,'SIRCREB Mendoza',0,0,0,0,0,1,1,'2020-02-06 17:23:07','2023-03-27 00:00:37',NULL),(625,NULL,1,289,NULL,6,'SIRCREB Misiones',0,0,0,0,0,1,1,'2020-02-06 17:23:07','2023-03-27 00:00:37',NULL),(626,NULL,1,290,NULL,6,'SIRCREB Neuquén',0,0,0,0,0,1,1,'2020-02-06 17:23:07','2023-03-27 00:00:37',NULL),(627,NULL,1,291,NULL,6,'SIRCREB Pascua Lama',0,0,0,0,0,1,1,'2020-02-06 17:23:07','2023-03-27 00:00:37',NULL),(628,NULL,1,292,NULL,6,'SIRCREB Río Negro',0,0,0,0,0,1,1,'2020-02-06 17:23:07','2023-03-27 00:00:37',NULL);
INSERT INTO `cta_cte_tesoreria_cuentas` VALUES (629,NULL,1,293,NULL,6,'SIRCREB Salta',0,0,0,0,0,1,1,'2020-02-06 17:23:07','2023-03-27 00:00:37',NULL),(630,NULL,1,294,NULL,6,'SIRCREB San Juan',0,0,0,0,0,1,1,'2020-02-06 17:23:07','2023-03-27 00:00:37',NULL),(631,NULL,1,295,NULL,6,'SIRCREB San Luis',0,0,0,0,0,1,1,'2020-02-06 17:23:07','2023-03-27 00:00:37',NULL),(632,NULL,1,296,NULL,6,'SIRCREB Santa Cruz',0,0,0,0,0,1,1,'2020-02-06 17:23:07','2023-03-27 00:00:37',NULL),(633,NULL,1,297,NULL,6,'SIRCREB Santa Fe',0,0,0,0,0,1,1,'2020-02-06 17:23:07','2023-03-27 00:00:37',NULL),(634,NULL,1,298,NULL,6,'SIRCREB Santiago del Estero',0,0,0,0,0,1,1,'2020-02-06 17:23:07','2023-03-27 00:00:37',NULL),(635,NULL,1,299,NULL,6,'SIRCREB Tierra del Fuego',0,0,0,0,0,1,1,'2020-02-06 17:23:07','2023-03-27 00:00:37',NULL),(636,NULL,1,300,NULL,6,'SIRCREB Tucuman',0,0,0,0,0,1,1,'2020-02-06 17:23:07','2023-03-27 00:00:37',NULL),(637,NULL,1,301,NULL,8,'IIBB a Favor Buenos Aires',0,0,0,0,0,1,1,'2020-02-06 17:23:07','2023-03-27 00:00:37',NULL),(638,NULL,1,302,NULL,8,'IIBB a Favor Capital Federal',0,0,0,0,0,1,1,'2020-02-06 17:23:07','2023-03-27 00:00:37',NULL),(639,NULL,1,303,NULL,8,'IIBB a Favor Catamarca',0,0,0,0,0,1,1,'2020-02-06 17:23:07','2023-03-27 00:00:37',NULL),(640,NULL,1,304,NULL,8,'IIBB a Favor Chaco',0,0,0,0,0,1,1,'2020-02-06 17:23:07','2023-03-27 00:00:37',NULL),(641,NULL,1,305,NULL,8,'IIBB a Favor Chubut',0,0,0,0,0,1,1,'2020-02-06 17:23:07','2023-03-27 00:00:37',NULL),(642,NULL,1,306,NULL,8,'IIBB a Favor Córdoba',0,0,0,0,0,1,1,'2020-02-06 17:23:07','2023-03-27 00:00:37',NULL),(643,NULL,1,307,NULL,8,'IIBB a Favor Corrientes',0,0,0,0,0,1,1,'2020-02-06 17:23:07','2023-03-27 00:00:37',NULL),(644,NULL,1,308,NULL,8,'IIBB a Favor Entre Ríos',0,0,0,0,0,1,1,'2020-02-06 17:23:07','2023-03-27 00:00:37',NULL),(645,NULL,1,309,NULL,8,'IIBB a Favor Formosa',0,0,0,0,0,1,1,'2020-02-06 17:23:07','2023-03-27 00:00:37',NULL),(646,NULL,1,310,NULL,8,'IIBB a Favor Jujuy',0,0,0,0,0,1,1,'2020-02-06 17:23:07','2023-03-27 00:00:37',NULL),(647,NULL,1,311,NULL,8,'IIBB a Favor La Pampa',0,0,0,0,0,1,1,'2020-02-06 17:23:07','2023-03-27 00:00:37',NULL),(648,NULL,1,312,NULL,8,'IIBB a Favor La Rioja',0,0,0,0,0,1,1,'2020-02-06 17:23:07','2023-03-27 00:00:37',NULL),(649,NULL,1,313,NULL,8,'IIBB a Favor Mendoza',0,0,0,0,0,1,1,'2020-02-06 17:23:07','2023-03-27 00:00:37',NULL),(650,NULL,1,314,NULL,8,'IIBB a Favor Misiones',0,0,0,0,0,1,1,'2020-02-06 17:23:08','2023-03-27 00:00:37',NULL),(651,NULL,1,315,NULL,8,'IIBB a Favor Neuquén',0,0,0,0,0,1,1,'2020-02-06 17:23:08','2023-03-27 00:00:37',NULL),(652,NULL,1,316,NULL,8,'IIBB a Favor Pascua Lama',0,0,0,0,0,1,1,'2020-02-06 17:23:08','2023-03-27 00:00:37',NULL),(653,NULL,1,317,NULL,8,'IIBB a Favor Río Negro',0,0,0,0,0,1,1,'2020-02-06 17:23:08','2023-03-27 00:00:37',NULL),(654,NULL,1,318,NULL,8,'IIBB a Favor Salta',0,0,0,0,0,1,1,'2020-02-06 17:23:08','2023-03-27 00:00:37',NULL),(655,NULL,1,319,NULL,8,'IIBB a Favor San Juan',0,0,0,0,0,1,1,'2020-02-06 17:23:08','2023-03-27 00:00:37',NULL),(656,NULL,1,320,NULL,8,'IIBB a Favor San Luis',0,0,0,0,0,1,1,'2020-02-06 17:23:08','2023-03-27 00:00:37',NULL),(657,NULL,1,321,NULL,8,'IIBB a Favor Santa Cruz',0,0,0,0,0,1,1,'2020-02-06 17:23:08','2023-03-27 00:00:37',NULL),(658,NULL,1,322,NULL,8,'IIBB a Favor Santa Fe',0,0,0,0,0,1,1,'2020-02-06 17:23:08','2023-03-27 00:00:37',NULL),(659,NULL,1,323,NULL,8,'IIBB a Favor Santiago del Estero',0,0,0,0,0,1,1,'2020-02-06 17:23:08','2023-03-27 00:00:37',NULL),(660,NULL,1,324,NULL,8,'IIBB a Favor Tierra del Fuego',0,0,0,0,0,1,1,'2020-02-06 17:23:08','2023-03-27 00:00:37',NULL),(661,NULL,1,325,NULL,8,'IIBB a Favor Tucuman',0,0,0,0,0,1,1,'2020-02-06 17:23:08','2023-03-27 00:00:37',NULL),(662,NULL,1,326,NULL,8,'IIBB a Pagar Buenos Aires',0,0,0,0,0,1,1,'2020-02-06 17:23:08','2023-03-27 00:00:37',NULL),(663,NULL,1,327,NULL,8,'IIBB a Pagar Capital Federal',0,0,0,0,0,1,1,'2020-02-06 17:23:08','2023-03-27 00:00:37',NULL);
INSERT INTO `cta_cte_tesoreria_cuentas` VALUES (664,NULL,1,328,NULL,8,'IIBB a Pagar Catamarca',0,0,0,0,0,1,1,'2020-02-06 17:23:08','2023-03-27 00:00:37',NULL),(665,NULL,1,329,NULL,8,'IIBB a Pagar Chaco',0,0,0,0,0,1,1,'2020-02-06 17:23:08','2023-03-27 00:00:37',NULL),(666,NULL,1,330,NULL,8,'IIBB a Pagar Chubut',0,0,0,0,0,1,1,'2020-02-06 17:23:08','2023-03-27 00:00:37',NULL),(667,NULL,1,331,NULL,8,'IIBB a Pagar Córdoba',0,0,0,0,0,1,1,'2020-02-06 17:23:08','2023-03-27 00:00:37',NULL),(668,NULL,1,332,NULL,8,'IIBB a Pagar Corrientes',0,0,0,0,0,1,1,'2020-02-06 17:23:08','2023-03-27 00:00:37',NULL),(669,NULL,1,333,NULL,8,'IIBB a Pagar Entre Ríos',0,0,0,0,0,1,1,'2020-02-06 17:23:08','2023-03-27 00:00:37',NULL),(670,NULL,1,334,NULL,8,'IIBB a Pagar Formosa',0,0,0,0,0,1,1,'2020-02-06 17:23:08','2023-03-27 00:00:37',NULL),(671,NULL,1,335,NULL,8,'IIBB a Pagar Jujuy',0,0,0,0,0,1,1,'2020-02-06 17:23:08','2023-03-27 00:00:37',NULL),(672,NULL,1,336,NULL,8,'IIBB a Pagar La Pampa',0,0,0,0,0,1,1,'2020-02-06 17:23:08','2023-03-27 00:00:37',NULL),(673,NULL,1,337,NULL,8,'IIBB a Pagar La Rioja',0,0,0,0,0,1,1,'2020-02-06 17:23:08','2023-03-27 00:00:37',NULL),(674,NULL,1,338,NULL,8,'IIBB a Pagar Mendoza',0,0,0,0,0,1,1,'2020-02-06 17:23:08','2023-03-27 00:00:37',NULL),(675,NULL,1,339,NULL,8,'IIBB a Pagar Misiones',0,0,0,0,0,1,1,'2020-02-06 17:23:08','2023-03-27 00:00:37',NULL),(676,NULL,1,340,NULL,8,'IIBB a Pagar Neuquén',0,0,0,0,0,1,1,'2020-02-06 17:23:08','2023-03-27 00:00:37',NULL),(677,NULL,1,341,NULL,8,'IIBB a Pagar Pascua Lama',0,0,0,0,0,1,1,'2020-02-06 17:23:08','2023-03-27 00:00:37',NULL),(678,NULL,1,342,NULL,8,'IIBB a Pagar Río Negro',0,0,0,0,0,1,1,'2020-02-06 17:23:08','2023-03-27 00:00:37',NULL),(679,NULL,1,343,NULL,8,'IIBB a Pagar Salta',0,0,0,0,0,1,1,'2020-02-06 17:23:08','2023-03-27 00:00:37',NULL),(680,NULL,1,344,NULL,8,'IIBB a Pagar San Juan',0,0,0,0,0,1,1,'2020-02-06 17:23:08','2023-03-27 00:00:37',NULL),(681,NULL,1,345,NULL,8,'IIBB a Pagar San Luis',0,0,0,0,0,1,1,'2020-02-06 17:23:08','2023-03-27 00:00:37',NULL),(682,NULL,1,346,NULL,8,'IIBB a Pagar Santa Cruz',0,0,0,0,0,1,1,'2020-02-06 17:23:08','2023-03-27 00:00:37',NULL),(683,NULL,1,347,NULL,8,'IIBB a Pagar Santa Fe',0,0,0,0,0,1,1,'2020-02-06 17:23:08','2023-03-27 00:00:37',NULL),(684,NULL,1,348,NULL,8,'IIBB a Pagar Santiago del Estero',0,0,0,0,0,1,1,'2020-02-06 17:23:08','2023-03-27 00:00:37',NULL),(685,NULL,1,349,NULL,8,'IIBB a Pagar Tierra del Fuego',0,0,0,0,0,1,1,'2020-02-06 17:23:08','2023-03-27 00:00:37',NULL),(686,NULL,1,350,NULL,8,'IIBB a Pagar Tucuman',0,0,0,0,0,1,1,'2020-02-06 17:23:08','2023-03-27 00:00:37',NULL),(687,NULL,1,352,NULL,8,'Compensacion',0,0,0,0,0,1,1,'2020-02-06 17:23:08','2023-03-27 00:00:37',NULL),(688,NULL,1,353,NULL,8,'IVA Saldo Tecnico',0,0,0,0,0,1,1,'2020-02-06 17:23:08','2023-03-27 00:00:37',NULL),(689,NULL,1,354,NULL,8,'IVA Saldo Libre Disponibilidad',0,0,0,0,0,1,1,'2020-02-06 17:23:08','2023-03-27 00:00:37',NULL),(690,NULL,1,361,NULL,8,'Equipos de Computación',0,0,0,0,0,1,1,'2020-02-06 17:23:08','2023-03-27 00:00:37',NULL),(691,NULL,1,362,NULL,8,'Computadoras',0,0,0,0,0,1,1,'2020-02-06 17:23:08','2023-03-27 00:00:37',NULL),(692,NULL,1,363,NULL,8,'Muebles y Utiles',0,0,0,0,0,1,1,'2020-02-06 17:23:08','2023-03-27 00:00:37',NULL),(693,NULL,1,365,NULL,8,'Provision Honorarios',0,0,0,0,0,1,1,'2020-02-06 17:23:08','2023-03-27 00:00:37',NULL),(694,NULL,1,366,NULL,8,'Cta. Cte Directores',0,0,0,0,0,1,1,'2020-02-06 17:23:08','2023-03-27 00:00:37',NULL),(695,NULL,1,367,NULL,8,'Provisión Honorarios Directores',0,0,0,0,0,1,1,'2020-02-06 17:23:08','2023-03-27 00:00:37',NULL),(696,NULL,1,368,NULL,8,'Cuenta Particular Socio 1',0,0,0,0,0,1,1,'2020-02-06 17:23:08','2023-03-27 00:00:37',NULL),(697,NULL,1,369,NULL,8,'Capital',0,0,0,0,0,1,1,'2020-02-06 17:23:08','2023-03-27 00:00:37',NULL),(698,NULL,1,380,NULL,8,'Instalaciones',0,0,0,0,0,1,1,'2020-02-06 17:23:08','2023-03-27 00:00:37',NULL),(699,NULL,1,381,NULL,8,'Reserva Legal',0,0,0,0,0,1,1,'2020-02-06 17:23:08','2023-03-27 00:00:37',NULL);
INSERT INTO `cta_cte_tesoreria_cuentas` VALUES (700,NULL,1,382,NULL,8,'Reserva Legal',0,0,0,0,0,1,1,'2020-02-06 17:23:08','2023-03-27 00:00:37',NULL),(701,NULL,1,383,NULL,8,'Resultado no asignado',0,0,0,0,0,1,1,'2020-02-06 17:23:08','2023-03-27 00:00:37',NULL),(702,NULL,1,386,NULL,8,'PLAZO FIJO',0,0,0,0,0,1,1,'2020-02-06 17:23:08','2023-03-27 00:00:37',NULL),(703,NULL,1,388,NULL,8,'ACCIONES',0,0,0,0,0,1,1,'2020-02-06 17:23:08','2023-03-27 00:00:37',NULL),(704,NULL,1,389,NULL,8,'Inmuebles',0,0,0,0,0,1,1,'2020-02-06 17:23:08','2023-03-27 00:00:37',NULL),(705,NULL,1,390,NULL,8,'Vehiculos',0,0,0,0,0,1,1,'2020-02-06 17:23:08','2023-03-27 00:00:37',NULL),(706,NULL,1,391,NULL,8,'Maquinarias',0,0,0,0,0,1,1,'2020-02-06 17:23:08','2023-03-27 00:00:37',NULL),(707,NULL,1,392,NULL,8,'MERCADERIAS',0,0,0,0,0,1,1,'2020-02-06 17:23:08','2023-03-27 00:00:37',NULL),(708,NULL,1,393,NULL,8,'OTROS',0,0,0,0,0,1,1,'2020-02-06 17:23:08','2023-03-27 00:00:37',NULL),(709,NULL,1,395,NULL,8,'Cuenta Particular Socio 2',0,0,0,0,0,1,1,'2020-02-06 17:23:08','2023-03-27 00:00:37',NULL),(710,NULL,1,396,NULL,6,'Comisiones Y gastos Bancarios',0,0,0,0,0,1,1,'2020-02-06 17:23:08','2023-03-27 00:00:37',NULL),(711,NULL,1,411,NULL,8,'Provisión Impuesto a las Ganancias',0,0,0,0,0,1,1,'2020-02-06 17:23:08','2023-03-27 00:00:37',NULL),(712,NULL,1,412,NULL,6,'Amortización Muebles y Útiles',0,0,0,0,0,1,1,'2020-02-06 17:23:08','2023-03-27 00:00:37',NULL),(713,NULL,1,413,NULL,6,'Amortización Equipos',0,0,0,0,0,1,1,'2020-02-06 17:23:08','2023-03-27 00:00:37',NULL),(714,NULL,1,414,NULL,8,'Amortizacion Acumulada Equipos',0,0,0,0,0,1,1,'2020-02-06 17:23:08','2023-03-27 00:00:37',NULL),(715,NULL,1,415,NULL,8,'Amortización Acumulada Maquinarias',0,0,0,0,0,1,1,'2020-02-06 17:23:08','2023-03-27 00:00:37',NULL),(716,NULL,1,416,NULL,8,'Materias Primas',0,0,0,0,0,1,1,'2020-02-06 17:23:08','2023-03-27 00:00:37',NULL),(717,NULL,1,419,NULL,8,'Rodados',0,0,0,0,0,1,1,'2020-02-06 17:23:08','2023-03-27 00:00:37',NULL),(718,NULL,1,420,NULL,8,'Amortización Acumulada Rodados',0,0,0,0,0,1,1,'2020-02-06 17:23:08','2023-03-27 00:00:37',NULL),(719,NULL,1,421,NULL,6,'Amortización Rodados',0,0,0,0,0,1,1,'2020-02-06 17:23:08','2023-03-27 00:00:37',NULL),(720,NULL,1,422,NULL,6,'Amortización Maquinarias',0,0,0,0,0,1,1,'2020-02-06 17:23:08','2023-03-27 00:00:37',NULL),(721,NULL,1,423,NULL,8,'Accesorios',0,0,0,0,0,1,1,'2020-02-06 17:23:08','2023-03-27 00:00:37',NULL),(722,NULL,1,424,NULL,8,'Amortización Acumulada Accesorios',0,0,0,0,0,1,1,'2020-02-06 17:23:08','2023-03-27 00:00:37',NULL),(723,NULL,1,426,NULL,8,'Reserva Facultativa',0,0,0,0,0,1,1,'2020-02-06 17:23:08','2023-03-27 00:00:37',NULL),(724,NULL,1,427,NULL,8,'Créditos por Impuestos Diferidos',0,0,0,0,0,1,1,'2020-02-06 17:23:08','2023-03-27 00:00:37',NULL),(725,NULL,1,428,NULL,8,'Fondo de Comercio',0,0,0,0,0,1,1,'2020-02-06 17:23:08','2023-03-27 00:00:37',NULL),(726,NULL,1,429,NULL,8,'Amortizacion Acumulada Fondo de Comercio',0,0,0,0,0,1,1,'2020-02-06 17:23:08','2023-03-27 00:00:37',NULL),(727,NULL,1,430,NULL,8,'Intereses a devengar AGIP',0,0,0,0,0,1,1,'2020-02-06 17:23:08','2023-03-27 00:00:37',NULL),(728,NULL,1,431,NULL,8,'PFP IIBB',0,0,0,0,0,1,1,'2020-02-06 17:23:08','2023-03-27 00:00:37',NULL),(729,NULL,1,434,NULL,8,'Productos',0,0,0,0,0,1,1,'2020-02-06 17:23:08','2023-03-27 00:00:37',NULL),(730,NULL,1,435,NULL,8,'Intereses a devengar PFP',0,0,0,0,0,1,1,'2020-02-06 17:23:08','2023-03-27 00:00:37',NULL),(731,NULL,1,437,NULL,8,'Imp. Ley 25413 Cred 0.6%',0,0,0,0,0,1,1,'2020-02-06 17:23:08','2023-03-27 00:00:37',NULL),(732,NULL,1,438,NULL,8,'Honorarios Directorio a Pagar',0,0,0,0,0,1,1,'2020-02-06 17:23:08','2023-03-27 00:00:37',NULL),(733,NULL,1,439,NULL,8,'Reserva para Futuras Inversiones',0,0,0,0,0,1,1,'2020-02-06 17:23:08','2023-03-27 00:00:37',NULL),(734,NULL,1,440,NULL,8,'TEAC - Trabajos Ejecutados a Certificar',0,0,0,0,0,1,1,'2020-02-06 17:23:08','2023-03-27 00:00:37',NULL);
INSERT INTO `cta_cte_tesoreria_cuentas` VALUES (735,NULL,1,444,NULL,8,'Banco Santander Rio Cta Cte',0,0,0,0,0,1,1,'2020-02-06 17:23:08','2023-03-27 00:00:37',NULL),(736,NULL,1,449,NULL,8,'Leasing',0,0,0,0,0,1,1,'2020-02-06 17:23:08','2023-03-27 00:00:37',NULL),(737,NULL,1,453,NULL,8,'Inversión Central Caribe',0,0,0,0,0,1,1,'2020-02-06 17:23:08','2023-03-27 00:00:37',NULL),(738,NULL,1,454,NULL,8,'Otras Inversiones',0,0,0,0,0,1,1,'2020-02-06 17:23:08','2023-03-27 00:00:37',NULL),(739,NULL,1,455,NULL,8,'Otros Créditos',0,0,0,0,0,1,1,'2020-02-06 17:23:08','2023-03-27 00:00:37',NULL),(740,NULL,1,456,NULL,8,'Provisión Honorarios Socio Gerente',0,0,0,0,0,1,1,'2020-02-06 17:23:08','2023-03-27 00:00:37',NULL),(741,NULL,1,459,NULL,8,'Moratoria SUSS a pagar',0,0,0,0,0,1,1,'2020-02-06 17:23:08','2023-03-27 00:00:37',NULL),(742,NULL,1,460,NULL,8,'Impuestos Municipales a Pagar',0,0,0,0,0,1,1,'2020-02-06 17:23:08','2023-03-27 00:00:37',NULL),(743,NULL,1,461,NULL,6,'Amortización Instalaciones',0,0,0,0,0,1,1,'2020-02-06 17:23:08','2023-03-27 00:00:37',NULL),(744,NULL,1,462,NULL,6,'Amortización Equipos de comput.',0,0,0,0,0,1,1,'2020-02-06 17:23:08','2023-03-27 00:00:37',NULL),(745,NULL,1,463,NULL,8,'Cuenta Particular Socio 3',0,0,0,0,0,1,1,'2020-02-06 17:23:08','2023-03-27 00:00:37',NULL),(746,NULL,1,464,NULL,8,'Cuenta Particular Socio 4',0,0,0,0,0,1,1,'2020-02-06 17:23:08','2023-03-27 00:00:37',NULL),(747,NULL,1,465,NULL,8,'Otras Reservas',0,0,0,0,0,1,1,'2020-02-06 17:23:08','2023-03-27 00:00:37',NULL),(748,NULL,1,466,NULL,8,'IGMP (Saldo a Favor)',0,0,0,0,0,1,1,'2020-02-06 17:23:08','2023-03-27 00:00:37',NULL),(749,NULL,1,468,NULL,8,'Productos en Proceso',0,0,0,0,0,1,1,'2020-02-06 17:23:08','2023-03-27 00:00:37',NULL),(750,NULL,1,469,NULL,8,'Depósitos en Garantía Socio Gerente',0,0,0,0,0,1,1,'2020-02-06 17:23:08','2023-03-27 00:00:37',NULL),(751,NULL,1,470,NULL,8,'Fondos Embargados',0,0,0,0,0,1,1,'2020-02-06 17:23:08','2023-03-27 00:00:37',NULL),(752,NULL,1,471,NULL,8,'Cuota Solid.',0,0,0,0,0,1,1,'2020-02-06 17:23:08','2023-03-27 00:00:37',NULL),(753,NULL,1,472,NULL,8,'Anticipo Honorarios Directores',0,0,0,0,0,1,1,'2020-02-06 17:23:08','2023-03-27 00:00:37',NULL),(754,NULL,1,473,NULL,8,'SICORE a Pagar',0,0,0,0,0,1,1,'2020-02-06 17:23:08','2023-03-27 00:00:37',NULL),(755,NULL,1,476,NULL,6,'RECPAM',0,0,0,0,0,1,1,'2020-02-06 17:23:08','2023-03-27 00:00:37',NULL),(756,NULL,1,478,NULL,6,'CO2 - Imp. Al Carbono',0,0,0,0,0,1,1,'2020-02-06 17:23:08','2023-03-27 00:00:37',NULL);

--
-- Table structure for table `cta_cte_tesoreria_detail`
--

CREATE TABLE `cta_cte_tesoreria_detail` (
  `id` int(10) unsigned NOT NULL AUTO_INCREMENT,
  `user_id` int(10) unsigned DEFAULT NULL,
  `cta_cte_tesoreria_id` int(10) unsigned NOT NULL,
  `cta_cte_tesoreria_cuenta_id` int(10) unsigned NOT NULL,
  `person_id` int(10) unsigned DEFAULT NULL,
  `period_id` int(10) unsigned DEFAULT NULL,
  `saldo_id` int(10) unsigned NOT NULL,
  `monto` decimal(16,2) NOT NULL,
  `is_conciliado` tinyint(1) NOT NULL DEFAULT '0',
  `fecha` date DEFAULT NULL,
  `created_at` timestamp NULL DEFAULT NULL,
  `updated_at` timestamp NULL DEFAULT NULL,
  `deleted_at` timestamp NULL DEFAULT NULL,
  PRIMARY KEY (`id`),
  KEY `cta_cte_tesoreria_detail_cta_cte_tesoreria_id_foreign` (`cta_cte_tesoreria_id`),
  KEY `cta_cte_tesoreria_detail_cta_cte_tesoreria_cuenta_id_foreign` (`cta_cte_tesoreria_cuenta_id`),
  KEY `cta_cte_tesoreria_detail_person_id_foreign` (`person_id`),
  KEY `cta_cte_tesoreria_detail_period_id_foreign` (`period_id`),
  KEY `cta_cte_tesoreria_detail_saldo_id_foreign` (`saldo_id`),
  CONSTRAINT `cta_cte_tesoreria_detail_cta_cte_tesoreria_cuenta_id_foreign` FOREIGN KEY (`cta_cte_tesoreria_cuenta_id`) REFERENCES `cta_cte_tesoreria_cuentas` (`id`),
  CONSTRAINT `cta_cte_tesoreria_detail_cta_cte_tesoreria_id_foreign` FOREIGN KEY (`cta_cte_tesoreria_id`) REFERENCES `cta_cte_tesoreria` (`id`),
  CONSTRAINT `cta_cte_tesoreria_detail_period_id_foreign` FOREIGN KEY (`period_id`) REFERENCES `periods` (`id`),
  CONSTRAINT `cta_cte_tesoreria_detail_person_id_foreign` FOREIGN KEY (`person_id`) REFERENCES `persons` (`id`),
  CONSTRAINT `cta_cte_tesoreria_detail_saldo_id_foreign` FOREIGN KEY (`saldo_id`) REFERENCES `conta_tipo_saldos` (`id`)
) ENGINE=InnoDB DEFAULT CHARSET=utf8mb4 COLLATE=utf8mb4_unicode_ci;

--
-- Dumping data for table `cta_cte_tesoreria_detail`
--


--
-- Table structure for table `ctacte_bancos`
--

CREATE TABLE `ctacte_bancos` (
  `id` int(10) unsigned NOT NULL AUTO_INCREMENT,
  `user_id` int(10) unsigned DEFAULT NULL,
  `nombre` varchar(255) COLLATE utf8mb4_unicode_ci DEFAULT NULL,
  `codigoBCRA` int(11) DEFAULT NULL,
  `created_at` timestamp NULL DEFAULT NULL,
  `updated_at` timestamp NULL DEFAULT NULL,
  `deleted_at` timestamp NULL DEFAULT NULL,
  PRIMARY KEY (`id`)
) ENGINE=InnoDB AUTO_INCREMENT=78 DEFAULT CHARSET=utf8mb4 COLLATE=utf8mb4_unicode_ci;

--
-- Dumping data for table `ctacte_bancos`
--

INSERT INTO `ctacte_bancos` VALUES (1,NULL,'BANCO DE GALICIA Y BUENOS AIRES S.A.',7,NULL,NULL,NULL),(2,NULL,'BANCO DE LA NACION ARGENTINA',11,NULL,NULL,NULL),(3,NULL,'BANCO DE LA PROVINCIA DE BUENOS AIRES',14,NULL,NULL,NULL),(4,NULL,'INDUSTRIAL AND COMMERCIAL BANK OF CHINA',15,NULL,NULL,NULL),(5,NULL,'CITIBANK N.A.',16,NULL,NULL,NULL),(6,NULL,'BBVA BANCO FRANCES S.A.',17,NULL,NULL,NULL),(7,NULL,'THE BANK OF TOKYO-MITSUBISHI UFJ, LTD.',18,NULL,NULL,NULL),(8,NULL,'BANCO DE LA PROVINCIA DE CORDOBA S.A.',20,NULL,NULL,NULL),(9,NULL,'BANCO SUPERVIELLE S.A.',27,NULL,NULL,NULL),(10,NULL,'BANCO DE LA CIUDAD DE BUENOS AIRES',29,NULL,NULL,NULL),(11,NULL,'BANCO PATAGONIA S.A.',34,NULL,NULL,NULL),(12,NULL,'BANCO HIPOTECARIO S.A.',44,NULL,NULL,NULL),(13,NULL,'BANCO DE SAN JUAN S.A.',45,NULL,NULL,NULL),(14,NULL,'BANCO DEL TUCUMAN S.A.',60,NULL,NULL,NULL),(15,NULL,'BANCO MUNICIPAL DE ROSARIO',65,NULL,NULL,NULL),(16,NULL,'BANCO SANTANDER RIO S.A.',72,NULL,NULL,NULL),(17,NULL,'BANCO DEL CHUBUT S.A.',83,NULL,NULL,NULL),(18,NULL,'BANCO DE SANTA CRUZ S.A.',86,NULL,NULL,NULL),(19,NULL,'BANCO DE LA PAMPA SOCIEDAD DE ECONOMÍA M',93,NULL,NULL,NULL),(20,NULL,'BANCO DE CORRIENTES S.A.',94,NULL,NULL,NULL),(21,NULL,'BANCO PROVINCIA DEL NEUQUÉN SOCIEDAD ANÓ',97,NULL,NULL,NULL),(22,NULL,'BANCO INTERFINANZAS S.A.',147,NULL,NULL,NULL),(23,NULL,'HSBC BANK ARGENTINA S.A.',150,NULL,NULL,NULL),(24,NULL,'JPMORGAN CHASE BANK, NATIONAL ASSOCIATIO',165,NULL,NULL,NULL),(25,NULL,'BANCO CREDICOOP COOPERATIVO LIMITADO',191,NULL,NULL,NULL),(26,NULL,'BANCO DE VALORES S.A.',198,NULL,NULL,NULL),(27,NULL,'BANCO ROELA S.A.',247,NULL,NULL,NULL),(28,NULL,'BANCO MARIVA S.A.',254,NULL,NULL,NULL),(29,NULL,'BANCO ITAU ARGENTINA S.A.',259,NULL,NULL,NULL),(30,NULL,'BANK OF AMERICA, NATIONAL ASSOCIATION',262,NULL,NULL,NULL),(31,NULL,'BNP PARIBAS',266,NULL,NULL,NULL),(32,NULL,'BANCO PROVINCIA DE TIERRA DEL FUEGO',268,NULL,NULL,NULL),(33,NULL,'BANCO DE LA REPUBLICA ORIENTAL DEL URUGU',269,NULL,NULL,NULL),(34,NULL,'BANCO SAENZ S.A.',277,NULL,NULL,NULL),(35,NULL,'BANCO MERIDIAN S.A.',281,NULL,NULL,NULL),(36,NULL,'BANCO MACRO S.A.',285,NULL,NULL,NULL),(37,NULL,'BANCO COMAFI SOCIEDAD ANONIMA',299,NULL,NULL,NULL),(38,NULL,'BANCO DE INVERSION Y COMERCIO EXTERIOR S',300,NULL,NULL,NULL),(39,NULL,'BANCO PIANO S.A.',301,NULL,NULL,NULL),(40,NULL,'BANCO JULIO SOCIEDAD ANONIMA',305,NULL,NULL,NULL),(41,NULL,'BANCO RIOJA SOCIEDAD ANONIMA UNIPERSONAL',309,NULL,NULL,NULL),(42,NULL,'BANCO DEL SOL S.A.',310,NULL,NULL,NULL),(43,NULL,'NUEVO BANCO DEL CHACO S. A.',311,NULL,NULL,NULL),(44,NULL,'BANCO VOII S.A.',312,NULL,NULL,NULL),(45,NULL,'BANCO DE FORMOSA S.A.',315,NULL,NULL,NULL),(46,NULL,'BANCO CMF S.A.',319,NULL,NULL,NULL),(47,NULL,'BANCO DE SANTIAGO DEL ESTERO S.A.',321,NULL,NULL,NULL),(48,NULL,'BANCO INDUSTRIAL S.A.',322,NULL,NULL,NULL),(49,NULL,'NUEVO BANCO DE SANTA FE SOCIEDAD ANONIMA',330,NULL,NULL,NULL),(50,NULL,'BANCO CETELEM ARGENTINA S.A.',331,NULL,NULL,NULL),(51,NULL,'BANCO DE SERVICIOS FINANCIEROS S.A.',332,NULL,NULL,NULL),(52,NULL,'BANCO BRADESCO ARGENTINA S.A.U.',336,NULL,NULL,NULL),(53,NULL,'BANCO DE SERVICIOS Y TRANSACCIONES S.A.',338,NULL,NULL,NULL),(54,NULL,'RCI BANQUE S.A.',339,NULL,NULL,NULL),(55,NULL,'BACS BANCO DE CREDITO Y SECURITIZACION S',340,NULL,NULL,NULL),(56,NULL,'BANCO MASVENTAS S.A.',341,NULL,NULL,NULL),(57,NULL,'BANCO WANAP S.A.',384,NULL,NULL,NULL),(58,NULL,'NUEVO BANCO DE ENTRE RÍOS S.A.',386,NULL,NULL,NULL),(59,NULL,'BANCO COLUMBIA S.A.',389,NULL,NULL,NULL),(60,NULL,'BANCO BICA S.A.',426,NULL,NULL,NULL),(61,NULL,'BANCO COINAG S.A.',431,NULL,NULL,NULL),(62,NULL,'BANCO DE COMERCIO S.A.',432,NULL,NULL,NULL),(63,NULL,'FORD CREDIT COMPAÑIA FINANCIERA S.A.',44059,NULL,NULL,NULL),(64,NULL,'COMPAÑIA FINANCIERA ARGENTINA S.A.',44077,NULL,NULL,NULL),(65,NULL,'VOLKWAGEN FINANCIAL SERVICES CIA.FIN.S.A',44088,NULL,NULL,NULL),(66,NULL,'CORDIAL COMPAÑÍA FINANCIERA S.A.',44090,NULL,NULL,NULL),(67,NULL,'FCA COMPAÑIA FINANCIERA S.A.',44092,NULL,NULL,NULL);
INSERT INTO `ctacte_bancos` VALUES (68,NULL,'GPAT COMPAÑIA FINANCIERA S.A.',44093,NULL,NULL,NULL),(69,NULL,'MERCEDES-BENZ COMPAÑÍA FINANCIERA ARGENT',44094,NULL,NULL,NULL),(70,NULL,'ROMBO COMPAÑÍA FINANCIERA S.A.',44095,NULL,NULL,NULL),(71,NULL,'JOHN DEERE CREDIT COMPAÑÍA FINANCIERA S.',44096,NULL,NULL,NULL),(72,NULL,'PSA FINANCE ARGENTINA COMPAÑÍA FINANCIER',44098,NULL,NULL,NULL),(73,NULL,'TOYOTA COMPAÑÍA FINANCIERA DE ARGENTINA',44099,NULL,NULL,NULL),(74,NULL,'FINANDINO COMPAÑIA FINANCIERA S.A.',44100,NULL,NULL,NULL),(75,NULL,'MONTEMAR COMPAÑIA FINANCIERA S.A.',45056,NULL,NULL,NULL),(76,NULL,'MULTIFINANZAS COMPAÑIA FINANCIERA S.A.',45072,NULL,NULL,NULL),(77,NULL,'CAJA DE CREDITO \"CUENCA\" COOPERATIVA LIM',65203,NULL,NULL,NULL);

--
-- Table structure for table `ctacte_bancos_datos`
--

CREATE TABLE `ctacte_bancos_datos` (
  `id` int(10) unsigned NOT NULL AUTO_INCREMENT,
  `cuenta_conta_id` int(10) unsigned DEFAULT NULL,
  `nombre` varchar(255) COLLATE utf8mb4_unicode_ci DEFAULT NULL,
  `cuit` varchar(255) COLLATE utf8mb4_unicode_ci DEFAULT NULL,
  `titular` varchar(255) COLLATE utf8mb4_unicode_ci DEFAULT NULL,
  `cuenta` varchar(255) COLLATE utf8mb4_unicode_ci DEFAULT NULL,
  `num_cuenta` varchar(255) COLLATE utf8mb4_unicode_ci DEFAULT NULL,
  `cbu` varchar(255) COLLATE utf8mb4_unicode_ci DEFAULT NULL,
  `alias` varchar(255) COLLATE utf8mb4_unicode_ci DEFAULT NULL,
  `status` int(11) NOT NULL DEFAULT '1',
  `created_at` timestamp NULL DEFAULT NULL,
  `updated_at` timestamp NULL DEFAULT NULL,
  PRIMARY KEY (`id`),
  KEY `ctacte_bancos_datos_cuenta_conta_id_foreign` (`cuenta_conta_id`),
  CONSTRAINT `ctacte_bancos_datos_cuenta_conta_id_foreign` FOREIGN KEY (`cuenta_conta_id`) REFERENCES `conta_plan_cuenta` (`id`)
) ENGINE=InnoDB DEFAULT CHARSET=utf8mb4 COLLATE=utf8mb4_unicode_ci;

--
-- Dumping data for table `ctacte_bancos_datos`
--


--
-- Table structure for table `ctacte_cheques`
--

CREATE TABLE `ctacte_cheques` (
  `id` int(10) unsigned NOT NULL AUTO_INCREMENT,
  `user_id` int(10) unsigned DEFAULT NULL,
  `asiento_id` varchar(191) COLLATE utf8mb4_unicode_ci DEFAULT NULL,
  `cuenta_conta_id` int(10) unsigned DEFAULT NULL,
  `cta_cte_tesoreria_cuenta_id` int(10) unsigned DEFAULT NULL,
  `cta_cte_tesoreria_id` int(10) unsigned DEFAULT NULL,
  `cta_cte_cliente_id` int(10) unsigned DEFAULT NULL,
  `cta_cte_cliente_id2` int(10) unsigned DEFAULT NULL,
  `nf_cta_cte_id2` int(10) unsigned DEFAULT NULL,
  `nf_cta_cte_id` int(10) unsigned DEFAULT NULL,
  `monto` decimal(16,2) DEFAULT NULL,
  `cheque3ros` tinyint(1) NOT NULL DEFAULT '0',
  `cheque_emitidos` tinyint(1) NOT NULL DEFAULT '0',
  `fecha` date DEFAULT NULL,
  `fecha_cobro` date DEFAULT NULL,
  `banco_id` int(10) unsigned NOT NULL,
  `person_id` int(10) unsigned DEFAULT NULL,
  `cuit` text COLLATE utf8mb4_unicode_ci,
  `titular` varchar(255) COLLATE utf8mb4_unicode_ci DEFAULT NULL,
  `abierto_cruzado` int(11) NOT NULL DEFAULT '1',
  `is_no_a_la_orden` tinyint(1) NOT NULL DEFAULT '0',
  `numero` int(10) unsigned DEFAULT NULL,
  `foto` varchar(255) COLLATE utf8mb4_unicode_ci DEFAULT NULL,
  `comentario` varchar(255) COLLATE utf8mb4_unicode_ci DEFAULT NULL,
  `status` int(11) NOT NULL DEFAULT '1',
  `created_at` timestamp NULL DEFAULT NULL,
  `updated_at` timestamp NULL DEFAULT NULL,
  `deleted_at` timestamp NULL DEFAULT NULL,
  PRIMARY KEY (`id`),
  KEY `ctacte_cheques_asiento_id_foreign` (`asiento_id`),
  KEY `ctacte_cheques_cuenta_conta_id_foreign` (`cuenta_conta_id`),
  KEY `ctacte_cheques_banco_id_foreign` (`banco_id`),
  KEY `ctacte_cheques_person_id_foreign` (`person_id`),
  KEY `ctacte_cheques_cta_cte_cliente_id2_foreign` (`cta_cte_cliente_id2`),
  KEY `ctacte_cheques_cta_cte_cliente_id_foreign` (`cta_cte_cliente_id`),
  KEY `cta_cte_tesorer_id` (`cta_cte_tesoreria_id`),
  KEY `ctacte_cheques_nf_cta_cte_id_foreign` (`nf_cta_cte_id`),
  KEY `ctacte_cheques_nf_cta_cte_id2_foreign` (`nf_cta_cte_id2`),
  KEY `ctacte_cheques_cta_cte_tesoreria_cuenta_id_foreign` (`cta_cte_tesoreria_cuenta_id`),
  CONSTRAINT `cta_cte_tesorer_id` FOREIGN KEY (`cta_cte_tesoreria_id`) REFERENCES `cta_cte_tesoreria` (`id`),
  CONSTRAINT `ctacte_cheques_banco_id_foreign` FOREIGN KEY (`banco_id`) REFERENCES `ctacte_bancos` (`id`),
  CONSTRAINT `ctacte_cheques_cta_cte_cliente_id2_foreign` FOREIGN KEY (`cta_cte_cliente_id2`) REFERENCES `cta_cte_cliente` (`id`),
  CONSTRAINT `ctacte_cheques_cta_cte_cliente_id_foreign` FOREIGN KEY (`cta_cte_cliente_id`) REFERENCES `cta_cte_cliente` (`id`),
  CONSTRAINT `ctacte_cheques_cta_cte_tesoreria_cuenta_id_foreign` FOREIGN KEY (`cta_cte_tesoreria_cuenta_id`) REFERENCES `cta_cte_tesoreria_cuentas` (`id`),
  CONSTRAINT `ctacte_cheques_cuenta_conta_id_foreign` FOREIGN KEY (`cuenta_conta_id`) REFERENCES `conta_plan_cuenta` (`id`),
  CONSTRAINT `ctacte_cheques_nf_cta_cte_id2_foreign` FOREIGN KEY (`nf_cta_cte_id2`) REFERENCES `nf_cta_cte` (`id`),
  CONSTRAINT `ctacte_cheques_nf_cta_cte_id_foreign` FOREIGN KEY (`nf_cta_cte_id`) REFERENCES `nf_cta_cte` (`id`),
  CONSTRAINT `ctacte_cheques_person_id_foreign` FOREIGN KEY (`person_id`) REFERENCES `persons` (`id`)
) ENGINE=InnoDB DEFAULT CHARSET=utf8mb4 COLLATE=utf8mb4_unicode_ci;

--
-- Dumping data for table `ctacte_cheques`
--


--
-- Table structure for table `ctactegastos_centrocosto`
--

CREATE TABLE `ctactegastos_centrocosto` (
  `id` int(10) unsigned NOT NULL AUTO_INCREMENT,
  `user_id` int(10) unsigned DEFAULT NULL,
  `nombre` varchar(255) COLLATE utf8mb4_unicode_ci NOT NULL,
  `created_at` timestamp NULL DEFAULT NULL,
  `updated_at` timestamp NULL DEFAULT NULL,
  `deleted_at` timestamp NULL DEFAULT NULL,
  PRIMARY KEY (`id`)
) ENGINE=InnoDB AUTO_INCREMENT=9 DEFAULT CHARSET=utf8mb4 COLLATE=utf8mb4_unicode_ci;

--
-- Dumping data for table `ctactegastos_centrocosto`
--

INSERT INTO `ctactegastos_centrocosto` VALUES (1,NULL,'OFICINA',NULL,NULL,NULL),(2,NULL,'FIJO',NULL,NULL,NULL),(3,NULL,'VARIABLE',NULL,NULL,NULL),(4,NULL,'GISELA',NULL,NULL,NULL),(5,NULL,'LIA',NULL,NULL,NULL),(6,NULL,'PADRES',NULL,NULL,NULL),(7,NULL,'CASA',NULL,NULL,NULL),(8,NULL,'VANESA',NULL,NULL,NULL);

--
-- Table structure for table `ctactegastos_cuenta_tipo`
--

CREATE TABLE `ctactegastos_cuenta_tipo` (
  `idCuentaTipo` int(10) unsigned NOT NULL AUTO_INCREMENT,
  `user_id` int(10) unsigned DEFAULT NULL,
  `cta_cte_tesoreria_cuenta_id` int(10) unsigned DEFAULT NULL,
  `idTipo` int(10) unsigned NOT NULL,
  `created_at` timestamp NULL DEFAULT NULL,
  `updated_at` timestamp NULL DEFAULT NULL,
  `deleted_at` timestamp NULL DEFAULT NULL,
  PRIMARY KEY (`idCuentaTipo`),
  KEY `ctactegastos_cuenta_tipo_idtipo_foreign` (`idTipo`),
  KEY `ctactegastos_cuenta_tipo_cta_cte_tesoreria_cuenta_id_foreign` (`cta_cte_tesoreria_cuenta_id`),
  CONSTRAINT `ctactegastos_cuenta_tipo_cta_cte_tesoreria_cuenta_id_foreign` FOREIGN KEY (`cta_cte_tesoreria_cuenta_id`) REFERENCES `cta_cte_tesoreria_cuentas` (`id`),
  CONSTRAINT `ctactegastos_cuenta_tipo_idtipo_foreign` FOREIGN KEY (`idTipo`) REFERENCES `ctactegastos_tiposdegastos` (`id`)
) ENGINE=InnoDB AUTO_INCREMENT=18 DEFAULT CHARSET=utf8mb4 COLLATE=utf8mb4_unicode_ci;

--
-- Dumping data for table `ctactegastos_cuenta_tipo`
--

INSERT INTO `ctactegastos_cuenta_tipo` VALUES (1,NULL,NULL,3,NULL,NULL,NULL),(2,NULL,NULL,6,NULL,NULL,NULL),(3,NULL,NULL,3,NULL,NULL,NULL),(4,NULL,NULL,4,NULL,NULL,NULL),(5,NULL,NULL,5,NULL,NULL,NULL),(6,NULL,NULL,3,NULL,NULL,NULL),(7,NULL,NULL,4,NULL,NULL,NULL),(8,NULL,NULL,3,NULL,NULL,NULL),(9,NULL,NULL,4,NULL,NULL,NULL),(10,NULL,NULL,7,NULL,NULL,NULL),(11,NULL,NULL,8,NULL,NULL,NULL),(12,NULL,NULL,3,NULL,NULL,NULL),(13,NULL,NULL,3,NULL,NULL,NULL),(14,NULL,NULL,4,NULL,NULL,NULL),(15,NULL,NULL,1,NULL,NULL,NULL),(16,NULL,NULL,2,NULL,NULL,NULL),(17,NULL,NULL,5,NULL,NULL,NULL);

--
-- Table structure for table `ctactegastos_mensuales`
--

CREATE TABLE `ctactegastos_mensuales` (
  `id` int(10) unsigned NOT NULL AUTO_INCREMENT,
  `user_id` int(10) unsigned DEFAULT NULL,
  `CuentaTipo_id` int(10) unsigned NOT NULL,
  `cta_cte_tesoreria_cuenta_id` int(10) unsigned NOT NULL DEFAULT '13',
  `TipoDeGasto_id` int(10) unsigned NOT NULL,
  `CentroCosto_id` int(10) unsigned NOT NULL,
  `gasto_cta_cte_tesoreria_cuenta_id` int(10) unsigned NOT NULL DEFAULT '13',
  `monto` decimal(16,2) DEFAULT NULL,
  `comentario` varchar(255) COLLATE utf8mb4_unicode_ci DEFAULT NULL,
  `status` int(11) NOT NULL DEFAULT '1',
  `created_at` timestamp NULL DEFAULT NULL,
  `updated_at` timestamp NULL DEFAULT NULL,
  `deleted_at` timestamp NULL DEFAULT NULL,
  PRIMARY KEY (`id`),
  KEY `ctactegastos_mensuales_cuentatipo_id_foreign` (`CuentaTipo_id`),
  KEY `ctactegastos_mensuales_tipodegasto_id_foreign` (`TipoDeGasto_id`),
  KEY `ctactegastos_mensuales_centrocosto_id_foreign` (`CentroCosto_id`),
  KEY `ctactegastos_mensuales_cta_cte_tesoreria_cuenta_id_foreign` (`cta_cte_tesoreria_cuenta_id`),
  KEY `ctactegastos_mensuales_gasto_cta_cte_tesoreria_cuenta_id_foreign` (`gasto_cta_cte_tesoreria_cuenta_id`),
  CONSTRAINT `ctactegastos_mensuales_centrocosto_id_foreign` FOREIGN KEY (`CentroCosto_id`) REFERENCES `ctactegastos_centrocosto` (`id`),
  CONSTRAINT `ctactegastos_mensuales_cta_cte_tesoreria_cuenta_id_foreign` FOREIGN KEY (`cta_cte_tesoreria_cuenta_id`) REFERENCES `cta_cte_tesoreria_cuentas` (`id`),
  CONSTRAINT `ctactegastos_mensuales_cuentatipo_id_foreign` FOREIGN KEY (`CuentaTipo_id`) REFERENCES `ctactegastos_cuenta_tipo` (`idCuentaTipo`),
  CONSTRAINT `ctactegastos_mensuales_gasto_cta_cte_tesoreria_cuenta_id_foreign` FOREIGN KEY (`gasto_cta_cte_tesoreria_cuenta_id`) REFERENCES `cta_cte_tesoreria_cuentas` (`id`),
  CONSTRAINT `ctactegastos_mensuales_tipodegasto_id_foreign` FOREIGN KEY (`TipoDeGasto_id`) REFERENCES `ctactegastos_tiposdegastos` (`id`)
) ENGINE=InnoDB DEFAULT CHARSET=utf8mb4 COLLATE=utf8mb4_unicode_ci;

--
-- Dumping data for table `ctactegastos_mensuales`
--


--
-- Table structure for table `ctactegastos_tiposdegastos`
--

CREATE TABLE `ctactegastos_tiposdegastos` (
  `id` int(10) unsigned NOT NULL AUTO_INCREMENT,
  `user_id` int(10) unsigned DEFAULT NULL,
  `nombre` varchar(255) COLLATE utf8mb4_unicode_ci DEFAULT NULL,
  `created_at` timestamp NULL DEFAULT NULL,
  `updated_at` timestamp NULL DEFAULT NULL,
  `deleted_at` timestamp NULL DEFAULT NULL,
  PRIMARY KEY (`id`)
) ENGINE=InnoDB AUTO_INCREMENT=11 DEFAULT CHARSET=utf8mb4 COLLATE=utf8mb4_unicode_ci;

--
-- Dumping data for table `ctactegastos_tiposdegastos`
--

INSERT INTO `ctactegastos_tiposdegastos` VALUES (1,NULL,'Oficina',NULL,NULL,NULL),(2,NULL,'Personales',NULL,NULL,NULL),(3,NULL,'Tarjeta VISA',NULL,NULL,NULL),(4,NULL,'Tarjeta Mastercard',NULL,NULL,NULL),(5,NULL,'Debito Automatico',NULL,NULL,NULL),(6,NULL,'American Express',NULL,NULL,NULL),(7,NULL,'Tarjeta Shopping',NULL,NULL,NULL),(8,NULL,'Tarjeta Cencosud',NULL,NULL,NULL),(9,NULL,'Tarjeta Coto',NULL,NULL,NULL),(10,NULL,'Tarjeta Nativa',NULL,NULL,NULL);

--
-- Table structure for table `cursos`
--

CREATE TABLE `cursos` (
  `id` int(10) unsigned NOT NULL AUTO_INCREMENT,
  `nombre` varchar(191) COLLATE utf8mb4_unicode_ci NOT NULL,
  `descripcion` longtext COLLATE utf8mb4_unicode_ci NOT NULL,
  `fecha` date DEFAULT NULL,
  `hora` varchar(191) COLLATE utf8mb4_unicode_ci DEFAULT NULL,
  `profesor` varchar(191) COLLATE utf8mb4_unicode_ci DEFAULT NULL,
  `cant_clases` varchar(191) COLLATE utf8mb4_unicode_ci DEFAULT NULL,
  `duracion` varchar(191) COLLATE utf8mb4_unicode_ci DEFAULT NULL,
  `adjuntos` varchar(191) COLLATE utf8mb4_unicode_ci DEFAULT NULL,
  `link_zoom` longtext COLLATE utf8mb4_unicode_ci,
  `cod_zoom` varchar(191) COLLATE utf8mb4_unicode_ci DEFAULT NULL,
  `contraseña_zoom` varchar(191) COLLATE utf8mb4_unicode_ci DEFAULT NULL,
  `link_youtube` varchar(191) COLLATE utf8mb4_unicode_ci DEFAULT NULL,
  `materiales` varchar(191) COLLATE utf8mb4_unicode_ci DEFAULT NULL,
  `habilitado` tinyint(1) NOT NULL DEFAULT '1',
  `created_at` timestamp NULL DEFAULT NULL,
  `updated_at` timestamp NULL DEFAULT NULL,
  `deleted_at` timestamp NULL DEFAULT NULL,
  PRIMARY KEY (`id`)
) ENGINE=InnoDB DEFAULT CHARSET=utf8mb4 COLLATE=utf8mb4_unicode_ci;

--
-- Dumping data for table `cursos`
--


--
-- Table structure for table `cursos_detail`
--

CREATE TABLE `cursos_detail` (
  `id` int(10) unsigned NOT NULL AUTO_INCREMENT,
  `curso_id` int(10) unsigned NOT NULL,
  `field_name1` varchar(191) COLLATE utf8mb4_unicode_ci NOT NULL,
  `email` varchar(191) COLLATE utf8mb4_unicode_ci NOT NULL,
  `celular` int(11) NOT NULL,
  `created_at` timestamp NULL DEFAULT NULL,
  `updated_at` timestamp NULL DEFAULT NULL,
  `deleted_at` timestamp NULL DEFAULT NULL,
  PRIMARY KEY (`id`),
  KEY `cursos_detail_curso_id_foreign` (`curso_id`),
  CONSTRAINT `cursos_detail_curso_id_foreign` FOREIGN KEY (`curso_id`) REFERENCES `cursos` (`id`)
) ENGINE=InnoDB DEFAULT CHARSET=utf8mb4 COLLATE=utf8mb4_unicode_ci;

--
-- Dumping data for table `cursos_detail`
--


--
-- Table structure for table `data_types`
--

CREATE TABLE `data_types` (
  `id` int(10) unsigned NOT NULL AUTO_INCREMENT,
  `description` varchar(180) COLLATE utf8mb4_unicode_ci NOT NULL,
  `class` int(10) unsigned NOT NULL,
  `class_description` varchar(180) COLLATE utf8mb4_unicode_ci NOT NULL,
  `data_type` varchar(100) COLLATE utf8mb4_unicode_ci NOT NULL,
  `path` varchar(255) COLLATE utf8mb4_unicode_ci DEFAULT NULL,
  `created_at` timestamp NULL DEFAULT NULL,
  `updated_at` timestamp NULL DEFAULT NULL,
  PRIMARY KEY (`id`),
  UNIQUE KEY `data_types_description_unique` (`description`)
) ENGINE=InnoDB AUTO_INCREMENT=9 DEFAULT CHARSET=utf8mb4 COLLATE=utf8mb4_unicode_ci;

--
-- Dumping data for table `data_types`
--

INSERT INTO `data_types` VALUES (1,'Comprobantes XLS',1,'Importación','XLS','data/imports/receipts/xls',NULL,NULL),(2,'CITI-Ventas',1,'Importación','TXT','data/imports/receipts/CitiVentas',NULL,NULL),(3,'CITI Compras',2,'Exportación','TXT','data/exports/receipts/citi',NULL,NULL),(4,'CITI Ventas',2,'Exportación','TXT','data/exports/receipts/CitiVentasExport',NULL,NULL),(5,'Convenio Multilateral',2,'Exportación','TXT','data/exports/receipts/convenio',NULL,NULL),(6,'Libro IVA Digital',2,'Exportación','TXT','data/exports/receipts/libro_iva_digital',NULL,'2019-11-20 21:43:44'),(7,'Mis Comprobantes',1,'Importacion','','data/imports/receipts/mis_comprobantes',NULL,NULL),(8,'Consulta AFIP',3,'AFIP','','data/afip/index','2019-12-06 14:49:55','2019-12-06 14:49:55');

--
-- Table structure for table `dc_estados`
--

CREATE TABLE `dc_estados` (
  `id` bigint(20) unsigned NOT NULL AUTO_INCREMENT,
  `user_id` int(10) unsigned DEFAULT NULL,
  `descripcion` text COLLATE utf8mb4_unicode_ci NOT NULL,
  `habilitado` tinyint(1) NOT NULL DEFAULT '1',
  `created_at` timestamp NULL DEFAULT NULL,
  `updated_at` timestamp NULL DEFAULT NULL,
  `deleted_at` timestamp NULL DEFAULT NULL,
  PRIMARY KEY (`id`)
) ENGINE=InnoDB AUTO_INCREMENT=6 DEFAULT CHARSET=utf8mb4 COLLATE=utf8mb4_unicode_ci;

--
-- Dumping data for table `dc_estados`
--

INSERT INTO `dc_estados` VALUES (1,NULL,'BORRADOR',1,NULL,'2023-08-06 23:55:20',NULL),(2,NULL,'TERMINADO',1,NULL,'2023-08-06 23:55:20',NULL),(3,NULL,'ELIMINADO',1,NULL,'2023-08-13 09:16:08',NULL),(4,NULL,'PAGADO',1,NULL,'2023-08-06 23:55:20','2023-08-06 23:55:20'),(5,NULL,'CONCILIADO',1,NULL,'2023-08-06 23:55:20','2023-08-06 23:55:20');

--
-- Table structure for table `dc_firmas`
--

CREATE TABLE `dc_firmas` (
  `id` bigint(20) unsigned NOT NULL AUTO_INCREMENT,
  `user_id` int(10) unsigned DEFAULT NULL,
  `descripcion` text COLLATE utf8mb4_unicode_ci NOT NULL,
  `show_firmante_dc` tinyint(1) NOT NULL DEFAULT '0',
  `show_create_dc` tinyint(1) NOT NULL DEFAULT '0',
  `faltan_firmas` tinyint(1) NOT NULL DEFAULT '0',
  `habilitado` tinyint(1) NOT NULL DEFAULT '1',
  `created_at` timestamp NULL DEFAULT NULL,
  `updated_at` timestamp NULL DEFAULT NULL,
  `deleted_at` timestamp NULL DEFAULT NULL,
  PRIMARY KEY (`id`)
) ENGINE=InnoDB AUTO_INCREMENT=6 DEFAULT CHARSET=utf8mb4 COLLATE=utf8mb4_unicode_ci;

--
-- Dumping data for table `dc_firmas`
--

INSERT INTO `dc_firmas` VALUES (1,NULL,'NO',1,1,0,1,NULL,'2023-08-06 23:55:20',NULL),(2,NULL,'RECHAZADO',1,1,0,1,NULL,'2023-08-06 23:55:20',NULL),(3,NULL,'ACEPTADO',1,0,0,1,NULL,'2023-08-06 23:55:20',NULL),(4,NULL,'FALTAN FIRMAS',0,0,1,1,'2023-08-06 23:55:20','2023-08-06 23:55:20',NULL),(5,NULL,'EMITIDO',1,0,0,1,'2023-10-12 08:05:12','2023-10-12 08:05:12',NULL);

--
-- Table structure for table `dc_firmas_ordenes`
--

CREATE TABLE `dc_firmas_ordenes` (
  `id` bigint(20) unsigned NOT NULL AUTO_INCREMENT,
  `user_id` int(10) unsigned DEFAULT NULL,
  `person_id` int(10) unsigned NOT NULL,
  `dc_orden_id` bigint(20) unsigned NOT NULL,
  `user_id_que_firma` int(10) unsigned NOT NULL,
  `dc_firma_id` bigint(20) unsigned NOT NULL,
  `created_at` timestamp NULL DEFAULT NULL,
  `updated_at` timestamp NULL DEFAULT NULL,
  `deleted_at` timestamp NULL DEFAULT NULL,
  PRIMARY KEY (`id`),
  KEY `dc_firmas_ordenes_person_id_foreign` (`person_id`),
  KEY `dc_firmas_ordenes_dc_orden_id_foreign` (`dc_orden_id`),
  KEY `dc_firmas_ordenes_dc_firma_id_foreign` (`dc_firma_id`),
  CONSTRAINT `dc_firmas_ordenes_dc_firma_id_foreign` FOREIGN KEY (`dc_firma_id`) REFERENCES `dc_firmas` (`id`),
  CONSTRAINT `dc_firmas_ordenes_dc_orden_id_foreign` FOREIGN KEY (`dc_orden_id`) REFERENCES `dc_ordenes` (`id`),
  CONSTRAINT `dc_firmas_ordenes_person_id_foreign` FOREIGN KEY (`person_id`) REFERENCES `persons` (`id`)
) ENGINE=InnoDB DEFAULT CHARSET=utf8mb4 COLLATE=utf8mb4_unicode_ci;

--
-- Dumping data for table `dc_firmas_ordenes`
--


--
-- Table structure for table `dc_firmas_reglas`
--

CREATE TABLE `dc_firmas_reglas` (
  `id` bigint(20) unsigned NOT NULL AUTO_INCREMENT,
  `user_id` int(10) unsigned DEFAULT NULL,
  `person_id` int(10) unsigned NOT NULL,
  `dc_orden_id` bigint(20) unsigned NOT NULL,
  `importe` decimal(16,2) NOT NULL,
  `grupos_users_ids` longtext COLLATE utf8mb4_unicode_ci,
  `created_at` timestamp NULL DEFAULT NULL,
  `updated_at` timestamp NULL DEFAULT NULL,
  `deleted_at` timestamp NULL DEFAULT NULL,
  PRIMARY KEY (`id`),
  KEY `dc_firmas_reglas_person_id_foreign` (`person_id`),
  KEY `dc_firmas_reglas_dc_orden_id_foreign` (`dc_orden_id`),
  CONSTRAINT `dc_firmas_reglas_dc_orden_id_foreign` FOREIGN KEY (`dc_orden_id`) REFERENCES `dc_ordenes` (`id`),
  CONSTRAINT `dc_firmas_reglas_person_id_foreign` FOREIGN KEY (`person_id`) REFERENCES `persons` (`id`)
) ENGINE=InnoDB DEFAULT CHARSET=utf8mb4 COLLATE=utf8mb4_unicode_ci;

--
-- Dumping data for table `dc_firmas_reglas`
--


--
-- Table structure for table `dc_orden_de_pago`
--

CREATE TABLE `dc_orden_de_pago` (
  `id` bigint(20) unsigned NOT NULL AUTO_INCREMENT,
  `user_id` int(10) unsigned DEFAULT NULL,
  `fecha` datetime NOT NULL DEFAULT '2023-09-28 16:29:16',
  `dc_orden_id` bigint(20) unsigned NOT NULL DEFAULT '10',
  `person_id` int(10) unsigned NOT NULL,
  `person_id_relationed` int(10) unsigned NOT NULL,
  `request` longtext COLLATE utf8mb4_unicode_ci NOT NULL,
  `dc_estado_id` bigint(20) unsigned NOT NULL DEFAULT '1',
  `dc_firma_id` bigint(20) unsigned NOT NULL DEFAULT '1',
  `created_at` timestamp NULL DEFAULT NULL,
  `updated_at` timestamp NULL DEFAULT NULL,
  `deleted_at` timestamp NULL DEFAULT NULL,
  PRIMARY KEY (`id`),
  KEY `dc_orden_de_pago_person_id_foreign` (`person_id`),
  KEY `dc_orden_de_pago_person_id_relationed_foreign` (`person_id_relationed`),
  KEY `dc_orden_de_pago_dc_orden_id_foreign` (`dc_orden_id`),
  KEY `dc_orden_de_pago_dc_firma_id_foreign` (`dc_firma_id`),
  KEY `dc_orden_de_pago_dc_estado_id_foreign` (`dc_estado_id`),
  CONSTRAINT `dc_orden_de_pago_dc_estado_id_foreign` FOREIGN KEY (`dc_estado_id`) REFERENCES `dc_estados` (`id`),
  CONSTRAINT `dc_orden_de_pago_dc_firma_id_foreign` FOREIGN KEY (`dc_firma_id`) REFERENCES `dc_firmas` (`id`),
  CONSTRAINT `dc_orden_de_pago_dc_orden_id_foreign` FOREIGN KEY (`dc_orden_id`) REFERENCES `dc_ordenes` (`id`),
  CONSTRAINT `dc_orden_de_pago_person_id_foreign` FOREIGN KEY (`person_id`) REFERENCES `persons` (`id`),
  CONSTRAINT `dc_orden_de_pago_person_id_relationed_foreign` FOREIGN KEY (`person_id_relationed`) REFERENCES `persons` (`id`)
) ENGINE=InnoDB DEFAULT CHARSET=utf8mb4 COLLATE=utf8mb4_unicode_ci;

--
-- Dumping data for table `dc_orden_de_pago`
--


--
-- Table structure for table `dc_orden_de_pago_receipts`
--

CREATE TABLE `dc_orden_de_pago_receipts` (
  `id` bigint(20) unsigned NOT NULL AUTO_INCREMENT,
  `user_id` int(10) unsigned DEFAULT NULL,
  `dc_orden_de_pago_id` bigint(20) unsigned NOT NULL,
  `receipt_id` int(10) unsigned NOT NULL,
  `importe` decimal(16,2) NOT NULL,
  `created_at` timestamp NULL DEFAULT NULL,
  `updated_at` timestamp NULL DEFAULT NULL,
  `deleted_at` timestamp NULL DEFAULT NULL,
  PRIMARY KEY (`id`),
  KEY `dc_orden_de_pago_receipts_dc_orden_de_pago_id_foreign` (`dc_orden_de_pago_id`),
  KEY `dc_orden_de_pago_receipts_receipt_id_foreign` (`receipt_id`),
  CONSTRAINT `dc_orden_de_pago_receipts_dc_orden_de_pago_id_foreign` FOREIGN KEY (`dc_orden_de_pago_id`) REFERENCES `dc_orden_de_pago` (`id`),
  CONSTRAINT `dc_orden_de_pago_receipts_receipt_id_foreign` FOREIGN KEY (`receipt_id`) REFERENCES `receipts` (`id`)
) ENGINE=InnoDB DEFAULT CHARSET=utf8mb4 COLLATE=utf8mb4_unicode_ci;

--
-- Dumping data for table `dc_orden_de_pago_receipts`
--


--
-- Table structure for table `dc_orden_files`
--

CREATE TABLE `dc_orden_files` (
  `id` bigint(20) unsigned NOT NULL AUTO_INCREMENT,
  `user_id` int(10) unsigned DEFAULT NULL,
  `dc_orden_id` bigint(20) unsigned NOT NULL,
  `file` text COLLATE utf8mb4_unicode_ci NOT NULL,
  `created_at` timestamp NULL DEFAULT NULL,
  `updated_at` timestamp NULL DEFAULT NULL,
  `deleted_at` timestamp NULL DEFAULT NULL,
  PRIMARY KEY (`id`),
  KEY `dc_orden_files_dc_orden_id_foreign` (`dc_orden_id`),
  CONSTRAINT `dc_orden_files_dc_orden_id_foreign` FOREIGN KEY (`dc_orden_id`) REFERENCES `dc_ordenes` (`id`)
) ENGINE=InnoDB DEFAULT CHARSET=utf8mb4 COLLATE=utf8mb4_unicode_ci;

--
-- Dumping data for table `dc_orden_files`
--


--
-- Table structure for table `dc_ordenes`
--

CREATE TABLE `dc_ordenes` (
  `id` bigint(20) unsigned NOT NULL AUTO_INCREMENT,
  `user_id` int(10) unsigned DEFAULT NULL,
  `dc_orden_tipo_id` bigint(20) unsigned NOT NULL,
  `person_id` int(10) unsigned NOT NULL,
  `person_id_relationed` int(10) unsigned DEFAULT NULL,
  `titulo` text COLLATE utf8mb4_unicode_ci,
  `sucursal` int(11) NOT NULL DEFAULT '1',
  `numero` int(11) NOT NULL,
  `sector` varchar(191) COLLATE utf8mb4_unicode_ci DEFAULT NULL,
  `solicitante` varchar(191) COLLATE utf8mb4_unicode_ci DEFAULT NULL,
  `fecha` date NOT NULL,
  `fecha_entrega` date DEFAULT NULL,
  `cantidades` decimal(16,2) NOT NULL,
  `moneda_id` int(10) unsigned NOT NULL DEFAULT '1',
  `cotizacion` decimal(16,2) NOT NULL DEFAULT '1.00',
  `neto` decimal(16,2) NOT NULL,
  `iva` decimal(16,2) NOT NULL,
  `total` decimal(16,2) NOT NULL,
  `facturada` decimal(16,2) NOT NULL DEFAULT '0.00',
  `comentario` longtext COLLATE utf8mb4_unicode_ci NOT NULL,
  `dc_estado_id` bigint(20) unsigned NOT NULL,
  `inv_orden_trabajo_id` bigint(20) unsigned DEFAULT NULL,
  `conta_cc_id` bigint(20) unsigned DEFAULT NULL,
  `origendestinoable_type` text COLLATE utf8mb4_unicode_ci,
  `origendestinoable_id` int(10) unsigned DEFAULT NULL,
  `is_multiples_ot` tinyint(1) unsigned NOT NULL DEFAULT '0',
  `dc_orden_origen_destino_id` bigint(20) unsigned DEFAULT NULL,
  `is_completado` tinyint(1) NOT NULL DEFAULT '0',
  `dc_firma_id` bigint(20) unsigned NOT NULL DEFAULT '1',
  `created_at` timestamp NULL DEFAULT NULL,
  `updated_at` timestamp NULL DEFAULT NULL,
  `deleted_at` timestamp NULL DEFAULT NULL,
  PRIMARY KEY (`id`),
  KEY `dc_ordenes_dc_orden_tipo_id_foreign` (`dc_orden_tipo_id`),
  KEY `dc_ordenes_person_id_foreign` (`person_id`),
  KEY `dc_ordenes_person_id_relationed_foreign` (`person_id_relationed`),
  KEY `dc_ordenes_dc_estado_id_foreign` (`dc_estado_id`),
  KEY `dc_ordenes_conta_cc_id_foreign` (`conta_cc_id`),
  KEY `dc_ordenes_inv_orden_trabajo_id_foreign` (`inv_orden_trabajo_id`),
  KEY `dc_ordenes_dc_orden_origen_destino_id_foreign` (`dc_orden_origen_destino_id`),
  KEY `dc_ordenes_moneda_id_foreign` (`moneda_id`),
  KEY `dc_ordenes_dc_firma_id_foreign` (`dc_firma_id`),
  CONSTRAINT `dc_ordenes_conta_cc_id_foreign` FOREIGN KEY (`conta_cc_id`) REFERENCES `conta_centro_costos` (`id`),
  CONSTRAINT `dc_ordenes_dc_estado_id_foreign` FOREIGN KEY (`dc_estado_id`) REFERENCES `dc_estados` (`id`),
  CONSTRAINT `dc_ordenes_dc_firma_id_foreign` FOREIGN KEY (`dc_firma_id`) REFERENCES `dc_firmas` (`id`),
  CONSTRAINT `dc_ordenes_dc_orden_origen_destino_id_foreign` FOREIGN KEY (`dc_orden_origen_destino_id`) REFERENCES `dc_ordenes_origen_destino` (`id`),
  CONSTRAINT `dc_ordenes_dc_orden_tipo_id_foreign` FOREIGN KEY (`dc_orden_tipo_id`) REFERENCES `dc_ordenes_tipos` (`id`),
  CONSTRAINT `dc_ordenes_inv_orden_trabajo_id_foreign` FOREIGN KEY (`inv_orden_trabajo_id`) REFERENCES `inv_orden_trabajos` (`id`),
  CONSTRAINT `dc_ordenes_moneda_id_foreign` FOREIGN KEY (`moneda_id`) REFERENCES `monedas` (`id`),
  CONSTRAINT `dc_ordenes_person_id_foreign` FOREIGN KEY (`person_id`) REFERENCES `persons` (`id`),
  CONSTRAINT `dc_ordenes_person_id_relationed_foreign` FOREIGN KEY (`person_id_relationed`) REFERENCES `persons` (`id`)
) ENGINE=InnoDB DEFAULT CHARSET=utf8mb4 COLLATE=utf8mb4_unicode_ci;

--
-- Dumping data for table `dc_ordenes`
--


--
-- Table structure for table `dc_ordenes_compra_req`
--

CREATE TABLE `dc_ordenes_compra_req` (
  `id` int(10) unsigned NOT NULL AUTO_INCREMENT,
  `user_id` int(10) unsigned DEFAULT NULL,
  `dc_orden_id` bigint(20) unsigned NOT NULL,
  `dc_orden_detail_id` bigint(20) unsigned NOT NULL,
  `dc_orden_req_id` bigint(20) unsigned NOT NULL,
  `dc_orden_req_detail_id` bigint(20) unsigned NOT NULL,
  `created_at` timestamp NULL DEFAULT NULL,
  `updated_at` timestamp NULL DEFAULT NULL,
  `deleted_at` timestamp NULL DEFAULT NULL,
  PRIMARY KEY (`id`),
  KEY `dc_ordenes_compra_req_dc_orden_id_foreign` (`dc_orden_id`),
  KEY `dc_ordenes_compra_req_dc_orden_detail_id_foreign` (`dc_orden_detail_id`),
  KEY `dc_ordenes_compra_req_dc_orden_req_id_foreign` (`dc_orden_req_id`),
  KEY `dc_ordenes_compra_req_dc_orden_req_detail_id_foreign` (`dc_orden_req_detail_id`),
  CONSTRAINT `dc_ordenes_compra_req_dc_orden_detail_id_foreign` FOREIGN KEY (`dc_orden_detail_id`) REFERENCES `dc_ordenes_details` (`id`),
  CONSTRAINT `dc_ordenes_compra_req_dc_orden_id_foreign` FOREIGN KEY (`dc_orden_id`) REFERENCES `dc_ordenes` (`id`),
  CONSTRAINT `dc_ordenes_compra_req_dc_orden_req_detail_id_foreign` FOREIGN KEY (`dc_orden_req_detail_id`) REFERENCES `dc_ordenes_details` (`id`),
  CONSTRAINT `dc_ordenes_compra_req_dc_orden_req_id_foreign` FOREIGN KEY (`dc_orden_req_id`) REFERENCES `dc_ordenes` (`id`)
) ENGINE=InnoDB DEFAULT CHARSET=utf8mb4 COLLATE=utf8mb4_unicode_ci;

--
-- Dumping data for table `dc_ordenes_compra_req`
--


--
-- Table structure for table `dc_ordenes_details`
--

CREATE TABLE `dc_ordenes_details` (
  `id` bigint(20) unsigned NOT NULL AUTO_INCREMENT,
  `user_id` int(10) unsigned DEFAULT NULL,
  `dc_orden_id` bigint(20) unsigned NOT NULL,
  `dc_orden_origen_destino_id` bigint(20) unsigned DEFAULT NULL,
  `origendestinoable_id` int(10) unsigned DEFAULT NULL,
  `origendestinoable_type` text COLLATE utf8mb4_unicode_ci,
  `cantidades` decimal(16,2) NOT NULL,
  `inv_producto_id` bigint(20) unsigned DEFAULT NULL,
  `inv_producto_id_destino` bigint(20) unsigned DEFAULT NULL,
  `descripcion` varchar(191) COLLATE utf8mb4_unicode_ci DEFAULT NULL,
  `neto` decimal(16,2) NOT NULL,
  `desc_porc` decimal(16,2) DEFAULT NULL,
  `descuento` decimal(16,2) DEFAULT NULL,
  `system_tax_id` int(10) unsigned NOT NULL,
  `iva` decimal(16,2) NOT NULL,
  `subtotal` decimal(16,2) NOT NULL,
  `created_at` timestamp NULL DEFAULT NULL,
  `updated_at` timestamp NULL DEFAULT NULL,
  `deleted_at` timestamp NULL DEFAULT NULL,
  PRIMARY KEY (`id`),
  KEY `dc_ordenes_details_dc_orden_id_foreign` (`dc_orden_id`),
  KEY `dc_ordenes_details_inv_producto_id_foreign` (`inv_producto_id`),
  KEY `dc_ordenes_details_system_tax_id_foreign` (`system_tax_id`),
  KEY `dc_ordenes_details_inv_producto_id_destino_foreign` (`inv_producto_id_destino`),
  KEY `dc_ordenes_details_dc_orden_origen_destino_id_foreign` (`dc_orden_origen_destino_id`),
  CONSTRAINT `dc_ordenes_details_dc_orden_id_foreign` FOREIGN KEY (`dc_orden_id`) REFERENCES `dc_ordenes` (`id`),
  CONSTRAINT `dc_ordenes_details_dc_orden_origen_destino_id_foreign` FOREIGN KEY (`dc_orden_origen_destino_id`) REFERENCES `dc_ordenes_origen_destino` (`id`),
  CONSTRAINT `dc_ordenes_details_inv_producto_id_destino_foreign` FOREIGN KEY (`inv_producto_id_destino`) REFERENCES `inv_productos` (`id`),
  CONSTRAINT `dc_ordenes_details_inv_producto_id_foreign` FOREIGN KEY (`inv_producto_id`) REFERENCES `inv_productos` (`id`),
  CONSTRAINT `dc_ordenes_details_system_tax_id_foreign` FOREIGN KEY (`system_tax_id`) REFERENCES `system_taxes` (`id`)
) ENGINE=InnoDB DEFAULT CHARSET=utf8mb4 COLLATE=utf8mb4_unicode_ci;

--
-- Dumping data for table `dc_ordenes_details`
--


--
-- Table structure for table `dc_ordenes_facturada`
--

CREATE TABLE `dc_ordenes_facturada` (
  `id` bigint(20) unsigned NOT NULL AUTO_INCREMENT,
  `user_id` int(10) unsigned DEFAULT NULL,
  `person_id` int(10) unsigned NOT NULL,
  `dc_orden_id` bigint(20) unsigned DEFAULT NULL,
  `fact_elec_receipt_id` int(10) unsigned NOT NULL,
  `created_at` timestamp NULL DEFAULT NULL,
  `updated_at` timestamp NULL DEFAULT NULL,
  `deleted_at` timestamp NULL DEFAULT NULL,
  PRIMARY KEY (`id`),
  KEY `dc_ordenes_facturada_person_id_foreign` (`person_id`),
  KEY `dc_ordenes_facturada_dc_orden_id_foreign` (`dc_orden_id`),
  KEY `dc_ordenes_facturada_fact_elec_receipt_id_foreign` (`fact_elec_receipt_id`),
  CONSTRAINT `dc_ordenes_facturada_dc_orden_id_foreign` FOREIGN KEY (`dc_orden_id`) REFERENCES `dc_ordenes` (`id`),
  CONSTRAINT `dc_ordenes_facturada_fact_elec_receipt_id_foreign` FOREIGN KEY (`fact_elec_receipt_id`) REFERENCES `fact_elec_receipts` (`id`),
  CONSTRAINT `dc_ordenes_facturada_person_id_foreign` FOREIGN KEY (`person_id`) REFERENCES `persons` (`id`)
) ENGINE=InnoDB DEFAULT CHARSET=utf8mb4 COLLATE=utf8mb4_unicode_ci;

--
-- Dumping data for table `dc_ordenes_facturada`
--


--
-- Table structure for table `dc_ordenes_ingreso_compra`
--

CREATE TABLE `dc_ordenes_ingreso_compra` (
  `id` int(10) unsigned NOT NULL AUTO_INCREMENT,
  `user_id` int(10) unsigned DEFAULT NULL,
  `dc_orden_id` bigint(20) unsigned NOT NULL,
  `dc_orden_detail_id` bigint(20) unsigned NOT NULL,
  `dc_orden_compra_id` bigint(20) unsigned NOT NULL,
  `dc_orden_compra_detail_id` bigint(20) unsigned NOT NULL,
  `created_at` timestamp NULL DEFAULT NULL,
  `updated_at` timestamp NULL DEFAULT NULL,
  `deleted_at` timestamp NULL DEFAULT NULL,
  PRIMARY KEY (`id`),
  KEY `dc_ordenes_ingreso_compra_dc_orden_id_foreign` (`dc_orden_id`),
  KEY `dc_ordenes_ingreso_compra_dc_orden_detail_id_foreign` (`dc_orden_detail_id`),
  KEY `dc_ordenes_ingreso_compra_dc_orden_compra_id_foreign` (`dc_orden_compra_id`),
  KEY `dc_ordenes_ingreso_compra_dc_orden_compra_detail_id_foreign` (`dc_orden_compra_detail_id`),
  CONSTRAINT `dc_ordenes_ingreso_compra_dc_orden_compra_detail_id_foreign` FOREIGN KEY (`dc_orden_compra_detail_id`) REFERENCES `dc_ordenes_details` (`id`),
  CONSTRAINT `dc_ordenes_ingreso_compra_dc_orden_compra_id_foreign` FOREIGN KEY (`dc_orden_compra_id`) REFERENCES `dc_ordenes` (`id`),
  CONSTRAINT `dc_ordenes_ingreso_compra_dc_orden_detail_id_foreign` FOREIGN KEY (`dc_orden_detail_id`) REFERENCES `dc_ordenes_details` (`id`),
  CONSTRAINT `dc_ordenes_ingreso_compra_dc_orden_id_foreign` FOREIGN KEY (`dc_orden_id`) REFERENCES `dc_ordenes` (`id`)
) ENGINE=InnoDB DEFAULT CHARSET=utf8mb4 COLLATE=utf8mb4_unicode_ci;

--
-- Dumping data for table `dc_ordenes_ingreso_compra`
--


--
-- Table structure for table `dc_ordenes_origen_destino`
--

CREATE TABLE `dc_ordenes_origen_destino` (
  `id` bigint(20) unsigned NOT NULL AUTO_INCREMENT,
  `user_id` int(10) unsigned DEFAULT NULL,
  `descripcion` text COLLATE utf8mb4_unicode_ci NOT NULL,
  `modelo` text COLLATE utf8mb4_unicode_ci NOT NULL,
  `habilitado` tinyint(1) NOT NULL DEFAULT '1',
  `created_at` timestamp NULL DEFAULT NULL,
  `updated_at` timestamp NULL DEFAULT NULL,
  `deleted_at` timestamp NULL DEFAULT NULL,
  PRIMARY KEY (`id`)
) ENGINE=InnoDB AUTO_INCREMENT=5 DEFAULT CHARSET=utf8mb4 COLLATE=utf8mb4_unicode_ci;

--
-- Dumping data for table `dc_ordenes_origen_destino`
--

INSERT INTO `dc_ordenes_origen_destino` VALUES (1,NULL,'Orden de Trabajo','App\\Models\\Inventario\\InvOrdenTrabajo',1,NULL,NULL,NULL),(2,NULL,'Centro de Costos','App\\Models\\Inventario\\InvOrdenTrabajoHorasTipo',1,NULL,'2023-09-12 22:17:13',NULL),(3,NULL,'Deposito','App\\Models\\Inventario\\InvDeposito',0,NULL,'2023-07-03 22:07:57',NULL),(4,NULL,'Empleado','App\\Models\\SyJEmpleado',0,NULL,'2023-07-03 22:07:57',NULL);

--
-- Table structure for table `dc_ordenes_revocadas`
--

CREATE TABLE `dc_ordenes_revocadas` (
  `id` bigint(20) unsigned NOT NULL AUTO_INCREMENT,
  `user_id` int(10) unsigned DEFAULT NULL,
  `dc_orden_id` bigint(20) unsigned NOT NULL,
  `comentario` longtext COLLATE utf8mb4_unicode_ci,
  `created_at` timestamp NULL DEFAULT NULL,
  `updated_at` timestamp NULL DEFAULT NULL,
  `deleted_at` timestamp NULL DEFAULT NULL,
  PRIMARY KEY (`id`),
  KEY `dc_ordenes_revocadas_dc_orden_id_foreign` (`dc_orden_id`),
  CONSTRAINT `dc_ordenes_revocadas_dc_orden_id_foreign` FOREIGN KEY (`dc_orden_id`) REFERENCES `dc_ordenes` (`id`)
) ENGINE=InnoDB DEFAULT CHARSET=utf8mb4 COLLATE=utf8mb4_unicode_ci;

--
-- Dumping data for table `dc_ordenes_revocadas`
--


--
-- Table structure for table `dc_ordenes_servicio_compra`
--

CREATE TABLE `dc_ordenes_servicio_compra` (
  `id` int(10) unsigned NOT NULL AUTO_INCREMENT,
  `user_id` int(10) unsigned DEFAULT NULL,
  `dc_orden_id` bigint(20) unsigned NOT NULL,
  `dc_orden_detail_id` bigint(20) unsigned NOT NULL,
  `dc_orden_compra_id` bigint(20) unsigned NOT NULL,
  `dc_orden_compra_detail_id` bigint(20) unsigned NOT NULL,
  `created_at` timestamp NULL DEFAULT NULL,
  `updated_at` timestamp NULL DEFAULT NULL,
  `deleted_at` timestamp NULL DEFAULT NULL,
  PRIMARY KEY (`id`),
  KEY `dc_ordenes_servicio_compra_dc_orden_id_foreign` (`dc_orden_id`),
  KEY `dc_ordenes_servicio_compra_dc_orden_detail_id_foreign` (`dc_orden_detail_id`),
  KEY `dc_ordenes_servicio_compra_dc_orden_compra_id_foreign` (`dc_orden_compra_id`),
  KEY `dc_ordenes_servicio_compra_dc_orden_compra_detail_id_foreign` (`dc_orden_compra_detail_id`),
  CONSTRAINT `dc_ordenes_servicio_compra_dc_orden_compra_detail_id_foreign` FOREIGN KEY (`dc_orden_compra_detail_id`) REFERENCES `dc_ordenes_details` (`id`),
  CONSTRAINT `dc_ordenes_servicio_compra_dc_orden_compra_id_foreign` FOREIGN KEY (`dc_orden_compra_id`) REFERENCES `dc_ordenes` (`id`),
  CONSTRAINT `dc_ordenes_servicio_compra_dc_orden_detail_id_foreign` FOREIGN KEY (`dc_orden_detail_id`) REFERENCES `dc_ordenes_details` (`id`),
  CONSTRAINT `dc_ordenes_servicio_compra_dc_orden_id_foreign` FOREIGN KEY (`dc_orden_id`) REFERENCES `dc_ordenes` (`id`)
) ENGINE=InnoDB DEFAULT CHARSET=utf8mb4 COLLATE=utf8mb4_unicode_ci;

--
-- Dumping data for table `dc_ordenes_servicio_compra`
--


--
-- Table structure for table `dc_ordenes_tipos`
--

CREATE TABLE `dc_ordenes_tipos` (
  `id` bigint(20) unsigned NOT NULL AUTO_INCREMENT,
  `user_id` int(10) unsigned DEFAULT NULL,
  `descripcion` text COLLATE utf8mb4_unicode_ci NOT NULL,
  `usabilidad` longtext COLLATE utf8mb4_unicode_ci,
  `habilitado` tinyint(1) NOT NULL DEFAULT '1',
  `created_at` timestamp NULL DEFAULT NULL,
  `updated_at` timestamp NULL DEFAULT NULL,
  `deleted_at` timestamp NULL DEFAULT NULL,
  PRIMARY KEY (`id`)
) ENGINE=InnoDB AUTO_INCREMENT=11 DEFAULT CHARSET=utf8mb4 COLLATE=utf8mb4_unicode_ci;

--
-- Dumping data for table `dc_ordenes_tipos`
--

INSERT INTO `dc_ordenes_tipos` VALUES (1,NULL,'ORDEN DE COMPRAS',NULL,1,NULL,'2022-09-09 16:51:19',NULL),(2,NULL,'ORDEN DE VENTAS',NULL,1,NULL,'2022-09-09 16:51:19',NULL),(3,NULL,'PRESUPUESTO',NULL,1,NULL,NULL,NULL),(4,NULL,'REQUERIMIENTO',NULL,1,NULL,NULL,NULL),(5,NULL,'REMITO DE INGRESO',NULL,1,NULL,'2023-06-12 23:26:36',NULL),(6,NULL,'REMITO DE EGRESO',NULL,1,NULL,NULL,NULL),(7,NULL,'REMITO INTERNO',NULL,1,NULL,NULL,NULL),(8,NULL,'REMITO DE INGRESO','Es lo mismo que un remito de ingreso, \n        pero los productosa ingresar provienen de una Orden de Compra',1,NULL,NULL,NULL),(9,NULL,'REMITO DE SERVICIO','Es un remito de Ingreso de un servicio que se\n        asigna directo a una OT',1,NULL,NULL,NULL),(10,NULL,'ORDEN DE PAGO',NULL,1,'2023-09-28 16:29:16','2023-09-28 16:29:16',NULL);

--
-- Table structure for table `deudas_impositivas`
--

CREATE TABLE `deudas_impositivas` (
  `id` int(10) unsigned NOT NULL AUTO_INCREMENT,
  `user_id` int(10) unsigned DEFAULT NULL,
  `person_id` int(10) unsigned NOT NULL,
  `vto_impuesto_id` int(10) unsigned NOT NULL,
  `periodo_deuda` varchar(191) COLLATE utf8mb4_unicode_ci DEFAULT NULL,
  `concepto` varchar(191) COLLATE utf8mb4_unicode_ci DEFAULT NULL,
  `importe` decimal(16,2) NOT NULL DEFAULT '0.00',
  `created_at` timestamp NULL DEFAULT NULL,
  `updated_at` timestamp NULL DEFAULT NULL,
  `deleted_at` timestamp NULL DEFAULT NULL,
  PRIMARY KEY (`id`),
  KEY `deudas_impositivas_vto_impuesto_id_foreign` (`vto_impuesto_id`),
  KEY `deudas_impositivas_person_id_foreign` (`person_id`),
  CONSTRAINT `deudas_impositivas_person_id_foreign` FOREIGN KEY (`person_id`) REFERENCES `persons` (`id`),
  CONSTRAINT `deudas_impositivas_vto_impuesto_id_foreign` FOREIGN KEY (`vto_impuesto_id`) REFERENCES `vto_impuestos` (`id`)
) ENGINE=InnoDB DEFAULT CHARSET=utf8mb4 COLLATE=utf8mb4_unicode_ci;

--
