-- Dumping data for table `nf_cta_cte`
--


--
-- Table structure for table `nf_cta_cte_details`
--

CREATE TABLE `nf_cta_cte_details` (
  `id` int(10) unsigned NOT NULL AUTO_INCREMENT,
  `user_id` int(10) unsigned DEFAULT NULL,
  `nf_cta_cte_id` int(10) unsigned NOT NULL,
  `person_id` int(10) unsigned DEFAULT NULL,
  `person_id_relationed` int(10) unsigned DEFAULT NULL,
  `period_id` int(10) unsigned DEFAULT NULL,
  `tipo_asiento_id` int(10) unsigned NOT NULL,
  `cta_cte_tesoreria_cuenta_id` int(10) unsigned NOT NULL,
  `saldo_id` int(10) unsigned NOT NULL,
  `monto` decimal(16,2) NOT NULL,
  `created_at` timestamp NULL DEFAULT NULL,
  `updated_at` timestamp NULL DEFAULT NULL,
  `deleted_at` timestamp NULL DEFAULT NULL,
  PRIMARY KEY (`id`),
  KEY `nf_cta_cte_details_nf_cta_cte_id_foreign` (`nf_cta_cte_id`),
  KEY `nf_cta_cte_details_person_id_foreign` (`person_id`),
  KEY `nf_cta_cte_details_person_id_relationed_foreign` (`person_id_relationed`),
  KEY `nf_cta_cte_details_period_id_foreign` (`period_id`),
  KEY `nf_cta_cte_details_tipo_asiento_id_foreign` (`tipo_asiento_id`),
  KEY `nf_cta_cte_details_cta_cte_tesoreria_cuenta_id_foreign` (`cta_cte_tesoreria_cuenta_id`),
  KEY `nf_cta_cte_details_saldo_id_foreign` (`saldo_id`),
  CONSTRAINT `nf_cta_cte_details_cta_cte_tesoreria_cuenta_id_foreign` FOREIGN KEY (`cta_cte_tesoreria_cuenta_id`) REFERENCES `cta_cte_tesoreria_cuentas` (`id`),
  CONSTRAINT `nf_cta_cte_details_nf_cta_cte_id_foreign` FOREIGN KEY (`nf_cta_cte_id`) REFERENCES `nf_cta_cte` (`id`),
  CONSTRAINT `nf_cta_cte_details_period_id_foreign` FOREIGN KEY (`period_id`) REFERENCES `periods` (`id`),
  CONSTRAINT `nf_cta_cte_details_person_id_foreign` FOREIGN KEY (`person_id`) REFERENCES `persons` (`id`),
  CONSTRAINT `nf_cta_cte_details_person_id_relationed_foreign` FOREIGN KEY (`person_id_relationed`) REFERENCES `persons` (`id`),
  CONSTRAINT `nf_cta_cte_details_saldo_id_foreign` FOREIGN KEY (`saldo_id`) REFERENCES `conta_tipo_saldos` (`id`),
  CONSTRAINT `nf_cta_cte_details_tipo_asiento_id_foreign` FOREIGN KEY (`tipo_asiento_id`) REFERENCES `conta_tipo_asientos` (`id`)
) ENGINE=InnoDB DEFAULT CHARSET=utf8mb4 COLLATE=utf8mb4_unicode_ci;

--
-- Dumping data for table `nf_cta_cte_details`
--


--
-- Table structure for table `nf_invoices`
--

CREATE TABLE `nf_invoices` (
  `id` bigint(20) unsigned NOT NULL AUTO_INCREMENT,
  `user_id` int(10) unsigned DEFAULT NULL,
  `person_id` int(10) unsigned NOT NULL,
  `person_id_relationed` int(10) unsigned NOT NULL,
  `punto_vta_id` int(10) unsigned NOT NULL,
  `period_id` int(10) unsigned NOT NULL,
  `numero` int(11) NOT NULL,
  `fecha` date NOT NULL,
  `total` decimal(16,2) NOT NULL,
  `comentario` longtext COLLATE utf8mb4_unicode_ci NOT NULL,
  `created_at` timestamp NULL DEFAULT NULL,
  `updated_at` timestamp NULL DEFAULT NULL,
  `deleted_at` timestamp NULL DEFAULT NULL,
  PRIMARY KEY (`id`),
  KEY `nf_invoices_person_id_foreign` (`person_id`),
  KEY `nf_invoices_person_id_relationed_foreign` (`person_id_relationed`),
  KEY `nf_invoices_punto_vta_id_foreign` (`punto_vta_id`),
  KEY `nf_invoices_period_id_foreign` (`period_id`),
  CONSTRAINT `nf_invoices_period_id_foreign` FOREIGN KEY (`period_id`) REFERENCES `periods` (`id`),
  CONSTRAINT `nf_invoices_person_id_foreign` FOREIGN KEY (`person_id`) REFERENCES `persons` (`id`),
  CONSTRAINT `nf_invoices_person_id_relationed_foreign` FOREIGN KEY (`person_id_relationed`) REFERENCES `persons` (`id`),
  CONSTRAINT `nf_invoices_punto_vta_id_foreign` FOREIGN KEY (`punto_vta_id`) REFERENCES `fact_elec_puntos_venta` (`id`)
) ENGINE=InnoDB DEFAULT CHARSET=utf8mb4 COLLATE=utf8mb4_unicode_ci;

--
-- Dumping data for table `nf_invoices`
--


--
-- Table structure for table `nf_invoices_details`
--

CREATE TABLE `nf_invoices_details` (
  `id` bigint(20) unsigned NOT NULL AUTO_INCREMENT,
  `user_id` int(10) unsigned DEFAULT NULL,
  `nf_invoice_id` bigint(20) unsigned NOT NULL,
  `cantidades` decimal(16,2) NOT NULL,
  `inv_producto_id` bigint(20) unsigned DEFAULT NULL,
  `inv_deposito_id` bigint(20) unsigned DEFAULT NULL,
  `descripcion` varchar(191) COLLATE utf8mb4_unicode_ci DEFAULT NULL,
  `neto` decimal(16,2) NOT NULL,
  `desc_porc` decimal(16,2) DEFAULT NULL,
  `descuento` decimal(16,2) DEFAULT NULL,
  `subtotal` decimal(16,2) NOT NULL,
  `created_at` timestamp NULL DEFAULT NULL,
  `updated_at` timestamp NULL DEFAULT NULL,
  `deleted_at` timestamp NULL DEFAULT NULL,
  PRIMARY KEY (`id`),
  KEY `nf_invoices_details_nf_invoice_id_foreign` (`nf_invoice_id`),
  KEY `nf_invoices_details_inv_producto_id_foreign` (`inv_producto_id`),
  KEY `nf_invoices_details_inv_deposito_id_foreign` (`inv_deposito_id`),
  CONSTRAINT `nf_invoices_details_inv_deposito_id_foreign` FOREIGN KEY (`inv_deposito_id`) REFERENCES `inv_depositos` (`id`),
  CONSTRAINT `nf_invoices_details_inv_producto_id_foreign` FOREIGN KEY (`inv_producto_id`) REFERENCES `inv_productos` (`id`),
  CONSTRAINT `nf_invoices_details_nf_invoice_id_foreign` FOREIGN KEY (`nf_invoice_id`) REFERENCES `nf_invoices` (`id`)
) ENGINE=InnoDB DEFAULT CHARSET=utf8mb4 COLLATE=utf8mb4_unicode_ci;

--
-- Dumping data for table `nf_invoices_details`
--


--
-- Table structure for table `nf_receipts`
--

CREATE TABLE `nf_receipts` (
  `id` int(10) unsigned NOT NULL AUTO_INCREMENT,
  `user_id` int(10) unsigned NOT NULL,
  `person_id` int(10) unsigned NOT NULL,
  `person_id_relationed` int(10) unsigned NOT NULL,
  `period_id` int(10) unsigned NOT NULL,
  `type_id` int(10) unsigned NOT NULL,
  `receipt_type_id` int(10) unsigned NOT NULL,
  `fecha` date DEFAULT NULL,
  `total` decimal(16,2) NOT NULL,
  `descripcion` varchar(191) COLLATE utf8mb4_unicode_ci DEFAULT NULL,
  `comentario` varchar(191) COLLATE utf8mb4_unicode_ci DEFAULT NULL,
  `file` varchar(191) COLLATE utf8mb4_unicode_ci DEFAULT NULL,
  `created_at` timestamp NULL DEFAULT NULL,
  `updated_at` timestamp NULL DEFAULT NULL,
  `deleted_at` timestamp NULL DEFAULT NULL,
  PRIMARY KEY (`id`),
  KEY `nf_receipts_person_id_foreign` (`person_id`),
  KEY `nf_receipts_person_id_relationed_foreign` (`person_id_relationed`),
  KEY `nf_receipts_period_id_foreign` (`period_id`),
  KEY `nf_receipts_type_id_foreign` (`type_id`),
  KEY `nf_receipts_receipt_type_id_foreign` (`receipt_type_id`),
  CONSTRAINT `nf_receipts_period_id_foreign` FOREIGN KEY (`period_id`) REFERENCES `periods` (`id`),
  CONSTRAINT `nf_receipts_person_id_foreign` FOREIGN KEY (`person_id`) REFERENCES `persons` (`id`),
  CONSTRAINT `nf_receipts_person_id_relationed_foreign` FOREIGN KEY (`person_id_relationed`) REFERENCES `persons` (`id`),
  CONSTRAINT `nf_receipts_receipt_type_id_foreign` FOREIGN KEY (`receipt_type_id`) REFERENCES `receipt_types` (`id`),
  CONSTRAINT `nf_receipts_type_id_foreign` FOREIGN KEY (`type_id`) REFERENCES `types` (`id`)
) ENGINE=InnoDB DEFAULT CHARSET=utf8mb4 COLLATE=utf8mb4_unicode_ci;

--
-- Dumping data for table `nf_receipts`
--


--
-- Table structure for table `notif`
--

CREATE TABLE `notif` (
  `id` int(10) unsigned NOT NULL AUTO_INCREMENT,
  `user_id` int(10) unsigned DEFAULT NULL,
  `send_notif_user_person_id` int(10) unsigned NOT NULL,
  `recept_notif_user_person_id` int(10) unsigned NOT NULL,
  `fecha` datetime NOT NULL DEFAULT '2020-01-23 18:56:25',
  `fecha_vto` datetime DEFAULT NULL,
  `leido` tinyint(1) NOT NULL DEFAULT '0',
  `pendiente` tinyint(1) NOT NULL DEFAULT '0',
  `asunto` varchar(191) COLLATE utf8mb4_unicode_ci DEFAULT NULL,
  `created_at` timestamp NULL DEFAULT NULL,
  `updated_at` timestamp NULL DEFAULT NULL,
  `deleted_at` timestamp NULL DEFAULT NULL,
  PRIMARY KEY (`id`),
  KEY `notif_send_notif_user_person_id_foreign` (`send_notif_user_person_id`),
  KEY `notif_recept_notif_user_person_id_foreign` (`recept_notif_user_person_id`),
  CONSTRAINT `notif_recept_notif_user_person_id_foreign` FOREIGN KEY (`recept_notif_user_person_id`) REFERENCES `notif_users_persons` (`id`),
  CONSTRAINT `notif_send_notif_user_person_id_foreign` FOREIGN KEY (`send_notif_user_person_id`) REFERENCES `notif_users_persons` (`id`)
) ENGINE=InnoDB DEFAULT CHARSET=utf8mb4 COLLATE=utf8mb4_unicode_ci;

--
-- Dumping data for table `notif`
--


--
-- Table structure for table `notif_detail`
--

CREATE TABLE `notif_detail` (
  `id` int(10) unsigned NOT NULL AUTO_INCREMENT,
  `user_id` int(10) unsigned DEFAULT NULL,
  `notificacion_id` int(10) unsigned NOT NULL,
  `notif_respuesta_id` int(10) unsigned DEFAULT NULL,
  `send_notif_user_person_id` int(10) unsigned NOT NULL,
  `recept_notif_user_person_id` int(10) unsigned NOT NULL,
  `fecha` datetime NOT NULL DEFAULT '2020-01-23 18:56:25',
  `body` text COLLATE utf8mb4_unicode_ci,
  `adjunto` text COLLATE utf8mb4_unicode_ci,
  `send_email` tinyint(1) NOT NULL DEFAULT '0',
  `is_respuesta` tinyint(1) NOT NULL DEFAULT '0',
  `created_at` timestamp NULL DEFAULT NULL,
  `updated_at` timestamp NULL DEFAULT NULL,
  `deleted_at` timestamp NULL DEFAULT NULL,
  PRIMARY KEY (`id`),
  KEY `notif_detail_send_notif_user_person_id_foreign` (`send_notif_user_person_id`),
  KEY `notif_detail_recept_notif_user_person_id_foreign` (`recept_notif_user_person_id`),
  KEY `notif_detail_notificacion_id_foreign` (`notificacion_id`),
  KEY `notif_detail_notif_respuesta_id_foreign` (`notif_respuesta_id`),
  CONSTRAINT `notif_detail_notif_respuesta_id_foreign` FOREIGN KEY (`notif_respuesta_id`) REFERENCES `notif_respuestas` (`id`),
  CONSTRAINT `notif_detail_notificacion_id_foreign` FOREIGN KEY (`notificacion_id`) REFERENCES `notif` (`id`),
  CONSTRAINT `notif_detail_recept_notif_user_person_id_foreign` FOREIGN KEY (`recept_notif_user_person_id`) REFERENCES `notif_users_persons` (`id`),
  CONSTRAINT `notif_detail_send_notif_user_person_id_foreign` FOREIGN KEY (`send_notif_user_person_id`) REFERENCES `notif_users_persons` (`id`)
) ENGINE=InnoDB DEFAULT CHARSET=utf8mb4 COLLATE=utf8mb4_unicode_ci;

--
-- Dumping data for table `notif_detail`
--


--
-- Table structure for table `notif_respuestas`
--

CREATE TABLE `notif_respuestas` (
  `id` int(10) unsigned NOT NULL AUTO_INCREMENT,
  `user_id` int(10) unsigned DEFAULT NULL,
  `send_notif_user_person_id` int(10) unsigned NOT NULL,
  `recept_notif_user_person_id` int(10) unsigned NOT NULL,
  `notif_id` int(10) unsigned DEFAULT NULL,
  `fecha` datetime NOT NULL DEFAULT '2020-01-23 18:56:25',
  `fecha_vto` datetime DEFAULT NULL,
  `leido` tinyint(1) NOT NULL DEFAULT '0',
  `asunto` varchar(191) COLLATE utf8mb4_unicode_ci DEFAULT NULL,
  `created_at` timestamp NULL DEFAULT NULL,
  `updated_at` timestamp NULL DEFAULT NULL,
  `deleted_at` timestamp NULL DEFAULT NULL,
  PRIMARY KEY (`id`),
  KEY `notif_respuestas_send_notif_user_person_id_foreign` (`send_notif_user_person_id`),
  KEY `notif_respuestas_recept_notif_user_person_id_foreign` (`recept_notif_user_person_id`),
  KEY `notif_respuestas_notif_id_foreign` (`notif_id`),
  CONSTRAINT `notif_respuestas_notif_id_foreign` FOREIGN KEY (`notif_id`) REFERENCES `notif` (`id`),
  CONSTRAINT `notif_respuestas_recept_notif_user_person_id_foreign` FOREIGN KEY (`recept_notif_user_person_id`) REFERENCES `notif_users_persons` (`id`),
  CONSTRAINT `notif_respuestas_send_notif_user_person_id_foreign` FOREIGN KEY (`send_notif_user_person_id`) REFERENCES `notif_users_persons` (`id`)
) ENGINE=InnoDB DEFAULT CHARSET=utf8mb4 COLLATE=utf8mb4_unicode_ci;

--
-- Dumping data for table `notif_respuestas`
--


--
-- Table structure for table `notif_users_persons`
--

CREATE TABLE `notif_users_persons` (
  `id` int(10) unsigned NOT NULL AUTO_INCREMENT,
  `user_id` int(10) unsigned NOT NULL,
  `person_id` int(10) unsigned NOT NULL,
  `parent_person_id` int(10) unsigned NOT NULL,
  `created_at` timestamp NULL DEFAULT NULL,
  `updated_at` timestamp NULL DEFAULT NULL,
  `deleted_at` timestamp NULL DEFAULT NULL,
  PRIMARY KEY (`id`),
  KEY `notif_users_persons_user_id_foreign` (`user_id`),
  KEY `notif_users_persons_person_id_foreign` (`person_id`),
  KEY `notif_users_persons_parent_person_id_foreign` (`parent_person_id`),
  CONSTRAINT `notif_users_persons_parent_person_id_foreign` FOREIGN KEY (`parent_person_id`) REFERENCES `persons` (`id`),
  CONSTRAINT `notif_users_persons_person_id_foreign` FOREIGN KEY (`person_id`) REFERENCES `persons` (`id`),
  CONSTRAINT `notif_users_persons_user_id_foreign` FOREIGN KEY (`user_id`) REFERENCES `tusers` (`idUser`)
) ENGINE=InnoDB DEFAULT CHARSET=utf8mb4 COLLATE=utf8mb4_unicode_ci;

--
-- Dumping data for table `notif_users_persons`
--


--
-- Table structure for table `obl_anual_conceptos`
--

CREATE TABLE `obl_anual_conceptos` (
  `id` int(10) unsigned NOT NULL AUTO_INCREMENT,
  `user_id` int(10) unsigned DEFAULT NULL,
  `nombre` varchar(191) COLLATE utf8mb4_unicode_ci NOT NULL,
  `created_at` timestamp NULL DEFAULT NULL,
  `updated_at` timestamp NULL DEFAULT NULL,
  `deleted_at` timestamp NULL DEFAULT NULL,
  PRIMARY KEY (`id`)
) ENGINE=InnoDB AUTO_INCREMENT=10 DEFAULT CHARSET=utf8mb4 COLLATE=utf8mb4_unicode_ci;

--
-- Dumping data for table `obl_anual_conceptos`
--

INSERT INTO `obl_anual_conceptos` VALUES (1,NULL,'Balance','2019-11-29 18:37:49','2019-11-29 18:37:49',NULL),(2,NULL,'Ganancias','2019-11-29 18:37:49','2019-11-29 18:37:49',NULL),(3,NULL,'Acc y Part Soc','2019-11-29 18:37:49','2019-11-29 18:37:49',NULL),(4,NULL,'Part Soc Informativa','2019-11-29 18:37:49','2019-11-29 18:37:49',NULL),(5,NULL,'IGJ Balance','2019-11-29 18:37:49','2019-11-29 18:37:49',NULL),(6,NULL,'TASAS IGJ','2019-11-29 18:37:49','2019-11-29 18:37:49',NULL),(7,NULL,'Auditoria','2019-11-29 18:37:49','2019-11-29 18:37:49',NULL),(8,NULL,'Libros Societarios','2019-11-29 18:37:49','2019-11-29 18:37:49',NULL),(9,NULL,'CM 05','2019-11-29 18:37:49','2019-11-29 18:37:49',NULL);

--
-- Table structure for table `obl_anual_registros`
--

CREATE TABLE `obl_anual_registros` (
  `id` int(10) unsigned NOT NULL AUTO_INCREMENT,
  `user_id` int(10) unsigned DEFAULT NULL,
  `anio` int(10) unsigned NOT NULL,
  `person_id` int(10) unsigned NOT NULL,
  `obl_anual_concepto_id` int(10) unsigned NOT NULL,
  `cumplido` tinyint(1) NOT NULL DEFAULT '0',
  `created_at` timestamp NULL DEFAULT NULL,
  `updated_at` timestamp NULL DEFAULT NULL,
  `deleted_at` timestamp NULL DEFAULT NULL,
  PRIMARY KEY (`id`),
  KEY `obl_anual_registros_person_id_foreign` (`person_id`),
  KEY `obl_anual_registros_obl_anual_concepto_id_foreign` (`obl_anual_concepto_id`),
  CONSTRAINT `obl_anual_registros_obl_anual_concepto_id_foreign` FOREIGN KEY (`obl_anual_concepto_id`) REFERENCES `obl_anual_conceptos` (`id`) ON DELETE CASCADE,
  CONSTRAINT `obl_anual_registros_person_id_foreign` FOREIGN KEY (`person_id`) REFERENCES `persons` (`id`)
) ENGINE=InnoDB AUTO_INCREMENT=73 DEFAULT CHARSET=utf8mb4 COLLATE=utf8mb4_unicode_ci;

--
-- Dumping data for table `obl_anual_registros`
--

INSERT INTO `obl_anual_registros` VALUES (37,7922,2023,40723,1,1,'2023-04-15 09:36:23','2023-04-15 09:36:23',NULL),(38,7922,2023,40723,2,1,'2023-04-15 09:36:23','2023-04-15 09:36:23',NULL),(39,7922,2023,40723,3,1,'2023-04-15 09:36:23','2023-04-15 09:36:23',NULL),(40,7922,2023,40723,4,1,'2023-04-15 09:36:23','2023-04-15 09:36:23',NULL),(41,7922,2023,40723,5,1,'2023-04-15 09:36:23','2023-04-15 09:36:23',NULL),(42,7922,2023,40723,6,1,'2023-04-15 09:36:23','2023-04-15 09:36:23',NULL),(43,7922,2023,40723,7,1,'2023-04-15 09:36:23','2023-04-15 09:36:23',NULL),(44,7922,2023,40723,8,1,'2023-04-15 09:36:23','2023-04-15 09:36:23',NULL),(45,7922,2023,40723,9,0,'2023-04-15 09:36:23','2023-04-15 09:36:23',NULL),(46,7922,2023,40724,1,0,'2023-04-15 09:36:23','2023-04-15 09:36:23',NULL),(47,7922,2023,40724,2,0,'2023-04-15 09:36:23','2023-04-15 09:36:23',NULL),(48,7922,2023,40724,3,0,'2023-04-15 09:36:23','2023-04-15 09:36:23',NULL),(49,7922,2023,40724,4,0,'2023-04-15 09:36:23','2023-04-15 09:36:23',NULL),(50,7922,2023,40724,5,0,'2023-04-15 09:36:23','2023-04-15 09:36:23',NULL),(51,7922,2023,40724,6,0,'2023-04-15 09:36:23','2023-04-15 09:36:23',NULL),(52,7922,2023,40724,7,0,'2023-04-15 09:36:23','2023-04-15 09:36:23',NULL),(53,7922,2023,40724,8,0,'2023-04-15 09:36:23','2023-04-15 09:36:23',NULL),(54,7922,2023,40724,9,0,'2023-04-15 09:36:23','2023-04-15 09:36:23',NULL),(55,7922,2023,40759,1,1,'2023-04-15 09:36:23','2023-04-15 09:36:23',NULL),(56,7922,2023,40759,2,1,'2023-04-15 09:36:23','2023-04-15 09:36:23',NULL),(57,7922,2023,40759,3,0,'2023-04-15 09:36:23','2023-04-15 09:36:23',NULL),(58,7922,2023,40759,4,0,'2023-04-15 09:36:23','2023-04-15 09:36:23',NULL),(59,7922,2023,40759,5,0,'2023-04-15 09:36:23','2023-04-15 09:36:23',NULL),(60,7922,2023,40759,6,0,'2023-04-15 09:36:23','2023-04-15 09:36:23',NULL),(61,7922,2023,40759,7,0,'2023-04-15 09:36:23','2023-04-15 09:36:23',NULL),(62,7922,2023,40759,8,0,'2023-04-15 09:36:23','2023-04-15 09:36:23',NULL),(63,7922,2023,40759,9,0,'2023-04-15 09:36:23','2023-04-15 09:36:23',NULL),(64,7922,2023,40720,1,0,'2023-04-15 09:36:23','2023-04-15 09:36:23',NULL),(65,7922,2023,40720,2,0,'2023-04-15 09:36:23','2023-04-15 09:36:23',NULL),(66,7922,2023,40720,3,0,'2023-04-15 09:36:23','2023-04-15 09:36:23',NULL),(67,7922,2023,40720,4,0,'2023-04-15 09:36:23','2023-04-15 09:36:23',NULL),(68,7922,2023,40720,5,0,'2023-04-15 09:36:23','2023-04-15 09:36:23',NULL),(69,7922,2023,40720,6,0,'2023-04-15 09:36:23','2023-04-15 09:36:23',NULL),(70,7922,2023,40720,7,0,'2023-04-15 09:36:23','2023-04-15 09:36:23',NULL),(71,7922,2023,40720,8,0,'2023-04-15 09:36:23','2023-04-15 09:36:23',NULL),(72,7922,2023,40720,9,0,'2023-04-15 09:36:23','2023-04-15 09:36:23',NULL);

--
-- Table structure for table `ot_devoluciones_files`
--

CREATE TABLE `ot_devoluciones_files` (
  `id` bigint(20) unsigned NOT NULL AUTO_INCREMENT,
  `user_id` int(10) unsigned DEFAULT NULL,
  `inv_ot_devolucion_id` bigint(20) unsigned NOT NULL,
  `descripcion` varchar(255) COLLATE utf8mb4_unicode_ci DEFAULT NULL,
  `path` varchar(191) COLLATE utf8mb4_unicode_ci DEFAULT NULL,
  `name_original` varchar(191) COLLATE utf8mb4_unicode_ci DEFAULT NULL,
  `created_at` timestamp NULL DEFAULT NULL,
  `updated_at` timestamp NULL DEFAULT NULL,
  `deleted_at` timestamp NULL DEFAULT NULL,
  PRIMARY KEY (`id`),
  KEY `ot_devoluciones_files_inv_ot_devolucion_id_foreign` (`inv_ot_devolucion_id`),
  CONSTRAINT `ot_devoluciones_files_inv_ot_devolucion_id_foreign` FOREIGN KEY (`inv_ot_devolucion_id`) REFERENCES `inv_ot_devoluciones` (`id`)
) ENGINE=InnoDB DEFAULT CHARSET=utf8mb4 COLLATE=utf8mb4_unicode_ci;

--
-- Dumping data for table `ot_devoluciones_files`
--


--
-- Table structure for table `ot_devoluciones_productos`
--

CREATE TABLE `ot_devoluciones_productos` (
  `id` bigint(20) unsigned NOT NULL AUTO_INCREMENT,
  `user_id` int(10) unsigned DEFAULT NULL,
  `inv_ot_devolucion_id` bigint(20) unsigned NOT NULL,
  `inv_producto_id` bigint(20) unsigned DEFAULT NULL,
  `cantidades` decimal(16,2) NOT NULL,
  `descripcion` varchar(191) COLLATE utf8mb4_unicode_ci DEFAULT NULL,
  `moneda_id` int(10) unsigned NOT NULL,
  `costo` decimal(16,2) NOT NULL,
  `precio_sin_iva` decimal(16,2) NOT NULL DEFAULT '0.00',
  `neto` decimal(16,2) NOT NULL DEFAULT '0.00',
  `system_tax_id` int(10) unsigned NOT NULL,
  `iva` decimal(16,2) NOT NULL DEFAULT '0.00',
  `subtotal` decimal(16,2) NOT NULL DEFAULT '0.00',
  `created_at` timestamp NULL DEFAULT NULL,
  `updated_at` timestamp NULL DEFAULT NULL,
  `deleted_at` timestamp NULL DEFAULT NULL,
  PRIMARY KEY (`id`),
  KEY `ot_devoluciones_productos_inv_ot_devolucion_id_foreign` (`inv_ot_devolucion_id`),
  KEY `ot_devoluciones_productos_inv_producto_id_foreign` (`inv_producto_id`),
  KEY `ot_devoluciones_productos_moneda_id_foreign` (`moneda_id`),
  KEY `ot_devoluciones_productos_system_tax_id_foreign` (`system_tax_id`),
  CONSTRAINT `ot_devoluciones_productos_inv_ot_devolucion_id_foreign` FOREIGN KEY (`inv_ot_devolucion_id`) REFERENCES `inv_ot_devoluciones` (`id`),
  CONSTRAINT `ot_devoluciones_productos_inv_producto_id_foreign` FOREIGN KEY (`inv_producto_id`) REFERENCES `inv_productos` (`id`),
  CONSTRAINT `ot_devoluciones_productos_moneda_id_foreign` FOREIGN KEY (`moneda_id`) REFERENCES `monedas` (`id`),
  CONSTRAINT `ot_devoluciones_productos_system_tax_id_foreign` FOREIGN KEY (`system_tax_id`) REFERENCES `system_taxes` (`id`)
) ENGINE=InnoDB DEFAULT CHARSET=utf8mb4 COLLATE=utf8mb4_unicode_ci;

--
-- Dumping data for table `ot_devoluciones_productos`
--


--
-- Table structure for table `other_taxes`
--

CREATE TABLE `other_taxes` (
  `id` int(10) unsigned NOT NULL AUTO_INCREMENT,
  `created_at` timestamp NULL DEFAULT NULL,
  `updated_at` timestamp NULL DEFAULT NULL,
  `name` varchar(255) COLLATE utf8mb4_unicode_ci NOT NULL,
  `section` varchar(255) COLLATE utf8mb4_unicode_ci NOT NULL,
  `percent_tax` decimal(16,2) NOT NULL DEFAULT '0.00',
  `zone_id` int(10) unsigned DEFAULT NULL,
  `aliases` varchar(255) COLLATE utf8mb4_unicode_ci DEFAULT NULL,
  `section_name` varchar(255) COLLATE utf8mb4_unicode_ci DEFAULT NULL,
  `plan_cuenta_id` int(10) unsigned NOT NULL DEFAULT '1',
  `plan_cuenta_id_efectuada` int(10) unsigned DEFAULT NULL,
  PRIMARY KEY (`id`),
  KEY `other_taxes_plan_cuenta_id_foreign` (`plan_cuenta_id`),
  KEY `other_taxes_plan_cuenta_id_efectuada_foreign` (`plan_cuenta_id_efectuada`),
  CONSTRAINT `other_taxes_plan_cuenta_id_efectuada_foreign` FOREIGN KEY (`plan_cuenta_id_efectuada`) REFERENCES `conta_plan_cuenta` (`id`),
  CONSTRAINT `other_taxes_plan_cuenta_id_foreign` FOREIGN KEY (`plan_cuenta_id`) REFERENCES `conta_plan_cuenta` (`id`)
) ENGINE=InnoDB AUTO_INCREMENT=1034 DEFAULT CHARSET=utf8mb4 COLLATE=utf8mb4_unicode_ci;

--
-- Dumping data for table `other_taxes`
--

INSERT INTO `other_taxes` VALUES (1000,NULL,'2024-06-19 22:59:28','Perc IVA','iva',0.00,NULL,NULL,'IVA',220,1400),(1001,NULL,'2024-05-29 00:09:12','Imps. Internos','gas',0.00,NULL,NULL,'Imp. Combustibles',221,1401),(1002,NULL,'2024-05-29 00:09:12','Imp. Gasoil','gas',0.00,NULL,NULL,'Imp. Combustibles',222,1402),(1003,NULL,'2024-05-29 00:09:12','Imp. Hídricos','gas',0.00,NULL,NULL,'Imp. Combustibles',223,1403),(1004,NULL,'2024-05-29 00:09:12','ITC','gas',0.00,NULL,NULL,'Imp. Combustibles',224,1404),(1005,NULL,'2024-05-29 00:09:12','Perc IIBB  Buenos Aires','iibb',0.00,23,NULL,'IIBB',225,1405),(1006,NULL,'2024-05-29 00:09:12','Perc IIBB  Capital Federal','iibb',0.00,22,NULL,'IIBB',226,1406),(1007,NULL,'2024-05-29 00:09:12','Perc IIBB  Catamarca','iibb',0.00,24,NULL,'IIBB',227,1407),(1008,NULL,'2024-05-29 00:09:12','Perc IIBB  Chaco','iibb',0.00,3,NULL,'IIBB',228,1408),(1009,NULL,'2024-05-29 00:09:12','Perc IIBB  Chubut','iibb',0.00,4,NULL,'IIBB',229,1409),(1010,NULL,'2024-05-29 00:09:12','Perc IIBB  Córdoba','iibb',0.00,1,NULL,'IIBB',230,1410),(1011,NULL,'2024-05-29 00:09:12','Perc IIBB  Corrientes','iibb',0.00,2,NULL,'IIBB',231,1411),(1012,NULL,'2024-05-29 00:09:12','Perc IIBB  Entre Ríos','iibb',0.00,5,NULL,'IIBB',232,1412),(1013,NULL,'2024-05-29 00:09:12','Perc IIBB  Formosa','iibb',0.00,6,NULL,'IIBB',233,1413),(1014,NULL,'2024-05-29 00:09:12','Perc IIBB  Jujuy','iibb',0.00,7,NULL,'IIBB',234,1414),(1015,NULL,'2024-05-29 00:09:12','Perc IIBB  La Pampa','iibb',0.00,8,NULL,'IIBB',235,1415),(1016,NULL,'2024-05-29 00:09:12','Perc IIBB  La Rioja','iibb',0.00,9,NULL,'IIBB',236,1416),(1017,NULL,'2024-05-29 00:09:12','Perc IIBB  Mendoza','iibb',0.00,10,NULL,'IIBB',237,1417),(1018,NULL,'2024-05-29 00:09:12','Perc IIBB  Misiones','iibb',0.00,11,NULL,'IIBB',238,1418),(1019,NULL,'2024-05-29 00:09:12','Perc IIBB  Neuquén','iibb',0.00,12,NULL,'IIBB',239,1419),(1020,NULL,'2024-05-29 00:09:12','Perc IIBB  Pascua Lama','iibb',0.00,25,NULL,'IIBB',240,1420),(1021,NULL,'2024-05-29 00:09:12','Perc IIBB  Río Negro','iibb',0.00,13,NULL,'IIBB',241,1421),(1022,NULL,'2024-05-29 00:09:12','Perc IIBB  Salta','iibb',0.00,14,NULL,'IIBB',242,1422),(1023,NULL,'2024-05-29 00:09:12','Perc IIBB  San Juan','iibb',0.00,15,NULL,'IIBB',243,1423),(1024,NULL,'2024-05-29 00:09:12','Perc IIBB  San Luis','iibb',0.00,16,NULL,'IIBB',244,1424),(1025,NULL,'2024-05-29 00:09:12','Perc IIBB  Santa Cruz','iibb',0.00,17,NULL,'IIBB',245,1425),(1026,NULL,'2024-05-29 00:09:12','Perc IIBB  Santa Fe','iibb',0.00,18,NULL,'IIBB',246,1426),(1027,NULL,'2024-05-29 00:09:12','Perc IIBB  Santiago del Estero','iibb',0.00,19,NULL,'IIBB',247,1427),(1028,NULL,'2024-05-29 00:09:12','Perc IIBB  Tierra del Fuego','iibb',0.00,20,NULL,'IIBB',248,1428),(1029,NULL,'2024-05-29 00:09:12','Perc IIBB  Tucuman','iibb',0.00,21,NULL,'IIBB',249,1429),(1030,'2019-05-03 03:33:05','2024-05-29 00:09:12','CO2 - Imp. Al Carbono','gas',0.00,NULL,NULL,'Imp. Combustibles',478,1430),(1031,'2022-10-05 16:13:40','2024-05-29 00:09:12','Imp. Municipales','gas',0.00,NULL,NULL,'Imp. Combustibles',215,1431),(1032,'2022-10-05 16:13:40','2024-05-29 00:09:12','Perc/Ret. Imp. Ganancias','gas',0.00,NULL,NULL,'Imp. Combustibles',216,1432),(1033,'2023-10-12 08:07:43','2024-05-29 00:09:12','Redondeo','redondeo',0.00,NULL,NULL,'Redondeo',136,136);

--
-- Table structure for table `pais`
--

CREATE TABLE `pais` (
  `id` int(10) unsigned NOT NULL AUTO_INCREMENT,
  `user_id` int(10) unsigned DEFAULT NULL,
  `codigo` int(10) unsigned DEFAULT NULL,
  `descripcion` varchar(191) COLLATE utf8mb4_unicode_ci NOT NULL,
  `habilitado` tinyint(1) NOT NULL DEFAULT '1',
  `created_at` timestamp NULL DEFAULT NULL,
  `updated_at` timestamp NULL DEFAULT NULL,
  `deleted_at` timestamp NULL DEFAULT NULL,
  PRIMARY KEY (`id`),
  UNIQUE KEY `pais_descripcion_unique` (`descripcion`),
  UNIQUE KEY `pais_codigo_unique` (`codigo`)
) ENGINE=InnoDB AUTO_INCREMENT=249 DEFAULT CHARSET=utf8mb4 COLLATE=utf8mb4_unicode_ci;

--
-- Dumping data for table `pais`
--

INSERT INTO `pais` VALUES (1,NULL,NULL,'Argentina',1,'2020-05-28 20:55:22','2020-05-28 20:55:22',NULL),(2,NULL,NULL,'Afghanistan',1,'2020-05-28 20:55:22','2020-05-28 20:55:22',NULL),(3,NULL,NULL,'Albania',1,'2020-05-28 20:55:22','2020-05-28 20:55:22',NULL),(4,NULL,NULL,'Alemania',1,'2020-05-28 20:55:22','2020-05-28 20:55:22',NULL),(5,NULL,NULL,'Algeria',1,'2020-05-28 20:55:22','2020-05-28 20:55:22',NULL),(6,NULL,NULL,'Andorra',1,'2020-05-28 20:55:22','2020-05-28 20:55:22',NULL),(7,NULL,NULL,'Angola',1,'2020-05-28 20:55:22','2020-05-28 20:55:22',NULL),(8,NULL,NULL,'Anguila',1,'2020-05-28 20:55:22','2020-05-28 20:55:22',NULL),(9,NULL,NULL,'Antártida',1,'2020-05-28 20:55:22','2020-05-28 20:55:22',NULL),(10,NULL,NULL,'Antigua y Barbuda',1,'2020-05-28 20:55:22','2020-05-28 20:55:22',NULL),(11,NULL,NULL,'Arabia Saudita',1,'2020-05-28 20:55:22','2020-05-28 20:55:22',NULL),(12,NULL,NULL,'Armenia',1,'2020-05-28 20:55:22','2020-05-28 20:55:22',NULL),(13,NULL,NULL,'Aruba',1,'2020-05-28 20:55:22','2020-05-28 20:55:22',NULL),(14,NULL,NULL,'Australia',1,'2020-05-28 20:55:22','2020-05-28 20:55:22',NULL),(15,NULL,NULL,'Austria',1,'2020-05-28 20:55:22','2020-05-28 20:55:22',NULL),(16,NULL,NULL,'Azerbaiyán',1,'2020-05-28 20:55:22','2020-05-28 20:55:22',NULL),(17,NULL,NULL,'Bélgica',1,'2020-05-28 20:55:22','2020-05-28 20:55:22',NULL),(18,NULL,NULL,'Bahamas',1,'2020-05-28 20:55:22','2020-05-28 20:55:22',NULL),(19,NULL,NULL,'Bahrein',1,'2020-05-28 20:55:22','2020-05-28 20:55:22',NULL),(20,NULL,NULL,'Bangladesh',1,'2020-05-28 20:55:22','2020-05-28 20:55:22',NULL),(21,NULL,NULL,'Barbados',1,'2020-05-28 20:55:22','2020-05-28 20:55:22',NULL),(22,NULL,NULL,'Belice',1,'2020-05-28 20:55:22','2020-05-28 20:55:22',NULL),(23,NULL,NULL,'Benín',1,'2020-05-28 20:55:22','2020-05-28 20:55:22',NULL),(24,NULL,NULL,'Bhután',1,'2020-05-28 20:55:22','2020-05-28 20:55:22',NULL),(25,NULL,NULL,'Bielorrusia',1,'2020-05-28 20:55:22','2020-05-28 20:55:22',NULL),(26,NULL,NULL,'Birmania',1,'2020-05-28 20:55:22','2020-05-28 20:55:22',NULL),(27,NULL,NULL,'Bolivia',1,'2020-05-28 20:55:22','2020-05-28 20:55:22',NULL),(28,NULL,NULL,'Bosnia y Herzegovina',1,'2020-05-28 20:55:22','2020-05-28 20:55:22',NULL),(29,NULL,NULL,'Botsuana',1,'2020-05-28 20:55:22','2020-05-28 20:55:22',NULL),(30,NULL,NULL,'Brasil',1,'2020-05-28 20:55:22','2020-05-28 20:55:22',NULL),(31,NULL,NULL,'Brunéi',1,'2020-05-28 20:55:22','2020-05-28 20:55:22',NULL),(32,NULL,NULL,'Bulgaria',1,'2020-05-28 20:55:22','2020-05-28 20:55:22',NULL),(33,NULL,NULL,'Burkina Faso',1,'2020-05-28 20:55:22','2020-05-28 20:55:22',NULL),(34,NULL,NULL,'Burundi',1,'2020-05-28 20:55:22','2020-05-28 20:55:22',NULL),(35,NULL,NULL,'Cabo Verde',1,'2020-05-28 20:55:22','2020-05-28 20:55:22',NULL),(36,NULL,NULL,'Camboya',1,'2020-05-28 20:55:22','2020-05-28 20:55:22',NULL),(37,NULL,NULL,'Camerún',1,'2020-05-28 20:55:22','2020-05-28 20:55:22',NULL),(38,NULL,NULL,'Canadá',1,'2020-05-28 20:55:22','2020-05-28 20:55:22',NULL),(39,NULL,NULL,'Chad',1,'2020-05-28 20:55:22','2020-05-28 20:55:22',NULL),(40,NULL,NULL,'Chile',1,'2020-05-28 20:55:22','2020-05-28 20:55:22',NULL),(41,NULL,NULL,'China',1,'2020-05-28 20:55:22','2020-05-28 20:55:22',NULL),(42,NULL,NULL,'Chipre',1,'2020-05-28 20:55:22','2020-05-28 20:55:22',NULL),(43,NULL,NULL,'Ciudad del Vaticano',1,'2020-05-28 20:55:22','2020-05-28 20:55:22',NULL),(44,NULL,NULL,'Colombia',1,'2020-05-28 20:55:22','2020-05-28 20:55:22',NULL),(45,NULL,NULL,'Comoras',1,'2020-05-28 20:55:22','2020-05-28 20:55:22',NULL),(46,NULL,NULL,'República del Congo',1,'2020-05-28 20:55:22','2020-05-28 20:55:22',NULL),(47,NULL,NULL,'República Democrática del Congo',1,'2020-05-28 20:55:22','2020-05-28 20:55:22',NULL),(48,NULL,NULL,'Corea del Norte',1,'2020-05-28 20:55:22','2020-05-28 20:55:22',NULL),(49,NULL,NULL,'Corea del Sur',1,'2020-05-28 20:55:22','2020-05-28 20:55:22',NULL),(50,NULL,NULL,'Costa de Marfil',1,'2020-05-28 20:55:22','2020-05-28 20:55:22',NULL),(51,NULL,NULL,'Costa Rica',1,'2020-05-28 20:55:22','2020-05-28 20:55:22',NULL);
INSERT INTO `pais` VALUES (52,NULL,NULL,'Croacia',1,'2020-05-28 20:55:22','2020-05-28 20:55:22',NULL),(53,NULL,NULL,'Cuba',1,'2020-05-28 20:55:22','2020-05-28 20:55:22',NULL),(54,NULL,NULL,'Curazao',1,'2020-05-28 20:55:22','2020-05-28 20:55:22',NULL),(55,NULL,NULL,'Dinamarca',1,'2020-05-28 20:55:22','2020-05-28 20:55:22',NULL),(56,NULL,NULL,'Dominica',1,'2020-05-28 20:55:22','2020-05-28 20:55:22',NULL),(57,NULL,NULL,'Ecuador',1,'2020-05-28 20:55:22','2020-05-28 20:55:22',NULL),(58,NULL,NULL,'Egipto',1,'2020-05-28 20:55:22','2020-05-28 20:55:22',NULL),(59,NULL,NULL,'El Salvador',1,'2020-05-28 20:55:22','2020-05-28 20:55:22',NULL),(60,NULL,NULL,'Emiratos Árabes Unidos',1,'2020-05-28 20:55:22','2020-05-28 20:55:22',NULL),(61,NULL,NULL,'Eritrea',1,'2020-05-28 20:55:22','2020-05-28 20:55:22',NULL),(62,NULL,NULL,'Eslovaquia',1,'2020-05-28 20:55:22','2020-05-28 20:55:22',NULL),(63,NULL,NULL,'Eslovenia',1,'2020-05-28 20:55:22','2020-05-28 20:55:22',NULL),(64,NULL,NULL,'España',1,'2020-05-28 20:55:22','2020-05-28 20:55:22',NULL),(65,NULL,NULL,'Estados Unidos de América',1,'2020-05-28 20:55:22','2020-05-28 20:55:22',NULL),(66,NULL,NULL,'Estonia',1,'2020-05-28 20:55:22','2020-05-28 20:55:22',NULL),(67,NULL,NULL,'Etiopía',1,'2020-05-28 20:55:22','2020-05-28 20:55:22',NULL),(68,NULL,NULL,'Filipinas',1,'2020-05-28 20:55:22','2020-05-28 20:55:22',NULL),(69,NULL,NULL,'Finlandia',1,'2020-05-28 20:55:22','2020-05-28 20:55:22',NULL),(70,NULL,NULL,'Fiyi',1,'2020-05-28 20:55:22','2020-05-28 20:55:22',NULL),(71,NULL,NULL,'Francia',1,'2020-05-28 20:55:22','2020-05-28 20:55:22',NULL),(72,NULL,NULL,'Gabón',1,'2020-05-28 20:55:22','2020-05-28 20:55:22',NULL),(73,NULL,NULL,'Gambia',1,'2020-05-28 20:55:22','2020-05-28 20:55:22',NULL),(74,NULL,NULL,'Georgia',1,'2020-05-28 20:55:22','2020-05-28 20:55:22',NULL),(75,NULL,NULL,'Ghana',1,'2020-05-28 20:55:22','2020-05-28 20:55:22',NULL),(76,NULL,NULL,'Gibraltar',1,'2020-05-28 20:55:22','2020-05-28 20:55:22',NULL),(77,NULL,NULL,'Granada',1,'2020-05-28 20:55:22','2020-05-28 20:55:22',NULL),(78,NULL,NULL,'Grecia',1,'2020-05-28 20:55:22','2020-05-28 20:55:22',NULL),(79,NULL,NULL,'Groenlandia',1,'2020-05-28 20:55:22','2020-05-28 20:55:22',NULL),(80,NULL,NULL,'Guadalupe',1,'2020-05-28 20:55:22','2020-05-28 20:55:22',NULL),(81,NULL,NULL,'Guam',1,'2020-05-28 20:55:22','2020-05-28 20:55:22',NULL),(82,NULL,NULL,'Guatemala',1,'2020-05-28 20:55:22','2020-05-28 20:55:22',NULL),(83,NULL,NULL,'Guayana Francesa',1,'2020-05-28 20:55:22','2020-05-28 20:55:22',NULL),(84,NULL,NULL,'Guernsey',1,'2020-05-28 20:55:22','2020-05-28 20:55:22',NULL),(85,NULL,NULL,'Guinea',1,'2020-05-28 20:55:22','2020-05-28 20:55:22',NULL),(86,NULL,NULL,'Guinea Ecuatorial',1,'2020-05-28 20:55:22','2020-05-28 20:55:22',NULL),(87,NULL,NULL,'Guinea-Bissau',1,'2020-05-28 20:55:22','2020-05-28 20:55:22',NULL),(88,NULL,NULL,'Guyana',1,'2020-05-28 20:55:22','2020-05-28 20:55:22',NULL),(89,NULL,NULL,'Haití',1,'2020-05-28 20:55:22','2020-05-28 20:55:22',NULL),(90,NULL,NULL,'Honduras',1,'2020-05-28 20:55:22','2020-05-28 20:55:22',NULL),(91,NULL,NULL,'Hong kong',1,'2020-05-28 20:55:23','2020-05-28 20:55:23',NULL),(92,NULL,NULL,'Hungría',1,'2020-05-28 20:55:23','2020-05-28 20:55:23',NULL),(93,NULL,NULL,'India',1,'2020-05-28 20:55:23','2020-05-28 20:55:23',NULL),(94,NULL,NULL,'Indonesia',1,'2020-05-28 20:55:23','2020-05-28 20:55:23',NULL),(95,NULL,NULL,'Irán',1,'2020-05-28 20:55:23','2020-05-28 20:55:23',NULL),(96,NULL,NULL,'Irak',1,'2020-05-28 20:55:23','2020-05-28 20:55:23',NULL),(97,NULL,NULL,'Irlanda',1,'2020-05-28 20:55:23','2020-05-28 20:55:23',NULL),(98,NULL,NULL,'Isla Bouvet',1,'2020-05-28 20:55:23','2020-05-28 20:55:23',NULL),(99,NULL,NULL,'Isla de Man',1,'2020-05-28 20:55:23','2020-05-28 20:55:23',NULL),(100,NULL,NULL,'Isla de Navidad',1,'2020-05-28 20:55:23','2020-05-28 20:55:23',NULL),(101,NULL,NULL,'Isla Norfolk',1,'2020-05-28 20:55:23','2020-05-28 20:55:23',NULL),(102,NULL,NULL,'Islandia',1,'2020-05-28 20:55:23','2020-05-28 20:55:23',NULL);
INSERT INTO `pais` VALUES (103,NULL,NULL,'Islas Bermudas',1,'2020-05-28 20:55:23','2020-05-28 20:55:23',NULL),(104,NULL,NULL,'Islas Caimán',1,'2020-05-28 20:55:23','2020-05-28 20:55:23',NULL),(105,NULL,NULL,'Islas Cocos (Keeling)',1,'2020-05-28 20:55:23','2020-05-28 20:55:23',NULL),(106,NULL,NULL,'Islas Cook',1,'2020-05-28 20:55:23','2020-05-28 20:55:23',NULL),(107,NULL,NULL,'Islas de Åland',1,'2020-05-28 20:55:23','2020-05-28 20:55:23',NULL),(108,NULL,NULL,'Islas Feroe',1,'2020-05-28 20:55:23','2020-05-28 20:55:23',NULL),(109,NULL,NULL,'Islas Georgias del Sur y Sandwich del Sur',1,'2020-05-28 20:55:23','2020-05-28 20:55:23',NULL),(110,NULL,NULL,'Islas Heard y McDonald',1,'2020-05-28 20:55:23','2020-05-28 20:55:23',NULL),(111,NULL,NULL,'Islas Maldivas',1,'2020-05-28 20:55:23','2020-05-28 20:55:23',NULL),(112,NULL,NULL,'Islas Malvinas',1,'2020-05-28 20:55:23','2020-05-28 20:55:23',NULL),(113,NULL,NULL,'Islas Marianas del Norte',1,'2020-05-28 20:55:23','2020-05-28 20:55:23',NULL),(114,NULL,NULL,'Islas Marshall',1,'2020-05-28 20:55:23','2020-05-28 20:55:23',NULL),(115,NULL,NULL,'Islas Pitcairn',1,'2020-05-28 20:55:23','2020-05-28 20:55:23',NULL),(116,NULL,NULL,'Islas Salomón',1,'2020-05-28 20:55:23','2020-05-28 20:55:23',NULL),(117,NULL,NULL,'Islas Turcas y Caicos',1,'2020-05-28 20:55:23','2020-05-28 20:55:23',NULL),(118,NULL,NULL,'Islas Ultramarinas Menores de Estados Unidos',1,'2020-05-28 20:55:23','2020-05-28 20:55:23',NULL),(119,NULL,NULL,'Islas Vírgenes Británicas',1,'2020-05-28 20:55:23','2020-05-28 20:55:23',NULL),(120,NULL,NULL,'Islas Vírgenes de los Estados Unidos',1,'2020-05-28 20:55:23','2020-05-28 20:55:23',NULL),(121,NULL,NULL,'Israel',1,'2020-05-28 20:55:23','2020-05-28 20:55:23',NULL),(122,NULL,NULL,'Italia',1,'2020-05-28 20:55:23','2020-05-28 20:55:23',NULL),(123,NULL,NULL,'Jamaica',1,'2020-05-28 20:55:23','2020-05-28 20:55:23',NULL),(124,NULL,NULL,'Japón',1,'2020-05-28 20:55:23','2020-05-28 20:55:23',NULL),(125,NULL,NULL,'Jersey',1,'2020-05-28 20:55:23','2020-05-28 20:55:23',NULL),(126,NULL,NULL,'Jordania',1,'2020-05-28 20:55:23','2020-05-28 20:55:23',NULL),(127,NULL,NULL,'Kazajistán',1,'2020-05-28 20:55:23','2020-05-28 20:55:23',NULL),(128,NULL,NULL,'Kenia',1,'2020-05-28 20:55:23','2020-05-28 20:55:23',NULL),(129,NULL,NULL,'Kirguistán',1,'2020-05-28 20:55:23','2020-05-28 20:55:23',NULL),(130,NULL,NULL,'Kiribati',1,'2020-05-28 20:55:23','2020-05-28 20:55:23',NULL),(131,NULL,NULL,'Kuwait',1,'2020-05-28 20:55:23','2020-05-28 20:55:23',NULL),(132,NULL,NULL,'Líbano',1,'2020-05-28 20:55:23','2020-05-28 20:55:23',NULL),(133,NULL,NULL,'Laos',1,'2020-05-28 20:55:23','2020-05-28 20:55:23',NULL),(134,NULL,NULL,'Lesoto',1,'2020-05-28 20:55:23','2020-05-28 20:55:23',NULL),(135,NULL,NULL,'Letonia',1,'2020-05-28 20:55:23','2020-05-28 20:55:23',NULL),(136,NULL,NULL,'Liberia',1,'2020-05-28 20:55:23','2020-05-28 20:55:23',NULL),(137,NULL,NULL,'Libia',1,'2020-05-28 20:55:23','2020-05-28 20:55:23',NULL),(138,NULL,NULL,'Liechtenstein',1,'2020-05-28 20:55:23','2020-05-28 20:55:23',NULL),(139,NULL,NULL,'Lituania',1,'2020-05-28 20:55:23','2020-05-28 20:55:23',NULL),(140,NULL,NULL,'Luxemburgo',1,'2020-05-28 20:55:23','2020-05-28 20:55:23',NULL),(141,NULL,NULL,'México',1,'2020-05-28 20:55:23','2020-05-28 20:55:23',NULL),(142,NULL,NULL,'Mónaco',1,'2020-05-28 20:55:23','2020-05-28 20:55:23',NULL),(143,NULL,NULL,'Macao',1,'2020-05-28 20:55:23','2020-05-28 20:55:23',NULL),(144,NULL,NULL,'Macedônia',1,'2020-05-28 20:55:23','2020-05-28 20:55:23',NULL),(145,NULL,NULL,'Madagascar',1,'2020-05-28 20:55:23','2020-05-28 20:55:23',NULL),(146,NULL,NULL,'Malasia',1,'2020-05-28 20:55:23','2020-05-28 20:55:23',NULL),(147,NULL,NULL,'Malawi',1,'2020-05-28 20:55:23','2020-05-28 20:55:23',NULL),(148,NULL,NULL,'Mali',1,'2020-05-28 20:55:23','2020-05-28 20:55:23',NULL),(149,NULL,NULL,'Malta',1,'2020-05-28 20:55:23','2020-05-28 20:55:23',NULL),(150,NULL,NULL,'Marruecos',1,'2020-05-28 20:55:23','2020-05-28 20:55:23',NULL);
INSERT INTO `pais` VALUES (151,NULL,NULL,'Martinica',1,'2020-05-28 20:55:23','2020-05-28 20:55:23',NULL),(152,NULL,NULL,'Mauricio',1,'2020-05-28 20:55:23','2020-05-28 20:55:23',NULL),(153,NULL,NULL,'Mauritania',1,'2020-05-28 20:55:23','2020-05-28 20:55:23',NULL),(154,NULL,NULL,'Mayotte',1,'2020-05-28 20:55:23','2020-05-28 20:55:23',NULL),(155,NULL,NULL,'Micronesia',1,'2020-05-28 20:55:23','2020-05-28 20:55:23',NULL),(156,NULL,NULL,'Moldavia',1,'2020-05-28 20:55:23','2020-05-28 20:55:23',NULL),(157,NULL,NULL,'Mongolia',1,'2020-05-28 20:55:23','2020-05-28 20:55:23',NULL),(158,NULL,NULL,'Montenegro',1,'2020-05-28 20:55:23','2020-05-28 20:55:23',NULL),(159,NULL,NULL,'Montserrat',1,'2020-05-28 20:55:23','2020-05-28 20:55:23',NULL),(160,NULL,NULL,'Mozambique',1,'2020-05-28 20:55:23','2020-05-28 20:55:23',NULL),(161,NULL,NULL,'Namibia',1,'2020-05-28 20:55:23','2020-05-28 20:55:23',NULL),(162,NULL,NULL,'Nauru',1,'2020-05-28 20:55:23','2020-05-28 20:55:23',NULL),(163,NULL,NULL,'Nepal',1,'2020-05-28 20:55:23','2020-05-28 20:55:23',NULL),(164,NULL,NULL,'Nicaragua',1,'2020-05-28 20:55:23','2020-05-28 20:55:23',NULL),(165,NULL,NULL,'Niger',1,'2020-05-28 20:55:23','2020-05-28 20:55:23',NULL),(166,NULL,NULL,'Nigeria',1,'2020-05-28 20:55:23','2020-05-28 20:55:23',NULL),(167,NULL,NULL,'Niue',1,'2020-05-28 20:55:23','2020-05-28 20:55:23',NULL),(168,NULL,NULL,'Noruega',1,'2020-05-28 20:55:23','2020-05-28 20:55:23',NULL),(169,NULL,NULL,'Nueva Caledonia',1,'2020-05-28 20:55:23','2020-05-28 20:55:23',NULL),(170,NULL,NULL,'Nueva Zelanda',1,'2020-05-28 20:55:23','2020-05-28 20:55:23',NULL),(171,NULL,NULL,'Omán',1,'2020-05-28 20:55:23','2020-05-28 20:55:23',NULL),(172,NULL,NULL,'Países Bajos',1,'2020-05-28 20:55:23','2020-05-28 20:55:23',NULL),(173,NULL,NULL,'Pakistán',1,'2020-05-28 20:55:23','2020-05-28 20:55:23',NULL),(174,NULL,NULL,'Palau',1,'2020-05-28 20:55:23','2020-05-28 20:55:23',NULL),(175,NULL,NULL,'Palestina',1,'2020-05-28 20:55:23','2020-05-28 20:55:23',NULL),(176,NULL,NULL,'Panamá',1,'2020-05-28 20:55:23','2020-05-28 20:55:23',NULL),(177,NULL,NULL,'Papúa Nueva Guinea',1,'2020-05-28 20:55:23','2020-05-28 20:55:23',NULL),(178,NULL,NULL,'Paraguay',1,'2020-05-28 20:55:23','2020-05-28 20:55:23',NULL),(179,NULL,NULL,'Perú',1,'2020-05-28 20:55:23','2020-05-28 20:55:23',NULL),(180,NULL,NULL,'Polinesia Francesa',1,'2020-05-28 20:55:23','2020-05-28 20:55:23',NULL),(181,NULL,NULL,'Polonia',1,'2020-05-28 20:55:23','2020-05-28 20:55:23',NULL),(182,NULL,NULL,'Portugal',1,'2020-05-28 20:55:23','2020-05-28 20:55:23',NULL),(183,NULL,NULL,'Puerto Rico',1,'2020-05-28 20:55:23','2020-05-28 20:55:23',NULL),(184,NULL,NULL,'Qatar',1,'2020-05-28 20:55:23','2020-05-28 20:55:23',NULL),(185,NULL,NULL,'Reino Unido',1,'2020-05-28 20:55:23','2020-05-28 20:55:23',NULL),(186,NULL,NULL,'República Centroafricana',1,'2020-05-28 20:55:23','2020-05-28 20:55:23',NULL),(187,NULL,NULL,'República Checa',1,'2020-05-28 20:55:23','2020-05-28 20:55:23',NULL),(188,NULL,NULL,'República Dominicana',1,'2020-05-28 20:55:23','2020-05-28 20:55:23',NULL),(189,NULL,NULL,'República de Sudán del Sur',1,'2020-05-28 20:55:23','2020-05-28 20:55:23',NULL),(190,NULL,NULL,'Reunión',1,'2020-05-28 20:55:23','2020-05-28 20:55:23',NULL),(191,NULL,NULL,'Ruanda',1,'2020-05-28 20:55:23','2020-05-28 20:55:23',NULL),(192,NULL,NULL,'Rumanía',1,'2020-05-28 20:55:23','2020-05-28 20:55:23',NULL),(193,NULL,NULL,'Rusia',1,'2020-05-28 20:55:23','2020-05-28 20:55:23',NULL),(194,NULL,NULL,'Sahara Occidental',1,'2020-05-28 20:55:23','2020-05-28 20:55:23',NULL),(195,NULL,NULL,'Samoa',1,'2020-05-28 20:55:23','2020-05-28 20:55:23',NULL),(196,NULL,NULL,'Samoa Americana',1,'2020-05-28 20:55:23','2020-05-28 20:55:23',NULL),(197,NULL,NULL,'San Bartolomé',1,'2020-05-28 20:55:23','2020-05-28 20:55:23',NULL),(198,NULL,NULL,'San Cristóbal y Nieves',1,'2020-05-28 20:55:23','2020-05-28 20:55:23',NULL),(199,NULL,NULL,'San Marino',1,'2020-05-28 20:55:23','2020-05-28 20:55:23',NULL);
INSERT INTO `pais` VALUES (200,NULL,NULL,'San Martín (Francia)',1,'2020-05-28 20:55:23','2020-05-28 20:55:23',NULL),(201,NULL,NULL,'San Pedro y Miquelón',1,'2020-05-28 20:55:23','2020-05-28 20:55:23',NULL),(202,NULL,NULL,'San Vicente y las Granadinas',1,'2020-05-28 20:55:23','2020-05-28 20:55:23',NULL),(203,NULL,NULL,'Santa Elena',1,'2020-05-28 20:55:23','2020-05-28 20:55:23',NULL),(204,NULL,NULL,'Santa Lucía',1,'2020-05-28 20:55:23','2020-05-28 20:55:23',NULL),(205,NULL,NULL,'Santo Tomé y Príncipe',1,'2020-05-28 20:55:23','2020-05-28 20:55:23',NULL),(206,NULL,NULL,'Senegal',1,'2020-05-28 20:55:23','2020-05-28 20:55:23',NULL),(207,NULL,NULL,'Serbia',1,'2020-05-28 20:55:23','2020-05-28 20:55:23',NULL),(208,NULL,NULL,'Seychelles',1,'2020-05-28 20:55:23','2020-05-28 20:55:23',NULL),(209,NULL,NULL,'Sierra Leona',1,'2020-05-28 20:55:23','2020-05-28 20:55:23',NULL),(210,NULL,NULL,'Singapur',1,'2020-05-28 20:55:23','2020-05-28 20:55:23',NULL),(211,NULL,NULL,'Sint Maarten',1,'2020-05-28 20:55:23','2020-05-28 20:55:23',NULL),(212,NULL,NULL,'Siria',1,'2020-05-28 20:55:23','2020-05-28 20:55:23',NULL),(213,NULL,NULL,'Somalia',1,'2020-05-28 20:55:23','2020-05-28 20:55:23',NULL),(214,NULL,NULL,'Sri lanka',1,'2020-05-28 20:55:23','2020-05-28 20:55:23',NULL),(215,NULL,NULL,'Sudáfrica',1,'2020-05-28 20:55:23','2020-05-28 20:55:23',NULL),(216,NULL,NULL,'Sudán',1,'2020-05-28 20:55:23','2020-05-28 20:55:23',NULL),(217,NULL,NULL,'Suecia',1,'2020-05-28 20:55:23','2020-05-28 20:55:23',NULL),(218,NULL,NULL,'Suiza',1,'2020-05-28 20:55:23','2020-05-28 20:55:23',NULL),(219,NULL,NULL,'Surinám',1,'2020-05-28 20:55:23','2020-05-28 20:55:23',NULL),(220,NULL,NULL,'Svalbard y Jan Mayen',1,'2020-05-28 20:55:23','2020-05-28 20:55:23',NULL),(221,NULL,NULL,'Swazilandia',1,'2020-05-28 20:55:23','2020-05-28 20:55:23',NULL),(222,NULL,NULL,'Tayikistán',1,'2020-05-28 20:55:23','2020-05-28 20:55:23',NULL),(223,NULL,NULL,'Tailandia',1,'2020-05-28 20:55:23','2020-05-28 20:55:23',NULL),(224,NULL,NULL,'Taiwán',1,'2020-05-28 20:55:23','2020-05-28 20:55:23',NULL),(225,NULL,NULL,'Tanzania',1,'2020-05-28 20:55:23','2020-05-28 20:55:23',NULL),(226,NULL,NULL,'Territorio Británico del Océano Índico',1,'2020-05-28 20:55:23','2020-05-28 20:55:23',NULL),(227,NULL,NULL,'Territorios Australes y Antárticas Franceses',1,'2020-05-28 20:55:23','2020-05-28 20:55:23',NULL),(228,NULL,NULL,'Timor Oriental',1,'2020-05-28 20:55:23','2020-05-28 20:55:23',NULL),(229,NULL,NULL,'Togo',1,'2020-05-28 20:55:23','2020-05-28 20:55:23',NULL),(230,NULL,NULL,'Tokelau',1,'2020-05-28 20:55:23','2020-05-28 20:55:23',NULL),(231,NULL,NULL,'Tonga',1,'2020-05-28 20:55:23','2020-05-28 20:55:23',NULL),(232,NULL,NULL,'Trinidad y Tobago',1,'2020-05-28 20:55:23','2020-05-28 20:55:23',NULL),(233,NULL,NULL,'Tunez',1,'2020-05-28 20:55:23','2020-05-28 20:55:23',NULL),(234,NULL,NULL,'Turkmenistán',1,'2020-05-28 20:55:23','2020-05-28 20:55:23',NULL),(235,NULL,NULL,'Turquía',1,'2020-05-28 20:55:23','2020-05-28 20:55:23',NULL),(236,NULL,NULL,'Tuvalu',1,'2020-05-28 20:55:23','2020-05-28 20:55:23',NULL),(237,NULL,NULL,'Ucrania',1,'2020-05-28 20:55:23','2020-05-28 20:55:23',NULL),(238,NULL,NULL,'Uganda',1,'2020-05-28 20:55:23','2020-05-28 20:55:23',NULL),(239,NULL,NULL,'Uruguay',1,'2020-05-28 20:55:23','2020-05-28 20:55:23',NULL),(240,NULL,NULL,'Uzbekistán',1,'2020-05-28 20:55:23','2020-05-28 20:55:23',NULL),(241,NULL,NULL,'Vanuatu',1,'2020-05-28 20:55:23','2020-05-28 20:55:23',NULL),(242,NULL,NULL,'Venezuela',1,'2020-05-28 20:55:23','2020-05-28 20:55:23',NULL),(243,NULL,NULL,'Vietnam',1,'2020-05-28 20:55:23','2020-05-28 20:55:23',NULL),(244,NULL,NULL,'Wallis y Futuna',1,'2020-05-28 20:55:23','2020-05-28 20:55:23',NULL),(245,NULL,NULL,'Yemen',1,'2020-05-28 20:55:23','2020-05-28 20:55:23',NULL),(246,NULL,NULL,'Yibuti',1,'2020-05-28 20:55:23','2020-05-28 20:55:23',NULL),(247,NULL,NULL,'Zambia',1,'2020-05-28 20:55:23','2020-05-28 20:55:23',NULL),(248,NULL,NULL,'Zimbabue',1,'2020-05-28 20:55:23','2020-05-28 20:55:23',NULL);

--
-- Table structure for table `paises_prefijos`
--

CREATE TABLE `paises_prefijos` (
  `id` bigint(20) unsigned NOT NULL AUTO_INCREMENT,
  `pais` varchar(191) COLLATE utf8mb4_unicode_ci NOT NULL,
  `prefijo` varchar(191) COLLATE utf8mb4_unicode_ci NOT NULL,
  `value` int(11) NOT NULL DEFAULT '1',
  `text` varchar(191) COLLATE utf8mb4_unicode_ci NOT NULL,
  `created_at` timestamp NULL DEFAULT NULL,
  `updated_at` timestamp NULL DEFAULT NULL,
  `deleted_at` timestamp NULL DEFAULT NULL,
  PRIMARY KEY (`id`)
) ENGINE=InnoDB AUTO_INCREMENT=195 DEFAULT CHARSET=utf8mb4 COLLATE=utf8mb4_unicode_ci;

--
-- Dumping data for table `paises_prefijos`
--

INSERT INTO `paises_prefijos` VALUES (1,'Afganistán','93',1,'Afganistán 93',NULL,NULL,NULL),(2,'Albania','355',2,'Albania 355',NULL,NULL,NULL),(3,'Alemania','49',3,'Alemania 49',NULL,NULL,NULL),(4,'Andorra','376',4,'Andorra 376',NULL,NULL,NULL),(5,'Angola','244',5,'Angola 244',NULL,NULL,NULL),(6,'Antigua y Barbuda','1-268',6,'Antigua y Barbuda 1-268',NULL,NULL,NULL),(7,'Arabia Saudita','966',7,'Arabia Saudita 966',NULL,NULL,NULL),(8,'Argelia','213',8,'Argelia 213',NULL,NULL,NULL),(9,'Argentina','549',9,'Argentina 549',NULL,NULL,NULL),(10,'Armenia','374',10,'Armenia 374',NULL,NULL,NULL),(11,'Australia','61',11,'Australia 61',NULL,NULL,NULL),(12,'Austria','43',12,'Austria 43',NULL,NULL,NULL),(13,'Azerbaiyán','994',13,'Azerbaiyán 994',NULL,NULL,NULL),(14,'Bahamas','1-242',14,'Bahamas 1-242',NULL,NULL,NULL),(15,'Bangladés','880',15,'Bangladés 880',NULL,NULL,NULL),(16,'Barbados','1-246',16,'Barbados 1-246',NULL,NULL,NULL),(17,'Baréin','973',17,'Baréin 973',NULL,NULL,NULL),(18,'Bélgica','32',18,'Bélgica 32',NULL,NULL,NULL),(19,'Belice','501',19,'Belice 501',NULL,NULL,NULL),(20,'Benín','229',20,'Benín 229',NULL,NULL,NULL),(21,'Bielorrusia','375',21,'Bielorrusia 375',NULL,NULL,NULL),(22,'Birmania','95',22,'Birmania 95',NULL,NULL,NULL),(23,'Bolivia','591',23,'Bolivia 591',NULL,NULL,NULL),(24,'Bosnia y Herzegovina','387',24,'Bosnia y Herzegovina 387',NULL,NULL,NULL),(25,'Botsuana','267',25,'Botsuana 267',NULL,NULL,NULL),(26,'Brasil','55',26,'Brasil 55',NULL,NULL,NULL),(27,'Brunéi','673',27,'Brunéi 673',NULL,NULL,NULL),(28,'Bulgaria','359',28,'Bulgaria 359',NULL,NULL,NULL),(29,'Burkina Faso','226',29,'Burkina Faso 226',NULL,NULL,NULL),(30,'Burundi','257',30,'Burundi 257',NULL,NULL,NULL),(31,'Bután','975',31,'Bután 975',NULL,NULL,NULL),(32,'Cabo Verde','238',32,'Cabo Verde 238',NULL,NULL,NULL),(33,'Camboya','855',33,'Camboya 855',NULL,NULL,NULL),(34,'Camerún','237',34,'Camerún 237',NULL,NULL,NULL),(35,'Canadá','1',35,'Canadá 1',NULL,NULL,NULL),(36,'Catar','974',36,'Catar 974',NULL,NULL,NULL),(37,'Chad','235',37,'Chad 235',NULL,NULL,NULL),(38,'Chile','56',38,'Chile 56',NULL,NULL,NULL),(39,'China','86',39,'China 86',NULL,NULL,NULL),(40,'Chipre','357',40,'Chipre 357',NULL,NULL,NULL),(41,'Colombia','57',41,'Colombia 57',NULL,NULL,NULL),(42,'Comoras','269',42,'Comoras 269',NULL,NULL,NULL),(43,'Corea del Norte','850',43,'Corea del Norte 850',NULL,NULL,NULL),(44,'Corea del Sur','82',44,'Corea del Sur 82',NULL,NULL,NULL),(45,'Costa de Marfil','225',45,'Costa de Marfil 225',NULL,NULL,NULL),(46,'Costa Rica','506',46,'Costa Rica 506',NULL,NULL,NULL),(47,'Croacia','385',47,'Croacia 385',NULL,NULL,NULL),(48,'Cuba','53',48,'Cuba 53',NULL,NULL,NULL),(49,'Dinamarca','45',49,'Dinamarca 45',NULL,NULL,NULL),(50,'Dominica','1-767',50,'Dominica 1-767',NULL,NULL,NULL),(51,'Ecuador','593',51,'Ecuador 593',NULL,NULL,NULL),(52,'Egipto','20',52,'Egipto 20',NULL,NULL,NULL),(53,'El Salvador','503',53,'El Salvador 503',NULL,NULL,NULL),(54,'Emiratos Árabes Unidos','971',54,'Emiratos Árabes Unidos 971',NULL,NULL,NULL),(55,'Eritrea','291',55,'Eritrea 291',NULL,NULL,NULL),(56,'Eslovaquia','421',56,'Eslovaquia 421',NULL,NULL,NULL),(57,'Eslovenia','386',57,'Eslovenia 386',NULL,NULL,NULL),(58,'España','34',58,'España 34',NULL,NULL,NULL),(59,'Estados Unidos','1',59,'Estados Unidos 1',NULL,NULL,NULL),(60,'Estonia','372',60,'Estonia 372',NULL,NULL,NULL),(61,'Etiopía','251',61,'Etiopía 251',NULL,NULL,NULL),(62,'Filipinas','63',62,'Filipinas 63',NULL,NULL,NULL),(63,'Finlandia','358',63,'Finlandia 358',NULL,NULL,NULL),(64,'Fiyi','679',64,'Fiyi 679',NULL,NULL,NULL),(65,'Francia','33',65,'Francia 33',NULL,NULL,NULL),(66,'Gabón','241',66,'Gabón 241',NULL,NULL,NULL),(67,'Gambia','220',67,'Gambia 220',NULL,NULL,NULL),(68,'Georgia','995',68,'Georgia 995',NULL,NULL,NULL),(69,'Ghana','233',69,'Ghana 233',NULL,NULL,NULL),(70,'Granada','1-473',70,'Granada 1-473',NULL,NULL,NULL),(71,'Grecia','30',71,'Grecia 30',NULL,NULL,NULL);
INSERT INTO `paises_prefijos` VALUES (72,'Guatemala','502',72,'Guatemala 502',NULL,NULL,NULL),(73,'Guinea','224',73,'Guinea 224',NULL,NULL,NULL),(74,'Guinea Ecuatorial','240',74,'Guinea Ecuatorial 240',NULL,NULL,NULL),(75,'Guinea-Bisáu','245',75,'Guinea-Bisáu 245',NULL,NULL,NULL),(76,'Guyana','592',76,'Guyana 592',NULL,NULL,NULL),(77,'Haití','509',77,'Haití 509',NULL,NULL,NULL),(78,'Honduras','504',78,'Honduras 504',NULL,NULL,NULL),(79,'Hungría','36',79,'Hungría 36',NULL,NULL,NULL),(80,'India','91',80,'India 91',NULL,NULL,NULL),(81,'Indonesia','62',81,'Indonesia 62',NULL,NULL,NULL),(82,'Irak','964',82,'Irak 964',NULL,NULL,NULL),(83,'Irán','98',83,'Irán 98',NULL,NULL,NULL),(84,'Irlanda','353',84,'Irlanda 353',NULL,NULL,NULL),(85,'Islandia','354',85,'Islandia 354',NULL,NULL,NULL),(86,'Islas Marshall','692',86,'Islas Marshall 692',NULL,NULL,NULL),(87,'Islas Salomón','677',87,'Islas Salomón 677',NULL,NULL,NULL),(88,'Israel','972',88,'Israel 972',NULL,NULL,NULL),(89,'Italia','39',89,'Italia 39',NULL,NULL,NULL),(90,'Jamaica','1-876',90,'Jamaica 1-876',NULL,NULL,NULL),(91,'Japón','81',91,'Japón 81',NULL,NULL,NULL),(92,'Jordania','962',92,'Jordania 962',NULL,NULL,NULL),(93,'Kazajistán','7',93,'Kazajistán 7',NULL,NULL,NULL),(94,'Kenia','254',94,'Kenia 254',NULL,NULL,NULL),(95,'Kirguistán','996',95,'Kirguistán 996',NULL,NULL,NULL),(96,'Kiribati','686',96,'Kiribati 686',NULL,NULL,NULL),(97,'Kuwait','965',97,'Kuwait 965',NULL,NULL,NULL),(98,'Laos','856',98,'Laos 856',NULL,NULL,NULL),(99,'Lesoto','266',99,'Lesoto 266',NULL,NULL,NULL),(100,'Letonia','371',100,'Letonia 371',NULL,NULL,NULL),(101,'Líbano','961',101,'Líbano 961',NULL,NULL,NULL),(102,'Liberia','231',102,'Liberia 231',NULL,NULL,NULL),(103,'Libia','218',103,'Libia 218',NULL,NULL,NULL),(104,'Liechtenstein','423',104,'Liechtenstein 423',NULL,NULL,NULL),(105,'Lituania','370',105,'Lituania 370',NULL,NULL,NULL),(106,'Luxemburgo','352',106,'Luxemburgo 352',NULL,NULL,NULL),(107,'Macedonia del Norte','389',107,'Macedonia del Norte 389',NULL,NULL,NULL),(108,'Madagascar','261',108,'Madagascar 261',NULL,NULL,NULL),(109,'Malasia','60',109,'Malasia 60',NULL,NULL,NULL),(110,'Malaui','265',110,'Malaui 265',NULL,NULL,NULL),(111,'Maldivas','960',111,'Maldivas 960',NULL,NULL,NULL),(112,'Malí','223',112,'Malí 223',NULL,NULL,NULL),(113,'Malta','356',113,'Malta 356',NULL,NULL,NULL),(114,'Marruecos','212',114,'Marruecos 212',NULL,NULL,NULL),(115,'Mauricio','230',115,'Mauricio 230',NULL,NULL,NULL),(116,'Mauritania','222',116,'Mauritania 222',NULL,NULL,NULL),(117,'México','52',117,'México 52',NULL,NULL,NULL),(118,'Micronesia','691',118,'Micronesia 691',NULL,NULL,NULL),(119,'Moldavia','373',119,'Moldavia 373',NULL,NULL,NULL),(120,'Mónaco','377',120,'Mónaco 377',NULL,NULL,NULL),(121,'Mongolia','976',121,'Mongolia 976',NULL,NULL,NULL),(122,'Montenegro','382',122,'Montenegro 382',NULL,NULL,NULL),(123,'Mozambique','258',123,'Mozambique 258',NULL,NULL,NULL),(124,'Namibia','264',124,'Namibia 264',NULL,NULL,NULL),(125,'Nauru','674',125,'Nauru 674',NULL,NULL,NULL),(126,'Nepal','977',126,'Nepal 977',NULL,NULL,NULL),(127,'Nicaragua','505',127,'Nicaragua 505',NULL,NULL,NULL),(128,'Níger','227',128,'Níger 227',NULL,NULL,NULL),(129,'Nigeria','234',129,'Nigeria 234',NULL,NULL,NULL),(130,'Noruega','47',130,'Noruega 47',NULL,NULL,NULL),(131,'Nueva Zelanda','64',131,'Nueva Zelanda 64',NULL,NULL,NULL),(132,'Omán','968',132,'Omán 968',NULL,NULL,NULL),(133,'Países Bajos','31',133,'Países Bajos 31',NULL,NULL,NULL),(134,'Pakistán','92',134,'Pakistán 92',NULL,NULL,NULL),(135,'Palaos','680',135,'Palaos 680',NULL,NULL,NULL),(136,'Panamá','507',136,'Panamá 507',NULL,NULL,NULL),(137,'Papúa Nueva Guinea','675',137,'Papúa Nueva Guinea 675',NULL,NULL,NULL),(138,'Paraguay','595',138,'Paraguay 595',NULL,NULL,NULL),(139,'Perú','51',139,'Perú 51',NULL,NULL,NULL),(140,'Polonia','48',140,'Polonia 48',NULL,NULL,NULL),(141,'Portugal','351',141,'Portugal 351',NULL,NULL,NULL);
INSERT INTO `paises_prefijos` VALUES (142,'Reino Unido','44',142,'Reino Unido 44',NULL,NULL,NULL),(143,'República Centroafricana','236',143,'República Centroafricana 236',NULL,NULL,NULL),(144,'República Checa','420',144,'República Checa 420',NULL,NULL,NULL),(145,'República del Congo','242',145,'República del Congo 242',NULL,NULL,NULL),(146,'República Democrática del Congo','243',146,'República Democrática del Congo 243',NULL,NULL,NULL),(147,'República Dominicana','1-809',147,'República Dominicana 1-809',NULL,NULL,NULL),(148,'Ruanda','250',148,'Ruanda 250',NULL,NULL,NULL),(149,'Rumania','40',149,'Rumania 40',NULL,NULL,NULL),(150,'Rusia','7',150,'Rusia 7',NULL,NULL,NULL),(151,'Samoa','685',151,'Samoa 685',NULL,NULL,NULL),(152,'San Cristóbal y Nieves','1-869',152,'San Cristóbal y Nieves 1-869',NULL,NULL,NULL),(153,'San Marino','378',153,'San Marino 378',NULL,NULL,NULL),(154,'San Vicente y las Granadinas','1-784',154,'San Vicente y las Granadinas 1-784',NULL,NULL,NULL),(155,'Santa Lucía','1-758',155,'Santa Lucía 1-758',NULL,NULL,NULL),(156,'Santo Tomé y Príncipe','239',156,'Santo Tomé y Príncipe 239',NULL,NULL,NULL),(157,'Senegal','221',157,'Senegal 221',NULL,NULL,NULL),(158,'Serbia','381',158,'Serbia 381',NULL,NULL,NULL),(159,'Seychelles','248',159,'Seychelles 248',NULL,NULL,NULL),(160,'Sierra Leona','232',160,'Sierra Leona 232',NULL,NULL,NULL),(161,'Singapur','65',161,'Singapur 65',NULL,NULL,NULL),(162,'Siria','963',162,'Siria 963',NULL,NULL,NULL),(163,'Somalia','252',163,'Somalia 252',NULL,NULL,NULL),(164,'Sri Lanka','94',164,'Sri Lanka 94',NULL,NULL,NULL),(165,'Sudáfrica','27',165,'Sudáfrica 27',NULL,NULL,NULL),(166,'Sudán','249',166,'Sudán 249',NULL,NULL,NULL),(167,'Sudán del Sur','211',167,'Sudán del Sur 211',NULL,NULL,NULL),(168,'Suecia','46',168,'Suecia 46',NULL,NULL,NULL),(169,'Suiza','41',169,'Suiza 41',NULL,NULL,NULL),(170,'Surinam','597',170,'Surinam 597',NULL,NULL,NULL),(171,'Tailandia','66',171,'Tailandia 66',NULL,NULL,NULL),(172,'Taiwán','886',172,'Taiwán 886',NULL,NULL,NULL),(173,'Tanzania','255',173,'Tanzania 255',NULL,NULL,NULL),(174,'Tayikistán','992',174,'Tayikistán 992',NULL,NULL,NULL),(175,'Timor Oriental','670',175,'Timor Oriental 670',NULL,NULL,NULL),(176,'Togo','228',176,'Togo 228',NULL,NULL,NULL),(177,'Tonga','676',177,'Tonga 676',NULL,NULL,NULL),(178,'Trinidad y Tobago','1-868',178,'Trinidad y Tobago 1-868',NULL,NULL,NULL),(179,'Túnez','216',179,'Túnez 216',NULL,NULL,NULL),(180,'Turkmenistán','993',180,'Turkmenistán 993',NULL,NULL,NULL),(181,'Turquía','90',181,'Turquía 90',NULL,NULL,NULL),(182,'Tuvalu','688',182,'Tuvalu 688',NULL,NULL,NULL),(183,'Ucrania','380',183,'Ucrania 380',NULL,NULL,NULL),(184,'Uganda','256',184,'Uganda 256',NULL,NULL,NULL),(185,'Uruguay','598',185,'Uruguay 598',NULL,NULL,NULL),(186,'Uzbekistán','998',186,'Uzbekistán 998',NULL,NULL,NULL),(187,'Vanuatu','678',187,'Vanuatu 678',NULL,NULL,NULL),(188,'Vaticano','379',188,'Vaticano 379',NULL,NULL,NULL),(189,'Venezuela','58',189,'Venezuela 58',NULL,NULL,NULL),(190,'Vietnam','84',190,'Vietnam 84',NULL,NULL,NULL),(191,'Yemen','967',191,'Yemen 967',NULL,NULL,NULL),(192,'Yibuti','253',192,'Yibuti 253',NULL,NULL,NULL),(193,'Zambia','260',193,'Zambia 260',NULL,NULL,NULL),(194,'Zimbabue','263',194,'Zimbabue 263',NULL,NULL,NULL);

--
-- Table structure for table `panel_liquidaciones`
--

CREATE TABLE `panel_liquidaciones` (
  `id` bigint(20) unsigned NOT NULL AUTO_INCREMENT,
  `user_id` int(10) unsigned DEFAULT NULL,
  `cta_cte_tesoreria_cuenta_id` int(10) unsigned NOT NULL,
  `period_id` int(10) unsigned NOT NULL,
  `panel_tipo_liq_id` bigint(20) unsigned NOT NULL,
  `total` decimal(16,2) NOT NULL,
  `comentario` text COLLATE utf8mb4_unicode_ci,
  `created_at` timestamp NULL DEFAULT NULL,
  `updated_at` timestamp NULL DEFAULT NULL,
  `deleted_at` timestamp NULL DEFAULT NULL,
  PRIMARY KEY (`id`),
  KEY `panel_liquidaciones_period_id_foreign` (`period_id`),
  KEY `panel_liquidaciones_panel_tipo_liq_id_foreign` (`panel_tipo_liq_id`),
  KEY `panel_liquidaciones_cta_cte_tesoreria_cuenta_id_foreign` (`cta_cte_tesoreria_cuenta_id`),
  CONSTRAINT `panel_liquidaciones_cta_cte_tesoreria_cuenta_id_foreign` FOREIGN KEY (`cta_cte_tesoreria_cuenta_id`) REFERENCES `cta_cte_tesoreria_cuentas` (`id`),
  CONSTRAINT `panel_liquidaciones_panel_tipo_liq_id_foreign` FOREIGN KEY (`panel_tipo_liq_id`) REFERENCES `panel_tipo_liquidaciones` (`id`),
  CONSTRAINT `panel_liquidaciones_period_id_foreign` FOREIGN KEY (`period_id`) REFERENCES `periods` (`id`)
) ENGINE=InnoDB DEFAULT CHARSET=utf8mb4 COLLATE=utf8mb4_unicode_ci;

--
-- Dumping data for table `panel_liquidaciones`
--


--
-- Table structure for table `panel_tipo_liquidaciones`
--

CREATE TABLE `panel_tipo_liquidaciones` (
  `id` bigint(20) unsigned NOT NULL AUTO_INCREMENT,
  `user_id` int(10) unsigned DEFAULT NULL,
  `descripcion` varchar(191) COLLATE utf8mb4_unicode_ci NOT NULL,
  `habilitado` tinyint(1) NOT NULL DEFAULT '1',
  `created_at` timestamp NULL DEFAULT NULL,
  `updated_at` timestamp NULL DEFAULT NULL,
  `deleted_at` timestamp NULL DEFAULT NULL,
  PRIMARY KEY (`id`)
) ENGINE=InnoDB AUTO_INCREMENT=4 DEFAULT CHARSET=utf8mb4 COLLATE=utf8mb4_unicode_ci;

--
-- Dumping data for table `panel_tipo_liquidaciones`
--

INSERT INTO `panel_tipo_liquidaciones` VALUES (1,NULL,'Mensual',1,NULL,NULL,NULL),(2,NULL,'Q1',1,NULL,NULL,NULL),(3,NULL,'Q2',1,NULL,NULL,NULL);

--
-- Table structure for table `panel_users`
--

CREATE TABLE `panel_users` (
  `id` bigint(20) unsigned NOT NULL AUTO_INCREMENT,
  `user_id` int(10) unsigned DEFAULT NULL,
  `person_id` int(10) unsigned NOT NULL,
  `cobrador_id` bigint(20) unsigned NOT NULL,
  `user` varchar(255) COLLATE utf8mb4_unicode_ci NOT NULL,
  `habilitado` tinyint(1) NOT NULL DEFAULT '1',
  `created_at` timestamp NULL DEFAULT NULL,
  `updated_at` timestamp NULL DEFAULT NULL,
  `deleted_at` timestamp NULL DEFAULT NULL,
  PRIMARY KEY (`id`),
  UNIQUE KEY `panel_users_user_unique` (`user`),
  UNIQUE KEY `user_person_unique` (`user`,`person_id`),
  KEY `panel_users_person_id_foreign` (`person_id`),
  KEY `panel_users_cobrador_id_foreign` (`cobrador_id`),
  CONSTRAINT `panel_users_cobrador_id_foreign` FOREIGN KEY (`cobrador_id`) REFERENCES `cobradores` (`id`),
  CONSTRAINT `panel_users_person_id_foreign` FOREIGN KEY (`person_id`) REFERENCES `persons` (`id`)
) ENGINE=InnoDB DEFAULT CHARSET=utf8mb4 COLLATE=utf8mb4_unicode_ci;

--
-- Dumping data for table `panel_users`
--


--
-- Table structure for table `panel_users_emails`
--

CREATE TABLE `panel_users_emails` (
  `id` bigint(20) unsigned NOT NULL AUTO_INCREMENT,
  `user_id` int(10) unsigned DEFAULT NULL,
  `panel_user_id` bigint(20) unsigned NOT NULL,
  `email` text COLLATE utf8mb4_unicode_ci,
  `created_at` timestamp NULL DEFAULT NULL,
  `updated_at` timestamp NULL DEFAULT NULL,
  `deleted_at` timestamp NULL DEFAULT NULL,
  PRIMARY KEY (`id`),
  KEY `panel_users_emails_panel_user_id_foreign` (`panel_user_id`),
  CONSTRAINT `panel_users_emails_panel_user_id_foreign` FOREIGN KEY (`panel_user_id`) REFERENCES `panel_users` (`id`)
) ENGINE=InnoDB DEFAULT CHARSET=utf8mb4 COLLATE=utf8mb4_unicode_ci;

--
-- Dumping data for table `panel_users_emails`
--


--
-- Table structure for table `panel_users_movimientos`
--

CREATE TABLE `panel_users_movimientos` (
  `id` bigint(20) unsigned NOT NULL AUTO_INCREMENT,
  `user_id` int(10) unsigned DEFAULT NULL,
  `cobrador_id` bigint(20) unsigned NOT NULL,
  `panel_user_id` bigint(20) unsigned NOT NULL,
  `cta_cte_tesoreria_cuenta_id` int(10) unsigned DEFAULT NULL,
  `credit_debit` int(10) unsigned NOT NULL,
  `importe` decimal(16,2) NOT NULL DEFAULT '0.00',
  `document` text COLLATE utf8mb4_unicode_ci,
  `operacion_id` text COLLATE utf8mb4_unicode_ci,
  `is_recarga` tinyint(1) NOT NULL DEFAULT '0',
  `path_file` varchar(255) COLLATE utf8mb4_unicode_ci DEFAULT NULL,
  `fecha` datetime DEFAULT NULL,
  `created_at` timestamp NULL DEFAULT NULL,
  `updated_at` timestamp NULL DEFAULT NULL,
  `deleted_at` timestamp NULL DEFAULT NULL,
  PRIMARY KEY (`id`),
  KEY `panel_users_movimientos_panel_user_id_foreign` (`panel_user_id`),
  KEY `panel_users_movimientos_cta_cte_tesoreria_cuenta_id_foreign` (`cta_cte_tesoreria_cuenta_id`),
  KEY `panel_users_movimientos_cobrador_id_foreign` (`cobrador_id`),
  CONSTRAINT `panel_users_movimientos_cobrador_id_foreign` FOREIGN KEY (`cobrador_id`) REFERENCES `cobradores` (`id`),
  CONSTRAINT `panel_users_movimientos_cta_cte_tesoreria_cuenta_id_foreign` FOREIGN KEY (`cta_cte_tesoreria_cuenta_id`) REFERENCES `cta_cte_tesoreria_cuentas` (`id`),
  CONSTRAINT `panel_users_movimientos_panel_user_id_foreign` FOREIGN KEY (`panel_user_id`) REFERENCES `panel_users` (`id`)
) ENGINE=InnoDB DEFAULT CHARSET=utf8mb4 COLLATE=utf8mb4_unicode_ci;

--
-- Dumping data for table `panel_users_movimientos`
--


--
-- Table structure for table `panel_users_telefonos`
--

CREATE TABLE `panel_users_telefonos` (
  `id` bigint(20) unsigned NOT NULL AUTO_INCREMENT,
  `user_id` int(10) unsigned DEFAULT NULL,
  `panel_user_id` bigint(20) unsigned NOT NULL,
  `telefono` text COLLATE utf8mb4_unicode_ci,
  `created_at` timestamp NULL DEFAULT NULL,
  `updated_at` timestamp NULL DEFAULT NULL,
  `deleted_at` timestamp NULL DEFAULT NULL,
  PRIMARY KEY (`id`),
  KEY `panel_users_telefonos_panel_user_id_foreign` (`panel_user_id`),
  CONSTRAINT `panel_users_telefonos_panel_user_id_foreign` FOREIGN KEY (`panel_user_id`) REFERENCES `panel_users` (`id`)
) ENGINE=InnoDB DEFAULT CHARSET=utf8mb4 COLLATE=utf8mb4_unicode_ci;

--
-- Dumping data for table `panel_users_telefonos`
--


--
-- Table structure for table `panel_users_transfer`
--

CREATE TABLE `panel_users_transfer` (
  `id` bigint(20) unsigned NOT NULL AUTO_INCREMENT,
  `user_id` int(10) unsigned DEFAULT NULL,
  `panel_user_id` bigint(20) unsigned NOT NULL,
  `panel_user_movimiento_id` bigint(20) unsigned NOT NULL,
  `cta_cte_tesoreria_cuenta_id` int(10) unsigned DEFAULT NULL,
  `credit_debit` int(10) unsigned NOT NULL,
  `document` text COLLATE utf8mb4_unicode_ci,
  `operacion_id` text COLLATE utf8mb4_unicode_ci,
  `cbu_alias` text COLLATE utf8mb4_unicode_ci,
  `nombre_apellido` text COLLATE utf8mb4_unicode_ci,
  `fecha` datetime DEFAULT NULL,
  `fecha_to_transfer` date DEFAULT NULL,
  `importe` decimal(16,2) NOT NULL DEFAULT '0.00',
  `is_realizada` tinyint(1) NOT NULL DEFAULT '0',
  `comentario` longtext COLLATE utf8mb4_unicode_ci,
  `created_at` timestamp NULL DEFAULT NULL,
  `updated_at` timestamp NULL DEFAULT NULL,
  `deleted_at` timestamp NULL DEFAULT NULL,
  PRIMARY KEY (`id`),
  KEY `panel_users_transfer_panel_user_id_foreign` (`panel_user_id`),
  KEY `panel_users_transfer_panel_user_movimiento_id_foreign` (`panel_user_movimiento_id`),
  KEY `panel_users_transfer_cta_cte_tesoreria_cuenta_id_foreign` (`cta_cte_tesoreria_cuenta_id`),
  CONSTRAINT `panel_users_transfer_cta_cte_tesoreria_cuenta_id_foreign` FOREIGN KEY (`cta_cte_tesoreria_cuenta_id`) REFERENCES `cta_cte_tesoreria_cuentas` (`id`),
  CONSTRAINT `panel_users_transfer_panel_user_id_foreign` FOREIGN KEY (`panel_user_id`) REFERENCES `panel_users` (`id`),
  CONSTRAINT `panel_users_transfer_panel_user_movimiento_id_foreign` FOREIGN KEY (`panel_user_movimiento_id`) REFERENCES `panel_users_movimientos` (`id`)
) ENGINE=InnoDB DEFAULT CHARSET=utf8mb4 COLLATE=utf8mb4_unicode_ci;

--
-- Dumping data for table `panel_users_transfer`
--


--
-- Table structure for table `password_resets`
--

CREATE TABLE `password_resets` (
  `email` varchar(180) COLLATE utf8mb4_unicode_ci NOT NULL,
  `token` varchar(180) COLLATE utf8mb4_unicode_ci NOT NULL,
  `created_at` timestamp NULL DEFAULT NULL,
  UNIQUE KEY `password_resets_email_token_unique` (`email`,`token`),
  KEY `password_resets_email_index` (`email`)
) ENGINE=InnoDB DEFAULT CHARSET=utf8mb4 COLLATE=utf8mb4_unicode_ci;

--
-- Dumping data for table `password_resets`
--


--
-- Table structure for table `path_of_file`
--

CREATE TABLE `path_of_file` (
  `id` int(10) unsigned NOT NULL AUTO_INCREMENT,
  `user_id` int(10) unsigned DEFAULT NULL,
  `person_id` int(10) unsigned DEFAULT NULL,
  `person_id_relationed` int(10) unsigned DEFAULT NULL,
  `path_of_file_name_id` int(10) unsigned DEFAULT NULL,
  `path` longtext COLLATE utf8mb4_unicode_ci,
  `storage` varchar(191) COLLATE utf8mb4_unicode_ci DEFAULT NULL,
  `comentario` varchar(191) COLLATE utf8mb4_unicode_ci DEFAULT NULL,
  `descripcion` varchar(191) COLLATE utf8mb4_unicode_ci DEFAULT NULL,
  `created_at` timestamp NULL DEFAULT NULL,
  `updated_at` timestamp NULL DEFAULT NULL,
  `deleted_at` timestamp NULL DEFAULT NULL,
  PRIMARY KEY (`id`),
  KEY `path_of_file_person_id_foreign` (`person_id`),
  KEY `path_of_file_person_id_relationed_foreign` (`person_id_relationed`),
  KEY `path_of_file_path_of_file_name_id_foreign` (`path_of_file_name_id`),
  CONSTRAINT `path_of_file_path_of_file_name_id_foreign` FOREIGN KEY (`path_of_file_name_id`) REFERENCES `path_of_file_names` (`id`),
  CONSTRAINT `path_of_file_person_id_foreign` FOREIGN KEY (`person_id`) REFERENCES `persons` (`id`),
  CONSTRAINT `path_of_file_person_id_relationed_foreign` FOREIGN KEY (`person_id_relationed`) REFERENCES `persons` (`id`)
) ENGINE=InnoDB AUTO_INCREMENT=49 DEFAULT CHARSET=utf8mb4 COLLATE=utf8mb4_unicode_ci;

--
-- Dumping data for table `path_of_file`
--

INSERT INTO `path_of_file` VALUES (1,NULL,NULL,NULL,6,'<a href=\"https://taxes.com.ar/storage/puppeteer/27-33830768-9/Mis Comprobantes Emitidos - CUIT 27338307689.xlsx\">DESCARGAR</a>',NULL,NULL,'Fernandez Victoria Comprobantes Emitidos Mes Pasado','2023-03-11 10:37:07','2023-03-11 23:00:01','2023-03-11 23:00:01'),(2,NULL,NULL,NULL,6,'<a href=\"https://taxes.com.ar/storage/puppeteer/27-33830768-9/Mis Comprobantes Emitidos - CUIT 20209982014.xlsx\">DESCARGAR</a>',NULL,NULL,'GAITAN ARNALDO RUBEN Comprobantes Emitidos Mes Pasado','2023-03-22 10:06:19','2023-03-23 23:00:02','2023-03-23 23:00:02'),(3,NULL,NULL,NULL,6,'ERROR',NULL,NULL,'CENTRO DISTRIBUIDOR DE CARNES S.A.S. Comprobantes Emitidos Mes Pasado','2023-03-25 10:26:44','2023-04-25 23:00:01','2023-04-25 23:00:01'),(4,NULL,NULL,NULL,6,'ERROR',NULL,NULL,'CENTRO DISTRIBUIDOR DE CARNES S.A.S. Comprobantes Emitidos Mes Pasado','2023-03-25 10:31:04','2023-04-25 23:00:01','2023-04-25 23:00:01'),(5,NULL,NULL,NULL,6,'ERROR',NULL,NULL,'Fernandez Victoria Comprobantes Emitidos Mes Pasado','2023-04-03 12:30:11','2023-04-25 23:00:01','2023-04-25 23:00:01'),(6,NULL,NULL,NULL,6,'ERROR',NULL,NULL,'LUIS ALBERTO FERNANDEZ Comprobantes Emitidos Mes Pasado','2023-04-03 12:57:35','2023-04-25 23:00:01','2023-04-25 23:00:01'),(7,NULL,NULL,NULL,6,'ERROR',NULL,NULL,'CENTRO DISTRIBUIDOR DE CARNES S.A.S. Comprobantes Emitidos Mes Pasado','2023-04-18 15:25:06','2023-04-25 23:00:01','2023-04-25 23:00:01'),(8,NULL,NULL,NULL,6,'<a href=\"https://taxes.com.ar/storage/puppeteer/27-33830768-9/Mis Comprobantes Emitidos - CUIT 20209982014.xlsx\">DESCARGAR</a>',NULL,NULL,'GAITAN ARNALDO RUBEN Comprobantes Emitidos Este Mes','2023-04-25 10:04:35','2023-04-25 23:00:01','2023-04-25 23:00:01'),(9,NULL,NULL,NULL,6,'<a href=\"https://taxes.com.ar/storage/puppeteer/27-33830768-9/Mis Comprobantes Emitidos - CUIT 27394983824.xlsx\">DESCARGAR</a>',NULL,NULL,'MANZANARES JOSEFINA Comprobantes Emitidos Mes Pasado','2023-05-05 12:12:53','2023-05-05 23:00:01','2023-05-05 23:00:01'),(10,NULL,40721,NULL,1,'<a href=\"https://taxes.com.ar/storage/contabilidad/libro_iva_ventas_compras/Libro_IVA_GAITAN_ARNALDO_RUBEN_VENTAS_2023_0510.pdf\">DESCARGAR</a>',NULL,NULL,NULL,'2023-06-29 11:38:18','2023-06-29 11:42:30','2023-06-29 11:42:30'),(11,NULL,40721,NULL,1,'<a href=\"https://taxes.com.ar/storage/contabilidad/libro_iva_ventas_compras/Libro_IVA_GAITAN_ARNALDO_RUBEN_VENTAS_2023_0511.pdf\">DESCARGAR</a>',NULL,NULL,NULL,'2023-06-29 11:38:37','2023-06-29 11:42:30','2023-06-29 11:42:30'),(12,NULL,40721,NULL,1,'<a href=\"https://taxes.com.ar/storage/contabilidad/libro_iva_ventas_compras/Libro_IVA_GAITAN_ARNALDO_RUBEN_VENTAS_2023_0412.pdf\">DESCARGAR</a>',NULL,NULL,NULL,'2023-06-29 11:38:47','2023-06-29 11:42:30','2023-06-29 11:42:30'),(13,NULL,40721,NULL,1,'<a href=\"https://taxes.com.ar/storage/contabilidad/libro_iva_ventas_compras/Libro_IVA_GAITAN_ARNALDO_RUBEN_VENTAS_2023_0313.pdf\">DESCARGAR</a>',NULL,NULL,NULL,'2023-06-29 11:38:48','2023-06-29 11:42:30','2023-06-29 11:42:30'),(14,NULL,40721,NULL,1,'<a href=\"https://taxes.com.ar/storage/contabilidad/libro_iva_ventas_compras/Libro_IVA_GAITAN_ARNALDO_RUBEN_VENTAS_2023_0214.pdf\">DESCARGAR</a>',NULL,NULL,NULL,'2023-06-29 11:38:55','2023-06-29 11:42:30','2023-06-29 11:42:30'),(15,NULL,40721,NULL,1,'<a href=\"https://taxes.com.ar/storage/contabilidad/libro_iva_ventas_compras/Libro_IVA_GAITAN_ARNALDO_RUBEN_VENTAS_2023_0115.pdf\">DESCARGAR</a>',NULL,NULL,NULL,'2023-06-29 11:38:59','2023-06-29 11:42:30','2023-06-29 11:42:30'),(16,NULL,40721,NULL,1,'<a href=\"https://taxes.com.ar/storage/contabilidad/libro_iva_ventas_compras/Libro_IVA_GAITAN_ARNALDO_RUBEN_VENTAS_2023_0416.pdf\">DESCARGAR</a>',NULL,NULL,NULL,'2023-06-29 11:39:42','2023-06-29 11:42:30','2023-06-29 11:42:30'),(17,NULL,40721,NULL,1,'<a href=\"https://taxes.com.ar/storage/contabilidad/libro_iva_ventas_compras/Libro_IVA_GAITAN_ARNALDO_RUBEN_VENTAS_2023_0217.pdf\">DESCARGAR</a>',NULL,NULL,NULL,'2023-06-29 11:42:17','2023-06-29 11:42:30','2023-06-29 11:42:30');
INSERT INTO `path_of_file` VALUES (18,NULL,40721,NULL,1,'<a href=\"https://taxes.com.ar/storage/contabilidad/libro_iva_ventas_compras/Libro_IVA_GAITAN_ARNALDO_RUBEN_VENTAS_2023_0218.pdf\">DESCARGAR</a>',NULL,NULL,NULL,'2023-06-29 11:42:40','2023-07-16 16:46:55','2023-07-16 16:46:55'),(19,NULL,40721,NULL,1,'<a href=\"https://taxes.com.ar/storage/contabilidad/libro_iva_ventas_compras/Libro_IVA_GAITAN_ARNALDO_RUBEN_VENTAS_2023_0119.pdf\">DESCARGAR</a>',NULL,NULL,NULL,'2023-06-29 11:42:54','2023-07-16 16:46:55','2023-07-16 16:46:55'),(20,NULL,40721,NULL,1,'<a href=\"https://taxes.com.ar/storage/contabilidad/libro_iva_ventas_compras/Libro_IVA_GAITAN_ARNALDO_RUBEN_VENTAS_2022_1220.pdf\">DESCARGAR</a>',NULL,NULL,NULL,'2023-06-29 11:43:15','2023-07-16 16:46:55','2023-07-16 16:46:55'),(21,NULL,40721,NULL,1,'<a href=\"https://taxes.com.ar/storage/contabilidad/libro_iva_ventas_compras/Libro_IVA_GAITAN_ARNALDO_RUBEN_VENTAS_2023_0121.pdf\">DESCARGAR</a>',NULL,NULL,NULL,'2023-06-29 11:47:07','2023-07-16 16:46:55','2023-07-16 16:46:55'),(22,NULL,40721,NULL,1,'<a href=\"https://taxes.com.ar/storage/contabilidad/libro_iva_ventas_compras/Libro_IVA_GAITAN_ARNALDO_RUBEN_VENTAS_2022_1222.pdf\">DESCARGAR</a>',NULL,NULL,NULL,'2023-06-29 11:47:36','2023-07-16 16:46:55','2023-07-16 16:46:55'),(23,NULL,40721,NULL,1,'<a href=\"https://taxes.com.ar/storage/contabilidad/libro_iva_ventas_compras/Libro_IVA_GAITAN_ARNALDO_RUBEN_VENTAS_2022_1123.pdf\">DESCARGAR</a>',NULL,NULL,NULL,'2023-06-29 11:48:00','2023-07-16 16:46:55','2023-07-16 16:46:55'),(24,NULL,40721,NULL,1,'<a href=\"https://taxes.com.ar/storage/contabilidad/libro_iva_ventas_compras/Libro_IVA_GAITAN_ARNALDO_RUBEN_VENTAS_2022_1024.pdf\">DESCARGAR</a>',NULL,NULL,NULL,'2023-06-29 11:48:06','2023-07-16 16:46:55','2023-07-16 16:46:55'),(25,NULL,40721,NULL,1,'<a href=\"https://taxes.com.ar/storage/contabilidad/libro_iva_ventas_compras/Libro_IVA_GAITAN_ARNALDO_RUBEN_VENTAS_2022_0925.pdf\">DESCARGAR</a>',NULL,NULL,NULL,'2023-06-29 11:48:13','2023-07-16 16:46:55','2023-07-16 16:46:55'),(26,NULL,40721,NULL,1,'<a href=\"https://taxes.com.ar/storage/contabilidad/libro_iva_ventas_compras/Libro_IVA_GAITAN_ARNALDO_RUBEN_VENTAS_2022_0826.pdf\">DESCARGAR</a>',NULL,NULL,NULL,'2023-06-29 11:48:17','2023-07-16 16:46:55','2023-07-16 16:46:55'),(27,NULL,40721,NULL,1,'<a href=\"https://taxes.com.ar/storage/contabilidad/libro_iva_ventas_compras/Libro_IVA_GAITAN_ARNALDO_RUBEN_VENTAS_2022_0727.pdf\">DESCARGAR</a>',NULL,NULL,NULL,'2023-06-29 11:48:20','2023-07-16 16:46:55','2023-07-16 16:46:55'),(28,NULL,40721,NULL,1,'<a href=\"https://taxes.com.ar/storage/contabilidad/libro_iva_ventas_compras/Libro_IVA_GAITAN_ARNALDO_RUBEN_VENTAS_2022_0628.pdf\">DESCARGAR</a>',NULL,NULL,NULL,'2023-06-29 11:48:24','2023-07-16 16:46:55','2023-07-16 16:46:55'),(29,7922,40721,NULL,1,'<a href=\"https://taxes.com.ar/storage/contabilidad/libro_iva_ventas_compras/Libro_IVA_GAITAN_ARNALDO_RUBEN_VENTAS_2023_0629.pdf\">DESCARGAR</a>',NULL,NULL,NULL,'2023-07-11 12:15:11','2023-07-16 16:46:55','2023-07-16 16:46:55'),(30,7922,40721,NULL,1,'<a href=\"https://taxes.com.ar/storage/contabilidad/libro_iva_ventas_compras/Libro_IVA_GAITAN_ARNALDO_RUBEN_VENTAS_2023_0630.xlsx\">DESCARGAR</a>',NULL,NULL,NULL,'2023-07-11 12:18:07','2023-07-16 16:46:55','2023-07-16 16:46:55'),(31,7922,40721,NULL,1,'<a href=\"https://taxes.com.ar/storage/contabilidad/libro_iva_ventas_compras/Libro_IVA_GAITAN_ARNALDO_RUBEN_VENTAS_2023_0631.pdf\">DESCARGAR</a>',NULL,NULL,NULL,'2023-07-16 11:19:22','2023-07-16 16:46:55','2023-07-16 16:46:55'),(32,7922,40721,NULL,1,'<a href=\"https://taxes.com.ar/storage/contabilidad/libro_iva_ventas_compras/Libro_IVA_GAITAN_ARNALDO_RUBEN_COMPRAS_2023_0632.pdf\">DESCARGAR</a>',NULL,NULL,NULL,'2023-07-16 11:19:35','2023-07-16 16:46:55','2023-07-16 16:46:55'),(33,7922,40721,NULL,1,'<a href=\"https://taxes.com.ar/storage/contabilidad/libro_iva_ventas_compras/Libro_IVA_GAITAN_ARNALDO_RUBEN_VENTAS_2023_0633.xlsx\">DESCARGAR</a>',NULL,NULL,NULL,'2023-07-16 16:47:03','2023-07-16 16:47:03',NULL);
INSERT INTO `path_of_file` VALUES (34,7922,40721,NULL,1,'<a href=\"https://taxes.com.ar/storage/contabilidad/libro_iva_ventas_compras/Libro_IVA_GAITAN_ARNALDO_RUBEN_COMPRAS_2023_0634.xlsx\">DESCARGAR</a>',NULL,NULL,NULL,'2023-07-16 16:47:16','2023-07-16 16:47:16',NULL),(35,NULL,40721,NULL,1,'<a href=\"https://taxes.com.ar/storage/contabilidad/libro_iva_ventas_compras/Libro_IVA_GAITAN_ARNALDO_RUBEN_VENTAS_2023_0735.pdf\">DESCARGAR</a>',NULL,NULL,NULL,'2023-08-17 15:22:39','2023-08-17 15:22:41',NULL),(36,NULL,40721,NULL,1,'<a href=\"https://taxes.com.ar/storage/contabilidad/libro_iva_ventas_compras/Libro_IVA_GAITAN_ARNALDO_RUBEN_VENTAS_2023_0736.xlsx\">DESCARGAR</a>',NULL,NULL,NULL,'2023-08-26 19:05:26','2023-08-26 19:05:27',NULL),(37,NULL,40721,NULL,1,'<a href=\"https://taxes.com.ar/storage/contabilidad/libro_iva_ventas_compras/Libro_IVA_GAITAN_ARNALDO_RUBEN_VENTAS_2023_0737.pdf\">DESCARGAR</a>',NULL,NULL,NULL,'2023-08-26 19:05:49','2023-08-26 19:05:50',NULL),(38,NULL,40721,NULL,1,'<a href=\"https://taxes.com.ar/storage/contabilidad/libro_iva_ventas_compras/Libro_IVA_GAITAN_ARNALDO_RUBEN_COMPRAS_2023_0738.xlsx\">DESCARGAR</a>',NULL,NULL,NULL,'2023-08-26 19:07:14','2023-08-26 19:07:17',NULL),(39,NULL,40721,NULL,1,'<a href=\"https://taxes.com.ar/storage/contabilidad/libro_iva_ventas_compras/Libro_IVA_GAITAN_ARNALDO_RUBEN_COMPRAS_2023_0739.pdf\">DESCARGAR</a>',NULL,NULL,NULL,'2023-08-26 19:07:29','2023-08-26 19:07:30',NULL),(40,NULL,40721,NULL,1,'<a href=\"https://taxes.com.ar/storage/contabilidad/libro_iva_ventas_compras/Libro_IVA_GAITAN_ARNALDO_RUBEN_COMPRAS_2023_0740.pdf\">DESCARGAR</a>',NULL,NULL,NULL,'2023-08-26 19:38:02','2023-08-26 19:38:02',NULL),(41,NULL,40721,NULL,1,'<a href=\"https://taxes.com.ar/storage/contabilidad/libro_iva_ventas_compras/Libro_IVA_GAITAN_ARNALDO_RUBEN_VENTAS_20023_0941.pdf\">DESCARGAR</a>',NULL,NULL,NULL,'2023-10-11 10:41:12','2023-10-11 10:41:13',NULL),(42,NULL,40721,NULL,1,'<a href=\"https://taxes.com.ar/storage/contabilidad/libro_iva_ventas_compras/Libro_IVA_GAITAN_ARNALDO_RUBEN_VENTAS_2023_0942.pdf\">DESCARGAR</a>',NULL,NULL,NULL,'2023-10-11 10:41:26','2023-10-11 10:41:28',NULL),(43,NULL,40721,NULL,1,'<a href=\"https://taxes.com.ar/storage/contabilidad/libro_iva_ventas_compras/Libro_IVA_GAITAN_ARNALDO_RUBEN_COMPRAS_2023_0943.xlsx\">DESCARGAR</a>',NULL,NULL,NULL,'2023-10-11 10:41:37','2023-10-11 10:41:38',NULL),(44,NULL,40721,NULL,1,'<a href=\"https://taxes.com.ar/storage/contabilidad/libro_iva_ventas_compras/Libro_IVA_GAITAN_ARNALDO_RUBEN_COMPRAS_2023_0944.pdf\">DESCARGAR</a>',NULL,NULL,NULL,'2023-10-11 10:43:44','2023-10-11 10:43:46',NULL),(45,NULL,40721,NULL,1,'<a href=\"https://taxes.com.ar/storage/contabilidad/libro_iva_ventas_compras/Libro_IVA_GAITAN_ARNALDO_RUBEN_VENTAS_2023_1045.pdf\">DESCARGAR</a>',NULL,NULL,NULL,'2023-11-15 17:25:19','2023-11-15 17:25:21',NULL),(46,NULL,40721,NULL,1,'<a href=\"https://taxes.com.ar/storage/contabilidad/libro_iva_ventas_compras/Libro_IVA_GAITAN_ARNALDO_RUBEN_COMPRAS_2023_1046.pdf\">DESCARGAR</a>',NULL,NULL,NULL,'2023-11-15 17:25:31','2023-11-15 17:25:32',NULL),(47,7922,40721,NULL,18,'<a href=\"/storage/temporales/eliminacion_masiva/eliminacion_comprobantes_47.xlsx\">DESCARGAR</a>',NULL,'Proceso completado. Eliminados: 8, Saltados: 0','Eliminación de comprobantes tipo 1 del período 2024-12 al 2024-12','2025-10-07 14:49:25','2025-10-07 14:49:29',NULL),(48,7922,40721,NULL,18,'<a href=\"/storage/temporales/eliminacion_masiva/eliminacion_comprobantes_48.xlsx\">DESCARGAR</a>',NULL,'Proceso completado. Eliminados: 45, Saltados: 0','Eliminación de comprobantes tipo 2 del período 2024-01 al 2025-9','2025-10-07 14:51:20','2025-10-07 14:51:26',NULL);

--
-- Table structure for table `path_of_file_names`
--

CREATE TABLE `path_of_file_names` (
  `id` int(10) unsigned NOT NULL AUTO_INCREMENT,
  `user_id` int(10) unsigned DEFAULT NULL,
  `descripcion` text COLLATE utf8mb4_unicode_ci NOT NULL,
  `created_at` timestamp NULL DEFAULT NULL,
  `updated_at` timestamp NULL DEFAULT NULL,
  `deleted_at` timestamp NULL DEFAULT NULL,
  PRIMARY KEY (`id`)
) ENGINE=InnoDB AUTO_INCREMENT=19 DEFAULT CHARSET=utf8mb4 COLLATE=utf8mb4_unicode_ci;

--
-- Dumping data for table `path_of_file_names`
--

INSERT INTO `path_of_file_names` VALUES (1,NULL,'Libro IVA Compras - Ventas',NULL,NULL,NULL),(2,NULL,'Libro Diario',NULL,NULL,NULL),(3,NULL,'Mayores',NULL,NULL,NULL),(4,NULL,'Sumas y Saldos',NULL,NULL,NULL),(5,NULL,'Comprobantes Todas las Empresas','2022-10-05 16:13:30','2022-10-05 16:13:30',NULL),(6,NULL,'Bot Mis Comprobantes','2022-10-05 16:13:30','2022-10-05 16:13:30',NULL),(7,NULL,'SICOSS','2022-10-05 16:13:40','2022-10-05 16:13:40',NULL),(13,NULL,'Bot Generar Vep','2022-12-07 07:45:38','2022-12-07 07:45:38',NULL),(14,NULL,'TXT LSD','2023-04-15 13:05:00','2023-04-15 13:05:00',NULL),(15,NULL,'Movimientos Productos','2024-02-18 22:35:33','2024-02-18 22:35:33',NULL),(16,NULL,'Excel SF','2025-03-13 00:12:57','2025-03-13 00:12:57',NULL),(17,NULL,'Conceptos que Se Liquidan','2025-07-11 18:06:29','2025-07-11 18:06:29',NULL),(18,NULL,'Eliminación Masiva de Comprobantes','2025-08-25 09:51:32','2025-08-25 09:51:32',NULL);

--
-- Table structure for table `pay_methods`
--

CREATE TABLE `pay_methods` (
  `id` int(10) unsigned NOT NULL AUTO_INCREMENT,
  `description` varchar(180) COLLATE utf8mb4_unicode_ci NOT NULL,
  `created_at` timestamp NULL DEFAULT NULL,
  `updated_at` timestamp NULL DEFAULT NULL,
  PRIMARY KEY (`id`),
  UNIQUE KEY `pay_methods_description_unique` (`description`)
) ENGINE=InnoDB AUTO_INCREMENT=5 DEFAULT CHARSET=utf8mb4 COLLATE=utf8mb4_unicode_ci;

--
-- Dumping data for table `pay_methods`
--

INSERT INTO `pay_methods` VALUES (1,'INTERBANKING',NULL,NULL),(2,'VEP PAGOMISCUENTAS',NULL,NULL),(3,'VEP REDLINK',NULL,NULL),(4,'FORMULARIO',NULL,NULL);

--
-- Table structure for table `period_liquidation_details`
--

CREATE TABLE `period_liquidation_details` (
  `id` int(10) unsigned NOT NULL AUTO_INCREMENT,
  `user_id` int(10) unsigned DEFAULT NULL,
  `period_liquidation_id` int(10) unsigned NOT NULL,
  `period_id` int(10) unsigned NOT NULL,
  `person_id` int(10) unsigned NOT NULL,
  `zone_id` int(10) unsigned NOT NULL,
  `calculo_iibb` int(10) unsigned NOT NULL DEFAULT '1',
  `actividad_id` int(10) unsigned NOT NULL DEFAULT '1',
  `coef` decimal(16,4) NOT NULL DEFAULT '0.0000',
  `aliquot` decimal(16,4) NOT NULL DEFAULT '0.0000',
  `cm_articulo_regimen_id` int(10) unsigned NOT NULL DEFAULT '1',
  `base_amount` decimal(16,2) NOT NULL DEFAULT '0.00',
  `tax_amount` decimal(16,2) NOT NULL DEFAULT '0.00',
  `previous_period_balance` decimal(16,2) NOT NULL DEFAULT '0.00',
  `sircreb_amount` decimal(16,2) NOT NULL DEFAULT '0.00',
  `perception_amount` decimal(16,2) NOT NULL DEFAULT '0.00',
  `retention_amount` decimal(16,2) NOT NULL DEFAULT '0.00',
  `positive_amount` decimal(16,2) NOT NULL DEFAULT '0.00',
  `negative_amount` decimal(16,2) NOT NULL DEFAULT '0.00',
  `balance` int(11) NOT NULL DEFAULT '0',
  `created_at` timestamp NULL DEFAULT NULL,
  `updated_at` timestamp NULL DEFAULT NULL,
  `deleted_at` timestamp NULL DEFAULT NULL,
  PRIMARY KEY (`id`),
  KEY `period_liquidation_details_period_liquidation_id_foreign` (`period_liquidation_id`),
  KEY `period_liquidation_details_period_id_foreign` (`period_id`),
  KEY `period_liquidation_details_person_id_foreign` (`person_id`),
  KEY `period_liquidation_details_zone_id_foreign` (`zone_id`),
  KEY `period_liquidation_details_actividad_id_foreign` (`actividad_id`),
  KEY `period_liquidation_details_cm_articulo_regimen_id_foreign` (`cm_articulo_regimen_id`),
  CONSTRAINT `period_liquidation_details_actividad_id_foreign` FOREIGN KEY (`actividad_id`) REFERENCES `activities` (`id`),
  CONSTRAINT `period_liquidation_details_cm_articulo_regimen_id_foreign` FOREIGN KEY (`cm_articulo_regimen_id`) REFERENCES `cm_articulos_regimenes` (`id`),
  CONSTRAINT `period_liquidation_details_period_id_foreign` FOREIGN KEY (`period_id`) REFERENCES `periods` (`id`),
  CONSTRAINT `period_liquidation_details_period_liquidation_id_foreign` FOREIGN KEY (`period_liquidation_id`) REFERENCES `period_liquidations` (`id`),
  CONSTRAINT `period_liquidation_details_person_id_foreign` FOREIGN KEY (`person_id`) REFERENCES `persons` (`id`),
  CONSTRAINT `period_liquidation_details_zone_id_foreign` FOREIGN KEY (`zone_id`) REFERENCES `zones` (`id`)
) ENGINE=InnoDB AUTO_INCREMENT=2441 DEFAULT CHARSET=utf8mb4 COLLATE=utf8mb4_unicode_ci;

--
-- Dumping data for table `period_liquidation_details`
--

INSERT INTO `period_liquidation_details` VALUES (101,7922,84,3053,40721,1,1,441,0.0000,0.0000,1,4250089.28,0.00,0.00,0.00,0.00,0.00,0.00,0.00,0,'2023-03-23 09:56:07','2023-03-23 09:56:07',NULL),(102,7922,84,3053,40721,1,1,267,0.0000,0.0000,1,0.00,0.00,0.00,0.00,0.00,0.00,0.00,0.00,0,'2023-03-23 09:56:07','2023-03-23 09:56:07',NULL),(103,7922,84,3053,40721,1,1,813,0.0000,0.0000,1,0.00,0.00,0.00,0.00,0.00,0.00,0.00,0.00,0,'2023-03-23 09:56:07','2023-03-23 09:56:07',NULL),(107,7922,88,6062,40723,1,1,574,0.0000,0.0000,1,9.98,0.00,0.00,0.00,0.00,0.00,0.00,0.00,0,'2023-03-24 03:15:31','2023-03-24 03:15:31',NULL),(108,7922,88,6062,40723,1,1,577,0.0000,0.0000,1,0.00,0.00,0.00,0.00,0.00,0.00,0.00,0.00,0,'2023-03-24 03:15:31','2023-03-24 03:15:31',NULL),(109,7922,88,6062,40723,1,1,578,0.0000,0.0000,1,256.35,511624.06,0.00,0.00,0.00,0.00,0.00,0.00,0,'2023-03-24 03:15:31','2023-03-24 03:15:31',NULL),(116,7922,96,10720,40759,1,1,946,0.0000,0.0000,1,174618.18,5238.55,0.00,0.00,0.00,0.00,0.00,0.00,0,'2023-03-24 15:42:23','2023-03-24 15:42:23',NULL),(117,7922,96,10720,40759,1,1,845,0.0000,0.0000,1,43654.54,1309.64,0.00,0.00,0.00,0.00,0.00,0.00,0,'2023-03-24 15:42:23','2023-03-24 15:42:23',NULL),(124,7922,104,10721,40759,1,1,946,0.0000,0.0000,1,266574.01,7997.00,0.00,0.00,0.00,0.00,0.00,0.00,0,'2023-03-24 16:02:22','2023-03-24 16:02:22',NULL),(125,7922,104,10721,40759,1,1,845,0.0000,0.0000,1,66643.65,1999.31,0.00,0.00,0.00,0.00,0.00,0.00,0,'2023-03-24 16:02:22','2023-03-24 16:02:22',NULL),(138,7922,113,9151,40725,1,1,859,0.0000,0.0000,1,0.00,0.00,0.00,0.00,0.00,0.00,0.00,0.00,0,'2023-04-06 08:38:15','2023-04-06 08:38:15',NULL),(139,7922,113,9151,40725,1,1,789,0.0000,0.0000,1,82950.00,0.00,0.00,0.00,0.00,0.00,0.00,0.00,0,'2023-04-06 08:38:15','2023-04-06 08:38:15',NULL),(140,7922,115,9148,40725,1,1,859,0.0000,0.0000,1,0.00,0.00,0.00,0.00,0.00,0.00,0.00,0.00,0,'2023-04-06 08:51:39','2023-04-06 08:51:39',NULL),(141,7922,115,9148,40725,1,1,789,0.0000,0.0000,1,69120.00,0.00,0.00,0.00,0.00,0.00,0.00,0.00,0,'2023-04-06 08:51:39','2023-04-06 08:51:39',NULL),(142,7922,117,9149,40725,1,1,859,0.0000,0.0000,1,0.00,0.00,0.00,0.00,0.00,0.00,0.00,0.00,0,'2023-04-06 08:52:16','2023-04-06 08:52:16',NULL),(143,7922,117,9149,40725,1,1,789,0.0000,0.0000,1,69120.00,0.00,0.00,0.00,0.00,0.00,0.00,0.00,0,'2023-04-06 08:52:16','2023-04-06 08:52:16',NULL),(144,7922,119,9150,40725,1,1,859,0.0000,0.0000,1,0.00,0.00,0.00,0.00,0.00,0.00,0.00,0.00,0,'2023-04-06 08:52:54','2023-04-06 08:52:54',NULL),(145,7922,119,9150,40725,1,1,789,0.0000,0.0000,1,69120.00,0.00,0.00,0.00,0.00,0.00,0.00,0.00,0,'2023-04-06 08:52:54','2023-04-06 08:52:54',NULL),(164,7922,138,12295,40722,1,1,941,0.0000,0.0000,1,105640.00,0.00,0.00,0.00,0.00,0.00,0.00,0.00,0,'2023-04-06 09:56:39','2023-04-06 09:56:39',NULL),(166,7922,140,12296,40722,1,1,941,0.0000,0.0000,1,207920.00,0.00,0.00,0.00,0.00,0.00,0.00,0.00,0,'2023-04-07 08:21:49','2023-04-07 08:21:49',NULL),(167,7922,141,12297,40722,1,1,941,0.0000,0.0000,1,122010.00,0.00,0.00,0.00,0.00,0.00,0.00,0.00,0,'2023-04-07 08:22:14','2023-04-07 08:22:14',NULL),(169,7922,143,12299,40722,1,1,941,0.0000,0.0000,1,140900.00,0.00,0.00,0.00,0.00,0.00,0.00,0.00,0,'2023-04-07 08:22:55','2023-04-07 08:22:55',NULL),(170,7922,144,12300,40722,1,1,941,0.0000,0.0000,1,50230.00,0.00,0.00,0.00,0.00,0.00,0.00,0.00,0,'2023-04-07 08:23:16','2023-04-07 08:23:16',NULL),(171,7922,145,12301,40722,1,1,941,0.0000,0.0000,1,239670.00,0.00,0.00,0.00,0.00,0.00,0.00,0.00,0,'2023-04-07 08:23:58','2023-04-07 08:23:58',NULL),(172,7922,146,12302,40722,1,1,941,0.0000,0.0000,1,420780.00,0.00,0.00,0.00,0.00,0.00,0.00,0.00,0,'2023-04-07 08:24:27','2023-04-07 08:24:27',NULL),(173,7922,147,12303,40722,1,1,941,0.0000,0.0000,1,554830.00,0.00,0.00,0.00,0.00,0.00,0.00,0.00,0,'2023-04-07 08:24:49','2023-04-07 08:24:49',NULL),(174,7922,148,12307,40722,1,1,941,0.0000,0.0000,1,156600.00,0.00,0.00,0.00,0.00,0.00,0.00,0.00,0,'2023-04-07 08:25:12','2023-04-07 08:25:12',NULL);
INSERT INTO `period_liquidation_details` VALUES (175,7922,149,4549,40722,1,1,941,0.0000,0.0000,1,459600.00,0.00,0.00,0.00,0.00,0.00,0.00,0.00,0,'2023-04-07 08:25:34','2023-04-07 08:25:34',NULL),(176,7922,150,4550,40722,1,1,941,0.0000,0.0000,1,370100.00,0.00,0.00,0.00,0.00,0.00,0.00,0.00,0,'2023-04-07 08:25:57','2023-04-07 08:25:57',NULL),(177,7922,151,12298,40722,1,1,941,0.0000,0.0000,1,81890.00,0.00,0.00,0.00,0.00,0.00,0.00,0.00,0,'2023-04-07 08:27:24','2023-04-07 08:27:24',NULL),(212,7922,179,6063,40723,1,1,574,0.0000,0.0000,1,25811197.55,0.00,0.00,0.00,0.00,0.00,0.00,0.00,0,'2023-04-15 13:10:49','2023-04-15 13:10:49',NULL),(213,7922,179,6063,40723,1,1,577,0.0000,0.0000,1,0.00,0.00,0.00,0.00,0.00,0.00,0.00,0.00,0,'2023-04-15 13:10:49','2023-04-15 13:10:49',NULL),(214,7922,179,6063,40723,1,1,578,0.0000,0.0000,1,0.00,0.00,0.00,0.00,0.00,0.00,0.00,0.00,0,'2023-04-15 13:10:49','2023-04-15 13:10:49',NULL),(217,7922,183,10722,40759,1,1,946,0.0000,0.0000,1,209024.80,6270.74,0.00,0.00,0.00,0.00,0.00,0.00,0,'2023-04-17 23:01:42','2023-04-17 23:01:42',NULL),(218,7922,183,10722,40759,1,1,845,0.0000,0.0000,1,52256.20,1567.69,0.00,0.00,0.00,0.00,0.00,0.00,0,'2023-04-17 23:01:42','2023-04-17 23:01:42',NULL),(219,7922,184,13835,40946,1,1,855,0.0000,0.0000,1,17340.00,0.00,0.00,0.00,0.00,0.00,0.00,0.00,0,'2023-04-19 10:17:17','2023-04-19 10:17:17',NULL),(233,7922,198,15365,40956,1,1,820,0.0000,0.0000,1,47000.00,0.00,0.00,0.00,0.00,0.00,0.00,0.00,0,'2023-04-19 10:34:00','2023-04-19 10:34:00',NULL),(262,7922,227,3054,40721,1,1,441,0.0000,0.0000,1,5999456.62,0.00,0.00,0.00,0.00,0.00,0.00,0.00,0,'2023-04-20 16:03:44','2023-04-20 16:03:44',NULL),(263,7922,227,3054,40721,1,1,267,0.0000,0.0000,1,0.00,0.00,0.00,0.00,0.00,0.00,0.00,0.00,0,'2023-04-20 16:03:44','2023-04-20 16:03:44',NULL),(264,7922,227,3054,40721,1,1,813,0.0000,0.0000,1,0.00,0.00,0.00,0.00,0.00,0.00,0.00,0.00,0,'2023-04-20 16:03:44','2023-04-20 16:03:44',NULL),(284,7922,241,16895,40962,1,1,815,0.0000,0.0000,1,46000.00,0.00,0.00,0.00,0.00,0.00,0.00,0.00,0,'2023-05-05 14:34:28','2023-05-05 14:34:28',NULL),(285,7922,242,16896,40962,1,1,815,0.0000,0.0000,1,53025.00,0.00,0.00,0.00,0.00,0.00,0.00,0.00,0,'2023-05-05 14:34:38','2023-05-05 14:34:38',NULL),(286,7922,243,16897,40962,1,1,815,0.0000,0.0000,1,65945.00,0.00,0.00,0.00,0.00,0.00,0.00,0.00,0,'2023-05-05 14:34:47','2023-05-05 14:34:47',NULL),(287,7922,244,16898,40962,1,1,815,0.0000,0.0000,1,135875.00,0.00,0.00,0.00,0.00,0.00,0.00,0.00,0,'2023-05-05 14:34:54','2023-05-05 14:34:54',NULL),(289,7922,246,16899,40962,1,1,815,0.0000,0.0000,1,152000.00,0.00,0.00,0.00,0.00,0.00,0.00,0.00,0,'2023-05-05 14:35:15','2023-05-05 14:35:15',NULL),(290,7922,247,16900,40962,1,1,815,0.0000,0.0000,1,0.00,0.00,0.00,0.00,0.00,0.00,0.00,0.00,0,'2023-05-05 14:35:23','2023-05-05 14:35:23',NULL),(291,7922,248,16901,40962,1,1,815,0.0000,0.0000,1,113945.00,0.00,0.00,0.00,0.00,0.00,0.00,0.00,0,'2023-05-05 14:35:30','2023-05-05 14:35:30',NULL),(292,7922,249,16902,40962,1,1,815,0.0000,0.0000,1,143700.00,0.00,0.00,0.00,0.00,0.00,0.00,0.00,0,'2023-05-05 14:35:37','2023-05-05 14:35:37',NULL),(293,7922,250,16903,40962,1,1,815,0.0000,0.0000,1,210133.00,0.00,0.00,0.00,0.00,0.00,0.00,0.00,0,'2023-05-05 14:35:46','2023-05-05 14:35:46',NULL),(294,7922,251,16910,40962,1,1,815,0.0000,0.0000,1,160400.00,0.00,0.00,0.00,0.00,0.00,0.00,0.00,0,'2023-05-05 14:35:55','2023-05-05 14:35:55',NULL),(295,7922,252,16911,40962,1,1,815,0.0000,0.0000,1,78000.00,0.00,0.00,0.00,0.00,0.00,0.00,0.00,0,'2023-05-05 14:36:03','2023-05-05 14:36:03',NULL),(296,7922,253,16912,40962,1,1,815,0.0000,0.0000,1,111700.00,0.00,0.00,0.00,0.00,0.00,0.00,0.00,0,'2023-05-05 14:36:12','2023-05-05 14:36:12',NULL),(297,7922,254,16913,40962,1,1,815,0.0000,0.0000,1,89000.00,0.00,0.00,0.00,0.00,0.00,0.00,0.00,0,'2023-05-05 14:36:20','2023-05-05 14:36:20',NULL),(298,7922,255,13836,40946,1,1,855,0.0000,0.0000,1,81860.00,0.00,0.00,0.00,0.00,0.00,0.00,0.00,0,'2023-05-05 14:45:26','2023-05-05 14:45:26',NULL);
INSERT INTO `period_liquidation_details` VALUES (299,7922,256,13837,40946,1,1,855,0.0000,0.0000,1,68100.00,0.00,0.00,0.00,0.00,0.00,0.00,0.00,0,'2023-05-05 14:45:35','2023-05-05 14:45:35',NULL),(300,7922,257,13838,40946,1,1,855,0.0000,0.0000,1,148100.00,0.00,0.00,0.00,0.00,0.00,0.00,0.00,0,'2023-05-05 14:45:43','2023-05-05 14:45:43',NULL),(301,7922,258,13839,40946,1,1,855,0.0000,0.0000,1,196250.00,0.00,0.00,0.00,0.00,0.00,0.00,0.00,0,'2023-05-05 14:45:50','2023-05-05 14:45:50',NULL),(302,7922,259,13840,40946,1,1,855,0.0000,0.0000,1,97100.00,0.00,0.00,0.00,0.00,0.00,0.00,0.00,0,'2023-05-05 14:45:59','2023-05-05 14:45:59',NULL),(303,7922,260,13842,40946,1,1,855,0.0000,0.0000,1,159380.00,0.00,0.00,0.00,0.00,0.00,0.00,0.00,0,'2023-05-05 14:46:25','2023-05-05 14:46:25',NULL),(304,7922,261,13843,40946,1,1,855,0.0000,0.0000,1,200233.00,0.00,0.00,0.00,0.00,0.00,0.00,0.00,0,'2023-05-05 14:46:31','2023-05-05 14:46:31',NULL),(306,7922,263,13850,40946,1,1,855,0.0000,0.0000,1,35070.00,0.00,0.00,0.00,0.00,0.00,0.00,0.00,0,'2023-05-05 14:46:47','2023-05-05 14:46:47',NULL),(307,7922,264,13851,40946,1,1,855,0.0000,0.0000,1,209370.00,0.00,0.00,0.00,0.00,0.00,0.00,0.00,0,'2023-05-05 14:46:54','2023-05-05 14:46:54',NULL),(309,7922,266,13852,40946,1,1,855,0.0000,0.0000,1,170220.00,0.00,0.00,0.00,0.00,0.00,0.00,0.00,0,'2023-05-05 14:47:08','2023-05-05 14:47:08',NULL),(311,7922,268,13841,40946,1,1,855,0.0000,0.0000,1,107800.00,0.00,0.00,0.00,0.00,0.00,0.00,0.00,0,'2023-05-05 14:48:47','2023-05-05 14:48:47',NULL),(312,7922,269,13853,40946,1,1,855,0.0000,0.0000,1,79130.00,0.00,0.00,0.00,0.00,0.00,0.00,0.00,0,'2023-05-05 14:50:55','2023-05-05 14:50:55',NULL),(314,7922,271,15366,40956,1,1,820,0.0000,0.0000,1,93800.00,0.00,0.00,0.00,0.00,0.00,0.00,0.00,0,'2023-05-05 14:57:12','2023-05-05 14:57:12',NULL),(315,7922,272,15367,40956,1,1,820,0.0000,0.0000,1,48000.00,0.00,0.00,0.00,0.00,0.00,0.00,0.00,0,'2023-05-05 14:57:19','2023-05-05 14:57:19',NULL),(316,7922,273,15368,40956,1,1,820,0.0000,0.0000,1,56500.00,0.00,0.00,0.00,0.00,0.00,0.00,0.00,0,'2023-05-05 14:57:28','2023-05-05 14:57:28',NULL),(317,7922,274,15369,40956,1,1,820,0.0000,0.0000,1,180000.00,0.00,0.00,0.00,0.00,0.00,0.00,0.00,0,'2023-05-05 14:57:34','2023-05-05 14:57:34',NULL),(318,7922,275,15370,40956,1,1,820,0.0000,0.0000,1,0.00,0.00,0.00,0.00,0.00,0.00,0.00,0.00,0,'2023-05-05 14:57:42','2023-05-05 14:57:42',NULL),(319,7922,276,15371,40956,1,1,820,0.0000,0.0000,1,142800.00,0.00,0.00,0.00,0.00,0.00,0.00,0.00,0,'2023-05-05 14:57:49','2023-05-05 14:57:49',NULL),(320,7922,277,15372,40956,1,1,820,0.0000,0.0000,1,137280.00,0.00,0.00,0.00,0.00,0.00,0.00,0.00,0,'2023-05-05 14:57:58','2023-05-05 14:57:58',NULL),(323,7922,280,15373,40956,1,1,820,0.0000,0.0000,1,210133.00,0.00,0.00,0.00,0.00,0.00,0.00,0.00,0,'2023-05-05 14:58:17','2023-05-05 14:58:17',NULL),(324,7922,281,15380,40956,1,1,820,0.0000,0.0000,1,0.00,0.00,0.00,0.00,0.00,0.00,0.00,0.00,0,'2023-05-05 14:58:29','2023-05-05 14:58:29',NULL),(325,7922,282,15381,40956,1,1,820,0.0000,0.0000,1,0.00,0.00,0.00,0.00,0.00,0.00,0.00,0.00,0,'2023-05-05 14:58:37','2023-05-05 14:58:37',NULL),(326,7922,283,15382,40956,1,1,820,0.0000,0.0000,1,111650.00,0.00,0.00,0.00,0.00,0.00,0.00,0.00,0,'2023-05-05 14:58:44','2023-05-05 14:58:44',NULL),(327,7922,284,15383,40956,1,1,820,0.0000,0.0000,1,132100.00,0.00,0.00,0.00,0.00,0.00,0.00,0.00,0,'2023-05-05 14:58:51','2023-05-05 14:58:51',NULL),(329,7922,286,12326,40864,1,1,804,0.0000,0.0000,1,1300960.00,0.00,0.00,0.00,0.00,0.00,0.00,0.00,0,'2023-05-09 18:54:56','2023-05-09 18:54:56',NULL),(445,7922,366,10723,40759,1,1,946,0.0000,0.0000,1,263959.50,0.00,0.00,0.00,0.00,0.00,0.00,0.00,0,'2023-05-22 21:56:59','2023-05-22 21:56:59',NULL),(446,7922,366,10723,40759,1,1,845,0.0000,0.0000,1,0.00,0.00,0.00,0.00,0.00,0.00,0.00,0.00,0,'2023-05-22 21:56:59','2023-05-22 21:56:59',NULL),(477,7922,390,3055,40721,1,1,441,0.0000,0.0000,1,4845186.29,0.00,0.00,0.00,0.00,0.00,0.00,0.00,0,'2023-05-23 12:38:27','2023-05-23 12:38:27',NULL);
INSERT INTO `period_liquidation_details` VALUES (478,7922,390,3055,40721,1,1,267,0.0000,0.0000,1,0.00,0.00,0.00,0.00,0.00,0.00,0.00,0.00,0,'2023-05-23 12:38:27','2023-05-23 12:38:27',NULL),(479,7922,390,3055,40721,1,1,813,0.0000,0.0000,1,0.00,0.00,0.00,0.00,0.00,0.00,0.00,0.00,0,'2023-05-23 12:38:27','2023-05-23 12:38:27',NULL),(555,7922,442,6064,40723,1,1,574,0.0000,0.0000,1,26257392.14,1312869.61,0.00,0.00,0.00,0.00,0.00,0.00,0,'2023-05-23 21:24:48','2023-05-23 21:24:48',NULL),(556,7922,442,6064,40723,1,1,577,0.0000,0.0000,1,0.00,0.00,0.00,0.00,0.00,0.00,0.00,0.00,0,'2023-05-23 21:24:48','2023-05-23 21:24:48',NULL),(557,7922,442,6064,40723,1,1,578,0.0000,0.0000,1,0.00,0.00,0.00,0.00,0.00,0.00,0.00,0.00,0,'2023-05-23 21:24:48','2023-05-23 21:24:48',NULL),(558,7922,443,4551,40722,1,1,941,0.0000,0.0000,1,117000.00,0.00,0.00,0.00,0.00,0.00,0.00,0.00,0,'2023-06-01 10:32:35','2023-06-01 10:32:35',NULL),(559,7922,444,4552,40722,1,1,941,0.0000,0.0000,1,389950.00,0.00,0.00,0.00,0.00,0.00,0.00,0.00,0,'2023-06-01 10:33:02','2023-06-01 10:33:02',NULL),(561,7922,446,16914,40962,1,1,815,0.0000,0.0000,1,301204.00,0.00,0.00,0.00,0.00,0.00,0.00,0.00,0,'2023-06-01 18:29:12','2023-06-01 18:29:12',NULL),(563,7922,448,13854,40946,1,1,855,0.0000,0.0000,1,247314.00,0.00,0.00,0.00,0.00,0.00,0.00,0.00,0,'2023-06-01 18:31:55','2023-06-01 18:31:55',NULL),(565,7922,450,15384,40956,1,1,820,0.0000,0.0000,1,203304.00,0.00,0.00,0.00,0.00,0.00,0.00,0.00,0,'2023-06-01 18:34:38','2023-06-01 18:34:38',NULL),(581,7922,462,3056,40721,1,1,441,0.0000,0.0000,1,6247196.34,163262.72,0.00,0.00,0.00,0.00,0.00,0.00,0,'2023-06-08 14:03:00','2023-06-08 14:03:00',NULL),(582,7922,462,3056,40721,1,1,267,0.0000,0.0000,1,0.00,0.00,0.00,0.00,0.00,0.00,0.00,0.00,0,'2023-06-08 14:03:00','2023-06-08 14:03:00',NULL),(583,7922,462,3056,40721,1,1,813,0.0000,0.0000,1,0.00,0.00,0.00,0.00,0.00,0.00,0.00,0.00,0,'2023-06-08 14:03:00','2023-06-08 14:03:00',NULL),(586,7922,465,12309,40864,1,1,804,0.0000,0.0000,1,16000.00,0.00,0.00,0.00,0.00,0.00,0.00,0.00,0,'2023-06-10 09:47:10','2023-06-10 09:47:10',NULL),(587,7922,466,12310,40864,1,1,804,0.0000,0.0000,1,18000.00,0.00,0.00,0.00,0.00,0.00,0.00,0.00,0,'2023-06-10 09:47:22','2023-06-10 09:47:22',NULL),(588,7922,467,12311,40864,1,1,804,0.0000,0.0000,1,22000.00,0.00,0.00,0.00,0.00,0.00,0.00,0.00,0,'2023-06-10 09:47:30','2023-06-10 09:47:30',NULL),(589,7922,468,12312,40864,1,1,804,0.0000,0.0000,1,12000.00,0.00,0.00,0.00,0.00,0.00,0.00,0.00,0,'2023-06-10 09:47:38','2023-06-10 09:47:38',NULL),(590,7922,469,12313,40864,1,1,804,0.0000,0.0000,1,0.00,0.00,0.00,0.00,0.00,0.00,0.00,0.00,0,'2023-06-10 09:47:45','2023-06-10 09:47:45',NULL),(591,7922,470,12314,40864,1,1,804,0.0000,0.0000,1,103000.00,0.00,0.00,0.00,0.00,0.00,0.00,0.00,0,'2023-06-10 09:47:53','2023-06-10 09:47:53',NULL),(592,7922,471,12315,40864,1,1,804,0.0000,0.0000,1,43000.00,0.00,0.00,0.00,0.00,0.00,0.00,0.00,0,'2023-06-10 09:48:00','2023-06-10 09:48:00',NULL),(593,7922,472,12316,40864,1,1,804,0.0000,0.0000,1,261000.00,0.00,0.00,0.00,0.00,0.00,0.00,0.00,0,'2023-06-10 09:48:10','2023-06-10 09:48:10',NULL),(594,7922,473,12323,40864,1,1,804,0.0000,0.0000,1,231000.00,0.00,0.00,0.00,0.00,0.00,0.00,0.00,0,'2023-06-10 09:48:22','2023-06-10 09:48:22',NULL),(595,7922,474,12324,40864,1,1,804,0.0000,0.0000,1,603614.00,0.00,0.00,0.00,0.00,0.00,0.00,0.00,0,'2023-06-10 09:48:30','2023-06-10 09:48:30',NULL),(596,7922,475,12325,40864,1,1,804,0.0000,0.0000,1,1132400.00,0.00,0.00,0.00,0.00,0.00,0.00,0.00,0,'2023-06-10 09:48:39','2023-06-10 09:48:39',NULL),(597,7922,476,12327,40864,1,1,804,0.0000,0.0000,1,1537648.00,0.00,0.00,0.00,0.00,0.00,0.00,0.00,0,'2023-06-10 09:55:54','2023-06-10 09:55:54',NULL),(733,7922,568,6065,40723,1,1,574,0.0000,0.0000,1,28029359.38,0.00,0.00,0.00,0.00,0.00,0.00,0.00,0,'2023-06-15 16:49:18','2023-06-15 16:49:18',NULL),(734,7922,568,6065,40723,1,1,577,0.0000,0.0000,1,0.00,0.00,0.00,0.00,0.00,0.00,0.00,0.00,0,'2023-06-15 16:49:18','2023-06-15 16:49:18',NULL);
INSERT INTO `period_liquidation_details` VALUES (735,7922,568,6065,40723,1,1,578,0.0000,0.0000,1,0.00,0.00,0.00,0.00,0.00,0.00,0.00,0.00,0,'2023-06-15 16:49:18','2023-06-15 16:49:18',NULL),(738,7922,572,10724,40759,1,1,946,0.0000,0.0000,1,260133.08,0.00,0.00,0.00,0.00,0.00,0.00,0.00,0,'2023-06-20 15:45:20','2023-06-20 15:45:20',NULL),(739,7922,572,10724,40759,1,1,845,0.0000,0.0000,1,0.00,0.00,0.00,0.00,0.00,0.00,0.00,0.00,0,'2023-06-20 15:45:20','2023-06-20 15:45:20',NULL),(774,7922,596,13855,40946,1,1,855,0.0000,0.0000,1,52690.00,0.00,0.00,0.00,0.00,0.00,0.00,0.00,0,'2023-06-28 12:46:28','2023-06-28 12:46:28',NULL),(777,7922,600,3037,40721,1,1,441,0.0000,0.0000,1,1751487.64,0.00,0.00,0.00,0.00,0.00,0.00,0.00,0,'2023-06-29 11:14:26','2023-06-29 11:14:26',NULL),(778,7922,600,3037,40721,1,1,267,0.0000,0.0000,1,0.00,0.00,0.00,0.00,0.00,0.00,0.00,0.00,0,'2023-06-29 11:14:26','2023-06-29 11:14:26',NULL),(779,7922,600,3037,40721,1,1,813,0.0000,0.0000,1,0.00,0.00,0.00,0.00,0.00,0.00,0.00,0.00,0,'2023-06-29 11:14:26','2023-06-29 11:14:26',NULL),(780,7922,602,3038,40721,1,1,441,0.0000,0.0000,1,3318867.75,0.00,0.00,0.00,0.00,0.00,0.00,0.00,0,'2023-06-29 11:15:24','2023-06-29 11:15:24',NULL),(781,7922,602,3038,40721,1,1,267,0.0000,0.0000,1,0.00,0.00,0.00,0.00,0.00,0.00,0.00,0.00,0,'2023-06-29 11:15:24','2023-06-29 11:15:24',NULL),(782,7922,602,3038,40721,1,1,813,0.0000,0.0000,1,0.00,0.00,0.00,0.00,0.00,0.00,0.00,0.00,0,'2023-06-29 11:15:24','2023-06-29 11:15:24',NULL),(783,7922,604,3039,40721,1,1,441,0.0000,0.0000,1,3447687.29,0.00,0.00,0.00,0.00,0.00,0.00,0.00,0,'2023-06-29 11:16:33','2023-06-29 11:16:33',NULL),(784,7922,604,3039,40721,1,1,267,0.0000,0.0000,1,0.00,0.00,0.00,0.00,0.00,0.00,0.00,0.00,0,'2023-06-29 11:16:33','2023-06-29 11:16:33',NULL),(785,7922,604,3039,40721,1,1,813,0.0000,0.0000,1,0.00,0.00,0.00,0.00,0.00,0.00,0.00,0.00,0,'2023-06-29 11:16:33','2023-06-29 11:16:33',NULL),(786,7922,606,3040,40721,1,1,441,0.0000,0.0000,1,3782739.75,0.00,0.00,0.00,0.00,0.00,0.00,0.00,0,'2023-06-29 11:19:31','2023-06-29 11:19:31',NULL),(787,7922,606,3040,40721,1,1,267,0.0000,0.0000,1,0.00,0.00,0.00,0.00,0.00,0.00,0.00,0.00,0,'2023-06-29 11:19:31','2023-06-29 11:19:31',NULL),(788,7922,606,3040,40721,1,1,813,0.0000,0.0000,1,0.00,0.00,0.00,0.00,0.00,0.00,0.00,0.00,0,'2023-06-29 11:19:31','2023-06-29 11:19:31',NULL),(789,7922,608,3041,40721,1,1,441,0.0000,0.0000,1,3435698.17,0.00,0.00,0.00,0.00,0.00,0.00,0.00,0,'2023-06-29 11:21:57','2023-06-29 11:21:57',NULL),(790,7922,608,3041,40721,1,1,267,0.0000,0.0000,1,0.00,0.00,0.00,0.00,0.00,0.00,0.00,0.00,0,'2023-06-29 11:21:57','2023-06-29 11:21:57',NULL),(791,7922,608,3041,40721,1,1,813,0.0000,0.0000,1,0.00,0.00,0.00,0.00,0.00,0.00,0.00,0.00,0,'2023-06-29 11:21:57','2023-06-29 11:21:57',NULL),(792,7922,610,3042,40721,1,1,441,0.0000,0.0000,1,3639617.49,0.00,0.00,0.00,0.00,0.00,0.00,0.00,0,'2023-06-29 11:23:31','2023-06-29 11:23:31',NULL),(793,7922,610,3042,40721,1,1,267,0.0000,0.0000,1,0.00,0.00,0.00,0.00,0.00,0.00,0.00,0.00,0,'2023-06-29 11:23:31','2023-06-29 11:23:31',NULL),(794,7922,610,3042,40721,1,1,813,0.0000,0.0000,1,0.00,0.00,0.00,0.00,0.00,0.00,0.00,0.00,0,'2023-06-29 11:23:31','2023-06-29 11:23:31',NULL),(795,7922,612,3043,40721,1,1,441,0.0000,0.0000,1,5509545.71,0.00,0.00,0.00,0.00,0.00,0.00,0.00,0,'2023-06-29 11:25:24','2023-06-29 11:25:24',NULL),(796,7922,612,3043,40721,1,1,267,0.0000,0.0000,1,0.00,0.00,0.00,0.00,0.00,0.00,0.00,0.00,0,'2023-06-29 11:25:24','2023-06-29 11:25:24',NULL),(797,7922,612,3043,40721,1,1,813,0.0000,0.0000,1,0.00,0.00,0.00,0.00,0.00,0.00,0.00,0.00,0,'2023-06-29 11:25:24','2023-06-29 11:25:24',NULL),(798,7922,614,3044,40721,1,1,441,0.0000,0.0000,1,4399421.44,0.00,0.00,0.00,0.00,0.00,0.00,0.00,0,'2023-06-29 11:30:41','2023-06-29 11:30:41',NULL),(799,7922,614,3044,40721,1,1,267,0.0000,0.0000,1,0.00,0.00,0.00,0.00,0.00,0.00,0.00,0.00,0,'2023-06-29 11:30:41','2023-06-29 11:30:41',NULL),(800,7922,614,3044,40721,1,1,813,0.0000,0.0000,1,0.00,0.00,0.00,0.00,0.00,0.00,0.00,0.00,0,'2023-06-29 11:30:41','2023-06-29 11:30:41',NULL);
INSERT INTO `period_liquidation_details` VALUES (801,7922,616,3045,40721,1,1,441,0.0000,0.0000,1,5342853.84,0.00,0.00,0.00,0.00,0.00,0.00,0.00,0,'2023-06-29 11:32:01','2023-06-29 11:32:01',NULL),(802,7922,616,3045,40721,1,1,267,0.0000,0.0000,1,0.00,0.00,0.00,0.00,0.00,0.00,0.00,0.00,0,'2023-06-29 11:32:01','2023-06-29 11:32:01',NULL),(803,7922,616,3045,40721,1,1,813,0.0000,0.0000,1,0.00,0.00,0.00,0.00,0.00,0.00,0.00,0.00,0,'2023-06-29 11:32:01','2023-06-29 11:32:01',NULL),(807,7922,620,3047,40721,1,1,441,0.0000,0.0000,1,3682223.78,0.00,0.00,0.00,0.00,0.00,0.00,0.00,0,'2023-06-29 11:35:52','2023-06-29 11:35:52',NULL),(808,7922,620,3047,40721,1,1,267,0.0000,0.0000,1,0.00,0.00,0.00,0.00,0.00,0.00,0.00,0.00,0,'2023-06-29 11:35:52','2023-06-29 11:35:52',NULL),(809,7922,620,3047,40721,1,1,813,0.0000,0.0000,1,0.00,0.00,0.00,0.00,0.00,0.00,0.00,0.00,0,'2023-06-29 11:35:52','2023-06-29 11:35:52',NULL),(813,7922,624,3048,40721,1,1,441,0.0000,0.0000,1,5900910.52,0.00,0.00,0.00,0.00,0.00,0.00,0.00,0,'2023-06-29 11:37:15','2023-06-29 11:37:15',NULL),(814,7922,624,3048,40721,1,1,267,0.0000,0.0000,1,0.00,0.00,0.00,0.00,0.00,0.00,0.00,0.00,0,'2023-06-29 11:37:15','2023-06-29 11:37:15',NULL),(815,7922,624,3048,40721,1,1,813,0.0000,0.0000,1,0.00,0.00,0.00,0.00,0.00,0.00,0.00,0.00,0,'2023-06-29 11:37:15','2023-06-29 11:37:15',NULL),(820,7922,628,16915,40962,1,1,815,0.0000,0.0000,1,405326.00,0.00,0.00,0.00,0.00,0.00,0.00,0.00,0,'2023-07-03 15:49:46','2023-07-03 15:49:46',NULL),(822,7922,630,15385,40956,1,1,820,0.0000,0.0000,1,284326.00,0.00,0.00,0.00,0.00,0.00,0.00,0.00,0,'2023-07-03 15:56:23','2023-07-03 15:56:23',NULL),(823,7922,631,12328,40864,1,1,804,0.0000,0.0000,1,0.00,0.00,0.00,0.00,0.00,0.00,0.00,0.00,0,'2023-07-08 17:08:57','2023-07-08 17:08:57',NULL),(881,7922,671,19970,40723,1,1,574,0.0000,0.0000,1,15940344.09,0.00,0.00,0.00,0.00,0.00,0.00,0.00,0,'2023-07-14 15:00:35','2023-07-14 15:00:35',NULL),(882,7922,671,19970,40723,1,1,577,0.0000,0.0000,1,0.00,0.00,0.00,0.00,0.00,0.00,0.00,0.00,0,'2023-07-14 15:00:35','2023-07-14 15:00:35',NULL),(883,7922,671,19970,40723,1,1,578,0.0000,0.0000,1,0.00,0.00,0.00,0.00,0.00,0.00,0.00,0.00,0,'2023-07-14 15:00:35','2023-07-14 15:00:35',NULL),(884,7922,673,19969,40723,1,1,574,0.0000,0.0000,1,19079701.24,0.00,0.00,0.00,0.00,0.00,0.00,0.00,0,'2023-07-14 15:01:12','2023-07-14 15:01:12',NULL),(885,7922,673,19969,40723,1,1,577,0.0000,0.0000,1,0.00,0.00,0.00,0.00,0.00,0.00,0.00,0.00,0,'2023-07-14 15:01:12','2023-07-14 15:01:12',NULL),(886,7922,673,19969,40723,1,1,578,0.0000,0.0000,1,0.00,0.00,0.00,0.00,0.00,0.00,0.00,0.00,0,'2023-07-14 15:01:12','2023-07-14 15:01:12',NULL),(887,7922,675,19960,40723,1,1,574,0.0000,0.0000,1,13250182.68,0.00,0.00,0.00,0.00,0.00,0.00,0.00,0,'2023-07-16 10:21:19','2023-07-16 10:21:19',NULL),(888,7922,675,19960,40723,1,1,577,0.0000,0.0000,1,0.00,0.00,0.00,0.00,0.00,0.00,0.00,0.00,0,'2023-07-16 10:21:19','2023-07-16 10:21:19',NULL),(889,7922,675,19960,40723,1,1,578,0.0000,0.0000,1,0.00,0.00,0.00,0.00,0.00,0.00,0.00,0.00,0,'2023-07-16 10:21:19','2023-07-16 10:21:19',NULL),(890,7922,677,19962,40723,1,1,574,0.0000,0.0000,1,18315782.56,0.00,0.00,0.00,0.00,0.00,0.00,0.00,0,'2023-07-16 10:22:45','2023-07-16 10:22:45',NULL),(891,7922,677,19962,40723,1,1,577,0.0000,0.0000,1,0.00,0.00,0.00,0.00,0.00,0.00,0.00,0.00,0,'2023-07-16 10:22:45','2023-07-16 10:22:45',NULL),(892,7922,677,19962,40723,1,1,578,0.0000,0.0000,1,0.00,0.00,0.00,0.00,0.00,0.00,0.00,0.00,0,'2023-07-16 10:22:45','2023-07-16 10:22:45',NULL),(989,7922,743,3057,40721,1,1,441,0.0000,0.0000,1,5798839.01,0.00,0.00,0.00,0.00,0.00,0.00,0.00,0,'2023-07-16 11:18:56','2023-07-16 11:18:56',NULL),(990,7922,743,3057,40721,1,1,267,0.0000,0.0000,1,0.00,0.00,0.00,0.00,0.00,0.00,0.00,0.00,0,'2023-07-16 11:18:56','2023-07-16 11:18:56',NULL),(991,7922,743,3057,40721,1,1,813,0.0000,0.0000,1,0.00,0.00,0.00,0.00,0.00,0.00,0.00,0.00,0,'2023-07-16 11:18:56','2023-07-16 11:18:56',NULL);
INSERT INTO `period_liquidation_details` VALUES (996,7922,749,9133,40725,1,1,859,0.0000,0.0000,1,0.00,0.00,0.00,0.00,0.00,0.00,0.00,0.00,0,'2023-07-22 10:14:25','2023-07-22 10:14:25',NULL),(997,7922,749,9133,40725,1,1,789,0.0000,0.0000,1,0.00,0.00,0.00,0.00,0.00,0.00,0.00,0.00,0,'2023-07-22 10:14:25','2023-07-22 10:14:25',NULL),(998,7922,751,9134,40725,1,1,859,0.0000,0.0000,1,0.00,0.00,0.00,0.00,0.00,0.00,0.00,0.00,0,'2023-07-22 10:14:44','2023-07-22 10:14:44',NULL),(999,7922,751,9134,40725,1,1,789,0.0000,0.0000,1,0.00,0.00,0.00,0.00,0.00,0.00,0.00,0.00,0,'2023-07-22 10:14:44','2023-07-22 10:14:44',NULL),(1000,7922,753,9135,40725,1,1,859,0.0000,0.0000,1,0.00,0.00,0.00,0.00,0.00,0.00,0.00,0.00,0,'2023-07-22 10:14:58','2023-07-22 10:14:58',NULL),(1001,7922,753,9135,40725,1,1,789,0.0000,0.0000,1,0.00,0.00,0.00,0.00,0.00,0.00,0.00,0.00,0,'2023-07-22 10:14:58','2023-07-22 10:14:58',NULL),(1002,7922,755,9136,40725,1,1,859,0.0000,0.0000,1,57600.00,0.00,0.00,0.00,0.00,0.00,0.00,0.00,0,'2023-07-22 10:15:31','2023-07-22 10:15:31',NULL),(1003,7922,755,9136,40725,1,1,789,0.0000,0.0000,1,0.00,0.00,0.00,0.00,0.00,0.00,0.00,0.00,0,'2023-07-22 10:15:31','2023-07-22 10:15:31',NULL),(1006,7922,759,9137,40725,1,1,859,0.0000,0.0000,1,57600.00,0.00,0.00,0.00,0.00,0.00,0.00,0.00,0,'2023-07-22 10:16:36','2023-07-22 10:16:36',NULL),(1007,7922,759,9137,40725,1,1,789,0.0000,0.0000,1,0.00,0.00,0.00,0.00,0.00,0.00,0.00,0.00,0,'2023-07-22 10:16:36','2023-07-22 10:16:36',NULL),(1008,7922,761,9138,40725,1,1,859,0.0000,0.0000,1,57600.00,0.00,0.00,0.00,0.00,0.00,0.00,0.00,0,'2023-07-22 10:16:51','2023-07-22 10:16:51',NULL),(1009,7922,761,9138,40725,1,1,789,0.0000,0.0000,1,0.00,0.00,0.00,0.00,0.00,0.00,0.00,0.00,0,'2023-07-22 10:16:51','2023-07-22 10:16:51',NULL),(1010,7922,763,9139,40725,1,1,859,0.0000,0.0000,1,57600.00,0.00,0.00,0.00,0.00,0.00,0.00,0.00,0,'2023-07-22 10:17:16','2023-07-22 10:17:16',NULL),(1011,7922,763,9139,40725,1,1,789,0.0000,0.0000,1,0.00,0.00,0.00,0.00,0.00,0.00,0.00,0.00,0,'2023-07-22 10:17:16','2023-07-22 10:17:16',NULL),(1012,7922,765,9140,40725,1,1,859,0.0000,0.0000,1,57600.00,0.00,0.00,0.00,0.00,0.00,0.00,0.00,0,'2023-07-22 10:17:34','2023-07-22 10:17:34',NULL),(1013,7922,765,9140,40725,1,1,789,0.0000,0.0000,1,0.00,0.00,0.00,0.00,0.00,0.00,0.00,0.00,0,'2023-07-22 10:17:34','2023-07-22 10:17:34',NULL),(1014,7922,767,9141,40725,1,1,859,0.0000,0.0000,1,57600.00,0.00,0.00,0.00,0.00,0.00,0.00,0.00,0,'2023-07-22 10:17:50','2023-07-22 10:17:50',NULL),(1015,7922,767,9141,40725,1,1,789,0.0000,0.0000,1,0.00,0.00,0.00,0.00,0.00,0.00,0.00,0.00,0,'2023-07-22 10:17:50','2023-07-22 10:17:50',NULL),(1018,7922,771,9142,40725,1,1,859,0.0000,0.0000,1,69120.00,0.00,0.00,0.00,0.00,0.00,0.00,0.00,0,'2023-07-22 10:18:14','2023-07-22 10:18:14',NULL),(1019,7922,771,9142,40725,1,1,789,0.0000,0.0000,1,0.00,0.00,0.00,0.00,0.00,0.00,0.00,0.00,0,'2023-07-22 10:18:14','2023-07-22 10:18:14',NULL),(1020,7922,773,9143,40725,1,1,859,0.0000,0.0000,1,69120.00,0.00,0.00,0.00,0.00,0.00,0.00,0.00,0,'2023-07-22 10:18:25','2023-07-22 10:18:25',NULL),(1021,7922,773,9143,40725,1,1,789,0.0000,0.0000,1,0.00,0.00,0.00,0.00,0.00,0.00,0.00,0.00,0,'2023-07-22 10:18:25','2023-07-22 10:18:25',NULL),(1022,7922,775,9144,40725,1,1,859,0.0000,0.0000,1,69120.00,0.00,0.00,0.00,0.00,0.00,0.00,0.00,0,'2023-07-22 10:18:36','2023-07-22 10:18:36',NULL),(1023,7922,775,9144,40725,1,1,789,0.0000,0.0000,1,0.00,0.00,0.00,0.00,0.00,0.00,0.00,0.00,0,'2023-07-22 10:18:36','2023-07-22 10:18:36',NULL),(1051,7922,795,19961,40723,1,1,574,0.0000,0.0000,1,16383559.10,0.00,0.00,0.00,0.00,0.00,0.00,0.00,0,'2023-07-25 17:07:58','2023-07-25 17:07:58',NULL),(1052,7922,795,19961,40723,1,1,577,0.0000,0.0000,1,0.00,0.00,0.00,0.00,0.00,0.00,0.00,0.00,0,'2023-07-25 17:07:58','2023-07-25 17:07:58',NULL),(1053,7922,795,19961,40723,1,1,578,0.0000,0.0000,1,0.00,0.00,0.00,0.00,0.00,0.00,0.00,0.00,0,'2023-07-25 17:07:58','2023-07-25 17:07:58',NULL);
INSERT INTO `period_liquidation_details` VALUES (1057,7922,799,19963,40723,1,1,574,0.0000,0.0000,1,18230675.24,0.00,0.00,0.00,0.00,0.00,0.00,0.00,0,'2023-07-25 17:12:19','2023-07-25 17:12:19',NULL),(1058,7922,799,19963,40723,1,1,577,0.0000,0.0000,1,0.00,0.00,0.00,0.00,0.00,0.00,0.00,0.00,0,'2023-07-25 17:12:19','2023-07-25 17:12:19',NULL),(1059,7922,799,19963,40723,1,1,578,0.0000,0.0000,1,0.00,0.00,0.00,0.00,0.00,0.00,0.00,0.00,0,'2023-07-25 17:12:19','2023-07-25 17:12:19',NULL),(1072,7922,809,19964,40723,1,1,574,0.0000,0.0000,1,19369010.07,0.00,0.00,0.00,0.00,0.00,0.00,0.00,0,'2023-07-25 17:15:40','2023-07-25 17:15:40',NULL),(1073,7922,809,19964,40723,1,1,577,0.0000,0.0000,1,0.00,0.00,0.00,0.00,0.00,0.00,0.00,0.00,0,'2023-07-25 17:15:40','2023-07-25 17:15:40',NULL),(1074,7922,809,19964,40723,1,1,578,0.0000,0.0000,1,0.00,0.00,0.00,0.00,0.00,0.00,0.00,0.00,0,'2023-07-25 17:15:40','2023-07-25 17:15:40',NULL),(1087,7922,819,19965,40723,1,1,574,0.0000,0.0000,1,19648902.17,0.00,0.00,0.00,0.00,0.00,0.00,0.00,0,'2023-07-25 17:18:46','2023-07-25 17:18:46',NULL),(1088,7922,819,19965,40723,1,1,577,0.0000,0.0000,1,0.00,0.00,0.00,0.00,0.00,0.00,0.00,0.00,0,'2023-07-25 17:18:46','2023-07-25 17:18:46',NULL),(1089,7922,819,19965,40723,1,1,578,0.0000,0.0000,1,0.00,0.00,0.00,0.00,0.00,0.00,0.00,0.00,0,'2023-07-25 17:18:46','2023-07-25 17:18:46',NULL),(1090,7922,821,19966,40723,1,1,574,0.0000,0.0000,1,20526384.92,0.00,0.00,0.00,0.00,0.00,0.00,0.00,0,'2023-07-25 17:19:45','2023-07-25 17:19:45',NULL),(1091,7922,821,19966,40723,1,1,577,0.0000,0.0000,1,0.00,0.00,0.00,0.00,0.00,0.00,0.00,0.00,0,'2023-07-25 17:19:45','2023-07-25 17:19:45',NULL),(1092,7922,821,19966,40723,1,1,578,0.0000,0.0000,1,0.00,0.00,0.00,0.00,0.00,0.00,0.00,0.00,0,'2023-07-25 17:19:45','2023-07-25 17:19:45',NULL),(1093,7922,823,19967,40723,1,1,574,0.0000,0.0000,1,19394740.42,0.00,0.00,0.00,0.00,0.00,0.00,0.00,0,'2023-07-25 17:21:52','2023-07-25 17:21:52',NULL),(1094,7922,823,19967,40723,1,1,577,0.0000,0.0000,1,0.00,0.00,0.00,0.00,0.00,0.00,0.00,0.00,0,'2023-07-25 17:21:52','2023-07-25 17:21:52',NULL),(1095,7922,823,19967,40723,1,1,578,0.0000,0.0000,1,0.00,0.00,0.00,0.00,0.00,0.00,0.00,0.00,0,'2023-07-25 17:21:52','2023-07-25 17:21:52',NULL),(1099,7922,827,19968,40723,1,1,574,0.0000,0.0000,1,18590201.56,0.00,0.00,0.00,0.00,0.00,0.00,0.00,0,'2023-07-25 17:23:05','2023-07-25 17:23:05',NULL),(1100,7922,827,19968,40723,1,1,577,0.0000,0.0000,1,0.00,0.00,0.00,0.00,0.00,0.00,0.00,0.00,0,'2023-07-25 17:23:05','2023-07-25 17:23:05',NULL),(1101,7922,827,19968,40723,1,1,578,0.0000,0.0000,1,0.00,0.00,0.00,0.00,0.00,0.00,0.00,0.00,0,'2023-07-25 17:23:05','2023-07-25 17:23:05',NULL),(1108,7922,833,19959,40723,1,1,574,0.0000,0.0000,1,14250521.32,0.00,0.00,0.00,0.00,0.00,0.00,0.00,0,'2023-07-25 17:35:24','2023-07-25 17:35:24',NULL),(1109,7922,833,19959,40723,1,1,577,0.0000,0.0000,1,0.00,0.00,0.00,0.00,0.00,0.00,0.00,0.00,0,'2023-07-25 17:35:24','2023-07-25 17:35:24',NULL),(1110,7922,833,19959,40723,1,1,578,0.0000,0.0000,1,0.00,0.00,0.00,0.00,0.00,0.00,0.00,0.00,0,'2023-07-25 17:35:24','2023-07-25 17:35:24',NULL),(1115,7922,838,13856,40946,1,1,855,0.0000,0.0000,1,352440.00,0.00,0.00,0.00,0.00,0.00,0.00,0.00,0,'2023-08-02 18:09:22','2023-08-02 18:09:22',NULL),(1117,7922,840,16916,40962,1,1,815,0.0000,0.0000,1,131900.00,0.00,0.00,0.00,0.00,0.00,0.00,0.00,0,'2023-08-02 18:12:59','2023-08-02 18:12:59',NULL),(1119,7922,842,15386,40956,1,1,820,0.0000,0.0000,1,224332.00,0.00,0.00,0.00,0.00,0.00,0.00,0.00,0,'2023-08-02 18:20:40','2023-08-02 18:20:40',NULL),(1121,7922,844,12329,40864,1,1,804,0.0000,0.0000,1,576734.00,0.00,0.00,0.00,0.00,0.00,0.00,0.00,0,'2023-08-09 17:42:53','2023-08-09 17:42:53',NULL),(1126,7922,849,19974,40839,1,1,801,0.0000,0.0000,1,0.00,0.00,0.00,0.00,0.00,0.00,0.00,0.00,0,'2023-08-09 18:07:27','2023-08-09 18:07:27',NULL),(1127,7922,850,19975,40839,1,1,801,0.0000,0.0000,1,0.00,0.00,0.00,0.00,0.00,0.00,0.00,0.00,0,'2023-08-09 18:07:36','2023-08-09 18:07:36',NULL);
INSERT INTO `period_liquidation_details` VALUES (1128,7922,851,19976,40839,1,1,801,0.0000,0.0000,1,0.00,0.00,0.00,0.00,0.00,0.00,0.00,0.00,0,'2023-08-09 18:07:44','2023-08-09 18:07:44',NULL),(1129,7922,852,19977,40839,1,1,801,0.0000,0.0000,1,130000.00,0.00,0.00,0.00,0.00,0.00,0.00,0.00,0,'2023-08-09 18:07:51','2023-08-09 18:07:51',NULL),(1130,7922,853,19978,40839,1,1,801,0.0000,0.0000,1,200000.00,0.00,0.00,0.00,0.00,0.00,0.00,0.00,0,'2023-08-09 18:07:59','2023-08-09 18:07:59',NULL),(1131,7922,854,19979,40839,1,1,801,0.0000,0.0000,1,715000.00,0.00,0.00,0.00,0.00,0.00,0.00,0.00,0,'2023-08-09 18:08:24','2023-08-09 18:08:24',NULL),(1133,7922,857,10725,40759,1,1,946,0.0000,0.0000,1,313715.71,0.00,0.00,0.00,0.00,0.00,0.00,0.00,0,'2023-08-15 15:56:46','2023-08-15 15:56:46',NULL),(1134,7922,857,10725,40759,1,1,845,0.0000,0.0000,1,0.00,0.00,0.00,0.00,0.00,0.00,0.00,0.00,0,'2023-08-15 15:56:46','2023-08-15 15:56:46',NULL),(1137,7922,861,10726,40759,1,1,946,0.0000,0.0000,1,29463.64,0.00,0.00,0.00,0.00,0.00,0.00,0.00,0,'2023-08-15 15:57:47','2023-08-15 15:57:47',NULL),(1138,7922,861,10726,40759,1,1,845,0.0000,0.0000,1,0.00,0.00,0.00,0.00,0.00,0.00,0.00,0.00,0,'2023-08-15 15:57:47','2023-08-15 15:57:47',NULL),(1328,7922,989,6067,40723,1,1,574,0.0000,0.0000,1,25337652.40,0.00,0.00,0.00,0.00,0.00,0.00,0.00,0,'2023-08-18 19:04:21','2023-08-18 19:04:21',NULL),(1329,7922,989,6067,40723,1,1,577,0.0000,0.0000,1,0.00,0.00,0.00,0.00,0.00,0.00,0.00,0.00,0,'2023-08-18 19:04:21','2023-08-18 19:04:21',NULL),(1330,7922,989,6067,40723,1,1,578,0.0000,0.0000,1,0.00,0.00,0.00,0.00,0.00,0.00,0.00,0.00,0,'2023-08-18 19:04:21','2023-08-18 19:04:21',NULL),(1379,7922,1023,3058,40721,1,1,441,0.0000,0.0000,1,6568443.95,0.00,0.00,0.00,0.00,0.00,0.00,0.00,0,'2023-08-26 19:51:07','2023-08-26 19:51:07',NULL),(1380,7922,1023,3058,40721,1,1,267,0.0000,0.0000,1,0.00,0.00,0.00,0.00,0.00,0.00,0.00,0.00,0,'2023-08-26 19:51:07','2023-08-26 19:51:07',NULL),(1381,7922,1023,3058,40721,1,1,813,0.0000,0.0000,1,0.00,0.00,0.00,0.00,0.00,0.00,0.00,0.00,0,'2023-08-26 19:51:07','2023-08-26 19:51:07',NULL),(1383,7922,1025,12330,40864,1,1,804,0.0000,0.0000,1,975701.00,0.00,0.00,0.00,0.00,0.00,0.00,0.00,0,'2023-09-10 18:55:02','2023-09-10 18:55:02',NULL),(1385,7922,1027,21496,40867,1,1,804,0.0000,0.0000,1,260500.00,0.00,0.00,0.00,0.00,0.00,0.00,0.00,0,'2023-09-10 19:46:50','2023-09-10 19:46:50',NULL),(1387,7922,1029,21495,40867,1,1,804,0.0000,0.0000,1,412000.00,0.00,0.00,0.00,0.00,0.00,0.00,0.00,0,'2023-09-10 19:48:22','2023-09-10 19:48:22',NULL),(1389,7922,1031,19980,40839,1,1,801,0.0000,0.0000,1,507000.00,0.00,0.00,0.00,0.00,0.00,0.00,0.00,0,'2023-09-10 20:05:05','2023-09-10 20:05:05',NULL),(1390,7922,1032,19981,40839,1,1,801,0.0000,0.0000,1,2511700.00,0.00,0.00,0.00,0.00,0.00,0.00,0.00,0,'2023-09-10 20:05:32','2023-09-10 20:05:32',NULL),(1502,7922,1108,6068,40723,1,1,574,0.0000,0.0000,1,24990091.08,0.00,0.00,0.00,0.00,0.00,0.00,0.00,0,'2023-09-20 19:44:18','2023-09-20 19:44:18',NULL),(1503,7922,1108,6068,40723,1,1,577,0.0000,0.0000,1,0.00,0.00,0.00,0.00,0.00,0.00,0.00,0.00,0,'2023-09-20 19:44:18','2023-09-20 19:44:18',NULL),(1504,7922,1108,6068,40723,1,1,578,0.0000,0.0000,1,0.00,0.00,0.00,0.00,0.00,0.00,0.00,0.00,0,'2023-09-20 19:44:18','2023-09-20 19:44:18',NULL),(1506,7922,1110,15387,40956,1,1,820,0.0000,0.0000,1,881820.00,0.00,0.00,0.00,0.00,0.00,0.00,0.00,0,'2023-09-21 11:22:36','2023-09-21 11:22:36',NULL),(1508,7922,1112,16917,40962,1,1,815,0.0000,0.0000,1,578480.00,0.00,0.00,0.00,0.00,0.00,0.00,0.00,0,'2023-09-21 11:25:49','2023-09-21 11:25:49',NULL),(1510,7922,1114,13857,40946,1,1,855,0.0000,0.0000,1,616376.00,0.00,0.00,0.00,0.00,0.00,0.00,0.00,0,'2023-09-21 11:27:43','2023-09-21 11:27:43',NULL),(1514,7922,1118,6061,40723,1,1,574,0.0000,0.0000,1,28116259.39,0.00,0.00,0.00,0.00,0.00,0.00,0.00,0,'2023-09-30 09:43:01','2023-09-30 09:43:01',NULL),(1515,7922,1118,6061,40723,1,1,577,0.0000,0.0000,1,0.00,0.00,0.00,0.00,0.00,0.00,0.00,0.00,0,'2023-09-30 09:43:01','2023-09-30 09:43:01',NULL);
INSERT INTO `period_liquidation_details` VALUES (1516,7922,1118,6061,40723,1,1,578,0.0000,0.0000,1,0.00,0.00,0.00,0.00,0.00,0.00,0.00,0.00,0,'2023-09-30 09:43:01','2023-09-30 09:43:01',NULL),(1521,7922,1122,13858,40946,1,1,855,0.0000,0.0000,1,476190.00,0.00,0.00,0.00,0.00,0.00,0.00,0.00,0,'2023-10-05 14:40:46','2023-10-05 14:40:46',NULL),(1522,7922,1123,16918,40962,1,1,815,0.0000,0.0000,1,0.00,0.00,0.00,0.00,0.00,0.00,0.00,0.00,0,'2023-10-05 14:42:52','2023-10-05 14:42:52',NULL),(1524,7922,1125,15388,40956,1,1,820,0.0000,0.0000,1,62425.00,0.00,0.00,0.00,0.00,0.00,0.00,0.00,0,'2023-10-05 14:45:37','2023-10-05 14:45:37',NULL),(1618,7922,1189,6066,40723,1,1,574,0.0000,0.0000,1,17963239.56,0.00,0.00,0.00,0.00,0.00,0.00,0.00,0,'2023-10-17 16:51:01','2023-10-17 16:51:01',NULL),(1619,7922,1189,6066,40723,1,1,577,0.0000,0.0000,1,0.00,0.00,0.00,0.00,0.00,0.00,0.00,0.00,0,'2023-10-17 16:51:01','2023-10-17 16:51:01',NULL),(1620,7922,1189,6066,40723,1,1,578,0.0000,0.0000,1,0.00,0.00,0.00,0.00,0.00,0.00,0.00,0.00,0,'2023-10-17 16:51:01','2023-10-17 16:51:01',NULL),(1630,7922,1197,6069,40723,1,1,574,0.0000,0.0000,1,28087319.10,0.00,0.00,0.00,0.00,0.00,0.00,0.00,0,'2023-10-18 22:19:10','2023-10-18 22:19:10',NULL),(1631,7922,1197,6069,40723,1,1,577,0.0000,0.0000,1,0.00,0.00,0.00,0.00,0.00,0.00,0.00,0.00,0,'2023-10-18 22:19:10','2023-10-18 22:19:10',NULL),(1632,7922,1197,6069,40723,1,1,578,0.0000,0.0000,1,0.00,0.00,0.00,0.00,0.00,0.00,0.00,0.00,0,'2023-10-18 22:19:10','2023-10-18 22:19:10',NULL),(1636,7922,1201,15389,40956,1,1,820,0.0000,0.0000,1,406624.50,0.00,0.00,0.00,0.00,0.00,0.00,0.00,0,'2023-11-03 12:40:38','2023-11-03 12:40:38',NULL),(1638,7922,1203,13859,40946,1,1,855,0.0000,0.0000,1,426136.50,0.00,0.00,0.00,0.00,0.00,0.00,0.00,0,'2023-11-03 12:42:30','2023-11-03 12:42:30',NULL),(1640,7922,1205,16919,40962,1,1,815,0.0000,0.0000,1,530844.00,0.00,0.00,0.00,0.00,0.00,0.00,0.00,0,'2023-11-03 12:44:29','2023-11-03 12:44:29',NULL),(1642,7922,1207,23167,41703,1,1,572,0.0000,0.0000,1,714350.00,0.00,0.00,0.00,0.00,0.00,0.00,0.00,0,'2023-11-06 17:13:35','2023-11-06 17:13:35',NULL),(1655,7922,1216,12332,40864,1,1,804,0.0000,0.0000,1,0.00,0.00,0.00,0.00,0.00,0.00,0.00,0.00,0,'2023-11-10 18:38:44','2023-11-10 18:38:44',NULL),(1657,7922,1218,12331,40864,1,1,804,0.0000,0.0000,1,782600.00,0.00,0.00,0.00,0.00,0.00,0.00,0.00,0,'2023-11-10 18:40:17','2023-11-10 18:40:17',NULL),(1661,7922,1222,3061,40721,1,1,441,0.0000,0.0000,1,8533262.57,0.00,0.00,0.00,0.00,0.00,0.00,0.00,0,'2023-11-15 17:24:30','2023-11-15 17:24:30',NULL),(1662,7922,1222,3061,40721,1,1,267,0.0000,0.0000,1,0.00,0.00,0.00,0.00,0.00,0.00,0.00,0.00,0,'2023-11-15 17:24:30','2023-11-15 17:24:30',NULL),(1663,7922,1222,3061,40721,1,1,813,0.0000,0.0000,1,0.00,0.00,0.00,0.00,0.00,0.00,0.00,0.00,0,'2023-11-15 17:24:30','2023-11-15 17:24:30',NULL),(1694,7922,1244,6070,40723,1,1,574,0.0000,0.0000,1,50313965.62,0.00,0.00,0.00,0.00,0.00,0.00,0.00,0,'2023-11-17 17:17:47','2023-11-17 17:17:47',NULL),(1695,7922,1244,6070,40723,1,1,577,0.0000,0.0000,1,0.00,0.00,0.00,0.00,0.00,0.00,0.00,0.00,0,'2023-11-17 17:17:47','2023-11-17 17:17:47',NULL),(1696,7922,1244,6070,40723,1,1,578,0.0000,0.0000,1,0.00,0.00,0.00,0.00,0.00,0.00,0.00,0.00,0,'2023-11-17 17:17:47','2023-11-17 17:17:47',NULL),(1698,7922,1246,13860,40946,1,1,855,0.0000,0.0000,1,601240.00,0.00,0.00,0.00,0.00,0.00,0.00,0.00,0,'2023-12-04 14:29:09','2023-12-04 14:29:09',NULL),(1700,7922,1248,16920,40962,1,1,815,0.0000,0.0000,1,871560.00,0.00,0.00,0.00,0.00,0.00,0.00,0.00,0,'2023-12-04 14:31:32','2023-12-04 14:31:32',NULL),(1704,7922,1252,3062,40721,1,1,441,0.0000,0.0000,1,14399737.76,0.00,0.00,0.00,0.00,0.00,0.00,0.00,0,'2023-12-17 12:02:36','2023-12-17 12:02:36',NULL),(1705,7922,1252,3062,40721,1,1,267,0.0000,0.0000,1,0.00,0.00,0.00,0.00,0.00,0.00,0.00,0.00,0,'2023-12-17 12:02:36','2023-12-17 12:02:36',NULL),(1706,7922,1252,3062,40721,1,1,813,0.0000,0.0000,1,0.00,0.00,0.00,0.00,0.00,0.00,0.00,0.00,0,'2023-12-17 12:02:36','2023-12-17 12:02:36',NULL);
INSERT INTO `period_liquidation_details` VALUES (1815,7922,1326,6071,40723,1,1,574,0.0000,0.0000,1,50012103.01,0.00,0.00,0.00,0.00,0.00,0.00,0.00,0,'2023-12-23 10:50:34','2023-12-23 10:50:34',NULL),(1816,7922,1326,6071,40723,1,1,577,0.0000,0.0000,1,0.00,0.00,0.00,0.00,0.00,0.00,0.00,0.00,0,'2023-12-23 10:50:34','2023-12-23 10:50:34',NULL),(1817,7922,1326,6071,40723,1,1,578,0.0000,0.0000,1,0.00,0.00,0.00,0.00,0.00,0.00,0.00,0.00,0,'2023-12-23 10:50:34','2023-12-23 10:50:34',NULL),(1821,7922,1330,13861,40946,1,1,855,0.0000,0.0000,1,817763.50,0.00,0.00,0.00,0.00,0.00,0.00,0.00,0,'2024-01-10 16:56:22','2024-01-10 16:56:22',NULL),(1823,7922,1332,15391,40956,1,1,820,0.0000,0.0000,1,1263000.00,0.00,0.00,0.00,0.00,0.00,0.00,0.00,0,'2024-01-10 17:18:32','2024-01-10 17:18:32',NULL),(1825,7922,1334,15390,40956,1,1,820,0.0000,0.0000,1,323125.00,0.00,0.00,0.00,0.00,0.00,0.00,0.00,0,'2024-01-10 17:22:29','2024-01-10 17:22:29',NULL),(1827,7922,1336,16921,40962,1,1,815,0.0000,0.0000,1,577055.00,0.00,0.00,0.00,0.00,0.00,0.00,0.00,0,'2024-01-10 17:36:15','2024-01-10 17:36:15',NULL),(1834,7922,1342,6072,40723,1,1,574,0.0000,0.0000,1,37149687.97,0.00,0.00,0.00,0.00,0.00,0.00,0.00,0,'2024-01-16 18:32:03','2024-01-16 18:32:03',NULL),(1835,7922,1342,6072,40723,1,1,577,0.0000,0.0000,1,0.00,0.00,0.00,0.00,0.00,0.00,0.00,0.00,0,'2024-01-16 18:32:03','2024-01-16 18:32:03',NULL),(1836,7922,1342,6072,40723,1,1,578,0.0000,0.0000,1,0.00,0.00,0.00,0.00,0.00,0.00,0.00,0.00,0,'2024-01-16 18:32:03','2024-01-16 18:32:03',NULL),(1861,7922,1360,6076,40723,1,1,574,0.0000,0.0000,1,45107247.33,0.00,0.00,0.00,0.00,0.00,0.00,0.00,0,'2024-02-24 20:50:37','2024-02-24 20:50:37',NULL),(1862,7922,1360,6076,40723,1,1,577,0.0000,0.0000,1,0.00,0.00,0.00,0.00,0.00,0.00,0.00,0.00,0,'2024-02-24 20:50:37','2024-02-24 20:50:37',NULL),(1863,7922,1360,6076,40723,1,1,578,0.0000,0.0000,1,0.00,0.00,0.00,0.00,0.00,0.00,0.00,0.00,0,'2024-02-24 20:50:37','2024-02-24 20:50:37',NULL),(1866,7922,1363,13866,40946,1,1,855,0.0000,0.0000,1,1124781.00,0.00,0.00,0.00,0.00,0.00,0.00,0.00,0,'2024-02-26 11:22:22','2024-02-26 11:22:22',NULL),(1867,7922,1364,13865,40946,1,1,855,0.0000,0.0000,1,195419.00,0.00,0.00,0.00,0.00,0.00,0.00,0.00,0,'2024-02-26 11:22:34','2024-02-26 11:22:34',NULL),(1870,7922,1367,16926,40962,1,1,815,0.0000,0.0000,1,303912.00,0.00,0.00,0.00,0.00,0.00,0.00,0.00,0,'2024-02-26 11:26:42','2024-02-26 11:26:42',NULL),(1871,7922,1368,16925,40962,1,1,815,0.0000,0.0000,1,1245046.00,0.00,0.00,0.00,0.00,0.00,0.00,0.00,0,'2024-02-26 11:26:53','2024-02-26 11:26:53',NULL),(1874,7922,1371,15396,40956,1,1,820,0.0000,0.0000,1,507030.30,0.00,0.00,0.00,0.00,0.00,0.00,0.00,0,'2024-02-26 11:30:19','2024-02-26 11:30:19',NULL),(1875,7922,1372,15395,40956,1,1,820,0.0000,0.0000,1,743600.00,0.00,0.00,0.00,0.00,0.00,0.00,0.00,0,'2024-02-26 11:30:28','2024-02-26 11:30:28',NULL),(1878,7922,1375,12333,40864,1,1,804,0.0000,0.0000,1,0.00,0.00,0.00,0.00,0.00,0.00,0.00,0.00,0,'2024-03-17 12:47:27','2024-03-17 12:47:27',NULL),(1879,7922,1376,12334,40864,1,1,804,0.0000,0.0000,1,354250.00,0.00,0.00,0.00,0.00,0.00,0.00,0.00,0,'2024-03-17 12:47:38','2024-03-17 12:47:38',NULL),(1880,7922,1377,12338,40864,1,1,804,0.0000,0.0000,1,0.00,0.00,0.00,0.00,0.00,0.00,0.00,0.00,0,'2024-03-17 12:47:46','2024-03-17 12:47:46',NULL),(1881,7922,1378,12339,40864,1,1,804,0.0000,0.0000,1,1247820.00,0.00,0.00,0.00,0.00,0.00,0.00,0.00,0,'2024-03-17 12:47:56','2024-03-17 12:47:56',NULL),(1885,7922,1382,19982,40839,1,1,801,0.0000,0.0000,1,988000.00,0.00,0.00,0.00,0.00,0.00,0.00,0.00,0,'2024-03-17 13:16:14','2024-03-17 13:16:14',NULL),(1886,7922,1383,19983,40839,1,1,801,0.0000,0.0000,1,0.00,0.00,0.00,0.00,0.00,0.00,0.00,0.00,0,'2024-03-17 13:16:23','2024-03-17 13:16:23',NULL),(1887,7922,1384,19984,40839,1,1,801,0.0000,0.0000,1,1347120.00,0.00,0.00,0.00,0.00,0.00,0.00,0.00,0,'2024-03-17 13:16:37','2024-03-17 13:16:37',NULL),(1888,7922,1385,19985,40839,1,1,801,0.0000,0.0000,1,0.00,0.00,0.00,0.00,0.00,0.00,0.00,0.00,0,'2024-03-17 13:16:48','2024-03-17 13:16:48',NULL);
INSERT INTO `period_liquidation_details` VALUES (1889,7922,1386,19989,40839,1,1,801,0.0000,0.0000,1,0.00,0.00,0.00,0.00,0.00,0.00,0.00,0.00,0,'2024-03-17 13:17:10','2024-03-17 13:17:10',NULL),(1890,7922,1387,19990,40839,1,1,801,0.0000,0.0000,1,0.00,0.00,0.00,0.00,0.00,0.00,0.00,0.00,0,'2024-03-17 13:17:18','2024-03-17 13:17:18',NULL),(1891,7922,1388,21497,40867,1,1,804,0.0000,0.0000,1,85000.00,0.00,0.00,0.00,0.00,0.00,0.00,0.00,0,'2024-03-17 13:28:21','2024-03-17 13:28:21',NULL),(1894,7922,1391,21498,40867,1,1,804,0.0000,0.0000,1,0.00,0.00,0.00,0.00,0.00,0.00,0.00,0.00,0,'2024-03-17 13:33:11','2024-03-17 13:33:11',NULL),(1895,7922,1392,21499,40867,1,1,804,0.0000,0.0000,1,1555000.00,0.00,0.00,0.00,0.00,0.00,0.00,0.00,0,'2024-03-17 13:33:21','2024-03-17 13:33:21',NULL),(1896,7922,1393,21500,40867,1,1,804,0.0000,0.0000,1,468000.00,0.00,0.00,0.00,0.00,0.00,0.00,0.00,0,'2024-03-17 13:33:31','2024-03-17 13:33:31',NULL),(1897,7922,1394,21504,40867,1,1,804,0.0000,0.0000,1,0.00,0.00,0.00,0.00,0.00,0.00,0.00,0.00,0,'2024-03-17 13:33:39','2024-03-17 13:33:39',NULL),(1898,7922,1395,21505,40867,1,1,804,0.0000,0.0000,1,0.00,0.00,0.00,0.00,0.00,0.00,0.00,0.00,0,'2024-03-17 13:34:03','2024-03-17 13:34:03',NULL),(1902,7922,1399,23168,41703,1,1,572,0.0000,0.0000,1,1123497.00,0.00,0.00,0.00,0.00,0.00,0.00,0.00,0,'2024-03-17 13:44:39','2024-03-17 13:44:39',NULL),(1903,7922,1400,23169,41703,1,1,572,0.0000,0.0000,1,1561455.00,0.00,0.00,0.00,0.00,0.00,0.00,0.00,0,'2024-03-17 13:44:55','2024-03-17 13:44:55',NULL),(1904,7922,1401,23173,41703,1,1,572,0.0000,0.0000,1,0.00,0.00,0.00,0.00,0.00,0.00,0.00,0.00,0,'2024-03-17 13:45:14','2024-03-17 13:45:14',NULL),(1905,7922,1402,23174,41703,1,1,572,0.0000,0.0000,1,1341200.00,0.00,0.00,0.00,0.00,0.00,0.00,0.00,0,'2024-03-17 13:46:03','2024-03-17 13:46:03',NULL),(1909,7922,1406,6077,40723,1,1,574,0.0000,0.0000,1,39637364.07,0.00,0.00,0.00,0.00,0.00,0.00,0.00,0,'2024-03-21 13:43:42','2024-03-21 13:43:42',NULL),(1910,7922,1406,6077,40723,1,1,577,0.0000,0.0000,1,0.00,0.00,0.00,0.00,0.00,0.00,0.00,0.00,0,'2024-03-21 13:43:42','2024-03-21 13:43:42',NULL),(1911,7922,1406,6077,40723,1,1,578,0.0000,0.0000,1,0.00,0.00,0.00,0.00,0.00,0.00,0.00,0.00,0,'2024-03-21 13:43:42','2024-03-21 13:43:42',NULL),(1912,7922,1407,12340,40864,1,1,804,0.0000,0.0000,1,0.00,0.00,0.00,0.00,0.00,0.00,0.00,0.00,0,'2024-04-05 12:22:25','2024-04-05 12:22:25',NULL),(1914,7922,1409,16927,40962,1,1,815,0.0000,0.0000,1,1427800.00,0.00,0.00,0.00,0.00,0.00,0.00,0.00,0,'2024-04-05 14:25:08','2024-04-05 14:25:08',NULL),(1916,7922,1411,13867,40946,1,1,855,0.0000,0.0000,1,1323050.00,0.00,0.00,0.00,0.00,0.00,0.00,0.00,0,'2024-04-05 14:29:05','2024-04-05 14:29:05',NULL),(1918,7922,1413,15397,40956,1,1,820,0.0000,0.0000,1,1187000.00,0.00,0.00,0.00,0.00,0.00,0.00,0.00,0,'2024-04-05 14:31:27','2024-04-05 14:31:27',NULL),(1919,7922,1414,16928,40962,1,1,815,0.0000,0.0000,1,0.00,0.00,0.00,0.00,0.00,0.00,0.00,0.00,0,'2024-05-03 14:22:58','2024-05-03 14:22:58',NULL),(1921,7922,1416,13868,40946,1,1,855,0.0000,0.0000,1,516150.00,0.00,0.00,0.00,0.00,0.00,0.00,0.00,0,'2024-05-03 14:25:50','2024-05-03 14:25:50',NULL),(1922,7922,1417,15398,40956,1,1,820,0.0000,0.0000,1,0.00,0.00,0.00,0.00,0.00,0.00,0.00,0.00,0,'2024-05-03 14:27:42','2024-05-03 14:27:42',NULL),(1925,7922,1421,6078,40723,1,1,574,0.0000,0.0000,1,68838572.77,0.00,0.00,0.00,0.00,0.00,0.00,0.00,0,'2024-06-01 11:58:09','2024-06-01 11:58:09',NULL),(1926,7922,1421,6078,40723,1,1,577,0.0000,0.0000,1,0.00,0.00,0.00,0.00,0.00,0.00,0.00,0.00,0,'2024-06-01 11:58:09','2024-06-01 11:58:09',NULL),(1927,7922,1421,6078,40723,1,1,578,0.0000,0.0000,1,0.00,0.00,0.00,0.00,0.00,0.00,0.00,0.00,0,'2024-06-01 11:58:09','2024-06-01 11:58:09',NULL),(1928,7922,1423,6079,40723,1,1,574,0.0000,0.0000,1,53758280.38,0.00,0.00,0.00,0.00,0.00,0.00,0.00,0,'2024-06-01 12:05:05','2024-06-01 12:05:05',NULL),(1929,7922,1423,6079,40723,1,1,577,0.0000,0.0000,1,0.00,0.00,0.00,0.00,0.00,0.00,0.00,0.00,0,'2024-06-01 12:05:05','2024-06-01 12:05:05',NULL);
INSERT INTO `period_liquidation_details` VALUES (1930,7922,1423,6079,40723,1,1,578,0.0000,0.0000,1,0.00,0.00,0.00,0.00,0.00,0.00,0.00,0.00,0,'2024-06-01 12:05:05','2024-06-01 12:05:05',NULL),(1932,7922,1425,12341,40864,1,1,804,0.0000,0.0000,1,665000.00,0.00,0.00,0.00,0.00,0.00,0.00,0.00,0,'2024-06-05 12:17:08','2024-06-05 12:17:08',NULL),(1933,7922,1426,12342,40864,1,1,804,0.0000,0.0000,1,0.00,0.00,0.00,0.00,0.00,0.00,0.00,0.00,0,'2024-06-05 12:17:19','2024-06-05 12:17:19',NULL),(1935,7922,1428,21506,40867,1,1,804,0.0000,0.0000,1,760680.00,0.00,0.00,0.00,0.00,0.00,0.00,0.00,0,'2024-06-05 12:45:15','2024-06-05 12:45:15',NULL),(1936,7922,1429,21507,40867,1,1,804,0.0000,0.0000,1,0.00,0.00,0.00,0.00,0.00,0.00,0.00,0.00,0,'2024-06-05 12:45:24','2024-06-05 12:45:24',NULL),(1937,7922,1430,21508,40867,1,1,804,0.0000,0.0000,1,0.00,0.00,0.00,0.00,0.00,0.00,0.00,0.00,0,'2024-06-05 12:45:33','2024-06-05 12:45:33',NULL),(1939,7922,1432,19991,40839,1,1,801,0.0000,0.0000,1,958600.00,0.00,0.00,0.00,0.00,0.00,0.00,0.00,0,'2024-06-05 12:57:42','2024-06-05 12:57:42',NULL),(1940,7922,1433,19992,40839,1,1,801,0.0000,0.0000,1,0.00,0.00,0.00,0.00,0.00,0.00,0.00,0.00,0,'2024-06-05 12:57:51','2024-06-05 12:57:51',NULL),(1941,7922,1434,19993,40839,1,1,801,0.0000,0.0000,1,0.00,0.00,0.00,0.00,0.00,0.00,0.00,0.00,0,'2024-06-05 12:57:59','2024-06-05 12:57:59',NULL),(1960,7922,1448,6080,40723,1,1,574,0.0000,0.0000,1,58528354.18,0.00,0.00,0.00,0.00,0.00,0.00,0.00,0,'2024-06-24 18:55:00','2024-06-24 18:55:00',NULL),(1961,7922,1448,6080,40723,1,1,577,0.0000,0.0000,1,0.00,0.00,0.00,0.00,0.00,0.00,0.00,0.00,0,'2024-06-24 18:55:00','2024-06-24 18:55:00',NULL),(1962,7922,1448,6080,40723,1,1,578,0.0000,0.0000,1,0.00,0.00,0.00,0.00,0.00,0.00,0.00,0.00,0,'2024-06-24 18:55:00','2024-06-24 18:55:00',NULL),(1964,7922,1450,13870,40946,1,1,855,0.0000,0.0000,1,612750.00,0.00,0.00,0.00,0.00,0.00,0.00,0.00,0,'2024-07-04 20:10:20','2024-07-04 20:10:20',NULL),(1966,7922,1452,13869,40946,1,1,855,0.0000,0.0000,1,1370350.00,0.00,0.00,0.00,0.00,0.00,0.00,0.00,0,'2024-07-04 20:11:32','2024-07-04 20:11:32',NULL),(1969,7922,1455,16930,40962,1,1,815,0.0000,0.0000,1,2334050.00,0.00,0.00,0.00,0.00,0.00,0.00,0.00,0,'2024-07-04 20:14:09','2024-07-04 20:14:09',NULL),(1970,7922,1456,16929,40962,1,1,815,0.0000,0.0000,1,2401250.00,0.00,0.00,0.00,0.00,0.00,0.00,0.00,0,'2024-07-04 20:14:16','2024-07-04 20:14:16',NULL),(1973,7922,1459,15399,40956,1,1,820,0.0000,0.0000,1,2426575.00,0.00,0.00,0.00,0.00,0.00,0.00,0.00,0,'2024-07-04 20:19:12','2024-07-04 20:19:12',NULL),(1974,7922,1460,15400,40956,1,1,820,0.0000,0.0000,1,430400.00,0.00,0.00,0.00,0.00,0.00,0.00,0.00,0,'2024-07-04 20:19:30','2024-07-04 20:19:30',NULL),(1975,7922,1462,6081,40723,1,1,574,0.0000,0.0000,1,40478430.66,0.00,0.00,0.00,0.00,0.00,0.00,0.00,0,'2024-07-20 12:12:15','2024-07-20 12:12:15',NULL),(1976,7922,1462,6081,40723,1,1,577,0.0000,0.0000,1,0.00,0.00,0.00,0.00,0.00,0.00,0.00,0.00,0,'2024-07-20 12:12:15','2024-07-20 12:12:15',NULL),(1977,7922,1462,6081,40723,1,1,578,0.0000,0.0000,1,0.00,0.00,0.00,0.00,0.00,0.00,0.00,0.00,0,'2024-07-20 12:12:15','2024-07-20 12:12:15',NULL),(1978,7922,1464,6082,40723,1,1,574,0.0000,0.0000,1,69917287.83,0.00,0.00,0.00,0.00,0.00,0.00,0.00,0,'2024-08-20 14:31:43','2024-08-20 14:31:43',NULL),(1979,7922,1464,6082,40723,1,1,577,0.0000,0.0000,1,0.00,0.00,0.00,0.00,0.00,0.00,0.00,0.00,0,'2024-08-20 14:31:43','2024-08-20 14:31:43',NULL),(1980,7922,1464,6082,40723,1,1,578,0.0000,0.0000,1,0.00,0.00,0.00,0.00,0.00,0.00,0.00,0.00,0,'2024-08-20 14:31:43','2024-08-20 14:31:43',NULL),(1981,7922,1466,6083,40723,1,1,574,0.0000,0.0000,1,72493535.92,0.00,0.00,0.00,0.00,0.00,0.00,0.00,0,'2024-09-22 20:37:51','2024-09-22 20:37:51',NULL),(1982,7922,1466,6083,40723,1,1,577,0.0000,0.0000,1,0.00,0.00,0.00,0.00,0.00,0.00,0.00,0.00,0,'2024-09-22 20:37:51','2024-09-22 20:37:51',NULL),(1983,7922,1466,6083,40723,1,1,578,0.0000,0.0000,1,0.00,0.00,0.00,0.00,0.00,0.00,0.00,0.00,0,'2024-09-22 20:37:51','2024-09-22 20:37:51',NULL);
INSERT INTO `period_liquidation_details` VALUES (1987,7922,1470,12343,40864,1,1,804,0.0000,0.0000,1,1130000.00,0.00,0.00,0.00,0.00,0.00,0.00,0.00,0,'2024-09-27 18:20:10','2024-09-27 18:20:10',NULL),(1988,7922,1471,12344,40864,1,1,804,0.0000,0.0000,1,1013600.00,0.00,0.00,0.00,0.00,0.00,0.00,0.00,0,'2024-09-27 18:20:19','2024-09-27 18:20:19',NULL),(1989,7922,1472,12345,40864,1,1,804,0.0000,0.0000,1,1548000.00,0.00,0.00,0.00,0.00,0.00,0.00,0.00,0,'2024-09-27 18:20:28','2024-09-27 18:20:28',NULL),(1990,7922,1473,16932,40962,1,1,815,0.0000,0.0000,1,688000.00,0.00,0.00,0.00,0.00,0.00,0.00,0.00,0,'2024-10-03 06:53:37','2024-10-03 06:53:37',NULL),(1992,7922,1475,16931,40962,1,1,815,0.0000,0.0000,1,0.00,0.00,0.00,0.00,0.00,0.00,0.00,0.00,0,'2024-10-03 06:55:00','2024-10-03 06:55:00',NULL),(1993,7922,1476,16933,40962,1,1,815,0.0000,0.0000,1,3030704.00,0.00,0.00,0.00,0.00,0.00,0.00,0.00,0,'2024-10-03 06:55:18','2024-10-03 06:55:18',NULL),(1994,7922,1477,15402,40956,1,1,820,0.0000,0.0000,1,1204000.00,0.00,0.00,0.00,0.00,0.00,0.00,0.00,0,'2024-10-03 07:01:35','2024-10-03 07:01:35',NULL),(1996,7922,1479,15401,40956,1,1,820,0.0000,0.0000,1,0.00,0.00,0.00,0.00,0.00,0.00,0.00,0.00,0,'2024-10-03 07:02:42','2024-10-03 07:02:42',NULL),(1997,7922,1480,15403,40956,1,1,820,0.0000,0.0000,1,3524025.00,0.00,0.00,0.00,0.00,0.00,0.00,0.00,0,'2024-10-03 07:02:57','2024-10-03 07:02:57',NULL),(2011,7922,1494,13871,40946,1,1,855,0.0000,0.0000,1,1746960.00,0.00,0.00,0.00,0.00,0.00,0.00,0.00,0,'2024-10-03 07:12:46','2024-10-03 07:12:46',NULL),(2012,7922,1495,13872,40946,1,1,855,0.0000,0.0000,1,1058660.00,0.00,0.00,0.00,0.00,0.00,0.00,0.00,0,'2024-10-03 07:13:05','2024-10-03 07:13:05',NULL),(2013,7922,1496,13873,40946,1,1,855,0.0000,0.0000,1,1978960.00,0.00,0.00,0.00,0.00,0.00,0.00,0.00,0,'2024-10-03 07:13:15','2024-10-03 07:13:15',NULL),(2014,7922,1498,6084,40723,1,1,574,0.0000,0.0000,1,74767749.37,0.00,0.00,0.00,0.00,0.00,0.00,0.00,0,'2024-10-14 19:11:17','2024-10-14 19:11:17',NULL),(2015,7922,1498,6084,40723,1,1,577,0.0000,0.0000,1,0.00,0.00,0.00,0.00,0.00,0.00,0.00,0.00,0,'2024-10-14 19:11:17','2024-10-14 19:11:17',NULL),(2016,7922,1498,6084,40723,1,1,578,0.0000,0.0000,1,0.00,0.00,0.00,0.00,0.00,0.00,0.00,0.00,0,'2024-10-14 19:11:17','2024-10-14 19:11:17',NULL),(2017,7922,1500,6085,40723,1,1,574,0.0000,0.0000,1,77224581.53,0.00,0.00,0.00,0.00,0.00,0.00,0.00,0,'2024-11-15 18:08:21','2024-11-15 18:08:21',NULL),(2018,7922,1500,6085,40723,1,1,577,0.0000,0.0000,1,0.00,0.00,0.00,0.00,0.00,0.00,0.00,0.00,0,'2024-11-15 18:08:21','2024-11-15 18:08:21',NULL),(2019,7922,1500,6085,40723,1,1,578,0.0000,0.0000,1,0.00,0.00,0.00,0.00,0.00,0.00,0.00,0.00,0,'2024-11-15 18:08:21','2024-11-15 18:08:21',NULL),(2020,7922,1501,16934,40962,1,1,815,0.0000,0.0000,1,2037200.00,0.00,0.00,0.00,0.00,0.00,0.00,0.00,0,'2024-12-02 08:42:32','2024-12-02 08:42:32',NULL),(2023,7922,1504,16935,40962,1,1,815,0.0000,0.0000,1,2752800.00,0.00,0.00,0.00,0.00,0.00,0.00,0.00,0,'2024-12-02 08:43:20','2024-12-02 08:43:20',NULL),(2026,7922,1507,15404,40956,1,1,820,0.0000,0.0000,1,1149376.00,0.00,0.00,0.00,0.00,0.00,0.00,0.00,0,'2024-12-02 08:46:30','2024-12-02 08:46:30',NULL),(2027,7922,1508,15405,40956,1,1,820,0.0000,0.0000,1,7939375.00,0.00,0.00,0.00,0.00,0.00,0.00,0.00,0,'2024-12-02 08:46:37','2024-12-02 08:46:37',NULL),(2030,7922,1511,13874,40946,1,1,855,0.0000,0.0000,1,1371900.00,0.00,0.00,0.00,0.00,0.00,0.00,0.00,0,'2024-12-02 08:51:57','2024-12-02 08:51:57',NULL),(2031,7922,1512,13875,40946,1,1,855,0.0000,0.0000,1,1614020.00,0.00,0.00,0.00,0.00,0.00,0.00,0.00,0,'2024-12-02 08:52:08','2024-12-02 08:52:08',NULL),(2035,7922,1516,12348,40864,1,1,804,0.0000,0.0000,1,3126800.00,0.00,0.00,0.00,0.00,0.00,0.00,0.00,0,'2024-12-06 16:21:56','2024-12-06 16:21:56',NULL),(2036,7922,1517,12347,40864,1,1,804,0.0000,0.0000,1,5935500.00,0.00,0.00,0.00,0.00,0.00,0.00,0.00,0,'2024-12-06 16:22:08','2024-12-06 16:22:08',NULL),(2037,7922,1518,12346,40864,1,1,804,0.0000,0.0000,1,4281410.00,0.00,0.00,0.00,0.00,0.00,0.00,0.00,0,'2024-12-06 16:22:17','2024-12-06 16:22:17',NULL);
INSERT INTO `period_liquidation_details` VALUES (2042,7922,1523,21509,40867,1,1,804,0.0000,0.0000,1,0.00,0.00,0.00,0.00,0.00,0.00,0.00,0.00,0,'2024-12-11 10:45:19','2024-12-11 10:45:19',NULL),(2043,7922,1524,21510,40867,1,1,804,0.0000,0.0000,1,0.00,0.00,0.00,0.00,0.00,0.00,0.00,0.00,0,'2024-12-11 10:45:28','2024-12-11 10:45:28',NULL),(2044,7922,1525,21511,40867,1,1,804,0.0000,0.0000,1,1032000.00,0.00,0.00,0.00,0.00,0.00,0.00,0.00,0,'2024-12-11 10:45:37','2024-12-11 10:45:37',NULL),(2045,7922,1526,21512,40867,1,1,804,0.0000,0.0000,1,1622600.00,0.00,0.00,0.00,0.00,0.00,0.00,0.00,0,'2024-12-11 10:45:50','2024-12-11 10:45:50',NULL),(2046,7922,1527,21513,40867,1,1,804,0.0000,0.0000,1,2517000.00,0.00,0.00,0.00,0.00,0.00,0.00,0.00,0,'2024-12-11 10:45:58','2024-12-11 10:45:58',NULL),(2047,7922,1528,21514,40867,1,1,804,0.0000,0.0000,1,3500000.00,0.00,0.00,0.00,0.00,0.00,0.00,0.00,0,'2024-12-11 10:46:05','2024-12-11 10:46:05',NULL),(2052,7922,1533,19999,40839,1,1,801,0.0000,0.0000,1,4258963.00,0.00,0.00,0.00,0.00,0.00,0.00,0.00,0,'2024-12-11 10:51:16','2024-12-11 10:51:16',NULL),(2053,7922,1534,19998,40839,1,1,801,0.0000,0.0000,1,3858000.00,0.00,0.00,0.00,0.00,0.00,0.00,0.00,0,'2024-12-11 10:51:24','2024-12-11 10:51:24',NULL),(2054,7922,1535,19997,40839,1,1,801,0.0000,0.0000,1,4531953.00,0.00,0.00,0.00,0.00,0.00,0.00,0.00,0,'2024-12-11 10:51:33','2024-12-11 10:51:33',NULL),(2055,7922,1536,19996,40839,1,1,801,0.0000,0.0000,1,1720000.00,0.00,0.00,0.00,0.00,0.00,0.00,0.00,0,'2024-12-11 10:51:40','2024-12-11 10:51:40',NULL),(2056,7922,1537,19995,40839,1,1,801,0.0000,0.0000,1,0.00,0.00,0.00,0.00,0.00,0.00,0.00,0.00,0,'2024-12-11 10:51:47','2024-12-11 10:51:47',NULL),(2057,7922,1538,19994,40839,1,1,801,0.0000,0.0000,1,0.00,0.00,0.00,0.00,0.00,0.00,0.00,0.00,0,'2024-12-11 10:51:57','2024-12-11 10:51:57',NULL),(2066,7922,1547,23183,41703,1,1,572,0.0000,0.0000,1,7089012.00,0.00,0.00,0.00,0.00,0.00,0.00,0.00,0,'2024-12-11 11:18:48','2024-12-11 11:18:48',NULL),(2067,7922,1548,23182,41703,1,1,572,0.0000,0.0000,1,8005782.00,0.00,0.00,0.00,0.00,0.00,0.00,0.00,0,'2024-12-11 11:19:16','2024-12-11 11:19:16',NULL),(2068,7922,1549,23181,41703,1,1,572,0.0000,0.0000,1,340000.00,0.00,0.00,0.00,0.00,0.00,0.00,0.00,0,'2024-12-11 11:19:26','2024-12-11 11:19:26',NULL),(2069,7922,1550,23180,41703,1,1,572,0.0000,0.0000,1,3432000.00,0.00,0.00,0.00,0.00,0.00,0.00,0.00,0,'2024-12-11 11:19:38','2024-12-11 11:19:38',NULL),(2070,7922,1551,23179,41703,1,1,572,0.0000,0.0000,1,2959060.00,0.00,0.00,0.00,0.00,0.00,0.00,0.00,0,'2024-12-11 11:19:47','2024-12-11 11:19:47',NULL),(2071,7922,1552,23178,41703,1,1,572,0.0000,0.0000,1,0.00,0.00,0.00,0.00,0.00,0.00,0.00,0.00,0,'2024-12-11 11:19:56','2024-12-11 11:19:56',NULL),(2072,7922,1553,23177,41703,1,1,572,0.0000,0.0000,1,3091566.00,0.00,0.00,0.00,0.00,0.00,0.00,0.00,0,'2024-12-11 11:20:09','2024-12-11 11:20:09',NULL),(2073,7922,1554,23176,41703,1,1,572,0.0000,0.0000,1,760000.00,0.00,0.00,0.00,0.00,0.00,0.00,0.00,0,'2024-12-11 11:20:25','2024-12-11 11:20:25',NULL),(2074,7922,1555,23175,41703,1,1,572,0.0000,0.0000,1,1140000.00,0.00,0.00,0.00,0.00,0.00,0.00,0.00,0,'2024-12-11 11:20:35','2024-12-11 11:20:35',NULL),(2075,7922,1557,6086,40723,1,1,574,0.0000,0.0000,1,88911274.05,0.00,0.00,0.00,0.00,0.00,0.00,0.00,0,'2024-12-20 13:22:12','2024-12-20 13:22:12',NULL),(2076,7922,1557,6086,40723,1,1,577,0.0000,0.0000,1,0.00,0.00,0.00,0.00,0.00,0.00,0.00,0.00,0,'2024-12-20 13:22:12','2024-12-20 13:22:12',NULL),(2077,7922,1557,6086,40723,1,1,578,0.0000,0.0000,1,0.00,0.00,0.00,0.00,0.00,0.00,0.00,0.00,0,'2024-12-20 13:22:12','2024-12-20 13:22:12',NULL),(2078,7922,1559,6087,40723,1,1,574,0.0000,0.0000,1,76603844.77,0.00,0.00,0.00,0.00,0.00,0.00,0.00,0,'2025-01-14 12:55:54','2025-01-14 12:55:54',NULL),(2079,7922,1559,6087,40723,1,1,577,0.0000,0.0000,1,0.00,0.00,0.00,0.00,0.00,0.00,0.00,0.00,0,'2025-01-14 12:55:54','2025-01-14 12:55:54',NULL),(2080,7922,1559,6087,40723,1,1,578,0.0000,0.0000,1,0.00,0.00,0.00,0.00,0.00,0.00,0.00,0.00,0,'2025-01-14 12:55:54','2025-01-14 12:55:54',NULL);
INSERT INTO `period_liquidation_details` VALUES (2082,7922,1561,13876,40946,1,1,855,0.0000,0.0000,1,1598400.00,0.00,0.00,0.00,0.00,0.00,0.00,0.00,0,'2025-01-23 09:15:23','2025-01-23 09:15:23',NULL),(2084,7922,1563,15406,40956,1,1,820,0.0000,0.0000,1,-985050.00,0.00,0.00,0.00,0.00,0.00,0.00,0.00,0,'2025-01-23 09:19:07','2025-01-23 09:19:07',NULL),(2086,7922,1565,16936,40962,1,1,815,0.0000,0.0000,1,220000.00,0.00,0.00,0.00,0.00,0.00,0.00,0.00,0,'2025-01-23 09:25:13','2025-01-23 09:25:13',NULL),(2088,7922,1567,23184,41703,1,1,572,0.0000,0.0000,1,7050000.00,0.00,0.00,0.00,0.00,0.00,0.00,0.00,0,'2025-01-27 08:56:06','2025-01-27 08:56:06',NULL),(2090,7922,1569,21515,40867,1,1,804,0.0000,0.0000,1,3400000.00,0.00,0.00,0.00,0.00,0.00,0.00,0.00,0,'2025-01-28 09:23:41','2025-01-28 09:23:41',NULL),(2092,7922,1571,20000,40839,1,1,801,0.0000,0.0000,1,4080000.00,0.00,0.00,0.00,0.00,0.00,0.00,0.00,0,'2025-01-28 09:29:42','2025-01-28 09:29:42',NULL),(2093,7922,1573,6091,40723,1,1,574,0.0000,0.0000,1,101286305.50,0.00,0.00,0.00,0.00,0.00,0.00,0.00,0,'2025-02-21 16:25:11','2025-02-21 16:25:11',NULL),(2094,7922,1573,6091,40723,1,1,577,0.0000,0.0000,1,0.00,0.00,0.00,0.00,0.00,0.00,0.00,0.00,0,'2025-02-21 16:25:11','2025-02-21 16:25:11',NULL),(2095,7922,1573,6091,40723,1,1,578,0.0000,0.0000,1,0.00,0.00,0.00,0.00,0.00,0.00,0.00,0.00,0,'2025-02-21 16:25:11','2025-02-21 16:25:11',NULL),(2099,7922,1577,6092,40723,1,1,574,0.0000,0.0000,1,95680187.59,0.00,0.00,0.00,0.00,0.00,0.00,0.00,0,'2025-03-18 15:07:54','2025-03-18 15:07:54',NULL),(2100,7922,1577,6092,40723,1,1,577,0.0000,0.0000,1,0.00,0.00,0.00,0.00,0.00,0.00,0.00,0.00,0,'2025-03-18 15:07:54','2025-03-18 15:07:54',NULL),(2101,7922,1577,6092,40723,1,1,578,0.0000,0.0000,1,0.00,0.00,0.00,0.00,0.00,0.00,0.00,0.00,0,'2025-03-18 15:07:54','2025-03-18 15:07:54',NULL),(2105,7922,1581,12349,40864,1,1,804,0.0000,0.0000,1,2374000.00,0.00,0.00,0.00,0.00,0.00,0.00,0.00,0,'2025-04-09 16:03:34','2025-04-09 16:03:34',NULL),(2106,7922,1582,12353,40864,1,1,804,0.0000,0.0000,1,3606000.00,0.00,0.00,0.00,0.00,0.00,0.00,0.00,0,'2025-04-09 16:03:44','2025-04-09 16:03:44',NULL),(2107,7922,1583,12354,40864,1,1,804,0.0000,0.0000,1,3756000.00,0.00,0.00,0.00,0.00,0.00,0.00,0.00,0,'2025-04-09 16:03:53','2025-04-09 16:03:53',NULL),(2111,7922,1587,23188,41703,1,1,572,0.0000,0.0000,1,7790000.00,0.00,0.00,0.00,0.00,0.00,0.00,0.00,0,'2025-04-11 17:35:23','2025-04-11 17:35:23',NULL),(2112,7922,1588,23189,41703,1,1,572,0.0000,0.0000,1,4100000.00,0.00,0.00,0.00,0.00,0.00,0.00,0.00,0,'2025-04-11 17:35:33','2025-04-11 17:35:33',NULL),(2113,7922,1589,23190,41703,1,1,572,0.0000,0.0000,1,4100000.00,0.00,0.00,0.00,0.00,0.00,0.00,0.00,0,'2025-04-11 17:35:43','2025-04-11 17:35:43',NULL),(2115,7922,1591,12355,40864,1,1,804,0.0000,0.0000,1,5217480.00,0.00,0.00,0.00,0.00,0.00,0.00,0.00,0,'2025-04-11 17:44:55','2025-04-11 17:44:55',NULL),(2117,7922,1595,24690,41849,1,1,441,0.0000,0.0000,1,7352399.72,0.00,0.00,0.00,0.00,0.00,0.00,0.00,0,'2025-04-14 16:13:44','2025-04-14 16:13:44',NULL),(2122,7922,1601,20006,40839,1,1,801,0.0000,0.0000,1,3280000.00,0.00,0.00,0.00,0.00,0.00,0.00,0.00,0,'2025-04-17 16:23:56','2025-04-17 16:23:56',NULL),(2123,7922,1602,20005,40839,1,1,801,0.0000,0.0000,1,3280000.00,0.00,0.00,0.00,0.00,0.00,0.00,0.00,0,'2025-04-17 16:24:05','2025-04-17 16:24:05',NULL),(2124,7922,1603,20004,40839,1,1,801,0.0000,0.0000,1,2050000.00,0.00,0.00,0.00,0.00,0.00,0.00,0.00,0,'2025-04-17 16:24:13','2025-04-17 16:24:13',NULL),(2128,7922,1607,21521,40867,1,1,804,0.0000,0.0000,1,2050000.00,0.00,0.00,0.00,0.00,0.00,0.00,0.00,0,'2025-04-17 16:29:35','2025-04-17 16:29:35',NULL),(2129,7922,1608,21520,40867,1,1,804,0.0000,0.0000,1,2870000.00,0.00,0.00,0.00,0.00,0.00,0.00,0.00,0,'2025-04-17 16:29:45','2025-04-17 16:29:45',NULL),(2130,7922,1609,21519,40867,1,1,804,0.0000,0.0000,1,2870000.00,0.00,0.00,0.00,0.00,0.00,0.00,0.00,0,'2025-04-17 16:29:53','2025-04-17 16:29:53',NULL);
INSERT INTO `period_liquidation_details` VALUES (2132,7922,1611,16940,40962,1,1,815,0.0000,0.0000,1,1538301.00,0.00,0.00,0.00,0.00,0.00,0.00,0.00,0,'2025-04-17 16:33:46','2025-04-17 16:33:46',NULL),(2134,7922,1613,16941,40962,1,1,815,0.0000,0.0000,1,350000.00,0.00,0.00,0.00,0.00,0.00,0.00,0.00,0,'2025-04-17 16:34:02','2025-04-17 16:34:02',NULL),(2136,7922,1615,16942,40962,1,1,815,0.0000,0.0000,1,4380000.00,0.00,0.00,0.00,0.00,0.00,0.00,0.00,0,'2025-04-17 16:34:19','2025-04-17 16:34:19',NULL),(2140,7922,1619,13880,40946,1,1,855,0.0000,0.0000,1,2332800.00,0.00,0.00,0.00,0.00,0.00,0.00,0.00,0,'2025-04-17 16:38:12','2025-04-17 16:38:12',NULL),(2141,7922,1620,13881,40946,1,1,855,0.0000,0.0000,1,1783450.00,0.00,0.00,0.00,0.00,0.00,0.00,0.00,0,'2025-04-17 16:38:19','2025-04-17 16:38:19',NULL),(2142,7922,1621,13882,40946,1,1,855,0.0000,0.0000,1,716516.00,0.00,0.00,0.00,0.00,0.00,0.00,0.00,0,'2025-04-17 16:38:28','2025-04-17 16:38:28',NULL),(2143,7922,1622,15410,40956,1,1,820,0.0000,0.0000,1,0.00,0.00,0.00,0.00,0.00,0.00,0.00,0.00,0,'2025-04-17 16:51:51','2025-04-17 16:51:51',NULL),(2146,7922,1625,15411,40956,1,1,820,0.0000,0.0000,1,5610345.00,0.00,0.00,0.00,0.00,0.00,0.00,0.00,0,'2025-04-17 16:52:24','2025-04-17 16:52:24',NULL),(2147,7922,1626,15412,40956,1,1,820,0.0000,0.0000,1,282000.00,0.00,0.00,0.00,0.00,0.00,0.00,0.00,0,'2025-04-17 16:52:32','2025-04-17 16:52:32',NULL),(2202,7922,1680,30722,42095,1,1,400,0.0000,0.0000,1,0.00,16883.17,0.00,0.00,0.00,0.00,0.00,0.00,0,'2025-07-22 19:47:26','2025-07-22 19:47:26',NULL),(2203,7922,1680,30722,42095,1,1,418,0.0000,0.0000,1,0.00,0.00,0.00,0.00,0.00,0.00,0.00,0.00,0,'2025-07-22 19:47:26','2025-07-22 19:47:26',NULL),(2207,7922,1684,20009,40839,1,1,801,0.0000,0.0000,1,720000.00,0.00,0.00,0.00,0.00,0.00,0.00,0.00,0,'2025-07-23 15:32:55','2025-07-23 15:32:55',NULL),(2208,7922,1685,20008,40839,1,1,801,0.0000,0.0000,1,1519000.00,0.00,0.00,0.00,0.00,0.00,0.00,0.00,0,'2025-07-23 15:33:05','2025-07-23 15:33:05',NULL),(2209,7922,1686,20007,40839,1,1,801,0.0000,0.0000,1,1524000.00,0.00,0.00,0.00,0.00,0.00,0.00,0.00,0,'2025-07-23 15:33:13','2025-07-23 15:33:13',NULL),(2213,7922,1690,13885,40946,1,1,855,0.0000,0.0000,1,1360800.00,0.00,0.00,0.00,0.00,0.00,0.00,0.00,0,'2025-07-23 15:58:36','2025-07-23 15:58:36',NULL),(2214,7922,1691,13884,40946,1,1,855,0.0000,0.0000,1,6251014.00,0.00,0.00,0.00,0.00,0.00,0.00,0.00,0,'2025-07-23 15:58:45','2025-07-23 15:58:45',NULL),(2215,7922,1692,13883,40946,1,1,855,0.0000,0.0000,1,6607675.00,0.00,0.00,0.00,0.00,0.00,0.00,0.00,0,'2025-07-23 15:58:54','2025-07-23 15:58:54',NULL),(2219,7922,1696,15415,40956,1,1,820,0.0000,0.0000,1,1852800.00,0.00,0.00,0.00,0.00,0.00,0.00,0.00,0,'2025-07-23 16:13:21','2025-07-23 16:13:21',NULL),(2220,7922,1697,15414,40956,1,1,820,0.0000,0.0000,1,390720.00,0.00,0.00,0.00,0.00,0.00,0.00,0.00,0,'2025-07-23 16:13:31','2025-07-23 16:13:31',NULL),(2221,7922,1698,15413,40956,1,1,820,0.0000,0.0000,1,3370000.00,0.00,0.00,0.00,0.00,0.00,0.00,0.00,0,'2025-07-23 16:13:39','2025-07-23 16:13:39',NULL),(2225,7922,1702,16945,40962,1,1,815,0.0000,0.0000,1,1445800.00,0.00,0.00,0.00,0.00,0.00,0.00,0.00,0,'2025-07-23 16:26:54','2025-07-23 16:26:54',NULL),(2226,7922,1703,16944,40962,1,1,815,0.0000,0.0000,1,5570000.00,0.00,0.00,0.00,0.00,0.00,0.00,0.00,0,'2025-07-23 16:27:04','2025-07-23 16:27:04',NULL),(2227,7922,1704,16943,40962,1,1,815,0.0000,0.0000,1,2782000.00,0.00,0.00,0.00,0.00,0.00,0.00,0.00,0,'2025-07-23 16:27:13','2025-07-23 16:27:13',NULL),(2228,7922,1705,12356,40864,1,1,804,0.0000,0.0000,1,671567.02,0.00,0.00,0.00,0.00,0.00,0.00,0.00,0,'2025-07-23 17:28:53','2025-07-23 17:28:53',NULL),(2231,7922,1708,12358,40864,1,1,804,0.0000,0.0000,1,526297.18,0.00,0.00,0.00,0.00,0.00,0.00,0.00,0,'2025-07-23 17:30:50','2025-07-23 17:30:50',NULL),(2232,7922,1709,12357,40864,1,1,804,0.0000,0.0000,1,2192777.82,0.00,0.00,0.00,0.00,0.00,0.00,0.00,0,'2025-07-23 17:30:58','2025-07-23 17:30:58',NULL);
INSERT INTO `period_liquidation_details` VALUES (2243,7922,1720,23191,41703,1,1,572,0.0000,0.0000,1,6150000.00,0.00,0.00,0.00,0.00,0.00,0.00,0.00,0,'2025-07-28 15:50:17','2025-07-28 15:50:17',NULL),(2244,7922,1721,23192,41703,1,1,572,0.0000,0.0000,1,2460000.00,0.00,0.00,0.00,0.00,0.00,0.00,0.00,0,'2025-07-28 15:50:26','2025-07-28 15:50:26',NULL),(2245,7922,1722,23193,41703,1,1,572,0.0000,0.0000,1,861000.00,0.00,0.00,0.00,0.00,0.00,0.00,0.00,0,'2025-07-28 15:50:40','2025-07-28 15:50:40',NULL),(2280,7922,1758,30723,42095,1,1,400,1.0000,2.5000,1,0.00,22225.86,0.00,0.00,0.00,0.00,0.00,0.00,0,'2025-08-21 21:33:58','2025-08-21 21:33:58',NULL),(2281,7922,1758,30723,42095,1,1,418,1.0000,2.5000,1,0.00,0.00,0.00,0.00,0.00,0.00,0.00,0.00,0,'2025-08-21 21:33:58','2025-08-21 21:33:58',NULL),(2282,NULL,1760,30724,42095,1,1,400,1.0000,2.5000,1,0.00,0.00,0.00,0.00,0.00,0.00,0.00,0.00,0,'2025-09-16 13:59:47','2025-09-16 13:59:47',NULL),(2283,NULL,1760,30724,42095,1,1,418,1.0000,2.5000,1,0.00,0.00,0.00,0.00,0.00,0.00,0.00,0.00,0,'2025-09-16 13:59:47','2025-09-16 13:59:47',NULL),(2284,NULL,1761,3046,40721,1,1,441,0.0000,0.0000,1,5303888.03,0.00,0.00,0.00,0.00,0.00,0.00,0.00,0,'2025-10-07 14:44:12','2025-10-07 14:44:12',NULL),(2285,NULL,1761,3046,40721,1,1,267,0.0000,0.0000,1,0.00,0.00,0.00,0.00,0.00,0.00,0.00,0.00,0,'2025-10-07 14:44:12','2025-10-07 14:44:12',NULL),(2286,NULL,1761,3046,40721,1,1,813,0.0000,0.0000,1,0.00,0.00,0.00,0.00,0.00,0.00,0.00,0.00,0,'2025-10-07 14:44:12','2025-10-07 14:44:12',NULL),(2308,7922,1769,3052,40721,1,1,441,0.0000,0.0000,1,4970798.77,0.00,0.00,0.00,0.00,0.00,0.00,0.00,0,'2025-10-07 14:53:29','2025-10-07 14:53:29',NULL),(2309,7922,1769,3052,40721,1,1,267,0.0000,0.0000,1,0.00,0.00,0.00,0.00,0.00,0.00,0.00,0.00,0,'2025-10-07 14:53:29','2025-10-07 14:53:29',NULL),(2310,7922,1769,3052,40721,1,1,813,0.0000,0.0000,1,0.00,0.00,0.00,0.00,0.00,0.00,0.00,0.00,0,'2025-10-07 14:53:29','2025-10-07 14:53:29',NULL),(2311,7922,1770,3059,40721,1,1,441,0.0000,0.0000,1,5481955.37,0.00,0.00,0.00,0.00,0.00,0.00,0.00,0,'2025-10-07 14:54:12','2025-10-07 14:54:12',NULL),(2312,7922,1770,3059,40721,1,1,267,0.0000,0.0000,1,0.00,0.00,0.00,0.00,0.00,0.00,0.00,0.00,0,'2025-10-07 14:54:12','2025-10-07 14:54:12',NULL),(2313,7922,1770,3059,40721,1,1,813,0.0000,0.0000,1,0.00,0.00,0.00,0.00,0.00,0.00,0.00,0.00,0,'2025-10-07 14:54:12','2025-10-07 14:54:12',NULL),(2317,7922,1772,3063,40721,1,1,441,0.0000,0.0000,1,5167400.00,0.00,0.00,0.00,0.00,0.00,0.00,0.00,0,'2025-10-07 14:55:40','2025-10-07 14:55:40',NULL),(2318,7922,1772,3063,40721,1,1,267,0.0000,0.0000,1,0.00,0.00,0.00,0.00,0.00,0.00,0.00,0.00,0,'2025-10-07 14:55:40','2025-10-07 14:55:40',NULL),(2319,7922,1772,3063,40721,1,1,813,0.0000,0.0000,1,0.00,0.00,0.00,0.00,0.00,0.00,0.00,0.00,0,'2025-10-07 14:55:40','2025-10-07 14:55:40',NULL),(2320,NULL,1773,3060,40721,1,1,441,0.0000,0.0000,1,3520277.89,0.00,0.00,0.00,0.00,0.00,0.00,0.00,0,'2025-10-07 14:58:16','2025-10-07 14:58:16',NULL),(2321,NULL,1773,3060,40721,1,1,267,0.0000,0.0000,1,0.00,0.00,0.00,0.00,0.00,0.00,0.00,0.00,0,'2025-10-07 14:58:16','2025-10-07 14:58:16',NULL),(2322,NULL,1773,3060,40721,1,1,813,0.0000,0.0000,1,0.00,0.00,0.00,0.00,0.00,0.00,0.00,0.00,0,'2025-10-07 14:58:16','2025-10-07 14:58:16',NULL),(2359,7922,1786,3067,40721,1,1,441,0.0000,0.0000,1,3454600.00,0.00,0.00,0.00,0.00,0.00,0.00,0.00,0,'2025-10-08 15:25:03','2025-10-08 15:25:03',NULL),(2360,7922,1786,3067,40721,1,1,267,0.0000,0.0000,1,0.00,0.00,0.00,0.00,0.00,0.00,0.00,0.00,0,'2025-10-08 15:25:03','2025-10-08 15:25:03',NULL),(2361,7922,1786,3067,40721,1,1,813,0.0000,0.0000,1,0.00,0.00,0.00,0.00,0.00,0.00,0.00,0.00,0,'2025-10-08 15:25:03','2025-10-08 15:25:03',NULL),(2362,7922,1787,3068,40721,1,1,441,0.0000,0.0000,1,4075038.00,0.00,0.00,0.00,0.00,0.00,0.00,0.00,0,'2025-10-08 15:25:18','2025-10-08 15:25:18',NULL),(2363,7922,1787,3068,40721,1,1,267,0.0000,0.0000,1,0.00,0.00,0.00,0.00,0.00,0.00,0.00,0.00,0,'2025-10-08 15:25:18','2025-10-08 15:25:18',NULL);
INSERT INTO `period_liquidation_details` VALUES (2364,7922,1787,3068,40721,1,1,813,0.0000,0.0000,1,0.00,0.00,0.00,0.00,0.00,0.00,0.00,0.00,0,'2025-10-08 15:25:18','2025-10-08 15:25:18',NULL),(2365,NULL,1788,3069,40721,1,1,441,0.0000,0.0000,1,2882669.32,0.00,0.00,0.00,0.00,0.00,0.00,0.00,0,'2025-10-08 15:25:37','2025-10-08 15:25:37',NULL),(2366,NULL,1788,3069,40721,1,1,267,0.0000,0.0000,1,0.00,0.00,0.00,0.00,0.00,0.00,0.00,0.00,0,'2025-10-08 15:25:37','2025-10-08 15:25:37',NULL),(2367,NULL,1788,3069,40721,1,1,813,0.0000,0.0000,1,0.00,0.00,0.00,0.00,0.00,0.00,0.00,0.00,0,'2025-10-08 15:25:37','2025-10-08 15:25:37',NULL),(2368,7922,1789,3070,40721,1,1,441,0.0000,0.0000,1,7940728.02,0.00,0.00,0.00,0.00,0.00,0.00,0.00,0,'2025-10-08 15:25:51','2025-10-08 15:25:51',NULL),(2369,7922,1789,3070,40721,1,1,267,0.0000,0.0000,1,0.00,0.00,0.00,0.00,0.00,0.00,0.00,0.00,0,'2025-10-08 15:25:51','2025-10-08 15:25:51',NULL),(2370,7922,1789,3070,40721,1,1,813,0.0000,0.0000,1,0.00,0.00,0.00,0.00,0.00,0.00,0.00,0.00,0,'2025-10-08 15:25:51','2025-10-08 15:25:51',NULL),(2371,NULL,1790,3071,40721,1,1,441,0.0000,0.0000,1,6432890.00,0.00,0.00,0.00,0.00,0.00,0.00,0.00,0,'2025-10-08 15:26:11','2025-10-08 15:26:11',NULL),(2372,NULL,1790,3071,40721,1,1,267,0.0000,0.0000,1,0.00,0.00,0.00,0.00,0.00,0.00,0.00,0.00,0,'2025-10-08 15:26:11','2025-10-08 15:26:11',NULL),(2373,NULL,1790,3071,40721,1,1,813,0.0000,0.0000,1,0.00,0.00,0.00,0.00,0.00,0.00,0.00,0.00,0,'2025-10-08 15:26:11','2025-10-08 15:26:11',NULL),(2374,7922,1791,3072,40721,1,1,441,0.0000,0.0000,1,4373805.00,0.00,0.00,0.00,0.00,0.00,0.00,0.00,0,'2025-10-08 15:26:22','2025-10-08 15:26:22',NULL),(2375,7922,1791,3072,40721,1,1,267,0.0000,0.0000,1,0.00,0.00,0.00,0.00,0.00,0.00,0.00,0.00,0,'2025-10-08 15:26:22','2025-10-08 15:26:22',NULL),(2376,7922,1791,3072,40721,1,1,813,0.0000,0.0000,1,0.00,0.00,0.00,0.00,0.00,0.00,0.00,0.00,0,'2025-10-08 15:26:22','2025-10-08 15:26:22',NULL),(2377,7922,1792,3073,40721,1,1,441,0.0000,0.0000,1,685124.06,0.00,0.00,0.00,0.00,0.00,0.00,0.00,0,'2025-10-08 15:26:35','2025-10-08 15:26:35',NULL),(2378,7922,1792,3073,40721,1,1,267,0.0000,0.0000,1,0.00,0.00,0.00,0.00,0.00,0.00,0.00,0.00,0,'2025-10-08 15:26:35','2025-10-08 15:26:35',NULL),(2379,7922,1792,3073,40721,1,1,813,0.0000,0.0000,1,0.00,0.00,0.00,0.00,0.00,0.00,0.00,0.00,0,'2025-10-08 15:26:35','2025-10-08 15:26:35',NULL),(2380,7922,1793,3074,40721,1,1,441,0.0000,0.0000,1,4760846.66,0.00,0.00,0.00,0.00,0.00,0.00,0.00,0,'2025-10-08 15:26:49','2025-10-08 15:26:49',NULL),(2381,7922,1793,3074,40721,1,1,267,0.0000,0.0000,1,0.00,0.00,0.00,0.00,0.00,0.00,0.00,0.00,0,'2025-10-08 15:26:49','2025-10-08 15:26:49',NULL),(2382,7922,1793,3074,40721,1,1,813,0.0000,0.0000,1,0.00,0.00,0.00,0.00,0.00,0.00,0.00,0.00,0,'2025-10-08 15:26:49','2025-10-08 15:26:49',NULL),(2383,7922,1794,3075,40721,1,1,441,0.0000,0.0000,1,3705985.00,0.00,0.00,0.00,0.00,0.00,0.00,0.00,0,'2025-10-08 15:27:01','2025-10-08 15:27:01',NULL),(2384,7922,1794,3075,40721,1,1,267,0.0000,0.0000,1,0.00,0.00,0.00,0.00,0.00,0.00,0.00,0.00,0,'2025-10-08 15:27:01','2025-10-08 15:27:01',NULL),(2385,7922,1794,3075,40721,1,1,813,0.0000,0.0000,1,0.00,0.00,0.00,0.00,0.00,0.00,0.00,0.00,0,'2025-10-08 15:27:01','2025-10-08 15:27:01',NULL),(2386,7922,1795,3076,40721,1,1,441,0.0000,0.0000,1,7698028.20,0.00,0.00,0.00,0.00,0.00,0.00,0.00,0,'2025-10-08 15:27:11','2025-10-08 15:27:11',NULL),(2387,7922,1795,3076,40721,1,1,267,0.0000,0.0000,1,0.00,0.00,0.00,0.00,0.00,0.00,0.00,0.00,0,'2025-10-08 15:27:11','2025-10-08 15:27:11',NULL),(2388,7922,1795,3076,40721,1,1,813,0.0000,0.0000,1,0.00,0.00,0.00,0.00,0.00,0.00,0.00,0.00,0,'2025-10-08 15:27:11','2025-10-08 15:27:11',NULL),(2389,7922,1796,3077,40721,1,1,441,0.0000,0.0000,1,7881455.56,0.00,0.00,0.00,0.00,0.00,0.00,0.00,0,'2025-10-08 15:27:28','2025-10-08 15:27:28',NULL),(2390,7922,1796,3077,40721,1,1,267,0.0000,0.0000,1,0.00,0.00,0.00,0.00,0.00,0.00,0.00,0.00,0,'2025-10-08 15:27:28','2025-10-08 15:27:28',NULL);
INSERT INTO `period_liquidation_details` VALUES (2391,7922,1796,3077,40721,1,1,813,0.0000,0.0000,1,0.00,0.00,0.00,0.00,0.00,0.00,0.00,0.00,0,'2025-10-08 15:27:28','2025-10-08 15:27:28',NULL),(2392,7922,1797,3078,40721,1,1,441,0.0000,0.0000,1,8717385.00,0.00,0.00,0.00,0.00,0.00,0.00,0.00,0,'2025-10-08 15:27:38','2025-10-08 15:27:38',NULL),(2393,7922,1797,3078,40721,1,1,267,0.0000,0.0000,1,0.00,0.00,0.00,0.00,0.00,0.00,0.00,0.00,0,'2025-10-08 15:27:38','2025-10-08 15:27:38',NULL),(2394,7922,1797,3078,40721,1,1,813,0.0000,0.0000,1,0.00,0.00,0.00,0.00,0.00,0.00,0.00,0.00,0,'2025-10-08 15:27:38','2025-10-08 15:27:38',NULL),(2439,7922,1843,30725,42095,1,1,400,1.0000,2.5000,1,6528925.67,163223.14,0.00,0.00,0.00,0.00,0.00,0.00,0,'2025-10-22 15:35:36','2025-10-22 15:35:36',NULL),(2440,7922,1843,30725,42095,1,1,418,1.0000,2.5000,1,0.00,0.00,0.00,0.00,0.00,0.00,0.00,0.00,0,'2025-10-22 15:35:36','2025-10-22 15:35:36',NULL);

--
-- Table structure for table `period_liquidation_iibb`
--

CREATE TABLE `period_liquidation_iibb` (
  `id` int(10) unsigned NOT NULL AUTO_INCREMENT,
  `user_id` int(10) unsigned DEFAULT NULL,
  `period_liquidation_id` int(10) unsigned NOT NULL,
  `period_id` int(10) unsigned NOT NULL,
  `person_id` int(10) unsigned NOT NULL,
  `zone_id` int(10) unsigned NOT NULL,
  `base_amount` decimal(16,2) DEFAULT '0.00',
  `impuesto` decimal(16,2) DEFAULT '0.00',
  `saldo_a_favor_ant` decimal(16,2) DEFAULT '0.00',
  `sircreb` decimal(16,2) DEFAULT '0.00',
  `sirtac` decimal(16,2) NOT NULL DEFAULT '0.00',
  `percepciones` decimal(16,2) DEFAULT '0.00',
  `retenciones` decimal(16,2) DEFAULT '0.00',
  `a_pagar` decimal(16,2) DEFAULT '0.00',
  `a_favor` decimal(16,2) DEFAULT '0.00',
  `created_at` timestamp NULL DEFAULT NULL,
  `updated_at` timestamp NULL DEFAULT NULL,
  `deleted_at` timestamp NULL DEFAULT NULL,
  PRIMARY KEY (`id`),
  KEY `period_liquidation_iibb_period_liquidation_id_foreign` (`period_liquidation_id`),
  KEY `period_liquidation_iibb_period_id_foreign` (`period_id`),
  KEY `period_liquidation_iibb_person_id_foreign` (`person_id`),
  KEY `period_liquidation_iibb_zone_id_foreign` (`zone_id`),
  CONSTRAINT `period_liquidation_iibb_period_id_foreign` FOREIGN KEY (`period_id`) REFERENCES `periods` (`id`),
  CONSTRAINT `period_liquidation_iibb_period_liquidation_id_foreign` FOREIGN KEY (`period_liquidation_id`) REFERENCES `period_liquidations` (`id`),
  CONSTRAINT `period_liquidation_iibb_person_id_foreign` FOREIGN KEY (`person_id`) REFERENCES `persons` (`id`),
  CONSTRAINT `period_liquidation_iibb_zone_id_foreign` FOREIGN KEY (`zone_id`) REFERENCES `zones` (`id`)
) ENGINE=InnoDB AUTO_INCREMENT=1177 DEFAULT CHARSET=utf8mb4 COLLATE=utf8mb4_unicode_ci;

--
-- Dumping data for table `period_liquidation_iibb`
--

INSERT INTO `period_liquidation_iibb` VALUES (41,7922,84,3053,40721,1,4250089.28,0.00,0.00,0.00,0.00,0.00,0.00,0.00,0.00,'2023-03-23 09:56:07','2023-03-23 09:56:07',NULL),(43,7922,88,6062,40723,1,266.33,511624.06,573100.00,0.00,0.00,203.70,0.00,0.00,61679.64,'2023-03-24 03:15:31','2023-03-24 03:15:31',NULL),(47,7922,96,10720,40759,1,218272.72,6548.19,0.00,0.00,0.00,0.00,0.00,6548.19,0.00,'2023-03-24 15:42:23','2023-03-24 15:42:23',NULL),(51,7922,104,10721,40759,1,333217.66,9996.31,0.00,0.00,0.00,0.00,0.00,9996.31,0.00,'2023-03-24 16:02:22','2023-03-24 16:02:22',NULL),(57,7922,113,9151,40725,1,82950.00,0.00,0.00,0.00,0.00,0.00,0.00,0.00,0.00,'2023-04-06 08:38:15','2023-04-06 08:38:15',NULL),(58,7922,115,9148,40725,1,69120.00,0.00,0.00,0.00,0.00,0.00,0.00,0.00,0.00,'2023-04-06 08:51:39','2023-04-06 08:51:39',NULL),(59,7922,117,9149,40725,1,69120.00,0.00,0.00,0.00,0.00,0.00,0.00,0.00,0.00,'2023-04-06 08:52:16','2023-04-06 08:52:16',NULL),(60,7922,119,9150,40725,1,69120.00,0.00,0.00,0.00,0.00,0.00,0.00,0.00,0.00,'2023-04-06 08:52:54','2023-04-06 08:52:54',NULL),(70,7922,138,12295,40722,1,105640.00,0.00,0.00,0.00,0.00,0.00,0.00,0.00,0.00,'2023-04-06 09:56:39','2023-04-06 09:56:39',NULL),(72,7922,140,12296,40722,1,207920.00,0.00,0.00,0.00,0.00,0.00,0.00,0.00,0.00,'2023-04-07 08:21:49','2023-04-07 08:21:49',NULL),(73,7922,141,12297,40722,1,122010.00,0.00,0.00,0.00,0.00,0.00,0.00,0.00,0.00,'2023-04-07 08:22:14','2023-04-07 08:22:14',NULL),(75,7922,143,12299,40722,1,140900.00,0.00,0.00,0.00,0.00,0.00,0.00,0.00,0.00,'2023-04-07 08:22:55','2023-04-07 08:22:55',NULL),(76,7922,144,12300,40722,1,50230.00,0.00,0.00,0.00,0.00,0.00,0.00,0.00,0.00,'2023-04-07 08:23:16','2023-04-07 08:23:16',NULL),(77,7922,145,12301,40722,1,239670.00,0.00,0.00,0.00,0.00,0.00,0.00,0.00,0.00,'2023-04-07 08:23:58','2023-04-07 08:23:58',NULL),(78,7922,146,12302,40722,1,420780.00,0.00,0.00,0.00,0.00,0.00,0.00,0.00,0.00,'2023-04-07 08:24:27','2023-04-07 08:24:27',NULL),(79,7922,147,12303,40722,1,554830.00,0.00,0.00,0.00,0.00,0.00,0.00,0.00,0.00,'2023-04-07 08:24:49','2023-04-07 08:24:49',NULL),(80,7922,148,12307,40722,1,156600.00,0.00,0.00,0.00,0.00,0.00,0.00,0.00,0.00,'2023-04-07 08:25:12','2023-04-07 08:25:12',NULL),(81,7922,149,4549,40722,1,459600.00,0.00,0.00,0.00,0.00,0.00,0.00,0.00,0.00,'2023-04-07 08:25:34','2023-04-07 08:25:34',NULL),(82,7922,150,4550,40722,1,370100.00,0.00,0.00,0.00,0.00,0.00,0.00,0.00,0.00,'2023-04-07 08:25:57','2023-04-07 08:25:57',NULL),(83,7922,151,12298,40722,1,81890.00,0.00,0.00,0.00,0.00,0.00,0.00,0.00,0.00,'2023-04-07 08:27:24','2023-04-07 08:27:24',NULL),(102,7922,179,6063,40723,1,25811197.55,0.00,61679.64,0.00,0.00,0.00,0.00,0.00,61679.64,'2023-04-15 13:10:49','2023-04-15 13:10:49',NULL),(104,7922,183,10722,40759,1,261281.00,7838.43,0.00,0.00,0.00,0.00,0.00,7838.43,0.00,'2023-04-17 23:01:42','2023-04-17 23:01:42',NULL),(105,7922,184,13835,40946,1,17340.00,0.00,0.00,0.00,0.00,0.00,0.00,0.00,0.00,'2023-04-19 10:17:17','2023-04-19 10:17:17',NULL),(119,7922,198,15365,40956,1,47000.00,0.00,0.00,0.00,0.00,0.00,0.00,0.00,0.00,'2023-04-19 10:34:00','2023-04-19 10:34:00',NULL),(146,7922,227,3054,40721,1,5999456.62,0.00,0.00,0.00,0.00,0.00,0.00,0.00,0.00,'2023-04-20 16:03:44','2023-04-20 16:03:44',NULL),(154,7922,241,16895,40962,1,46000.00,0.00,0.00,0.00,0.00,0.00,0.00,0.00,0.00,'2023-05-05 14:34:28','2023-05-05 14:34:28',NULL),(155,7922,242,16896,40962,1,53025.00,0.00,0.00,0.00,0.00,0.00,0.00,0.00,0.00,'2023-05-05 14:34:38','2023-05-05 14:34:38',NULL),(156,7922,243,16897,40962,1,65945.00,0.00,0.00,0.00,0.00,0.00,0.00,0.00,0.00,'2023-05-05 14:34:47','2023-05-05 14:34:47',NULL),(157,7922,244,16898,40962,1,135875.00,0.00,0.00,0.00,0.00,0.00,0.00,0.00,0.00,'2023-05-05 14:34:54','2023-05-05 14:34:54',NULL),(159,7922,246,16899,40962,1,152000.00,0.00,0.00,0.00,0.00,0.00,0.00,0.00,0.00,'2023-05-05 14:35:15','2023-05-05 14:35:15',NULL),(160,7922,247,16900,40962,1,0.00,0.00,0.00,0.00,0.00,0.00,0.00,0.00,0.00,'2023-05-05 14:35:23','2023-05-05 14:35:23',NULL);
INSERT INTO `period_liquidation_iibb` VALUES (161,7922,248,16901,40962,1,113945.00,0.00,0.00,0.00,0.00,0.00,0.00,0.00,0.00,'2023-05-05 14:35:30','2023-05-05 14:35:30',NULL),(162,7922,249,16902,40962,1,143700.00,0.00,0.00,0.00,0.00,0.00,0.00,0.00,0.00,'2023-05-05 14:35:37','2023-05-05 14:35:37',NULL),(163,7922,250,16903,40962,1,210133.00,0.00,0.00,0.00,0.00,0.00,0.00,0.00,0.00,'2023-05-05 14:35:46','2023-05-05 14:35:46',NULL),(164,7922,251,16910,40962,1,160400.00,0.00,0.00,0.00,0.00,0.00,0.00,0.00,0.00,'2023-05-05 14:35:55','2023-05-05 14:35:55',NULL),(165,7922,252,16911,40962,1,78000.00,0.00,0.00,0.00,0.00,0.00,0.00,0.00,0.00,'2023-05-05 14:36:03','2023-05-05 14:36:03',NULL),(166,7922,253,16912,40962,1,111700.00,0.00,0.00,0.00,0.00,0.00,0.00,0.00,0.00,'2023-05-05 14:36:12','2023-05-05 14:36:12',NULL),(167,7922,254,16913,40962,1,89000.00,0.00,0.00,0.00,0.00,0.00,0.00,0.00,0.00,'2023-05-05 14:36:20','2023-05-05 14:36:20',NULL),(168,7922,255,13836,40946,1,81860.00,0.00,0.00,0.00,0.00,0.00,0.00,0.00,0.00,'2023-05-05 14:45:26','2023-05-05 14:45:26',NULL),(169,7922,256,13837,40946,1,68100.00,0.00,0.00,0.00,0.00,0.00,0.00,0.00,0.00,'2023-05-05 14:45:35','2023-05-05 14:45:35',NULL),(170,7922,257,13838,40946,1,148100.00,0.00,0.00,0.00,0.00,0.00,0.00,0.00,0.00,'2023-05-05 14:45:43','2023-05-05 14:45:43',NULL),(171,7922,258,13839,40946,1,196250.00,0.00,0.00,0.00,0.00,0.00,0.00,0.00,0.00,'2023-05-05 14:45:50','2023-05-05 14:45:50',NULL),(172,7922,259,13840,40946,1,97100.00,0.00,0.00,0.00,0.00,0.00,0.00,0.00,0.00,'2023-05-05 14:45:59','2023-05-05 14:45:59',NULL),(173,7922,260,13842,40946,1,159380.00,0.00,0.00,0.00,0.00,0.00,0.00,0.00,0.00,'2023-05-05 14:46:25','2023-05-05 14:46:25',NULL),(174,7922,261,13843,40946,1,200233.00,0.00,0.00,0.00,0.00,0.00,0.00,0.00,0.00,'2023-05-05 14:46:31','2023-05-05 14:46:31',NULL),(176,7922,263,13850,40946,1,35070.00,0.00,0.00,0.00,0.00,0.00,0.00,0.00,0.00,'2023-05-05 14:46:47','2023-05-05 14:46:47',NULL),(177,7922,264,13851,40946,1,209370.00,0.00,0.00,0.00,0.00,0.00,0.00,0.00,0.00,'2023-05-05 14:46:54','2023-05-05 14:46:54',NULL),(179,7922,266,13852,40946,1,170220.00,0.00,0.00,0.00,0.00,0.00,0.00,0.00,0.00,'2023-05-05 14:47:08','2023-05-05 14:47:08',NULL),(181,7922,268,13841,40946,1,107800.00,0.00,0.00,0.00,0.00,0.00,0.00,0.00,0.00,'2023-05-05 14:48:47','2023-05-05 14:48:47',NULL),(182,7922,269,13853,40946,1,79130.00,0.00,0.00,0.00,0.00,0.00,0.00,0.00,0.00,'2023-05-05 14:50:55','2023-05-05 14:50:55',NULL),(184,7922,271,15366,40956,1,93800.00,0.00,0.00,0.00,0.00,0.00,0.00,0.00,0.00,'2023-05-05 14:57:12','2023-05-05 14:57:12',NULL),(185,7922,272,15367,40956,1,48000.00,0.00,0.00,0.00,0.00,0.00,0.00,0.00,0.00,'2023-05-05 14:57:19','2023-05-05 14:57:19',NULL),(186,7922,273,15368,40956,1,56500.00,0.00,0.00,0.00,0.00,0.00,0.00,0.00,0.00,'2023-05-05 14:57:28','2023-05-05 14:57:28',NULL),(187,7922,274,15369,40956,1,180000.00,0.00,0.00,0.00,0.00,0.00,0.00,0.00,0.00,'2023-05-05 14:57:34','2023-05-05 14:57:34',NULL),(188,7922,275,15370,40956,1,0.00,0.00,0.00,0.00,0.00,0.00,0.00,0.00,0.00,'2023-05-05 14:57:42','2023-05-05 14:57:42',NULL),(189,7922,276,15371,40956,1,142800.00,0.00,0.00,0.00,0.00,0.00,0.00,0.00,0.00,'2023-05-05 14:57:49','2023-05-05 14:57:49',NULL),(190,7922,277,15372,40956,1,137280.00,0.00,0.00,0.00,0.00,0.00,0.00,0.00,0.00,'2023-05-05 14:57:58','2023-05-05 14:57:58',NULL),(193,7922,280,15373,40956,1,210133.00,0.00,0.00,0.00,0.00,0.00,0.00,0.00,0.00,'2023-05-05 14:58:17','2023-05-05 14:58:17',NULL),(194,7922,281,15380,40956,1,0.00,0.00,0.00,0.00,0.00,0.00,0.00,0.00,0.00,'2023-05-05 14:58:29','2023-05-05 14:58:29',NULL),(195,7922,282,15381,40956,1,0.00,0.00,0.00,0.00,0.00,0.00,0.00,0.00,0.00,'2023-05-05 14:58:37','2023-05-05 14:58:37',NULL),(196,7922,283,15382,40956,1,111650.00,0.00,0.00,0.00,0.00,0.00,0.00,0.00,0.00,'2023-05-05 14:58:44','2023-05-05 14:58:44',NULL),(197,7922,284,15383,40956,1,132100.00,0.00,0.00,0.00,0.00,0.00,0.00,0.00,0.00,'2023-05-05 14:58:51','2023-05-05 14:58:51',NULL);
INSERT INTO `period_liquidation_iibb` VALUES (199,7922,286,12326,40864,1,1300960.00,0.00,0.00,0.00,0.00,0.00,0.00,0.00,0.00,'2023-05-09 18:54:56','2023-05-09 18:54:56',NULL),(239,7922,366,10723,40759,1,263959.50,0.00,0.00,0.00,0.00,0.00,0.00,0.00,0.00,'2023-05-22 21:56:59','2023-05-22 21:56:59',NULL),(250,7922,390,3055,40721,1,4845186.29,0.00,0.00,0.00,0.00,708.00,0.00,0.00,708.00,'2023-05-23 12:38:27','2023-05-23 12:38:27',NULL),(276,7922,442,6064,40723,1,26257392.14,1312869.61,0.00,0.00,0.00,0.00,0.00,1312869.61,0.00,'2023-05-23 21:24:48','2023-05-23 21:24:48',NULL),(277,7922,443,4551,40722,1,117000.00,0.00,0.00,0.00,0.00,0.00,0.00,0.00,0.00,'2023-06-01 10:32:35','2023-06-01 10:32:35',NULL),(278,7922,444,4552,40722,1,389950.00,0.00,0.00,0.00,0.00,0.00,0.00,0.00,0.00,'2023-06-01 10:33:02','2023-06-01 10:33:02',NULL),(280,7922,446,16914,40962,1,301204.00,0.00,0.00,0.00,0.00,0.00,0.00,0.00,0.00,'2023-06-01 18:29:12','2023-06-01 18:29:12',NULL),(282,7922,448,13854,40946,1,247314.00,0.00,0.00,0.00,0.00,0.00,0.00,0.00,0.00,'2023-06-01 18:31:55','2023-06-01 18:31:55',NULL),(284,7922,450,15384,40956,1,203304.00,0.00,0.00,0.00,0.00,0.00,0.00,0.00,0.00,'2023-06-01 18:34:38','2023-06-01 18:34:38',NULL),(290,7922,462,3056,40721,1,6247196.34,163262.72,111862.53,0.00,0.00,0.00,0.00,51400.19,0.00,'2023-06-08 14:03:00','2023-06-08 14:03:00',NULL),(293,7922,465,12309,40864,1,16000.00,0.00,0.00,0.00,0.00,0.00,0.00,0.00,0.00,'2023-06-10 09:47:10','2023-06-10 09:47:10',NULL),(294,7922,466,12310,40864,1,18000.00,0.00,0.00,0.00,0.00,0.00,0.00,0.00,0.00,'2023-06-10 09:47:22','2023-06-10 09:47:22',NULL),(295,7922,467,12311,40864,1,22000.00,0.00,0.00,0.00,0.00,0.00,0.00,0.00,0.00,'2023-06-10 09:47:30','2023-06-10 09:47:30',NULL),(296,7922,468,12312,40864,1,12000.00,0.00,0.00,0.00,0.00,0.00,0.00,0.00,0.00,'2023-06-10 09:47:38','2023-06-10 09:47:38',NULL),(297,7922,469,12313,40864,1,0.00,0.00,0.00,0.00,0.00,0.00,0.00,0.00,0.00,'2023-06-10 09:47:45','2023-06-10 09:47:45',NULL),(298,7922,470,12314,40864,1,103000.00,0.00,0.00,0.00,0.00,0.00,0.00,0.00,0.00,'2023-06-10 09:47:53','2023-06-10 09:47:53',NULL),(299,7922,471,12315,40864,1,43000.00,0.00,0.00,0.00,0.00,0.00,0.00,0.00,0.00,'2023-06-10 09:48:00','2023-06-10 09:48:00',NULL),(300,7922,472,12316,40864,1,261000.00,0.00,0.00,0.00,0.00,0.00,0.00,0.00,0.00,'2023-06-10 09:48:10','2023-06-10 09:48:10',NULL),(301,7922,473,12323,40864,1,231000.00,0.00,0.00,0.00,0.00,0.00,0.00,0.00,0.00,'2023-06-10 09:48:22','2023-06-10 09:48:22',NULL),(302,7922,474,12324,40864,1,603614.00,0.00,0.00,0.00,0.00,0.00,0.00,0.00,0.00,'2023-06-10 09:48:30','2023-06-10 09:48:30',NULL),(303,7922,475,12325,40864,1,1132400.00,0.00,0.00,0.00,0.00,0.00,0.00,0.00,0.00,'2023-06-10 09:48:39','2023-06-10 09:48:39',NULL),(304,7922,476,12327,40864,1,1537648.00,0.00,0.00,0.00,0.00,0.00,0.00,0.00,0.00,'2023-06-10 09:55:54','2023-06-10 09:55:54',NULL),(350,7922,568,6065,40723,1,28029359.38,0.00,0.00,0.00,0.00,90085.66,0.00,0.00,90085.66,'2023-06-15 16:49:18','2023-06-15 16:49:18',NULL),(352,7922,572,10724,40759,1,260133.08,7803.99,0.00,0.00,0.00,0.00,0.00,7803.99,0.00,'2023-06-20 15:45:20','2023-06-20 15:45:20',NULL),(365,7922,596,13855,40946,1,52690.00,0.00,0.00,0.00,0.00,0.00,0.00,0.00,0.00,'2023-06-28 12:46:28','2023-06-28 12:46:28',NULL),(368,7922,600,3037,40721,1,1751487.64,0.00,0.00,0.00,0.00,0.00,0.00,0.00,0.00,'2023-06-29 11:14:26','2023-06-29 11:14:26',NULL),(369,7922,602,3038,40721,1,3318867.75,0.00,0.00,0.00,0.00,0.00,0.00,0.00,0.00,'2023-06-29 11:15:24','2023-06-29 11:15:24',NULL),(370,7922,604,3039,40721,1,3447687.29,0.00,0.00,0.00,0.00,0.00,0.00,0.00,0.00,'2023-06-29 11:16:33','2023-06-29 11:16:33',NULL),(371,7922,606,3040,40721,1,3782739.75,0.00,0.00,0.00,0.00,0.00,0.00,0.00,0.00,'2023-06-29 11:19:31','2023-06-29 11:19:31',NULL),(372,7922,608,3041,40721,1,3435698.17,0.00,0.00,0.00,0.00,0.00,0.00,0.00,0.00,'2023-06-29 11:21:57','2023-06-29 11:21:57',NULL),(373,7922,610,3042,40721,1,3639617.49,0.00,0.00,0.00,0.00,0.00,0.00,0.00,0.00,'2023-06-29 11:23:32','2023-06-29 11:23:32',NULL);
INSERT INTO `period_liquidation_iibb` VALUES (374,7922,612,3043,40721,1,5509545.71,0.00,0.00,0.00,0.00,0.00,0.00,0.00,0.00,'2023-06-29 11:25:24','2023-06-29 11:25:24',NULL),(375,7922,614,3044,40721,1,4399421.44,0.00,0.00,0.00,0.00,0.00,0.00,0.00,0.00,'2023-06-29 11:30:41','2023-06-29 11:30:41',NULL),(376,7922,616,3045,40721,1,5342853.84,0.00,0.00,0.00,0.00,0.00,0.00,0.00,0.00,'2023-06-29 11:32:01','2023-06-29 11:32:01',NULL),(378,7922,620,3047,40721,1,3682223.78,0.00,0.00,0.00,0.00,0.00,0.00,0.00,0.00,'2023-06-29 11:35:52','2023-06-29 11:35:52',NULL),(380,7922,624,3048,40721,1,5900910.52,0.00,0.00,0.00,0.00,0.00,0.00,0.00,0.00,'2023-06-29 11:37:15','2023-06-29 11:37:15',NULL),(383,7922,628,16915,40962,1,405326.00,0.00,0.00,0.00,0.00,0.00,0.00,0.00,0.00,'2023-07-03 15:49:46','2023-07-03 15:49:46',NULL),(385,7922,630,15385,40956,1,284326.00,0.00,0.00,0.00,0.00,0.00,0.00,0.00,0.00,'2023-07-03 15:56:23','2023-07-03 15:56:23',NULL),(386,7922,631,12328,40864,1,0.00,0.00,0.00,0.00,0.00,0.00,0.00,0.00,0.00,'2023-07-08 17:08:57','2023-07-08 17:08:57',NULL),(406,7922,671,19970,40723,1,15940344.09,0.00,332715.45,0.00,0.00,58892.44,0.00,0.00,391607.89,'2023-07-14 15:00:35','2023-07-14 15:00:35',NULL),(407,7922,673,19969,40723,1,19079701.24,0.00,280083.42,0.00,0.00,52632.03,0.00,0.00,332715.45,'2023-07-14 15:01:12','2023-07-14 15:01:12',NULL),(408,7922,675,19960,40723,1,13250182.68,0.00,23544.32,0.00,0.00,27533.89,0.00,0.00,51078.21,'2023-07-16 10:21:19','2023-07-16 10:21:19',NULL),(409,7922,677,19962,40723,1,18315782.56,0.00,26813.38,0.00,0.00,44798.59,0.00,0.00,71611.97,'2023-07-16 10:22:45','2023-07-16 10:22:45',NULL),(442,7922,743,3057,40721,1,5798839.01,0.00,0.00,0.00,0.00,56626.25,0.00,0.00,56626.25,'2023-07-16 11:18:56','2023-07-16 11:18:56',NULL),(445,7922,749,9133,40725,1,0.00,0.00,0.00,0.00,0.00,0.00,0.00,0.00,0.00,'2023-07-22 10:14:25','2023-07-22 10:14:25',NULL),(446,7922,751,9134,40725,1,0.00,0.00,0.00,0.00,0.00,0.00,0.00,0.00,0.00,'2023-07-22 10:14:44','2023-07-22 10:14:44',NULL),(447,7922,753,9135,40725,1,0.00,0.00,0.00,0.00,0.00,0.00,0.00,0.00,0.00,'2023-07-22 10:14:58','2023-07-22 10:14:58',NULL),(448,7922,755,9136,40725,1,57600.00,0.00,0.00,0.00,0.00,0.00,0.00,0.00,0.00,'2023-07-22 10:15:31','2023-07-22 10:15:31',NULL),(450,7922,759,9137,40725,1,57600.00,0.00,0.00,0.00,0.00,0.00,0.00,0.00,0.00,'2023-07-22 10:16:36','2023-07-22 10:16:36',NULL),(451,7922,761,9138,40725,1,57600.00,0.00,0.00,0.00,0.00,0.00,0.00,0.00,0.00,'2023-07-22 10:16:51','2023-07-22 10:16:51',NULL),(452,7922,763,9139,40725,1,57600.00,0.00,0.00,0.00,0.00,0.00,0.00,0.00,0.00,'2023-07-22 10:17:16','2023-07-22 10:17:16',NULL),(453,7922,765,9140,40725,1,57600.00,0.00,0.00,0.00,0.00,0.00,0.00,0.00,0.00,'2023-07-22 10:17:34','2023-07-22 10:17:34',NULL),(454,7922,767,9141,40725,1,57600.00,0.00,0.00,0.00,0.00,0.00,0.00,0.00,0.00,'2023-07-22 10:17:50','2023-07-22 10:17:50',NULL),(456,7922,771,9142,40725,1,69120.00,0.00,0.00,0.00,0.00,0.00,0.00,0.00,0.00,'2023-07-22 10:18:14','2023-07-22 10:18:14',NULL),(457,7922,773,9143,40725,1,69120.00,0.00,0.00,0.00,0.00,0.00,0.00,0.00,0.00,'2023-07-22 10:18:25','2023-07-22 10:18:25',NULL),(458,7922,775,9144,40725,1,69120.00,0.00,0.00,0.00,0.00,0.00,0.00,0.00,0.00,'2023-07-22 10:18:36','2023-07-22 10:18:36',NULL),(468,7922,795,19961,40723,1,16383559.10,0.00,51078.21,0.00,0.00,26813.38,0.00,0.00,77891.59,'2023-07-25 17:07:58','2023-07-25 17:07:58',NULL),(470,7922,799,19963,40723,1,18230675.24,0.00,71611.97,0.00,0.00,34329.72,0.00,0.00,105941.69,'2023-07-25 17:12:19','2023-07-25 17:12:19',NULL),(475,7922,809,19964,40723,1,19369010.07,0.00,105941.69,0.00,0.00,31501.52,0.00,0.00,137443.21,'2023-07-25 17:15:40','2023-07-25 17:15:40',NULL),(480,7922,819,19965,40723,1,19648902.17,0.00,137443.21,0.00,0.00,29592.55,0.00,0.00,167035.76,'2023-07-25 17:18:46','2023-07-25 17:18:46',NULL),(481,7922,821,19966,40723,1,20526384.92,0.00,167035.76,0.00,0.00,35337.60,0.00,0.00,202373.36,'2023-07-25 17:19:45','2023-07-25 17:19:45',NULL);
INSERT INTO `period_liquidation_iibb` VALUES (482,7922,823,19967,40723,1,19394740.42,0.00,202373.36,0.00,0.00,33783.15,0.00,0.00,236156.51,'2023-07-25 17:21:52','2023-07-25 17:21:52',NULL),(484,7922,827,19968,40723,1,18590201.56,0.00,236156.51,0.00,0.00,43926.91,0.00,0.00,280083.42,'2023-07-25 17:23:05','2023-07-25 17:23:05',NULL),(487,7922,833,19959,40723,1,14250521.32,0.00,0.00,0.00,0.00,23544.32,0.00,0.00,23544.32,'2023-07-25 17:35:24','2023-07-25 17:35:24',NULL),(492,7922,838,13856,40946,1,352440.00,0.00,0.00,0.00,0.00,0.00,0.00,0.00,0.00,'2023-08-02 18:09:22','2023-08-02 18:09:22',NULL),(494,7922,840,16916,40962,1,131900.00,0.00,0.00,0.00,0.00,0.00,0.00,0.00,0.00,'2023-08-02 18:12:59','2023-08-02 18:12:59',NULL),(496,7922,842,15386,40956,1,224332.00,0.00,0.00,0.00,0.00,0.00,0.00,0.00,0.00,'2023-08-02 18:20:40','2023-08-02 18:20:40',NULL),(498,7922,844,12329,40864,1,576734.00,0.00,0.00,0.00,0.00,0.00,0.00,0.00,0.00,'2023-08-09 17:42:53','2023-08-09 17:42:53',NULL),(503,7922,849,19974,40839,1,0.00,0.00,0.00,0.00,0.00,0.00,0.00,0.00,0.00,'2023-08-09 18:07:27','2023-08-09 18:07:27',NULL),(504,7922,850,19975,40839,1,0.00,0.00,0.00,0.00,0.00,0.00,0.00,0.00,0.00,'2023-08-09 18:07:36','2023-08-09 18:07:36',NULL),(505,7922,851,19976,40839,1,0.00,0.00,0.00,0.00,0.00,0.00,0.00,0.00,0.00,'2023-08-09 18:07:44','2023-08-09 18:07:44',NULL),(506,7922,852,19977,40839,1,130000.00,0.00,0.00,0.00,0.00,0.00,0.00,0.00,0.00,'2023-08-09 18:07:51','2023-08-09 18:07:51',NULL),(507,7922,853,19978,40839,1,200000.00,0.00,0.00,0.00,0.00,0.00,0.00,0.00,0.00,'2023-08-09 18:07:59','2023-08-09 18:07:59',NULL),(508,7922,854,19979,40839,1,715000.00,0.00,0.00,0.00,0.00,0.00,0.00,0.00,0.00,'2023-08-09 18:08:24','2023-08-09 18:08:24',NULL),(510,7922,857,10725,40759,1,313715.71,0.00,0.00,0.00,0.00,0.00,0.00,0.00,0.00,'2023-08-15 15:56:46','2023-08-15 15:56:46',NULL),(512,7922,861,10726,40759,1,29463.64,0.00,0.00,0.00,0.00,0.00,0.00,0.00,0.00,'2023-08-15 15:57:47','2023-08-15 15:57:47',NULL),(576,7922,989,6067,40723,1,25337652.40,0.00,164877.80,0.00,0.00,0.00,0.00,0.00,164877.80,'2023-08-18 19:04:21','2023-08-18 19:04:21',NULL),(593,7922,1023,3058,40721,1,6568443.95,0.00,56626.25,0.00,0.00,53.10,0.00,0.00,56679.35,'2023-08-26 19:51:07','2023-08-26 19:51:07',NULL),(595,7922,1025,12330,40864,1,975701.00,0.00,0.00,0.00,0.00,0.00,0.00,0.00,0.00,'2023-09-10 18:55:02','2023-09-10 18:55:02',NULL),(597,7922,1027,21496,40867,1,260500.00,0.00,0.00,0.00,0.00,0.00,0.00,0.00,0.00,'2023-09-10 19:46:50','2023-09-10 19:46:50',NULL),(599,7922,1029,21495,40867,1,412000.00,0.00,0.00,0.00,0.00,0.00,0.00,0.00,0.00,'2023-09-10 19:48:22','2023-09-10 19:48:22',NULL),(601,7922,1031,19980,40839,1,507000.00,0.00,0.00,0.00,0.00,0.00,0.00,0.00,0.00,'2023-09-10 20:05:05','2023-09-10 20:05:05',NULL),(602,7922,1032,19981,40839,1,2511700.00,0.00,0.00,0.00,0.00,0.00,0.00,0.00,0.00,'2023-09-10 20:05:32','2023-09-10 20:05:32',NULL),(640,7922,1108,6068,40723,1,24990091.08,0.00,164877.80,0.00,0.00,0.00,0.00,0.00,164877.80,'2023-09-20 19:44:18','2023-09-20 19:44:18',NULL),(642,7922,1110,15387,40956,1,881820.00,0.00,0.00,0.00,0.00,0.00,0.00,0.00,0.00,'2023-09-21 11:22:36','2023-09-21 11:22:36',NULL),(644,7922,1112,16917,40962,1,578480.00,0.00,0.00,0.00,0.00,0.00,0.00,0.00,0.00,'2023-09-21 11:25:49','2023-09-21 11:25:49',NULL),(646,7922,1114,13857,40946,1,616376.00,0.00,0.00,0.00,0.00,0.00,0.00,0.00,0.00,'2023-09-21 11:27:43','2023-09-21 11:27:43',NULL),(648,7922,1118,6061,40723,1,28116259.39,0.00,391607.89,0.00,0.00,0.00,0.00,0.00,391607.89,'2023-09-30 09:43:01','2023-09-30 09:43:01',NULL),(651,7922,1122,13858,40946,1,476190.00,0.00,0.00,0.00,0.00,0.00,0.00,0.00,0.00,'2023-10-05 14:40:46','2023-10-05 14:40:46',NULL),(652,7922,1123,16918,40962,1,0.00,0.00,0.00,0.00,0.00,0.00,0.00,0.00,0.00,'2023-10-05 14:42:52','2023-10-05 14:42:52',NULL),(654,7922,1125,15388,40956,1,62425.00,0.00,0.00,0.00,0.00,0.00,0.00,0.00,0.00,'2023-10-05 14:45:37','2023-10-05 14:45:37',NULL);
INSERT INTO `period_liquidation_iibb` VALUES (686,7922,1189,6066,40723,1,17963239.56,0.00,90085.66,0.00,0.00,74792.14,0.00,0.00,164877.80,'2023-10-17 16:51:01','2023-10-17 16:51:01',NULL),(690,7922,1197,6069,40723,1,28087319.10,0.00,164877.80,0.00,0.00,0.00,0.00,0.00,164877.80,'2023-10-18 22:19:10','2023-10-18 22:19:10',NULL),(694,7922,1201,15389,40956,1,406624.50,0.00,0.00,0.00,0.00,0.00,0.00,0.00,0.00,'2023-11-03 12:40:38','2023-11-03 12:40:38',NULL),(696,7922,1203,13859,40946,1,426136.50,0.00,0.00,0.00,0.00,0.00,0.00,0.00,0.00,'2023-11-03 12:42:30','2023-11-03 12:42:30',NULL),(698,7922,1205,16919,40962,1,530844.00,0.00,0.00,0.00,0.00,0.00,0.00,0.00,0.00,'2023-11-03 12:44:29','2023-11-03 12:44:29',NULL),(700,7922,1207,23167,41703,1,714350.00,0.00,0.00,0.00,0.00,0.00,0.00,0.00,0.00,'2023-11-06 17:13:35','2023-11-06 17:13:35',NULL),(705,7922,1216,12332,40864,1,0.00,0.00,0.00,0.00,0.00,0.00,0.00,0.00,0.00,'2023-11-10 18:38:44','2023-11-10 18:38:44',NULL),(707,7922,1218,12331,40864,1,782600.00,0.00,0.00,0.00,0.00,0.00,0.00,0.00,0.00,'2023-11-10 18:40:17','2023-11-10 18:40:17',NULL),(709,7922,1222,3061,40721,1,8533262.57,0.00,56679.35,0.00,0.00,0.00,0.00,0.00,56679.35,'2023-11-15 17:24:30','2023-11-15 17:24:30',NULL),(720,7922,1244,6070,40723,1,50313965.62,0.00,164877.80,0.00,0.00,0.00,0.00,0.00,164877.80,'2023-11-17 17:17:47','2023-11-17 17:17:47',NULL),(722,7922,1246,13860,40946,1,601240.00,0.00,0.00,0.00,0.00,0.00,0.00,0.00,0.00,'2023-12-04 14:29:09','2023-12-04 14:29:09',NULL),(724,7922,1248,16920,40962,1,871560.00,0.00,0.00,0.00,0.00,0.00,0.00,0.00,0.00,'2023-12-04 14:31:32','2023-12-04 14:31:32',NULL),(726,7922,1252,3062,40721,1,14399737.76,0.00,56679.35,0.00,0.00,0.00,0.00,0.00,56679.35,'2023-12-17 12:02:36','2023-12-17 12:02:36',NULL),(763,7922,1326,6071,40723,1,50012103.01,0.00,164877.80,0.00,0.00,0.00,0.00,0.00,164877.80,'2023-12-23 10:50:34','2023-12-23 10:50:34',NULL),(767,7922,1330,13861,40946,1,817763.50,0.00,0.00,0.00,0.00,0.00,0.00,0.00,0.00,'2024-01-10 16:56:22','2024-01-10 16:56:22',NULL),(769,7922,1332,15391,40956,1,1263000.00,0.00,0.00,0.00,0.00,0.00,0.00,0.00,0.00,'2024-01-10 17:18:32','2024-01-10 17:18:32',NULL),(771,7922,1334,15390,40956,1,323125.00,0.00,0.00,0.00,0.00,0.00,0.00,0.00,0.00,'2024-01-10 17:22:29','2024-01-10 17:22:29',NULL),(773,7922,1336,16921,40962,1,577055.00,0.00,0.00,0.00,0.00,0.00,0.00,0.00,0.00,'2024-01-10 17:36:15','2024-01-10 17:36:15',NULL),(776,7922,1342,6072,40723,1,37149687.97,0.00,164877.80,0.00,0.00,0.00,0.00,0.00,164877.80,'2024-01-16 18:32:03','2024-01-16 18:32:03',NULL),(785,7922,1360,6076,40723,1,45107247.33,0.00,164877.80,0.00,0.00,0.00,0.00,0.00,164877.80,'2024-02-24 20:50:37','2024-02-24 20:50:37',NULL),(788,7922,1363,13866,40946,1,1124781.00,0.00,0.00,0.00,0.00,0.00,0.00,0.00,0.00,'2024-02-26 11:22:22','2024-02-26 11:22:22',NULL),(789,7922,1364,13865,40946,1,195419.00,0.00,0.00,0.00,0.00,0.00,0.00,0.00,0.00,'2024-02-26 11:22:34','2024-02-26 11:22:34',NULL),(792,7922,1367,16926,40962,1,303912.00,0.00,0.00,0.00,0.00,0.00,0.00,0.00,0.00,'2024-02-26 11:26:42','2024-02-26 11:26:42',NULL),(793,7922,1368,16925,40962,1,1245046.00,0.00,0.00,0.00,0.00,0.00,0.00,0.00,0.00,'2024-02-26 11:26:53','2024-02-26 11:26:53',NULL),(796,7922,1371,15396,40956,1,507030.30,0.00,0.00,0.00,0.00,0.00,0.00,0.00,0.00,'2024-02-26 11:30:19','2024-02-26 11:30:19',NULL),(797,7922,1372,15395,40956,1,743600.00,0.00,0.00,0.00,0.00,0.00,0.00,0.00,0.00,'2024-02-26 11:30:28','2024-02-26 11:30:28',NULL),(800,7922,1375,12333,40864,1,0.00,0.00,0.00,0.00,0.00,0.00,0.00,0.00,0.00,'2024-03-17 12:47:27','2024-03-17 12:47:27',NULL),(801,7922,1376,12334,40864,1,354250.00,0.00,0.00,0.00,0.00,0.00,0.00,0.00,0.00,'2024-03-17 12:47:38','2024-03-17 12:47:38',NULL),(802,7922,1377,12338,40864,1,0.00,0.00,0.00,0.00,0.00,0.00,0.00,0.00,0.00,'2024-03-17 12:47:46','2024-03-17 12:47:46',NULL),(803,7922,1378,12339,40864,1,1247820.00,0.00,0.00,0.00,0.00,0.00,0.00,0.00,0.00,'2024-03-17 12:47:56','2024-03-17 12:47:56',NULL);
INSERT INTO `period_liquidation_iibb` VALUES (807,7922,1382,19982,40839,1,988000.00,0.00,0.00,0.00,0.00,0.00,0.00,0.00,0.00,'2024-03-17 13:16:14','2024-03-17 13:16:14',NULL),(808,7922,1383,19983,40839,1,0.00,0.00,0.00,0.00,0.00,0.00,0.00,0.00,0.00,'2024-03-17 13:16:23','2024-03-17 13:16:23',NULL),(809,7922,1384,19984,40839,1,1347120.00,0.00,0.00,0.00,0.00,0.00,0.00,0.00,0.00,'2024-03-17 13:16:37','2024-03-17 13:16:37',NULL),(810,7922,1385,19985,40839,1,0.00,0.00,0.00,0.00,0.00,0.00,0.00,0.00,0.00,'2024-03-17 13:16:48','2024-03-17 13:16:48',NULL),(811,7922,1386,19989,40839,1,0.00,0.00,0.00,0.00,0.00,0.00,0.00,0.00,0.00,'2024-03-17 13:17:10','2024-03-17 13:17:10',NULL),(812,7922,1387,19990,40839,1,0.00,0.00,0.00,0.00,0.00,0.00,0.00,0.00,0.00,'2024-03-17 13:17:18','2024-03-17 13:17:18',NULL),(813,7922,1388,21497,40867,1,85000.00,0.00,0.00,0.00,0.00,0.00,0.00,0.00,0.00,'2024-03-17 13:28:22','2024-03-17 13:28:22',NULL),(816,7922,1391,21498,40867,1,0.00,0.00,0.00,0.00,0.00,0.00,0.00,0.00,0.00,'2024-03-17 13:33:11','2024-03-17 13:33:11',NULL),(817,7922,1392,21499,40867,1,1555000.00,0.00,0.00,0.00,0.00,0.00,0.00,0.00,0.00,'2024-03-17 13:33:21','2024-03-17 13:33:21',NULL),(818,7922,1393,21500,40867,1,468000.00,0.00,0.00,0.00,0.00,0.00,0.00,0.00,0.00,'2024-03-17 13:33:31','2024-03-17 13:33:31',NULL),(819,7922,1394,21504,40867,1,0.00,0.00,0.00,0.00,0.00,0.00,0.00,0.00,0.00,'2024-03-17 13:33:39','2024-03-17 13:33:39',NULL),(820,7922,1395,21505,40867,1,0.00,0.00,0.00,0.00,0.00,0.00,0.00,0.00,0.00,'2024-03-17 13:34:03','2024-03-17 13:34:03',NULL),(824,7922,1399,23168,41703,1,1123497.00,0.00,0.00,0.00,0.00,0.00,0.00,0.00,0.00,'2024-03-17 13:44:39','2024-03-17 13:44:39',NULL),(825,7922,1400,23169,41703,1,1561455.00,0.00,0.00,0.00,0.00,0.00,0.00,0.00,0.00,'2024-03-17 13:44:55','2024-03-17 13:44:55',NULL),(826,7922,1401,23173,41703,1,0.00,0.00,0.00,0.00,0.00,0.00,0.00,0.00,0.00,'2024-03-17 13:45:14','2024-03-17 13:45:14',NULL),(827,7922,1402,23174,41703,1,1341200.00,0.00,0.00,0.00,0.00,0.00,0.00,0.00,0.00,'2024-03-17 13:46:03','2024-03-17 13:46:03',NULL),(829,7922,1406,6077,40723,1,39637364.07,0.00,164877.80,0.00,0.00,0.00,0.00,0.00,164877.80,'2024-03-21 13:43:42','2024-03-21 13:43:42',NULL),(830,7922,1407,12340,40864,1,0.00,0.00,0.00,0.00,0.00,0.00,0.00,0.00,0.00,'2024-04-05 12:22:25','2024-04-05 12:22:25',NULL),(832,7922,1409,16927,40962,1,1427800.00,0.00,0.00,0.00,0.00,0.00,0.00,0.00,0.00,'2024-04-05 14:25:08','2024-04-05 14:25:08',NULL),(834,7922,1411,13867,40946,1,1323050.00,0.00,0.00,0.00,0.00,0.00,0.00,0.00,0.00,'2024-04-05 14:29:05','2024-04-05 14:29:05',NULL),(836,7922,1413,15397,40956,1,1187000.00,0.00,0.00,0.00,0.00,0.00,0.00,0.00,0.00,'2024-04-05 14:31:27','2024-04-05 14:31:27',NULL),(837,7922,1414,16928,40962,1,0.00,0.00,0.00,0.00,0.00,0.00,0.00,0.00,0.00,'2024-05-03 14:22:58','2024-05-03 14:22:58',NULL),(839,7922,1416,13868,40946,1,516150.00,0.00,0.00,0.00,0.00,0.00,0.00,0.00,0.00,'2024-05-03 14:25:50','2024-05-03 14:25:50',NULL),(840,7922,1417,15398,40956,1,0.00,0.00,0.00,0.00,0.00,0.00,0.00,0.00,0.00,'2024-05-03 14:27:42','2024-05-03 14:27:42',NULL),(843,7922,1421,6078,40723,1,68838572.77,0.00,164877.80,0.00,0.00,0.00,0.00,0.00,164877.80,'2024-06-01 11:58:09','2024-06-01 11:58:09',NULL),(844,7922,1423,6079,40723,1,53758280.38,0.00,164877.80,0.00,0.00,0.00,0.00,0.00,164877.80,'2024-06-01 12:05:05','2024-06-01 12:05:05',NULL),(846,7922,1425,12341,40864,1,665000.00,0.00,0.00,0.00,0.00,0.00,0.00,0.00,0.00,'2024-06-05 12:17:08','2024-06-05 12:17:08',NULL),(847,7922,1426,12342,40864,1,0.00,0.00,0.00,0.00,0.00,0.00,0.00,0.00,0.00,'2024-06-05 12:17:19','2024-06-05 12:17:19',NULL),(849,7922,1428,21506,40867,1,760680.00,0.00,0.00,0.00,0.00,0.00,0.00,0.00,0.00,'2024-06-05 12:45:15','2024-06-05 12:45:15',NULL),(850,7922,1429,21507,40867,1,0.00,0.00,0.00,0.00,0.00,0.00,0.00,0.00,0.00,'2024-06-05 12:45:24','2024-06-05 12:45:24',NULL),(851,7922,1430,21508,40867,1,0.00,0.00,0.00,0.00,0.00,0.00,0.00,0.00,0.00,'2024-06-05 12:45:33','2024-06-05 12:45:33',NULL);
INSERT INTO `period_liquidation_iibb` VALUES (853,7922,1432,19991,40839,1,958600.00,0.00,0.00,0.00,0.00,0.00,0.00,0.00,0.00,'2024-06-05 12:57:42','2024-06-05 12:57:42',NULL),(854,7922,1433,19992,40839,1,0.00,0.00,0.00,0.00,0.00,0.00,0.00,0.00,0.00,'2024-06-05 12:57:51','2024-06-05 12:57:51',NULL),(855,7922,1434,19993,40839,1,0.00,0.00,0.00,0.00,0.00,0.00,0.00,0.00,0.00,'2024-06-05 12:57:59','2024-06-05 12:57:59',NULL),(862,7922,1448,6080,40723,1,58528354.18,0.00,164877.80,0.00,0.00,0.00,0.00,0.00,164877.80,'2024-06-24 18:55:00','2024-06-24 18:55:00',NULL),(864,7922,1450,13870,40946,1,612750.00,0.00,0.00,0.00,0.00,0.00,0.00,0.00,0.00,'2024-07-04 20:10:20','2024-07-04 20:10:20',NULL),(866,7922,1452,13869,40946,1,1370350.00,0.00,0.00,0.00,0.00,0.00,0.00,0.00,0.00,'2024-07-04 20:11:33','2024-07-04 20:11:33',NULL),(869,7922,1455,16930,40962,1,2334050.00,0.00,0.00,0.00,0.00,0.00,0.00,0.00,0.00,'2024-07-04 20:14:09','2024-07-04 20:14:09',NULL),(870,7922,1456,16929,40962,1,2401250.00,0.00,0.00,0.00,0.00,0.00,0.00,0.00,0.00,'2024-07-04 20:14:16','2024-07-04 20:14:16',NULL),(873,7922,1459,15399,40956,1,2426575.00,0.00,0.00,0.00,0.00,0.00,0.00,0.00,0.00,'2024-07-04 20:19:12','2024-07-04 20:19:12',NULL),(874,7922,1460,15400,40956,1,430400.00,0.00,0.00,0.00,0.00,0.00,0.00,0.00,0.00,'2024-07-04 20:19:30','2024-07-04 20:19:30',NULL),(875,7922,1462,6081,40723,1,40478430.66,0.00,164877.80,0.00,0.00,0.00,0.00,0.00,164877.80,'2024-07-20 12:12:15','2024-07-20 12:12:15',NULL),(876,7922,1464,6082,40723,1,69917287.83,0.00,164877.80,0.00,0.00,0.00,0.00,0.00,164877.80,'2024-08-20 14:31:43','2024-08-20 14:31:43',NULL),(877,7922,1466,6083,40723,1,72493535.92,0.00,164877.80,0.00,0.00,0.00,0.00,0.00,164877.80,'2024-09-22 20:37:51','2024-09-22 20:37:51',NULL),(881,7922,1470,12343,40864,1,1130000.00,0.00,0.00,0.00,0.00,0.00,0.00,0.00,0.00,'2024-09-27 18:20:10','2024-09-27 18:20:10',NULL),(882,7922,1471,12344,40864,1,1013600.00,0.00,0.00,0.00,0.00,0.00,0.00,0.00,0.00,'2024-09-27 18:20:19','2024-09-27 18:20:19',NULL),(883,7922,1472,12345,40864,1,1548000.00,0.00,0.00,0.00,0.00,0.00,0.00,0.00,0.00,'2024-09-27 18:20:28','2024-09-27 18:20:28',NULL),(884,7922,1473,16932,40962,1,688000.00,0.00,0.00,0.00,0.00,0.00,0.00,0.00,0.00,'2024-10-03 06:53:37','2024-10-03 06:53:37',NULL),(886,7922,1475,16931,40962,1,0.00,0.00,0.00,0.00,0.00,0.00,0.00,0.00,0.00,'2024-10-03 06:55:00','2024-10-03 06:55:00',NULL),(887,7922,1476,16933,40962,1,3030704.00,0.00,0.00,0.00,0.00,0.00,0.00,0.00,0.00,'2024-10-03 06:55:18','2024-10-03 06:55:18',NULL),(888,7922,1477,15402,40956,1,1204000.00,0.00,0.00,0.00,0.00,0.00,0.00,0.00,0.00,'2024-10-03 07:01:35','2024-10-03 07:01:35',NULL),(890,7922,1479,15401,40956,1,0.00,0.00,0.00,0.00,0.00,0.00,0.00,0.00,0.00,'2024-10-03 07:02:42','2024-10-03 07:02:42',NULL),(891,7922,1480,15403,40956,1,3524025.00,0.00,0.00,0.00,0.00,0.00,0.00,0.00,0.00,'2024-10-03 07:02:57','2024-10-03 07:02:57',NULL),(905,7922,1494,13871,40946,1,1746960.00,0.00,0.00,0.00,0.00,0.00,0.00,0.00,0.00,'2024-10-03 07:12:46','2024-10-03 07:12:46',NULL),(906,7922,1495,13872,40946,1,1058660.00,0.00,0.00,0.00,0.00,0.00,0.00,0.00,0.00,'2024-10-03 07:13:05','2024-10-03 07:13:05',NULL),(907,7922,1496,13873,40946,1,1978960.00,0.00,0.00,0.00,0.00,0.00,0.00,0.00,0.00,'2024-10-03 07:13:15','2024-10-03 07:13:15',NULL),(908,7922,1498,6084,40723,1,74767749.37,0.00,164877.80,0.00,0.00,0.00,0.00,0.00,164877.80,'2024-10-14 19:11:17','2024-10-14 19:11:17',NULL),(909,7922,1500,6085,40723,1,77224581.53,0.00,164877.80,0.00,0.00,0.00,0.00,0.00,164877.80,'2024-11-15 18:08:21','2024-11-15 18:08:21',NULL),(910,7922,1501,16934,40962,1,2037200.00,0.00,0.00,0.00,0.00,0.00,0.00,0.00,0.00,'2024-12-02 08:42:32','2024-12-02 08:42:32',NULL),(913,7922,1504,16935,40962,1,2752800.00,0.00,0.00,0.00,0.00,0.00,0.00,0.00,0.00,'2024-12-02 08:43:20','2024-12-02 08:43:20',NULL),(916,7922,1507,15404,40956,1,1149376.00,0.00,0.00,0.00,0.00,0.00,0.00,0.00,0.00,'2024-12-02 08:46:30','2024-12-02 08:46:30',NULL);
INSERT INTO `period_liquidation_iibb` VALUES (917,7922,1508,15405,40956,1,7939375.00,0.00,0.00,0.00,0.00,0.00,0.00,0.00,0.00,'2024-12-02 08:46:37','2024-12-02 08:46:37',NULL),(920,7922,1511,13874,40946,1,1371900.00,0.00,0.00,0.00,0.00,0.00,0.00,0.00,0.00,'2024-12-02 08:51:57','2024-12-02 08:51:57',NULL),(921,7922,1512,13875,40946,1,1614020.00,0.00,0.00,0.00,0.00,0.00,0.00,0.00,0.00,'2024-12-02 08:52:08','2024-12-02 08:52:08',NULL),(925,7922,1516,12348,40864,1,3126800.00,0.00,0.00,0.00,0.00,0.00,0.00,0.00,0.00,'2024-12-06 16:21:56','2024-12-06 16:21:56',NULL),(926,7922,1517,12347,40864,1,5935500.00,0.00,0.00,0.00,0.00,0.00,0.00,0.00,0.00,'2024-12-06 16:22:08','2024-12-06 16:22:08',NULL),(927,7922,1518,12346,40864,1,4281410.00,0.00,0.00,0.00,0.00,0.00,0.00,0.00,0.00,'2024-12-06 16:22:17','2024-12-06 16:22:17',NULL),(932,7922,1523,21509,40867,1,0.00,0.00,0.00,0.00,0.00,0.00,0.00,0.00,0.00,'2024-12-11 10:45:19','2024-12-11 10:45:19',NULL),(933,7922,1524,21510,40867,1,0.00,0.00,0.00,0.00,0.00,0.00,0.00,0.00,0.00,'2024-12-11 10:45:28','2024-12-11 10:45:28',NULL),(934,7922,1525,21511,40867,1,1032000.00,0.00,0.00,0.00,0.00,0.00,0.00,0.00,0.00,'2024-12-11 10:45:37','2024-12-11 10:45:37',NULL),(935,7922,1526,21512,40867,1,1622600.00,0.00,0.00,0.00,0.00,0.00,0.00,0.00,0.00,'2024-12-11 10:45:50','2024-12-11 10:45:50',NULL),(936,7922,1527,21513,40867,1,2517000.00,0.00,0.00,0.00,0.00,0.00,0.00,0.00,0.00,'2024-12-11 10:45:58','2024-12-11 10:45:58',NULL),(937,7922,1528,21514,40867,1,3500000.00,0.00,0.00,0.00,0.00,0.00,0.00,0.00,0.00,'2024-12-11 10:46:05','2024-12-11 10:46:05',NULL),(942,7922,1533,19999,40839,1,4258963.00,0.00,0.00,0.00,0.00,0.00,0.00,0.00,0.00,'2024-12-11 10:51:16','2024-12-11 10:51:16',NULL),(943,7922,1534,19998,40839,1,3858000.00,0.00,0.00,0.00,0.00,0.00,0.00,0.00,0.00,'2024-12-11 10:51:24','2024-12-11 10:51:24',NULL),(944,7922,1535,19997,40839,1,4531953.00,0.00,0.00,0.00,0.00,0.00,0.00,0.00,0.00,'2024-12-11 10:51:33','2024-12-11 10:51:33',NULL),(945,7922,1536,19996,40839,1,1720000.00,0.00,0.00,0.00,0.00,0.00,0.00,0.00,0.00,'2024-12-11 10:51:40','2024-12-11 10:51:40',NULL),(946,7922,1537,19995,40839,1,0.00,0.00,0.00,0.00,0.00,0.00,0.00,0.00,0.00,'2024-12-11 10:51:47','2024-12-11 10:51:47',NULL),(947,7922,1538,19994,40839,1,0.00,0.00,0.00,0.00,0.00,0.00,0.00,0.00,0.00,'2024-12-11 10:51:57','2024-12-11 10:51:57',NULL),(956,7922,1547,23183,41703,1,7089012.00,0.00,0.00,0.00,0.00,0.00,0.00,0.00,0.00,'2024-12-11 11:18:48','2024-12-11 11:18:48',NULL),(957,7922,1548,23182,41703,1,8005782.00,0.00,0.00,0.00,0.00,0.00,0.00,0.00,0.00,'2024-12-11 11:19:16','2024-12-11 11:19:16',NULL),(958,7922,1549,23181,41703,1,340000.00,0.00,0.00,0.00,0.00,0.00,0.00,0.00,0.00,'2024-12-11 11:19:26','2024-12-11 11:19:26',NULL),(959,7922,1550,23180,41703,1,3432000.00,0.00,0.00,0.00,0.00,0.00,0.00,0.00,0.00,'2024-12-11 11:19:38','2024-12-11 11:19:38',NULL),(960,7922,1551,23179,41703,1,2959060.00,0.00,0.00,0.00,0.00,0.00,0.00,0.00,0.00,'2024-12-11 11:19:47','2024-12-11 11:19:47',NULL),(961,7922,1552,23178,41703,1,0.00,0.00,0.00,0.00,0.00,0.00,0.00,0.00,0.00,'2024-12-11 11:19:56','2024-12-11 11:19:56',NULL),(962,7922,1553,23177,41703,1,3091566.00,0.00,0.00,0.00,0.00,0.00,0.00,0.00,0.00,'2024-12-11 11:20:09','2024-12-11 11:20:09',NULL),(963,7922,1554,23176,41703,1,760000.00,0.00,0.00,0.00,0.00,0.00,0.00,0.00,0.00,'2024-12-11 11:20:25','2024-12-11 11:20:25',NULL),(964,7922,1555,23175,41703,1,1140000.00,0.00,0.00,0.00,0.00,0.00,0.00,0.00,0.00,'2024-12-11 11:20:35','2024-12-11 11:20:35',NULL),(965,7922,1557,6086,40723,1,88911274.05,0.00,164877.80,0.00,0.00,0.00,0.00,0.00,164877.80,'2024-12-20 13:22:12','2024-12-20 13:22:12',NULL),(966,7922,1559,6087,40723,1,76603844.77,0.00,164877.80,0.00,0.00,0.00,0.00,0.00,164877.80,'2025-01-14 12:55:54','2025-01-14 12:55:54',NULL),(968,7922,1561,13876,40946,1,1598400.00,0.00,0.00,0.00,0.00,0.00,0.00,0.00,0.00,'2025-01-23 09:15:23','2025-01-23 09:15:23',NULL);
INSERT INTO `period_liquidation_iibb` VALUES (970,7922,1563,15406,40956,1,-985050.00,0.00,0.00,0.00,0.00,0.00,0.00,0.00,0.00,'2025-01-23 09:19:07','2025-01-23 09:19:07',NULL),(972,7922,1565,16936,40962,1,220000.00,0.00,0.00,0.00,0.00,0.00,0.00,0.00,0.00,'2025-01-23 09:25:13','2025-01-23 09:25:13',NULL),(974,7922,1567,23184,41703,1,7050000.00,0.00,0.00,0.00,0.00,0.00,0.00,0.00,0.00,'2025-01-27 08:56:06','2025-01-27 08:56:06',NULL),(976,7922,1569,21515,40867,1,3400000.00,0.00,0.00,0.00,0.00,0.00,0.00,0.00,0.00,'2025-01-28 09:23:41','2025-01-28 09:23:41',NULL),(978,7922,1571,20000,40839,1,4080000.00,0.00,0.00,0.00,0.00,0.00,0.00,0.00,0.00,'2025-01-28 09:29:42','2025-01-28 09:29:42',NULL),(979,7922,1573,6091,40723,1,101286305.50,0.00,164877.80,0.00,0.00,0.00,0.00,0.00,164877.80,'2025-02-21 16:25:11','2025-02-21 16:25:11',NULL),(981,7922,1577,6092,40723,1,95680187.59,0.00,164877.80,0.00,0.00,0.00,0.00,0.00,164877.80,'2025-03-18 15:07:54','2025-03-18 15:07:54',NULL),(985,7922,1581,12349,40864,1,2374000.00,0.00,0.00,0.00,0.00,0.00,0.00,0.00,0.00,'2025-04-09 16:03:34','2025-04-09 16:03:34',NULL),(986,7922,1582,12353,40864,1,3606000.00,0.00,0.00,0.00,0.00,0.00,0.00,0.00,0.00,'2025-04-09 16:03:44','2025-04-09 16:03:44',NULL),(987,7922,1583,12354,40864,1,3756000.00,0.00,0.00,0.00,0.00,0.00,0.00,0.00,0.00,'2025-04-09 16:03:53','2025-04-09 16:03:53',NULL),(991,7922,1587,23188,41703,1,7790000.00,0.00,0.00,0.00,0.00,0.00,0.00,0.00,0.00,'2025-04-11 17:35:23','2025-04-11 17:35:23',NULL),(992,7922,1588,23189,41703,1,4100000.00,0.00,0.00,0.00,0.00,0.00,0.00,0.00,0.00,'2025-04-11 17:35:33','2025-04-11 17:35:33',NULL),(993,7922,1589,23190,41703,1,4100000.00,0.00,0.00,0.00,0.00,0.00,0.00,0.00,0.00,'2025-04-11 17:35:43','2025-04-11 17:35:43',NULL),(995,7922,1591,12355,40864,1,5217480.00,0.00,0.00,0.00,0.00,0.00,0.00,0.00,0.00,'2025-04-11 17:44:56','2025-04-11 17:44:56',NULL),(997,7922,1595,24690,41849,1,7352399.72,0.00,0.00,0.00,0.00,4037.67,0.00,0.00,4037.67,'2025-04-14 16:13:44','2025-04-14 16:13:44',NULL),(1002,7922,1601,20006,40839,1,3280000.00,0.00,0.00,0.00,0.00,0.00,0.00,0.00,0.00,'2025-04-17 16:23:56','2025-04-17 16:23:56',NULL),(1003,7922,1602,20005,40839,1,3280000.00,0.00,0.00,0.00,0.00,0.00,0.00,0.00,0.00,'2025-04-17 16:24:05','2025-04-17 16:24:05',NULL),(1004,7922,1603,20004,40839,1,2050000.00,0.00,0.00,0.00,0.00,0.00,0.00,0.00,0.00,'2025-04-17 16:24:13','2025-04-17 16:24:13',NULL),(1008,7922,1607,21521,40867,1,2050000.00,0.00,0.00,0.00,0.00,0.00,0.00,0.00,0.00,'2025-04-17 16:29:35','2025-04-17 16:29:35',NULL),(1009,7922,1608,21520,40867,1,2870000.00,0.00,0.00,0.00,0.00,0.00,0.00,0.00,0.00,'2025-04-17 16:29:45','2025-04-17 16:29:45',NULL),(1010,7922,1609,21519,40867,1,2870000.00,0.00,0.00,0.00,0.00,0.00,0.00,0.00,0.00,'2025-04-17 16:29:53','2025-04-17 16:29:53',NULL),(1012,7922,1611,16940,40962,1,1538301.00,0.00,0.00,0.00,0.00,0.00,0.00,0.00,0.00,'2025-04-17 16:33:46','2025-04-17 16:33:46',NULL),(1014,7922,1613,16941,40962,1,350000.00,0.00,0.00,0.00,0.00,0.00,0.00,0.00,0.00,'2025-04-17 16:34:02','2025-04-17 16:34:02',NULL),(1016,7922,1615,16942,40962,1,4380000.00,0.00,0.00,0.00,0.00,0.00,0.00,0.00,0.00,'2025-04-17 16:34:19','2025-04-17 16:34:19',NULL),(1020,7922,1619,13880,40946,1,2332800.00,0.00,0.00,0.00,0.00,0.00,0.00,0.00,0.00,'2025-04-17 16:38:12','2025-04-17 16:38:12',NULL),(1021,7922,1620,13881,40946,1,1783450.00,0.00,0.00,0.00,0.00,0.00,0.00,0.00,0.00,'2025-04-17 16:38:19','2025-04-17 16:38:19',NULL),(1022,7922,1621,13882,40946,1,716516.00,0.00,0.00,0.00,0.00,0.00,0.00,0.00,0.00,'2025-04-17 16:38:28','2025-04-17 16:38:28',NULL),(1023,7922,1622,15410,40956,1,0.00,0.00,0.00,0.00,0.00,0.00,0.00,0.00,0.00,'2025-04-17 16:51:51','2025-04-17 16:51:51',NULL),(1026,7922,1625,15411,40956,1,5610345.00,0.00,0.00,0.00,0.00,0.00,0.00,0.00,0.00,'2025-04-17 16:52:24','2025-04-17 16:52:24',NULL),(1027,7922,1626,15412,40956,1,282000.00,0.00,0.00,0.00,0.00,0.00,0.00,0.00,0.00,'2025-04-17 16:52:32','2025-04-17 16:52:32',NULL);
INSERT INTO `period_liquidation_iibb` VALUES (1055,7922,1680,30722,42095,1,0.00,16883.17,0.00,0.00,0.00,42958.13,0.00,0.00,26074.96,'2025-07-22 19:47:26','2025-07-22 19:47:26',NULL),(1059,7922,1684,20009,40839,1,720000.00,0.00,0.00,0.00,0.00,0.00,0.00,0.00,0.00,'2025-07-23 15:32:55','2025-07-23 15:32:55',NULL),(1060,7922,1685,20008,40839,1,1519000.00,0.00,0.00,0.00,0.00,0.00,0.00,0.00,0.00,'2025-07-23 15:33:05','2025-07-23 15:33:05',NULL),(1061,7922,1686,20007,40839,1,1524000.00,0.00,0.00,0.00,0.00,0.00,0.00,0.00,0.00,'2025-07-23 15:33:13','2025-07-23 15:33:13',NULL),(1065,7922,1690,13885,40946,1,1360800.00,0.00,0.00,0.00,0.00,0.00,0.00,0.00,0.00,'2025-07-23 15:58:36','2025-07-23 15:58:36',NULL),(1066,7922,1691,13884,40946,1,6251014.00,0.00,0.00,0.00,0.00,0.00,0.00,0.00,0.00,'2025-07-23 15:58:45','2025-07-23 15:58:45',NULL),(1067,7922,1692,13883,40946,1,6607675.00,0.00,0.00,0.00,0.00,0.00,0.00,0.00,0.00,'2025-07-23 15:58:54','2025-07-23 15:58:54',NULL),(1071,7922,1696,15415,40956,1,1852800.00,0.00,0.00,0.00,0.00,0.00,0.00,0.00,0.00,'2025-07-23 16:13:21','2025-07-23 16:13:21',NULL),(1072,7922,1697,15414,40956,1,390720.00,0.00,0.00,0.00,0.00,0.00,0.00,0.00,0.00,'2025-07-23 16:13:31','2025-07-23 16:13:31',NULL),(1073,7922,1698,15413,40956,1,3370000.00,0.00,0.00,0.00,0.00,0.00,0.00,0.00,0.00,'2025-07-23 16:13:39','2025-07-23 16:13:39',NULL),(1077,7922,1702,16945,40962,1,1445800.00,0.00,0.00,0.00,0.00,0.00,0.00,0.00,0.00,'2025-07-23 16:26:54','2025-07-23 16:26:54',NULL),(1078,7922,1703,16944,40962,1,5570000.00,0.00,0.00,0.00,0.00,0.00,0.00,0.00,0.00,'2025-07-23 16:27:04','2025-07-23 16:27:04',NULL),(1079,7922,1704,16943,40962,1,2782000.00,0.00,0.00,0.00,0.00,0.00,0.00,0.00,0.00,'2025-07-23 16:27:13','2025-07-23 16:27:13',NULL),(1080,7922,1705,12356,40864,1,671567.02,0.00,0.00,0.00,0.00,0.00,0.00,0.00,0.00,'2025-07-23 17:28:53','2025-07-23 17:28:53',NULL),(1083,7922,1708,12358,40864,1,526297.18,0.00,0.00,0.00,0.00,0.00,0.00,0.00,0.00,'2025-07-23 17:30:50','2025-07-23 17:30:50',NULL),(1084,7922,1709,12357,40864,1,2192777.82,0.00,0.00,0.00,0.00,0.00,0.00,0.00,0.00,'2025-07-23 17:30:58','2025-07-23 17:30:58',NULL),(1095,7922,1720,23191,41703,1,6150000.00,0.00,0.00,0.00,0.00,0.00,0.00,0.00,0.00,'2025-07-28 15:50:17','2025-07-28 15:50:17',NULL),(1096,7922,1721,23192,41703,1,2460000.00,0.00,0.00,0.00,0.00,0.00,0.00,0.00,0.00,'2025-07-28 15:50:26','2025-07-28 15:50:26',NULL),(1097,7922,1722,23193,41703,1,861000.00,0.00,0.00,0.00,0.00,0.00,0.00,0.00,0.00,'2025-07-28 15:50:40','2025-07-28 15:50:40',NULL),(1115,7922,1758,30723,42095,1,0.00,22225.86,26074.96,0.00,0.00,19536.71,0.00,0.00,23385.81,'2025-08-21 21:33:58','2025-08-21 21:33:58',NULL),(1116,NULL,1760,30724,42095,1,0.00,0.00,23385.81,0.00,0.00,22279.37,0.00,0.00,45665.18,'2025-09-16 13:59:47','2025-09-16 13:59:47',NULL),(1117,NULL,1761,3046,40721,1,5303888.03,0.00,0.00,0.00,0.00,0.00,0.00,0.00,0.00,'2025-10-07 14:44:12','2025-10-07 14:44:12',NULL),(1125,7922,1769,3052,40721,1,4970798.77,0.00,0.00,0.00,0.00,0.00,0.00,0.00,0.00,'2025-10-07 14:53:29','2025-10-07 14:53:29',NULL),(1126,7922,1770,3059,40721,1,5481955.37,0.00,56679.35,0.00,0.00,0.00,0.00,0.00,56679.35,'2025-10-07 14:54:12','2025-10-07 14:54:12',NULL),(1128,7922,1772,3063,40721,1,5167400.00,0.00,56679.35,0.00,0.00,0.00,0.00,0.00,56679.35,'2025-10-07 14:55:40','2025-10-07 14:55:40',NULL),(1129,NULL,1773,3060,40721,1,3520277.89,0.00,56679.35,0.00,0.00,0.00,0.00,0.00,56679.35,'2025-10-07 14:58:16','2025-10-07 14:58:16',NULL),(1142,7922,1786,3067,40721,1,3454600.00,0.00,56679.35,0.00,0.00,0.00,0.00,0.00,56679.35,'2025-10-08 15:25:03','2025-10-08 15:25:03',NULL),(1143,7922,1787,3068,40721,1,4075038.00,0.00,56679.35,0.00,0.00,0.00,0.00,0.00,56679.35,'2025-10-08 15:25:18','2025-10-08 15:25:18',NULL),(1144,NULL,1788,3069,40721,1,2882669.32,0.00,56679.35,0.00,0.00,0.00,0.00,0.00,56679.35,'2025-10-08 15:25:37','2025-10-08 15:25:37',NULL),(1145,7922,1789,3070,40721,1,7940728.02,0.00,56679.35,0.00,0.00,0.00,0.00,0.00,56679.35,'2025-10-08 15:25:51','2025-10-08 15:25:51',NULL);
INSERT INTO `period_liquidation_iibb` VALUES (1146,NULL,1790,3071,40721,1,6432890.00,0.00,56679.35,0.00,0.00,0.00,0.00,0.00,56679.35,'2025-10-08 15:26:11','2025-10-08 15:26:11',NULL),(1147,7922,1791,3072,40721,1,4373805.00,0.00,56679.35,0.00,0.00,0.00,0.00,0.00,56679.35,'2025-10-08 15:26:22','2025-10-08 15:26:22',NULL),(1148,7922,1792,3073,40721,1,685124.06,0.00,56679.35,0.00,0.00,0.00,0.00,0.00,56679.35,'2025-10-08 15:26:35','2025-10-08 15:26:35',NULL),(1149,7922,1793,3074,40721,1,4760846.66,0.00,56679.35,0.00,0.00,0.00,0.00,0.00,56679.35,'2025-10-08 15:26:49','2025-10-08 15:26:49',NULL),(1150,7922,1794,3075,40721,1,3705985.00,0.00,56679.35,0.00,0.00,0.00,0.00,0.00,56679.35,'2025-10-08 15:27:01','2025-10-08 15:27:01',NULL),(1151,7922,1795,3076,40721,1,7698028.20,0.00,56679.35,0.00,0.00,0.00,0.00,0.00,56679.35,'2025-10-08 15:27:11','2025-10-08 15:27:11',NULL),(1152,7922,1796,3077,40721,1,7881455.56,0.00,56679.35,0.00,0.00,0.00,0.00,0.00,56679.35,'2025-10-08 15:27:28','2025-10-08 15:27:28',NULL),(1153,7922,1797,3078,40721,1,8717385.00,0.00,56679.35,0.00,0.00,0.00,0.00,0.00,56679.35,'2025-10-08 15:27:38','2025-10-08 15:27:38',NULL),(1176,7922,1843,30725,42095,1,6528925.67,163223.14,45665.18,0.00,0.00,1198.70,0.00,116359.26,0.00,'2025-10-22 15:35:36','2025-10-22 15:35:36',NULL);

--
-- Table structure for table `period_liquidation_iva`
--

CREATE TABLE `period_liquidation_iva` (
  `id` int(10) unsigned NOT NULL AUTO_INCREMENT,
  `user_id` int(10) unsigned DEFAULT NULL,
  `period_liquidation_id` int(10) unsigned NOT NULL,
  `period_id` int(10) unsigned NOT NULL,
  `person_id` int(10) unsigned NOT NULL,
  `total_debit` decimal(16,2) NOT NULL DEFAULT '0.00',
  `total_debito_mis_comp` decimal(16,2) DEFAULT '0.00',
  `total_credit` decimal(16,2) NOT NULL DEFAULT '0.00',
  `credito_fiscal_comp` decimal(16,2) DEFAULT '0.00',
  `total_credito_mis_comp` decimal(16,2) DEFAULT '0.00',
  `reduc_st_mono` decimal(10,2) NOT NULL DEFAULT '0.00',
  `previous_technical` decimal(16,2) NOT NULL DEFAULT '0.00',
  `technical_balance` decimal(16,2) NOT NULL DEFAULT '0.00',
  `previous_free_availability` decimal(16,2) NOT NULL DEFAULT '0.00',
  `retention_amount` decimal(16,2) NOT NULL DEFAULT '0.00',
  `perception_amount` decimal(16,2) NOT NULL DEFAULT '0.00',
  `compensation_amount` decimal(16,2) NOT NULL DEFAULT '0.00',
  `total_perceptions_retentions` decimal(16,2) NOT NULL DEFAULT '0.00',
  `free_availability_balance` decimal(16,2) NOT NULL DEFAULT '0.00',
  `pago_a_cuenta` decimal(16,2) NOT NULL DEFAULT '0.00',
  `negative_amount` decimal(16,2) NOT NULL DEFAULT '0.00',
  `positive_amount` decimal(16,2) NOT NULL DEFAULT '0.00',
  `total_free_availability` decimal(16,2) NOT NULL DEFAULT '0.00',
  `saldo_pago_a_cuenta` decimal(16,2) NOT NULL DEFAULT '0.00',
  `comentarios` text COLLATE utf8mb4_unicode_ci,
  `created_at` timestamp NULL DEFAULT NULL,
  `updated_at` timestamp NULL DEFAULT NULL,
  `deleted_at` timestamp NULL DEFAULT NULL,
  PRIMARY KEY (`id`),
  KEY `period_liquidation_iva_period_liquidation_id_foreign` (`period_liquidation_id`),
  KEY `period_liquidation_iva_period_id_foreign` (`period_id`),
  KEY `period_liquidation_iva_person_id_foreign` (`person_id`),
  CONSTRAINT `period_liquidation_iva_period_id_foreign` FOREIGN KEY (`period_id`) REFERENCES `periods` (`id`),
  CONSTRAINT `period_liquidation_iva_period_liquidation_id_foreign` FOREIGN KEY (`period_liquidation_id`) REFERENCES `period_liquidations` (`id`),
  CONSTRAINT `period_liquidation_iva_person_id_foreign` FOREIGN KEY (`person_id`) REFERENCES `persons` (`id`)
) ENGINE=InnoDB AUTO_INCREMENT=669 DEFAULT CHARSET=utf8mb4 COLLATE=utf8mb4_unicode_ci;

--
-- Dumping data for table `period_liquidation_iva`
--

INSERT INTO `period_liquidation_iva` VALUES (43,7922,83,3053,40721,893764.95,0.00,695323.54,0.00,0.00,0.00,0.00,-198441.41,0.00,0.00,0.00,0.00,0.00,0.00,0.00,198441.41,0.00,0.00,0.00,NULL,'2023-03-23 09:56:07','2023-03-23 09:56:07',NULL),(45,7922,87,6062,40723,1082366.24,0.00,3282928.39,0.00,0.00,0.00,0.00,2200562.14,0.00,0.00,0.00,0.00,0.00,0.00,0.00,0.00,2200562.14,7204.71,0.00,'.','2023-03-23 15:15:31','2023-03-24 12:21:25',NULL),(57,7922,114,9148,40725,1395.37,0.00,1038918.30,0.00,0.00,0.00,0.00,1037522.93,0.00,0.00,0.00,0.00,0.00,0.00,0.00,0.00,1037522.93,0.00,0.00,NULL,'2023-04-06 08:51:38','2023-04-06 08:51:39',NULL),(58,7922,116,9149,40725,0.00,0.00,37793.25,0.00,0.00,0.00,1037522.93,1075316.18,0.00,0.00,0.00,0.00,0.00,0.00,0.00,0.00,1075316.18,0.00,0.00,NULL,'2023-04-06 08:52:15','2023-04-06 08:52:16',NULL),(59,7922,118,9150,40725,0.00,0.00,28191.26,0.00,0.00,0.00,1075316.18,1103507.44,0.00,0.00,0.00,0.00,0.00,0.00,0.00,0.00,1103507.44,0.00,0.00,NULL,'2023-04-06 08:52:54','2023-04-06 08:52:54',NULL),(77,7922,178,6063,40723,15927051.33,0.00,16210460.92,0.00,0.00,0.00,2200562.14,2483971.72,7204.71,0.00,0.00,0.00,0.00,7204.71,0.00,0.00,2483971.72,7204.71,0.00,'1','2023-04-15 10:10:49','2023-04-15 10:36:05',NULL),(79,7922,182,10722,40759,54869.01,0.00,46231.77,0.00,0.00,0.00,0.00,-8637.24,0.00,0.00,0.00,0.00,0.00,0.00,0.00,8637.24,0.00,0.00,0.00,NULL,'2023-04-17 17:01:41','2023-04-17 17:01:42',NULL),(81,7922,226,3054,40721,1411573.45,0.00,804102.82,0.00,0.00,0.00,0.00,-607470.63,0.00,0.00,0.00,0.00,0.00,0.00,0.00,607470.63,0.00,0.00,0.00,NULL,'2023-04-20 16:03:43','2023-04-20 16:03:43',NULL),(127,7922,365,10723,40759,55431.50,55431.50,50427.00,0.00,50427.00,0.00,0.00,-5004.50,0.00,0.00,0.00,0.00,0.00,0.00,0.00,5004.50,0.00,0.00,0.00,NULL,'2023-05-22 15:56:58','2023-05-22 16:43:59',NULL),(128,7922,367,10721,40759,69975.82,0.00,29075.00,0.00,0.00,0.00,0.00,-40900.81,0.00,0.00,0.00,0.00,0.00,0.00,0.00,40900.81,0.00,0.00,0.00,NULL,'2023-05-22 15:58:32','2023-05-22 15:58:32',NULL),(129,7922,368,10720,40759,61595.08,0.00,37079.36,0.00,0.00,0.00,0.00,-24515.72,0.00,0.00,0.00,0.00,0.00,0.00,0.00,24515.72,0.00,0.00,0.00,NULL,'2023-05-22 16:02:32','2023-05-22 16:02:32',NULL),(140,7922,389,3055,40721,1032789.62,0.00,740664.80,0.00,0.00,0.00,0.00,-292124.81,0.00,0.00,0.00,0.00,0.00,0.00,0.00,292124.81,0.00,0.00,0.00,NULL,'2023-05-23 12:38:26','2023-05-23 12:38:27',NULL),(166,7922,441,6064,40723,2773344.30,2773344.29,3151472.77,0.00,3151472.77,0.00,2483971.72,2862100.20,7204.71,0.00,0.00,0.00,0.00,7204.71,0.00,0.00,2862100.20,7204.71,0.00,NULL,'2023-05-23 18:24:47','2023-06-07 11:21:58',NULL),(172,7922,461,3056,40721,1311911.23,0.00,1287478.21,0.00,0.00,0.00,0.00,-24433.02,0.00,0.00,0.00,0.00,0.00,0.00,0.00,24433.02,0.00,0.00,0.00,NULL,'2023-06-08 11:02:59','2023-06-08 11:03:00',NULL),(218,7922,567,6065,40723,3082251.12,0.00,2414962.36,0.00,0.00,0.00,2862100.20,2194811.45,7204.71,0.00,0.00,0.00,0.00,7204.71,0.00,0.00,2194811.45,7204.71,0.00,NULL,'2023-06-15 16:49:17','2023-06-15 16:49:18',NULL),(220,7922,571,10724,40759,54627.94,54627.94,26693.90,0.00,26693.90,0.00,0.00,-27934.04,0.00,0.00,0.00,0.00,0.00,0.00,0.00,27934.04,0.00,0.00,0.00,NULL,'2023-06-20 09:45:19','2023-06-20 09:59:25',NULL),(232,7922,599,3037,40721,782850.96,0.00,674853.20,0.00,0.00,0.00,0.00,-107997.76,0.00,0.00,0.00,0.00,0.00,0.00,0.00,107997.76,0.00,0.00,0.00,NULL,'2023-06-29 11:14:24','2023-06-29 11:14:25',NULL),(233,7922,601,3038,40721,701556.84,0.00,189188.94,0.00,0.00,0.00,0.00,-512367.90,0.00,0.00,0.00,0.00,0.00,0.00,0.00,512367.90,0.00,0.00,0.00,NULL,'2023-06-29 11:15:23','2023-06-29 11:15:24',NULL),(234,7922,603,3039,40721,731099.35,0.00,386217.89,0.00,0.00,0.00,0.00,-344881.46,0.00,0.00,0.00,0.00,0.00,0.00,0.00,344881.46,0.00,0.00,0.00,NULL,'2023-06-29 11:16:31','2023-06-29 11:16:33',NULL),(235,7922,605,3040,40721,823003.14,0.00,439080.57,0.00,0.00,0.00,0.00,-383922.57,0.00,0.00,0.00,0.00,0.00,0.00,0.00,383922.57,0.00,0.00,0.00,NULL,'2023-06-29 11:19:29','2023-06-29 11:19:31',NULL);
INSERT INTO `period_liquidation_iva` VALUES (236,7922,607,3041,40721,1019098.68,0.00,606475.46,0.00,0.00,0.00,0.00,-412623.21,0.00,0.00,0.00,0.00,0.00,0.00,0.00,412623.21,0.00,0.00,0.00,NULL,'2023-06-29 11:21:55','2023-06-29 11:21:57',NULL),(237,7922,609,3042,40721,764319.67,0.00,234167.03,0.00,0.00,0.00,0.00,-530152.64,0.00,0.00,0.00,0.00,0.00,0.00,0.00,530152.64,0.00,0.00,0.00,NULL,'2023-06-29 11:23:30','2023-06-29 11:23:31',NULL),(238,7922,611,3043,40721,1179260.85,0.00,289572.11,0.00,0.00,0.00,0.00,-889688.73,0.00,0.00,0.00,0.00,0.00,0.00,0.00,889688.73,0.00,0.00,0.00,NULL,'2023-06-29 11:25:22','2023-06-29 11:25:24',NULL),(239,7922,613,3044,40721,925087.66,0.00,553753.00,0.00,0.00,0.00,0.00,-371334.65,0.00,0.00,0.00,0.00,0.00,0.00,0.00,371334.65,0.00,0.00,0.00,NULL,'2023-06-29 11:30:40','2023-06-29 11:30:41',NULL),(240,7922,615,3045,40721,1136623.96,0.00,787049.69,0.00,0.00,0.00,0.00,-349574.27,0.00,0.00,0.00,0.00,0.00,0.00,0.00,349574.27,0.00,0.00,0.00,NULL,'2023-06-29 11:31:59','2023-06-29 11:32:00',NULL),(241,7922,617,3046,40721,1114659.65,0.00,843.17,0.00,0.00,0.00,0.00,-1113816.49,0.00,0.00,0.00,0.00,0.00,0.00,0.00,1113816.49,0.00,0.00,0.00,NULL,'2023-06-29 11:34:23','2023-06-29 11:34:24',NULL),(242,7922,619,3047,40721,790295.75,0.00,859485.90,0.00,0.00,0.00,0.00,69190.15,0.00,0.00,0.00,0.00,0.00,0.00,0.00,0.00,69190.15,0.00,0.00,NULL,'2023-06-29 11:35:51','2023-06-29 11:35:52',NULL),(244,7922,623,3048,40721,1239191.21,0.00,526829.80,0.00,0.00,0.00,69190.15,-643171.26,0.00,0.00,0.00,0.00,0.00,0.00,0.00,643171.26,0.00,0.00,0.00,NULL,'2023-06-29 11:37:13','2023-06-29 11:37:15',NULL),(245,7922,625,3052,40721,1043867.74,0.00,0.00,0.00,0.00,0.00,0.00,-1043867.74,0.00,0.00,0.00,0.00,0.00,0.00,0.00,1043867.74,0.00,0.00,0.00,NULL,'2023-06-29 11:46:06','2023-06-29 11:46:07',NULL),(265,7922,670,19970,40723,1714669.12,0.00,1977544.80,0.00,0.00,0.00,15066574.94,15329450.63,0.00,0.00,0.00,0.00,0.00,0.00,0.00,0.00,15329450.63,0.00,0.00,NULL,'2023-07-14 15:00:34','2023-07-14 15:00:35',NULL),(266,7922,672,19969,40723,2026218.06,0.00,1698240.42,0.00,0.00,0.00,13389575.11,13061597.47,0.00,0.00,0.00,0.00,0.00,0.00,0.00,0.00,13061597.47,0.00,0.00,NULL,'2023-07-14 15:01:11','2023-07-14 15:01:12',NULL),(267,7922,674,19960,40723,1391269.18,0.00,1507524.57,0.00,0.00,0.00,1319676.90,1435932.29,0.00,0.00,0.00,0.00,0.00,0.00,0.00,0.00,1435932.29,0.00,0.00,NULL,'2023-07-16 10:21:17','2023-07-16 10:21:19',NULL),(268,7922,676,19962,40723,1923157.12,0.00,1489554.69,0.00,0.00,0.00,1510514.98,1076912.55,0.00,0.00,0.00,0.00,0.00,0.00,0.00,0.00,1076912.55,0.00,0.00,NULL,'2023-07-16 10:22:44','2023-07-16 10:22:45',NULL),(301,7922,742,3057,40721,1366593.27,0.00,1106218.54,0.00,0.00,0.00,0.00,-260374.74,0.00,0.00,0.00,0.00,0.00,0.00,0.00,260374.74,0.00,0.00,0.00,NULL,'2023-07-16 11:18:55','2023-07-16 11:18:56',NULL),(304,7922,748,9133,40725,0.00,0.00,7138.92,0.00,0.00,0.00,0.00,7138.92,0.00,0.00,0.00,0.00,0.00,0.00,0.00,0.00,7138.92,0.00,0.00,NULL,'2023-07-22 10:14:23','2023-07-22 10:14:25',NULL),(305,7922,750,9134,40725,0.00,0.00,3796.04,0.00,0.00,0.00,7138.92,10934.96,0.00,0.00,0.00,0.00,0.00,0.00,0.00,0.00,10934.96,0.00,0.00,NULL,'2023-07-22 10:14:43','2023-07-22 10:14:44',NULL),(306,7922,752,9135,40725,0.00,0.00,16120.45,0.00,0.00,0.00,10934.96,27055.41,0.00,0.00,0.00,0.00,0.00,0.00,0.00,0.00,27055.41,0.00,0.00,NULL,'2023-07-22 10:14:57','2023-07-22 10:14:58',NULL),(307,7922,754,9136,40725,0.00,0.00,4554.42,0.00,0.00,0.00,27055.41,31609.83,0.00,0.00,0.00,0.00,0.00,0.00,0.00,0.00,31609.83,0.00,0.00,NULL,'2023-07-22 10:15:29','2023-07-22 10:15:31',NULL),(309,7922,758,9137,40725,0.00,0.00,11731.52,0.00,0.00,0.00,31609.83,43341.35,0.00,0.00,0.00,0.00,0.00,0.00,0.00,0.00,43341.35,0.00,0.00,NULL,'2023-07-22 10:16:34','2023-07-22 10:16:36',NULL),(310,7922,760,9138,40725,0.00,0.00,10277.06,0.00,0.00,0.00,43341.35,53618.41,0.00,0.00,0.00,0.00,0.00,0.00,0.00,0.00,53618.41,0.00,0.00,NULL,'2023-07-22 10:16:49','2023-07-22 10:16:51',NULL);
INSERT INTO `period_liquidation_iva` VALUES (311,7922,762,9139,40725,0.00,0.00,20126.74,0.00,0.00,0.00,53618.41,73745.15,0.00,0.00,0.00,0.00,0.00,0.00,0.00,0.00,73745.15,0.00,0.00,NULL,'2023-07-22 10:17:15','2023-07-22 10:17:16',NULL),(312,7922,764,9140,40725,0.00,0.00,5753.13,0.00,0.00,0.00,73745.15,79498.28,0.00,0.00,0.00,0.00,0.00,0.00,0.00,0.00,79498.28,0.00,0.00,NULL,'2023-07-22 10:17:33','2023-07-22 10:17:34',NULL),(313,7922,766,9141,40725,0.00,0.00,2647.98,0.00,0.00,0.00,79498.28,82146.26,0.00,0.00,0.00,0.00,0.00,0.00,0.00,0.00,82146.26,0.00,0.00,NULL,'2023-07-22 10:17:48','2023-07-22 10:17:50',NULL),(315,7922,770,9142,40725,0.00,0.00,17423.76,0.00,0.00,0.00,82146.26,99570.02,0.00,0.00,0.00,0.00,0.00,0.00,0.00,0.00,99570.02,0.00,0.00,NULL,'2023-07-22 10:18:13','2023-07-22 10:18:14',NULL),(316,7922,772,9143,40725,1662.24,0.00,26704.20,0.00,0.00,0.00,99570.02,124611.98,0.00,0.00,0.00,0.00,0.00,0.00,0.00,0.00,124611.98,0.00,0.00,NULL,'2023-07-22 10:18:23','2023-07-22 10:18:25',NULL),(317,7922,774,9144,40725,1640.08,0.00,169832.37,0.00,0.00,0.00,124611.98,292804.27,0.00,0.00,0.00,0.00,0.00,0.00,0.00,0.00,292804.27,0.00,0.00,NULL,'2023-07-22 10:18:34','2023-07-22 10:18:36',NULL),(327,7922,794,19961,40723,1722167.73,0.00,1512409.02,0.00,0.00,0.00,1435932.29,1226173.58,0.00,0.00,0.00,0.00,0.00,0.00,0.00,0.00,1226173.58,0.00,0.00,NULL,'2023-07-25 17:07:57','2023-07-25 17:07:58',NULL),(329,7922,798,19963,40723,1937288.69,0.00,1758994.47,0.00,0.00,0.00,1076912.55,898618.34,0.00,0.00,0.00,0.00,0.00,0.00,0.00,0.00,898618.34,0.00,0.00,NULL,'2023-07-25 17:12:18','2023-07-25 17:12:19',NULL),(334,7922,808,19964,40723,2072454.62,0.00,1625898.26,0.00,0.00,0.00,898618.34,452061.97,0.00,0.00,0.00,0.00,0.00,0.00,0.00,0.00,452061.97,0.00,0.00,NULL,'2023-07-25 17:15:39','2023-07-25 17:15:40',NULL),(339,7922,818,19965,40723,2101053.23,0.00,1572906.71,0.00,0.00,0.00,452061.97,-76084.55,0.00,0.00,0.00,0.00,0.00,0.00,0.00,76084.55,0.00,0.00,0.00,NULL,'2023-07-25 17:18:45','2023-07-25 17:18:46',NULL),(340,7922,820,19966,40723,2193105.38,0.00,1797955.41,0.00,0.00,0.00,0.00,-395149.96,0.00,0.00,0.00,0.00,0.00,0.00,0.00,395149.96,0.00,0.00,0.00,NULL,'2023-07-25 17:19:44','2023-07-25 17:19:45',NULL),(341,7922,822,19967,40723,2078246.83,0.00,1730152.50,0.00,0.00,0.00,0.00,-348094.33,0.00,0.00,0.00,0.00,0.00,0.00,0.00,348094.33,0.00,0.00,0.00,NULL,'2023-07-25 17:21:51','2023-07-25 17:21:52',NULL),(343,7922,826,19968,40723,1995791.51,0.00,2108114.51,0.00,0.00,0.00,0.00,112323.00,0.00,0.00,0.00,0.00,0.00,0.00,0.00,0.00,112323.00,0.00,0.00,NULL,'2023-07-25 17:23:04','2023-07-25 17:23:05',NULL),(346,7922,832,19959,40723,1512233.92,0.00,1335016.61,0.00,0.00,0.00,0.00,-177217.31,0.00,0.00,0.00,0.00,0.00,0.00,0.00,177217.31,0.00,0.00,0.00,NULL,'2023-07-25 17:35:23','2023-07-25 17:35:24',NULL),(347,7922,856,10725,40759,72109.14,0.00,54002.27,0.00,0.00,0.00,0.00,-18106.87,0.00,0.00,0.00,0.00,0.00,0.00,0.00,18106.87,0.00,0.00,0.00,NULL,'2023-08-15 15:56:45','2023-08-15 15:56:46',NULL),(349,7922,860,10726,40759,60856.79,0.00,88917.62,0.00,0.00,0.00,0.00,28060.84,0.00,0.00,0.00,0.00,0.00,0.00,0.00,0.00,28060.84,0.00,0.00,NULL,'2023-08-15 15:57:46','2023-08-15 15:57:47',NULL),(413,7922,988,6067,40723,3978048.89,0.00,4241968.74,0.00,0.00,0.00,2350664.83,2614584.68,7204.71,0.00,0.00,0.00,0.00,7204.71,0.00,0.00,2614584.68,7204.71,0.00,NULL,'2023-08-18 19:04:19','2023-08-18 19:04:21',NULL),(430,7922,1022,3058,40721,1543156.99,0.00,984052.02,0.00,0.00,0.00,0.00,-559104.97,0.00,0.00,0.00,0.00,0.00,0.00,0.00,559104.97,0.00,0.00,0.00,NULL,'2023-08-26 19:51:06','2023-08-26 19:51:07',NULL),(431,7922,1033,3059,40721,1179770.63,0.00,29400.00,0.00,0.00,0.00,0.00,-1150370.63,0.00,0.00,0.00,0.00,0.00,0.00,0.00,1150370.63,0.00,0.00,0.00,NULL,'2023-09-18 16:06:50','2023-09-18 16:06:52',NULL),(468,7922,1107,6068,40723,2633079.57,0.00,2653450.06,0.00,0.00,0.00,2614584.68,2634955.17,7204.71,0.00,0.00,0.00,0.00,7204.71,0.00,0.00,2634955.17,7204.71,0.00,NULL,'2023-09-20 19:44:16','2023-09-20 19:44:18',NULL);
INSERT INTO `period_liquidation_iva` VALUES (470,7922,1117,6061,40723,2952803.98,0.00,2107102.74,0.00,0.00,0.00,15329450.63,14483749.40,0.00,0.00,0.00,0.00,0.00,0.00,0.00,0.00,14483749.40,0.00,0.00,NULL,'2023-09-30 09:43:00','2023-09-30 09:43:01',NULL),(473,7922,1128,3060,40721,0.00,0.00,274.33,0.00,0.00,0.00,0.00,274.33,0.00,0.00,0.00,0.00,0.00,0.00,0.00,0.00,274.33,0.00,0.00,NULL,'2023-10-11 10:10:49','2023-10-11 10:10:51',NULL),(503,7922,1188,6066,40723,1901946.92,0.00,2053546.39,0.00,0.00,0.00,2194811.45,2346410.93,7204.71,0.00,0.00,0.00,0.00,7204.71,0.00,0.00,2346410.93,7204.71,0.00,NULL,'2023-10-17 16:51:00','2023-10-17 16:51:01',NULL),(507,7922,1196,6069,40723,2961217.07,0.00,3412721.11,0.00,0.00,0.00,2634955.17,3086459.21,7204.71,0.00,0.00,0.00,0.00,7204.71,0.00,0.00,3086459.21,7204.71,0.00,NULL,'2023-10-18 22:19:09','2023-10-18 22:19:10',NULL),(513,7922,1221,3061,40721,1994424.53,0.00,1838409.87,0.00,0.00,0.00,274.33,-155740.33,0.00,0.00,0.00,0.00,0.00,0.00,0.00,155740.33,0.00,0.00,0.00,NULL,'2023-11-15 17:24:28','2023-11-15 17:24:29',NULL),(524,7922,1243,6070,40723,5326591.57,0.00,3730933.89,0.00,0.00,0.00,3086459.21,1490801.53,7204.71,0.00,0.00,0.00,0.00,7204.71,0.00,0.00,1490801.53,7204.71,0.00,NULL,'2023-11-17 17:17:45','2023-11-17 17:17:47',NULL),(526,7922,1251,3062,40721,3812547.99,0.00,2033772.67,0.00,0.00,0.00,0.00,-1778775.32,0.00,0.00,0.00,0.00,0.00,0.00,0.00,1778775.32,0.00,0.00,0.00,NULL,'2023-12-17 12:02:35','2023-12-17 12:02:36',NULL),(563,7922,1325,6071,40723,5351582.42,0.00,4514702.35,0.00,0.00,0.00,1490801.53,653921.46,7204.71,0.00,0.00,0.00,0.00,7204.71,0.00,0.00,653921.46,7204.71,0.00,NULL,'2023-12-23 10:50:33','2023-12-23 10:50:34',NULL),(566,7922,1341,6072,40723,3906392.41,0.00,5372673.15,0.00,0.00,0.00,653921.46,2120202.20,7204.71,0.00,0.00,0.00,0.00,7204.71,0.00,0.00,2120202.20,7204.71,0.00,NULL,'2024-01-16 18:32:02','2024-01-16 18:32:03',NULL),(575,7922,1359,6076,40723,4736260.97,0.00,0.00,0.00,0.00,0.00,2120202.20,-2616058.77,7204.71,0.00,0.00,0.00,0.00,7204.71,0.00,2608854.06,0.00,0.00,0.00,NULL,'2024-02-24 20:50:36','2024-02-24 20:50:37',NULL),(577,7922,1405,6077,40723,4166670.78,0.00,5954969.62,0.00,0.00,0.00,0.00,1788298.84,0.00,0.00,0.00,0.00,0.00,0.00,0.00,0.00,1788298.84,0.00,0.00,NULL,'2024-03-21 13:43:41','2024-03-21 13:43:42',NULL),(578,7922,1420,6078,40723,7228050.14,0.00,0.00,0.00,0.00,0.00,1788298.84,-5439751.30,0.00,0.00,0.00,0.00,0.00,0.00,0.00,5439751.30,0.00,0.00,0.00,NULL,'2024-06-01 11:58:08','2024-06-01 11:58:09',NULL),(579,7922,1422,6079,40723,5650117.42,0.00,0.00,0.00,0.00,0.00,0.00,-5650117.42,0.00,0.00,0.00,0.00,0.00,0.00,0.00,5650117.42,0.00,0.00,0.00,NULL,'2024-06-01 12:05:04','2024-06-01 12:05:05',NULL),(586,7922,1447,6080,40723,6145477.19,0.00,0.00,0.00,0.00,0.00,0.00,-6145477.19,0.00,0.00,0.00,0.00,0.00,0.00,0.00,6145477.19,0.00,0.00,0.00,NULL,'2024-06-24 18:54:59','2024-06-24 18:55:00',NULL),(587,7922,1461,6081,40723,4250235.22,0.00,0.00,0.00,0.00,0.00,0.00,-4250235.22,0.00,0.00,0.00,0.00,0.00,0.00,0.00,4250235.22,0.00,0.00,0.00,NULL,'2024-07-20 12:12:14','2024-07-20 12:12:15',NULL),(588,7922,1463,6082,40723,7497548.95,0.00,0.00,0.00,0.00,0.00,0.00,-7497548.95,0.00,0.00,0.00,0.00,0.00,0.00,0.00,7497548.95,0.00,0.00,0.00,NULL,'2024-08-20 14:31:42','2024-08-20 14:31:42',NULL),(589,7922,1465,6083,40723,7666669.70,0.00,0.00,0.00,0.00,0.00,0.00,-7666669.70,0.00,0.00,0.00,0.00,0.00,0.00,0.00,7666669.70,0.00,0.00,0.00,NULL,'2024-09-22 20:37:50','2024-09-22 20:37:51',NULL),(590,7922,1497,6084,40723,7940930.92,0.00,0.00,0.00,0.00,0.00,0.00,-7940930.92,0.00,0.00,0.00,0.00,0.00,0.00,0.00,7940930.92,0.00,0.00,0.00,NULL,'2024-10-14 19:11:16','2024-10-14 19:11:17',NULL),(591,7922,1499,6085,40723,8181908.56,0.00,0.00,0.00,0.00,0.00,0.00,-8181908.56,0.00,0.00,0.00,0.00,0.00,0.00,0.00,8181908.56,0.00,0.00,0.00,NULL,'2024-11-15 18:08:21','2024-11-15 18:08:21',NULL);
INSERT INTO `period_liquidation_iva` VALUES (592,7922,1556,6086,40723,9378200.10,0.00,0.00,0.00,0.00,0.00,0.00,-9378200.10,0.00,0.00,0.00,0.00,0.00,0.00,0.00,9378200.10,0.00,0.00,0.00,NULL,'2024-12-20 13:22:11','2024-12-20 13:22:12',NULL),(593,7922,1558,6087,40723,8099895.44,0.00,0.00,0.00,0.00,0.00,0.00,-8099895.44,0.00,0.00,0.00,0.00,0.00,0.00,0.00,8099895.44,0.00,0.00,0.00,NULL,'2025-01-14 12:55:53','2025-01-14 12:55:54',NULL),(594,7922,1572,6091,40723,10650877.60,0.00,0.00,0.00,0.00,0.00,0.00,-10650877.60,0.00,0.00,0.00,0.00,0.00,0.00,0.00,10650877.60,0.00,0.00,0.00,NULL,'2025-02-21 16:25:09','2025-02-21 16:25:10',NULL),(596,7922,1576,6092,40723,10069455.40,0.00,0.00,0.00,0.00,0.00,0.00,-10069455.40,0.00,0.00,0.00,0.00,0.00,0.00,0.00,10069455.40,0.00,0.00,0.00,NULL,'2025-03-18 15:07:53','2025-03-18 15:07:54',NULL),(599,7922,1596,24690,41849,1603493.45,0.00,542113.67,0.00,0.00,0.00,0.00,-1061379.77,0.00,0.00,0.00,0.00,0.00,0.00,0.00,1061379.77,0.00,0.00,0.00,NULL,'2025-04-14 16:16:56','2025-04-14 16:16:57',NULL),(625,7922,1679,30722,42095,0.00,0.00,930421.91,0.00,930421.91,0.00,0.00,930421.91,0.00,3307.69,0.00,0.00,3307.69,3307.69,0.00,0.00,930421.91,3307.69,0.00,NULL,'2025-07-22 13:47:24','2025-07-22 13:49:10',NULL),(643,7922,1757,30723,42095,0.00,0.00,771511.88,0.00,771511.88,0.00,930421.91,1701933.79,3307.69,0.00,2304.74,0.00,2304.74,5612.43,0.00,0.00,1701933.79,5612.43,0.00,NULL,'2025-08-21 15:33:58','2025-08-21 15:45:28',NULL),(644,7922,1759,30724,42095,1166.80,1166.80,528354.06,0.00,528354.06,0.00,1701933.79,2229121.05,5612.43,0.00,6772.76,0.00,6772.76,12385.19,0.00,0.00,2229121.05,12385.19,0.00,NULL,'2025-09-16 13:59:46','2025-09-23 12:32:01',NULL),(668,7922,1844,30725,42095,1377385.76,1377385.76,457973.50,0.00,457973.51,0.00,2229121.05,1309708.80,12385.19,0.00,155.68,0.00,155.68,12540.87,0.00,0.00,1309708.80,12956.81,0.00,NULL,'2025-10-22 15:37:41','2025-10-22 15:48:24',NULL);

--
-- Table structure for table `period_liquidation_iva_details`
--

CREATE TABLE `period_liquidation_iva_details` (
  `id` int(10) unsigned NOT NULL AUTO_INCREMENT,
  `user_id` int(10) unsigned DEFAULT NULL,
  `period_liquidation_id` int(10) unsigned NOT NULL,
  `period_liquidation_iva_id` int(10) unsigned NOT NULL,
  `period_id` int(10) unsigned NOT NULL,
  `person_id` int(10) unsigned NOT NULL,
  `activity_id` int(10) unsigned DEFAULT NULL,
  `iva_creditos_tipo_id` int(10) unsigned NOT NULL DEFAULT '1',
  `type` int(10) unsigned NOT NULL,
  `tax_id` int(10) unsigned NOT NULL DEFAULT '0',
  `taxabled_amount` decimal(16,2) NOT NULL DEFAULT '0.00',
  `iva_amount` decimal(16,2) NOT NULL DEFAULT '0.00',
  `created_at` timestamp NULL DEFAULT NULL,
  `updated_at` timestamp NULL DEFAULT NULL,
  `ordr` int(10) unsigned DEFAULT NULL,
  `deleted_at` timestamp NULL DEFAULT NULL,
  PRIMARY KEY (`id`),
  KEY `period_liquidation_iva_details_period_liquidation_iva_id_foreign` (`period_liquidation_iva_id`),
  KEY `period_liquidation_iva_details_period_liquidation_id_foreign` (`period_liquidation_id`),
  KEY `period_liquidation_iva_details_period_id_foreign` (`period_id`),
  KEY `period_liquidation_iva_details_person_id_foreign` (`person_id`),
  KEY `period_liquidation_iva_details_activity_id_foreign` (`activity_id`),
  KEY `period_liquidation_iva_details_iva_creditos_tipo_id_foreign` (`iva_creditos_tipo_id`),
  CONSTRAINT `period_liquidation_iva_details_activity_id_foreign` FOREIGN KEY (`activity_id`) REFERENCES `activities` (`id`),
  CONSTRAINT `period_liquidation_iva_details_iva_creditos_tipo_id_foreign` FOREIGN KEY (`iva_creditos_tipo_id`) REFERENCES `iva_creditos_tipos` (`id`),
  CONSTRAINT `period_liquidation_iva_details_period_id_foreign` FOREIGN KEY (`period_id`) REFERENCES `periods` (`id`),
  CONSTRAINT `period_liquidation_iva_details_period_liquidation_id_foreign` FOREIGN KEY (`period_liquidation_id`) REFERENCES `period_liquidations` (`id`),
  CONSTRAINT `period_liquidation_iva_details_period_liquidation_iva_id_foreign` FOREIGN KEY (`period_liquidation_iva_id`) REFERENCES `period_liquidation_iva` (`id`),
  CONSTRAINT `period_liquidation_iva_details_person_id_foreign` FOREIGN KEY (`person_id`) REFERENCES `persons` (`id`)
) ENGINE=InnoDB AUTO_INCREMENT=190853 DEFAULT CHARSET=utf8mb4 COLLATE=utf8mb4_unicode_ci;

--
-- Dumping data for table `period_liquidation_iva_details`
--

INSERT INTO `period_liquidation_iva_details` VALUES (11719,7922,83,43,3053,40721,267,1,1,3,0.00,0.00,'2023-03-23 09:56:07','2023-03-23 09:56:07',1,NULL),(11720,7922,83,43,3053,40721,813,1,1,3,0.00,0.00,'2023-03-23 09:56:07','2023-03-23 09:56:07',1,NULL),(11721,7922,83,43,3053,40721,441,1,1,3,0.00,0.00,'2023-03-23 09:56:07','2023-03-23 09:56:07',1,NULL),(11722,7922,83,43,3053,40721,813,1,1,2,0.00,0.00,'2023-03-23 09:56:07','2023-03-23 09:56:07',1,NULL),(11723,7922,83,43,3053,40721,441,1,1,2,703994.84,147838.92,'2023-03-23 09:56:07','2023-03-23 09:56:07',1,NULL),(11724,7922,83,43,3053,40721,267,1,1,2,0.00,0.00,'2023-03-23 09:56:07','2023-03-23 09:56:07',1,NULL),(11725,7922,83,43,3053,40721,441,1,1,1,0.00,0.00,'2023-03-23 09:56:07','2023-03-23 09:56:07',1,NULL),(11726,7922,83,43,3053,40721,267,1,1,1,0.00,0.00,'2023-03-23 09:56:07','2023-03-23 09:56:07',1,NULL),(11727,7922,83,43,3053,40721,813,1,1,1,0.00,0.00,'2023-03-23 09:56:07','2023-03-23 09:56:07',1,NULL),(11728,7922,83,43,3053,40721,813,1,1,5,0.00,0.00,'2023-03-23 09:56:07','2023-03-23 09:56:07',1,NULL),(11729,7922,83,43,3053,40721,441,1,1,5,0.00,0.00,'2023-03-23 09:56:07','2023-03-23 09:56:07',1,NULL),(11730,7922,83,43,3053,40721,267,1,1,5,0.00,0.00,'2023-03-23 09:56:07','2023-03-23 09:56:07',1,NULL),(11731,7922,83,43,3053,40721,441,1,1,4,0.00,0.00,'2023-03-23 09:56:07','2023-03-23 09:56:07',1,NULL),(11732,7922,83,43,3053,40721,267,1,1,4,0.00,0.00,'2023-03-23 09:56:07','2023-03-23 09:56:07',1,NULL),(11733,7922,83,43,3053,40721,813,1,1,4,0.00,0.00,'2023-03-23 09:56:07','2023-03-23 09:56:07',1,NULL),(11734,7922,83,43,3053,40721,813,1,1,8,0.00,0.00,'2023-03-23 09:56:07','2023-03-23 09:56:07',1,NULL),(11735,7922,83,43,3053,40721,441,1,1,8,0.00,0.00,'2023-03-23 09:56:07','2023-03-23 09:56:07',1,NULL),(11736,7922,83,43,3053,40721,267,1,1,8,0.00,0.00,'2023-03-23 09:56:07','2023-03-23 09:56:07',1,NULL),(11737,7922,83,43,3053,40721,267,1,1,3,0.00,0.00,'2023-03-23 09:56:07','2023-03-23 09:56:07',2,NULL),(11738,7922,83,43,3053,40721,813,1,1,3,0.00,0.00,'2023-03-23 09:56:07','2023-03-23 09:56:07',2,NULL),(11739,7922,83,43,3053,40721,441,1,1,3,0.00,0.00,'2023-03-23 09:56:07','2023-03-23 09:56:07',2,NULL),(11740,7922,83,43,3053,40721,813,1,1,2,0.00,0.00,'2023-03-23 09:56:07','2023-03-23 09:56:07',2,NULL),(11741,7922,83,43,3053,40721,441,1,1,2,3546093.59,744679.65,'2023-03-23 09:56:07','2023-03-23 09:56:07',2,NULL),(11742,7922,83,43,3053,40721,267,1,1,2,0.00,0.00,'2023-03-23 09:56:07','2023-03-23 09:56:07',2,NULL),(11743,7922,83,43,3053,40721,813,1,1,1,0.00,0.00,'2023-03-23 09:56:07','2023-03-23 09:56:07',2,NULL),(11744,7922,83,43,3053,40721,441,1,1,1,0.85,0.09,'2023-03-23 09:56:07','2023-03-23 09:56:07',2,NULL),(11745,7922,83,43,3053,40721,267,1,1,1,0.00,0.00,'2023-03-23 09:56:07','2023-03-23 09:56:07',2,NULL),(11746,7922,83,43,3053,40721,813,1,1,5,0.00,0.00,'2023-03-23 09:56:07','2023-03-23 09:56:07',2,NULL),(11747,7922,83,43,3053,40721,441,1,1,5,0.00,0.00,'2023-03-23 09:56:07','2023-03-23 09:56:07',2,NULL),(11748,7922,83,43,3053,40721,267,1,1,5,0.00,0.00,'2023-03-23 09:56:07','2023-03-23 09:56:07',2,NULL),(11749,7922,83,43,3053,40721,441,1,1,4,0.00,0.00,'2023-03-23 09:56:07','2023-03-23 09:56:07',2,NULL),(11750,7922,83,43,3053,40721,267,1,1,4,0.00,0.00,'2023-03-23 09:56:07','2023-03-23 09:56:07',2,NULL),(11751,7922,83,43,3053,40721,813,1,1,4,0.00,0.00,'2023-03-23 09:56:07','2023-03-23 09:56:07',2,NULL),(11752,7922,83,43,3053,40721,267,1,1,8,0.00,0.00,'2023-03-23 09:56:07','2023-03-23 09:56:07',2,NULL),(11753,7922,83,43,3053,40721,813,1,1,8,0.00,0.00,'2023-03-23 09:56:07','2023-03-23 09:56:07',2,NULL),(11754,7922,83,43,3053,40721,441,1,1,8,0.00,0.00,'2023-03-23 09:56:07','2023-03-23 09:56:07',2,NULL),(11755,7922,83,43,3053,40721,813,1,1,7,0.00,0.00,'2023-03-23 09:56:07','2023-03-23 09:56:07',3,NULL),(11756,7922,83,43,3053,40721,441,1,1,6,0.00,0.00,'2023-03-23 09:56:07','2023-03-23 09:56:07',3,NULL),(11757,7922,83,43,3053,40721,441,1,1,7,0.00,0.00,'2023-03-23 09:56:07','2023-03-23 09:56:07',3,NULL);
INSERT INTO `period_liquidation_iva_details` VALUES (11758,7922,83,43,3053,40721,267,1,1,6,0.00,0.00,'2023-03-23 09:56:07','2023-03-23 09:56:07',3,NULL),(11759,7922,83,43,3053,40721,813,1,1,6,0.00,0.00,'2023-03-23 09:56:07','2023-03-23 09:56:07',3,NULL),(11760,7922,83,43,3053,40721,267,1,1,7,0.00,0.00,'2023-03-23 09:56:07','2023-03-23 09:56:07',3,NULL),(11761,7922,83,43,3053,40721,441,1,1,3,0.00,0.00,'2023-03-23 09:56:07','2023-03-23 09:56:07',4,NULL),(11762,7922,83,43,3053,40721,813,1,1,3,0.00,0.00,'2023-03-23 09:56:07','2023-03-23 09:56:07',4,NULL),(11763,7922,83,43,3053,40721,267,1,1,3,0.00,0.00,'2023-03-23 09:56:07','2023-03-23 09:56:07',4,NULL),(11764,7922,83,43,3053,40721,813,1,1,2,0.00,0.00,'2023-03-23 09:56:07','2023-03-23 09:56:07',4,NULL),(11765,7922,83,43,3053,40721,267,1,1,2,0.00,0.00,'2023-03-23 09:56:07','2023-03-23 09:56:07',4,NULL),(11766,7922,83,43,3053,40721,441,1,1,2,5934.70,1246.29,'2023-03-23 09:56:07','2023-03-23 09:56:07',4,NULL),(11767,7922,83,43,3053,40721,267,1,1,1,0.00,0.00,'2023-03-23 09:56:07','2023-03-23 09:56:07',4,NULL),(11768,7922,83,43,3053,40721,441,1,1,1,0.00,0.00,'2023-03-23 09:56:07','2023-03-23 09:56:07',4,NULL),(11769,7922,83,43,3053,40721,813,1,1,1,0.00,0.00,'2023-03-23 09:56:07','2023-03-23 09:56:07',4,NULL),(11770,7922,83,43,3053,40721,813,1,1,5,0.00,0.00,'2023-03-23 09:56:07','2023-03-23 09:56:07',4,NULL),(11771,7922,83,43,3053,40721,267,1,1,5,0.00,0.00,'2023-03-23 09:56:07','2023-03-23 09:56:07',4,NULL),(11772,7922,83,43,3053,40721,441,1,1,5,0.00,0.00,'2023-03-23 09:56:07','2023-03-23 09:56:07',4,NULL),(11773,7922,83,43,3053,40721,267,1,1,4,0.00,0.00,'2023-03-23 09:56:07','2023-03-23 09:56:07',4,NULL),(11774,7922,83,43,3053,40721,441,1,1,4,0.00,0.00,'2023-03-23 09:56:07','2023-03-23 09:56:07',4,NULL),(11775,7922,83,43,3053,40721,813,1,1,4,0.00,0.00,'2023-03-23 09:56:07','2023-03-23 09:56:07',4,NULL),(11776,7922,83,43,3053,40721,441,1,1,6,0.00,0.00,'2023-03-23 09:56:07','2023-03-23 09:56:07',4,NULL),(11777,7922,83,43,3053,40721,267,1,1,7,0.00,0.00,'2023-03-23 09:56:07','2023-03-23 09:56:07',4,NULL),(11778,7922,83,43,3053,40721,813,1,1,6,0.00,0.00,'2023-03-23 09:56:07','2023-03-23 09:56:07',4,NULL),(11779,7922,83,43,3053,40721,441,1,1,7,0.00,0.00,'2023-03-23 09:56:07','2023-03-23 09:56:07',4,NULL),(11780,7922,83,43,3053,40721,267,1,1,8,0.00,0.00,'2023-03-23 09:56:07','2023-03-23 09:56:07',4,NULL),(11781,7922,83,43,3053,40721,813,1,1,7,0.00,0.00,'2023-03-23 09:56:07','2023-03-23 09:56:07',4,NULL),(11782,7922,83,43,3053,40721,441,1,1,8,0.00,0.00,'2023-03-23 09:56:07','2023-03-23 09:56:07',4,NULL),(11783,7922,83,43,3053,40721,267,1,1,6,0.00,0.00,'2023-03-23 09:56:07','2023-03-23 09:56:07',4,NULL),(11784,7922,83,43,3053,40721,813,1,1,8,0.00,0.00,'2023-03-23 09:56:07','2023-03-23 09:56:07',4,NULL),(11785,7922,83,43,3053,40721,1,2,2,3,0.00,0.00,'2023-03-23 09:56:07','2023-03-23 09:56:07',5,NULL),(11786,7922,83,43,3053,40721,1,8,2,3,0.00,0.00,'2023-03-23 09:56:07','2023-03-23 09:56:07',5,NULL),(11787,7922,83,43,3053,40721,1,12,2,3,0.00,0.00,'2023-03-23 09:56:07','2023-03-23 09:56:07',5,NULL),(11788,7922,83,43,3053,40721,1,3,2,3,0.00,0.00,'2023-03-23 09:56:07','2023-03-23 09:56:07',5,NULL),(11789,7922,83,43,3053,40721,1,9,2,3,0.00,0.00,'2023-03-23 09:56:07','2023-03-23 09:56:07',5,NULL),(11790,7922,83,43,3053,40721,1,5,2,3,0.00,0.00,'2023-03-23 09:56:07','2023-03-23 09:56:07',5,NULL),(11791,7922,83,43,3053,40721,1,13,2,3,0.00,0.00,'2023-03-23 09:56:07','2023-03-23 09:56:07',5,NULL),(11792,7922,83,43,3053,40721,1,4,2,3,0.00,0.00,'2023-03-23 09:56:07','2023-03-23 09:56:07',5,NULL),(11793,7922,83,43,3053,40721,1,10,2,3,0.00,0.00,'2023-03-23 09:56:07','2023-03-23 09:56:07',5,NULL),(11794,7922,83,43,3053,40721,1,6,2,3,0.00,0.00,'2023-03-23 09:56:07','2023-03-23 09:56:07',5,NULL),(11795,7922,83,43,3053,40721,1,14,2,3,0.00,0.00,'2023-03-23 09:56:07','2023-03-23 09:56:07',5,NULL),(11796,7922,83,43,3053,40721,1,1,2,3,0.00,0.00,'2023-03-23 09:56:07','2023-03-23 09:56:07',5,NULL);
INSERT INTO `period_liquidation_iva_details` VALUES (11797,7922,83,43,3053,40721,1,11,2,3,0.00,0.00,'2023-03-23 09:56:07','2023-03-23 09:56:07',5,NULL),(11798,7922,83,43,3053,40721,1,7,2,3,0.00,0.00,'2023-03-23 09:56:07','2023-03-23 09:56:07',5,NULL),(11799,7922,83,43,3053,40721,1,9,2,2,0.00,0.00,'2023-03-23 09:56:07','2023-03-23 09:56:07',5,NULL),(11800,7922,83,43,3053,40721,1,5,2,2,0.00,0.00,'2023-03-23 09:56:07','2023-03-23 09:56:07',5,NULL),(11801,7922,83,43,3053,40721,1,13,2,2,0.00,0.00,'2023-03-23 09:56:07','2023-03-23 09:56:07',5,NULL),(11802,7922,83,43,3053,40721,1,4,2,2,0.00,0.00,'2023-03-23 09:56:07','2023-03-23 09:56:07',5,NULL),(11803,7922,83,43,3053,40721,1,10,2,2,0.00,0.00,'2023-03-23 09:56:07','2023-03-23 09:56:07',5,NULL),(11804,7922,83,43,3053,40721,1,6,2,2,0.00,0.00,'2023-03-23 09:56:07','2023-03-23 09:56:07',5,NULL),(11805,7922,83,43,3053,40721,1,14,2,2,0.00,0.00,'2023-03-23 09:56:07','2023-03-23 09:56:07',5,NULL),(11806,7922,83,43,3053,40721,1,1,2,2,0.00,0.00,'2023-03-23 09:56:07','2023-03-23 09:56:07',5,NULL),(11807,7922,83,43,3053,40721,1,11,2,2,0.00,0.00,'2023-03-23 09:56:07','2023-03-23 09:56:07',5,NULL),(11808,7922,83,43,3053,40721,1,7,2,2,0.00,0.00,'2023-03-23 09:56:07','2023-03-23 09:56:07',5,NULL),(11809,7922,83,43,3053,40721,1,2,2,2,0.00,0.00,'2023-03-23 09:56:07','2023-03-23 09:56:07',5,NULL),(11810,7922,83,43,3053,40721,1,8,2,2,0.00,0.00,'2023-03-23 09:56:07','2023-03-23 09:56:07',5,NULL),(11811,7922,83,43,3053,40721,1,12,2,2,0.00,0.00,'2023-03-23 09:56:07','2023-03-23 09:56:07',5,NULL),(11812,7922,83,43,3053,40721,1,3,2,2,0.00,0.00,'2023-03-23 09:56:07','2023-03-23 09:56:07',5,NULL),(11813,7922,83,43,3053,40721,1,10,2,1,0.00,0.00,'2023-03-23 09:56:07','2023-03-23 09:56:07',5,NULL),(11814,7922,83,43,3053,40721,1,6,2,1,0.00,0.00,'2023-03-23 09:56:07','2023-03-23 09:56:07',5,NULL),(11815,7922,83,43,3053,40721,1,14,2,1,0.00,0.00,'2023-03-23 09:56:07','2023-03-23 09:56:07',5,NULL),(11816,7922,83,43,3053,40721,1,1,2,1,0.00,0.00,'2023-03-23 09:56:07','2023-03-23 09:56:07',5,NULL),(11817,7922,83,43,3053,40721,1,11,2,1,0.00,0.00,'2023-03-23 09:56:07','2023-03-23 09:56:07',5,NULL),(11818,7922,83,43,3053,40721,1,7,2,1,0.00,0.00,'2023-03-23 09:56:07','2023-03-23 09:56:07',5,NULL),(11819,7922,83,43,3053,40721,1,2,2,1,0.00,0.00,'2023-03-23 09:56:07','2023-03-23 09:56:07',5,NULL),(11820,7922,83,43,3053,40721,1,8,2,1,0.00,0.00,'2023-03-23 09:56:07','2023-03-23 09:56:07',5,NULL),(11821,7922,83,43,3053,40721,1,12,2,1,0.00,0.00,'2023-03-23 09:56:07','2023-03-23 09:56:07',5,NULL),(11822,7922,83,43,3053,40721,1,3,2,1,0.00,0.00,'2023-03-23 09:56:07','2023-03-23 09:56:07',5,NULL),(11823,7922,83,43,3053,40721,1,9,2,1,0.00,0.00,'2023-03-23 09:56:07','2023-03-23 09:56:07',5,NULL),(11824,7922,83,43,3053,40721,1,5,2,1,0.00,0.00,'2023-03-23 09:56:07','2023-03-23 09:56:07',5,NULL),(11825,7922,83,43,3053,40721,1,13,2,1,0.00,0.00,'2023-03-23 09:56:07','2023-03-23 09:56:07',5,NULL),(11826,7922,83,43,3053,40721,1,4,2,1,0.00,0.00,'2023-03-23 09:56:07','2023-03-23 09:56:07',5,NULL),(11827,7922,83,43,3053,40721,1,4,2,5,0.00,0.00,'2023-03-23 09:56:07','2023-03-23 09:56:07',5,NULL),(11828,7922,83,43,3053,40721,1,10,2,5,0.00,0.00,'2023-03-23 09:56:07','2023-03-23 09:56:07',5,NULL),(11829,7922,83,43,3053,40721,1,6,2,5,0.00,0.00,'2023-03-23 09:56:07','2023-03-23 09:56:07',5,NULL),(11830,7922,83,43,3053,40721,1,14,2,5,0.00,0.00,'2023-03-23 09:56:07','2023-03-23 09:56:07',5,NULL),(11831,7922,83,43,3053,40721,1,1,2,5,0.00,0.00,'2023-03-23 09:56:07','2023-03-23 09:56:07',5,NULL),(11832,7922,83,43,3053,40721,1,11,2,5,0.00,0.00,'2023-03-23 09:56:07','2023-03-23 09:56:07',5,NULL),(11833,7922,83,43,3053,40721,1,7,2,5,0.00,0.00,'2023-03-23 09:56:07','2023-03-23 09:56:07',5,NULL),(11834,7922,83,43,3053,40721,1,2,2,5,0.00,0.00,'2023-03-23 09:56:07','2023-03-23 09:56:07',5,NULL),(11835,7922,83,43,3053,40721,1,8,2,5,0.00,0.00,'2023-03-23 09:56:07','2023-03-23 09:56:07',5,NULL),(11836,7922,83,43,3053,40721,1,12,2,5,0.00,0.00,'2023-03-23 09:56:07','2023-03-23 09:56:07',5,NULL);
INSERT INTO `period_liquidation_iva_details` VALUES (11837,7922,83,43,3053,40721,1,3,2,5,0.00,0.00,'2023-03-23 09:56:07','2023-03-23 09:56:07',5,NULL),(11838,7922,83,43,3053,40721,1,9,2,5,0.00,0.00,'2023-03-23 09:56:07','2023-03-23 09:56:07',5,NULL),(11839,7922,83,43,3053,40721,1,5,2,5,0.00,0.00,'2023-03-23 09:56:07','2023-03-23 09:56:07',5,NULL),(11840,7922,83,43,3053,40721,1,13,2,5,0.00,0.00,'2023-03-23 09:56:07','2023-03-23 09:56:07',5,NULL),(11841,7922,83,43,3053,40721,1,1,2,4,0.00,0.00,'2023-03-23 09:56:07','2023-03-23 09:56:07',5,NULL),(11842,7922,83,43,3053,40721,1,11,2,4,0.00,0.00,'2023-03-23 09:56:07','2023-03-23 09:56:07',5,NULL),(11843,7922,83,43,3053,40721,1,7,2,4,0.00,0.00,'2023-03-23 09:56:07','2023-03-23 09:56:07',5,NULL),(11844,7922,83,43,3053,40721,1,2,2,4,0.00,0.00,'2023-03-23 09:56:07','2023-03-23 09:56:07',5,NULL),(11845,7922,83,43,3053,40721,1,8,2,4,0.00,0.00,'2023-03-23 09:56:07','2023-03-23 09:56:07',5,NULL),(11846,7922,83,43,3053,40721,1,12,2,4,0.00,0.00,'2023-03-23 09:56:07','2023-03-23 09:56:07',5,NULL),(11847,7922,83,43,3053,40721,1,3,2,4,0.00,0.00,'2023-03-23 09:56:07','2023-03-23 09:56:07',5,NULL),(11848,7922,83,43,3053,40721,1,9,2,4,0.00,0.00,'2023-03-23 09:56:07','2023-03-23 09:56:07',5,NULL),(11849,7922,83,43,3053,40721,1,5,2,4,0.00,0.00,'2023-03-23 09:56:07','2023-03-23 09:56:07',5,NULL),(11850,7922,83,43,3053,40721,1,13,2,4,0.00,0.00,'2023-03-23 09:56:07','2023-03-23 09:56:07',5,NULL),(11851,7922,83,43,3053,40721,1,4,2,4,0.00,0.00,'2023-03-23 09:56:07','2023-03-23 09:56:07',5,NULL),(11852,7922,83,43,3053,40721,1,10,2,4,0.00,0.00,'2023-03-23 09:56:07','2023-03-23 09:56:07',5,NULL),(11853,7922,83,43,3053,40721,1,6,2,4,0.00,0.00,'2023-03-23 09:56:07','2023-03-23 09:56:07',5,NULL),(11854,7922,83,43,3053,40721,1,14,2,4,0.00,0.00,'2023-03-23 09:56:07','2023-03-23 09:56:07',5,NULL),(11855,7922,83,43,3053,40721,1,3,2,6,0.00,0.00,'2023-03-23 09:56:07','2023-03-23 09:56:07',5,NULL),(11856,7922,83,43,3053,40721,1,2,2,7,0.00,0.00,'2023-03-23 09:56:07','2023-03-23 09:56:07',5,NULL),(11857,7922,83,43,3053,40721,1,1,2,8,0.00,0.00,'2023-03-23 09:56:07','2023-03-23 09:56:07',5,NULL),(11858,7922,83,43,3053,40721,1,9,2,6,0.00,0.00,'2023-03-23 09:56:07','2023-03-23 09:56:07',5,NULL),(11859,7922,83,43,3053,40721,1,5,2,6,0.00,0.00,'2023-03-23 09:56:07','2023-03-23 09:56:07',5,NULL),(11860,7922,83,43,3053,40721,1,13,2,6,0.00,0.00,'2023-03-23 09:56:07','2023-03-23 09:56:07',5,NULL),(11861,7922,83,43,3053,40721,1,8,2,7,0.00,0.00,'2023-03-23 09:56:07','2023-03-23 09:56:07',5,NULL),(11862,7922,83,43,3053,40721,1,12,2,7,0.00,0.00,'2023-03-23 09:56:07','2023-03-23 09:56:07',5,NULL),(11863,7922,83,43,3053,40721,1,7,2,8,0.00,0.00,'2023-03-23 09:56:07','2023-03-23 09:56:07',5,NULL),(11864,7922,83,43,3053,40721,1,11,2,8,0.00,0.00,'2023-03-23 09:56:07','2023-03-23 09:56:07',5,NULL),(11865,7922,83,43,3053,40721,1,4,2,6,0.00,0.00,'2023-03-23 09:56:07','2023-03-23 09:56:07',5,NULL),(11866,7922,83,43,3053,40721,1,3,2,7,0.00,0.00,'2023-03-23 09:56:07','2023-03-23 09:56:07',5,NULL),(11867,7922,83,43,3053,40721,1,2,2,8,0.00,0.00,'2023-03-23 09:56:07','2023-03-23 09:56:07',5,NULL),(11868,7922,83,43,3053,40721,1,10,2,6,0.00,0.00,'2023-03-23 09:56:07','2023-03-23 09:56:07',5,NULL),(11869,7922,83,43,3053,40721,1,6,2,6,0.00,0.00,'2023-03-23 09:56:07','2023-03-23 09:56:07',5,NULL),(11870,7922,83,43,3053,40721,1,14,2,6,0.00,0.00,'2023-03-23 09:56:07','2023-03-23 09:56:07',5,NULL),(11871,7922,83,43,3053,40721,1,9,2,7,0.00,0.00,'2023-03-23 09:56:07','2023-03-23 09:56:07',5,NULL),(11872,7922,83,43,3053,40721,1,5,2,7,0.00,0.00,'2023-03-23 09:56:07','2023-03-23 09:56:07',5,NULL),(11873,7922,83,43,3053,40721,1,13,2,7,0.00,0.00,'2023-03-23 09:56:07','2023-03-23 09:56:07',5,NULL),(11874,7922,83,43,3053,40721,1,8,2,8,0.00,0.00,'2023-03-23 09:56:07','2023-03-23 09:56:07',5,NULL),(11875,7922,83,43,3053,40721,1,12,2,8,0.00,0.00,'2023-03-23 09:56:07','2023-03-23 09:56:07',5,NULL),(11876,7922,83,43,3053,40721,1,1,2,6,0.00,0.00,'2023-03-23 09:56:07','2023-03-23 09:56:07',5,NULL);
INSERT INTO `period_liquidation_iva_details` VALUES (11877,7922,83,43,3053,40721,1,4,2,7,0.00,0.00,'2023-03-23 09:56:07','2023-03-23 09:56:07',5,NULL),(11878,7922,83,43,3053,40721,1,7,2,6,0.00,0.00,'2023-03-23 09:56:07','2023-03-23 09:56:07',5,NULL),(11879,7922,83,43,3053,40721,1,3,2,8,0.00,0.00,'2023-03-23 09:56:07','2023-03-23 09:56:07',5,NULL),(11880,7922,83,43,3053,40721,1,11,2,6,0.00,0.00,'2023-03-23 09:56:07','2023-03-23 09:56:07',5,NULL),(11881,7922,83,43,3053,40721,1,10,2,7,0.00,0.00,'2023-03-23 09:56:07','2023-03-23 09:56:07',5,NULL),(11882,7922,83,43,3053,40721,1,6,2,7,0.00,0.00,'2023-03-23 09:56:07','2023-03-23 09:56:07',5,NULL),(11883,7922,83,43,3053,40721,1,14,2,7,0.00,0.00,'2023-03-23 09:56:07','2023-03-23 09:56:07',5,NULL),(11884,7922,83,43,3053,40721,1,9,2,8,0.00,0.00,'2023-03-23 09:56:07','2023-03-23 09:56:07',5,NULL),(11885,7922,83,43,3053,40721,1,5,2,8,0.00,0.00,'2023-03-23 09:56:07','2023-03-23 09:56:07',5,NULL),(11886,7922,83,43,3053,40721,1,13,2,8,0.00,0.00,'2023-03-23 09:56:07','2023-03-23 09:56:07',5,NULL),(11887,7922,83,43,3053,40721,1,2,2,6,0.00,0.00,'2023-03-23 09:56:07','2023-03-23 09:56:07',5,NULL),(11888,7922,83,43,3053,40721,1,1,2,7,0.00,0.00,'2023-03-23 09:56:07','2023-03-23 09:56:07',5,NULL),(11889,7922,83,43,3053,40721,1,8,2,6,0.00,0.00,'2023-03-23 09:56:07','2023-03-23 09:56:07',5,NULL),(11890,7922,83,43,3053,40721,1,4,2,8,0.00,0.00,'2023-03-23 09:56:07','2023-03-23 09:56:07',5,NULL),(11891,7922,83,43,3053,40721,1,12,2,6,0.00,0.00,'2023-03-23 09:56:07','2023-03-23 09:56:07',5,NULL),(11892,7922,83,43,3053,40721,1,7,2,7,0.00,0.00,'2023-03-23 09:56:07','2023-03-23 09:56:07',5,NULL),(11893,7922,83,43,3053,40721,1,11,2,7,0.00,0.00,'2023-03-23 09:56:07','2023-03-23 09:56:07',5,NULL),(11894,7922,83,43,3053,40721,1,10,2,8,0.00,0.00,'2023-03-23 09:56:07','2023-03-23 09:56:07',5,NULL),(11895,7922,83,43,3053,40721,1,6,2,8,0.00,0.00,'2023-03-23 09:56:07','2023-03-23 09:56:07',5,NULL),(11896,7922,83,43,3053,40721,1,14,2,8,0.00,0.00,'2023-03-23 09:56:07','2023-03-23 09:56:07',5,NULL),(11897,7922,83,43,3053,40721,1,11,2,3,0.00,0.00,'2023-03-23 09:56:07','2023-03-23 09:56:07',6,NULL),(11898,7922,83,43,3053,40721,1,14,2,3,0.00,0.00,'2023-03-23 09:56:07','2023-03-23 09:56:07',6,NULL),(11899,7922,83,43,3053,40721,1,1,2,3,0.00,0.00,'2023-03-23 09:56:07','2023-03-23 09:56:07',6,NULL),(11900,7922,83,43,3053,40721,1,4,2,3,0.00,0.00,'2023-03-23 09:56:07','2023-03-23 09:56:07',6,NULL),(11901,7922,83,43,3053,40721,1,7,2,3,0.00,0.00,'2023-03-23 09:56:07','2023-03-23 09:56:07',6,NULL),(11902,7922,83,43,3053,40721,1,10,2,3,0.00,0.00,'2023-03-23 09:56:07','2023-03-23 09:56:07',6,NULL),(11903,7922,83,43,3053,40721,1,13,2,3,0.00,0.00,'2023-03-23 09:56:07','2023-03-23 09:56:07',6,NULL),(11904,7922,83,43,3053,40721,1,3,2,3,0.00,0.00,'2023-03-23 09:56:07','2023-03-23 09:56:07',6,NULL),(11905,7922,83,43,3053,40721,1,6,2,3,0.00,0.00,'2023-03-23 09:56:07','2023-03-23 09:56:07',6,NULL),(11906,7922,83,43,3053,40721,1,9,2,3,0.00,0.00,'2023-03-23 09:56:07','2023-03-23 09:56:07',6,NULL),(11907,7922,83,43,3053,40721,1,12,2,3,0.00,0.00,'2023-03-23 09:56:07','2023-03-23 09:56:07',6,NULL),(11908,7922,83,43,3053,40721,1,2,2,3,0.00,0.00,'2023-03-23 09:56:07','2023-03-23 09:56:07',6,NULL),(11909,7922,83,43,3053,40721,1,5,2,3,0.00,0.00,'2023-03-23 09:56:07','2023-03-23 09:56:07',6,NULL),(11910,7922,83,43,3053,40721,1,8,2,3,0.00,0.00,'2023-03-23 09:56:07','2023-03-23 09:56:07',6,NULL),(11911,7922,83,43,3053,40721,1,10,2,2,0.00,0.00,'2023-03-23 09:56:07','2023-03-23 09:56:07',6,NULL),(11912,7922,83,43,3053,40721,1,13,2,2,0.00,0.00,'2023-03-23 09:56:07','2023-03-23 09:56:07',6,NULL),(11913,7922,83,43,3053,40721,1,3,2,2,0.00,0.00,'2023-03-23 09:56:07','2023-03-23 09:56:07',6,NULL),(11914,7922,83,43,3053,40721,1,6,2,2,0.00,0.00,'2023-03-23 09:56:07','2023-03-23 09:56:07',6,NULL),(11915,7922,83,43,3053,40721,1,9,2,2,0.00,0.00,'2023-03-23 09:56:07','2023-03-23 09:56:07',6,NULL),(11916,7922,83,43,3053,40721,1,12,2,2,0.00,0.00,'2023-03-23 09:56:07','2023-03-23 09:56:07',6,NULL);
INSERT INTO `period_liquidation_iva_details` VALUES (11917,7922,83,43,3053,40721,1,2,2,2,0.00,0.00,'2023-03-23 09:56:07','2023-03-23 09:56:07',6,NULL),(11918,7922,83,43,3053,40721,1,5,2,2,0.00,0.00,'2023-03-23 09:56:07','2023-03-23 09:56:07',6,NULL),(11919,7922,83,43,3053,40721,1,8,2,2,0.00,0.00,'2023-03-23 09:56:07','2023-03-23 09:56:07',6,NULL),(11920,7922,83,43,3053,40721,1,11,2,2,0.00,0.00,'2023-03-23 09:56:07','2023-03-23 09:56:07',6,NULL),(11921,7922,83,43,3053,40721,1,14,2,2,0.00,0.00,'2023-03-23 09:56:07','2023-03-23 09:56:07',6,NULL),(11922,7922,83,43,3053,40721,1,1,2,2,3311064.48,695323.54,'2023-03-23 09:56:07','2023-03-23 09:56:07',6,NULL),(11923,7922,83,43,3053,40721,1,4,2,2,0.00,0.00,'2023-03-23 09:56:07','2023-03-23 09:56:07',6,NULL),(11924,7922,83,43,3053,40721,1,7,2,2,0.00,0.00,'2023-03-23 09:56:07','2023-03-23 09:56:07',6,NULL),(11925,7922,83,43,3053,40721,1,6,2,1,0.00,0.00,'2023-03-23 09:56:07','2023-03-23 09:56:07',6,NULL),(11926,7922,83,43,3053,40721,1,9,2,1,0.00,0.00,'2023-03-23 09:56:07','2023-03-23 09:56:07',6,NULL),(11927,7922,83,43,3053,40721,1,12,2,1,0.00,0.00,'2023-03-23 09:56:07','2023-03-23 09:56:07',6,NULL),(11928,7922,83,43,3053,40721,1,2,2,1,0.00,0.00,'2023-03-23 09:56:07','2023-03-23 09:56:07',6,NULL),(11929,7922,83,43,3053,40721,1,5,2,1,0.00,0.00,'2023-03-23 09:56:07','2023-03-23 09:56:07',6,NULL),(11930,7922,83,43,3053,40721,1,8,2,1,0.00,0.00,'2023-03-23 09:56:07','2023-03-23 09:56:07',6,NULL),(11931,7922,83,43,3053,40721,1,11,2,1,0.00,0.00,'2023-03-23 09:56:07','2023-03-23 09:56:07',6,NULL),(11932,7922,83,43,3053,40721,1,14,2,1,0.00,0.00,'2023-03-23 09:56:07','2023-03-23 09:56:07',6,NULL),(11933,7922,83,43,3053,40721,1,1,2,1,0.00,0.00,'2023-03-23 09:56:07','2023-03-23 09:56:07',6,NULL),(11934,7922,83,43,3053,40721,1,4,2,1,0.00,0.00,'2023-03-23 09:56:07','2023-03-23 09:56:07',6,NULL),(11935,7922,83,43,3053,40721,1,7,2,1,0.00,0.00,'2023-03-23 09:56:07','2023-03-23 09:56:07',6,NULL),(11936,7922,83,43,3053,40721,1,10,2,1,0.00,0.00,'2023-03-23 09:56:07','2023-03-23 09:56:07',6,NULL),(11937,7922,83,43,3053,40721,1,13,2,1,0.00,0.00,'2023-03-23 09:56:07','2023-03-23 09:56:07',6,NULL),(11938,7922,83,43,3053,40721,1,3,2,1,0.00,0.00,'2023-03-23 09:56:07','2023-03-23 09:56:07',6,NULL),(11939,7922,83,43,3053,40721,1,3,2,5,0.00,0.00,'2023-03-23 09:56:07','2023-03-23 09:56:07',6,NULL),(11940,7922,83,43,3053,40721,1,6,2,5,0.00,0.00,'2023-03-23 09:56:07','2023-03-23 09:56:07',6,NULL),(11941,7922,83,43,3053,40721,1,9,2,5,0.00,0.00,'2023-03-23 09:56:07','2023-03-23 09:56:07',6,NULL),(11942,7922,83,43,3053,40721,1,12,2,5,0.00,0.00,'2023-03-23 09:56:07','2023-03-23 09:56:07',6,NULL),(11943,7922,83,43,3053,40721,1,2,2,5,0.00,0.00,'2023-03-23 09:56:07','2023-03-23 09:56:07',6,NULL),(11944,7922,83,43,3053,40721,1,5,2,5,0.00,0.00,'2023-03-23 09:56:07','2023-03-23 09:56:07',6,NULL),(11945,7922,83,43,3053,40721,1,8,2,5,0.00,0.00,'2023-03-23 09:56:07','2023-03-23 09:56:07',6,NULL),(11946,7922,83,43,3053,40721,1,11,2,5,0.00,0.00,'2023-03-23 09:56:07','2023-03-23 09:56:07',6,NULL),(11947,7922,83,43,3053,40721,1,14,2,5,0.00,0.00,'2023-03-23 09:56:07','2023-03-23 09:56:07',6,NULL),(11948,7922,83,43,3053,40721,1,1,2,5,0.00,0.00,'2023-03-23 09:56:07','2023-03-23 09:56:07',6,NULL),(11949,7922,83,43,3053,40721,1,4,2,5,0.00,0.00,'2023-03-23 09:56:07','2023-03-23 09:56:07',6,NULL),(11950,7922,83,43,3053,40721,1,7,2,5,0.00,0.00,'2023-03-23 09:56:07','2023-03-23 09:56:07',6,NULL),(11951,7922,83,43,3053,40721,1,10,2,5,0.00,0.00,'2023-03-23 09:56:07','2023-03-23 09:56:07',6,NULL),(11952,7922,83,43,3053,40721,1,13,2,5,0.00,0.00,'2023-03-23 09:56:07','2023-03-23 09:56:07',6,NULL),(11953,7922,83,43,3053,40721,1,2,2,4,0.00,0.00,'2023-03-23 09:56:07','2023-03-23 09:56:07',6,NULL),(11954,7922,83,43,3053,40721,1,5,2,4,0.00,0.00,'2023-03-23 09:56:07','2023-03-23 09:56:07',6,NULL),(11955,7922,83,43,3053,40721,1,8,2,4,0.00,0.00,'2023-03-23 09:56:07','2023-03-23 09:56:07',6,NULL),(11956,7922,83,43,3053,40721,1,11,2,4,0.00,0.00,'2023-03-23 09:56:07','2023-03-23 09:56:07',6,NULL);
INSERT INTO `period_liquidation_iva_details` VALUES (11957,7922,83,43,3053,40721,1,14,2,4,0.00,0.00,'2023-03-23 09:56:07','2023-03-23 09:56:07',6,NULL),(11958,7922,83,43,3053,40721,1,1,2,4,0.00,0.00,'2023-03-23 09:56:07','2023-03-23 09:56:07',6,NULL),(11959,7922,83,43,3053,40721,1,4,2,4,0.00,0.00,'2023-03-23 09:56:07','2023-03-23 09:56:07',6,NULL),(11960,7922,83,43,3053,40721,1,7,2,4,0.00,0.00,'2023-03-23 09:56:07','2023-03-23 09:56:07',6,NULL),(11961,7922,83,43,3053,40721,1,10,2,4,0.00,0.00,'2023-03-23 09:56:07','2023-03-23 09:56:07',6,NULL),(11962,7922,83,43,3053,40721,1,13,2,4,0.00,0.00,'2023-03-23 09:56:07','2023-03-23 09:56:07',6,NULL),(11963,7922,83,43,3053,40721,1,3,2,4,0.00,0.00,'2023-03-23 09:56:07','2023-03-23 09:56:07',6,NULL),(11964,7922,83,43,3053,40721,1,6,2,4,0.00,0.00,'2023-03-23 09:56:07','2023-03-23 09:56:07',6,NULL),(11965,7922,83,43,3053,40721,1,9,2,4,0.00,0.00,'2023-03-23 09:56:07','2023-03-23 09:56:07',6,NULL),(11966,7922,83,43,3053,40721,1,12,2,4,0.00,0.00,'2023-03-23 09:56:07','2023-03-23 09:56:07',6,NULL),(11967,7922,83,43,3053,40721,1,4,2,8,0.00,0.00,'2023-03-23 09:56:07','2023-03-23 09:56:07',6,NULL),(11968,7922,83,43,3053,40721,1,7,2,8,0.00,0.00,'2023-03-23 09:56:07','2023-03-23 09:56:07',6,NULL),(11969,7922,83,43,3053,40721,1,10,2,8,0.00,0.00,'2023-03-23 09:56:07','2023-03-23 09:56:07',6,NULL),(11970,7922,83,43,3053,40721,1,13,2,8,0.00,0.00,'2023-03-23 09:56:07','2023-03-23 09:56:07',6,NULL),(11971,7922,83,43,3053,40721,1,3,2,8,0.00,0.00,'2023-03-23 09:56:07','2023-03-23 09:56:07',6,NULL),(11972,7922,83,43,3053,40721,1,6,2,8,0.00,0.00,'2023-03-23 09:56:07','2023-03-23 09:56:07',6,NULL),(11973,7922,83,43,3053,40721,1,9,2,8,0.00,0.00,'2023-03-23 09:56:07','2023-03-23 09:56:07',6,NULL),(11974,7922,83,43,3053,40721,1,12,2,8,0.00,0.00,'2023-03-23 09:56:07','2023-03-23 09:56:07',6,NULL),(11975,7922,83,43,3053,40721,1,2,2,8,0.00,0.00,'2023-03-23 09:56:07','2023-03-23 09:56:07',6,NULL),(11976,7922,83,43,3053,40721,1,5,2,8,0.00,0.00,'2023-03-23 09:56:07','2023-03-23 09:56:07',6,NULL),(11977,7922,83,43,3053,40721,1,8,2,8,0.00,0.00,'2023-03-23 09:56:07','2023-03-23 09:56:07',6,NULL),(11978,7922,83,43,3053,40721,1,11,2,8,0.00,0.00,'2023-03-23 09:56:07','2023-03-23 09:56:07',6,NULL),(11979,7922,83,43,3053,40721,1,14,2,8,0.00,0.00,'2023-03-23 09:56:07','2023-03-23 09:56:07',6,NULL),(11980,7922,83,43,3053,40721,1,1,2,8,0.00,0.00,'2023-03-23 09:56:07','2023-03-23 09:56:07',6,NULL),(11981,7922,83,43,3053,40721,1,13,2,6,0.00,0.00,'2023-03-23 09:56:07','2023-03-23 09:56:07',7,NULL),(11982,7922,83,43,3053,40721,1,9,2,7,0.00,0.00,'2023-03-23 09:56:07','2023-03-23 09:56:07',7,NULL),(11983,7922,83,43,3053,40721,1,6,2,6,0.00,0.00,'2023-03-23 09:56:07','2023-03-23 09:56:07',7,NULL),(11984,7922,83,43,3053,40721,1,2,2,7,0.00,0.00,'2023-03-23 09:56:07','2023-03-23 09:56:07',7,NULL),(11985,7922,83,43,3053,40721,1,11,2,7,0.00,0.00,'2023-03-23 09:56:07','2023-03-23 09:56:07',7,NULL),(11986,7922,83,43,3053,40721,1,8,2,6,0.00,0.00,'2023-03-23 09:56:07','2023-03-23 09:56:07',7,NULL),(11987,7922,83,43,3053,40721,1,4,2,7,0.00,0.00,'2023-03-23 09:56:07','2023-03-23 09:56:07',7,NULL),(11988,7922,83,43,3053,40721,1,1,2,6,0.00,0.00,'2023-03-23 09:56:07','2023-03-23 09:56:07',7,NULL),(11989,7922,83,43,3053,40721,1,13,2,7,0.00,0.00,'2023-03-23 09:56:07','2023-03-23 09:56:07',7,NULL),(11990,7922,83,43,3053,40721,1,10,2,6,0.00,0.00,'2023-03-23 09:56:07','2023-03-23 09:56:07',7,NULL),(11991,7922,83,43,3053,40721,1,6,2,7,0.00,0.00,'2023-03-23 09:56:07','2023-03-23 09:56:07',7,NULL),(11992,7922,83,43,3053,40721,1,3,2,6,0.00,0.00,'2023-03-23 09:56:07','2023-03-23 09:56:07',7,NULL),(11993,7922,83,43,3053,40721,1,12,2,6,0.00,0.00,'2023-03-23 09:56:07','2023-03-23 09:56:07',7,NULL),(11994,7922,83,43,3053,40721,1,8,2,7,0.00,0.00,'2023-03-23 09:56:07','2023-03-23 09:56:07',7,NULL),(11995,7922,83,43,3053,40721,1,5,2,6,0.00,0.00,'2023-03-23 09:56:07','2023-03-23 09:56:07',7,NULL),(11996,7922,83,43,3053,40721,1,1,2,7,327414.00,0.00,'2023-03-23 09:56:07','2023-03-23 09:56:07',7,NULL);
INSERT INTO `period_liquidation_iva_details` VALUES (11997,7922,83,43,3053,40721,1,14,2,6,0.00,0.00,'2023-03-23 09:56:07','2023-03-23 09:56:07',7,NULL),(11998,7922,83,43,3053,40721,1,10,2,7,0.00,0.00,'2023-03-23 09:56:07','2023-03-23 09:56:07',7,NULL),(11999,7922,83,43,3053,40721,1,7,2,6,0.00,0.00,'2023-03-23 09:56:07','2023-03-23 09:56:07',7,NULL),(12000,7922,83,43,3053,40721,1,3,2,7,0.00,0.00,'2023-03-23 09:56:07','2023-03-23 09:56:07',7,NULL),(12001,7922,83,43,3053,40721,1,12,2,7,0.00,0.00,'2023-03-23 09:56:07','2023-03-23 09:56:07',7,NULL),(12002,7922,83,43,3053,40721,1,9,2,6,0.00,0.00,'2023-03-23 09:56:07','2023-03-23 09:56:07',7,NULL),(12003,7922,83,43,3053,40721,1,5,2,7,0.00,0.00,'2023-03-23 09:56:07','2023-03-23 09:56:07',7,NULL),(12004,7922,83,43,3053,40721,1,2,2,6,0.00,0.00,'2023-03-23 09:56:07','2023-03-23 09:56:07',7,NULL),(12005,7922,83,43,3053,40721,1,14,2,7,0.00,0.00,'2023-03-23 09:56:07','2023-03-23 09:56:07',7,NULL),(12006,7922,83,43,3053,40721,1,11,2,6,0.00,0.00,'2023-03-23 09:56:07','2023-03-23 09:56:07',7,NULL),(12007,7922,83,43,3053,40721,1,7,2,7,0.00,0.00,'2023-03-23 09:56:07','2023-03-23 09:56:07',7,NULL),(12008,7922,83,43,3053,40721,1,4,2,6,0.00,0.00,'2023-03-23 09:56:07','2023-03-23 09:56:07',7,NULL),(12299,7922,87,45,6062,40723,574,1,1,3,0.00,0.00,'2023-03-23 21:15:31','2023-03-23 21:15:31',1,NULL),(12300,7922,87,45,6062,40723,578,1,1,3,0.00,0.00,'2023-03-23 21:15:31','2023-03-23 21:15:31',1,NULL),(12301,7922,87,45,6062,40723,577,1,1,3,0.00,0.00,'2023-03-23 21:15:31','2023-03-23 21:15:31',1,NULL),(12302,7922,87,45,6062,40723,578,1,1,2,0.00,0.00,'2023-03-23 21:15:31','2023-03-23 21:15:31',1,NULL),(12303,7922,87,45,6062,40723,577,1,1,2,0.00,0.00,'2023-03-23 21:15:31','2023-03-23 21:15:31',1,NULL),(12304,7922,87,45,6062,40723,574,1,1,2,15438.04,3241.99,'2023-03-23 21:15:31','2023-03-23 21:15:31',1,NULL),(12305,7922,87,45,6062,40723,577,1,1,1,0.00,0.00,'2023-03-23 21:15:31','2023-03-23 21:15:31',1,NULL),(12306,7922,87,45,6062,40723,574,1,1,1,486948.30,51129.57,'2023-03-23 21:15:31','2023-03-23 21:15:31',1,NULL),(12307,7922,87,45,6062,40723,578,1,1,1,0.00,0.00,'2023-03-23 21:15:31','2023-03-23 21:15:31',1,NULL),(12308,7922,87,45,6062,40723,578,1,1,5,0.00,0.00,'2023-03-23 21:15:31','2023-03-23 21:15:31',1,NULL),(12309,7922,87,45,6062,40723,577,1,1,5,0.00,0.00,'2023-03-23 21:15:31','2023-03-23 21:15:31',1,NULL),(12310,7922,87,45,6062,40723,574,1,1,5,0.00,0.00,'2023-03-23 21:15:31','2023-03-23 21:15:31',1,NULL),(12311,7922,87,45,6062,40723,577,1,1,4,0.00,0.00,'2023-03-23 21:15:31','2023-03-23 21:15:31',1,NULL),(12312,7922,87,45,6062,40723,574,1,1,4,0.00,0.00,'2023-03-23 21:15:31','2023-03-23 21:15:31',1,NULL),(12313,7922,87,45,6062,40723,578,1,1,4,0.00,0.00,'2023-03-23 21:15:31','2023-03-23 21:15:31',1,NULL),(12314,7922,87,45,6062,40723,578,1,1,8,0.00,0.00,'2023-03-23 21:15:31','2023-03-23 21:15:31',1,NULL),(12315,7922,87,45,6062,40723,577,1,1,8,0.00,0.00,'2023-03-23 21:15:31','2023-03-23 21:15:31',1,NULL),(12316,7922,87,45,6062,40723,574,1,1,8,0.00,0.00,'2023-03-23 21:15:31','2023-03-23 21:15:31',1,NULL),(12317,7922,87,45,6062,40723,574,1,1,3,0.00,0.00,'2023-03-23 21:15:31','2023-03-23 21:15:31',2,NULL),(12318,7922,87,45,6062,40723,578,1,1,3,0.00,0.00,'2023-03-23 21:15:31','2023-03-23 21:15:31',2,NULL),(12319,7922,87,45,6062,40723,577,1,1,3,0.00,0.00,'2023-03-23 21:15:31','2023-03-23 21:15:31',2,NULL),(12320,7922,87,45,6062,40723,578,1,1,2,0.00,0.00,'2023-03-23 21:15:31','2023-03-23 21:15:31',2,NULL),(12321,7922,87,45,6062,40723,577,1,1,2,0.00,0.00,'2023-03-23 21:15:31','2023-03-23 21:15:31',2,NULL),(12322,7922,87,45,6062,40723,574,1,1,2,60330.57,12669.42,'2023-03-23 21:15:31','2023-03-23 21:15:31',2,NULL),(12323,7922,87,45,6062,40723,577,1,1,1,0.00,0.00,'2023-03-23 21:15:31','2023-03-23 21:15:31',2,NULL),(12324,7922,87,45,6062,40723,574,1,1,1,9669764.43,1015325.27,'2023-03-23 21:15:31','2023-03-23 21:15:31',2,NULL),(12325,7922,87,45,6062,40723,578,1,1,1,0.00,0.00,'2023-03-23 21:15:31','2023-03-23 21:15:31',2,NULL);
INSERT INTO `period_liquidation_iva_details` VALUES (12326,7922,87,45,6062,40723,578,1,1,5,0.00,0.00,'2023-03-23 21:15:31','2023-03-23 21:15:31',2,NULL),(12327,7922,87,45,6062,40723,577,1,1,5,0.00,0.00,'2023-03-23 21:15:31','2023-03-23 21:15:31',2,NULL),(12328,7922,87,45,6062,40723,574,1,1,5,0.00,0.00,'2023-03-23 21:15:31','2023-03-23 21:15:31',2,NULL),(12329,7922,87,45,6062,40723,577,1,1,4,0.00,0.00,'2023-03-23 21:15:31','2023-03-23 21:15:31',2,NULL),(12330,7922,87,45,6062,40723,574,1,1,4,0.00,0.00,'2023-03-23 21:15:31','2023-03-23 21:15:31',2,NULL),(12331,7922,87,45,6062,40723,578,1,1,4,0.00,0.00,'2023-03-23 21:15:31','2023-03-23 21:15:31',2,NULL),(12332,7922,87,45,6062,40723,578,1,1,8,0.00,0.00,'2023-03-23 21:15:31','2023-03-23 21:15:31',2,NULL),(12333,7922,87,45,6062,40723,577,1,1,8,0.00,0.00,'2023-03-23 21:15:31','2023-03-23 21:15:31',2,NULL),(12334,7922,87,45,6062,40723,574,1,1,8,0.00,0.00,'2023-03-23 21:15:31','2023-03-23 21:15:31',2,NULL),(12335,7922,87,45,6062,40723,578,1,1,7,0.00,0.00,'2023-03-23 21:15:31','2023-03-23 21:15:31',3,NULL),(12336,7922,87,45,6062,40723,577,1,1,6,0.00,0.00,'2023-03-23 21:15:31','2023-03-23 21:15:31',3,NULL),(12337,7922,87,45,6062,40723,577,1,1,7,0.00,0.00,'2023-03-23 21:15:31','2023-03-23 21:15:31',3,NULL),(12338,7922,87,45,6062,40723,574,1,1,6,0.00,0.00,'2023-03-23 21:15:31','2023-03-23 21:15:31',3,NULL),(12339,7922,87,45,6062,40723,578,1,1,6,0.00,0.00,'2023-03-23 21:15:31','2023-03-23 21:15:31',3,NULL),(12340,7922,87,45,6062,40723,574,1,1,7,0.00,0.00,'2023-03-23 21:15:31','2023-03-23 21:15:31',3,NULL),(12341,7922,87,45,6062,40723,577,1,1,3,0.00,0.00,'2023-03-23 21:15:31','2023-03-23 21:15:31',4,NULL),(12342,7922,87,45,6062,40723,578,1,1,3,0.00,0.00,'2023-03-23 21:15:31','2023-03-23 21:15:31',4,NULL),(12343,7922,87,45,6062,40723,574,1,1,3,0.00,0.00,'2023-03-23 21:15:31','2023-03-23 21:15:31',4,NULL),(12344,7922,87,45,6062,40723,578,1,1,2,0.00,0.00,'2023-03-23 21:15:31','2023-03-23 21:15:31',4,NULL),(12345,7922,87,45,6062,40723,574,1,1,2,0.00,0.00,'2023-03-23 21:15:31','2023-03-23 21:15:31',4,NULL),(12346,7922,87,45,6062,40723,577,1,1,2,0.00,0.00,'2023-03-23 21:15:31','2023-03-23 21:15:31',4,NULL),(12347,7922,87,45,6062,40723,574,1,1,1,0.00,0.00,'2023-03-23 21:15:31','2023-03-23 21:15:31',4,NULL),(12348,7922,87,45,6062,40723,577,1,1,1,0.00,0.00,'2023-03-23 21:15:31','2023-03-23 21:15:31',4,NULL),(12349,7922,87,45,6062,40723,578,1,1,1,0.00,0.00,'2023-03-23 21:15:31','2023-03-23 21:15:31',4,NULL),(12350,7922,87,45,6062,40723,574,1,1,5,0.00,0.00,'2023-03-23 21:15:31','2023-03-23 21:15:31',4,NULL),(12351,7922,87,45,6062,40723,577,1,1,5,0.00,0.00,'2023-03-23 21:15:31','2023-03-23 21:15:31',4,NULL),(12352,7922,87,45,6062,40723,578,1,1,5,0.00,0.00,'2023-03-23 21:15:31','2023-03-23 21:15:31',4,NULL),(12353,7922,87,45,6062,40723,574,1,1,4,0.00,0.00,'2023-03-23 21:15:31','2023-03-23 21:15:31',4,NULL),(12354,7922,87,45,6062,40723,577,1,1,4,0.00,0.00,'2023-03-23 21:15:31','2023-03-23 21:15:31',4,NULL),(12355,7922,87,45,6062,40723,578,1,1,4,0.00,0.00,'2023-03-23 21:15:31','2023-03-23 21:15:31',4,NULL),(12356,7922,87,45,6062,40723,574,1,1,7,0.00,0.00,'2023-03-23 21:15:31','2023-03-23 21:15:31',4,NULL),(12357,7922,87,45,6062,40723,578,1,1,6,0.00,0.00,'2023-03-23 21:15:31','2023-03-23 21:15:31',4,NULL),(12358,7922,87,45,6062,40723,577,1,1,7,0.00,0.00,'2023-03-23 21:15:31','2023-03-23 21:15:31',4,NULL),(12359,7922,87,45,6062,40723,574,1,1,8,0.00,0.00,'2023-03-23 21:15:31','2023-03-23 21:15:31',4,NULL),(12360,7922,87,45,6062,40723,578,1,1,7,0.00,0.00,'2023-03-23 21:15:31','2023-03-23 21:15:31',4,NULL),(12361,7922,87,45,6062,40723,577,1,1,8,0.00,0.00,'2023-03-23 21:15:31','2023-03-23 21:15:31',4,NULL),(12362,7922,87,45,6062,40723,574,1,1,6,0.00,0.00,'2023-03-23 21:15:31','2023-03-23 21:15:31',4,NULL),(12363,7922,87,45,6062,40723,578,1,1,8,0.00,0.00,'2023-03-23 21:15:31','2023-03-23 21:15:31',4,NULL),(12364,7922,87,45,6062,40723,577,1,1,6,0.00,0.00,'2023-03-23 21:15:31','2023-03-23 21:15:31',4,NULL);
INSERT INTO `period_liquidation_iva_details` VALUES (12365,7922,87,45,6062,40723,1,3,2,3,0.00,0.00,'2023-03-23 21:15:31','2023-03-23 21:15:31',5,NULL),(12366,7922,87,45,6062,40723,1,5,2,3,0.00,0.00,'2023-03-23 21:15:31','2023-03-23 21:15:31',5,NULL),(12367,7922,87,45,6062,40723,1,13,2,3,0.00,0.00,'2023-03-23 21:15:31','2023-03-23 21:15:31',5,NULL),(12368,7922,87,45,6062,40723,1,9,2,3,0.00,0.00,'2023-03-23 21:15:31','2023-03-23 21:15:31',5,NULL),(12369,7922,87,45,6062,40723,1,10,2,3,0.00,0.00,'2023-03-23 21:15:31','2023-03-23 21:15:31',5,NULL),(12370,7922,87,45,6062,40723,1,4,2,3,0.00,0.00,'2023-03-23 21:15:31','2023-03-23 21:15:31',5,NULL),(12371,7922,87,45,6062,40723,1,6,2,3,0.00,0.00,'2023-03-23 21:15:31','2023-03-23 21:15:31',5,NULL),(12372,7922,87,45,6062,40723,1,14,2,3,0.00,0.00,'2023-03-23 21:15:31','2023-03-23 21:15:31',5,NULL),(12373,7922,87,45,6062,40723,1,1,2,3,0.00,0.00,'2023-03-23 21:15:31','2023-03-23 21:15:31',5,NULL),(12374,7922,87,45,6062,40723,1,11,2,3,0.00,0.00,'2023-03-23 21:15:31','2023-03-23 21:15:31',5,NULL),(12375,7922,87,45,6062,40723,1,7,2,3,0.00,0.00,'2023-03-23 21:15:31','2023-03-23 21:15:31',5,NULL),(12376,7922,87,45,6062,40723,1,2,2,3,0.00,0.00,'2023-03-23 21:15:31','2023-03-23 21:15:31',5,NULL),(12377,7922,87,45,6062,40723,1,12,2,3,0.00,0.00,'2023-03-23 21:15:31','2023-03-23 21:15:31',5,NULL),(12378,7922,87,45,6062,40723,1,8,2,3,0.00,0.00,'2023-03-23 21:15:31','2023-03-23 21:15:31',5,NULL),(12379,7922,87,45,6062,40723,1,10,2,2,0.00,0.00,'2023-03-23 21:15:31','2023-03-23 21:15:31',5,NULL),(12380,7922,87,45,6062,40723,1,4,2,2,0.00,0.00,'2023-03-23 21:15:31','2023-03-23 21:15:31',5,NULL),(12381,7922,87,45,6062,40723,1,6,2,2,0.00,0.00,'2023-03-23 21:15:31','2023-03-23 21:15:31',5,NULL),(12382,7922,87,45,6062,40723,1,14,2,2,0.00,0.00,'2023-03-23 21:15:31','2023-03-23 21:15:31',5,NULL),(12383,7922,87,45,6062,40723,1,1,2,2,0.00,0.00,'2023-03-23 21:15:31','2023-03-23 21:15:31',5,NULL),(12384,7922,87,45,6062,40723,1,11,2,2,0.00,0.00,'2023-03-23 21:15:31','2023-03-23 21:15:31',5,NULL),(12385,7922,87,45,6062,40723,1,7,2,2,0.00,0.00,'2023-03-23 21:15:31','2023-03-23 21:15:31',5,NULL),(12386,7922,87,45,6062,40723,1,2,2,2,0.00,0.00,'2023-03-23 21:15:31','2023-03-23 21:15:31',5,NULL),(12387,7922,87,45,6062,40723,1,12,2,2,0.00,0.00,'2023-03-23 21:15:31','2023-03-23 21:15:31',5,NULL),(12388,7922,87,45,6062,40723,1,8,2,2,0.00,0.00,'2023-03-23 21:15:31','2023-03-23 21:15:31',5,NULL),(12389,7922,87,45,6062,40723,1,3,2,2,0.00,0.00,'2023-03-23 21:15:31','2023-03-23 21:15:31',5,NULL),(12390,7922,87,45,6062,40723,1,5,2,2,0.00,0.00,'2023-03-23 21:15:31','2023-03-23 21:15:31',5,NULL),(12391,7922,87,45,6062,40723,1,13,2,2,0.00,0.00,'2023-03-23 21:15:31','2023-03-23 21:15:31',5,NULL),(12392,7922,87,45,6062,40723,1,9,2,2,0.00,0.00,'2023-03-23 21:15:31','2023-03-23 21:15:31',5,NULL),(12393,7922,87,45,6062,40723,1,1,2,1,0.00,0.00,'2023-03-23 21:15:31','2023-03-23 21:15:31',5,NULL),(12394,7922,87,45,6062,40723,1,11,2,1,0.00,0.00,'2023-03-23 21:15:31','2023-03-23 21:15:31',5,NULL),(12395,7922,87,45,6062,40723,1,7,2,1,0.00,0.00,'2023-03-23 21:15:31','2023-03-23 21:15:31',5,NULL),(12396,7922,87,45,6062,40723,1,2,2,1,0.00,0.00,'2023-03-23 21:15:31','2023-03-23 21:15:31',5,NULL),(12397,7922,87,45,6062,40723,1,12,2,1,0.00,0.00,'2023-03-23 21:15:31','2023-03-23 21:15:31',5,NULL),(12398,7922,87,45,6062,40723,1,8,2,1,0.00,0.00,'2023-03-23 21:15:31','2023-03-23 21:15:31',5,NULL),(12399,7922,87,45,6062,40723,1,3,2,1,0.00,0.00,'2023-03-23 21:15:31','2023-03-23 21:15:31',5,NULL),(12400,7922,87,45,6062,40723,1,5,2,1,0.00,0.00,'2023-03-23 21:15:31','2023-03-23 21:15:31',5,NULL),(12401,7922,87,45,6062,40723,1,13,2,1,0.00,0.00,'2023-03-23 21:15:31','2023-03-23 21:15:31',5,NULL),(12402,7922,87,45,6062,40723,1,9,2,1,0.00,0.00,'2023-03-23 21:15:31','2023-03-23 21:15:31',5,NULL),(12403,7922,87,45,6062,40723,1,10,2,1,0.00,0.00,'2023-03-23 21:15:31','2023-03-23 21:15:31',5,NULL),(12404,7922,87,45,6062,40723,1,4,2,1,0.00,0.00,'2023-03-23 21:15:31','2023-03-23 21:15:31',5,NULL);
INSERT INTO `period_liquidation_iva_details` VALUES (12405,7922,87,45,6062,40723,1,6,2,1,0.00,0.00,'2023-03-23 21:15:31','2023-03-23 21:15:31',5,NULL),(12406,7922,87,45,6062,40723,1,14,2,1,0.00,0.00,'2023-03-23 21:15:31','2023-03-23 21:15:31',5,NULL),(12407,7922,87,45,6062,40723,1,10,2,5,0.00,0.00,'2023-03-23 21:15:31','2023-03-23 21:15:31',5,NULL),(12408,7922,87,45,6062,40723,1,4,2,5,0.00,0.00,'2023-03-23 21:15:31','2023-03-23 21:15:31',5,NULL),(12409,7922,87,45,6062,40723,1,6,2,5,0.00,0.00,'2023-03-23 21:15:31','2023-03-23 21:15:31',5,NULL),(12410,7922,87,45,6062,40723,1,14,2,5,0.00,0.00,'2023-03-23 21:15:31','2023-03-23 21:15:31',5,NULL),(12411,7922,87,45,6062,40723,1,1,2,5,0.00,0.00,'2023-03-23 21:15:31','2023-03-23 21:15:31',5,NULL),(12412,7922,87,45,6062,40723,1,11,2,5,0.00,0.00,'2023-03-23 21:15:31','2023-03-23 21:15:31',5,NULL),(12413,7922,87,45,6062,40723,1,7,2,5,0.00,0.00,'2023-03-23 21:15:31','2023-03-23 21:15:31',5,NULL),(12414,7922,87,45,6062,40723,1,2,2,5,0.00,0.00,'2023-03-23 21:15:31','2023-03-23 21:15:31',5,NULL),(12415,7922,87,45,6062,40723,1,12,2,5,0.00,0.00,'2023-03-23 21:15:31','2023-03-23 21:15:31',5,NULL),(12416,7922,87,45,6062,40723,1,8,2,5,0.00,0.00,'2023-03-23 21:15:31','2023-03-23 21:15:31',5,NULL),(12417,7922,87,45,6062,40723,1,9,2,5,0.00,0.00,'2023-03-23 21:15:31','2023-03-23 21:15:31',5,NULL),(12418,7922,87,45,6062,40723,1,3,2,5,0.00,0.00,'2023-03-23 21:15:31','2023-03-23 21:15:31',5,NULL),(12419,7922,87,45,6062,40723,1,5,2,5,0.00,0.00,'2023-03-23 21:15:31','2023-03-23 21:15:31',5,NULL),(12420,7922,87,45,6062,40723,1,13,2,5,0.00,0.00,'2023-03-23 21:15:31','2023-03-23 21:15:31',5,NULL),(12421,7922,87,45,6062,40723,1,2,2,4,0.00,0.00,'2023-03-23 21:15:31','2023-03-23 21:15:31',5,NULL),(12422,7922,87,45,6062,40723,1,12,2,4,0.00,0.00,'2023-03-23 21:15:31','2023-03-23 21:15:31',5,NULL),(12423,7922,87,45,6062,40723,1,8,2,4,0.00,0.00,'2023-03-23 21:15:31','2023-03-23 21:15:31',5,NULL),(12424,7922,87,45,6062,40723,1,9,2,4,0.00,0.00,'2023-03-23 21:15:31','2023-03-23 21:15:31',5,NULL),(12425,7922,87,45,6062,40723,1,3,2,4,0.00,0.00,'2023-03-23 21:15:31','2023-03-23 21:15:31',5,NULL),(12426,7922,87,45,6062,40723,1,5,2,4,0.00,0.00,'2023-03-23 21:15:31','2023-03-23 21:15:31',5,NULL),(12427,7922,87,45,6062,40723,1,13,2,4,0.00,0.00,'2023-03-23 21:15:31','2023-03-23 21:15:31',5,NULL),(12428,7922,87,45,6062,40723,1,10,2,4,0.00,0.00,'2023-03-23 21:15:31','2023-03-23 21:15:31',5,NULL),(12429,7922,87,45,6062,40723,1,4,2,4,0.00,0.00,'2023-03-23 21:15:31','2023-03-23 21:15:31',5,NULL),(12430,7922,87,45,6062,40723,1,6,2,4,0.00,0.00,'2023-03-23 21:15:31','2023-03-23 21:15:31',5,NULL),(12431,7922,87,45,6062,40723,1,14,2,4,0.00,0.00,'2023-03-23 21:15:31','2023-03-23 21:15:31',5,NULL),(12432,7922,87,45,6062,40723,1,1,2,4,0.00,0.00,'2023-03-23 21:15:31','2023-03-23 21:15:31',5,NULL),(12433,7922,87,45,6062,40723,1,11,2,4,0.00,0.00,'2023-03-23 21:15:31','2023-03-23 21:15:31',5,NULL),(12434,7922,87,45,6062,40723,1,7,2,4,0.00,0.00,'2023-03-23 21:15:31','2023-03-23 21:15:31',5,NULL),(12435,7922,87,45,6062,40723,1,9,2,6,0.00,0.00,'2023-03-23 21:15:31','2023-03-23 21:15:31',5,NULL),(12436,7922,87,45,6062,40723,1,3,2,6,0.00,0.00,'2023-03-23 21:15:31','2023-03-23 21:15:31',5,NULL),(12437,7922,87,45,6062,40723,1,5,2,6,0.00,0.00,'2023-03-23 21:15:31','2023-03-23 21:15:31',5,NULL),(12438,7922,87,45,6062,40723,1,13,2,6,0.00,0.00,'2023-03-23 21:15:31','2023-03-23 21:15:31',5,NULL),(12439,7922,87,45,6062,40723,1,2,2,7,0.00,0.00,'2023-03-23 21:15:31','2023-03-23 21:15:31',5,NULL),(12440,7922,87,45,6062,40723,1,12,2,7,0.00,0.00,'2023-03-23 21:15:31','2023-03-23 21:15:31',5,NULL),(12441,7922,87,45,6062,40723,1,8,2,7,0.00,0.00,'2023-03-23 21:15:31','2023-03-23 21:15:31',5,NULL),(12442,7922,87,45,6062,40723,1,1,2,8,0.00,0.00,'2023-03-23 21:15:31','2023-03-23 21:15:31',5,NULL),(12443,7922,87,45,6062,40723,1,11,2,8,0.00,0.00,'2023-03-23 21:15:31','2023-03-23 21:15:31',5,NULL),(12444,7922,87,45,6062,40723,1,7,2,8,0.00,0.00,'2023-03-23 21:15:31','2023-03-23 21:15:31',5,NULL);
INSERT INTO `period_liquidation_iva_details` VALUES (12445,7922,87,45,6062,40723,1,10,2,6,0.00,0.00,'2023-03-23 21:15:31','2023-03-23 21:15:31',5,NULL),(12446,7922,87,45,6062,40723,1,4,2,6,0.00,0.00,'2023-03-23 21:15:31','2023-03-23 21:15:31',5,NULL),(12447,7922,87,45,6062,40723,1,6,2,6,0.00,0.00,'2023-03-23 21:15:31','2023-03-23 21:15:31',5,NULL),(12448,7922,87,45,6062,40723,1,14,2,6,0.00,0.00,'2023-03-23 21:15:31','2023-03-23 21:15:31',5,NULL),(12449,7922,87,45,6062,40723,1,9,2,7,0.00,0.00,'2023-03-23 21:15:31','2023-03-23 21:15:31',5,NULL),(12450,7922,87,45,6062,40723,1,3,2,7,0.00,0.00,'2023-03-23 21:15:31','2023-03-23 21:15:31',5,NULL),(12451,7922,87,45,6062,40723,1,5,2,7,0.00,0.00,'2023-03-23 21:15:31','2023-03-23 21:15:31',5,NULL),(12452,7922,87,45,6062,40723,1,13,2,7,0.00,0.00,'2023-03-23 21:15:31','2023-03-23 21:15:31',5,NULL),(12453,7922,87,45,6062,40723,1,2,2,8,0.00,0.00,'2023-03-23 21:15:31','2023-03-23 21:15:31',5,NULL),(12454,7922,87,45,6062,40723,1,12,2,8,0.00,0.00,'2023-03-23 21:15:31','2023-03-23 21:15:31',5,NULL),(12455,7922,87,45,6062,40723,1,8,2,8,0.00,0.00,'2023-03-23 21:15:31','2023-03-23 21:15:31',5,NULL),(12456,7922,87,45,6062,40723,1,1,2,6,0.00,0.00,'2023-03-23 21:15:31','2023-03-23 21:15:31',5,NULL),(12457,7922,87,45,6062,40723,1,11,2,6,0.00,0.00,'2023-03-23 21:15:31','2023-03-23 21:15:31',5,NULL),(12458,7922,87,45,6062,40723,1,7,2,6,0.00,0.00,'2023-03-23 21:15:31','2023-03-23 21:15:31',5,NULL),(12459,7922,87,45,6062,40723,1,10,2,7,0.00,0.00,'2023-03-23 21:15:31','2023-03-23 21:15:31',5,NULL),(12460,7922,87,45,6062,40723,1,4,2,7,0.00,0.00,'2023-03-23 21:15:31','2023-03-23 21:15:31',5,NULL),(12461,7922,87,45,6062,40723,1,6,2,7,0.00,0.00,'2023-03-23 21:15:31','2023-03-23 21:15:31',5,NULL),(12462,7922,87,45,6062,40723,1,14,2,7,0.00,0.00,'2023-03-23 21:15:31','2023-03-23 21:15:31',5,NULL),(12463,7922,87,45,6062,40723,1,9,2,8,0.00,0.00,'2023-03-23 21:15:31','2023-03-23 21:15:31',5,NULL),(12464,7922,87,45,6062,40723,1,3,2,8,0.00,0.00,'2023-03-23 21:15:31','2023-03-23 21:15:31',5,NULL),(12465,7922,87,45,6062,40723,1,5,2,8,0.00,0.00,'2023-03-23 21:15:31','2023-03-23 21:15:31',5,NULL),(12466,7922,87,45,6062,40723,1,13,2,8,0.00,0.00,'2023-03-23 21:15:31','2023-03-23 21:15:31',5,NULL),(12467,7922,87,45,6062,40723,1,2,2,6,0.00,0.00,'2023-03-23 21:15:31','2023-03-23 21:15:31',5,NULL),(12468,7922,87,45,6062,40723,1,12,2,6,0.00,0.00,'2023-03-23 21:15:31','2023-03-23 21:15:31',5,NULL),(12469,7922,87,45,6062,40723,1,8,2,6,0.00,0.00,'2023-03-23 21:15:31','2023-03-23 21:15:31',5,NULL),(12470,7922,87,45,6062,40723,1,1,2,7,0.00,0.00,'2023-03-23 21:15:31','2023-03-23 21:15:31',5,NULL),(12471,7922,87,45,6062,40723,1,11,2,7,0.00,0.00,'2023-03-23 21:15:31','2023-03-23 21:15:31',5,NULL),(12472,7922,87,45,6062,40723,1,7,2,7,0.00,0.00,'2023-03-23 21:15:31','2023-03-23 21:15:31',5,NULL),(12473,7922,87,45,6062,40723,1,10,2,8,0.00,0.00,'2023-03-23 21:15:31','2023-03-23 21:15:31',5,NULL),(12474,7922,87,45,6062,40723,1,4,2,8,0.00,0.00,'2023-03-23 21:15:31','2023-03-23 21:15:31',5,NULL),(12475,7922,87,45,6062,40723,1,6,2,8,0.00,0.00,'2023-03-23 21:15:31','2023-03-23 21:15:31',5,NULL),(12476,7922,87,45,6062,40723,1,14,2,8,0.00,0.00,'2023-03-23 21:15:31','2023-03-23 21:15:31',5,NULL),(12477,7922,87,45,6062,40723,1,14,2,3,0.00,0.00,'2023-03-23 21:15:31','2023-03-23 21:15:31',6,NULL),(12478,7922,87,45,6062,40723,1,1,2,3,0.00,0.00,'2023-03-23 21:15:31','2023-03-23 21:15:31',6,NULL),(12479,7922,87,45,6062,40723,1,4,2,3,0.00,0.00,'2023-03-23 21:15:31','2023-03-23 21:15:31',6,NULL),(12480,7922,87,45,6062,40723,1,7,2,3,0.00,0.00,'2023-03-23 21:15:31','2023-03-23 21:15:31',6,NULL),(12481,7922,87,45,6062,40723,1,10,2,3,0.00,0.00,'2023-03-23 21:15:31','2023-03-23 21:15:31',6,NULL),(12482,7922,87,45,6062,40723,1,13,2,3,0.00,0.00,'2023-03-23 21:15:31','2023-03-23 21:15:31',6,NULL),(12483,7922,87,45,6062,40723,1,3,2,3,0.00,0.00,'2023-03-23 21:15:31','2023-03-23 21:15:31',6,NULL),(12484,7922,87,45,6062,40723,1,6,2,3,0.00,0.00,'2023-03-23 21:15:31','2023-03-23 21:15:31',6,NULL);
INSERT INTO `period_liquidation_iva_details` VALUES (12485,7922,87,45,6062,40723,1,9,2,3,0.00,0.00,'2023-03-23 21:15:31','2023-03-23 21:15:31',6,NULL),(12486,7922,87,45,6062,40723,1,12,2,3,0.00,0.00,'2023-03-23 21:15:31','2023-03-23 21:15:31',6,NULL),(12487,7922,87,45,6062,40723,1,2,2,3,0.00,0.00,'2023-03-23 21:15:31','2023-03-23 21:15:31',6,NULL),(12488,7922,87,45,6062,40723,1,5,2,3,0.00,0.00,'2023-03-23 21:15:31','2023-03-23 21:15:31',6,NULL),(12489,7922,87,45,6062,40723,1,8,2,3,0.00,0.00,'2023-03-23 21:15:31','2023-03-23 21:15:31',6,NULL),(12490,7922,87,45,6062,40723,1,11,2,3,0.00,0.00,'2023-03-23 21:15:31','2023-03-23 21:15:31',6,NULL),(12491,7922,87,45,6062,40723,1,13,2,2,0.00,0.00,'2023-03-23 21:15:31','2023-03-23 21:15:31',6,NULL),(12492,7922,87,45,6062,40723,1,3,2,2,0.00,0.00,'2023-03-23 21:15:31','2023-03-23 21:15:31',6,NULL),(12493,7922,87,45,6062,40723,1,6,2,2,0.00,0.00,'2023-03-23 21:15:31','2023-03-23 21:15:31',6,NULL),(12494,7922,87,45,6062,40723,1,9,2,2,0.00,0.00,'2023-03-23 21:15:31','2023-03-23 21:15:31',6,NULL),(12495,7922,87,45,6062,40723,1,12,2,2,0.00,0.00,'2023-03-23 21:15:31','2023-03-23 21:15:31',6,NULL),(12496,7922,87,45,6062,40723,1,2,2,2,0.00,0.00,'2023-03-23 21:15:31','2023-03-23 21:15:31',6,NULL),(12497,7922,87,45,6062,40723,1,5,2,2,0.00,0.00,'2023-03-23 21:15:31','2023-03-23 21:15:31',6,NULL),(12498,7922,87,45,6062,40723,1,8,2,2,0.00,0.00,'2023-03-23 21:15:31','2023-03-23 21:15:31',6,NULL),(12499,7922,87,45,6062,40723,1,11,2,2,0.00,0.00,'2023-03-23 21:15:31','2023-03-23 21:15:31',6,NULL),(12500,7922,87,45,6062,40723,1,14,2,2,0.00,0.00,'2023-03-23 21:15:31','2023-03-23 21:15:31',6,NULL),(12501,7922,87,45,6062,40723,1,1,2,2,1371698.42,288056.67,'2023-03-23 21:15:31','2023-03-23 21:15:31',6,NULL),(12502,7922,87,45,6062,40723,1,4,2,2,0.00,0.00,'2023-03-23 21:15:31','2023-03-23 21:15:31',6,NULL),(12503,7922,87,45,6062,40723,1,7,2,2,0.00,0.00,'2023-03-23 21:15:31','2023-03-23 21:15:31',6,NULL),(12504,7922,87,45,6062,40723,1,10,2,2,0.00,0.00,'2023-03-23 21:15:31','2023-03-23 21:15:31',6,NULL),(12505,7922,87,45,6062,40723,1,9,2,1,0.00,0.00,'2023-03-23 21:15:31','2023-03-23 21:15:31',6,NULL),(12506,7922,87,45,6062,40723,1,12,2,1,0.00,0.00,'2023-03-23 21:15:31','2023-03-23 21:15:31',6,NULL),(12507,7922,87,45,6062,40723,1,2,2,1,0.00,0.00,'2023-03-23 21:15:31','2023-03-23 21:15:31',6,NULL),(12508,7922,87,45,6062,40723,1,5,2,1,0.00,0.00,'2023-03-23 21:15:31','2023-03-23 21:15:31',6,NULL),(12509,7922,87,45,6062,40723,1,8,2,1,0.00,0.00,'2023-03-23 21:15:31','2023-03-23 21:15:31',6,NULL),(12510,7922,87,45,6062,40723,1,11,2,1,0.00,0.00,'2023-03-23 21:15:31','2023-03-23 21:15:31',6,NULL),(12511,7922,87,45,6062,40723,1,14,2,1,0.00,0.00,'2023-03-23 21:15:31','2023-03-23 21:15:31',6,NULL),(12512,7922,87,45,6062,40723,1,1,2,1,28522587.79,2994871.72,'2023-03-23 21:15:31','2023-03-23 21:15:31',6,NULL),(12513,7922,87,45,6062,40723,1,4,2,1,0.00,0.00,'2023-03-23 21:15:31','2023-03-23 21:15:31',6,NULL),(12514,7922,87,45,6062,40723,1,7,2,1,0.00,0.00,'2023-03-23 21:15:31','2023-03-23 21:15:31',6,NULL),(12515,7922,87,45,6062,40723,1,10,2,1,0.00,0.00,'2023-03-23 21:15:31','2023-03-23 21:15:31',6,NULL),(12516,7922,87,45,6062,40723,1,13,2,1,0.00,0.00,'2023-03-23 21:15:31','2023-03-23 21:15:31',6,NULL),(12517,7922,87,45,6062,40723,1,3,2,1,0.00,0.00,'2023-03-23 21:15:31','2023-03-23 21:15:31',6,NULL),(12518,7922,87,45,6062,40723,1,6,2,1,0.00,0.00,'2023-03-23 21:15:31','2023-03-23 21:15:31',6,NULL),(12519,7922,87,45,6062,40723,1,3,2,5,0.00,0.00,'2023-03-23 21:15:31','2023-03-23 21:15:31',6,NULL),(12520,7922,87,45,6062,40723,1,6,2,5,0.00,0.00,'2023-03-23 21:15:31','2023-03-23 21:15:31',6,NULL),(12521,7922,87,45,6062,40723,1,9,2,5,0.00,0.00,'2023-03-23 21:15:31','2023-03-23 21:15:31',6,NULL),(12522,7922,87,45,6062,40723,1,12,2,5,0.00,0.00,'2023-03-23 21:15:31','2023-03-23 21:15:31',6,NULL),(12523,7922,87,45,6062,40723,1,2,2,5,0.00,0.00,'2023-03-23 21:15:31','2023-03-23 21:15:31',6,NULL),(12524,7922,87,45,6062,40723,1,5,2,5,0.00,0.00,'2023-03-23 21:15:31','2023-03-23 21:15:31',6,NULL);
INSERT INTO `period_liquidation_iva_details` VALUES (12525,7922,87,45,6062,40723,1,8,2,5,0.00,0.00,'2023-03-23 21:15:31','2023-03-23 21:15:31',6,NULL),(12526,7922,87,45,6062,40723,1,11,2,5,0.00,0.00,'2023-03-23 21:15:31','2023-03-23 21:15:31',6,NULL),(12527,7922,87,45,6062,40723,1,14,2,5,0.00,0.00,'2023-03-23 21:15:31','2023-03-23 21:15:31',6,NULL),(12528,7922,87,45,6062,40723,1,1,2,5,0.00,0.00,'2023-03-23 21:15:31','2023-03-23 21:15:31',6,NULL),(12529,7922,87,45,6062,40723,1,4,2,5,0.00,0.00,'2023-03-23 21:15:31','2023-03-23 21:15:31',6,NULL),(12530,7922,87,45,6062,40723,1,7,2,5,0.00,0.00,'2023-03-23 21:15:31','2023-03-23 21:15:31',6,NULL),(12531,7922,87,45,6062,40723,1,10,2,5,0.00,0.00,'2023-03-23 21:15:31','2023-03-23 21:15:31',6,NULL),(12532,7922,87,45,6062,40723,1,13,2,5,0.00,0.00,'2023-03-23 21:15:31','2023-03-23 21:15:31',6,NULL),(12533,7922,87,45,6062,40723,1,2,2,4,0.00,0.00,'2023-03-23 21:15:31','2023-03-23 21:15:31',6,NULL),(12534,7922,87,45,6062,40723,1,5,2,4,0.00,0.00,'2023-03-23 21:15:31','2023-03-23 21:15:31',6,NULL),(12535,7922,87,45,6062,40723,1,8,2,4,0.00,0.00,'2023-03-23 21:15:31','2023-03-23 21:15:31',6,NULL),(12536,7922,87,45,6062,40723,1,11,2,4,0.00,0.00,'2023-03-23 21:15:31','2023-03-23 21:15:31',6,NULL),(12537,7922,87,45,6062,40723,1,14,2,4,0.00,0.00,'2023-03-23 21:15:31','2023-03-23 21:15:31',6,NULL),(12538,7922,87,45,6062,40723,1,1,2,4,0.00,0.00,'2023-03-23 21:15:31','2023-03-23 21:15:31',6,NULL),(12539,7922,87,45,6062,40723,1,4,2,4,0.00,0.00,'2023-03-23 21:15:31','2023-03-23 21:15:31',6,NULL),(12540,7922,87,45,6062,40723,1,7,2,4,0.00,0.00,'2023-03-23 21:15:31','2023-03-23 21:15:31',6,NULL),(12541,7922,87,45,6062,40723,1,10,2,4,0.00,0.00,'2023-03-23 21:15:31','2023-03-23 21:15:31',6,NULL),(12542,7922,87,45,6062,40723,1,13,2,4,0.00,0.00,'2023-03-23 21:15:31','2023-03-23 21:15:31',6,NULL),(12543,7922,87,45,6062,40723,1,3,2,4,0.00,0.00,'2023-03-23 21:15:31','2023-03-23 21:15:31',6,NULL),(12544,7922,87,45,6062,40723,1,6,2,4,0.00,0.00,'2023-03-23 21:15:31','2023-03-23 21:15:31',6,NULL),(12545,7922,87,45,6062,40723,1,9,2,4,0.00,0.00,'2023-03-23 21:15:31','2023-03-23 21:15:31',6,NULL),(12546,7922,87,45,6062,40723,1,12,2,4,0.00,0.00,'2023-03-23 21:15:31','2023-03-23 21:15:31',6,NULL),(12547,7922,87,45,6062,40723,1,7,2,8,0.00,0.00,'2023-03-23 21:15:31','2023-03-23 21:15:31',6,NULL),(12548,7922,87,45,6062,40723,1,10,2,8,0.00,0.00,'2023-03-23 21:15:31','2023-03-23 21:15:31',6,NULL),(12549,7922,87,45,6062,40723,1,13,2,8,0.00,0.00,'2023-03-23 21:15:31','2023-03-23 21:15:31',6,NULL),(12550,7922,87,45,6062,40723,1,3,2,8,0.00,0.00,'2023-03-23 21:15:31','2023-03-23 21:15:31',6,NULL),(12551,7922,87,45,6062,40723,1,6,2,8,0.00,0.00,'2023-03-23 21:15:31','2023-03-23 21:15:31',6,NULL),(12552,7922,87,45,6062,40723,1,9,2,8,0.00,0.00,'2023-03-23 21:15:31','2023-03-23 21:15:31',6,NULL),(12553,7922,87,45,6062,40723,1,12,2,8,0.00,0.00,'2023-03-23 21:15:31','2023-03-23 21:15:31',6,NULL),(12554,7922,87,45,6062,40723,1,2,2,8,0.00,0.00,'2023-03-23 21:15:31','2023-03-23 21:15:31',6,NULL),(12555,7922,87,45,6062,40723,1,5,2,8,0.00,0.00,'2023-03-23 21:15:31','2023-03-23 21:15:31',6,NULL),(12556,7922,87,45,6062,40723,1,8,2,8,0.00,0.00,'2023-03-23 21:15:31','2023-03-23 21:15:31',6,NULL),(12557,7922,87,45,6062,40723,1,11,2,8,0.00,0.00,'2023-03-23 21:15:31','2023-03-23 21:15:31',6,NULL),(12558,7922,87,45,6062,40723,1,14,2,8,0.00,0.00,'2023-03-23 21:15:31','2023-03-23 21:15:31',6,NULL),(12559,7922,87,45,6062,40723,1,1,2,8,0.00,0.00,'2023-03-23 21:15:31','2023-03-23 21:15:31',6,NULL),(12560,7922,87,45,6062,40723,1,4,2,8,0.00,0.00,'2023-03-23 21:15:31','2023-03-23 21:15:31',6,NULL),(12561,7922,87,45,6062,40723,1,11,2,7,0.00,0.00,'2023-03-23 21:15:31','2023-03-23 21:15:31',7,NULL),(12562,7922,87,45,6062,40723,1,8,2,6,0.00,0.00,'2023-03-23 21:15:31','2023-03-23 21:15:31',7,NULL),(12563,7922,87,45,6062,40723,1,4,2,7,0.00,0.00,'2023-03-23 21:15:31','2023-03-23 21:15:31',7,NULL),(12564,7922,87,45,6062,40723,1,1,2,6,0.00,0.00,'2023-03-23 21:15:31','2023-03-23 21:15:31',7,NULL);
INSERT INTO `period_liquidation_iva_details` VALUES (12565,7922,87,45,6062,40723,1,13,2,7,0.00,0.00,'2023-03-23 21:15:31','2023-03-23 21:15:31',7,NULL),(12566,7922,87,45,6062,40723,1,10,2,6,0.00,0.00,'2023-03-23 21:15:31','2023-03-23 21:15:31',7,NULL),(12567,7922,87,45,6062,40723,1,6,2,7,0.00,0.00,'2023-03-23 21:15:31','2023-03-23 21:15:31',7,NULL),(12568,7922,87,45,6062,40723,1,3,2,6,0.00,0.00,'2023-03-23 21:15:31','2023-03-23 21:15:31',7,NULL),(12569,7922,87,45,6062,40723,1,12,2,6,0.00,0.00,'2023-03-23 21:15:31','2023-03-23 21:15:31',7,NULL),(12570,7922,87,45,6062,40723,1,8,2,7,0.00,0.00,'2023-03-23 21:15:31','2023-03-23 21:15:31',7,NULL),(12571,7922,87,45,6062,40723,1,5,2,6,0.00,0.00,'2023-03-23 21:15:31','2023-03-23 21:15:31',7,NULL),(12572,7922,87,45,6062,40723,1,1,2,7,4000000.16,0.00,'2023-03-23 21:15:31','2023-03-23 21:15:31',7,NULL),(12573,7922,87,45,6062,40723,1,14,2,6,0.00,0.00,'2023-03-23 21:15:31','2023-03-23 21:15:31',7,NULL),(12574,7922,87,45,6062,40723,1,10,2,7,0.00,0.00,'2023-03-23 21:15:31','2023-03-23 21:15:31',7,NULL),(12575,7922,87,45,6062,40723,1,7,2,6,0.00,0.00,'2023-03-23 21:15:31','2023-03-23 21:15:31',7,NULL),(12576,7922,87,45,6062,40723,1,3,2,7,0.00,0.00,'2023-03-23 21:15:31','2023-03-23 21:15:31',7,NULL),(12577,7922,87,45,6062,40723,1,12,2,7,0.00,0.00,'2023-03-23 21:15:31','2023-03-23 21:15:31',7,NULL),(12578,7922,87,45,6062,40723,1,9,2,6,0.00,0.00,'2023-03-23 21:15:31','2023-03-23 21:15:31',7,NULL),(12579,7922,87,45,6062,40723,1,5,2,7,0.00,0.00,'2023-03-23 21:15:31','2023-03-23 21:15:31',7,NULL),(12580,7922,87,45,6062,40723,1,2,2,6,0.00,0.00,'2023-03-23 21:15:31','2023-03-23 21:15:31',7,NULL),(12581,7922,87,45,6062,40723,1,14,2,7,0.00,0.00,'2023-03-23 21:15:31','2023-03-23 21:15:31',7,NULL),(12582,7922,87,45,6062,40723,1,11,2,6,0.00,0.00,'2023-03-23 21:15:31','2023-03-23 21:15:31',7,NULL),(12583,7922,87,45,6062,40723,1,7,2,7,0.00,0.00,'2023-03-23 21:15:31','2023-03-23 21:15:31',7,NULL),(12584,7922,87,45,6062,40723,1,4,2,6,0.00,0.00,'2023-03-23 21:15:31','2023-03-23 21:15:31',7,NULL),(12585,7922,87,45,6062,40723,1,13,2,6,0.00,0.00,'2023-03-23 21:15:31','2023-03-23 21:15:31',7,NULL),(12586,7922,87,45,6062,40723,1,9,2,7,0.00,0.00,'2023-03-23 21:15:31','2023-03-23 21:15:31',7,NULL),(12587,7922,87,45,6062,40723,1,6,2,6,0.00,0.00,'2023-03-23 21:15:31','2023-03-23 21:15:31',7,NULL),(12588,7922,87,45,6062,40723,1,2,2,7,0.00,0.00,'2023-03-23 21:15:31','2023-03-23 21:15:31',7,NULL),(15603,7922,114,57,9148,40725,859,1,1,3,0.00,0.00,'2023-04-06 08:51:38','2023-04-06 08:51:38',1,NULL),(15604,7922,114,57,9148,40725,789,1,1,3,0.00,0.00,'2023-04-06 08:51:38','2023-04-06 08:51:38',1,NULL),(15605,7922,114,57,9148,40725,859,1,1,2,0.00,0.00,'2023-04-06 08:51:38','2023-04-06 08:51:38',1,NULL),(15606,7922,114,57,9148,40725,789,1,1,2,0.00,0.00,'2023-04-06 08:51:38','2023-04-06 08:51:38',1,NULL),(15607,7922,114,57,9148,40725,789,1,1,1,0.00,0.00,'2023-04-06 08:51:38','2023-04-06 08:51:38',1,NULL),(15608,7922,114,57,9148,40725,859,1,1,1,0.00,0.00,'2023-04-06 08:51:38','2023-04-06 08:51:38',1,NULL),(15609,7922,114,57,9148,40725,859,1,1,5,0.00,0.00,'2023-04-06 08:51:38','2023-04-06 08:51:38',1,NULL),(15610,7922,114,57,9148,40725,789,1,1,5,0.00,0.00,'2023-04-06 08:51:38','2023-04-06 08:51:38',1,NULL),(15611,7922,114,57,9148,40725,789,1,1,4,0.00,0.00,'2023-04-06 08:51:38','2023-04-06 08:51:38',1,NULL),(15612,7922,114,57,9148,40725,859,1,1,4,0.00,0.00,'2023-04-06 08:51:38','2023-04-06 08:51:38',1,NULL),(15613,7922,114,57,9148,40725,859,1,1,8,0.00,0.00,'2023-04-06 08:51:38','2023-04-06 08:51:38',1,NULL),(15614,7922,114,57,9148,40725,789,1,1,8,0.00,0.00,'2023-04-06 08:51:38','2023-04-06 08:51:38',1,NULL),(15615,7922,114,57,9148,40725,789,1,1,3,0.00,0.00,'2023-04-06 08:51:38','2023-04-06 08:51:38',2,NULL),(15616,7922,114,57,9148,40725,859,1,1,3,0.00,0.00,'2023-04-06 08:51:38','2023-04-06 08:51:38',2,NULL),(15617,7922,114,57,9148,40725,859,1,1,2,0.00,0.00,'2023-04-06 08:51:38','2023-04-06 08:51:38',2,NULL);
INSERT INTO `period_liquidation_iva_details` VALUES (15618,7922,114,57,9148,40725,789,1,1,2,0.00,0.00,'2023-04-06 08:51:38','2023-04-06 08:51:38',2,NULL),(15619,7922,114,57,9148,40725,859,1,1,1,0.00,0.00,'2023-04-06 08:51:38','2023-04-06 08:51:38',2,NULL),(15620,7922,114,57,9148,40725,789,1,1,1,0.00,0.00,'2023-04-06 08:51:38','2023-04-06 08:51:38',2,NULL),(15621,7922,114,57,9148,40725,859,1,1,5,0.00,0.00,'2023-04-06 08:51:38','2023-04-06 08:51:38',2,NULL),(15622,7922,114,57,9148,40725,789,1,1,5,0.00,0.00,'2023-04-06 08:51:38','2023-04-06 08:51:38',2,NULL),(15623,7922,114,57,9148,40725,859,1,1,4,0.00,0.00,'2023-04-06 08:51:38','2023-04-06 08:51:38',2,NULL),(15624,7922,114,57,9148,40725,789,1,1,4,0.00,0.00,'2023-04-06 08:51:38','2023-04-06 08:51:38',2,NULL),(15625,7922,114,57,9148,40725,789,1,1,8,0.00,0.00,'2023-04-06 08:51:38','2023-04-06 08:51:38',2,NULL),(15626,7922,114,57,9148,40725,859,1,1,8,0.00,0.00,'2023-04-06 08:51:38','2023-04-06 08:51:38',2,NULL),(15627,7922,114,57,9148,40725,789,1,1,6,0.00,0.00,'2023-04-06 08:51:38','2023-04-06 08:51:38',3,NULL),(15628,7922,114,57,9148,40725,789,1,1,7,69120.00,0.00,'2023-04-06 08:51:38','2023-04-06 08:51:38',3,NULL),(15629,7922,114,57,9148,40725,859,1,1,6,0.00,0.00,'2023-04-06 08:51:38','2023-04-06 08:51:38',3,NULL),(15630,7922,114,57,9148,40725,859,1,1,7,0.00,0.00,'2023-04-06 08:51:38','2023-04-06 08:51:38',3,NULL),(15631,7922,114,57,9148,40725,789,1,1,3,0.00,0.00,'2023-04-06 08:51:38','2023-04-06 08:51:38',4,NULL),(15632,7922,114,57,9148,40725,859,1,1,3,0.00,0.00,'2023-04-06 08:51:38','2023-04-06 08:51:38',4,NULL),(15633,7922,114,57,9148,40725,789,1,1,2,6644.62,1395.37,'2023-04-06 08:51:38','2023-04-06 08:51:38',4,NULL),(15634,7922,114,57,9148,40725,859,1,1,2,0.00,0.00,'2023-04-06 08:51:38','2023-04-06 08:51:38',4,NULL),(15635,7922,114,57,9148,40725,789,1,1,1,0.00,0.00,'2023-04-06 08:51:38','2023-04-06 08:51:38',4,NULL),(15636,7922,114,57,9148,40725,859,1,1,1,0.00,0.00,'2023-04-06 08:51:38','2023-04-06 08:51:38',4,NULL),(15637,7922,114,57,9148,40725,789,1,1,5,0.00,0.00,'2023-04-06 08:51:38','2023-04-06 08:51:38',4,NULL),(15638,7922,114,57,9148,40725,859,1,1,5,0.00,0.00,'2023-04-06 08:51:38','2023-04-06 08:51:38',4,NULL),(15639,7922,114,57,9148,40725,859,1,1,4,0.00,0.00,'2023-04-06 08:51:38','2023-04-06 08:51:38',4,NULL),(15640,7922,114,57,9148,40725,789,1,1,4,0.00,0.00,'2023-04-06 08:51:38','2023-04-06 08:51:38',4,NULL),(15641,7922,114,57,9148,40725,859,1,1,7,0.00,0.00,'2023-04-06 08:51:38','2023-04-06 08:51:38',4,NULL),(15642,7922,114,57,9148,40725,789,1,1,8,0.00,0.00,'2023-04-06 08:51:38','2023-04-06 08:51:38',4,NULL),(15643,7922,114,57,9148,40725,859,1,1,8,0.00,0.00,'2023-04-06 08:51:38','2023-04-06 08:51:38',4,NULL),(15644,7922,114,57,9148,40725,789,1,1,6,0.00,0.00,'2023-04-06 08:51:38','2023-04-06 08:51:38',4,NULL),(15645,7922,114,57,9148,40725,859,1,1,6,0.00,0.00,'2023-04-06 08:51:38','2023-04-06 08:51:38',4,NULL),(15646,7922,114,57,9148,40725,789,1,1,7,0.00,0.00,'2023-04-06 08:51:38','2023-04-06 08:51:38',4,NULL),(15647,7922,114,57,9148,40725,1,2,2,3,0.00,0.00,'2023-04-06 08:51:38','2023-04-06 08:51:38',5,NULL),(15648,7922,114,57,9148,40725,1,7,2,3,0.00,0.00,'2023-04-06 08:51:38','2023-04-06 08:51:38',5,NULL),(15649,7922,114,57,9148,40725,1,11,2,3,0.00,0.00,'2023-04-06 08:51:38','2023-04-06 08:51:38',5,NULL),(15650,7922,114,57,9148,40725,1,3,2,3,0.00,0.00,'2023-04-06 08:51:38','2023-04-06 08:51:38',5,NULL),(15651,7922,114,57,9148,40725,1,12,2,3,0.00,0.00,'2023-04-06 08:51:38','2023-04-06 08:51:38',5,NULL),(15652,7922,114,57,9148,40725,1,8,2,3,0.00,0.00,'2023-04-06 08:51:38','2023-04-06 08:51:38',5,NULL),(15653,7922,114,57,9148,40725,1,4,2,3,0.00,0.00,'2023-04-06 08:51:38','2023-04-06 08:51:38',5,NULL),(15654,7922,114,57,9148,40725,1,5,2,3,0.00,0.00,'2023-04-06 08:51:38','2023-04-06 08:51:38',5,NULL),(15655,7922,114,57,9148,40725,1,13,2,3,0.00,0.00,'2023-04-06 08:51:38','2023-04-06 08:51:38',5,NULL),(15656,7922,114,57,9148,40725,1,9,2,3,0.00,0.00,'2023-04-06 08:51:38','2023-04-06 08:51:38',5,NULL);
INSERT INTO `period_liquidation_iva_details` VALUES (15657,7922,114,57,9148,40725,1,1,2,3,0.00,0.00,'2023-04-06 08:51:38','2023-04-06 08:51:38',5,NULL),(15658,7922,114,57,9148,40725,1,6,2,3,0.00,0.00,'2023-04-06 08:51:38','2023-04-06 08:51:38',5,NULL),(15659,7922,114,57,9148,40725,1,14,2,3,0.00,0.00,'2023-04-06 08:51:38','2023-04-06 08:51:38',5,NULL),(15660,7922,114,57,9148,40725,1,10,2,3,0.00,0.00,'2023-04-06 08:51:38','2023-04-06 08:51:38',5,NULL),(15661,7922,114,57,9148,40725,1,12,2,2,0.00,0.00,'2023-04-06 08:51:38','2023-04-06 08:51:38',5,NULL),(15662,7922,114,57,9148,40725,1,8,2,2,0.00,0.00,'2023-04-06 08:51:38','2023-04-06 08:51:38',5,NULL),(15663,7922,114,57,9148,40725,1,4,2,2,0.00,0.00,'2023-04-06 08:51:38','2023-04-06 08:51:38',5,NULL),(15664,7922,114,57,9148,40725,1,5,2,2,0.00,0.00,'2023-04-06 08:51:38','2023-04-06 08:51:38',5,NULL),(15665,7922,114,57,9148,40725,1,13,2,2,0.00,0.00,'2023-04-06 08:51:38','2023-04-06 08:51:38',5,NULL),(15666,7922,114,57,9148,40725,1,9,2,2,0.00,0.00,'2023-04-06 08:51:38','2023-04-06 08:51:38',5,NULL),(15667,7922,114,57,9148,40725,1,1,2,2,0.00,0.00,'2023-04-06 08:51:38','2023-04-06 08:51:38',5,NULL),(15668,7922,114,57,9148,40725,1,6,2,2,0.00,0.00,'2023-04-06 08:51:39','2023-04-06 08:51:39',5,NULL),(15669,7922,114,57,9148,40725,1,14,2,2,0.00,0.00,'2023-04-06 08:51:39','2023-04-06 08:51:39',5,NULL),(15670,7922,114,57,9148,40725,1,10,2,2,0.00,0.00,'2023-04-06 08:51:39','2023-04-06 08:51:39',5,NULL),(15671,7922,114,57,9148,40725,1,2,2,2,0.00,0.00,'2023-04-06 08:51:39','2023-04-06 08:51:39',5,NULL),(15672,7922,114,57,9148,40725,1,7,2,2,0.00,0.00,'2023-04-06 08:51:39','2023-04-06 08:51:39',5,NULL),(15673,7922,114,57,9148,40725,1,11,2,2,0.00,0.00,'2023-04-06 08:51:39','2023-04-06 08:51:39',5,NULL),(15674,7922,114,57,9148,40725,1,3,2,2,0.00,0.00,'2023-04-06 08:51:39','2023-04-06 08:51:39',5,NULL),(15675,7922,114,57,9148,40725,1,5,2,1,0.00,0.00,'2023-04-06 08:51:39','2023-04-06 08:51:39',5,NULL),(15676,7922,114,57,9148,40725,1,13,2,1,0.00,0.00,'2023-04-06 08:51:39','2023-04-06 08:51:39',5,NULL),(15677,7922,114,57,9148,40725,1,9,2,1,0.00,0.00,'2023-04-06 08:51:39','2023-04-06 08:51:39',5,NULL),(15678,7922,114,57,9148,40725,1,1,2,1,0.00,0.00,'2023-04-06 08:51:39','2023-04-06 08:51:39',5,NULL),(15679,7922,114,57,9148,40725,1,6,2,1,0.00,0.00,'2023-04-06 08:51:39','2023-04-06 08:51:39',5,NULL),(15680,7922,114,57,9148,40725,1,14,2,1,0.00,0.00,'2023-04-06 08:51:39','2023-04-06 08:51:39',5,NULL),(15681,7922,114,57,9148,40725,1,10,2,1,0.00,0.00,'2023-04-06 08:51:39','2023-04-06 08:51:39',5,NULL),(15682,7922,114,57,9148,40725,1,2,2,1,0.00,0.00,'2023-04-06 08:51:39','2023-04-06 08:51:39',5,NULL),(15683,7922,114,57,9148,40725,1,7,2,1,0.00,0.00,'2023-04-06 08:51:39','2023-04-06 08:51:39',5,NULL),(15684,7922,114,57,9148,40725,1,11,2,1,0.00,0.00,'2023-04-06 08:51:39','2023-04-06 08:51:39',5,NULL),(15685,7922,114,57,9148,40725,1,3,2,1,0.00,0.00,'2023-04-06 08:51:39','2023-04-06 08:51:39',5,NULL),(15686,7922,114,57,9148,40725,1,12,2,1,0.00,0.00,'2023-04-06 08:51:39','2023-04-06 08:51:39',5,NULL),(15687,7922,114,57,9148,40725,1,8,2,1,0.00,0.00,'2023-04-06 08:51:39','2023-04-06 08:51:39',5,NULL),(15688,7922,114,57,9148,40725,1,4,2,1,0.00,0.00,'2023-04-06 08:51:39','2023-04-06 08:51:39',5,NULL),(15689,7922,114,57,9148,40725,1,4,2,5,0.00,0.00,'2023-04-06 08:51:39','2023-04-06 08:51:39',5,NULL),(15690,7922,114,57,9148,40725,1,5,2,5,0.00,0.00,'2023-04-06 08:51:39','2023-04-06 08:51:39',5,NULL),(15691,7922,114,57,9148,40725,1,13,2,5,0.00,0.00,'2023-04-06 08:51:39','2023-04-06 08:51:39',5,NULL),(15692,7922,114,57,9148,40725,1,9,2,5,0.00,0.00,'2023-04-06 08:51:39','2023-04-06 08:51:39',5,NULL),(15693,7922,114,57,9148,40725,1,1,2,5,0.00,0.00,'2023-04-06 08:51:39','2023-04-06 08:51:39',5,NULL),(15694,7922,114,57,9148,40725,1,6,2,5,0.00,0.00,'2023-04-06 08:51:39','2023-04-06 08:51:39',5,NULL),(15695,7922,114,57,9148,40725,1,14,2,5,0.00,0.00,'2023-04-06 08:51:39','2023-04-06 08:51:39',5,NULL);
INSERT INTO `period_liquidation_iva_details` VALUES (15696,7922,114,57,9148,40725,1,10,2,5,0.00,0.00,'2023-04-06 08:51:39','2023-04-06 08:51:39',5,NULL),(15697,7922,114,57,9148,40725,1,2,2,5,0.00,0.00,'2023-04-06 08:51:39','2023-04-06 08:51:39',5,NULL),(15698,7922,114,57,9148,40725,1,7,2,5,0.00,0.00,'2023-04-06 08:51:39','2023-04-06 08:51:39',5,NULL),(15699,7922,114,57,9148,40725,1,11,2,5,0.00,0.00,'2023-04-06 08:51:39','2023-04-06 08:51:39',5,NULL),(15700,7922,114,57,9148,40725,1,3,2,5,0.00,0.00,'2023-04-06 08:51:39','2023-04-06 08:51:39',5,NULL),(15701,7922,114,57,9148,40725,1,12,2,5,0.00,0.00,'2023-04-06 08:51:39','2023-04-06 08:51:39',5,NULL),(15702,7922,114,57,9148,40725,1,8,2,5,0.00,0.00,'2023-04-06 08:51:39','2023-04-06 08:51:39',5,NULL),(15703,7922,114,57,9148,40725,1,1,2,4,0.00,0.00,'2023-04-06 08:51:39','2023-04-06 08:51:39',5,NULL),(15704,7922,114,57,9148,40725,1,6,2,4,0.00,0.00,'2023-04-06 08:51:39','2023-04-06 08:51:39',5,NULL),(15705,7922,114,57,9148,40725,1,14,2,4,0.00,0.00,'2023-04-06 08:51:39','2023-04-06 08:51:39',5,NULL),(15706,7922,114,57,9148,40725,1,10,2,4,0.00,0.00,'2023-04-06 08:51:39','2023-04-06 08:51:39',5,NULL),(15707,7922,114,57,9148,40725,1,2,2,4,0.00,0.00,'2023-04-06 08:51:39','2023-04-06 08:51:39',5,NULL),(15708,7922,114,57,9148,40725,1,7,2,4,0.00,0.00,'2023-04-06 08:51:39','2023-04-06 08:51:39',5,NULL),(15709,7922,114,57,9148,40725,1,11,2,4,0.00,0.00,'2023-04-06 08:51:39','2023-04-06 08:51:39',5,NULL),(15710,7922,114,57,9148,40725,1,3,2,4,0.00,0.00,'2023-04-06 08:51:39','2023-04-06 08:51:39',5,NULL),(15711,7922,114,57,9148,40725,1,12,2,4,0.00,0.00,'2023-04-06 08:51:39','2023-04-06 08:51:39',5,NULL),(15712,7922,114,57,9148,40725,1,8,2,4,0.00,0.00,'2023-04-06 08:51:39','2023-04-06 08:51:39',5,NULL),(15713,7922,114,57,9148,40725,1,4,2,4,0.00,0.00,'2023-04-06 08:51:39','2023-04-06 08:51:39',5,NULL),(15714,7922,114,57,9148,40725,1,5,2,4,0.00,0.00,'2023-04-06 08:51:39','2023-04-06 08:51:39',5,NULL),(15715,7922,114,57,9148,40725,1,13,2,4,0.00,0.00,'2023-04-06 08:51:39','2023-04-06 08:51:39',5,NULL),(15716,7922,114,57,9148,40725,1,9,2,4,0.00,0.00,'2023-04-06 08:51:39','2023-04-06 08:51:39',5,NULL),(15717,7922,114,57,9148,40725,1,3,2,6,0.00,0.00,'2023-04-06 08:51:39','2023-04-06 08:51:39',5,NULL),(15718,7922,114,57,9148,40725,1,2,2,7,0.00,0.00,'2023-04-06 08:51:39','2023-04-06 08:51:39',5,NULL),(15719,7922,114,57,9148,40725,1,12,2,6,0.00,0.00,'2023-04-06 08:51:39','2023-04-06 08:51:39',5,NULL),(15720,7922,114,57,9148,40725,1,1,2,8,0.00,0.00,'2023-04-06 08:51:39','2023-04-06 08:51:39',5,NULL),(15721,7922,114,57,9148,40725,1,8,2,6,0.00,0.00,'2023-04-06 08:51:39','2023-04-06 08:51:39',5,NULL),(15722,7922,114,57,9148,40725,1,7,2,7,0.00,0.00,'2023-04-06 08:51:39','2023-04-06 08:51:39',5,NULL),(15723,7922,114,57,9148,40725,1,11,2,7,0.00,0.00,'2023-04-06 08:51:39','2023-04-06 08:51:39',5,NULL),(15724,7922,114,57,9148,40725,1,6,2,8,0.00,0.00,'2023-04-06 08:51:39','2023-04-06 08:51:39',5,NULL),(15725,7922,114,57,9148,40725,1,14,2,8,0.00,0.00,'2023-04-06 08:51:39','2023-04-06 08:51:39',5,NULL),(15726,7922,114,57,9148,40725,1,10,2,8,0.00,0.00,'2023-04-06 08:51:39','2023-04-06 08:51:39',5,NULL),(15727,7922,114,57,9148,40725,1,4,2,6,0.00,0.00,'2023-04-06 08:51:39','2023-04-06 08:51:39',5,NULL),(15728,7922,114,57,9148,40725,1,3,2,7,0.00,0.00,'2023-04-06 08:51:39','2023-04-06 08:51:39',5,NULL),(15729,7922,114,57,9148,40725,1,5,2,6,0.00,0.00,'2023-04-06 08:51:39','2023-04-06 08:51:39',5,NULL),(15730,7922,114,57,9148,40725,1,13,2,6,0.00,0.00,'2023-04-06 08:51:39','2023-04-06 08:51:39',5,NULL),(15731,7922,114,57,9148,40725,1,2,2,8,0.00,0.00,'2023-04-06 08:51:39','2023-04-06 08:51:39',5,NULL),(15732,7922,114,57,9148,40725,1,9,2,6,0.00,0.00,'2023-04-06 08:51:39','2023-04-06 08:51:39',5,NULL),(15733,7922,114,57,9148,40725,1,12,2,7,0.00,0.00,'2023-04-06 08:51:39','2023-04-06 08:51:39',5,NULL),(15734,7922,114,57,9148,40725,1,8,2,7,0.00,0.00,'2023-04-06 08:51:39','2023-04-06 08:51:39',5,NULL);
INSERT INTO `period_liquidation_iva_details` VALUES (15735,7922,114,57,9148,40725,1,11,2,8,0.00,0.00,'2023-04-06 08:51:39','2023-04-06 08:51:39',5,NULL),(15736,7922,114,57,9148,40725,1,7,2,8,0.00,0.00,'2023-04-06 08:51:39','2023-04-06 08:51:39',5,NULL),(15737,7922,114,57,9148,40725,1,1,2,6,0.00,0.00,'2023-04-06 08:51:39','2023-04-06 08:51:39',5,NULL),(15738,7922,114,57,9148,40725,1,4,2,7,0.00,0.00,'2023-04-06 08:51:39','2023-04-06 08:51:39',5,NULL),(15739,7922,114,57,9148,40725,1,6,2,6,0.00,0.00,'2023-04-06 08:51:39','2023-04-06 08:51:39',5,NULL),(15740,7922,114,57,9148,40725,1,14,2,6,0.00,0.00,'2023-04-06 08:51:39','2023-04-06 08:51:39',5,NULL),(15741,7922,114,57,9148,40725,1,3,2,8,0.00,0.00,'2023-04-06 08:51:39','2023-04-06 08:51:39',5,NULL),(15742,7922,114,57,9148,40725,1,10,2,6,0.00,0.00,'2023-04-06 08:51:39','2023-04-06 08:51:39',5,NULL),(15743,7922,114,57,9148,40725,1,5,2,7,0.00,0.00,'2023-04-06 08:51:39','2023-04-06 08:51:39',5,NULL),(15744,7922,114,57,9148,40725,1,13,2,7,0.00,0.00,'2023-04-06 08:51:39','2023-04-06 08:51:39',5,NULL),(15745,7922,114,57,9148,40725,1,9,2,7,0.00,0.00,'2023-04-06 08:51:39','2023-04-06 08:51:39',5,NULL),(15746,7922,114,57,9148,40725,1,12,2,8,0.00,0.00,'2023-04-06 08:51:39','2023-04-06 08:51:39',5,NULL),(15747,7922,114,57,9148,40725,1,8,2,8,0.00,0.00,'2023-04-06 08:51:39','2023-04-06 08:51:39',5,NULL),(15748,7922,114,57,9148,40725,1,2,2,6,0.00,0.00,'2023-04-06 08:51:39','2023-04-06 08:51:39',5,NULL),(15749,7922,114,57,9148,40725,1,1,2,7,0.00,0.00,'2023-04-06 08:51:39','2023-04-06 08:51:39',5,NULL),(15750,7922,114,57,9148,40725,1,7,2,6,0.00,0.00,'2023-04-06 08:51:39','2023-04-06 08:51:39',5,NULL),(15751,7922,114,57,9148,40725,1,4,2,8,0.00,0.00,'2023-04-06 08:51:39','2023-04-06 08:51:39',5,NULL),(15752,7922,114,57,9148,40725,1,11,2,6,0.00,0.00,'2023-04-06 08:51:39','2023-04-06 08:51:39',5,NULL),(15753,7922,114,57,9148,40725,1,6,2,7,0.00,0.00,'2023-04-06 08:51:39','2023-04-06 08:51:39',5,NULL),(15754,7922,114,57,9148,40725,1,14,2,7,0.00,0.00,'2023-04-06 08:51:39','2023-04-06 08:51:39',5,NULL),(15755,7922,114,57,9148,40725,1,10,2,7,0.00,0.00,'2023-04-06 08:51:39','2023-04-06 08:51:39',5,NULL),(15756,7922,114,57,9148,40725,1,5,2,8,0.00,0.00,'2023-04-06 08:51:39','2023-04-06 08:51:39',5,NULL),(15757,7922,114,57,9148,40725,1,13,2,8,0.00,0.00,'2023-04-06 08:51:39','2023-04-06 08:51:39',5,NULL),(15758,7922,114,57,9148,40725,1,9,2,8,0.00,0.00,'2023-04-06 08:51:39','2023-04-06 08:51:39',5,NULL),(15759,7922,114,57,9148,40725,1,11,2,3,0.00,0.00,'2023-04-06 08:51:39','2023-04-06 08:51:39',6,NULL),(15760,7922,114,57,9148,40725,1,14,2,3,0.00,0.00,'2023-04-06 08:51:39','2023-04-06 08:51:39',6,NULL),(15761,7922,114,57,9148,40725,1,1,2,3,0.00,0.00,'2023-04-06 08:51:39','2023-04-06 08:51:39',6,NULL),(15762,7922,114,57,9148,40725,1,4,2,3,0.00,0.00,'2023-04-06 08:51:39','2023-04-06 08:51:39',6,NULL),(15763,7922,114,57,9148,40725,1,7,2,3,0.00,0.00,'2023-04-06 08:51:39','2023-04-06 08:51:39',6,NULL),(15764,7922,114,57,9148,40725,1,10,2,3,0.00,0.00,'2023-04-06 08:51:39','2023-04-06 08:51:39',6,NULL),(15765,7922,114,57,9148,40725,1,13,2,3,0.00,0.00,'2023-04-06 08:51:39','2023-04-06 08:51:39',6,NULL),(15766,7922,114,57,9148,40725,1,3,2,3,0.00,0.00,'2023-04-06 08:51:39','2023-04-06 08:51:39',6,NULL),(15767,7922,114,57,9148,40725,1,6,2,3,0.00,0.00,'2023-04-06 08:51:39','2023-04-06 08:51:39',6,NULL),(15768,7922,114,57,9148,40725,1,9,2,3,0.00,0.00,'2023-04-06 08:51:39','2023-04-06 08:51:39',6,NULL),(15769,7922,114,57,9148,40725,1,12,2,3,0.00,0.00,'2023-04-06 08:51:39','2023-04-06 08:51:39',6,NULL),(15770,7922,114,57,9148,40725,1,2,2,3,0.00,0.00,'2023-04-06 08:51:39','2023-04-06 08:51:39',6,NULL),(15771,7922,114,57,9148,40725,1,5,2,3,0.00,0.00,'2023-04-06 08:51:39','2023-04-06 08:51:39',6,NULL),(15772,7922,114,57,9148,40725,1,8,2,3,0.00,0.00,'2023-04-06 08:51:39','2023-04-06 08:51:39',6,NULL),(15773,7922,114,57,9148,40725,1,10,2,2,0.00,0.00,'2023-04-06 08:51:39','2023-04-06 08:51:39',6,NULL);
INSERT INTO `period_liquidation_iva_details` VALUES (15774,7922,114,57,9148,40725,1,13,2,2,0.00,0.00,'2023-04-06 08:51:39','2023-04-06 08:51:39',6,NULL),(15775,7922,114,57,9148,40725,1,3,2,2,0.00,0.00,'2023-04-06 08:51:39','2023-04-06 08:51:39',6,NULL),(15776,7922,114,57,9148,40725,1,6,2,2,0.00,0.00,'2023-04-06 08:51:39','2023-04-06 08:51:39',6,NULL),(15777,7922,114,57,9148,40725,1,9,2,2,0.00,0.00,'2023-04-06 08:51:39','2023-04-06 08:51:39',6,NULL),(15778,7922,114,57,9148,40725,1,12,2,2,0.00,0.00,'2023-04-06 08:51:39','2023-04-06 08:51:39',6,NULL),(15779,7922,114,57,9148,40725,1,2,2,2,0.00,0.00,'2023-04-06 08:51:39','2023-04-06 08:51:39',6,NULL),(15780,7922,114,57,9148,40725,1,5,2,2,0.00,0.00,'2023-04-06 08:51:39','2023-04-06 08:51:39',6,NULL),(15781,7922,114,57,9148,40725,1,8,2,2,0.00,0.00,'2023-04-06 08:51:39','2023-04-06 08:51:39',6,NULL),(15782,7922,114,57,9148,40725,1,11,2,2,0.00,0.00,'2023-04-06 08:51:39','2023-04-06 08:51:39',6,NULL),(15783,7922,114,57,9148,40725,1,14,2,2,0.00,0.00,'2023-04-06 08:51:39','2023-04-06 08:51:39',6,NULL),(15784,7922,114,57,9148,40725,1,1,2,2,4947229.99,1038918.30,'2023-04-06 08:51:39','2023-04-06 08:51:39',6,NULL),(15785,7922,114,57,9148,40725,1,4,2,2,0.00,0.00,'2023-04-06 08:51:39','2023-04-06 08:51:39',6,NULL),(15786,7922,114,57,9148,40725,1,7,2,2,0.00,0.00,'2023-04-06 08:51:39','2023-04-06 08:51:39',6,NULL),(15787,7922,114,57,9148,40725,1,6,2,1,0.00,0.00,'2023-04-06 08:51:39','2023-04-06 08:51:39',6,NULL),(15788,7922,114,57,9148,40725,1,9,2,1,0.00,0.00,'2023-04-06 08:51:39','2023-04-06 08:51:39',6,NULL),(15789,7922,114,57,9148,40725,1,12,2,1,0.00,0.00,'2023-04-06 08:51:39','2023-04-06 08:51:39',6,NULL),(15790,7922,114,57,9148,40725,1,2,2,1,0.00,0.00,'2023-04-06 08:51:39','2023-04-06 08:51:39',6,NULL),(15791,7922,114,57,9148,40725,1,5,2,1,0.00,0.00,'2023-04-06 08:51:39','2023-04-06 08:51:39',6,NULL),(15792,7922,114,57,9148,40725,1,8,2,1,0.00,0.00,'2023-04-06 08:51:39','2023-04-06 08:51:39',6,NULL),(15793,7922,114,57,9148,40725,1,11,2,1,0.00,0.00,'2023-04-06 08:51:39','2023-04-06 08:51:39',6,NULL),(15794,7922,114,57,9148,40725,1,14,2,1,0.00,0.00,'2023-04-06 08:51:39','2023-04-06 08:51:39',6,NULL),(15795,7922,114,57,9148,40725,1,1,2,1,0.00,0.00,'2023-04-06 08:51:39','2023-04-06 08:51:39',6,NULL),(15796,7922,114,57,9148,40725,1,4,2,1,0.00,0.00,'2023-04-06 08:51:39','2023-04-06 08:51:39',6,NULL),(15797,7922,114,57,9148,40725,1,7,2,1,0.00,0.00,'2023-04-06 08:51:39','2023-04-06 08:51:39',6,NULL),(15798,7922,114,57,9148,40725,1,10,2,1,0.00,0.00,'2023-04-06 08:51:39','2023-04-06 08:51:39',6,NULL),(15799,7922,114,57,9148,40725,1,13,2,1,0.00,0.00,'2023-04-06 08:51:39','2023-04-06 08:51:39',6,NULL),(15800,7922,114,57,9148,40725,1,3,2,1,0.00,0.00,'2023-04-06 08:51:39','2023-04-06 08:51:39',6,NULL),(15801,7922,114,57,9148,40725,1,3,2,5,0.00,0.00,'2023-04-06 08:51:39','2023-04-06 08:51:39',6,NULL),(15802,7922,114,57,9148,40725,1,6,2,5,0.00,0.00,'2023-04-06 08:51:39','2023-04-06 08:51:39',6,NULL),(15803,7922,114,57,9148,40725,1,9,2,5,0.00,0.00,'2023-04-06 08:51:39','2023-04-06 08:51:39',6,NULL),(15804,7922,114,57,9148,40725,1,12,2,5,0.00,0.00,'2023-04-06 08:51:39','2023-04-06 08:51:39',6,NULL),(15805,7922,114,57,9148,40725,1,2,2,5,0.00,0.00,'2023-04-06 08:51:39','2023-04-06 08:51:39',6,NULL),(15806,7922,114,57,9148,40725,1,5,2,5,0.00,0.00,'2023-04-06 08:51:39','2023-04-06 08:51:39',6,NULL),(15807,7922,114,57,9148,40725,1,8,2,5,0.00,0.00,'2023-04-06 08:51:39','2023-04-06 08:51:39',6,NULL),(15808,7922,114,57,9148,40725,1,11,2,5,0.00,0.00,'2023-04-06 08:51:39','2023-04-06 08:51:39',6,NULL),(15809,7922,114,57,9148,40725,1,14,2,5,0.00,0.00,'2023-04-06 08:51:39','2023-04-06 08:51:39',6,NULL),(15810,7922,114,57,9148,40725,1,1,2,5,0.00,0.00,'2023-04-06 08:51:39','2023-04-06 08:51:39',6,NULL),(15811,7922,114,57,9148,40725,1,4,2,5,0.00,0.00,'2023-04-06 08:51:39','2023-04-06 08:51:39',6,NULL),(15812,7922,114,57,9148,40725,1,7,2,5,0.00,0.00,'2023-04-06 08:51:39','2023-04-06 08:51:39',6,NULL);
INSERT INTO `period_liquidation_iva_details` VALUES (15813,7922,114,57,9148,40725,1,10,2,5,0.00,0.00,'2023-04-06 08:51:39','2023-04-06 08:51:39',6,NULL),(15814,7922,114,57,9148,40725,1,13,2,5,0.00,0.00,'2023-04-06 08:51:39','2023-04-06 08:51:39',6,NULL),(15815,7922,114,57,9148,40725,1,2,2,4,0.00,0.00,'2023-04-06 08:51:39','2023-04-06 08:51:39',6,NULL),(15816,7922,114,57,9148,40725,1,5,2,4,0.00,0.00,'2023-04-06 08:51:39','2023-04-06 08:51:39',6,NULL),(15817,7922,114,57,9148,40725,1,8,2,4,0.00,0.00,'2023-04-06 08:51:39','2023-04-06 08:51:39',6,NULL),(15818,7922,114,57,9148,40725,1,11,2,4,0.00,0.00,'2023-04-06 08:51:39','2023-04-06 08:51:39',6,NULL),(15819,7922,114,57,9148,40725,1,14,2,4,0.00,0.00,'2023-04-06 08:51:39','2023-04-06 08:51:39',6,NULL),(15820,7922,114,57,9148,40725,1,1,2,4,0.00,0.00,'2023-04-06 08:51:39','2023-04-06 08:51:39',6,NULL),(15821,7922,114,57,9148,40725,1,4,2,4,0.00,0.00,'2023-04-06 08:51:39','2023-04-06 08:51:39',6,NULL),(15822,7922,114,57,9148,40725,1,7,2,4,0.00,0.00,'2023-04-06 08:51:39','2023-04-06 08:51:39',6,NULL),(15823,7922,114,57,9148,40725,1,10,2,4,0.00,0.00,'2023-04-06 08:51:39','2023-04-06 08:51:39',6,NULL),(15824,7922,114,57,9148,40725,1,13,2,4,0.00,0.00,'2023-04-06 08:51:39','2023-04-06 08:51:39',6,NULL),(15825,7922,114,57,9148,40725,1,3,2,4,0.00,0.00,'2023-04-06 08:51:39','2023-04-06 08:51:39',6,NULL),(15826,7922,114,57,9148,40725,1,6,2,4,0.00,0.00,'2023-04-06 08:51:39','2023-04-06 08:51:39',6,NULL),(15827,7922,114,57,9148,40725,1,9,2,4,0.00,0.00,'2023-04-06 08:51:39','2023-04-06 08:51:39',6,NULL),(15828,7922,114,57,9148,40725,1,12,2,4,0.00,0.00,'2023-04-06 08:51:39','2023-04-06 08:51:39',6,NULL),(15829,7922,114,57,9148,40725,1,4,2,8,0.00,0.00,'2023-04-06 08:51:39','2023-04-06 08:51:39',6,NULL),(15830,7922,114,57,9148,40725,1,7,2,8,0.00,0.00,'2023-04-06 08:51:39','2023-04-06 08:51:39',6,NULL),(15831,7922,114,57,9148,40725,1,10,2,8,0.00,0.00,'2023-04-06 08:51:39','2023-04-06 08:51:39',6,NULL),(15832,7922,114,57,9148,40725,1,13,2,8,0.00,0.00,'2023-04-06 08:51:39','2023-04-06 08:51:39',6,NULL),(15833,7922,114,57,9148,40725,1,3,2,8,0.00,0.00,'2023-04-06 08:51:39','2023-04-06 08:51:39',6,NULL),(15834,7922,114,57,9148,40725,1,6,2,8,0.00,0.00,'2023-04-06 08:51:39','2023-04-06 08:51:39',6,NULL),(15835,7922,114,57,9148,40725,1,9,2,8,0.00,0.00,'2023-04-06 08:51:39','2023-04-06 08:51:39',6,NULL),(15836,7922,114,57,9148,40725,1,12,2,8,0.00,0.00,'2023-04-06 08:51:39','2023-04-06 08:51:39',6,NULL),(15837,7922,114,57,9148,40725,1,2,2,8,0.00,0.00,'2023-04-06 08:51:39','2023-04-06 08:51:39',6,NULL),(15838,7922,114,57,9148,40725,1,5,2,8,0.00,0.00,'2023-04-06 08:51:39','2023-04-06 08:51:39',6,NULL),(15839,7922,114,57,9148,40725,1,8,2,8,0.00,0.00,'2023-04-06 08:51:39','2023-04-06 08:51:39',6,NULL),(15840,7922,114,57,9148,40725,1,11,2,8,0.00,0.00,'2023-04-06 08:51:39','2023-04-06 08:51:39',6,NULL),(15841,7922,114,57,9148,40725,1,14,2,8,0.00,0.00,'2023-04-06 08:51:39','2023-04-06 08:51:39',6,NULL),(15842,7922,114,57,9148,40725,1,1,2,8,40582.50,0.00,'2023-04-06 08:51:39','2023-04-06 08:51:39',6,NULL),(15843,7922,114,57,9148,40725,1,9,2,6,0.00,0.00,'2023-04-06 08:51:39','2023-04-06 08:51:39',7,NULL),(15844,7922,114,57,9148,40725,1,5,2,7,0.00,0.00,'2023-04-06 08:51:39','2023-04-06 08:51:39',7,NULL),(15845,7922,114,57,9148,40725,1,2,2,6,0.00,0.00,'2023-04-06 08:51:39','2023-04-06 08:51:39',7,NULL),(15846,7922,114,57,9148,40725,1,14,2,7,0.00,0.00,'2023-04-06 08:51:39','2023-04-06 08:51:39',7,NULL),(15847,7922,114,57,9148,40725,1,11,2,6,0.00,0.00,'2023-04-06 08:51:39','2023-04-06 08:51:39',7,NULL),(15848,7922,114,57,9148,40725,1,7,2,7,0.00,0.00,'2023-04-06 08:51:39','2023-04-06 08:51:39',7,NULL),(15849,7922,114,57,9148,40725,1,4,2,6,0.00,0.00,'2023-04-06 08:51:39','2023-04-06 08:51:39',7,NULL),(15850,7922,114,57,9148,40725,1,13,2,6,0.00,0.00,'2023-04-06 08:51:39','2023-04-06 08:51:39',7,NULL),(15851,7922,114,57,9148,40725,1,9,2,7,0.00,0.00,'2023-04-06 08:51:39','2023-04-06 08:51:39',7,NULL);
INSERT INTO `period_liquidation_iva_details` VALUES (15852,7922,114,57,9148,40725,1,6,2,6,0.00,0.00,'2023-04-06 08:51:39','2023-04-06 08:51:39',7,NULL),(15853,7922,114,57,9148,40725,1,2,2,7,0.00,0.00,'2023-04-06 08:51:39','2023-04-06 08:51:39',7,NULL),(15854,7922,114,57,9148,40725,1,11,2,7,0.00,0.00,'2023-04-06 08:51:39','2023-04-06 08:51:39',7,NULL),(15855,7922,114,57,9148,40725,1,8,2,6,0.00,0.00,'2023-04-06 08:51:39','2023-04-06 08:51:39',7,NULL),(15856,7922,114,57,9148,40725,1,4,2,7,0.00,0.00,'2023-04-06 08:51:39','2023-04-06 08:51:39',7,NULL),(15857,7922,114,57,9148,40725,1,1,2,6,0.00,0.00,'2023-04-06 08:51:39','2023-04-06 08:51:39',7,NULL),(15858,7922,114,57,9148,40725,1,13,2,7,0.00,0.00,'2023-04-06 08:51:39','2023-04-06 08:51:39',7,NULL),(15859,7922,114,57,9148,40725,1,10,2,6,0.00,0.00,'2023-04-06 08:51:39','2023-04-06 08:51:39',7,NULL),(15860,7922,114,57,9148,40725,1,6,2,7,0.00,0.00,'2023-04-06 08:51:39','2023-04-06 08:51:39',7,NULL),(15861,7922,114,57,9148,40725,1,3,2,6,0.00,0.00,'2023-04-06 08:51:39','2023-04-06 08:51:39',7,NULL),(15862,7922,114,57,9148,40725,1,12,2,6,0.00,0.00,'2023-04-06 08:51:39','2023-04-06 08:51:39',7,NULL),(15863,7922,114,57,9148,40725,1,8,2,7,0.00,0.00,'2023-04-06 08:51:39','2023-04-06 08:51:39',7,NULL),(15864,7922,114,57,9148,40725,1,5,2,6,0.00,0.00,'2023-04-06 08:51:39','2023-04-06 08:51:39',7,NULL),(15865,7922,114,57,9148,40725,1,1,2,7,103962.40,0.00,'2023-04-06 08:51:39','2023-04-06 08:51:39',7,NULL),(15866,7922,114,57,9148,40725,1,14,2,6,0.00,0.00,'2023-04-06 08:51:39','2023-04-06 08:51:39',7,NULL),(15867,7922,114,57,9148,40725,1,10,2,7,0.00,0.00,'2023-04-06 08:51:39','2023-04-06 08:51:39',7,NULL),(15868,7922,114,57,9148,40725,1,7,2,6,0.00,0.00,'2023-04-06 08:51:39','2023-04-06 08:51:39',7,NULL),(15869,7922,114,57,9148,40725,1,3,2,7,0.00,0.00,'2023-04-06 08:51:39','2023-04-06 08:51:39',7,NULL),(15870,7922,114,57,9148,40725,1,12,2,7,0.00,0.00,'2023-04-06 08:51:39','2023-04-06 08:51:39',7,NULL),(15871,7922,116,58,9149,40725,859,1,1,3,0.00,0.00,'2023-04-06 08:52:15','2023-04-06 08:52:15',1,NULL),(15872,7922,116,58,9149,40725,789,1,1,3,0.00,0.00,'2023-04-06 08:52:15','2023-04-06 08:52:15',1,NULL),(15873,7922,116,58,9149,40725,859,1,1,2,0.00,0.00,'2023-04-06 08:52:15','2023-04-06 08:52:15',1,NULL),(15874,7922,116,58,9149,40725,789,1,1,2,0.00,0.00,'2023-04-06 08:52:15','2023-04-06 08:52:15',1,NULL),(15875,7922,116,58,9149,40725,789,1,1,1,0.00,0.00,'2023-04-06 08:52:15','2023-04-06 08:52:15',1,NULL),(15876,7922,116,58,9149,40725,859,1,1,1,0.00,0.00,'2023-04-06 08:52:15','2023-04-06 08:52:15',1,NULL),(15877,7922,116,58,9149,40725,859,1,1,5,0.00,0.00,'2023-04-06 08:52:15','2023-04-06 08:52:15',1,NULL),(15878,7922,116,58,9149,40725,789,1,1,5,0.00,0.00,'2023-04-06 08:52:15','2023-04-06 08:52:15',1,NULL),(15879,7922,116,58,9149,40725,789,1,1,4,0.00,0.00,'2023-04-06 08:52:15','2023-04-06 08:52:15',1,NULL),(15880,7922,116,58,9149,40725,859,1,1,4,0.00,0.00,'2023-04-06 08:52:15','2023-04-06 08:52:15',1,NULL),(15881,7922,116,58,9149,40725,859,1,1,8,0.00,0.00,'2023-04-06 08:52:15','2023-04-06 08:52:15',1,NULL),(15882,7922,116,58,9149,40725,789,1,1,8,0.00,0.00,'2023-04-06 08:52:15','2023-04-06 08:52:15',1,NULL),(15883,7922,116,58,9149,40725,789,1,1,3,0.00,0.00,'2023-04-06 08:52:15','2023-04-06 08:52:15',2,NULL),(15884,7922,116,58,9149,40725,859,1,1,3,0.00,0.00,'2023-04-06 08:52:15','2023-04-06 08:52:15',2,NULL),(15885,7922,116,58,9149,40725,859,1,1,2,0.00,0.00,'2023-04-06 08:52:15','2023-04-06 08:52:15',2,NULL),(15886,7922,116,58,9149,40725,789,1,1,2,0.00,0.00,'2023-04-06 08:52:15','2023-04-06 08:52:15',2,NULL),(15887,7922,116,58,9149,40725,859,1,1,1,0.00,0.00,'2023-04-06 08:52:15','2023-04-06 08:52:15',2,NULL),(15888,7922,116,58,9149,40725,789,1,1,1,0.00,0.00,'2023-04-06 08:52:15','2023-04-06 08:52:15',2,NULL),(15889,7922,116,58,9149,40725,859,1,1,5,0.00,0.00,'2023-04-06 08:52:15','2023-04-06 08:52:15',2,NULL),(15890,7922,116,58,9149,40725,789,1,1,5,0.00,0.00,'2023-04-06 08:52:15','2023-04-06 08:52:15',2,NULL);
INSERT INTO `period_liquidation_iva_details` VALUES (15891,7922,116,58,9149,40725,859,1,1,4,0.00,0.00,'2023-04-06 08:52:15','2023-04-06 08:52:15',2,NULL),(15892,7922,116,58,9149,40725,789,1,1,4,0.00,0.00,'2023-04-06 08:52:15','2023-04-06 08:52:15',2,NULL),(15893,7922,116,58,9149,40725,859,1,1,8,0.00,0.00,'2023-04-06 08:52:15','2023-04-06 08:52:15',2,NULL),(15894,7922,116,58,9149,40725,789,1,1,8,0.00,0.00,'2023-04-06 08:52:15','2023-04-06 08:52:15',2,NULL),(15895,7922,116,58,9149,40725,789,1,1,7,69120.00,0.00,'2023-04-06 08:52:15','2023-04-06 08:52:15',3,NULL),(15896,7922,116,58,9149,40725,859,1,1,6,0.00,0.00,'2023-04-06 08:52:15','2023-04-06 08:52:15',3,NULL),(15897,7922,116,58,9149,40725,859,1,1,7,0.00,0.00,'2023-04-06 08:52:15','2023-04-06 08:52:15',3,NULL),(15898,7922,116,58,9149,40725,789,1,1,6,0.00,0.00,'2023-04-06 08:52:15','2023-04-06 08:52:15',3,NULL),(15899,7922,116,58,9149,40725,789,1,1,3,0.00,0.00,'2023-04-06 08:52:15','2023-04-06 08:52:15',4,NULL),(15900,7922,116,58,9149,40725,859,1,1,3,0.00,0.00,'2023-04-06 08:52:16','2023-04-06 08:52:16',4,NULL),(15901,7922,116,58,9149,40725,789,1,1,2,0.00,0.00,'2023-04-06 08:52:16','2023-04-06 08:52:16',4,NULL),(15902,7922,116,58,9149,40725,859,1,1,2,0.00,0.00,'2023-04-06 08:52:16','2023-04-06 08:52:16',4,NULL),(15903,7922,116,58,9149,40725,789,1,1,1,0.00,0.00,'2023-04-06 08:52:16','2023-04-06 08:52:16',4,NULL),(15904,7922,116,58,9149,40725,859,1,1,1,0.00,0.00,'2023-04-06 08:52:16','2023-04-06 08:52:16',4,NULL),(15905,7922,116,58,9149,40725,789,1,1,5,0.00,0.00,'2023-04-06 08:52:16','2023-04-06 08:52:16',4,NULL),(15906,7922,116,58,9149,40725,859,1,1,5,0.00,0.00,'2023-04-06 08:52:16','2023-04-06 08:52:16',4,NULL),(15907,7922,116,58,9149,40725,859,1,1,4,0.00,0.00,'2023-04-06 08:52:16','2023-04-06 08:52:16',4,NULL),(15908,7922,116,58,9149,40725,789,1,1,4,0.00,0.00,'2023-04-06 08:52:16','2023-04-06 08:52:16',4,NULL),(15909,7922,116,58,9149,40725,859,1,1,7,0.00,0.00,'2023-04-06 08:52:16','2023-04-06 08:52:16',4,NULL),(15910,7922,116,58,9149,40725,789,1,1,8,0.00,0.00,'2023-04-06 08:52:16','2023-04-06 08:52:16',4,NULL),(15911,7922,116,58,9149,40725,859,1,1,8,0.00,0.00,'2023-04-06 08:52:16','2023-04-06 08:52:16',4,NULL),(15912,7922,116,58,9149,40725,789,1,1,6,0.00,0.00,'2023-04-06 08:52:16','2023-04-06 08:52:16',4,NULL),(15913,7922,116,58,9149,40725,859,1,1,6,0.00,0.00,'2023-04-06 08:52:16','2023-04-06 08:52:16',4,NULL),(15914,7922,116,58,9149,40725,789,1,1,7,0.00,0.00,'2023-04-06 08:52:16','2023-04-06 08:52:16',4,NULL),(15915,7922,116,58,9149,40725,1,6,2,3,0.00,0.00,'2023-04-06 08:52:16','2023-04-06 08:52:16',5,NULL),(15916,7922,116,58,9149,40725,1,14,2,3,0.00,0.00,'2023-04-06 08:52:16','2023-04-06 08:52:16',5,NULL),(15917,7922,116,58,9149,40725,1,10,2,3,0.00,0.00,'2023-04-06 08:52:16','2023-04-06 08:52:16',5,NULL),(15918,7922,116,58,9149,40725,1,3,2,3,0.00,0.00,'2023-04-06 08:52:16','2023-04-06 08:52:16',5,NULL),(15919,7922,116,58,9149,40725,1,7,2,3,0.00,0.00,'2023-04-06 08:52:16','2023-04-06 08:52:16',5,NULL),(15920,7922,116,58,9149,40725,1,11,2,3,0.00,0.00,'2023-04-06 08:52:16','2023-04-06 08:52:16',5,NULL),(15921,7922,116,58,9149,40725,1,4,2,3,0.00,0.00,'2023-04-06 08:52:16','2023-04-06 08:52:16',5,NULL),(15922,7922,116,58,9149,40725,1,8,2,3,0.00,0.00,'2023-04-06 08:52:16','2023-04-06 08:52:16',5,NULL),(15923,7922,116,58,9149,40725,1,12,2,3,0.00,0.00,'2023-04-06 08:52:16','2023-04-06 08:52:16',5,NULL),(15924,7922,116,58,9149,40725,1,1,2,3,0.00,0.00,'2023-04-06 08:52:16','2023-04-06 08:52:16',5,NULL),(15925,7922,116,58,9149,40725,1,9,2,3,0.00,0.00,'2023-04-06 08:52:16','2023-04-06 08:52:16',5,NULL),(15926,7922,116,58,9149,40725,1,5,2,3,0.00,0.00,'2023-04-06 08:52:16','2023-04-06 08:52:16',5,NULL),(15927,7922,116,58,9149,40725,1,13,2,3,0.00,0.00,'2023-04-06 08:52:16','2023-04-06 08:52:16',5,NULL),(15928,7922,116,58,9149,40725,1,2,2,3,0.00,0.00,'2023-04-06 08:52:16','2023-04-06 08:52:16',5,NULL),(15929,7922,116,58,9149,40725,1,4,2,2,0.00,0.00,'2023-04-06 08:52:16','2023-04-06 08:52:16',5,NULL);
INSERT INTO `period_liquidation_iva_details` VALUES (15930,7922,116,58,9149,40725,1,8,2,2,0.00,0.00,'2023-04-06 08:52:16','2023-04-06 08:52:16',5,NULL),(15931,7922,116,58,9149,40725,1,12,2,2,0.00,0.00,'2023-04-06 08:52:16','2023-04-06 08:52:16',5,NULL),(15932,7922,116,58,9149,40725,1,1,2,2,0.00,0.00,'2023-04-06 08:52:16','2023-04-06 08:52:16',5,NULL),(15933,7922,116,58,9149,40725,1,9,2,2,0.00,0.00,'2023-04-06 08:52:16','2023-04-06 08:52:16',5,NULL),(15934,7922,116,58,9149,40725,1,5,2,2,0.00,0.00,'2023-04-06 08:52:16','2023-04-06 08:52:16',5,NULL),(15935,7922,116,58,9149,40725,1,13,2,2,0.00,0.00,'2023-04-06 08:52:16','2023-04-06 08:52:16',5,NULL),(15936,7922,116,58,9149,40725,1,2,2,2,0.00,0.00,'2023-04-06 08:52:16','2023-04-06 08:52:16',5,NULL),(15937,7922,116,58,9149,40725,1,6,2,2,0.00,0.00,'2023-04-06 08:52:16','2023-04-06 08:52:16',5,NULL),(15938,7922,116,58,9149,40725,1,14,2,2,0.00,0.00,'2023-04-06 08:52:16','2023-04-06 08:52:16',5,NULL),(15939,7922,116,58,9149,40725,1,10,2,2,0.00,0.00,'2023-04-06 08:52:16','2023-04-06 08:52:16',5,NULL),(15940,7922,116,58,9149,40725,1,3,2,2,0.00,0.00,'2023-04-06 08:52:16','2023-04-06 08:52:16',5,NULL),(15941,7922,116,58,9149,40725,1,7,2,2,0.00,0.00,'2023-04-06 08:52:16','2023-04-06 08:52:16',5,NULL),(15942,7922,116,58,9149,40725,1,11,2,2,0.00,0.00,'2023-04-06 08:52:16','2023-04-06 08:52:16',5,NULL),(15943,7922,116,58,9149,40725,1,1,2,1,0.00,0.00,'2023-04-06 08:52:16','2023-04-06 08:52:16',5,NULL),(15944,7922,116,58,9149,40725,1,9,2,1,0.00,0.00,'2023-04-06 08:52:16','2023-04-06 08:52:16',5,NULL),(15945,7922,116,58,9149,40725,1,5,2,1,0.00,0.00,'2023-04-06 08:52:16','2023-04-06 08:52:16',5,NULL),(15946,7922,116,58,9149,40725,1,13,2,1,0.00,0.00,'2023-04-06 08:52:16','2023-04-06 08:52:16',5,NULL),(15947,7922,116,58,9149,40725,1,2,2,1,0.00,0.00,'2023-04-06 08:52:16','2023-04-06 08:52:16',5,NULL),(15948,7922,116,58,9149,40725,1,6,2,1,0.00,0.00,'2023-04-06 08:52:16','2023-04-06 08:52:16',5,NULL),(15949,7922,116,58,9149,40725,1,14,2,1,0.00,0.00,'2023-04-06 08:52:16','2023-04-06 08:52:16',5,NULL),(15950,7922,116,58,9149,40725,1,10,2,1,0.00,0.00,'2023-04-06 08:52:16','2023-04-06 08:52:16',5,NULL),(15951,7922,116,58,9149,40725,1,3,2,1,0.00,0.00,'2023-04-06 08:52:16','2023-04-06 08:52:16',5,NULL),(15952,7922,116,58,9149,40725,1,7,2,1,0.00,0.00,'2023-04-06 08:52:16','2023-04-06 08:52:16',5,NULL),(15953,7922,116,58,9149,40725,1,11,2,1,0.00,0.00,'2023-04-06 08:52:16','2023-04-06 08:52:16',5,NULL),(15954,7922,116,58,9149,40725,1,4,2,1,0.00,0.00,'2023-04-06 08:52:16','2023-04-06 08:52:16',5,NULL),(15955,7922,116,58,9149,40725,1,8,2,1,0.00,0.00,'2023-04-06 08:52:16','2023-04-06 08:52:16',5,NULL),(15956,7922,116,58,9149,40725,1,12,2,1,0.00,0.00,'2023-04-06 08:52:16','2023-04-06 08:52:16',5,NULL),(15957,7922,116,58,9149,40725,1,8,2,5,0.00,0.00,'2023-04-06 08:52:16','2023-04-06 08:52:16',5,NULL),(15958,7922,116,58,9149,40725,1,12,2,5,0.00,0.00,'2023-04-06 08:52:16','2023-04-06 08:52:16',5,NULL),(15959,7922,116,58,9149,40725,1,1,2,5,0.00,0.00,'2023-04-06 08:52:16','2023-04-06 08:52:16',5,NULL),(15960,7922,116,58,9149,40725,1,13,2,5,0.00,0.00,'2023-04-06 08:52:16','2023-04-06 08:52:16',5,NULL),(15961,7922,116,58,9149,40725,1,9,2,5,0.00,0.00,'2023-04-06 08:52:16','2023-04-06 08:52:16',5,NULL),(15962,7922,116,58,9149,40725,1,5,2,5,0.00,0.00,'2023-04-06 08:52:16','2023-04-06 08:52:16',5,NULL),(15963,7922,116,58,9149,40725,1,2,2,5,0.00,0.00,'2023-04-06 08:52:16','2023-04-06 08:52:16',5,NULL),(15964,7922,116,58,9149,40725,1,6,2,5,0.00,0.00,'2023-04-06 08:52:16','2023-04-06 08:52:16',5,NULL),(15965,7922,116,58,9149,40725,1,14,2,5,0.00,0.00,'2023-04-06 08:52:16','2023-04-06 08:52:16',5,NULL),(15966,7922,116,58,9149,40725,1,10,2,5,0.00,0.00,'2023-04-06 08:52:16','2023-04-06 08:52:16',5,NULL),(15967,7922,116,58,9149,40725,1,3,2,5,0.00,0.00,'2023-04-06 08:52:16','2023-04-06 08:52:16',5,NULL),(15968,7922,116,58,9149,40725,1,7,2,5,0.00,0.00,'2023-04-06 08:52:16','2023-04-06 08:52:16',5,NULL);
INSERT INTO `period_liquidation_iva_details` VALUES (15969,7922,116,58,9149,40725,1,11,2,5,0.00,0.00,'2023-04-06 08:52:16','2023-04-06 08:52:16',5,NULL),(15970,7922,116,58,9149,40725,1,4,2,5,0.00,0.00,'2023-04-06 08:52:16','2023-04-06 08:52:16',5,NULL),(15971,7922,116,58,9149,40725,1,13,2,4,0.00,0.00,'2023-04-06 08:52:16','2023-04-06 08:52:16',5,NULL),(15972,7922,116,58,9149,40725,1,9,2,4,0.00,0.00,'2023-04-06 08:52:16','2023-04-06 08:52:16',5,NULL),(15973,7922,116,58,9149,40725,1,5,2,4,0.00,0.00,'2023-04-06 08:52:16','2023-04-06 08:52:16',5,NULL),(15974,7922,116,58,9149,40725,1,2,2,4,0.00,0.00,'2023-04-06 08:52:16','2023-04-06 08:52:16',5,NULL),(15975,7922,116,58,9149,40725,1,6,2,4,0.00,0.00,'2023-04-06 08:52:16','2023-04-06 08:52:16',5,NULL),(15976,7922,116,58,9149,40725,1,14,2,4,0.00,0.00,'2023-04-06 08:52:16','2023-04-06 08:52:16',5,NULL),(15977,7922,116,58,9149,40725,1,10,2,4,0.00,0.00,'2023-04-06 08:52:16','2023-04-06 08:52:16',5,NULL),(15978,7922,116,58,9149,40725,1,3,2,4,0.00,0.00,'2023-04-06 08:52:16','2023-04-06 08:52:16',5,NULL),(15979,7922,116,58,9149,40725,1,7,2,4,0.00,0.00,'2023-04-06 08:52:16','2023-04-06 08:52:16',5,NULL),(15980,7922,116,58,9149,40725,1,11,2,4,0.00,0.00,'2023-04-06 08:52:16','2023-04-06 08:52:16',5,NULL),(15981,7922,116,58,9149,40725,1,4,2,4,0.00,0.00,'2023-04-06 08:52:16','2023-04-06 08:52:16',5,NULL),(15982,7922,116,58,9149,40725,1,8,2,4,0.00,0.00,'2023-04-06 08:52:16','2023-04-06 08:52:16',5,NULL),(15983,7922,116,58,9149,40725,1,12,2,4,0.00,0.00,'2023-04-06 08:52:16','2023-04-06 08:52:16',5,NULL),(15984,7922,116,58,9149,40725,1,1,2,4,0.00,0.00,'2023-04-06 08:52:16','2023-04-06 08:52:16',5,NULL),(15985,7922,116,58,9149,40725,1,7,2,6,0.00,0.00,'2023-04-06 08:52:16','2023-04-06 08:52:16',5,NULL),(15986,7922,116,58,9149,40725,1,11,2,6,0.00,0.00,'2023-04-06 08:52:16','2023-04-06 08:52:16',5,NULL),(15987,7922,116,58,9149,40725,1,6,2,7,0.00,0.00,'2023-04-06 08:52:16','2023-04-06 08:52:16',5,NULL),(15988,7922,116,58,9149,40725,1,14,2,7,0.00,0.00,'2023-04-06 08:52:16','2023-04-06 08:52:16',5,NULL),(15989,7922,116,58,9149,40725,1,10,2,7,0.00,0.00,'2023-04-06 08:52:16','2023-04-06 08:52:16',5,NULL),(15990,7922,116,58,9149,40725,1,5,2,8,0.00,0.00,'2023-04-06 08:52:16','2023-04-06 08:52:16',5,NULL),(15991,7922,116,58,9149,40725,1,13,2,8,0.00,0.00,'2023-04-06 08:52:16','2023-04-06 08:52:16',5,NULL),(15992,7922,116,58,9149,40725,1,4,2,6,0.00,0.00,'2023-04-06 08:52:16','2023-04-06 08:52:16',5,NULL),(15993,7922,116,58,9149,40725,1,9,2,8,0.00,0.00,'2023-04-06 08:52:16','2023-04-06 08:52:16',5,NULL),(15994,7922,116,58,9149,40725,1,3,2,7,0.00,0.00,'2023-04-06 08:52:16','2023-04-06 08:52:16',5,NULL),(15995,7922,116,58,9149,40725,1,2,2,8,0.00,0.00,'2023-04-06 08:52:16','2023-04-06 08:52:16',5,NULL),(15996,7922,116,58,9149,40725,1,8,2,6,0.00,0.00,'2023-04-06 08:52:16','2023-04-06 08:52:16',5,NULL),(15997,7922,116,58,9149,40725,1,12,2,6,0.00,0.00,'2023-04-06 08:52:16','2023-04-06 08:52:16',5,NULL),(15998,7922,116,58,9149,40725,1,7,2,7,0.00,0.00,'2023-04-06 08:52:16','2023-04-06 08:52:16',5,NULL),(15999,7922,116,58,9149,40725,1,11,2,7,0.00,0.00,'2023-04-06 08:52:16','2023-04-06 08:52:16',5,NULL),(16000,7922,116,58,9149,40725,1,1,2,6,0.00,0.00,'2023-04-06 08:52:16','2023-04-06 08:52:16',5,NULL),(16001,7922,116,58,9149,40725,1,6,2,8,0.00,0.00,'2023-04-06 08:52:16','2023-04-06 08:52:16',5,NULL),(16002,7922,116,58,9149,40725,1,14,2,8,0.00,0.00,'2023-04-06 08:52:16','2023-04-06 08:52:16',5,NULL),(16003,7922,116,58,9149,40725,1,10,2,8,0.00,0.00,'2023-04-06 08:52:16','2023-04-06 08:52:16',5,NULL),(16004,7922,116,58,9149,40725,1,4,2,7,0.00,0.00,'2023-04-06 08:52:16','2023-04-06 08:52:16',5,NULL),(16005,7922,116,58,9149,40725,1,3,2,8,0.00,0.00,'2023-04-06 08:52:16','2023-04-06 08:52:16',5,NULL),(16006,7922,116,58,9149,40725,1,13,2,6,0.00,0.00,'2023-04-06 08:52:16','2023-04-06 08:52:16',5,NULL),(16007,7922,116,58,9149,40725,1,9,2,6,0.00,0.00,'2023-04-06 08:52:16','2023-04-06 08:52:16',5,NULL);
INSERT INTO `period_liquidation_iva_details` VALUES (16008,7922,116,58,9149,40725,1,5,2,6,0.00,0.00,'2023-04-06 08:52:16','2023-04-06 08:52:16',5,NULL),(16009,7922,116,58,9149,40725,1,8,2,7,0.00,0.00,'2023-04-06 08:52:16','2023-04-06 08:52:16',5,NULL),(16010,7922,116,58,9149,40725,1,12,2,7,0.00,0.00,'2023-04-06 08:52:16','2023-04-06 08:52:16',5,NULL),(16011,7922,116,58,9149,40725,1,2,2,6,0.00,0.00,'2023-04-06 08:52:16','2023-04-06 08:52:16',5,NULL),(16012,7922,116,58,9149,40725,1,7,2,8,0.00,0.00,'2023-04-06 08:52:16','2023-04-06 08:52:16',5,NULL),(16013,7922,116,58,9149,40725,1,11,2,8,0.00,0.00,'2023-04-06 08:52:16','2023-04-06 08:52:16',5,NULL),(16014,7922,116,58,9149,40725,1,1,2,7,0.00,0.00,'2023-04-06 08:52:16','2023-04-06 08:52:16',5,NULL),(16015,7922,116,58,9149,40725,1,4,2,8,0.00,0.00,'2023-04-06 08:52:16','2023-04-06 08:52:16',5,NULL),(16016,7922,116,58,9149,40725,1,6,2,6,0.00,0.00,'2023-04-06 08:52:16','2023-04-06 08:52:16',5,NULL),(16017,7922,116,58,9149,40725,1,14,2,6,0.00,0.00,'2023-04-06 08:52:16','2023-04-06 08:52:16',5,NULL),(16018,7922,116,58,9149,40725,1,10,2,6,0.00,0.00,'2023-04-06 08:52:16','2023-04-06 08:52:16',5,NULL),(16019,7922,116,58,9149,40725,1,13,2,7,0.00,0.00,'2023-04-06 08:52:16','2023-04-06 08:52:16',5,NULL),(16020,7922,116,58,9149,40725,1,9,2,7,0.00,0.00,'2023-04-06 08:52:16','2023-04-06 08:52:16',5,NULL),(16021,7922,116,58,9149,40725,1,5,2,7,0.00,0.00,'2023-04-06 08:52:16','2023-04-06 08:52:16',5,NULL),(16022,7922,116,58,9149,40725,1,3,2,6,0.00,0.00,'2023-04-06 08:52:16','2023-04-06 08:52:16',5,NULL),(16023,7922,116,58,9149,40725,1,8,2,8,0.00,0.00,'2023-04-06 08:52:16','2023-04-06 08:52:16',5,NULL),(16024,7922,116,58,9149,40725,1,12,2,8,0.00,0.00,'2023-04-06 08:52:16','2023-04-06 08:52:16',5,NULL),(16025,7922,116,58,9149,40725,1,2,2,7,0.00,0.00,'2023-04-06 08:52:16','2023-04-06 08:52:16',5,NULL),(16026,7922,116,58,9149,40725,1,1,2,8,0.00,0.00,'2023-04-06 08:52:16','2023-04-06 08:52:16',5,NULL),(16027,7922,116,58,9149,40725,1,4,2,3,0.00,0.00,'2023-04-06 08:52:16','2023-04-06 08:52:16',6,NULL),(16028,7922,116,58,9149,40725,1,7,2,3,0.00,0.00,'2023-04-06 08:52:16','2023-04-06 08:52:16',6,NULL),(16029,7922,116,58,9149,40725,1,10,2,3,0.00,0.00,'2023-04-06 08:52:16','2023-04-06 08:52:16',6,NULL),(16030,7922,116,58,9149,40725,1,13,2,3,0.00,0.00,'2023-04-06 08:52:16','2023-04-06 08:52:16',6,NULL),(16031,7922,116,58,9149,40725,1,3,2,3,0.00,0.00,'2023-04-06 08:52:16','2023-04-06 08:52:16',6,NULL),(16032,7922,116,58,9149,40725,1,6,2,3,0.00,0.00,'2023-04-06 08:52:16','2023-04-06 08:52:16',6,NULL),(16033,7922,116,58,9149,40725,1,9,2,3,0.00,0.00,'2023-04-06 08:52:16','2023-04-06 08:52:16',6,NULL),(16034,7922,116,58,9149,40725,1,12,2,3,0.00,0.00,'2023-04-06 08:52:16','2023-04-06 08:52:16',6,NULL),(16035,7922,116,58,9149,40725,1,2,2,3,0.00,0.00,'2023-04-06 08:52:16','2023-04-06 08:52:16',6,NULL),(16036,7922,116,58,9149,40725,1,5,2,3,0.00,0.00,'2023-04-06 08:52:16','2023-04-06 08:52:16',6,NULL),(16037,7922,116,58,9149,40725,1,8,2,3,0.00,0.00,'2023-04-06 08:52:16','2023-04-06 08:52:16',6,NULL),(16038,7922,116,58,9149,40725,1,11,2,3,0.00,0.00,'2023-04-06 08:52:16','2023-04-06 08:52:16',6,NULL),(16039,7922,116,58,9149,40725,1,14,2,3,0.00,0.00,'2023-04-06 08:52:16','2023-04-06 08:52:16',6,NULL),(16040,7922,116,58,9149,40725,1,1,2,3,0.00,0.00,'2023-04-06 08:52:16','2023-04-06 08:52:16',6,NULL),(16041,7922,116,58,9149,40725,1,3,2,2,0.00,0.00,'2023-04-06 08:52:16','2023-04-06 08:52:16',6,NULL),(16042,7922,116,58,9149,40725,1,6,2,2,0.00,0.00,'2023-04-06 08:52:16','2023-04-06 08:52:16',6,NULL),(16043,7922,116,58,9149,40725,1,9,2,2,0.00,0.00,'2023-04-06 08:52:16','2023-04-06 08:52:16',6,NULL),(16044,7922,116,58,9149,40725,1,12,2,2,0.00,0.00,'2023-04-06 08:52:16','2023-04-06 08:52:16',6,NULL),(16045,7922,116,58,9149,40725,1,2,2,2,0.00,0.00,'2023-04-06 08:52:16','2023-04-06 08:52:16',6,NULL),(16046,7922,116,58,9149,40725,1,5,2,2,0.00,0.00,'2023-04-06 08:52:16','2023-04-06 08:52:16',6,NULL);
INSERT INTO `period_liquidation_iva_details` VALUES (16047,7922,116,58,9149,40725,1,8,2,2,0.00,0.00,'2023-04-06 08:52:16','2023-04-06 08:52:16',6,NULL),(16048,7922,116,58,9149,40725,1,11,2,2,0.00,0.00,'2023-04-06 08:52:16','2023-04-06 08:52:16',6,NULL),(16049,7922,116,58,9149,40725,1,14,2,2,0.00,0.00,'2023-04-06 08:52:16','2023-04-06 08:52:16',6,NULL),(16050,7922,116,58,9149,40725,1,1,2,2,179967.86,37793.25,'2023-04-06 08:52:16','2023-04-06 08:52:16',6,NULL),(16051,7922,116,58,9149,40725,1,4,2,2,0.00,0.00,'2023-04-06 08:52:16','2023-04-06 08:52:16',6,NULL),(16052,7922,116,58,9149,40725,1,7,2,2,0.00,0.00,'2023-04-06 08:52:16','2023-04-06 08:52:16',6,NULL),(16053,7922,116,58,9149,40725,1,10,2,2,0.00,0.00,'2023-04-06 08:52:16','2023-04-06 08:52:16',6,NULL),(16054,7922,116,58,9149,40725,1,13,2,2,0.00,0.00,'2023-04-06 08:52:16','2023-04-06 08:52:16',6,NULL),(16055,7922,116,58,9149,40725,1,2,2,1,0.00,0.00,'2023-04-06 08:52:16','2023-04-06 08:52:16',6,NULL),(16056,7922,116,58,9149,40725,1,5,2,1,0.00,0.00,'2023-04-06 08:52:16','2023-04-06 08:52:16',6,NULL),(16057,7922,116,58,9149,40725,1,8,2,1,0.00,0.00,'2023-04-06 08:52:16','2023-04-06 08:52:16',6,NULL),(16058,7922,116,58,9149,40725,1,11,2,1,0.00,0.00,'2023-04-06 08:52:16','2023-04-06 08:52:16',6,NULL),(16059,7922,116,58,9149,40725,1,14,2,1,0.00,0.00,'2023-04-06 08:52:16','2023-04-06 08:52:16',6,NULL),(16060,7922,116,58,9149,40725,1,1,2,1,0.00,0.00,'2023-04-06 08:52:16','2023-04-06 08:52:16',6,NULL),(16061,7922,116,58,9149,40725,1,4,2,1,0.00,0.00,'2023-04-06 08:52:16','2023-04-06 08:52:16',6,NULL),(16062,7922,116,58,9149,40725,1,7,2,1,0.00,0.00,'2023-04-06 08:52:16','2023-04-06 08:52:16',6,NULL),(16063,7922,116,58,9149,40725,1,10,2,1,0.00,0.00,'2023-04-06 08:52:16','2023-04-06 08:52:16',6,NULL),(16064,7922,116,58,9149,40725,1,13,2,1,0.00,0.00,'2023-04-06 08:52:16','2023-04-06 08:52:16',6,NULL),(16065,7922,116,58,9149,40725,1,3,2,1,0.00,0.00,'2023-04-06 08:52:16','2023-04-06 08:52:16',6,NULL),(16066,7922,116,58,9149,40725,1,6,2,1,0.00,0.00,'2023-04-06 08:52:16','2023-04-06 08:52:16',6,NULL),(16067,7922,116,58,9149,40725,1,9,2,1,0.00,0.00,'2023-04-06 08:52:16','2023-04-06 08:52:16',6,NULL),(16068,7922,116,58,9149,40725,1,12,2,1,0.00,0.00,'2023-04-06 08:52:16','2023-04-06 08:52:16',6,NULL),(16069,7922,116,58,9149,40725,1,9,2,5,0.00,0.00,'2023-04-06 08:52:16','2023-04-06 08:52:16',6,NULL),(16070,7922,116,58,9149,40725,1,12,2,5,0.00,0.00,'2023-04-06 08:52:16','2023-04-06 08:52:16',6,NULL),(16071,7922,116,58,9149,40725,1,2,2,5,0.00,0.00,'2023-04-06 08:52:16','2023-04-06 08:52:16',6,NULL),(16072,7922,116,58,9149,40725,1,5,2,5,0.00,0.00,'2023-04-06 08:52:16','2023-04-06 08:52:16',6,NULL),(16073,7922,116,58,9149,40725,1,8,2,5,0.00,0.00,'2023-04-06 08:52:16','2023-04-06 08:52:16',6,NULL),(16074,7922,116,58,9149,40725,1,11,2,5,0.00,0.00,'2023-04-06 08:52:16','2023-04-06 08:52:16',6,NULL),(16075,7922,116,58,9149,40725,1,14,2,5,0.00,0.00,'2023-04-06 08:52:16','2023-04-06 08:52:16',6,NULL),(16076,7922,116,58,9149,40725,1,1,2,5,0.00,0.00,'2023-04-06 08:52:16','2023-04-06 08:52:16',6,NULL),(16077,7922,116,58,9149,40725,1,4,2,5,0.00,0.00,'2023-04-06 08:52:16','2023-04-06 08:52:16',6,NULL),(16078,7922,116,58,9149,40725,1,7,2,5,0.00,0.00,'2023-04-06 08:52:16','2023-04-06 08:52:16',6,NULL),(16079,7922,116,58,9149,40725,1,10,2,5,0.00,0.00,'2023-04-06 08:52:16','2023-04-06 08:52:16',6,NULL),(16080,7922,116,58,9149,40725,1,13,2,5,0.00,0.00,'2023-04-06 08:52:16','2023-04-06 08:52:16',6,NULL),(16081,7922,116,58,9149,40725,1,3,2,5,0.00,0.00,'2023-04-06 08:52:16','2023-04-06 08:52:16',6,NULL),(16082,7922,116,58,9149,40725,1,6,2,5,0.00,0.00,'2023-04-06 08:52:16','2023-04-06 08:52:16',6,NULL),(16083,7922,116,58,9149,40725,1,8,2,4,0.00,0.00,'2023-04-06 08:52:16','2023-04-06 08:52:16',6,NULL),(16084,7922,116,58,9149,40725,1,11,2,4,0.00,0.00,'2023-04-06 08:52:16','2023-04-06 08:52:16',6,NULL),(16085,7922,116,58,9149,40725,1,14,2,4,0.00,0.00,'2023-04-06 08:52:16','2023-04-06 08:52:16',6,NULL);
INSERT INTO `period_liquidation_iva_details` VALUES (16086,7922,116,58,9149,40725,1,1,2,4,0.00,0.00,'2023-04-06 08:52:16','2023-04-06 08:52:16',6,NULL),(16087,7922,116,58,9149,40725,1,4,2,4,0.00,0.00,'2023-04-06 08:52:16','2023-04-06 08:52:16',6,NULL),(16088,7922,116,58,9149,40725,1,7,2,4,0.00,0.00,'2023-04-06 08:52:16','2023-04-06 08:52:16',6,NULL),(16089,7922,116,58,9149,40725,1,10,2,4,0.00,0.00,'2023-04-06 08:52:16','2023-04-06 08:52:16',6,NULL),(16090,7922,116,58,9149,40725,1,13,2,4,0.00,0.00,'2023-04-06 08:52:16','2023-04-06 08:52:16',6,NULL),(16091,7922,116,58,9149,40725,1,3,2,4,0.00,0.00,'2023-04-06 08:52:16','2023-04-06 08:52:16',6,NULL),(16092,7922,116,58,9149,40725,1,6,2,4,0.00,0.00,'2023-04-06 08:52:16','2023-04-06 08:52:16',6,NULL),(16093,7922,116,58,9149,40725,1,9,2,4,0.00,0.00,'2023-04-06 08:52:16','2023-04-06 08:52:16',6,NULL),(16094,7922,116,58,9149,40725,1,12,2,4,0.00,0.00,'2023-04-06 08:52:16','2023-04-06 08:52:16',6,NULL),(16095,7922,116,58,9149,40725,1,2,2,4,0.00,0.00,'2023-04-06 08:52:16','2023-04-06 08:52:16',6,NULL),(16096,7922,116,58,9149,40725,1,5,2,4,0.00,0.00,'2023-04-06 08:52:16','2023-04-06 08:52:16',6,NULL),(16097,7922,116,58,9149,40725,1,13,2,8,0.00,0.00,'2023-04-06 08:52:16','2023-04-06 08:52:16',6,NULL),(16098,7922,116,58,9149,40725,1,3,2,8,0.00,0.00,'2023-04-06 08:52:16','2023-04-06 08:52:16',6,NULL),(16099,7922,116,58,9149,40725,1,6,2,8,0.00,0.00,'2023-04-06 08:52:16','2023-04-06 08:52:16',6,NULL),(16100,7922,116,58,9149,40725,1,9,2,8,0.00,0.00,'2023-04-06 08:52:16','2023-04-06 08:52:16',6,NULL),(16101,7922,116,58,9149,40725,1,12,2,8,0.00,0.00,'2023-04-06 08:52:16','2023-04-06 08:52:16',6,NULL),(16102,7922,116,58,9149,40725,1,2,2,8,0.00,0.00,'2023-04-06 08:52:16','2023-04-06 08:52:16',6,NULL),(16103,7922,116,58,9149,40725,1,5,2,8,0.00,0.00,'2023-04-06 08:52:16','2023-04-06 08:52:16',6,NULL),(16104,7922,116,58,9149,40725,1,8,2,8,0.00,0.00,'2023-04-06 08:52:16','2023-04-06 08:52:16',6,NULL),(16105,7922,116,58,9149,40725,1,11,2,8,0.00,0.00,'2023-04-06 08:52:16','2023-04-06 08:52:16',6,NULL),(16106,7922,116,58,9149,40725,1,14,2,8,0.00,0.00,'2023-04-06 08:52:16','2023-04-06 08:52:16',6,NULL),(16107,7922,116,58,9149,40725,1,1,2,8,387713.00,0.00,'2023-04-06 08:52:16','2023-04-06 08:52:16',6,NULL),(16108,7922,116,58,9149,40725,1,4,2,8,0.00,0.00,'2023-04-06 08:52:16','2023-04-06 08:52:16',6,NULL),(16109,7922,116,58,9149,40725,1,7,2,8,0.00,0.00,'2023-04-06 08:52:16','2023-04-06 08:52:16',6,NULL),(16110,7922,116,58,9149,40725,1,10,2,8,0.00,0.00,'2023-04-06 08:52:16','2023-04-06 08:52:16',6,NULL),(16111,7922,116,58,9149,40725,1,14,2,6,0.00,0.00,'2023-04-06 08:52:16','2023-04-06 08:52:16',7,NULL),(16112,7922,116,58,9149,40725,1,10,2,7,0.00,0.00,'2023-04-06 08:52:16','2023-04-06 08:52:16',7,NULL),(16113,7922,116,58,9149,40725,1,7,2,6,0.00,0.00,'2023-04-06 08:52:16','2023-04-06 08:52:16',7,NULL),(16114,7922,116,58,9149,40725,1,3,2,7,0.00,0.00,'2023-04-06 08:52:16','2023-04-06 08:52:16',7,NULL),(16115,7922,116,58,9149,40725,1,12,2,7,0.00,0.00,'2023-04-06 08:52:16','2023-04-06 08:52:16',7,NULL),(16116,7922,116,58,9149,40725,1,9,2,6,0.00,0.00,'2023-04-06 08:52:16','2023-04-06 08:52:16',7,NULL),(16117,7922,116,58,9149,40725,1,5,2,7,0.00,0.00,'2023-04-06 08:52:16','2023-04-06 08:52:16',7,NULL),(16118,7922,116,58,9149,40725,1,2,2,6,0.00,0.00,'2023-04-06 08:52:16','2023-04-06 08:52:16',7,NULL),(16119,7922,116,58,9149,40725,1,14,2,7,0.00,0.00,'2023-04-06 08:52:16','2023-04-06 08:52:16',7,NULL),(16120,7922,116,58,9149,40725,1,11,2,6,0.00,0.00,'2023-04-06 08:52:16','2023-04-06 08:52:16',7,NULL),(16121,7922,116,58,9149,40725,1,7,2,7,0.00,0.00,'2023-04-06 08:52:16','2023-04-06 08:52:16',7,NULL),(16122,7922,116,58,9149,40725,1,4,2,6,0.00,0.00,'2023-04-06 08:52:16','2023-04-06 08:52:16',7,NULL),(16123,7922,116,58,9149,40725,1,13,2,6,0.00,0.00,'2023-04-06 08:52:16','2023-04-06 08:52:16',7,NULL),(16124,7922,116,58,9149,40725,1,9,2,7,0.00,0.00,'2023-04-06 08:52:16','2023-04-06 08:52:16',7,NULL);
INSERT INTO `period_liquidation_iva_details` VALUES (16125,7922,116,58,9149,40725,1,6,2,6,0.00,0.00,'2023-04-06 08:52:16','2023-04-06 08:52:16',7,NULL),(16126,7922,116,58,9149,40725,1,2,2,7,0.00,0.00,'2023-04-06 08:52:16','2023-04-06 08:52:16',7,NULL),(16127,7922,116,58,9149,40725,1,11,2,7,0.00,0.00,'2023-04-06 08:52:16','2023-04-06 08:52:16',7,NULL),(16128,7922,116,58,9149,40725,1,8,2,6,0.00,0.00,'2023-04-06 08:52:16','2023-04-06 08:52:16',7,NULL),(16129,7922,116,58,9149,40725,1,4,2,7,0.00,0.00,'2023-04-06 08:52:16','2023-04-06 08:52:16',7,NULL),(16130,7922,116,58,9149,40725,1,1,2,6,0.00,0.00,'2023-04-06 08:52:16','2023-04-06 08:52:16',7,NULL),(16131,7922,116,58,9149,40725,1,13,2,7,0.00,0.00,'2023-04-06 08:52:16','2023-04-06 08:52:16',7,NULL),(16132,7922,116,58,9149,40725,1,10,2,6,0.00,0.00,'2023-04-06 08:52:16','2023-04-06 08:52:16',7,NULL),(16133,7922,116,58,9149,40725,1,6,2,7,0.00,0.00,'2023-04-06 08:52:16','2023-04-06 08:52:16',7,NULL),(16134,7922,116,58,9149,40725,1,3,2,6,0.00,0.00,'2023-04-06 08:52:16','2023-04-06 08:52:16',7,NULL),(16135,7922,116,58,9149,40725,1,12,2,6,0.00,0.00,'2023-04-06 08:52:16','2023-04-06 08:52:16',7,NULL),(16136,7922,116,58,9149,40725,1,8,2,7,0.00,0.00,'2023-04-06 08:52:16','2023-04-06 08:52:16',7,NULL),(16137,7922,116,58,9149,40725,1,5,2,6,0.00,0.00,'2023-04-06 08:52:16','2023-04-06 08:52:16',7,NULL),(16138,7922,116,58,9149,40725,1,1,2,7,641416.40,0.00,'2023-04-06 08:52:16','2023-04-06 08:52:16',7,NULL),(16139,7922,118,59,9150,40725,859,1,1,3,0.00,0.00,'2023-04-06 08:52:54','2023-04-06 08:52:54',1,NULL),(16140,7922,118,59,9150,40725,789,1,1,3,0.00,0.00,'2023-04-06 08:52:54','2023-04-06 08:52:54',1,NULL),(16141,7922,118,59,9150,40725,789,1,1,2,0.00,0.00,'2023-04-06 08:52:54','2023-04-06 08:52:54',1,NULL),(16142,7922,118,59,9150,40725,859,1,1,2,0.00,0.00,'2023-04-06 08:52:54','2023-04-06 08:52:54',1,NULL),(16143,7922,118,59,9150,40725,859,1,1,1,0.00,0.00,'2023-04-06 08:52:54','2023-04-06 08:52:54',1,NULL),(16144,7922,118,59,9150,40725,789,1,1,1,0.00,0.00,'2023-04-06 08:52:54','2023-04-06 08:52:54',1,NULL),(16145,7922,118,59,9150,40725,859,1,1,5,0.00,0.00,'2023-04-06 08:52:54','2023-04-06 08:52:54',1,NULL),(16146,7922,118,59,9150,40725,789,1,1,5,0.00,0.00,'2023-04-06 08:52:54','2023-04-06 08:52:54',1,NULL),(16147,7922,118,59,9150,40725,859,1,1,4,0.00,0.00,'2023-04-06 08:52:54','2023-04-06 08:52:54',1,NULL),(16148,7922,118,59,9150,40725,789,1,1,4,0.00,0.00,'2023-04-06 08:52:54','2023-04-06 08:52:54',1,NULL),(16149,7922,118,59,9150,40725,789,1,1,8,0.00,0.00,'2023-04-06 08:52:54','2023-04-06 08:52:54',1,NULL),(16150,7922,118,59,9150,40725,859,1,1,8,0.00,0.00,'2023-04-06 08:52:54','2023-04-06 08:52:54',1,NULL),(16151,7922,118,59,9150,40725,859,1,1,3,0.00,0.00,'2023-04-06 08:52:54','2023-04-06 08:52:54',2,NULL),(16152,7922,118,59,9150,40725,789,1,1,3,0.00,0.00,'2023-04-06 08:52:54','2023-04-06 08:52:54',2,NULL),(16153,7922,118,59,9150,40725,859,1,1,2,0.00,0.00,'2023-04-06 08:52:54','2023-04-06 08:52:54',2,NULL),(16154,7922,118,59,9150,40725,789,1,1,2,0.00,0.00,'2023-04-06 08:52:54','2023-04-06 08:52:54',2,NULL),(16155,7922,118,59,9150,40725,789,1,1,1,0.00,0.00,'2023-04-06 08:52:54','2023-04-06 08:52:54',2,NULL),(16156,7922,118,59,9150,40725,859,1,1,1,0.00,0.00,'2023-04-06 08:52:54','2023-04-06 08:52:54',2,NULL),(16157,7922,118,59,9150,40725,859,1,1,5,0.00,0.00,'2023-04-06 08:52:54','2023-04-06 08:52:54',2,NULL),(16158,7922,118,59,9150,40725,789,1,1,5,0.00,0.00,'2023-04-06 08:52:54','2023-04-06 08:52:54',2,NULL),(16159,7922,118,59,9150,40725,789,1,1,4,0.00,0.00,'2023-04-06 08:52:54','2023-04-06 08:52:54',2,NULL),(16160,7922,118,59,9150,40725,859,1,1,4,0.00,0.00,'2023-04-06 08:52:54','2023-04-06 08:52:54',2,NULL),(16161,7922,118,59,9150,40725,859,1,1,8,0.00,0.00,'2023-04-06 08:52:54','2023-04-06 08:52:54',2,NULL),(16162,7922,118,59,9150,40725,789,1,1,8,0.00,0.00,'2023-04-06 08:52:54','2023-04-06 08:52:54',2,NULL),(16163,7922,118,59,9150,40725,859,1,1,6,0.00,0.00,'2023-04-06 08:52:54','2023-04-06 08:52:54',3,NULL);
INSERT INTO `period_liquidation_iva_details` VALUES (16164,7922,118,59,9150,40725,859,1,1,7,0.00,0.00,'2023-04-06 08:52:54','2023-04-06 08:52:54',3,NULL),(16165,7922,118,59,9150,40725,789,1,1,6,0.00,0.00,'2023-04-06 08:52:54','2023-04-06 08:52:54',3,NULL),(16166,7922,118,59,9150,40725,789,1,1,7,69120.00,0.00,'2023-04-06 08:52:54','2023-04-06 08:52:54',3,NULL),(16167,7922,118,59,9150,40725,789,1,1,3,0.00,0.00,'2023-04-06 08:52:54','2023-04-06 08:52:54',4,NULL),(16168,7922,118,59,9150,40725,859,1,1,3,0.00,0.00,'2023-04-06 08:52:54','2023-04-06 08:52:54',4,NULL),(16169,7922,118,59,9150,40725,859,1,1,2,0.00,0.00,'2023-04-06 08:52:54','2023-04-06 08:52:54',4,NULL),(16170,7922,118,59,9150,40725,789,1,1,2,0.00,0.00,'2023-04-06 08:52:54','2023-04-06 08:52:54',4,NULL),(16171,7922,118,59,9150,40725,789,1,1,1,0.00,0.00,'2023-04-06 08:52:54','2023-04-06 08:52:54',4,NULL),(16172,7922,118,59,9150,40725,859,1,1,1,0.00,0.00,'2023-04-06 08:52:54','2023-04-06 08:52:54',4,NULL),(16173,7922,118,59,9150,40725,859,1,1,5,0.00,0.00,'2023-04-06 08:52:54','2023-04-06 08:52:54',4,NULL),(16174,7922,118,59,9150,40725,789,1,1,5,0.00,0.00,'2023-04-06 08:52:54','2023-04-06 08:52:54',4,NULL),(16175,7922,118,59,9150,40725,789,1,1,4,0.00,0.00,'2023-04-06 08:52:54','2023-04-06 08:52:54',4,NULL),(16176,7922,118,59,9150,40725,859,1,1,4,0.00,0.00,'2023-04-06 08:52:54','2023-04-06 08:52:54',4,NULL),(16177,7922,118,59,9150,40725,789,1,1,6,0.00,0.00,'2023-04-06 08:52:54','2023-04-06 08:52:54',4,NULL),(16178,7922,118,59,9150,40725,859,1,1,6,0.00,0.00,'2023-04-06 08:52:54','2023-04-06 08:52:54',4,NULL),(16179,7922,118,59,9150,40725,789,1,1,7,0.00,0.00,'2023-04-06 08:52:54','2023-04-06 08:52:54',4,NULL),(16180,7922,118,59,9150,40725,859,1,1,7,0.00,0.00,'2023-04-06 08:52:54','2023-04-06 08:52:54',4,NULL),(16181,7922,118,59,9150,40725,789,1,1,8,0.00,0.00,'2023-04-06 08:52:54','2023-04-06 08:52:54',4,NULL),(16182,7922,118,59,9150,40725,859,1,1,8,0.00,0.00,'2023-04-06 08:52:54','2023-04-06 08:52:54',4,NULL),(16183,7922,118,59,9150,40725,1,2,2,3,0.00,0.00,'2023-04-06 08:52:54','2023-04-06 08:52:54',5,NULL),(16184,7922,118,59,9150,40725,1,10,2,3,0.00,0.00,'2023-04-06 08:52:54','2023-04-06 08:52:54',5,NULL),(16185,7922,118,59,9150,40725,1,6,2,3,0.00,0.00,'2023-04-06 08:52:54','2023-04-06 08:52:54',5,NULL),(16186,7922,118,59,9150,40725,1,14,2,3,0.00,0.00,'2023-04-06 08:52:54','2023-04-06 08:52:54',5,NULL),(16187,7922,118,59,9150,40725,1,3,2,3,0.00,0.00,'2023-04-06 08:52:54','2023-04-06 08:52:54',5,NULL),(16188,7922,118,59,9150,40725,1,11,2,3,0.00,0.00,'2023-04-06 08:52:54','2023-04-06 08:52:54',5,NULL),(16189,7922,118,59,9150,40725,1,7,2,3,0.00,0.00,'2023-04-06 08:52:54','2023-04-06 08:52:54',5,NULL),(16190,7922,118,59,9150,40725,1,4,2,3,0.00,0.00,'2023-04-06 08:52:54','2023-04-06 08:52:54',5,NULL),(16191,7922,118,59,9150,40725,1,12,2,3,0.00,0.00,'2023-04-06 08:52:54','2023-04-06 08:52:54',5,NULL),(16192,7922,118,59,9150,40725,1,8,2,3,0.00,0.00,'2023-04-06 08:52:54','2023-04-06 08:52:54',5,NULL),(16193,7922,118,59,9150,40725,1,1,2,3,0.00,0.00,'2023-04-06 08:52:54','2023-04-06 08:52:54',5,NULL),(16194,7922,118,59,9150,40725,1,5,2,3,0.00,0.00,'2023-04-06 08:52:54','2023-04-06 08:52:54',5,NULL),(16195,7922,118,59,9150,40725,1,13,2,3,0.00,0.00,'2023-04-06 08:52:54','2023-04-06 08:52:54',5,NULL),(16196,7922,118,59,9150,40725,1,9,2,3,0.00,0.00,'2023-04-06 08:52:54','2023-04-06 08:52:54',5,NULL),(16197,7922,118,59,9150,40725,1,11,2,2,0.00,0.00,'2023-04-06 08:52:54','2023-04-06 08:52:54',5,NULL),(16198,7922,118,59,9150,40725,1,7,2,2,0.00,0.00,'2023-04-06 08:52:54','2023-04-06 08:52:54',5,NULL),(16199,7922,118,59,9150,40725,1,4,2,2,0.00,0.00,'2023-04-06 08:52:54','2023-04-06 08:52:54',5,NULL),(16200,7922,118,59,9150,40725,1,12,2,2,0.00,0.00,'2023-04-06 08:52:54','2023-04-06 08:52:54',5,NULL),(16201,7922,118,59,9150,40725,1,8,2,2,0.00,0.00,'2023-04-06 08:52:54','2023-04-06 08:52:54',5,NULL),(16202,7922,118,59,9150,40725,1,1,2,2,0.00,0.00,'2023-04-06 08:52:54','2023-04-06 08:52:54',5,NULL);
INSERT INTO `period_liquidation_iva_details` VALUES (16203,7922,118,59,9150,40725,1,5,2,2,0.00,0.00,'2023-04-06 08:52:54','2023-04-06 08:52:54',5,NULL),(16204,7922,118,59,9150,40725,1,13,2,2,0.00,0.00,'2023-04-06 08:52:54','2023-04-06 08:52:54',5,NULL),(16205,7922,118,59,9150,40725,1,9,2,2,0.00,0.00,'2023-04-06 08:52:54','2023-04-06 08:52:54',5,NULL),(16206,7922,118,59,9150,40725,1,2,2,2,0.00,0.00,'2023-04-06 08:52:54','2023-04-06 08:52:54',5,NULL),(16207,7922,118,59,9150,40725,1,10,2,2,0.00,0.00,'2023-04-06 08:52:54','2023-04-06 08:52:54',5,NULL),(16208,7922,118,59,9150,40725,1,6,2,2,0.00,0.00,'2023-04-06 08:52:54','2023-04-06 08:52:54',5,NULL),(16209,7922,118,59,9150,40725,1,14,2,2,0.00,0.00,'2023-04-06 08:52:54','2023-04-06 08:52:54',5,NULL),(16210,7922,118,59,9150,40725,1,3,2,2,0.00,0.00,'2023-04-06 08:52:54','2023-04-06 08:52:54',5,NULL),(16211,7922,118,59,9150,40725,1,12,2,1,0.00,0.00,'2023-04-06 08:52:54','2023-04-06 08:52:54',5,NULL),(16212,7922,118,59,9150,40725,1,8,2,1,0.00,0.00,'2023-04-06 08:52:54','2023-04-06 08:52:54',5,NULL),(16213,7922,118,59,9150,40725,1,1,2,1,0.00,0.00,'2023-04-06 08:52:54','2023-04-06 08:52:54',5,NULL),(16214,7922,118,59,9150,40725,1,5,2,1,0.00,0.00,'2023-04-06 08:52:54','2023-04-06 08:52:54',5,NULL),(16215,7922,118,59,9150,40725,1,13,2,1,0.00,0.00,'2023-04-06 08:52:54','2023-04-06 08:52:54',5,NULL),(16216,7922,118,59,9150,40725,1,9,2,1,0.00,0.00,'2023-04-06 08:52:54','2023-04-06 08:52:54',5,NULL),(16217,7922,118,59,9150,40725,1,2,2,1,0.00,0.00,'2023-04-06 08:52:54','2023-04-06 08:52:54',5,NULL),(16218,7922,118,59,9150,40725,1,10,2,1,0.00,0.00,'2023-04-06 08:52:54','2023-04-06 08:52:54',5,NULL),(16219,7922,118,59,9150,40725,1,6,2,1,0.00,0.00,'2023-04-06 08:52:54','2023-04-06 08:52:54',5,NULL),(16220,7922,118,59,9150,40725,1,14,2,1,0.00,0.00,'2023-04-06 08:52:54','2023-04-06 08:52:54',5,NULL),(16221,7922,118,59,9150,40725,1,3,2,1,0.00,0.00,'2023-04-06 08:52:54','2023-04-06 08:52:54',5,NULL),(16222,7922,118,59,9150,40725,1,11,2,1,0.00,0.00,'2023-04-06 08:52:54','2023-04-06 08:52:54',5,NULL),(16223,7922,118,59,9150,40725,1,7,2,1,0.00,0.00,'2023-04-06 08:52:54','2023-04-06 08:52:54',5,NULL),(16224,7922,118,59,9150,40725,1,4,2,1,0.00,0.00,'2023-04-06 08:52:54','2023-04-06 08:52:54',5,NULL),(16225,7922,118,59,9150,40725,1,4,2,5,0.00,0.00,'2023-04-06 08:52:54','2023-04-06 08:52:54',5,NULL),(16226,7922,118,59,9150,40725,1,12,2,5,0.00,0.00,'2023-04-06 08:52:54','2023-04-06 08:52:54',5,NULL),(16227,7922,118,59,9150,40725,1,8,2,5,0.00,0.00,'2023-04-06 08:52:54','2023-04-06 08:52:54',5,NULL),(16228,7922,118,59,9150,40725,1,1,2,5,0.00,0.00,'2023-04-06 08:52:54','2023-04-06 08:52:54',5,NULL),(16229,7922,118,59,9150,40725,1,9,2,5,0.00,0.00,'2023-04-06 08:52:54','2023-04-06 08:52:54',5,NULL),(16230,7922,118,59,9150,40725,1,5,2,5,0.00,0.00,'2023-04-06 08:52:54','2023-04-06 08:52:54',5,NULL),(16231,7922,118,59,9150,40725,1,13,2,5,0.00,0.00,'2023-04-06 08:52:54','2023-04-06 08:52:54',5,NULL),(16232,7922,118,59,9150,40725,1,2,2,5,0.00,0.00,'2023-04-06 08:52:54','2023-04-06 08:52:54',5,NULL),(16233,7922,118,59,9150,40725,1,10,2,5,0.00,0.00,'2023-04-06 08:52:54','2023-04-06 08:52:54',5,NULL),(16234,7922,118,59,9150,40725,1,6,2,5,0.00,0.00,'2023-04-06 08:52:54','2023-04-06 08:52:54',5,NULL),(16235,7922,118,59,9150,40725,1,14,2,5,0.00,0.00,'2023-04-06 08:52:54','2023-04-06 08:52:54',5,NULL),(16236,7922,118,59,9150,40725,1,3,2,5,0.00,0.00,'2023-04-06 08:52:54','2023-04-06 08:52:54',5,NULL),(16237,7922,118,59,9150,40725,1,11,2,5,0.00,0.00,'2023-04-06 08:52:54','2023-04-06 08:52:54',5,NULL),(16238,7922,118,59,9150,40725,1,7,2,5,0.00,0.00,'2023-04-06 08:52:54','2023-04-06 08:52:54',5,NULL),(16239,7922,118,59,9150,40725,1,1,2,4,0.00,0.00,'2023-04-06 08:52:54','2023-04-06 08:52:54',5,NULL),(16240,7922,118,59,9150,40725,1,9,2,4,0.00,0.00,'2023-04-06 08:52:54','2023-04-06 08:52:54',5,NULL),(16241,7922,118,59,9150,40725,1,5,2,4,0.00,0.00,'2023-04-06 08:52:54','2023-04-06 08:52:54',5,NULL);
INSERT INTO `period_liquidation_iva_details` VALUES (16242,7922,118,59,9150,40725,1,13,2,4,0.00,0.00,'2023-04-06 08:52:54','2023-04-06 08:52:54',5,NULL),(16243,7922,118,59,9150,40725,1,2,2,4,0.00,0.00,'2023-04-06 08:52:54','2023-04-06 08:52:54',5,NULL),(16244,7922,118,59,9150,40725,1,10,2,4,0.00,0.00,'2023-04-06 08:52:54','2023-04-06 08:52:54',5,NULL),(16245,7922,118,59,9150,40725,1,6,2,4,0.00,0.00,'2023-04-06 08:52:54','2023-04-06 08:52:54',5,NULL),(16246,7922,118,59,9150,40725,1,14,2,4,0.00,0.00,'2023-04-06 08:52:54','2023-04-06 08:52:54',5,NULL),(16247,7922,118,59,9150,40725,1,3,2,4,0.00,0.00,'2023-04-06 08:52:54','2023-04-06 08:52:54',5,NULL),(16248,7922,118,59,9150,40725,1,11,2,4,0.00,0.00,'2023-04-06 08:52:54','2023-04-06 08:52:54',5,NULL),(16249,7922,118,59,9150,40725,1,7,2,4,0.00,0.00,'2023-04-06 08:52:54','2023-04-06 08:52:54',5,NULL),(16250,7922,118,59,9150,40725,1,4,2,4,0.00,0.00,'2023-04-06 08:52:54','2023-04-06 08:52:54',5,NULL),(16251,7922,118,59,9150,40725,1,12,2,4,0.00,0.00,'2023-04-06 08:52:54','2023-04-06 08:52:54',5,NULL),(16252,7922,118,59,9150,40725,1,8,2,4,0.00,0.00,'2023-04-06 08:52:54','2023-04-06 08:52:54',5,NULL),(16253,7922,118,59,9150,40725,1,9,2,7,0.00,0.00,'2023-04-06 08:52:54','2023-04-06 08:52:54',5,NULL),(16254,7922,118,59,9150,40725,1,5,2,7,0.00,0.00,'2023-04-06 08:52:54','2023-04-06 08:52:54',5,NULL),(16255,7922,118,59,9150,40725,1,13,2,7,0.00,0.00,'2023-04-06 08:52:54','2023-04-06 08:52:54',5,NULL),(16256,7922,118,59,9150,40725,1,12,2,8,0.00,0.00,'2023-04-06 08:52:54','2023-04-06 08:52:54',5,NULL),(16257,7922,118,59,9150,40725,1,8,2,8,0.00,0.00,'2023-04-06 08:52:54','2023-04-06 08:52:54',5,NULL),(16258,7922,118,59,9150,40725,1,3,2,6,0.00,0.00,'2023-04-06 08:52:54','2023-04-06 08:52:54',5,NULL),(16259,7922,118,59,9150,40725,1,2,2,7,0.00,0.00,'2023-04-06 08:52:54','2023-04-06 08:52:54',5,NULL),(16260,7922,118,59,9150,40725,1,1,2,8,0.00,0.00,'2023-04-06 08:52:54','2023-04-06 08:52:54',5,NULL),(16261,7922,118,59,9150,40725,1,11,2,6,0.00,0.00,'2023-04-06 08:52:54','2023-04-06 08:52:54',5,NULL),(16262,7922,118,59,9150,40725,1,7,2,6,0.00,0.00,'2023-04-06 08:52:54','2023-04-06 08:52:54',5,NULL),(16263,7922,118,59,9150,40725,1,10,2,7,0.00,0.00,'2023-04-06 08:52:54','2023-04-06 08:52:54',5,NULL),(16264,7922,118,59,9150,40725,1,6,2,7,0.00,0.00,'2023-04-06 08:52:54','2023-04-06 08:52:54',5,NULL),(16265,7922,118,59,9150,40725,1,14,2,7,0.00,0.00,'2023-04-06 08:52:54','2023-04-06 08:52:54',5,NULL),(16266,7922,118,59,9150,40725,1,9,2,8,0.00,0.00,'2023-04-06 08:52:54','2023-04-06 08:52:54',5,NULL),(16267,7922,118,59,9150,40725,1,5,2,8,0.00,0.00,'2023-04-06 08:52:54','2023-04-06 08:52:54',5,NULL),(16268,7922,118,59,9150,40725,1,13,2,8,0.00,0.00,'2023-04-06 08:52:54','2023-04-06 08:52:54',5,NULL),(16269,7922,118,59,9150,40725,1,4,2,6,0.00,0.00,'2023-04-06 08:52:54','2023-04-06 08:52:54',5,NULL),(16270,7922,118,59,9150,40725,1,3,2,7,0.00,0.00,'2023-04-06 08:52:54','2023-04-06 08:52:54',5,NULL),(16271,7922,118,59,9150,40725,1,2,2,8,0.00,0.00,'2023-04-06 08:52:54','2023-04-06 08:52:54',5,NULL),(16272,7922,118,59,9150,40725,1,12,2,6,0.00,0.00,'2023-04-06 08:52:54','2023-04-06 08:52:54',5,NULL),(16273,7922,118,59,9150,40725,1,8,2,6,0.00,0.00,'2023-04-06 08:52:54','2023-04-06 08:52:54',5,NULL),(16274,7922,118,59,9150,40725,1,11,2,7,0.00,0.00,'2023-04-06 08:52:54','2023-04-06 08:52:54',5,NULL),(16275,7922,118,59,9150,40725,1,7,2,7,0.00,0.00,'2023-04-06 08:52:54','2023-04-06 08:52:54',5,NULL),(16276,7922,118,59,9150,40725,1,10,2,8,0.00,0.00,'2023-04-06 08:52:54','2023-04-06 08:52:54',5,NULL),(16277,7922,118,59,9150,40725,1,6,2,8,0.00,0.00,'2023-04-06 08:52:54','2023-04-06 08:52:54',5,NULL),(16278,7922,118,59,9150,40725,1,14,2,8,0.00,0.00,'2023-04-06 08:52:54','2023-04-06 08:52:54',5,NULL),(16279,7922,118,59,9150,40725,1,1,2,6,0.00,0.00,'2023-04-06 08:52:54','2023-04-06 08:52:54',5,NULL),(16280,7922,118,59,9150,40725,1,4,2,7,0.00,0.00,'2023-04-06 08:52:54','2023-04-06 08:52:54',5,NULL);
INSERT INTO `period_liquidation_iva_details` VALUES (16281,7922,118,59,9150,40725,1,3,2,8,0.00,0.00,'2023-04-06 08:52:54','2023-04-06 08:52:54',5,NULL),(16282,7922,118,59,9150,40725,1,9,2,6,0.00,0.00,'2023-04-06 08:52:54','2023-04-06 08:52:54',5,NULL),(16283,7922,118,59,9150,40725,1,5,2,6,0.00,0.00,'2023-04-06 08:52:54','2023-04-06 08:52:54',5,NULL),(16284,7922,118,59,9150,40725,1,13,2,6,0.00,0.00,'2023-04-06 08:52:54','2023-04-06 08:52:54',5,NULL),(16285,7922,118,59,9150,40725,1,12,2,7,0.00,0.00,'2023-04-06 08:52:54','2023-04-06 08:52:54',5,NULL),(16286,7922,118,59,9150,40725,1,8,2,7,0.00,0.00,'2023-04-06 08:52:54','2023-04-06 08:52:54',5,NULL),(16287,7922,118,59,9150,40725,1,11,2,8,0.00,0.00,'2023-04-06 08:52:54','2023-04-06 08:52:54',5,NULL),(16288,7922,118,59,9150,40725,1,7,2,8,0.00,0.00,'2023-04-06 08:52:54','2023-04-06 08:52:54',5,NULL),(16289,7922,118,59,9150,40725,1,2,2,6,0.00,0.00,'2023-04-06 08:52:54','2023-04-06 08:52:54',5,NULL),(16290,7922,118,59,9150,40725,1,1,2,7,0.00,0.00,'2023-04-06 08:52:54','2023-04-06 08:52:54',5,NULL),(16291,7922,118,59,9150,40725,1,4,2,8,0.00,0.00,'2023-04-06 08:52:54','2023-04-06 08:52:54',5,NULL),(16292,7922,118,59,9150,40725,1,10,2,6,0.00,0.00,'2023-04-06 08:52:54','2023-04-06 08:52:54',5,NULL),(16293,7922,118,59,9150,40725,1,6,2,6,0.00,0.00,'2023-04-06 08:52:54','2023-04-06 08:52:54',5,NULL),(16294,7922,118,59,9150,40725,1,14,2,6,0.00,0.00,'2023-04-06 08:52:54','2023-04-06 08:52:54',5,NULL),(16295,7922,118,59,9150,40725,1,11,2,3,0.00,0.00,'2023-04-06 08:52:54','2023-04-06 08:52:54',6,NULL),(16296,7922,118,59,9150,40725,1,14,2,3,0.00,0.00,'2023-04-06 08:52:54','2023-04-06 08:52:54',6,NULL),(16297,7922,118,59,9150,40725,1,1,2,3,0.00,0.00,'2023-04-06 08:52:54','2023-04-06 08:52:54',6,NULL),(16298,7922,118,59,9150,40725,1,4,2,3,0.00,0.00,'2023-04-06 08:52:54','2023-04-06 08:52:54',6,NULL),(16299,7922,118,59,9150,40725,1,7,2,3,0.00,0.00,'2023-04-06 08:52:54','2023-04-06 08:52:54',6,NULL),(16300,7922,118,59,9150,40725,1,10,2,3,0.00,0.00,'2023-04-06 08:52:54','2023-04-06 08:52:54',6,NULL),(16301,7922,118,59,9150,40725,1,13,2,3,0.00,0.00,'2023-04-06 08:52:54','2023-04-06 08:52:54',6,NULL),(16302,7922,118,59,9150,40725,1,3,2,3,0.00,0.00,'2023-04-06 08:52:54','2023-04-06 08:52:54',6,NULL),(16303,7922,118,59,9150,40725,1,6,2,3,0.00,0.00,'2023-04-06 08:52:54','2023-04-06 08:52:54',6,NULL),(16304,7922,118,59,9150,40725,1,9,2,3,0.00,0.00,'2023-04-06 08:52:54','2023-04-06 08:52:54',6,NULL),(16305,7922,118,59,9150,40725,1,12,2,3,0.00,0.00,'2023-04-06 08:52:54','2023-04-06 08:52:54',6,NULL),(16306,7922,118,59,9150,40725,1,2,2,3,0.00,0.00,'2023-04-06 08:52:54','2023-04-06 08:52:54',6,NULL),(16307,7922,118,59,9150,40725,1,5,2,3,0.00,0.00,'2023-04-06 08:52:54','2023-04-06 08:52:54',6,NULL),(16308,7922,118,59,9150,40725,1,8,2,3,0.00,0.00,'2023-04-06 08:52:54','2023-04-06 08:52:54',6,NULL),(16309,7922,118,59,9150,40725,1,10,2,2,0.00,0.00,'2023-04-06 08:52:54','2023-04-06 08:52:54',6,NULL),(16310,7922,118,59,9150,40725,1,13,2,2,0.00,0.00,'2023-04-06 08:52:54','2023-04-06 08:52:54',6,NULL),(16311,7922,118,59,9150,40725,1,3,2,2,0.00,0.00,'2023-04-06 08:52:54','2023-04-06 08:52:54',6,NULL),(16312,7922,118,59,9150,40725,1,6,2,2,0.00,0.00,'2023-04-06 08:52:54','2023-04-06 08:52:54',6,NULL),(16313,7922,118,59,9150,40725,1,9,2,2,0.00,0.00,'2023-04-06 08:52:54','2023-04-06 08:52:54',6,NULL),(16314,7922,118,59,9150,40725,1,12,2,2,0.00,0.00,'2023-04-06 08:52:54','2023-04-06 08:52:54',6,NULL),(16315,7922,118,59,9150,40725,1,2,2,2,0.00,0.00,'2023-04-06 08:52:54','2023-04-06 08:52:54',6,NULL),(16316,7922,118,59,9150,40725,1,5,2,2,0.00,0.00,'2023-04-06 08:52:54','2023-04-06 08:52:54',6,NULL),(16317,7922,118,59,9150,40725,1,8,2,2,0.00,0.00,'2023-04-06 08:52:54','2023-04-06 08:52:54',6,NULL),(16318,7922,118,59,9150,40725,1,11,2,2,0.00,0.00,'2023-04-06 08:52:54','2023-04-06 08:52:54',6,NULL),(16319,7922,118,59,9150,40725,1,14,2,2,0.00,0.00,'2023-04-06 08:52:54','2023-04-06 08:52:54',6,NULL);
INSERT INTO `period_liquidation_iva_details` VALUES (16320,7922,118,59,9150,40725,1,1,2,2,134244.11,28191.26,'2023-04-06 08:52:54','2023-04-06 08:52:54',6,NULL),(16321,7922,118,59,9150,40725,1,4,2,2,0.00,0.00,'2023-04-06 08:52:54','2023-04-06 08:52:54',6,NULL),(16322,7922,118,59,9150,40725,1,7,2,2,0.00,0.00,'2023-04-06 08:52:54','2023-04-06 08:52:54',6,NULL),(16323,7922,118,59,9150,40725,1,6,2,1,0.00,0.00,'2023-04-06 08:52:54','2023-04-06 08:52:54',6,NULL),(16324,7922,118,59,9150,40725,1,9,2,1,0.00,0.00,'2023-04-06 08:52:54','2023-04-06 08:52:54',6,NULL),(16325,7922,118,59,9150,40725,1,12,2,1,0.00,0.00,'2023-04-06 08:52:54','2023-04-06 08:52:54',6,NULL),(16326,7922,118,59,9150,40725,1,2,2,1,0.00,0.00,'2023-04-06 08:52:54','2023-04-06 08:52:54',6,NULL),(16327,7922,118,59,9150,40725,1,5,2,1,0.00,0.00,'2023-04-06 08:52:54','2023-04-06 08:52:54',6,NULL),(16328,7922,118,59,9150,40725,1,8,2,1,0.00,0.00,'2023-04-06 08:52:54','2023-04-06 08:52:54',6,NULL),(16329,7922,118,59,9150,40725,1,11,2,1,0.00,0.00,'2023-04-06 08:52:54','2023-04-06 08:52:54',6,NULL),(16330,7922,118,59,9150,40725,1,14,2,1,0.00,0.00,'2023-04-06 08:52:54','2023-04-06 08:52:54',6,NULL),(16331,7922,118,59,9150,40725,1,1,2,1,0.00,0.00,'2023-04-06 08:52:54','2023-04-06 08:52:54',6,NULL),(16332,7922,118,59,9150,40725,1,4,2,1,0.00,0.00,'2023-04-06 08:52:54','2023-04-06 08:52:54',6,NULL),(16333,7922,118,59,9150,40725,1,7,2,1,0.00,0.00,'2023-04-06 08:52:54','2023-04-06 08:52:54',6,NULL),(16334,7922,118,59,9150,40725,1,10,2,1,0.00,0.00,'2023-04-06 08:52:54','2023-04-06 08:52:54',6,NULL),(16335,7922,118,59,9150,40725,1,13,2,1,0.00,0.00,'2023-04-06 08:52:54','2023-04-06 08:52:54',6,NULL),(16336,7922,118,59,9150,40725,1,3,2,1,0.00,0.00,'2023-04-06 08:52:54','2023-04-06 08:52:54',6,NULL),(16337,7922,118,59,9150,40725,1,3,2,5,0.00,0.00,'2023-04-06 08:52:54','2023-04-06 08:52:54',6,NULL),(16338,7922,118,59,9150,40725,1,6,2,5,0.00,0.00,'2023-04-06 08:52:54','2023-04-06 08:52:54',6,NULL),(16339,7922,118,59,9150,40725,1,9,2,5,0.00,0.00,'2023-04-06 08:52:54','2023-04-06 08:52:54',6,NULL),(16340,7922,118,59,9150,40725,1,12,2,5,0.00,0.00,'2023-04-06 08:52:54','2023-04-06 08:52:54',6,NULL),(16341,7922,118,59,9150,40725,1,2,2,5,0.00,0.00,'2023-04-06 08:52:54','2023-04-06 08:52:54',6,NULL),(16342,7922,118,59,9150,40725,1,5,2,5,0.00,0.00,'2023-04-06 08:52:54','2023-04-06 08:52:54',6,NULL),(16343,7922,118,59,9150,40725,1,8,2,5,0.00,0.00,'2023-04-06 08:52:54','2023-04-06 08:52:54',6,NULL),(16344,7922,118,59,9150,40725,1,11,2,5,0.00,0.00,'2023-04-06 08:52:54','2023-04-06 08:52:54',6,NULL),(16345,7922,118,59,9150,40725,1,14,2,5,0.00,0.00,'2023-04-06 08:52:54','2023-04-06 08:52:54',6,NULL),(16346,7922,118,59,9150,40725,1,1,2,5,0.00,0.00,'2023-04-06 08:52:54','2023-04-06 08:52:54',6,NULL),(16347,7922,118,59,9150,40725,1,4,2,5,0.00,0.00,'2023-04-06 08:52:54','2023-04-06 08:52:54',6,NULL),(16348,7922,118,59,9150,40725,1,7,2,5,0.00,0.00,'2023-04-06 08:52:54','2023-04-06 08:52:54',6,NULL),(16349,7922,118,59,9150,40725,1,10,2,5,0.00,0.00,'2023-04-06 08:52:54','2023-04-06 08:52:54',6,NULL),(16350,7922,118,59,9150,40725,1,13,2,5,0.00,0.00,'2023-04-06 08:52:54','2023-04-06 08:52:54',6,NULL),(16351,7922,118,59,9150,40725,1,2,2,4,0.00,0.00,'2023-04-06 08:52:54','2023-04-06 08:52:54',6,NULL),(16352,7922,118,59,9150,40725,1,5,2,4,0.00,0.00,'2023-04-06 08:52:54','2023-04-06 08:52:54',6,NULL),(16353,7922,118,59,9150,40725,1,8,2,4,0.00,0.00,'2023-04-06 08:52:54','2023-04-06 08:52:54',6,NULL),(16354,7922,118,59,9150,40725,1,11,2,4,0.00,0.00,'2023-04-06 08:52:54','2023-04-06 08:52:54',6,NULL),(16355,7922,118,59,9150,40725,1,14,2,4,0.00,0.00,'2023-04-06 08:52:54','2023-04-06 08:52:54',6,NULL),(16356,7922,118,59,9150,40725,1,1,2,4,0.00,0.00,'2023-04-06 08:52:54','2023-04-06 08:52:54',6,NULL),(16357,7922,118,59,9150,40725,1,4,2,4,0.00,0.00,'2023-04-06 08:52:54','2023-04-06 08:52:54',6,NULL),(16358,7922,118,59,9150,40725,1,7,2,4,0.00,0.00,'2023-04-06 08:52:54','2023-04-06 08:52:54',6,NULL);
INSERT INTO `period_liquidation_iva_details` VALUES (16359,7922,118,59,9150,40725,1,10,2,4,0.00,0.00,'2023-04-06 08:52:54','2023-04-06 08:52:54',6,NULL),(16360,7922,118,59,9150,40725,1,13,2,4,0.00,0.00,'2023-04-06 08:52:54','2023-04-06 08:52:54',6,NULL),(16361,7922,118,59,9150,40725,1,3,2,4,0.00,0.00,'2023-04-06 08:52:54','2023-04-06 08:52:54',6,NULL),(16362,7922,118,59,9150,40725,1,6,2,4,0.00,0.00,'2023-04-06 08:52:54','2023-04-06 08:52:54',6,NULL),(16363,7922,118,59,9150,40725,1,9,2,4,0.00,0.00,'2023-04-06 08:52:54','2023-04-06 08:52:54',6,NULL),(16364,7922,118,59,9150,40725,1,12,2,4,0.00,0.00,'2023-04-06 08:52:54','2023-04-06 08:52:54',6,NULL),(16365,7922,118,59,9150,40725,1,4,2,8,0.00,0.00,'2023-04-06 08:52:54','2023-04-06 08:52:54',6,NULL),(16366,7922,118,59,9150,40725,1,7,2,8,0.00,0.00,'2023-04-06 08:52:54','2023-04-06 08:52:54',6,NULL),(16367,7922,118,59,9150,40725,1,10,2,8,0.00,0.00,'2023-04-06 08:52:54','2023-04-06 08:52:54',6,NULL),(16368,7922,118,59,9150,40725,1,13,2,8,0.00,0.00,'2023-04-06 08:52:54','2023-04-06 08:52:54',6,NULL),(16369,7922,118,59,9150,40725,1,3,2,8,0.00,0.00,'2023-04-06 08:52:54','2023-04-06 08:52:54',6,NULL),(16370,7922,118,59,9150,40725,1,6,2,8,0.00,0.00,'2023-04-06 08:52:54','2023-04-06 08:52:54',6,NULL),(16371,7922,118,59,9150,40725,1,9,2,8,0.00,0.00,'2023-04-06 08:52:54','2023-04-06 08:52:54',6,NULL),(16372,7922,118,59,9150,40725,1,12,2,8,0.00,0.00,'2023-04-06 08:52:54','2023-04-06 08:52:54',6,NULL),(16373,7922,118,59,9150,40725,1,2,2,8,0.00,0.00,'2023-04-06 08:52:54','2023-04-06 08:52:54',6,NULL),(16374,7922,118,59,9150,40725,1,5,2,8,0.00,0.00,'2023-04-06 08:52:54','2023-04-06 08:52:54',6,NULL),(16375,7922,118,59,9150,40725,1,8,2,8,0.00,0.00,'2023-04-06 08:52:54','2023-04-06 08:52:54',6,NULL),(16376,7922,118,59,9150,40725,1,11,2,8,0.00,0.00,'2023-04-06 08:52:54','2023-04-06 08:52:54',6,NULL),(16377,7922,118,59,9150,40725,1,14,2,8,0.00,0.00,'2023-04-06 08:52:54','2023-04-06 08:52:54',6,NULL),(16378,7922,118,59,9150,40725,1,1,2,8,238717.50,0.00,'2023-04-06 08:52:54','2023-04-06 08:52:54',6,NULL),(16379,7922,118,59,9150,40725,1,12,2,6,0.00,0.00,'2023-04-06 08:52:54','2023-04-06 08:52:54',7,NULL),(16380,7922,118,59,9150,40725,1,8,2,7,0.00,0.00,'2023-04-06 08:52:54','2023-04-06 08:52:54',7,NULL),(16381,7922,118,59,9150,40725,1,5,2,6,0.00,0.00,'2023-04-06 08:52:54','2023-04-06 08:52:54',7,NULL),(16382,7922,118,59,9150,40725,1,1,2,7,291732.00,0.00,'2023-04-06 08:52:54','2023-04-06 08:52:54',7,NULL),(16383,7922,118,59,9150,40725,1,14,2,6,0.00,0.00,'2023-04-06 08:52:54','2023-04-06 08:52:54',7,NULL),(16384,7922,118,59,9150,40725,1,10,2,7,0.00,0.00,'2023-04-06 08:52:54','2023-04-06 08:52:54',7,NULL),(16385,7922,118,59,9150,40725,1,7,2,6,0.00,0.00,'2023-04-06 08:52:54','2023-04-06 08:52:54',7,NULL),(16386,7922,118,59,9150,40725,1,3,2,7,0.00,0.00,'2023-04-06 08:52:54','2023-04-06 08:52:54',7,NULL),(16387,7922,118,59,9150,40725,1,12,2,7,0.00,0.00,'2023-04-06 08:52:54','2023-04-06 08:52:54',7,NULL),(16388,7922,118,59,9150,40725,1,9,2,6,0.00,0.00,'2023-04-06 08:52:54','2023-04-06 08:52:54',7,NULL),(16389,7922,118,59,9150,40725,1,5,2,7,0.00,0.00,'2023-04-06 08:52:54','2023-04-06 08:52:54',7,NULL),(16390,7922,118,59,9150,40725,1,2,2,6,0.00,0.00,'2023-04-06 08:52:54','2023-04-06 08:52:54',7,NULL),(16391,7922,118,59,9150,40725,1,14,2,7,0.00,0.00,'2023-04-06 08:52:54','2023-04-06 08:52:54',7,NULL),(16392,7922,118,59,9150,40725,1,11,2,6,0.00,0.00,'2023-04-06 08:52:54','2023-04-06 08:52:54',7,NULL),(16393,7922,118,59,9150,40725,1,7,2,7,0.00,0.00,'2023-04-06 08:52:54','2023-04-06 08:52:54',7,NULL),(16394,7922,118,59,9150,40725,1,4,2,6,0.00,0.00,'2023-04-06 08:52:54','2023-04-06 08:52:54',7,NULL),(16395,7922,118,59,9150,40725,1,13,2,6,0.00,0.00,'2023-04-06 08:52:54','2023-04-06 08:52:54',7,NULL),(16396,7922,118,59,9150,40725,1,9,2,7,0.00,0.00,'2023-04-06 08:52:54','2023-04-06 08:52:54',7,NULL),(16397,7922,118,59,9150,40725,1,6,2,6,0.00,0.00,'2023-04-06 08:52:54','2023-04-06 08:52:54',7,NULL);
INSERT INTO `period_liquidation_iva_details` VALUES (16398,7922,118,59,9150,40725,1,2,2,7,0.00,0.00,'2023-04-06 08:52:54','2023-04-06 08:52:54',7,NULL),(16399,7922,118,59,9150,40725,1,11,2,7,0.00,0.00,'2023-04-06 08:52:54','2023-04-06 08:52:54',7,NULL),(16400,7922,118,59,9150,40725,1,8,2,6,0.00,0.00,'2023-04-06 08:52:54','2023-04-06 08:52:54',7,NULL),(16401,7922,118,59,9150,40725,1,4,2,7,0.00,0.00,'2023-04-06 08:52:54','2023-04-06 08:52:54',7,NULL),(16402,7922,118,59,9150,40725,1,1,2,6,0.00,0.00,'2023-04-06 08:52:54','2023-04-06 08:52:54',7,NULL),(16403,7922,118,59,9150,40725,1,13,2,7,0.00,0.00,'2023-04-06 08:52:54','2023-04-06 08:52:54',7,NULL),(16404,7922,118,59,9150,40725,1,10,2,6,0.00,0.00,'2023-04-06 08:52:54','2023-04-06 08:52:54',7,NULL),(16405,7922,118,59,9150,40725,1,6,2,7,0.00,0.00,'2023-04-06 08:52:54','2023-04-06 08:52:54',7,NULL),(16406,7922,118,59,9150,40725,1,3,2,6,0.00,0.00,'2023-04-06 08:52:54','2023-04-06 08:52:54',7,NULL),(21139,7922,178,77,6063,40723,574,1,1,3,0.00,0.00,'2023-04-15 19:10:49','2023-04-15 19:10:49',1,NULL),(21140,7922,178,77,6063,40723,578,1,1,3,0.00,0.00,'2023-04-15 19:10:49','2023-04-15 19:10:49',1,NULL),(21141,7922,178,77,6063,40723,577,1,1,3,0.00,0.00,'2023-04-15 19:10:49','2023-04-15 19:10:49',1,NULL),(21142,7922,178,77,6063,40723,578,1,1,2,0.00,0.00,'2023-04-15 19:10:49','2023-04-15 19:10:49',1,NULL),(21143,7922,178,77,6063,40723,577,1,1,2,0.00,0.00,'2023-04-15 19:10:49','2023-04-15 19:10:49',1,NULL),(21144,7922,178,77,6063,40723,574,1,1,2,22232.28,4668.78,'2023-04-15 19:10:49','2023-04-15 19:10:49',1,NULL),(21145,7922,178,77,6063,40723,577,1,1,1,0.00,0.00,'2023-04-15 19:10:49','2023-04-15 19:10:49',1,NULL),(21146,7922,178,77,6063,40723,574,1,1,1,641857.23,67395.01,'2023-04-15 19:10:49','2023-04-15 19:10:49',1,NULL),(21147,7922,178,77,6063,40723,578,1,1,1,0.00,0.00,'2023-04-15 19:10:49','2023-04-15 19:10:49',1,NULL),(21148,7922,178,77,6063,40723,577,1,1,5,0.00,0.00,'2023-04-15 19:10:49','2023-04-15 19:10:49',1,NULL),(21149,7922,178,77,6063,40723,574,1,1,5,0.00,0.00,'2023-04-15 19:10:49','2023-04-15 19:10:49',1,NULL),(21150,7922,178,77,6063,40723,578,1,1,5,0.00,0.00,'2023-04-15 19:10:49','2023-04-15 19:10:49',1,NULL),(21151,7922,178,77,6063,40723,574,1,1,4,0.00,0.00,'2023-04-15 19:10:49','2023-04-15 19:10:49',1,NULL),(21152,7922,178,77,6063,40723,578,1,1,4,0.00,0.00,'2023-04-15 19:10:49','2023-04-15 19:10:49',1,NULL),(21153,7922,178,77,6063,40723,577,1,1,4,0.00,0.00,'2023-04-15 19:10:49','2023-04-15 19:10:49',1,NULL),(21154,7922,178,77,6063,40723,578,1,1,8,0.00,0.00,'2023-04-15 19:10:49','2023-04-15 19:10:49',1,NULL),(21155,7922,178,77,6063,40723,577,1,1,8,0.00,0.00,'2023-04-15 19:10:49','2023-04-15 19:10:49',1,NULL),(21156,7922,178,77,6063,40723,574,1,1,8,0.00,0.00,'2023-04-15 19:10:49','2023-04-15 19:10:49',1,NULL),(21157,7922,178,77,6063,40723,574,1,1,3,0.00,0.00,'2023-04-15 19:10:49','2023-04-15 19:10:49',2,NULL),(21158,7922,178,77,6063,40723,578,1,1,3,0.00,0.00,'2023-04-15 19:10:49','2023-04-15 19:10:49',2,NULL),(21159,7922,178,77,6063,40723,577,1,1,3,0.00,0.00,'2023-04-15 19:10:49','2023-04-15 19:10:49',2,NULL),(21160,7922,178,77,6063,40723,578,1,1,2,0.00,0.00,'2023-04-15 19:10:49','2023-04-15 19:10:49',2,NULL),(21161,7922,178,77,6063,40723,577,1,1,2,0.00,0.00,'2023-04-15 19:10:49','2023-04-15 19:10:49',2,NULL),(21162,7922,178,77,6063,40723,574,1,1,2,450414.07,94586.95,'2023-04-15 19:10:49','2023-04-15 19:10:49',2,NULL),(21163,7922,178,77,6063,40723,577,1,1,1,0.00,0.00,'2023-04-15 19:10:49','2023-04-15 19:10:49',2,NULL),(21164,7922,178,77,6063,40723,574,1,1,1,149579466.99,15705844.03,'2023-04-15 19:10:49','2023-04-15 19:10:49',2,NULL),(21165,7922,178,77,6063,40723,578,1,1,1,0.00,0.00,'2023-04-15 19:10:49','2023-04-15 19:10:49',2,NULL),(21166,7922,178,77,6063,40723,578,1,1,5,0.00,0.00,'2023-04-15 19:10:49','2023-04-15 19:10:49',2,NULL),(21167,7922,178,77,6063,40723,577,1,1,5,0.00,0.00,'2023-04-15 19:10:49','2023-04-15 19:10:49',2,NULL);
INSERT INTO `period_liquidation_iva_details` VALUES (21168,7922,178,77,6063,40723,574,1,1,5,0.00,0.00,'2023-04-15 19:10:49','2023-04-15 19:10:49',2,NULL),(21169,7922,178,77,6063,40723,577,1,1,4,0.00,0.00,'2023-04-15 19:10:49','2023-04-15 19:10:49',2,NULL),(21170,7922,178,77,6063,40723,574,1,1,4,0.00,0.00,'2023-04-15 19:10:49','2023-04-15 19:10:49',2,NULL),(21171,7922,178,77,6063,40723,578,1,1,4,0.00,0.00,'2023-04-15 19:10:49','2023-04-15 19:10:49',2,NULL),(21172,7922,178,77,6063,40723,578,1,1,8,0.00,0.00,'2023-04-15 19:10:49','2023-04-15 19:10:49',2,NULL),(21173,7922,178,77,6063,40723,577,1,1,8,0.00,0.00,'2023-04-15 19:10:49','2023-04-15 19:10:49',2,NULL),(21174,7922,178,77,6063,40723,574,1,1,8,0.00,0.00,'2023-04-15 19:10:49','2023-04-15 19:10:49',2,NULL),(21175,7922,178,77,6063,40723,577,1,1,6,0.00,0.00,'2023-04-15 19:10:49','2023-04-15 19:10:49',3,NULL),(21176,7922,178,77,6063,40723,577,1,1,7,0.00,0.00,'2023-04-15 19:10:49','2023-04-15 19:10:49',3,NULL),(21177,7922,178,77,6063,40723,574,1,1,6,0.00,0.00,'2023-04-15 19:10:49','2023-04-15 19:10:49',3,NULL),(21178,7922,178,77,6063,40723,578,1,1,6,0.00,0.00,'2023-04-15 19:10:49','2023-04-15 19:10:49',3,NULL),(21179,7922,178,77,6063,40723,574,1,1,7,0.00,0.00,'2023-04-15 19:10:49','2023-04-15 19:10:49',3,NULL),(21180,7922,178,77,6063,40723,578,1,1,7,0.00,0.00,'2023-04-15 19:10:49','2023-04-15 19:10:49',3,NULL),(21181,7922,178,77,6063,40723,577,1,1,3,0.00,0.00,'2023-04-15 19:10:49','2023-04-15 19:10:49',4,NULL),(21182,7922,178,77,6063,40723,578,1,1,3,0.00,0.00,'2023-04-15 19:10:49','2023-04-15 19:10:49',4,NULL),(21183,7922,178,77,6063,40723,574,1,1,3,0.00,0.00,'2023-04-15 19:10:49','2023-04-15 19:10:49',4,NULL),(21184,7922,178,77,6063,40723,578,1,1,2,0.00,0.00,'2023-04-15 19:10:49','2023-04-15 19:10:49',4,NULL),(21185,7922,178,77,6063,40723,574,1,1,2,11150.64,2341.63,'2023-04-15 19:10:49','2023-04-15 19:10:49',4,NULL),(21186,7922,178,77,6063,40723,577,1,1,2,0.00,0.00,'2023-04-15 19:10:49','2023-04-15 19:10:49',4,NULL),(21187,7922,178,77,6063,40723,574,1,1,1,497284.99,52214.92,'2023-04-15 19:10:49','2023-04-15 19:10:49',4,NULL),(21188,7922,178,77,6063,40723,577,1,1,1,0.00,0.00,'2023-04-15 19:10:49','2023-04-15 19:10:49',4,NULL),(21189,7922,178,77,6063,40723,578,1,1,1,0.00,0.00,'2023-04-15 19:10:49','2023-04-15 19:10:49',4,NULL),(21190,7922,178,77,6063,40723,574,1,1,5,0.00,0.00,'2023-04-15 19:10:49','2023-04-15 19:10:49',4,NULL),(21191,7922,178,77,6063,40723,577,1,1,5,0.00,0.00,'2023-04-15 19:10:49','2023-04-15 19:10:49',4,NULL),(21192,7922,178,77,6063,40723,578,1,1,5,0.00,0.00,'2023-04-15 19:10:49','2023-04-15 19:10:49',4,NULL),(21193,7922,178,77,6063,40723,574,1,1,4,0.00,0.00,'2023-04-15 19:10:49','2023-04-15 19:10:49',4,NULL),(21194,7922,178,77,6063,40723,577,1,1,4,0.00,0.00,'2023-04-15 19:10:49','2023-04-15 19:10:49',4,NULL),(21195,7922,178,77,6063,40723,578,1,1,4,0.00,0.00,'2023-04-15 19:10:49','2023-04-15 19:10:49',4,NULL),(21196,7922,178,77,6063,40723,578,1,1,6,0.00,0.00,'2023-04-15 19:10:49','2023-04-15 19:10:49',4,NULL),(21197,7922,178,77,6063,40723,577,1,1,7,0.00,0.00,'2023-04-15 19:10:49','2023-04-15 19:10:49',4,NULL),(21198,7922,178,77,6063,40723,574,1,1,8,0.00,0.00,'2023-04-15 19:10:49','2023-04-15 19:10:49',4,NULL),(21199,7922,178,77,6063,40723,578,1,1,7,0.00,0.00,'2023-04-15 19:10:49','2023-04-15 19:10:49',4,NULL),(21200,7922,178,77,6063,40723,577,1,1,8,0.00,0.00,'2023-04-15 19:10:49','2023-04-15 19:10:49',4,NULL),(21201,7922,178,77,6063,40723,574,1,1,6,0.00,0.00,'2023-04-15 19:10:49','2023-04-15 19:10:49',4,NULL),(21202,7922,178,77,6063,40723,578,1,1,8,0.00,0.00,'2023-04-15 19:10:49','2023-04-15 19:10:49',4,NULL),(21203,7922,178,77,6063,40723,577,1,1,6,0.00,0.00,'2023-04-15 19:10:49','2023-04-15 19:10:49',4,NULL),(21204,7922,178,77,6063,40723,574,1,1,7,0.00,0.00,'2023-04-15 19:10:49','2023-04-15 19:10:49',4,NULL),(21205,7922,178,77,6063,40723,1,9,2,3,0.00,0.00,'2023-04-15 19:10:49','2023-04-15 19:10:49',5,NULL),(21206,7922,178,77,6063,40723,1,5,2,3,0.00,0.00,'2023-04-15 19:10:49','2023-04-15 19:10:49',5,NULL);
INSERT INTO `period_liquidation_iva_details` VALUES (21207,7922,178,77,6063,40723,1,3,2,3,0.00,0.00,'2023-04-15 19:10:49','2023-04-15 19:10:49',5,NULL),(21208,7922,178,77,6063,40723,1,13,2,3,0.00,0.00,'2023-04-15 19:10:49','2023-04-15 19:10:49',5,NULL),(21209,7922,178,77,6063,40723,1,10,2,3,0.00,0.00,'2023-04-15 19:10:49','2023-04-15 19:10:49',5,NULL),(21210,7922,178,77,6063,40723,1,6,2,3,0.00,0.00,'2023-04-15 19:10:49','2023-04-15 19:10:49',5,NULL),(21211,7922,178,77,6063,40723,1,4,2,3,0.00,0.00,'2023-04-15 19:10:49','2023-04-15 19:10:49',5,NULL),(21212,7922,178,77,6063,40723,1,14,2,3,0.00,0.00,'2023-04-15 19:10:49','2023-04-15 19:10:49',5,NULL),(21213,7922,178,77,6063,40723,1,1,2,3,0.00,0.00,'2023-04-15 19:10:49','2023-04-15 19:10:49',5,NULL),(21214,7922,178,77,6063,40723,1,11,2,3,0.00,0.00,'2023-04-15 19:10:49','2023-04-15 19:10:49',5,NULL),(21215,7922,178,77,6063,40723,1,7,2,3,0.00,0.00,'2023-04-15 19:10:49','2023-04-15 19:10:49',5,NULL),(21216,7922,178,77,6063,40723,1,8,2,3,0.00,0.00,'2023-04-15 19:10:49','2023-04-15 19:10:49',5,NULL),(21217,7922,178,77,6063,40723,1,2,2,3,0.00,0.00,'2023-04-15 19:10:49','2023-04-15 19:10:49',5,NULL),(21218,7922,178,77,6063,40723,1,12,2,3,0.00,0.00,'2023-04-15 19:10:49','2023-04-15 19:10:49',5,NULL),(21219,7922,178,77,6063,40723,1,10,2,2,0.00,0.00,'2023-04-15 19:10:49','2023-04-15 19:10:49',5,NULL),(21220,7922,178,77,6063,40723,1,6,2,2,0.00,0.00,'2023-04-15 19:10:49','2023-04-15 19:10:49',5,NULL),(21221,7922,178,77,6063,40723,1,4,2,2,0.00,0.00,'2023-04-15 19:10:49','2023-04-15 19:10:49',5,NULL),(21222,7922,178,77,6063,40723,1,14,2,2,0.00,0.00,'2023-04-15 19:10:49','2023-04-15 19:10:49',5,NULL),(21223,7922,178,77,6063,40723,1,1,2,2,0.00,0.00,'2023-04-15 19:10:49','2023-04-15 19:10:49',5,NULL),(21224,7922,178,77,6063,40723,1,11,2,2,0.00,0.00,'2023-04-15 19:10:49','2023-04-15 19:10:49',5,NULL),(21225,7922,178,77,6063,40723,1,7,2,2,0.00,0.00,'2023-04-15 19:10:49','2023-04-15 19:10:49',5,NULL),(21226,7922,178,77,6063,40723,1,8,2,2,0.00,0.00,'2023-04-15 19:10:49','2023-04-15 19:10:49',5,NULL),(21227,7922,178,77,6063,40723,1,2,2,2,0.00,0.00,'2023-04-15 19:10:49','2023-04-15 19:10:49',5,NULL),(21228,7922,178,77,6063,40723,1,12,2,2,0.00,0.00,'2023-04-15 19:10:49','2023-04-15 19:10:49',5,NULL),(21229,7922,178,77,6063,40723,1,9,2,2,0.00,0.00,'2023-04-15 19:10:49','2023-04-15 19:10:49',5,NULL),(21230,7922,178,77,6063,40723,1,5,2,2,0.00,0.00,'2023-04-15 19:10:49','2023-04-15 19:10:49',5,NULL),(21231,7922,178,77,6063,40723,1,3,2,2,0.00,0.00,'2023-04-15 19:10:49','2023-04-15 19:10:49',5,NULL),(21232,7922,178,77,6063,40723,1,13,2,2,0.00,0.00,'2023-04-15 19:10:49','2023-04-15 19:10:49',5,NULL),(21233,7922,178,77,6063,40723,1,1,2,1,124882773.02,13112691.17,'2023-04-15 19:10:49','2023-04-15 19:10:49',5,NULL),(21234,7922,178,77,6063,40723,1,11,2,1,0.00,0.00,'2023-04-15 19:10:49','2023-04-15 19:10:49',5,NULL),(21235,7922,178,77,6063,40723,1,7,2,1,0.00,0.00,'2023-04-15 19:10:49','2023-04-15 19:10:49',5,NULL),(21236,7922,178,77,6063,40723,1,8,2,1,0.00,0.00,'2023-04-15 19:10:49','2023-04-15 19:10:49',5,NULL),(21237,7922,178,77,6063,40723,1,2,2,1,0.00,0.00,'2023-04-15 19:10:49','2023-04-15 19:10:49',5,NULL),(21238,7922,178,77,6063,40723,1,12,2,1,0.00,0.00,'2023-04-15 19:10:49','2023-04-15 19:10:49',5,NULL),(21239,7922,178,77,6063,40723,1,9,2,1,0.00,0.00,'2023-04-15 19:10:49','2023-04-15 19:10:49',5,NULL),(21240,7922,178,77,6063,40723,1,5,2,1,0.00,0.00,'2023-04-15 19:10:49','2023-04-15 19:10:49',5,NULL),(21241,7922,178,77,6063,40723,1,3,2,1,0.00,0.00,'2023-04-15 19:10:49','2023-04-15 19:10:49',5,NULL),(21242,7922,178,77,6063,40723,1,13,2,1,0.00,0.00,'2023-04-15 19:10:49','2023-04-15 19:10:49',5,NULL),(21243,7922,178,77,6063,40723,1,10,2,1,0.00,0.00,'2023-04-15 19:10:49','2023-04-15 19:10:49',5,NULL),(21244,7922,178,77,6063,40723,1,6,2,1,0.00,0.00,'2023-04-15 19:10:49','2023-04-15 19:10:49',5,NULL),(21245,7922,178,77,6063,40723,1,4,2,1,0.00,0.00,'2023-04-15 19:10:49','2023-04-15 19:10:49',5,NULL);
