-- Table structure for table `calendar_emails_telefonos`
--

CREATE TABLE `calendar_emails_telefonos` (
  `id` bigint(20) unsigned NOT NULL AUTO_INCREMENT,
  `user_id` int(10) unsigned DEFAULT NULL,
  `calendar_id` bigint(20) unsigned NOT NULL,
  `email` text COLLATE utf8mb4_unicode_ci,
  `celular` text COLLATE utf8mb4_unicode_ci,
  `created_at` timestamp NULL DEFAULT NULL,
  `updated_at` timestamp NULL DEFAULT NULL,
  `deleted_at` timestamp NULL DEFAULT NULL,
  PRIMARY KEY (`id`),
  KEY `calendar_emails_telefonos_calendar_id_foreign` (`calendar_id`),
  CONSTRAINT `calendar_emails_telefonos_calendar_id_foreign` FOREIGN KEY (`calendar_id`) REFERENCES `calendar` (`id`)
) ENGINE=InnoDB DEFAULT CHARSET=utf8mb4 COLLATE=utf8mb4_unicode_ci;

--
-- Dumping data for table `calendar_emails_telefonos`
--


--
-- Table structure for table `calendar_files`
--

CREATE TABLE `calendar_files` (
  `id` bigint(20) unsigned NOT NULL AUTO_INCREMENT,
  `user_id` int(10) unsigned DEFAULT NULL,
  `calendar_id` bigint(20) unsigned NOT NULL,
  `path` text COLLATE utf8mb4_unicode_ci NOT NULL,
  `original_name` text COLLATE utf8mb4_unicode_ci NOT NULL,
  `created_at` timestamp NULL DEFAULT NULL,
  `updated_at` timestamp NULL DEFAULT NULL,
  `deleted_at` timestamp NULL DEFAULT NULL,
  PRIMARY KEY (`id`),
  KEY `calendar_files_calendar_id_foreign` (`calendar_id`),
  CONSTRAINT `calendar_files_calendar_id_foreign` FOREIGN KEY (`calendar_id`) REFERENCES `calendar` (`id`)
) ENGINE=InnoDB DEFAULT CHARSET=utf8mb4 COLLATE=utf8mb4_unicode_ci;

--
-- Dumping data for table `calendar_files`
--


--
-- Table structure for table `calendar_niv_1`
--

CREATE TABLE `calendar_niv_1` (
  `id` bigint(20) unsigned NOT NULL AUTO_INCREMENT,
  `user_id` int(10) unsigned DEFAULT NULL,
  `person_id` int(10) unsigned NOT NULL,
  `descripcion` longtext COLLATE utf8mb4_unicode_ci,
  `detalle` text COLLATE utf8mb4_unicode_ci,
  `habilitado` tinyint(1) NOT NULL DEFAULT '1',
  `created_at` timestamp NULL DEFAULT NULL,
  `updated_at` timestamp NULL DEFAULT NULL,
  `deleted_at` timestamp NULL DEFAULT NULL,
  PRIMARY KEY (`id`),
  KEY `calendar_niv_1_person_id_foreign` (`person_id`),
  CONSTRAINT `calendar_niv_1_person_id_foreign` FOREIGN KEY (`person_id`) REFERENCES `persons` (`id`)
) ENGINE=InnoDB DEFAULT CHARSET=utf8mb4 COLLATE=utf8mb4_unicode_ci;

--
-- Dumping data for table `calendar_niv_1`
--


--
-- Table structure for table `calendar_niv_1_2`
--

CREATE TABLE `calendar_niv_1_2` (
  `id` bigint(20) unsigned NOT NULL AUTO_INCREMENT,
  `user_id` int(10) unsigned DEFAULT NULL,
  `person_id` int(10) unsigned NOT NULL,
  `calendar_niv_1_id` bigint(20) unsigned NOT NULL,
  `calendar_niv_2_id` bigint(20) unsigned NOT NULL,
  `created_at` timestamp NULL DEFAULT NULL,
  `updated_at` timestamp NULL DEFAULT NULL,
  `deleted_at` timestamp NULL DEFAULT NULL,
  PRIMARY KEY (`id`),
  KEY `calendar_niv_1_2_person_id_foreign` (`person_id`),
  KEY `calendar_niv_1_2_calendar_niv_1_id_foreign` (`calendar_niv_1_id`),
  KEY `calendar_niv_1_2_calendar_niv_2_id_foreign` (`calendar_niv_2_id`),
  CONSTRAINT `calendar_niv_1_2_calendar_niv_1_id_foreign` FOREIGN KEY (`calendar_niv_1_id`) REFERENCES `calendar_niv_1` (`id`),
  CONSTRAINT `calendar_niv_1_2_calendar_niv_2_id_foreign` FOREIGN KEY (`calendar_niv_2_id`) REFERENCES `calendar_niv_2` (`id`),
  CONSTRAINT `calendar_niv_1_2_person_id_foreign` FOREIGN KEY (`person_id`) REFERENCES `persons` (`id`)
) ENGINE=InnoDB DEFAULT CHARSET=utf8mb4 COLLATE=utf8mb4_unicode_ci;

--
-- Dumping data for table `calendar_niv_1_2`
--


--
-- Table structure for table `calendar_niv_2`
--

CREATE TABLE `calendar_niv_2` (
  `id` bigint(20) unsigned NOT NULL AUTO_INCREMENT,
  `user_id` int(10) unsigned DEFAULT NULL,
  `person_id` int(10) unsigned NOT NULL,
  `descripcion` longtext COLLATE utf8mb4_unicode_ci,
  `detalle` text COLLATE utf8mb4_unicode_ci,
  `habilitado` tinyint(1) NOT NULL DEFAULT '1',
  `created_at` timestamp NULL DEFAULT NULL,
  `updated_at` timestamp NULL DEFAULT NULL,
  `deleted_at` timestamp NULL DEFAULT NULL,
  PRIMARY KEY (`id`),
  KEY `calendar_niv_2_person_id_foreign` (`person_id`),
  CONSTRAINT `calendar_niv_2_person_id_foreign` FOREIGN KEY (`person_id`) REFERENCES `persons` (`id`)
) ENGINE=InnoDB DEFAULT CHARSET=utf8mb4 COLLATE=utf8mb4_unicode_ci;

--
-- Dumping data for table `calendar_niv_2`
--


--
-- Table structure for table `calendar_notificaciones`
--

CREATE TABLE `calendar_notificaciones` (
  `id` bigint(20) unsigned NOT NULL AUTO_INCREMENT,
  `user_id` int(10) unsigned DEFAULT NULL,
  `calendar_id` bigint(20) unsigned NOT NULL,
  `start` datetime DEFAULT NULL,
  `tipo_de_notificacion_id` int(10) unsigned NOT NULL,
  `cantidad` int(10) unsigned NOT NULL,
  `unidad_de_tiempo_id` int(10) unsigned NOT NULL,
  `created_at` timestamp NULL DEFAULT NULL,
  `updated_at` timestamp NULL DEFAULT NULL,
  `deleted_at` timestamp NULL DEFAULT NULL,
  PRIMARY KEY (`id`),
  KEY `calendar_notificaciones_calendar_id_foreign` (`calendar_id`),
  CONSTRAINT `calendar_notificaciones_calendar_id_foreign` FOREIGN KEY (`calendar_id`) REFERENCES `calendar` (`id`)
) ENGINE=InnoDB DEFAULT CHARSET=utf8mb4 COLLATE=utf8mb4_unicode_ci;

--
-- Dumping data for table `calendar_notificaciones`
--


--
-- Table structure for table `calendar_tur_dispo`
--

CREATE TABLE `calendar_tur_dispo` (
  `id` bigint(20) unsigned NOT NULL AUTO_INCREMENT,
  `user_id` int(10) unsigned DEFAULT NULL,
  `person_id` int(10) unsigned NOT NULL,
  `calendar_niv_1_id` bigint(20) unsigned NOT NULL,
  `calendar_niv_2_id` bigint(20) unsigned NOT NULL,
  `dia_hora` datetime(5) DEFAULT NULL,
  `duracion` varchar(191) COLLATE utf8mb4_unicode_ci NOT NULL DEFAULT '00:30',
  `created_at` timestamp NULL DEFAULT NULL,
  `updated_at` timestamp NULL DEFAULT NULL,
  `deleted_at` timestamp NULL DEFAULT NULL,
  PRIMARY KEY (`id`),
  KEY `calendar_tur_dispo_person_id_foreign` (`person_id`),
  KEY `calendar_tur_dispo_calendar_niv_1_id_foreign` (`calendar_niv_1_id`),
  KEY `calendar_tur_dispo_calendar_niv_2_id_foreign` (`calendar_niv_2_id`),
  CONSTRAINT `calendar_tur_dispo_calendar_niv_1_id_foreign` FOREIGN KEY (`calendar_niv_1_id`) REFERENCES `calendar_niv_1` (`id`),
  CONSTRAINT `calendar_tur_dispo_calendar_niv_2_id_foreign` FOREIGN KEY (`calendar_niv_2_id`) REFERENCES `calendar_niv_2` (`id`),
  CONSTRAINT `calendar_tur_dispo_person_id_foreign` FOREIGN KEY (`person_id`) REFERENCES `persons` (`id`)
) ENGINE=InnoDB DEFAULT CHARSET=utf8mb4 COLLATE=utf8mb4_unicode_ci;

--
-- Dumping data for table `calendar_tur_dispo`
--


--
-- Table structure for table `calendar_tur_dispo_datos`
--

CREATE TABLE `calendar_tur_dispo_datos` (
  `id` bigint(20) unsigned NOT NULL AUTO_INCREMENT,
  `user_id` int(10) unsigned DEFAULT NULL,
  `person_id` int(10) unsigned NOT NULL,
  `calendar_tur_dispo_id` bigint(20) unsigned NOT NULL,
  `email` text COLLATE utf8mb4_unicode_ci NOT NULL,
  `nombre_ape` text COLLATE utf8mb4_unicode_ci NOT NULL,
  `celular` text COLLATE utf8mb4_unicode_ci NOT NULL,
  `created_at` timestamp NULL DEFAULT NULL,
  `updated_at` timestamp NULL DEFAULT NULL,
  `deleted_at` timestamp NULL DEFAULT NULL,
  PRIMARY KEY (`id`),
  KEY `calendar_tur_dispo_datos_person_id_foreign` (`person_id`),
  KEY `calendar_tur_dispo_datos_calendar_tur_dispo_id_foreign` (`calendar_tur_dispo_id`),
  CONSTRAINT `calendar_tur_dispo_datos_calendar_tur_dispo_id_foreign` FOREIGN KEY (`calendar_tur_dispo_id`) REFERENCES `calendar_tur_dispo` (`id`),
  CONSTRAINT `calendar_tur_dispo_datos_person_id_foreign` FOREIGN KEY (`person_id`) REFERENCES `persons` (`id`)
) ENGINE=InnoDB DEFAULT CHARSET=utf8mb4 COLLATE=utf8mb4_unicode_ci;

--
-- Dumping data for table `calendar_tur_dispo_datos`
--


--
-- Table structure for table `calle`
--

CREATE TABLE `calle` (
  `id` int(10) unsigned NOT NULL AUTO_INCREMENT,
  `user_id` int(10) unsigned DEFAULT NULL,
  `localidad_id` int(10) unsigned NOT NULL,
  `descripcion` varchar(191) COLLATE utf8mb4_unicode_ci NOT NULL,
  `desdealt` int(10) unsigned DEFAULT NULL,
  `hastaalt` int(10) unsigned DEFAULT NULL,
  `codpostal` int(10) unsigned DEFAULT NULL,
  `habilitado` tinyint(1) NOT NULL DEFAULT '1',
  `created_at` timestamp NULL DEFAULT NULL,
  `updated_at` timestamp NULL DEFAULT NULL,
  `deleted_at` timestamp NULL DEFAULT NULL,
  PRIMARY KEY (`id`),
  KEY `calle_localidad_id_foreign` (`localidad_id`),
  CONSTRAINT `calle_localidad_id_foreign` FOREIGN KEY (`localidad_id`) REFERENCES `localidad` (`id`)
) ENGINE=InnoDB AUTO_INCREMENT=2 DEFAULT CHARSET=utf8mb4 COLLATE=utf8mb4_unicode_ci;

--
-- Dumping data for table `calle`
--

INSERT INTO `calle` VALUES (1,NULL,1,'Ramon Falcon',6800,7500,1408,1,'2020-05-28 20:55:23','2020-05-28 20:55:23',NULL);

--
-- Table structure for table `categorias_iibb`
--

CREATE TABLE `categorias_iibb` (
  `id` int(10) unsigned NOT NULL AUTO_INCREMENT,
  `categoria` varchar(255) COLLATE utf8mb4_unicode_ci DEFAULT NULL,
  `impuesto` decimal(16,2) DEFAULT NULL,
  `anual` decimal(16,2) DEFAULT NULL,
  `facAnual` decimal(16,2) DEFAULT NULL,
  `superficie` int(11) DEFAULT NULL,
  `energia` int(11) DEFAULT NULL,
  `comentario` varchar(255) COLLATE utf8mb4_unicode_ci DEFAULT NULL,
  `vigente` varchar(255) COLLATE utf8mb4_unicode_ci NOT NULL DEFAULT '1',
  `created_at` timestamp NULL DEFAULT NULL,
  `updated_at` timestamp NULL DEFAULT NULL,
  `deleted_at` timestamp NULL DEFAULT NULL,
  PRIMARY KEY (`id`)
) ENGINE=InnoDB AUTO_INCREMENT=9 DEFAULT CHARSET=utf8mb4 COLLATE=utf8mb4_unicode_ci;

--
-- Dumping data for table `categorias_iibb`
--

INSERT INTO `categorias_iibb` VALUES (1,'A',1850.00,11100.00,370000.00,30,3300,NULL,'1',NULL,'2022-10-23 23:36:16',NULL),(2,'B',2750.00,16500.00,550000.00,45,5000,NULL,'1',NULL,'2022-10-23 23:36:16',NULL),(3,'C',3850.00,23100.00,770000.00,60,6700,NULL,'1',NULL,'2022-10-23 23:36:16',NULL),(4,'D',5300.00,31800.00,1060000.00,85,10000,NULL,'1',NULL,'2022-10-23 23:36:16',NULL),(5,'E',7000.00,42000.00,1400000.00,110,13000,NULL,'1',NULL,'2022-10-23 23:36:16',NULL),(6,'F',8750.00,52500.00,1750000.00,150,16500,NULL,'1',NULL,'2022-10-23 23:36:16',NULL),(7,'G',10500.00,63000.00,2100000.00,200,20000,NULL,'1',NULL,'2022-10-23 23:36:16',NULL),(8,'H',13000.00,78000.00,2600000.00,200,20000,NULL,'1',NULL,'2022-10-23 23:36:16',NULL);

--
-- Table structure for table `categorias_monotributo`
--

CREATE TABLE `categorias_monotributo` (
  `id` int(10) unsigned NOT NULL AUTO_INCREMENT,
  `categoria` varchar(255) COLLATE utf8mb4_unicode_ci DEFAULT NULL,
  `facAnual` decimal(16,2) DEFAULT NULL,
  `facMensual` decimal(16,2) DEFAULT NULL,
  `actividad` varchar(255) COLLATE utf8mb4_unicode_ci DEFAULT NULL,
  `empleados` varchar(255) COLLATE utf8mb4_unicode_ci DEFAULT NULL,
  `superficie` int(11) DEFAULT NULL,
  `energia` int(11) DEFAULT NULL,
  `alquileres` decimal(16,2) DEFAULT NULL,
  `impuesto_servicio` decimal(16,2) DEFAULT NULL,
  `impuesto_venta` decimal(16,2) DEFAULT NULL,
  `sipa` decimal(16,2) DEFAULT NULL,
  `obraSocial` decimal(16,2) DEFAULT NULL,
  `totalServicio` decimal(16,2) DEFAULT NULL,
  `totalVenta` decimal(16,2) DEFAULT NULL,
  `comentario` varchar(255) COLLATE utf8mb4_unicode_ci DEFAULT NULL,
  `desde` date DEFAULT NULL,
  `hasta` date DEFAULT NULL,
  `vigente` varchar(255) COLLATE utf8mb4_unicode_ci NOT NULL DEFAULT '0',
  `created_at` timestamp NULL DEFAULT NULL,
  `updated_at` timestamp NULL DEFAULT NULL,
  `deleted_at` timestamp NULL DEFAULT NULL,
  PRIMARY KEY (`id`)
) ENGINE=InnoDB AUTO_INCREMENT=15 DEFAULT CHARSET=utf8mb4 COLLATE=utf8mb4_unicode_ci;

--
-- Dumping data for table `categorias_monotributo`
--

INSERT INTO `categorias_monotributo` VALUES (1,'A',8992597.87,749383.16,'No Excluida','0',30,3330,2091301.83,4182.60,4182.60,13663.17,19239.97,37085.74,37085.74,NULL,'2018-01-01',NULL,'1',NULL,NULL,NULL),(2,'B',13175201.52,1097933.46,'No Excluida','0',45,5000,2091301.83,7946.95,7946.95,15029.49,19239.97,42216.41,42216.41,NULL,'2018-01-01',NULL,'1',NULL,NULL,NULL),(3,'C',18473166.15,1539430.51,'No Excluida','0',60,6700,2858112.50,13663.17,12547.81,16532.44,19239.97,49435.58,48320.22,NULL,'2018-01-01',NULL,'1',NULL,NULL,NULL),(4,'D',22934610.05,1911217.50,'No Excluida','0',85,10000,2858112.50,22307.22,20773.60,18185.68,22864.90,63357.80,61824.18,NULL,'2018-01-01',NULL,'1',NULL,NULL,NULL),(5,'E',26977793.60,2248149.47,'No Excluida','0',110,13000,3624923.17,41826.04,33181.99,20004.25,27884.02,89714.31,81070.26,NULL,'2018-01-01',NULL,'1',NULL,NULL,NULL),(6,'F',33809379.57,2817448.30,'No Excluida','0',150,16500,3624923.17,58835.29,43220.24,22004.67,32066.63,112906.59,97291.54,NULL,'2018-01-01',NULL,'1',NULL,NULL,NULL),(7,'G',40431835.35,3369319.61,'No Excluida','0',200,20000,4322023.77,107074.65,53537.32,30806.54,34576.19,172457.38,118920.05,NULL,'2018-01-01',NULL,'1',NULL,NULL,NULL),(8,'H',61344853.64,5112071.14,'No Excluida','0',200,20000,6273905.49,306724.27,153362.13,43129.16,41547.19,391400.62,238038.48,NULL,'2018-01-01',NULL,'1',NULL,NULL,NULL),(9,'I',68664410.05,5722034.17,'Venta de Bs Muebles','0',200,20000,6273905.49,609963.03,243985.21,60380.82,51306.61,721650.46,355672.64,NULL,'2018-01-01',NULL,'1',NULL,NULL,NULL),(10,'J',78632948.76,6552745.73,'Venta de Bs Muebles','0',200,20000,6273905.49,731955.63,292782.26,84533.15,57580.51,874069.29,434895.92,NULL,'2018-01-01',NULL,'1',NULL,NULL,NULL),(11,'K',94805682.90,7900473.58,'Venta de Bs Muebles','0',200,20000,6273905.49,1024737.89,341579.30,118346.41,65806.30,1208890.60,525732.01,NULL,'2018-01-01',NULL,'1',NULL,NULL,NULL),(12,'Monotributo Social',1414762.00,117896.00,'No Excluida','0',0,0,0.00,0.00,0.00,0.00,0.00,0.00,0.00,NULL,'2018-01-01',NULL,'1','2020-02-27 02:46:40','2020-02-27 02:46:40',NULL),(13,'A Exento',1414762.00,117896.00,NULL,NULL,NULL,NULL,230178.48,0.00,0.00,2192.15,3061.75,5253.90,5253.90,'',NULL,NULL,'0',NULL,NULL,NULL),(14,'B Exento',2103025.00,175252.00,NULL,NULL,NULL,NULL,230178.48,0.00,0.00,2411.36,3061.75,5473.11,5473.11,'',NULL,NULL,'0',NULL,NULL,NULL);

--
-- Table structure for table `charlas_details`
--

CREATE TABLE `charlas_details` (
  `id` int(10) unsigned NOT NULL AUTO_INCREMENT,
  `user_id` int(10) unsigned DEFAULT NULL,
  `charla` longtext COLLATE utf8mb4_unicode_ci NOT NULL,
  `person_id` int(10) unsigned NOT NULL,
  `status` int(10) unsigned NOT NULL DEFAULT '1',
  `created_at` timestamp NULL DEFAULT NULL,
  `updated_at` timestamp NULL DEFAULT NULL,
  `deleted_at` timestamp NULL DEFAULT NULL,
  PRIMARY KEY (`id`),
  KEY `charlas_details_person_id_foreign` (`person_id`),
  CONSTRAINT `charlas_details_person_id_foreign` FOREIGN KEY (`person_id`) REFERENCES `persons` (`id`)
) ENGINE=InnoDB AUTO_INCREMENT=5 DEFAULT CHARSET=utf8mb4 COLLATE=utf8mb4_unicode_ci;

--
-- Dumping data for table `charlas_details`
--

INSERT INTO `charlas_details` VALUES (1,7922,'',3,1,'2025-09-23 11:55:30','2025-09-23 11:55:30',NULL),(2,7922,'',40717,1,'2025-09-23 11:55:44','2025-09-23 11:55:44',NULL),(3,7922,'',40718,1,'2025-09-23 11:56:05','2025-09-23 11:56:05',NULL),(4,7922,'',42095,1,'2025-09-23 11:56:31','2025-09-23 11:56:31',NULL);
DELIMITER ;;
/*!50003 CREATE*/ /*!50017 DEFINER=`forge`@`%`*/ /*!50003 TRIGGER `CharlaDetail_BD` BEFORE DELETE ON `charlas_details` FOR EACH ROW insert into back_up_charlas_details (charla,person_id,modificado)
values(old.charla,old.person_id,now()) */;;
DELIMITER ;

--
-- Table structure for table `chequeras_tipos`
--

CREATE TABLE `chequeras_tipos` (
  `id` int(10) unsigned NOT NULL AUTO_INCREMENT,
  `user_id` int(10) unsigned DEFAULT NULL,
  `descripcion` text COLLATE utf8mb4_unicode_ci NOT NULL,
  `habilitado` tinyint(1) NOT NULL DEFAULT '1',
  `created_at` timestamp NULL DEFAULT NULL,
  `updated_at` timestamp NULL DEFAULT NULL,
  `deleted_at` timestamp NULL DEFAULT NULL,
  PRIMARY KEY (`id`)
) ENGINE=InnoDB AUTO_INCREMENT=4 DEFAULT CHARSET=utf8mb4 COLLATE=utf8mb4_unicode_ci;

--
-- Dumping data for table `chequeras_tipos`
--

INSERT INTO `chequeras_tipos` VALUES (1,NULL,'Fisica',1,NULL,NULL,NULL),(2,NULL,'Electronica',1,NULL,NULL,NULL),(3,NULL,'Transferencias',1,NULL,NULL,NULL);

--
-- Table structure for table `cheques_transfer_emitidas`
--

CREATE TABLE `cheques_transfer_emitidas` (
  `id` bigint(20) unsigned NOT NULL AUTO_INCREMENT,
  `user_id` int(10) unsigned DEFAULT NULL,
  `person_id` int(10) unsigned NOT NULL,
  `cta_cte_cliente_detail_id` int(10) unsigned DEFAULT NULL,
  `cta_cte_tesoreria_detail_id` int(10) unsigned DEFAULT NULL,
  `cta_cte_tesoreria_cuenta_id` int(10) unsigned NOT NULL,
  `cta_cte_tesoreria_banco_cheq_id` int(10) unsigned NOT NULL,
  `fecha_emision` date NOT NULL,
  `fecha_cobro` date NOT NULL,
  `numero_cheque` int(11) NOT NULL,
  `importe` decimal(16,2) NOT NULL DEFAULT '0.00',
  `created_at` timestamp NULL DEFAULT NULL,
  `updated_at` timestamp NULL DEFAULT NULL,
  `deleted_at` timestamp NULL DEFAULT NULL,
  PRIMARY KEY (`id`),
  KEY `cheques_transfer_emitidas_person_id_foreign` (`person_id`),
  KEY `cheques_transfer_emitidas_cta_cte_cliente_detail_id_foreign` (`cta_cte_cliente_detail_id`),
  KEY `cheques_transfer_emitidas_cta_cte_tesoreria_detail_id_foreign` (`cta_cte_tesoreria_detail_id`),
  KEY `cheques_transfer_emitidas_cta_cte_tesoreria_cuenta_id_foreign` (`cta_cte_tesoreria_cuenta_id`),
  KEY `cte_tes_ban_che_id_foreign` (`cta_cte_tesoreria_banco_cheq_id`),
  CONSTRAINT `cheques_transfer_emitidas_cta_cte_cliente_detail_id_foreign` FOREIGN KEY (`cta_cte_cliente_detail_id`) REFERENCES `cta_cte_cliente_details` (`id`),
  CONSTRAINT `cheques_transfer_emitidas_cta_cte_tesoreria_cuenta_id_foreign` FOREIGN KEY (`cta_cte_tesoreria_cuenta_id`) REFERENCES `cta_cte_tesoreria_cuentas` (`id`),
  CONSTRAINT `cheques_transfer_emitidas_cta_cte_tesoreria_detail_id_foreign` FOREIGN KEY (`cta_cte_tesoreria_detail_id`) REFERENCES `cta_cte_tesoreria_detail` (`id`),
  CONSTRAINT `cheques_transfer_emitidas_person_id_foreign` FOREIGN KEY (`person_id`) REFERENCES `persons` (`id`),
  CONSTRAINT `cte_tes_ban_che_id_foreign` FOREIGN KEY (`cta_cte_tesoreria_banco_cheq_id`) REFERENCES `cta_cte_tesoreria_banco_cheq` (`id`)
) ENGINE=InnoDB DEFAULT CHARSET=utf8mb4 COLLATE=utf8mb4_unicode_ci;

--
-- Dumping data for table `cheques_transfer_emitidas`
--


--
-- Table structure for table `claves`
--

CREATE TABLE `claves` (
  `id` int(10) unsigned NOT NULL AUTO_INCREMENT,
  `user_id` int(10) unsigned DEFAULT NULL,
  `name` varchar(255) COLLATE utf8mb4_unicode_ci NOT NULL,
  `created_at` timestamp NULL DEFAULT NULL,
  `updated_at` timestamp NULL DEFAULT NULL,
  `deleted_at` timestamp NULL DEFAULT NULL,
  PRIMARY KEY (`id`)
) ENGINE=InnoDB AUTO_INCREMENT=44 DEFAULT CHARSET=utf8mb4 COLLATE=utf8mb4_unicode_ci;

--
-- Dumping data for table `claves`
--

INSERT INTO `claves` VALUES (1,NULL,'Clave Fiscal',NULL,NULL,NULL),(2,NULL,'Clave Ciudad',NULL,NULL,NULL),(3,NULL,'Clave ARBA',NULL,NULL,NULL),(4,NULL,'Clave ANSES',NULL,NULL,NULL),(5,NULL,'Catedral',NULL,NULL,NULL),(6,NULL,'CEMIBA',NULL,NULL,NULL),(7,NULL,'COMPRA ARG',NULL,NULL,NULL),(8,NULL,'Consejo Ciencias Economicas',NULL,NULL,NULL),(9,NULL,'Correo',NULL,NULL,NULL),(10,NULL,'CUR',NULL,NULL,NULL),(11,NULL,'Firma Digital',NULL,NULL,NULL),(12,NULL,'Interbanking',NULL,NULL,NULL),(13,NULL,'Banco Citibank',NULL,NULL,NULL),(14,NULL,'Banco Ciudad',NULL,NULL,NULL),(15,NULL,'Banco Frances',NULL,NULL,NULL),(16,NULL,'Banco Galicia',NULL,NULL,NULL),(17,NULL,'Banco HSBC',NULL,NULL,NULL),(18,NULL,'Banco Itau',NULL,NULL,NULL),(19,NULL,'Banco Nacion',NULL,NULL,NULL),(20,NULL,'Banco Macro',NULL,NULL,NULL),(21,NULL,'Banco Patagonia',NULL,NULL,NULL),(22,NULL,'Banco Provincia',NULL,NULL,NULL),(23,NULL,'Banco Santander',NULL,NULL,NULL),(24,NULL,'Banco Supervielle',NULL,NULL,NULL),(25,NULL,'Seguridad e Higiene',NULL,NULL,NULL),(26,NULL,'Sindicato - ANSES',NULL,NULL,NULL),(27,NULL,'Sindicato - AOT',NULL,NULL,NULL),(28,NULL,'Sindicato - ATSA',NULL,NULL,NULL),(29,NULL,'Sindicato - Camioneros',NULL,NULL,NULL),(30,NULL,'Sindicato - Guinchero',NULL,NULL,NULL),(31,NULL,'Sindicato - IERIC',NULL,NULL,NULL),(32,NULL,'Sindicato - La Estrella',NULL,NULL,NULL),(33,NULL,'Sindicato - Nemesis',NULL,NULL,NULL),(34,NULL,'Sindicato - Pasta',NULL,NULL,NULL),(35,NULL,'Sindicato - SEC',NULL,NULL,NULL),(36,NULL,'Sindicato - SICOP',NULL,NULL,NULL),(37,NULL,'Sindicato - SOCAYA',NULL,NULL,NULL),(38,NULL,'Sindicato - UTHGRA',NULL,NULL,NULL),(39,NULL,'Sindicato - INACAP',NULL,NULL,NULL),(40,NULL,'Sindicato - Otro',NULL,NULL,NULL),(41,NULL,'Otra',NULL,NULL,NULL),(42,NULL,'Prisma - Firma Digital',NULL,NULL,NULL),(43,NULL,'Sindicato - FATSA',NULL,NULL,NULL);

--
-- Table structure for table `claves_details`
--

CREATE TABLE `claves_details` (
  `id` int(10) unsigned NOT NULL AUTO_INCREMENT,
  `user_id` int(10) unsigned DEFAULT NULL,
  `clave` varchar(255) COLLATE utf8mb4_unicode_ci DEFAULT NULL,
  `valor` varchar(255) COLLATE utf8mb4_unicode_ci NOT NULL,
  `comentario` varchar(255) COLLATE utf8mb4_unicode_ci DEFAULT NULL,
  `clave_id` int(10) unsigned NOT NULL,
  `person_id` int(10) unsigned NOT NULL,
  `status` int(10) unsigned NOT NULL DEFAULT '1',
  `created_at` timestamp NULL DEFAULT NULL,
  `updated_at` timestamp NULL DEFAULT NULL,
  `deleted_at` timestamp NULL DEFAULT NULL,
  PRIMARY KEY (`id`),
  KEY `claves_details_clave_id_foreign` (`clave_id`),
  KEY `claves_details_person_id_foreign` (`person_id`),
  CONSTRAINT `claves_details_clave_id_foreign` FOREIGN KEY (`clave_id`) REFERENCES `claves` (`id`),
  CONSTRAINT `claves_details_person_id_foreign` FOREIGN KEY (`person_id`) REFERENCES `persons` (`id`)
) ENGINE=InnoDB AUTO_INCREMENT=57 DEFAULT CHARSET=utf8mb4 COLLATE=utf8mb4_unicode_ci;

--
-- Dumping data for table `claves_details`
--

INSERT INTO `claves_details` VALUES (23,7922,NULL,'Guzman2022',NULL,1,40720,1,'2023-03-23 17:43:22','2023-03-23 17:43:22',NULL),(35,7922,NULL,'Fernandez2022',NULL,1,40722,1,'2023-04-06 09:56:13','2023-04-06 09:56:13',NULL),(36,7922,NULL,'Fernandez2022',NULL,4,40722,1,'2023-04-06 09:56:13','2023-04-06 09:56:13',NULL),(37,7922,'CIDI','Fernandez2021',NULL,41,40722,1,'2023-04-06 09:56:13','2023-04-06 09:56:13',NULL),(38,7922,NULL,'Dramon0702',NULL,1,40864,1,'2023-04-07 17:45:52','2023-04-07 17:45:52',NULL),(39,7922,NULL,'Unmedio2023',NULL,1,40946,1,'2023-04-19 10:11:47','2023-04-19 10:11:47',NULL),(40,7922,NULL,'Candelaria2192',NULL,1,40956,1,'2023-04-19 10:30:03','2023-04-19 10:30:03',NULL),(41,7922,NULL,'Maximiliano1909.',NULL,1,40962,1,'2023-04-19 10:51:11','2023-04-19 10:51:11',NULL),(42,7922,NULL,'Candelaria214',NULL,1,41070,1,'2023-05-10 17:18:27','2023-05-10 17:18:27',NULL),(45,7922,NULL,'Elsauce1972.',NULL,1,41703,1,'2023-11-06 17:11:42','2023-11-06 17:11:42',NULL),(46,7922,NULL,'Agcarnes2023',NULL,1,40723,1,'2025-07-22 10:33:44','2025-07-22 10:33:44',NULL),(47,7922,NULL,'Jcscentral2023',NULL,1,40724,1,'2025-07-22 10:34:15','2025-07-22 10:34:15',NULL),(49,7922,NULL,'Victoria2023',NULL,1,40719,1,'2025-07-22 11:21:40','2025-07-22 11:21:40',NULL),(50,7922,NULL,'Argjuncos2023',NULL,1,40721,1,'2025-10-07 14:36:57','2025-10-07 14:36:57',NULL),(51,7922,NULL,'Marymar2022',NULL,1,40759,1,'2025-10-07 14:37:45','2025-10-07 14:37:45',NULL),(52,7922,NULL,'Canzio2022',NULL,1,40725,1,'2025-11-10 11:12:24','2025-11-10 11:12:24',NULL),(53,7922,NULL,'notarial',NULL,39,40725,1,'2025-11-10 11:12:24','2025-11-10 11:12:24',NULL),(54,7922,'AGEC','notarial08',NULL,40,40725,1,'2025-11-10 11:12:24','2025-11-10 11:12:24',NULL),(55,7922,'FAECYS','notarial08',NULL,40,40725,1,'2025-11-10 11:12:24','2025-11-10 11:12:24',NULL),(56,7922,'OSECAC','27335344923',NULL,40,40725,1,'2025-11-10 11:12:24','2025-11-10 11:12:24',NULL);
DELIMITER ;;
/*!50003 CREATE*/ /*!50017 DEFINER=`forge`@`%`*/ /*!50003 TRIGGER `ClavesDetail_BD` BEFORE DELETE ON `claves_details` FOR EACH ROW insert into back_up_claves_details (clave,valor,comentario,clave_id,person_id,modificado)
values(old.clave,old.valor,old.comentario,old.clave_id,old.person_id,now()) */;;
DELIMITER ;

--
-- Table structure for table `claves_mails`
--

CREATE TABLE `claves_mails` (
  `id` int(10) unsigned NOT NULL AUTO_INCREMENT,
  `description` varchar(180) COLLATE utf8mb4_unicode_ci NOT NULL,
  `class` int(10) unsigned NOT NULL,
  `class_description` varchar(180) COLLATE utf8mb4_unicode_ci NOT NULL,
  `path` varchar(255) COLLATE utf8mb4_unicode_ci DEFAULT NULL,
  `created_at` timestamp NULL DEFAULT NULL,
  `updated_at` timestamp NULL DEFAULT NULL,
  PRIMARY KEY (`id`)
) ENGINE=InnoDB AUTO_INCREMENT=6 DEFAULT CHARSET=utf8mb4 COLLATE=utf8mb4_unicode_ci;

--
-- Dumping data for table `claves_mails`
--

INSERT INTO `claves_mails` VALUES (1,'Listado de Claves',1,'Claves','claves_mails/claves_listado',NULL,NULL),(3,'Listado de Mails',2,'Mails','claves_mails/mails_listado',NULL,NULL),(5,'Listado de Charlas',3,'Charlas','claves_mails/charlas_listado',NULL,NULL);

--
-- Table structure for table `cm_articulos_regimenes`
--

CREATE TABLE `cm_articulos_regimenes` (
  `id` int(10) unsigned NOT NULL AUTO_INCREMENT,
  `user_id` int(11) DEFAULT NULL,
  `descripcion` longtext COLLATE utf8mb4_unicode_ci,
  `codigo` int(11) DEFAULT NULL,
  `habilitado` tinyint(1) NOT NULL DEFAULT '0',
  `created_at` timestamp NULL DEFAULT NULL,
  `updated_at` timestamp NULL DEFAULT NULL,
  `deleted_at` timestamp NULL DEFAULT NULL,
  PRIMARY KEY (`id`)
) ENGINE=InnoDB AUTO_INCREMENT=11 DEFAULT CHARSET=utf8mb4 COLLATE=utf8mb4_unicode_ci;

--
-- Dumping data for table `cm_articulos_regimenes`
--

INSERT INTO `cm_articulos_regimenes` VALUES (1,NULL,'Articulo 2',2,1,'2022-10-05 16:13:30','2022-10-05 16:13:30',NULL),(2,NULL,'Articulo 6',6,0,'2022-10-05 16:13:30','2022-10-05 16:13:30',NULL),(3,NULL,'Articulo 7',7,0,'2022-10-05 16:13:30','2022-10-05 16:13:30',NULL),(4,NULL,'Articulo 8',8,0,'2022-10-05 16:13:30','2022-10-05 16:13:30',NULL),(5,NULL,'Articulo 9',9,0,'2022-10-05 16:13:30','2022-10-05 16:13:30',NULL),(6,NULL,'Articulo 10',10,0,'2022-10-05 16:13:30','2022-10-05 16:13:30',NULL),(7,NULL,'Articulo 11',11,0,'2022-10-05 16:13:30','2022-10-05 16:13:30',NULL),(8,NULL,'Articulo 12',12,0,'2022-10-05 16:13:30','2022-10-05 16:13:30',NULL),(9,NULL,'Articulo 13',13,0,'2022-10-05 16:13:30','2022-10-05 16:13:30',NULL),(10,NULL,'Articulo 14',14,1,'2022-10-05 16:13:30','2022-10-05 16:13:30',NULL);

--
-- Table structure for table `cobradores`
--

CREATE TABLE `cobradores` (
  `id` bigint(20) unsigned NOT NULL AUTO_INCREMENT,
  `person_id` int(10) unsigned NOT NULL,
  `descripcion` text COLLATE utf8mb4_unicode_ci NOT NULL,
  `telefono` text COLLATE utf8mb4_unicode_ci NOT NULL,
  `habilitado` tinyint(1) NOT NULL DEFAULT '1',
  `created_at` timestamp NULL DEFAULT NULL,
  `updated_at` timestamp NULL DEFAULT NULL,
  `deleted_at` timestamp NULL DEFAULT NULL,
  PRIMARY KEY (`id`),
  KEY `cobradores_person_id_foreign` (`person_id`),
  CONSTRAINT `cobradores_person_id_foreign` FOREIGN KEY (`person_id`) REFERENCES `persons` (`id`)
) ENGINE=InnoDB DEFAULT CHARSET=utf8mb4 COLLATE=utf8mb4_unicode_ci;

--
-- Dumping data for table `cobradores`
--


--
-- Table structure for table `cobradores_datos`
--

CREATE TABLE `cobradores_datos` (
  `id` bigint(20) unsigned NOT NULL AUTO_INCREMENT,
  `user_id` int(10) unsigned DEFAULT NULL,
  `cobrador_id` bigint(20) unsigned NOT NULL,
  `url_panel` longtext COLLATE utf8mb4_unicode_ci,
  `usuario` text COLLATE utf8mb4_unicode_ci,
  `clave` text COLLATE utf8mb4_unicode_ci,
  `numero_de_soporte` text COLLATE utf8mb4_unicode_ci,
  `inicial_create_user` text COLLATE utf8mb4_unicode_ci,
  `imp_min_p_retirar` int(11) DEFAULT NULL,
  `secret_recarga` text COLLATE utf8mb4_unicode_ci,
  `secret_on_off` text COLLATE utf8mb4_unicode_ci,
  `clave_new_user` text COLLATE utf8mb4_unicode_ci,
  `created_at` timestamp NULL DEFAULT NULL,
  `updated_at` timestamp NULL DEFAULT NULL,
  `deleted_at` timestamp NULL DEFAULT NULL,
  PRIMARY KEY (`id`),
  KEY `cobradores_datos_cobrador_id_foreign` (`cobrador_id`),
  CONSTRAINT `cobradores_datos_cobrador_id_foreign` FOREIGN KEY (`cobrador_id`) REFERENCES `cobradores` (`id`)
) ENGINE=InnoDB DEFAULT CHARSET=utf8mb4 COLLATE=utf8mb4_unicode_ci;

--
-- Dumping data for table `cobradores_datos`
--


--
-- Table structure for table `cobradores_metodos`
--

CREATE TABLE `cobradores_metodos` (
  `id` bigint(20) unsigned NOT NULL AUTO_INCREMENT,
  `user_id` int(10) unsigned DEFAULT NULL,
  `person_id` int(10) unsigned NOT NULL,
  `descripcion` varchar(255) COLLATE utf8mb4_unicode_ci NOT NULL,
  `habilitado` tinyint(1) NOT NULL DEFAULT '1',
  `created_at` timestamp NULL DEFAULT NULL,
  `updated_at` timestamp NULL DEFAULT NULL,
  `deleted_at` timestamp NULL DEFAULT NULL,
  PRIMARY KEY (`id`),
  UNIQUE KEY `cobradores_metodos_descripcion_unique` (`descripcion`),
  KEY `cobradores_metodos_person_id_foreign` (`person_id`),
  CONSTRAINT `cobradores_metodos_person_id_foreign` FOREIGN KEY (`person_id`) REFERENCES `persons` (`id`)
) ENGINE=InnoDB DEFAULT CHARSET=utf8mb4 COLLATE=utf8mb4_unicode_ci;

--
-- Dumping data for table `cobradores_metodos`
--


--
-- Table structure for table `cobradores_on_off`
--

CREATE TABLE `cobradores_on_off` (
  `id` bigint(20) unsigned NOT NULL AUTO_INCREMENT,
  `user_id` int(10) unsigned DEFAULT NULL,
  `cobrador_id` bigint(20) unsigned NOT NULL,
  `on_off` tinyint(1) NOT NULL,
  `created_at` timestamp NULL DEFAULT NULL,
  `updated_at` timestamp NULL DEFAULT NULL,
  `deleted_at` timestamp NULL DEFAULT NULL,
  PRIMARY KEY (`id`),
  KEY `cobradores_on_off_cobrador_id_foreign` (`cobrador_id`),
  CONSTRAINT `cobradores_on_off_cobrador_id_foreign` FOREIGN KEY (`cobrador_id`) REFERENCES `cobradores` (`id`)
) ENGINE=InnoDB DEFAULT CHARSET=utf8mb4 COLLATE=utf8mb4_unicode_ci;

--
-- Dumping data for table `cobradores_on_off`
--


--
-- Table structure for table `conciliaciones`
--

CREATE TABLE `conciliaciones` (
  `id` bigint(20) unsigned NOT NULL AUTO_INCREMENT,
  `user_id` int(10) unsigned DEFAULT NULL,
  `person_id` int(10) unsigned NOT NULL,
  `fecha` datetime NOT NULL,
  `cta_cte_tesoreria_cuenta_id` int(10) unsigned NOT NULL,
  `saldo_conciliado` decimal(13,2) NOT NULL DEFAULT '0.00',
  `created_at` timestamp NULL DEFAULT NULL,
  `updated_at` timestamp NULL DEFAULT NULL,
  `deleted_at` timestamp NULL DEFAULT NULL,
  PRIMARY KEY (`id`),
  KEY `conciliaciones_person_id_foreign` (`person_id`),
  CONSTRAINT `conciliaciones_person_id_foreign` FOREIGN KEY (`person_id`) REFERENCES `persons` (`id`) ON DELETE CASCADE
) ENGINE=InnoDB DEFAULT CHARSET=utf8mb4 COLLATE=utf8mb4_unicode_ci;

--
-- Dumping data for table `conciliaciones`
--


--
-- Table structure for table `conciliaciones_details`
--

CREATE TABLE `conciliaciones_details` (
  `id` bigint(20) unsigned NOT NULL AUTO_INCREMENT,
  `user_id` int(10) unsigned DEFAULT NULL,
  `conciliacion_id` bigint(20) unsigned NOT NULL,
  `person_id` int(10) unsigned NOT NULL,
  `cta_cte_tesoreria_detail_id` int(10) unsigned DEFAULT NULL,
  `created_at` timestamp NULL DEFAULT NULL,
  `updated_at` timestamp NULL DEFAULT NULL,
  `deleted_at` timestamp NULL DEFAULT NULL,
  PRIMARY KEY (`id`),
  KEY `conciliaciones_details_person_id_foreign` (`person_id`),
  KEY `conciliaciones_details_cta_cte_tesoreria_detail_id_foreign` (`cta_cte_tesoreria_detail_id`),
  CONSTRAINT `conciliaciones_details_cta_cte_tesoreria_detail_id_foreign` FOREIGN KEY (`cta_cte_tesoreria_detail_id`) REFERENCES `cta_cte_tesoreria_detail` (`id`),
  CONSTRAINT `conciliaciones_details_person_id_foreign` FOREIGN KEY (`person_id`) REFERENCES `persons` (`id`) ON DELETE CASCADE
) ENGINE=InnoDB DEFAULT CHARSET=utf8mb4 COLLATE=utf8mb4_unicode_ci;

--
-- Dumping data for table `conciliaciones_details`
--


--
-- Table structure for table `condicion_frente_al_iva`
--

CREATE TABLE `condicion_frente_al_iva` (
  `id` int(10) unsigned NOT NULL AUTO_INCREMENT,
  `user_id` int(10) unsigned DEFAULT NULL,
  `codigo_afip` int(11) DEFAULT NULL,
  `descripcion` text COLLATE utf8mb4_unicode_ci NOT NULL,
  `show_comprobantes_a` tinyint(1) NOT NULL DEFAULT '0',
  `show_comprobantes_b` tinyint(1) NOT NULL DEFAULT '0',
  `habilitado` tinyint(1) NOT NULL DEFAULT '1',
  `created_at` timestamp NULL DEFAULT NULL,
  `updated_at` timestamp NULL DEFAULT NULL,
  `deleted_at` timestamp NULL DEFAULT NULL,
  PRIMARY KEY (`id`)
) ENGINE=InnoDB AUTO_INCREMENT=17 DEFAULT CHARSET=utf8mb4 COLLATE=utf8mb4_unicode_ci;

--
-- Dumping data for table `condicion_frente_al_iva`
--

INSERT INTO `condicion_frente_al_iva` VALUES (1,NULL,1,'IVA Responsable Inscripto',1,0,1,NULL,NULL,NULL),(2,NULL,2,'IVA Responsable no Inscripto',0,0,1,NULL,'2025-02-11 16:32:30','2025-02-11 16:32:30'),(3,NULL,3,'IVA no Responsable',0,0,1,NULL,'2025-02-11 16:32:30','2025-02-11 16:32:30'),(4,NULL,4,'IVA Sujeto Exento',0,1,1,NULL,NULL,NULL),(5,NULL,5,'Consumidor Final',0,1,1,NULL,NULL,NULL),(6,NULL,6,'Responsable Monotributo',1,0,1,NULL,NULL,NULL),(7,NULL,7,'Sujeto no Categorizado',0,1,1,NULL,NULL,NULL),(8,NULL,8,'Proveedor del Exterior',0,1,1,NULL,NULL,NULL),(9,NULL,9,'Cliente del Exterior',0,1,1,NULL,NULL,NULL),(10,NULL,10,'IVA Liberado – Ley Nº 19.640',0,1,1,NULL,NULL,NULL),(11,NULL,11,'IVA Responsable Inscripto – Agente de Percepción',0,0,1,NULL,'2025-02-11 16:32:30','2025-02-11 16:32:30'),(12,NULL,12,'Pequeño Contribuyente Eventual',0,0,1,NULL,'2025-02-11 16:32:30','2025-02-11 16:32:30'),(13,NULL,13,'Monotributista Social',1,0,1,NULL,NULL,NULL),(14,NULL,14,'Pequeño Contribuyente Eventual Social',0,0,1,NULL,'2025-02-11 16:32:30','2025-02-11 16:32:30'),(15,NULL,15,'IVA No Alcanzado',0,1,1,NULL,'2025-02-11 19:32:30',NULL),(16,NULL,NULL,'Monotributista Trabajador Independiente Promovido',1,0,1,NULL,'2025-02-11 16:32:30','2025-02-11 16:32:30');

--
-- Table structure for table `condiciones_venta`
--

CREATE TABLE `condiciones_venta` (
  `id` int(10) unsigned NOT NULL AUTO_INCREMENT,
  `descripcion` varchar(100) COLLATE utf8mb4_unicode_ci NOT NULL,
  `created_at` timestamp NULL DEFAULT NULL,
  `updated_at` timestamp NULL DEFAULT NULL,
  PRIMARY KEY (`id`)
) ENGINE=InnoDB AUTO_INCREMENT=9 DEFAULT CHARSET=utf8mb4 COLLATE=utf8mb4_unicode_ci;

--
-- Dumping data for table `condiciones_venta`
--

INSERT INTO `condiciones_venta` VALUES (1,'Contado',NULL,NULL),(2,'Tarjeta de Debito',NULL,NULL),(3,'Tarjeta de Credito',NULL,NULL),(4,'Cuenta Corriente',NULL,NULL),(5,'Cheque',NULL,NULL),(6,'Ticket',NULL,NULL),(7,'Transferencia',NULL,NULL),(8,'Otra',NULL,NULL);

--
-- Table structure for table `consultas`
--

CREATE TABLE `consultas` (
  `id` int(10) unsigned NOT NULL AUTO_INCREMENT,
  `user_id` int(11) DEFAULT NULL,
  `descripcion` varchar(191) COLLATE utf8mb4_unicode_ci DEFAULT NULL,
  `habilitado` tinyint(1) NOT NULL DEFAULT '1',
  `created_at` timestamp NULL DEFAULT NULL,
  `updated_at` timestamp NULL DEFAULT NULL,
  `deleted_at` timestamp NULL DEFAULT NULL,
  PRIMARY KEY (`id`)
) ENGINE=InnoDB AUTO_INCREMENT=5 DEFAULT CHARSET=utf8mb4 COLLATE=utf8mb4_unicode_ci;

--
-- Dumping data for table `consultas`
--

INSERT INTO `consultas` VALUES (1,NULL,'Estado Liquidaciones',1,NULL,NULL,NULL),(2,NULL,'Consumo',1,NULL,NULL,NULL),(3,NULL,'Resultado Liquidacion Hijas',1,'2023-03-12 23:44:16','2023-03-12 23:44:16',NULL),(4,NULL,'Tablero Control',1,NULL,NULL,NULL);

--
-- Table structure for table `consultas_aux`
--

CREATE TABLE `consultas_aux` (
  `id` int(10) unsigned NOT NULL AUTO_INCREMENT,
  `user_id` int(11) DEFAULT NULL,
  `consulta_id` int(10) unsigned NOT NULL,
  `person_id` int(10) unsigned DEFAULT NULL,
  `descripcion` longtext COLLATE utf8mb4_unicode_ci,
  `estado` tinyint(1) NOT NULL DEFAULT '0',
  `created_at` timestamp NULL DEFAULT NULL,
  `updated_at` timestamp NULL DEFAULT NULL,
  `deleted_at` timestamp NULL DEFAULT NULL,
  PRIMARY KEY (`id`),
  KEY `consultas_aux_consulta_id_foreign` (`consulta_id`),
  KEY `consultas_aux_person_id_foreign` (`person_id`),
  CONSTRAINT `consultas_aux_consulta_id_foreign` FOREIGN KEY (`consulta_id`) REFERENCES `consultas` (`id`),
  CONSTRAINT `consultas_aux_person_id_foreign` FOREIGN KEY (`person_id`) REFERENCES `persons` (`id`)
) ENGINE=InnoDB DEFAULT CHARSET=utf8mb4 COLLATE=utf8mb4_unicode_ci;

--
-- Dumping data for table `consultas_aux`
--


--
-- Table structure for table `conta_asientos`
--

CREATE TABLE `conta_asientos` (
  `id` int(10) unsigned NOT NULL AUTO_INCREMENT,
  `user_id` int(10) unsigned DEFAULT NULL,
  `person_id` int(10) unsigned DEFAULT NULL,
  `period_id` int(10) unsigned DEFAULT NULL,
  `tipo_asiento_id` int(10) unsigned NOT NULL,
  `debe_cta_cte_tesoreria_cuenta_id` int(10) unsigned DEFAULT NULL,
  `haber_cta_cte_tesoreria_cuenta_id` int(10) unsigned DEFAULT NULL,
  `ctactecheque_id` int(10) unsigned DEFAULT NULL,
  `num_asiento` int(11) DEFAULT NULL,
  `fecha_registracion` date DEFAULT NULL,
  `fecha_vencimiento` date DEFAULT NULL,
  `total` decimal(16,2) NOT NULL,
  `adjunto` text COLLATE utf8mb4_unicode_ci,
  `comentario` varchar(255) COLLATE utf8mb4_unicode_ci DEFAULT NULL,
  `radioChecked` int(11) DEFAULT NULL,
  `status` int(11) NOT NULL DEFAULT '1',
  `CuentaTipo_id` int(10) unsigned DEFAULT NULL,
  `CentroCosto_id` int(10) unsigned DEFAULT NULL,
  `pagado` int(10) unsigned DEFAULT NULL,
  `created_at` timestamp NULL DEFAULT NULL,
  `updated_at` timestamp NULL DEFAULT NULL,
  `deleted_at` timestamp NULL DEFAULT NULL,
  PRIMARY KEY (`id`),
  KEY `conta_asientos_person_id_foreign` (`person_id`),
  KEY `conta_asientos_period_id_foreign` (`period_id`),
  KEY `conta_asientos_tipo_asiento_id_foreign` (`tipo_asiento_id`),
  KEY `conta_asientos_cuentatipo_id_foreign` (`CuentaTipo_id`),
  KEY `conta_asientos_centrocosto_id_foreign` (`CentroCosto_id`),
  KEY `conta_asientos_ctactecheque_id_foreign` (`ctactecheque_id`),
  KEY `conta_asientos_haber_cta_cte_tesoreria_cuenta_id_foreign` (`haber_cta_cte_tesoreria_cuenta_id`),
  KEY `conta_asientos_debe_cta_cte_tesoreria_cuenta_id_foreign` (`debe_cta_cte_tesoreria_cuenta_id`),
  CONSTRAINT `conta_asientos_centrocosto_id_foreign` FOREIGN KEY (`CentroCosto_id`) REFERENCES `ctactegastos_centrocosto` (`id`),
  CONSTRAINT `conta_asientos_ctactecheque_id_foreign` FOREIGN KEY (`ctactecheque_id`) REFERENCES `ctacte_cheques` (`id`),
  CONSTRAINT `conta_asientos_cuentatipo_id_foreign` FOREIGN KEY (`CuentaTipo_id`) REFERENCES `ctactegastos_cuenta_tipo` (`idCuentaTipo`),
  CONSTRAINT `conta_asientos_debe_cta_cte_tesoreria_cuenta_id_foreign` FOREIGN KEY (`debe_cta_cte_tesoreria_cuenta_id`) REFERENCES `cta_cte_tesoreria_cuentas` (`id`),
  CONSTRAINT `conta_asientos_haber_cta_cte_tesoreria_cuenta_id_foreign` FOREIGN KEY (`haber_cta_cte_tesoreria_cuenta_id`) REFERENCES `cta_cte_tesoreria_cuentas` (`id`),
  CONSTRAINT `conta_asientos_period_id_foreign` FOREIGN KEY (`period_id`) REFERENCES `periods` (`id`),
  CONSTRAINT `conta_asientos_person_id_foreign` FOREIGN KEY (`person_id`) REFERENCES `persons` (`id`),
  CONSTRAINT `conta_asientos_tipo_asiento_id_foreign` FOREIGN KEY (`tipo_asiento_id`) REFERENCES `conta_tipo_asientos` (`id`)
) ENGINE=InnoDB AUTO_INCREMENT=9 DEFAULT CHARSET=utf8mb4 COLLATE=utf8mb4_unicode_ci;

--
-- Dumping data for table `conta_asientos`
--

INSERT INTO `conta_asientos` VALUES (1,7922,40721,NULL,2,NULL,NULL,NULL,NULL,'2023-03-04','2023-03-04',195000.00,NULL,'Honorario Mensual',1,1,NULL,NULL,NULL,'2023-03-04 09:28:00','2023-03-04 09:28:00',NULL),(2,7922,40720,NULL,2,NULL,NULL,NULL,NULL,'2023-03-04','2023-03-04',6200.00,NULL,'Honorario Mensual',1,1,NULL,NULL,NULL,'2023-03-04 09:28:00','2023-03-04 09:28:00',NULL),(3,7922,40725,NULL,2,NULL,NULL,NULL,NULL,'2023-04-05','2023-04-05',7500.00,NULL,'Honorario Mensual',1,1,NULL,NULL,NULL,'2023-04-05 12:27:25','2023-04-05 12:27:25',NULL),(4,7922,40723,NULL,2,NULL,NULL,NULL,NULL,'2023-04-05','2023-04-05',32500.00,NULL,'Honorario Mensual',1,1,NULL,NULL,NULL,'2023-04-05 12:27:25','2023-04-05 12:27:25',NULL),(5,7922,40724,NULL,2,NULL,NULL,NULL,NULL,'2023-04-05','2023-04-05',120000.00,NULL,'Honorario Mensual',1,1,NULL,NULL,NULL,'2023-04-05 12:27:25','2023-04-05 12:27:25',NULL),(6,7922,40721,NULL,2,NULL,NULL,NULL,NULL,'2023-04-05','2023-04-05',195000.00,NULL,'Honorario Mensual',1,1,NULL,NULL,NULL,'2023-04-05 12:27:26','2023-04-05 12:27:26',NULL),(7,7922,40759,NULL,2,NULL,NULL,NULL,NULL,'2023-04-05','2023-04-05',8000.00,NULL,'Honorario Mensual',1,1,NULL,NULL,NULL,'2023-04-05 12:27:26','2023-04-05 12:27:26',NULL),(8,7922,40720,NULL,2,NULL,NULL,NULL,NULL,'2023-04-05','2023-04-05',6200.00,NULL,'Honorario Mensual',1,1,NULL,NULL,NULL,'2023-04-05 12:27:26','2023-04-05 12:27:26',NULL);

--
-- Table structure for table `conta_asientos_details`
--

CREATE TABLE `conta_asientos_details` (
  `id` int(10) unsigned NOT NULL AUTO_INCREMENT,
  `user_id` int(10) unsigned DEFAULT NULL,
  `conta_asiento_id` int(10) unsigned NOT NULL,
  `person_id` int(10) unsigned DEFAULT NULL,
  `period_id` int(10) unsigned DEFAULT NULL,
  `tipo_asiento_id` int(10) unsigned NOT NULL,
  `cta_cte_tesoreria_cuenta_id` int(10) unsigned DEFAULT NULL,
  `saldo_id` int(10) unsigned NOT NULL,
  `monto` decimal(16,2) NOT NULL,
  `created_at` timestamp NULL DEFAULT NULL,
  `updated_at` timestamp NULL DEFAULT NULL,
  `deleted_at` timestamp NULL DEFAULT NULL,
  PRIMARY KEY (`id`),
  KEY `conta_asientos_details_conta_asiento_id_foreign` (`conta_asiento_id`),
  KEY `conta_asientos_details_person_id_foreign` (`person_id`),
  KEY `conta_asientos_details_period_id_foreign` (`period_id`),
  KEY `conta_asientos_details_tipo_asiento_id_foreign` (`tipo_asiento_id`),
  KEY `conta_asientos_details_saldo_id_foreign` (`saldo_id`),
  KEY `conta_asientos_details_cta_cte_tesoreria_cuenta_id_foreign` (`cta_cte_tesoreria_cuenta_id`),
  CONSTRAINT `conta_asientos_details_conta_asiento_id_foreign` FOREIGN KEY (`conta_asiento_id`) REFERENCES `conta_asientos` (`id`),
  CONSTRAINT `conta_asientos_details_cta_cte_tesoreria_cuenta_id_foreign` FOREIGN KEY (`cta_cte_tesoreria_cuenta_id`) REFERENCES `cta_cte_tesoreria_cuentas` (`id`),
  CONSTRAINT `conta_asientos_details_period_id_foreign` FOREIGN KEY (`period_id`) REFERENCES `periods` (`id`),
  CONSTRAINT `conta_asientos_details_person_id_foreign` FOREIGN KEY (`person_id`) REFERENCES `persons` (`id`),
  CONSTRAINT `conta_asientos_details_saldo_id_foreign` FOREIGN KEY (`saldo_id`) REFERENCES `conta_tipo_saldos` (`id`),
  CONSTRAINT `conta_asientos_details_tipo_asiento_id_foreign` FOREIGN KEY (`tipo_asiento_id`) REFERENCES `conta_tipo_asientos` (`id`)
) ENGINE=InnoDB AUTO_INCREMENT=17 DEFAULT CHARSET=utf8mb4 COLLATE=utf8mb4_unicode_ci;

--
-- Dumping data for table `conta_asientos_details`
--

INSERT INTO `conta_asientos_details` VALUES (1,7922,1,40721,NULL,2,13,1,195000.00,'2023-03-04 09:28:00','2023-03-04 09:28:00',NULL),(2,7922,1,40721,NULL,2,480,2,195000.00,'2023-03-04 09:28:00','2023-03-04 09:28:00',NULL),(3,7922,2,40720,NULL,2,13,1,6200.00,'2023-03-04 09:28:00','2023-03-04 09:28:00',NULL),(4,7922,2,40720,NULL,2,480,2,6200.00,'2023-03-04 09:28:00','2023-03-04 09:28:00',NULL),(5,7922,3,40725,NULL,2,13,1,7500.00,'2023-04-05 12:27:25','2023-04-05 12:27:25',NULL),(6,7922,3,40725,NULL,2,480,2,7500.00,'2023-04-05 12:27:25','2023-04-05 12:27:25',NULL),(7,7922,4,40723,NULL,2,13,1,32500.00,'2023-04-05 12:27:25','2023-04-05 12:27:25',NULL),(8,7922,4,40723,NULL,2,480,2,32500.00,'2023-04-05 12:27:25','2023-04-05 12:27:25',NULL),(9,7922,5,40724,NULL,2,13,1,120000.00,'2023-04-05 12:27:26','2023-04-05 12:27:26',NULL),(10,7922,5,40724,NULL,2,480,2,120000.00,'2023-04-05 12:27:26','2023-04-05 12:27:26',NULL),(11,7922,6,40721,NULL,2,13,1,195000.00,'2023-04-05 12:27:26','2023-04-05 12:27:26',NULL),(12,7922,6,40721,NULL,2,480,2,195000.00,'2023-04-05 12:27:26','2023-04-05 12:27:26',NULL),(13,7922,7,40759,NULL,2,13,1,8000.00,'2023-04-05 12:27:26','2023-04-05 12:27:26',NULL),(14,7922,7,40759,NULL,2,480,2,8000.00,'2023-04-05 12:27:26','2023-04-05 12:27:26',NULL),(15,7922,8,40720,NULL,2,13,1,6200.00,'2023-04-05 12:27:26','2023-04-05 12:27:26',NULL),(16,7922,8,40720,NULL,2,480,2,6200.00,'2023-04-05 12:27:26','2023-04-05 12:27:26',NULL);

--
-- Table structure for table `conta_centro_costo_plan_cuenta`
--

CREATE TABLE `conta_centro_costo_plan_cuenta` (
  `id` bigint(20) unsigned NOT NULL AUTO_INCREMENT,
  `user_id` int(10) unsigned DEFAULT NULL,
  `conta_centro_costo_id` bigint(20) unsigned DEFAULT NULL,
  `conta_plan_cuenta_id` int(10) unsigned NOT NULL,
  `created_at` timestamp NULL DEFAULT NULL,
  `updated_at` timestamp NULL DEFAULT NULL,
  `deleted_at` timestamp NULL DEFAULT NULL,
  PRIMARY KEY (`id`),
  KEY `conta_centro_costo_plan_cuenta_conta_centro_costo_id_foreign` (`conta_centro_costo_id`),
  KEY `conta_centro_costo_plan_cuenta_conta_plan_cuenta_id_foreign` (`conta_plan_cuenta_id`),
  CONSTRAINT `conta_centro_costo_plan_cuenta_conta_centro_costo_id_foreign` FOREIGN KEY (`conta_centro_costo_id`) REFERENCES `conta_centro_costos` (`id`),
  CONSTRAINT `conta_centro_costo_plan_cuenta_conta_plan_cuenta_id_foreign` FOREIGN KEY (`conta_plan_cuenta_id`) REFERENCES `conta_plan_cuenta` (`id`)
) ENGINE=InnoDB AUTO_INCREMENT=4 DEFAULT CHARSET=utf8mb4 COLLATE=utf8mb4_unicode_ci;

--
-- Dumping data for table `conta_centro_costo_plan_cuenta`
--

INSERT INTO `conta_centro_costo_plan_cuenta` VALUES (1,7922,1,359,NULL,NULL,NULL),(2,7922,2,359,NULL,NULL,NULL),(3,7922,3,359,NULL,NULL,NULL);

--
-- Table structure for table `conta_centro_costos`
--

CREATE TABLE `conta_centro_costos` (
  `id` bigint(20) unsigned NOT NULL AUTO_INCREMENT,
  `user_id` int(10) unsigned DEFAULT NULL,
  `person_id` int(10) unsigned NOT NULL,
  `descripcion` text COLLATE utf8mb4_unicode_ci NOT NULL,
  `habilitado` tinyint(1) NOT NULL DEFAULT '1',
  `created_at` timestamp NULL DEFAULT NULL,
  `updated_at` timestamp NULL DEFAULT NULL,
  `deleted_at` timestamp NULL DEFAULT NULL,
  PRIMARY KEY (`id`),
  KEY `conta_centro_costos_person_id_foreign` (`person_id`),
  CONSTRAINT `conta_centro_costos_person_id_foreign` FOREIGN KEY (`person_id`) REFERENCES `persons` (`id`)
) ENGINE=InnoDB AUTO_INCREMENT=4 DEFAULT CHARSET=utf8mb4 COLLATE=utf8mb4_unicode_ci;

--
-- Dumping data for table `conta_centro_costos`
--

INSERT INTO `conta_centro_costos` VALUES (1,7922,40720,'CONSORCIO',1,NULL,NULL,NULL),(2,7922,40721,'FABRICA',1,NULL,NULL,NULL),(3,7922,42095,'casa central',1,NULL,NULL,NULL);

--
-- Table structure for table `conta_plan_cuenta`
--

CREATE TABLE `conta_plan_cuenta` (
  `id` int(10) unsigned NOT NULL AUTO_INCREMENT,
  `user_id` int(10) unsigned DEFAULT NULL,
  `codigo` int(11) NOT NULL,
  `tipo_cuenta_id` int(10) unsigned NOT NULL,
  `saldo_id` int(10) unsigned NOT NULL,
  `padre` int(11) NOT NULL,
  `nombre` varchar(255) COLLATE utf8mb4_unicode_ci NOT NULL,
  `rubro` varchar(255) COLLATE utf8mb4_unicode_ci DEFAULT NULL,
  `cpcuenta_type_tc_id` bigint(20) unsigned DEFAULT NULL,
  `comentario` varchar(255) COLLATE utf8mb4_unicode_ci DEFAULT NULL,
  `status` int(10) unsigned NOT NULL DEFAULT '1',
  `no_editable` int(11) NOT NULL DEFAULT '1',
  `tes_cta_cte` tinyint(1) NOT NULL DEFAULT '0',
  `tes_cuenta_origen` tinyint(1) NOT NULL DEFAULT '0',
  `tes_cuenta_destino` tinyint(1) NOT NULL DEFAULT '0',
  `conta_asientos` tinyint(1) NOT NULL DEFAULT '0',
  `deleted_at` timestamp NULL DEFAULT NULL,
  PRIMARY KEY (`id`),
  KEY `conta_plan_cuenta_tipo_cuenta_id_foreign` (`tipo_cuenta_id`),
  KEY `conta_plan_cuenta_saldo_id_foreign` (`saldo_id`),
  KEY `conta_plan_cuenta_cpcuenta_type_tc_id_foreign` (`cpcuenta_type_tc_id`),
  CONSTRAINT `conta_plan_cuenta_cpcuenta_type_tc_id_foreign` FOREIGN KEY (`cpcuenta_type_tc_id`) REFERENCES `cpcuenta_types_tc` (`id`),
  CONSTRAINT `conta_plan_cuenta_saldo_id_foreign` FOREIGN KEY (`saldo_id`) REFERENCES `conta_tipo_saldos` (`id`),
  CONSTRAINT `conta_plan_cuenta_tipo_cuenta_id_foreign` FOREIGN KEY (`tipo_cuenta_id`) REFERENCES `conta_tipo_cuentas` (`id`)
) ENGINE=InnoDB AUTO_INCREMENT=1433 DEFAULT CHARSET=utf8mb4 COLLATE=utf8mb4_unicode_ci;

--
-- Dumping data for table `conta_plan_cuenta`
--

INSERT INTO `conta_plan_cuenta` VALUES (1,NULL,1000000,1,1,0,'ACTIVO','Activo',NULL,NULL,1,1,0,0,0,0,NULL),(2,NULL,1100000,2,1,1000000,'ACTIVO CORRIENTE','Activo',NULL,NULL,1,1,0,0,0,0,NULL),(3,NULL,1110000,3,1,1100000,'CAJA Y BANCOS','Activo',NULL,NULL,1,1,0,0,0,0,NULL),(4,NULL,1110100,4,1,1110000,'CAJAS','Activo',NULL,NULL,1,1,0,0,0,0,NULL),(5,NULL,1110101,5,1,1110100,'Caja Oficina','Activo',NULL,NULL,0,1,0,0,0,0,NULL),(6,NULL,1110102,5,1,1110100,'Caja Casa','Activo',NULL,NULL,0,1,0,0,0,0,NULL),(7,NULL,1110103,5,1,1110100,'Caja Dolares Casa','Activo',NULL,NULL,0,1,0,0,0,0,NULL),(8,NULL,1110104,5,1,1110100,'Banco Santander 015-372795/5','Activo',NULL,NULL,0,1,0,0,0,0,'2020-12-31 13:34:22'),(9,NULL,1110200,4,1,1110000,'BANCOS','Activo',NULL,NULL,1,1,0,0,0,0,NULL),(10,NULL,1110201,5,1,1110200,'Banco Santander Rio Cta Corriente','Activo',NULL,NULL,1,2,1,1,1,0,'2020-12-31 13:34:22'),(11,NULL,1110202,5,1,1110200,'Banco Santander Rio Cta Corriente DOLARES','Activo',NULL,NULL,1,2,1,1,1,0,'2020-12-31 13:34:22'),(12,NULL,1130000,3,1,1100000,'CREDITOS POR VENTAS','Activo',NULL,NULL,1,1,0,0,0,0,NULL),(13,NULL,1130101,5,1,1130100,'Clientes - Deudores','Activo',NULL,NULL,1,2,0,0,0,1,NULL),(14,NULL,1130102,5,1,1130100,'Deudores por ventas comunes','Activo',NULL,NULL,1,1,0,0,0,1,NULL),(15,NULL,1130103,5,1,1130100,'Deudores por ventas morosos','Activo',NULL,NULL,1,1,0,0,0,1,NULL),(16,NULL,1130104,5,1,1130100,'Deudores en gestión judicial','Activo',NULL,NULL,1,1,0,0,0,1,NULL),(17,NULL,1130105,5,1,1130100,'Previsión deudores incobrables','Activo',NULL,NULL,1,1,0,0,0,1,NULL),(18,NULL,1140000,3,1,1100000,'OTROS CREDITOS','Activo',NULL,NULL,1,1,0,0,0,0,NULL),(19,NULL,1140100,4,1,1140000,'Retenciones Sufridas','Activo',NULL,NULL,1,1,0,0,0,0,NULL),(20,NULL,1140301,5,1,1140300,'Anticipos Impuesto a las Ganancias','Activo',4,NULL,1,2,0,0,1,1,NULL),(21,NULL,1140102,5,1,1140100,'Retenciones Ingr. Brutos','Activo',NULL,NULL,0,1,0,0,0,0,NULL),(22,NULL,1140329,5,1,1140300,'Anticipo Impto.Ganancia Mínima Presunta','Activo',NULL,NULL,1,1,0,0,0,1,NULL),(23,NULL,1140105,5,1,1140100,'Retenciones Impuesto a las Ganancias','Activo',3,NULL,1,2,1,0,0,1,NULL),(24,NULL,1140106,5,1,1140100,'Impuesto a las Ganancias (Saldo a favor)','Activo',NULL,NULL,1,1,0,0,0,1,NULL),(25,NULL,1140107,5,1,1140100,'Retenciones de IVA','Activo',NULL,NULL,1,2,1,0,0,1,NULL),(26,NULL,1140200,4,1,1140000,'CREDITOS DIVERSOS','Activo',NULL,NULL,1,1,0,0,0,0,NULL),(27,NULL,1140201,5,1,1140200,'Anticipos de proveedores','Activo',NULL,NULL,1,1,0,0,0,1,NULL),(28,NULL,1140205,5,1,1140200,'Depósito en garantía alquileres','Activo',NULL,NULL,1,1,0,0,0,1,NULL),(29,NULL,1140206,5,1,1140200,'Derechos adquiridos a devengar','Activo',NULL,NULL,1,1,0,0,0,1,NULL),(30,NULL,1140207,5,1,1140200,'Intereses a devengar','Activo',NULL,NULL,1,1,0,0,0,1,NULL),(31,NULL,1140208,5,1,1140200,'Cuentas a rendir - Directores','Activo',NULL,NULL,1,1,0,0,0,1,NULL),(32,NULL,1140210,5,1,1140200,'Alquileres no devengados','Activo',NULL,NULL,1,1,0,0,0,1,NULL),(33,NULL,1150000,3,1,1100000,'BIENES DE CAMBIO','Activo',5,NULL,1,1,0,0,0,0,NULL),(34,NULL,1150400,4,1,1150000,'MERCADERIA DE REVENTA','Activo',5,NULL,1,1,0,0,0,0,NULL),(35,NULL,1200000,2,1,1000000,'ACTIVO NO CORRIENTE','Activo',5,NULL,1,1,0,0,0,0,NULL),(36,NULL,1220000,3,1,1200000,'BIENES DE USO','Activo',5,NULL,1,1,0,0,0,0,NULL),(37,NULL,1220100,4,1,1220000,'EQUIPOS DE COMPUTACION','Activo',5,NULL,1,1,0,0,0,0,NULL),(38,NULL,1220101,5,1,1220100,'Equipos de computación valores históricos','Activo',5,NULL,1,1,0,0,0,1,NULL),(39,NULL,1220102,5,1,1220100,'Equipos de computación ajuste','Activo',5,NULL,1,1,0,0,0,1,NULL),(40,NULL,1220108,5,1,1220100,'Amortización Acumulada Equipos de comput.','Activo',NULL,NULL,1,1,0,0,0,1,'2020-12-31 13:34:22'),(41,NULL,1220200,4,1,1220000,'INSTALACIONES','Activo',5,NULL,1,1,0,0,0,0,NULL),(42,NULL,1220201,5,1,1220200,'Instalaciones valores históricos','Activo',5,NULL,1,1,0,0,0,1,NULL),(43,NULL,1220202,5,1,1220200,'Instalaciones ajuste','Activo',5,NULL,1,1,0,0,0,1,NULL);
INSERT INTO `conta_plan_cuenta` VALUES (44,NULL,1220206,5,1,1220200,'Amortización Acumulada Instalaciones','Activo',5,NULL,1,1,0,0,0,1,NULL),(45,NULL,1220300,4,1,1220000,'MUEBLES Y UTILES','Activo',5,NULL,1,1,0,0,0,0,NULL),(46,NULL,1220301,5,1,1220300,'Muebles y utiles valores históricos','Activo',5,NULL,1,1,0,0,0,1,NULL),(47,NULL,1220302,5,1,1220300,'Muebles y utiles ajuste','Activo',5,NULL,1,1,0,0,0,1,NULL),(48,NULL,1220306,5,1,1220300,'Amortización Acumulada Muebles y Útiles','Activo',5,NULL,1,1,0,0,0,1,NULL),(49,NULL,1230000,3,1,1200000,'ACTIVOS INTANGIBLES','Activo',5,NULL,1,1,0,0,0,0,NULL),(50,NULL,1230101,5,1,1230100,'Gastos de organización valores historicos','Activo',5,NULL,1,1,0,0,0,1,NULL),(51,NULL,1230102,5,1,1230100,'Gastos de organización ajuste','Activo',5,NULL,1,1,0,0,0,1,NULL),(52,NULL,1230103,5,1,1230100,'Amortización acumulada gs. de organización','Activo',5,NULL,1,1,0,0,0,1,NULL),(53,NULL,2000000,1,2,0,'PASIVO','Pasivo',NULL,NULL,1,1,0,0,0,0,NULL),(54,NULL,2100000,2,2,2000000,'PASIVO CORRIENTE','Pasivo',NULL,NULL,1,1,0,0,0,0,NULL),(55,NULL,2110000,3,2,2100000,'Deudas','Pasivo',NULL,NULL,1,1,0,0,0,0,NULL),(56,NULL,2110100,4,2,2110000,'Comerciales','Pasivo',NULL,NULL,1,1,0,0,0,0,NULL),(57,NULL,2110101,5,2,2110100,'Proveedores en Cta. Cte. locales','Pasivo',NULL,NULL,1,2,0,0,0,1,NULL),(58,NULL,2110102,5,2,2110100,'Proveedores en cta. cte. exterior','Pasivo',NULL,NULL,1,1,0,0,0,1,NULL),(59,NULL,2110103,5,2,2110100,'Derechos de exhibición a devengar','Pasivo',NULL,NULL,1,1,0,0,0,1,NULL),(60,NULL,2110104,5,2,2110100,'Cheques emitidos ','Pasivo',NULL,NULL,1,2,1,1,1,1,NULL),(61,NULL,2110200,4,2,2110000,'REMUNERACIONES Y CARGAS SOCIALES','Pasivo',NULL,NULL,1,1,0,0,0,0,NULL),(62,NULL,2110201,5,2,2110200,'Sueldos y Jornales a pagar','Pasivo',NULL,NULL,1,2,0,0,1,1,NULL),(63,NULL,2110202,5,2,2110200,'Cargas sociales a pagar','Pasivo',NULL,NULL,1,2,0,0,0,1,NULL),(64,NULL,2110203,5,2,2110200,'Sindicatos a Pagar','Pasivo',NULL,NULL,1,2,0,0,0,1,NULL),(65,NULL,2110300,4,2,2110000,'CARGAS FISCALES','Pasivo',NULL,NULL,1,1,0,0,0,0,NULL),(67,NULL,2110301,5,2,2110300,'IVA Debito Fiscal','Pasivo',NULL,NULL,1,2,0,0,0,1,NULL),(68,NULL,1140222,5,1,1140200,'IVA Credito Fiscal','Activo',NULL,NULL,1,2,0,0,0,1,NULL),(69,NULL,2110303,5,2,2110300,'Impuestos Internos','Pasivo',NULL,NULL,1,1,0,0,0,1,NULL),(70,NULL,2110304,5,2,2110300,'Impuestos al Combustible','Pasivo',NULL,NULL,1,1,0,0,0,1,NULL),(71,NULL,2110601,5,2,2110600,'IVA Retenciones de terceros','Pasivo',NULL,NULL,1,1,0,0,0,1,NULL),(72,NULL,2110306,5,2,2110300,'IVA Percepciones realiz.por terceros','Pasivo',NULL,NULL,1,2,0,0,0,1,NULL),(73,NULL,2110307,5,2,2110300,'IVA Saldo a favor','Pasivo',NULL,NULL,1,1,0,0,0,1,NULL),(74,NULL,2110308,5,2,2110300,'IVA a pagar','Pasivo',NULL,NULL,1,2,0,0,0,1,NULL),(75,NULL,2110309,5,2,2110300,'Percepciones Ingresos Brutos','Pasivo',NULL,NULL,1,1,0,0,0,1,NULL),(76,NULL,2110310,5,2,2110300,'Otros Pagos AFIP','Pasivo',NULL,NULL,1,1,0,0,0,1,NULL),(78,NULL,2110350,5,2,2110300,'Impuesto a los Ingresos Brutos Pasivo','Pasivo',NULL,NULL,1,1,0,0,0,1,NULL),(79,NULL,2110313,5,2,2110300,'Impuesto a las Ganancias','Pasivo',NULL,NULL,1,1,0,0,0,1,NULL),(80,NULL,2110314,5,2,2110300,'Impuesto a la Ganancia Mínima Presunta','Pasivo',NULL,NULL,1,1,0,0,0,1,NULL),(81,NULL,2110602,5,2,2110600,'AFIP - Retenciones Impuesto a las Ganancias','Pasivo',NULL,NULL,1,1,0,0,0,1,NULL),(82,NULL,2110316,5,2,2110300,'AFIP - Plan de Facilidades Decreto 338/02','Pasivo',NULL,NULL,1,1,0,0,0,1,NULL),(83,NULL,2200000,2,2,2000000,'PASIVO NO CORRIENTE','Pasivo',NULL,NULL,1,1,0,0,0,0,NULL),(84,NULL,3000000,1,2,0,'PATRIMONIO NETO','Patrimonio Neto',NULL,NULL,1,1,0,0,0,0,NULL),(85,NULL,3100000,2,2,3000000,'APORTE DE LOS PROPIETARIOS','Patrimonio Neto',NULL,NULL,1,1,0,0,0,0,NULL),(86,NULL,3110100,4,2,3110000,'CAPITAL SOCIAL','Patrimonio Neto',NULL,NULL,1,1,0,0,0,0,NULL),(87,NULL,3110101,5,2,3110100,'Acciones en circulación','Patrimonio Neto',NULL,NULL,1,1,0,0,0,1,NULL);
INSERT INTO `conta_plan_cuenta` VALUES (88,NULL,3110102,5,2,3110100,'Ajuste del Capital','Patrimonio Neto',NULL,NULL,1,2,0,0,0,1,NULL),(89,NULL,3110103,5,2,3110100,'Aportes Irrevocables Futuras Suscripciones','Patrimonio Neto',NULL,NULL,1,1,0,0,0,1,NULL),(90,NULL,3400000,2,2,3000000,'RESULTADOS','Patrimonio Neto',NULL,NULL,1,1,0,0,0,0,NULL),(91,NULL,3410101,5,2,3410100,'Resultado del ejercicio','Patrimonio Neto',NULL,NULL,1,1,0,0,0,1,NULL),(92,NULL,3410102,5,2,3410100,'Resultado ejercicios anteriores','Patrimonio Neto',NULL,NULL,1,1,0,0,0,1,NULL),(93,NULL,3410103,5,2,3410100,'A.R.E.A.','Patrimonio Neto',NULL,NULL,1,1,0,0,0,1,NULL),(94,NULL,4000000,1,2,0,'INGRESOS','Result. Positivo',NULL,NULL,1,1,0,0,0,0,NULL),(95,NULL,4100000,2,2,4000000,'INGRESOS ORDINARIOS','Result. Positivo',NULL,NULL,1,1,0,0,0,0,NULL),(96,NULL,4110101,5,2,4110100,'VENTAS','Result. Positivo',NULL,NULL,1,2,0,0,0,1,NULL),(97,NULL,4110102,5,2,4110100,'Honorarios','Result. Positivo',NULL,NULL,1,1,0,0,0,1,NULL),(98,NULL,4110103,5,2,4110100,'Sueldo Vane','Result. Positivo',NULL,NULL,0,1,0,0,0,0,'2020-12-31 13:34:22'),(99,NULL,4110104,5,2,4110100,'Descuentos obtenidos','Result. Positivo',NULL,NULL,1,1,0,0,0,1,NULL),(100,NULL,4110105,5,2,4110100,'Reintegros por exportaciones','Result. Positivo',NULL,NULL,1,1,0,0,0,1,NULL),(101,NULL,4120000,3,2,4100000,'OTROS INGRESOS','Result. Positivo',NULL,NULL,1,1,0,0,0,0,NULL),(102,NULL,4120101,5,2,4120100,'Intereses Cobrados','Result. Positivo',NULL,NULL,1,1,0,0,0,1,NULL),(103,NULL,4120102,5,2,4120100,'Diferencias de cambio','Result. Positivo',NULL,NULL,1,1,0,0,0,1,NULL),(104,NULL,4120103,5,2,4120100,'Descuentos obtenidos','Result. Positivo',NULL,NULL,1,1,0,0,0,1,NULL),(107,NULL,5000000,1,1,0,'GASTOS','Result. Negativo',NULL,NULL,1,1,0,0,0,0,NULL),(108,NULL,5100000,2,1,5000000,'GASTOS ORDINARIOS','Result. Negativo',NULL,NULL,1,1,0,0,0,0,NULL),(109,NULL,5110100,4,1,5110000,'ASIENTO DE SUELDO','Result. Negativo',NULL,NULL,1,1,0,0,0,0,NULL),(110,NULL,5110101,5,1,5110100,'Sueldos','Result. Negativo',2,NULL,1,2,0,0,0,1,NULL),(111,NULL,5110102,5,1,5110100,'Contribuciones','Result. Negativo',2,NULL,1,2,0,0,0,1,NULL),(112,NULL,5110103,5,1,5110100,'Sindicato','Result. Negativo',2,NULL,1,2,0,0,0,1,NULL),(113,NULL,5120100,4,1,5120000,'GASTOS DE OPERACION','Result. Negativo',NULL,NULL,1,1,0,0,0,0,NULL),(114,NULL,5120101,5,1,5120100,'ACA','Result. Negativo',NULL,NULL,1,1,0,0,0,1,'2020-12-31 13:34:22'),(115,NULL,5120102,5,1,5120100,'Aereos','Result. Negativo',NULL,NULL,1,1,0,0,0,1,NULL),(116,NULL,5120103,5,1,5120100,'Alquiler','Result. Negativo',NULL,NULL,1,1,0,0,0,1,NULL),(117,NULL,5120104,5,1,5120100,'AGUA AYSA','Result. Negativo',NULL,NULL,1,1,0,0,0,1,'2020-12-31 13:34:22'),(118,NULL,5120105,5,1,5120100,'TV Cablevision','Result. Negativo',NULL,NULL,1,1,0,0,0,1,'2020-12-31 13:34:22'),(119,NULL,5120106,5,1,5120100,'Caja Jubilacion Consejo','Result. Negativo',NULL,NULL,1,1,0,0,0,1,NULL),(120,NULL,5120107,5,1,5120100,'Celulares','Result. Negativo',NULL,NULL,1,1,0,0,0,1,NULL),(121,NULL,5120108,5,1,5120100,'Cheques','Result. Negativo',NULL,NULL,1,1,0,0,0,1,NULL),(122,NULL,5120109,5,1,5120100,'Club la Nacion','Result. Negativo',NULL,NULL,0,1,0,0,0,0,'2020-12-31 13:34:22'),(123,NULL,5120110,5,1,5120100,'Comida','Result. Negativo',NULL,NULL,1,1,0,0,0,1,'2020-12-31 13:34:22'),(124,NULL,5120111,5,1,5120100,'Diario Clarin','Result. Negativo',NULL,NULL,0,1,0,0,0,0,'2020-12-31 13:34:22'),(125,NULL,5120112,5,1,5120100,'Digital Ocean','Result. Negativo',NULL,NULL,0,1,0,0,0,0,'2020-12-31 13:34:22'),(126,NULL,5120113,5,1,5120100,'Fletes y acarreos','Result. Negativo',NULL,NULL,1,1,0,0,0,1,NULL),(127,NULL,5120114,5,1,5120100,'Luz Edesur','Result. Negativo',NULL,NULL,1,1,0,0,0,1,'2020-12-31 13:34:22'),(128,NULL,5120115,5,1,5120100,'Movilidad y Viáticos','Result. Negativo',NULL,NULL,1,1,0,0,0,1,NULL),(129,NULL,5120116,5,1,5120100,'Mantenimiento','Result. Negativo',NULL,NULL,1,1,0,0,0,1,'2020-12-31 13:34:22');
INSERT INTO `conta_plan_cuenta` VALUES (130,NULL,5120117,5,1,5120100,'IVA No Computable','Result. Negativo',NULL,NULL,1,1,0,0,0,1,'2020-12-31 13:34:22'),(131,NULL,5120118,5,1,5120100,'Entretenimiento','Result. Negativo',NULL,NULL,1,1,0,0,0,1,'2020-12-31 13:34:22'),(132,NULL,5120119,5,1,5120100,'Amortización Bienes de Uso','Result. Negativo',NULL,NULL,1,1,0,0,0,1,NULL),(133,NULL,5120120,5,1,5120100,'Errepar','Result. Negativo',NULL,NULL,0,1,0,0,0,0,'2020-12-31 13:34:22'),(134,NULL,5120121,5,1,5120100,'Hosting Página Web To Webs','Result. Negativo',NULL,NULL,0,1,0,0,0,0,'2020-12-31 13:34:22'),(135,NULL,5120122,5,1,5120100,'Gastos varios','Result. Negativo',NULL,NULL,1,1,0,0,0,1,NULL),(136,NULL,5120123,5,1,5120100,'Ajuste por redondeo','Result. Negativo',NULL,NULL,1,2,0,0,0,1,NULL),(137,NULL,5120124,5,1,5120100,'Deudores Incobrables','Result. Negativo',NULL,NULL,1,1,0,0,0,1,NULL),(138,NULL,5120125,5,1,5120100,'Faby Goncalves','Result. Negativo',NULL,NULL,0,1,0,0,0,0,'2020-12-31 13:34:22'),(139,NULL,5130100,4,1,5130000,'GASTOS FINANCIEROS','Result. Negativo',NULL,NULL,1,1,0,0,0,0,NULL),(140,NULL,5130101,5,1,5130100,'Intereses y Gastos bancarios','Result. Negativo',NULL,NULL,1,2,0,0,1,1,NULL),(141,NULL,5130102,5,1,5130100,'Intereses Proveedores','Result. Negativo',NULL,NULL,1,1,0,0,0,1,NULL),(142,NULL,5130103,5,1,5130100,'Damian Financiera','Result. Negativo',NULL,NULL,0,1,0,0,0,0,'2020-12-31 13:34:22'),(143,NULL,5130104,5,1,5130100,'Diferencias de cambio','Result. Negativo',NULL,NULL,1,1,0,0,0,1,NULL),(144,NULL,5130105,5,1,5130100,'Diferencia de Cambio Bces. en M.Extranjera','Result. Negativo',NULL,NULL,1,1,0,0,0,1,'2020-12-31 13:34:22'),(145,NULL,5130106,5,1,5130100,'Diferencia tipo cambio Vendedor/Comprador','Result. Negativo',NULL,NULL,1,1,0,0,0,1,NULL),(146,NULL,5130107,5,1,5130100,'Diferencia por conversion en Bce. en Mon. Extranj.','Result. Negativo',NULL,NULL,1,1,0,0,0,1,'2020-12-31 13:34:22'),(147,NULL,5130108,5,1,5130100,'Diferencia de cambio CMV','Result. Negativo',NULL,NULL,1,1,0,0,0,1,'2020-12-31 13:34:22'),(148,NULL,5130109,5,1,5130100,'Diferencia de cambio PT','Result. Negativo',NULL,NULL,1,1,0,0,0,1,'2020-12-31 13:34:22'),(149,NULL,5130110,5,1,5130100,'Resultado por Exposición a la Inflación','Result. Negativo',NULL,NULL,1,1,0,0,0,1,'2020-12-31 13:34:22'),(150,NULL,5130111,5,1,5130100,'Diferencia de cambio PE','Result. Negativo',NULL,NULL,1,1,0,0,0,1,'2020-12-31 13:34:22'),(151,NULL,5130112,5,1,5130100,'Diferencia de cambio Ds.Vtas.','Result. Negativo',NULL,NULL,1,1,0,0,0,1,'2020-12-31 13:34:22'),(152,NULL,5130113,5,1,5130100,'Diferencia de cambio ME','Result. Negativo',NULL,NULL,1,1,0,0,0,1,NULL),(153,NULL,5130114,5,1,5130100,'Descuentos otorgados','Result. Negativo',NULL,NULL,1,1,0,0,0,1,NULL),(154,NULL,5140100,4,1,5140000,'IMPUESTOS','Result. Negativo',NULL,NULL,1,1,0,0,0,0,NULL),(155,NULL,5140101,5,1,5140100,'Impuesto a las Ganancias','Result. Negativo',NULL,NULL,1,1,0,0,0,1,NULL),(156,NULL,5140164,5,1,5140100,'Impuesto a los Ingresos Brutos','Result. Negativo',NULL,NULL,1,2,0,0,0,1,NULL),(157,NULL,5140102,5,1,5140100,'Impuesto al Debito y Credito Bancario','Result. Negativo',NULL,NULL,1,1,0,0,0,1,NULL),(158,NULL,5200000,2,1,5000000,'GASTOS EXTRAORDINARIOS','Result. Negativo',NULL,NULL,1,1,0,0,0,0,NULL),(159,NULL,5210101,5,1,5210100,'Pérdida por venta bienes de uso','Result. Negativo',NULL,NULL,1,1,0,0,0,1,NULL),(160,NULL,5210102,5,1,5210100,'Inversiones','Result. Negativo',NULL,NULL,1,1,0,0,0,1,NULL),(161,NULL,5210103,5,1,5210100,'Amortizaciones extraordinarias','Result. Negativo',NULL,NULL,1,1,0,0,0,1,NULL),(162,NULL,1140103,5,1,1140100,'Retenciones SUSS','Activo',NULL,NULL,1,2,1,0,0,1,NULL),(163,NULL,1110122,5,1,1110100,'Banco Patagonia Cta. Cte.','Activo',NULL,NULL,0,1,0,0,0,0,NULL),(164,NULL,1110106,5,1,1110100,'Banco HSBC','Activo',NULL,NULL,0,1,0,0,0,0,'2020-12-31 13:34:22'),(165,NULL,1110123,5,1,1110100,'Banco Ciudad Cta. Cte.','Activo',NULL,NULL,0,1,0,0,0,0,NULL);
INSERT INTO `conta_plan_cuenta` VALUES (166,NULL,1110124,5,1,1110100,'Banco Nacion Cta. Cte.','Activo',NULL,NULL,0,1,0,0,0,0,NULL),(167,NULL,1110109,5,1,1110100,'Banco Galicia Vane','Activo',NULL,NULL,0,1,0,0,0,0,'2020-12-31 13:34:22'),(168,NULL,1110110,5,1,1110100,'Banco Frances Vane','Activo',NULL,NULL,0,1,0,0,0,0,'2020-12-31 13:34:22'),(169,NULL,1110111,5,1,1110100,'Banco Patagonia In Time SRL','Activo',NULL,NULL,0,1,0,0,0,0,'2020-12-31 13:34:22'),(170,NULL,1110112,5,1,1110100,'Banco Ciudad In Time SRL','Activo',NULL,NULL,0,1,0,0,0,0,'2020-12-31 13:34:22'),(171,NULL,1110113,5,1,1110100,'Banco Provincia In Time SRL','Activo',NULL,NULL,0,1,0,0,0,0,'2020-12-31 13:34:22'),(172,NULL,1110114,5,1,1110100,'Banco Macro PedimeOnline','Activo',NULL,NULL,0,1,0,0,0,0,'2020-12-31 13:34:22'),(173,NULL,1110115,5,1,1110100,'Banco Patagonia Problema Resuelto','Activo',NULL,NULL,0,1,0,0,0,0,'2020-12-31 13:34:22'),(174,NULL,1110116,5,1,1110100,'Banco Patagonia Graciela','Activo',NULL,NULL,0,1,0,0,0,0,'2020-12-31 13:34:22'),(175,NULL,1110117,5,1,1110100,'Banco Patagonia Omar','Activo',NULL,NULL,0,1,0,0,0,0,'2020-12-31 13:34:22'),(176,NULL,1110118,5,1,1110100,'Cheques','Activo',NULL,NULL,1,2,1,1,1,0,NULL),(177,NULL,5120126,5,1,5120100,'Gisela Larzabal','Result. Negativo',NULL,NULL,0,1,0,0,0,0,'2020-12-31 13:34:22'),(178,NULL,5120127,5,1,5120100,'Google','Result. Negativo',NULL,NULL,1,1,0,0,0,1,'2020-12-31 13:34:22'),(179,NULL,5120128,5,1,5120100,'Seguro Moto','Result. Negativo',NULL,NULL,0,1,0,0,0,0,'2020-12-31 13:34:22'),(180,NULL,5120129,5,1,5120100,'Sueldo Agustina','Result. Negativo',NULL,NULL,0,1,0,0,0,0,NULL),(181,NULL,5120130,5,1,5120100,'Sueldo Betty','Result. Negativo',NULL,NULL,0,1,0,0,0,0,'2020-12-31 13:34:22'),(182,NULL,5120131,5,1,5120100,'Sueldo Elizabet','Result. Negativo',NULL,NULL,0,1,0,0,0,0,'2020-12-31 13:34:22'),(183,NULL,5120132,5,1,5120100,'Sueldo Florencia','Result. Negativo',NULL,NULL,0,1,0,0,0,0,'2020-12-31 13:34:22'),(184,NULL,5120133,5,1,5120100,'Sueldo Graciela','Result. Negativo',NULL,NULL,0,1,0,0,0,0,'2020-12-31 13:34:22'),(185,NULL,5120134,5,1,5120100,'Sueldo Franco Sanchez','Result. Negativo',NULL,NULL,0,1,0,0,0,0,'2020-12-31 13:34:22'),(186,NULL,5120135,5,1,5120100,'Sueldo Santiago Sanchez','Result. Negativo',NULL,NULL,0,1,0,0,0,0,'2020-12-31 13:34:22'),(187,NULL,5120136,5,1,5120100,'Sueldo Jose Luis','Result. Negativo',NULL,NULL,0,1,0,0,0,0,'2020-12-31 13:34:22'),(188,NULL,5120137,5,1,5120100,'Publicidad','Result. Negativo',NULL,NULL,1,1,0,0,0,1,NULL),(189,NULL,5120138,5,1,5120100,'Las Nieves','Result. Negativo',NULL,NULL,0,1,0,0,0,0,'2020-12-31 13:34:22'),(190,NULL,5120139,5,1,5120100,'Sueldo Lidia','Result. Negativo',NULL,NULL,0,1,0,0,0,0,'2020-12-31 13:34:22'),(191,NULL,5120140,5,1,5120100,'Cargas Sociales','Result. Negativo',NULL,NULL,1,1,0,0,0,1,NULL),(192,NULL,5120141,5,1,5120100,'Honorarios','Result. Negativo',NULL,NULL,1,1,0,0,0,1,NULL),(193,NULL,5120142,5,1,5120100,'Telefono Fijo','Result. Negativo',NULL,NULL,1,1,0,0,0,1,NULL),(194,NULL,5120143,5,1,5120100,'ONE DRIVE','Result. Negativo',NULL,NULL,0,1,0,0,0,0,'2020-12-31 13:34:22'),(195,NULL,5120144,5,1,5120100,'OSDE','Result. Negativo',NULL,NULL,0,1,0,0,0,0,'2020-12-31 13:34:22'),(196,NULL,5120145,5,1,5120100,'SAS Constitucion','Result. Negativo',NULL,NULL,0,1,0,0,0,0,'2020-12-31 13:34:22'),(197,NULL,5120146,5,1,5120100,'Seguro de Vida Zurich','Result. Negativo',NULL,NULL,0,1,0,0,0,0,'2020-12-31 13:34:22'),(198,NULL,5120147,5,1,5120100,'Seguros','Result. Negativo',NULL,NULL,1,1,0,0,0,1,NULL),(199,NULL,5120148,5,1,5120100,'Internet','Result. Negativo',NULL,NULL,1,1,0,0,0,1,NULL),(200,NULL,5120149,5,1,5120100,'Seguro de Retiro Zurich','Result. Negativo',NULL,NULL,0,1,0,0,0,0,'2020-12-31 13:34:22'),(201,NULL,5140165,5,1,5140100,'Monotributo','Result. Negativo',NULL,NULL,1,2,0,0,1,1,NULL),(202,NULL,5140104,5,1,5140100,'IVA In Time SRL','Result. Negativo',NULL,NULL,0,1,0,0,0,0,'2020-12-31 13:34:22'),(203,NULL,5140105,5,1,5140100,'Autonomos','Result. Negativo',NULL,NULL,1,2,0,0,1,1,NULL);
INSERT INTO `conta_plan_cuenta` VALUES (204,NULL,5140106,5,1,5140100,'Multas Impositivas','Result. Negativo',NULL,NULL,1,1,0,0,0,1,NULL),(207,NULL,5120150,5,1,5120100,'Vanesa Gastos','Result. Negativo',NULL,NULL,0,1,0,0,0,0,'2020-12-31 13:34:22'),(208,NULL,5140166,5,1,5140100,'Impuesto a los Ingresos Brutos - BS AS','Result. Negativo',NULL,NULL,1,1,0,0,0,1,NULL),(209,NULL,5140107,5,1,5140100,'SIRCREB','Result. Negativo',NULL,NULL,1,1,0,0,0,1,NULL),(210,NULL,5140108,5,1,5140100,'Consejo Ciencias Economicas','Result. Negativo',NULL,NULL,0,1,0,0,0,0,'2020-12-31 13:34:22'),(211,NULL,5120152,5,1,5120100,'Albano Andres','Result. Negativo',NULL,NULL,0,1,0,0,0,0,'2020-12-31 13:34:22'),(212,NULL,5120153,5,1,5120100,'Tarjeta Visa','Result. Negativo',NULL,NULL,1,1,0,0,0,1,NULL),(213,NULL,5120154,5,1,5120100,'Tarjeta American Express','Result. Negativo',NULL,NULL,1,1,0,0,0,1,NULL),(214,NULL,5120155,5,1,5120100,'Tarjeta Mastercard','Result. Negativo',NULL,NULL,1,1,0,0,0,1,NULL),(215,NULL,5120156,5,1,5120100,'Imp. Municipales Sufrida','Result. Negativo',NULL,NULL,1,2,0,0,0,1,NULL),(216,NULL,5120157,5,1,5120100,'Perc/Ret. Imp. Ganancias Sufrida','Result. Negativo',NULL,NULL,1,2,0,0,0,1,NULL),(217,NULL,5120158,5,1,5120100,'Compras','Result. Negativo',NULL,NULL,1,2,0,0,0,1,NULL),(218,NULL,4110106,5,2,4110100,'Ventas No Gravadas','Result. Positivo',1,NULL,1,2,0,0,0,1,NULL),(219,NULL,6110103,5,1,6110100,'Pagos AFIP','Movimiento',NULL,NULL,1,2,0,0,1,1,NULL),(220,NULL,5140167,5,1,5140100,'Perc IVA -RG3337 Sufrida','Result. Negativo',6,NULL,1,2,0,0,0,1,NULL),(221,NULL,5140109,5,1,5140100,'Imps. Internos Sufrida','Result. Negativo',NULL,NULL,1,2,0,0,0,1,NULL),(222,NULL,5140110,5,1,5140100,'Imp. Gasoil Sufrida','Result. Negativo',NULL,NULL,1,2,0,0,0,1,NULL),(223,NULL,5140111,5,1,5140100,'Imp. Hídricos Sufrida','Result. Negativo',NULL,NULL,1,2,0,0,0,1,NULL),(224,NULL,5140112,5,1,5140100,'ITC Sufrida','Result. Negativo',NULL,NULL,1,2,0,0,0,1,NULL),(225,NULL,5140113,5,1,5140100,'Perc IIBB  Buenos Aires Sufrida','Result. Negativo',7,NULL,1,2,0,0,0,1,NULL),(226,NULL,5140114,5,1,5140100,'Perc IIBB  Capital Federal Sufrida','Result. Negativo',7,NULL,1,2,0,0,0,1,NULL),(227,NULL,5140115,5,1,5140100,'Perc IIBB  Catamarca Sufrida','Result. Negativo',7,NULL,1,2,0,0,0,1,NULL),(228,NULL,5140116,5,1,5140100,'Perc IIBB  Chaco Sufrida','Result. Negativo',7,NULL,1,2,0,0,0,1,NULL),(229,NULL,5140117,5,1,5140100,'Perc IIBB  Chubut Sufrida','Result. Negativo',7,NULL,1,2,0,0,0,1,NULL),(230,NULL,5140118,5,1,5140100,'Perc IIBB  Córdoba Sufrida','Result. Negativo',7,NULL,1,2,0,0,0,1,NULL),(231,NULL,5140119,5,1,5140100,'Perc IIBB  Corrientes Sufrida','Result. Negativo',7,NULL,1,2,0,0,0,1,NULL),(232,NULL,5140120,5,1,5140100,'Perc IIBB  Entre Ríos Sufrida','Result. Negativo',7,NULL,1,2,0,0,0,1,NULL),(233,NULL,5140121,5,1,5140100,'Perc IIBB  Formosa Sufrida','Result. Negativo',7,NULL,1,2,0,0,0,1,NULL),(234,NULL,5140122,5,1,5140100,'Perc IIBB  Jujuy Sufrida','Result. Negativo',7,NULL,1,2,0,0,0,1,NULL),(235,NULL,5140123,5,1,5140100,'Perc IIBB  La Pampa Sufrida','Result. Negativo',7,NULL,1,2,0,0,0,1,NULL),(236,NULL,5140124,5,1,5140100,'Perc IIBB  La Rioja Sufrida','Result. Negativo',7,NULL,1,2,0,0,0,1,NULL),(237,NULL,5140125,5,1,5140100,'Perc IIBB  Mendoza Sufrida','Result. Negativo',7,NULL,1,2,0,0,0,1,NULL),(238,NULL,5140126,5,1,5140100,'Perc IIBB  Misiones Sufrida','Result. Negativo',7,NULL,1,2,0,0,0,1,NULL),(239,NULL,5140127,5,1,5140100,'Perc IIBB  Neuquén Sufrida','Result. Negativo',7,NULL,1,2,0,0,0,1,NULL),(240,NULL,5140128,5,1,5140100,'Perc IIBB  Pascua Lama Sufrida','Result. Negativo',7,NULL,1,2,0,0,0,1,NULL),(241,NULL,5140129,5,1,5140100,'Perc IIBB  Río Negro Sufrida','Result. Negativo',7,NULL,1,2,0,0,0,1,NULL),(242,NULL,5140130,5,1,5140100,'Perc IIBB  Salta Sufrida','Result. Negativo',7,NULL,1,2,0,0,0,1,NULL),(243,NULL,5140131,5,1,5140100,'Perc IIBB  San Juan Sufrida','Result. Negativo',7,NULL,1,2,0,0,0,1,NULL),(244,NULL,5140132,5,1,5140100,'Perc IIBB  San Luis Sufrida','Result. Negativo',7,NULL,1,2,0,0,0,1,NULL);
INSERT INTO `conta_plan_cuenta` VALUES (245,NULL,5140133,5,1,5140100,'Perc IIBB  Santa Cruz Sufrida','Result. Negativo',7,NULL,1,2,0,0,0,1,NULL),(246,NULL,5140134,5,1,5140100,'Perc IIBB  Santa Fe Sufrida','Result. Negativo',7,NULL,1,2,0,0,0,1,NULL),(247,NULL,5140135,5,1,5140100,'Perc IIBB  Santiago del Estero Sufrida','Result. Negativo',7,NULL,1,2,0,0,0,1,NULL),(248,NULL,5140136,5,1,5140100,'Perc IIBB  Tierra del Fuego Sufrida','Result. Negativo',7,NULL,1,2,0,0,0,1,NULL),(249,NULL,5140137,5,1,5140100,'Perc IIBB  Tucuman Sufrida','Result. Negativo',7,NULL,1,2,0,0,0,1,NULL),(250,NULL,5140138,5,1,5140100,'Compras No Gravadas','Result. Negativo',NULL,NULL,1,2,0,0,0,1,NULL),(251,NULL,1140108,5,1,1140100,'Retenciones de IIBB Buenos Aires','Activo',NULL,NULL,1,2,1,0,0,1,NULL),(252,NULL,1140109,5,1,1140100,'Retenciones de IIBB Capital Federal','Activo',NULL,NULL,1,2,1,0,0,1,NULL),(253,NULL,1140110,5,1,1140100,'Retenciones de IIBB Catamarca','Activo',NULL,NULL,1,2,1,0,0,1,NULL),(254,NULL,1140111,5,1,1140100,'Retenciones de IIBB Chaco','Activo',NULL,NULL,1,2,1,0,0,1,NULL),(255,NULL,1140112,5,1,1140100,'Retenciones de IIBB Chubut','Activo',NULL,NULL,1,2,1,0,0,1,NULL),(256,NULL,1140113,5,1,1140100,'Retenciones de IIBB Córdoba','Activo',NULL,NULL,1,2,1,0,0,1,NULL),(257,NULL,1140114,5,1,1140100,'Retenciones de IIBB Corrientes','Activo',NULL,NULL,1,2,1,0,0,1,NULL),(258,NULL,1140115,5,1,1140100,'Retenciones de IIBB Entre Ríos','Activo',NULL,NULL,1,2,1,0,0,1,NULL),(259,NULL,1140116,5,1,1140100,'Retenciones de IIBB Formosa','Activo',NULL,NULL,1,2,1,0,0,1,NULL),(260,NULL,1140117,5,1,1140100,'Retenciones de IIBB Jujuy','Activo',NULL,NULL,1,2,1,0,0,1,NULL),(261,NULL,1140118,5,1,1140100,'Retenciones de IIBB La Pampa','Activo',NULL,NULL,1,2,1,0,0,1,NULL),(262,NULL,1140119,5,1,1140100,'Retenciones de IIBB La Rioja','Activo',NULL,NULL,1,2,1,0,0,1,NULL),(263,NULL,1140120,5,1,1140100,'Retenciones de IIBB Mendoza','Activo',NULL,NULL,1,2,1,0,0,1,NULL),(264,NULL,1140121,5,1,1140100,'Retenciones de IIBB Misiones','Activo',NULL,NULL,1,2,1,0,0,1,NULL),(265,NULL,1140122,5,1,1140100,'Retenciones de IIBB Neuquén','Activo',NULL,NULL,1,2,1,0,0,1,NULL),(266,NULL,1140123,5,1,1140100,'Retenciones de IIBB Pascua Lama','Activo',NULL,NULL,1,2,1,0,0,1,NULL),(267,NULL,1140124,5,1,1140100,'Retenciones de IIBB Río Negro','Activo',NULL,NULL,1,2,1,0,0,1,NULL),(268,NULL,1140125,5,1,1140100,'Retenciones de IIBB Salta','Activo',NULL,NULL,1,2,1,0,0,1,NULL),(269,NULL,1140126,5,1,1140100,'Retenciones de IIBB San Juan','Activo',NULL,NULL,1,2,1,0,0,1,NULL),(270,NULL,1140127,5,1,1140100,'Retenciones de IIBB San Luis','Activo',NULL,NULL,1,2,1,0,0,1,NULL),(271,NULL,1140128,5,1,1140100,'Retenciones de IIBB Santa Cruz','Activo',NULL,NULL,1,2,1,0,0,1,NULL),(272,NULL,1140129,5,1,1140100,'Retenciones de IIBB Santa Fe','Activo',NULL,NULL,1,2,1,0,0,1,NULL),(273,NULL,1140130,5,1,1140100,'Retenciones de IIBB Santiago del Estero','Activo',NULL,NULL,1,2,1,0,0,1,NULL),(274,NULL,1140131,5,1,1140100,'Retenciones de IIBB Tierra del Fuego','Activo',NULL,NULL,1,2,1,0,0,1,NULL),(275,NULL,1140132,5,1,1140100,'Retenciones de IIBB Tucuman','Activo',NULL,NULL,1,2,1,0,0,1,NULL),(276,NULL,5140168,5,1,5140100,'SIRCREB Buenos Aires','Result. Negativo',NULL,NULL,1,2,0,0,0,1,NULL),(277,NULL,5140139,5,1,5140100,'SIRCREB Capital Federal','Result. Negativo',NULL,NULL,1,2,0,0,0,1,NULL),(278,NULL,5140140,5,1,5140100,'SIRCREB Catamarca','Result. Negativo',NULL,NULL,1,2,0,0,0,1,NULL),(279,NULL,5140141,5,1,5140100,'SIRCREB Chaco','Result. Negativo',NULL,NULL,1,2,0,0,0,1,NULL),(280,NULL,5140142,5,1,5140100,'SIRCREB Chubut','Result. Negativo',NULL,NULL,1,2,0,0,0,1,NULL),(281,NULL,5140143,5,1,5140100,'SIRCREB Córdoba','Result. Negativo',NULL,NULL,1,2,0,0,0,1,NULL),(282,NULL,5140144,5,1,5140100,'SIRCREB Corrientes','Result. Negativo',NULL,NULL,1,2,0,0,0,1,NULL),(283,NULL,5140145,5,1,5140100,'SIRCREB Entre Ríos','Result. Negativo',NULL,NULL,1,2,0,0,0,1,NULL),(284,NULL,5140146,5,1,5140100,'SIRCREB Formosa','Result. Negativo',NULL,NULL,1,2,0,0,0,1,NULL);
INSERT INTO `conta_plan_cuenta` VALUES (285,NULL,5140147,5,1,5140100,'SIRCREB Jujuy','Result. Negativo',NULL,NULL,1,2,0,0,0,1,NULL),(286,NULL,5140148,5,1,5140100,'SIRCREB La Pampa','Result. Negativo',NULL,NULL,1,2,0,0,0,1,NULL),(287,NULL,5140149,5,1,5140100,'SIRCREB La Rioja','Result. Negativo',NULL,NULL,1,2,0,0,0,1,NULL),(288,NULL,5140150,5,1,5140100,'SIRCREB Mendoza','Result. Negativo',NULL,NULL,1,2,0,0,0,1,NULL),(289,NULL,5140151,5,1,5140100,'SIRCREB Misiones','Result. Negativo',NULL,NULL,1,2,0,0,0,1,NULL),(290,NULL,5140152,5,1,5140100,'SIRCREB Neuquén','Result. Negativo',NULL,NULL,1,2,0,0,0,1,NULL),(291,NULL,5140153,5,1,5140100,'SIRCREB Pascua Lama','Result. Negativo',NULL,NULL,1,2,0,0,0,1,NULL),(292,NULL,5140154,5,1,5140100,'SIRCREB Río Negro','Result. Negativo',NULL,NULL,1,2,0,0,0,1,NULL),(293,NULL,5140155,5,1,5140100,'SIRCREB Salta','Result. Negativo',NULL,NULL,1,2,0,0,0,1,NULL),(294,NULL,5140156,5,1,5140100,'SIRCREB San Juan','Result. Negativo',NULL,NULL,1,2,0,0,0,1,NULL),(295,NULL,5140157,5,1,5140100,'SIRCREB San Luis','Result. Negativo',NULL,NULL,1,2,0,0,0,1,NULL),(296,NULL,5140158,5,1,5140100,'SIRCREB Santa Cruz','Result. Negativo',NULL,NULL,1,2,0,0,0,1,NULL),(297,NULL,5140159,5,1,5140100,'SIRCREB Santa Fe','Result. Negativo',NULL,NULL,1,2,0,0,0,1,NULL),(298,NULL,5140160,5,1,5140100,'SIRCREB Santiago del Estero','Result. Negativo',NULL,NULL,1,2,0,0,0,1,NULL),(299,NULL,5140161,5,1,5140100,'SIRCREB Tierra del Fuego','Result. Negativo',NULL,NULL,1,2,0,0,0,1,NULL),(300,NULL,5140162,5,1,5140100,'SIRCREB Tucuman','Result. Negativo',NULL,NULL,1,2,0,0,0,1,NULL),(301,NULL,1140326,5,1,1140300,'IIBB a Favor Buenos Aires','Activo',NULL,NULL,1,2,0,0,0,1,NULL),(302,NULL,1140302,5,1,1140300,'IIBB a Favor Capital Federal','Activo',NULL,NULL,1,2,0,0,0,1,NULL),(303,NULL,1140303,5,1,1140300,'IIBB a Favor Catamarca','Activo',NULL,NULL,1,2,0,0,0,1,NULL),(304,NULL,1140304,5,1,1140300,'IIBB a Favor Chaco','Activo',NULL,NULL,1,2,0,0,0,1,NULL),(305,NULL,1140305,5,1,1140300,'IIBB a Favor Chubut','Activo',NULL,NULL,1,2,0,0,0,1,NULL),(306,NULL,1140306,5,1,1140300,'IIBB a Favor Córdoba','Activo',NULL,NULL,1,2,0,0,0,1,NULL),(307,NULL,1140307,5,1,1140300,'IIBB a Favor Corrientes','Activo',NULL,NULL,1,2,0,0,0,1,NULL),(308,NULL,1140308,5,1,1140300,'IIBB a Favor Entre Ríos','Activo',NULL,NULL,1,2,0,0,0,1,NULL),(309,NULL,1140309,5,1,1140300,'IIBB a Favor Formosa','Activo',NULL,NULL,1,2,0,0,0,1,NULL),(310,NULL,1140310,5,1,1140300,'IIBB a Favor Jujuy','Activo',NULL,NULL,1,2,0,0,0,1,NULL),(311,NULL,1140311,5,1,1140300,'IIBB a Favor La Pampa','Activo',NULL,NULL,1,2,0,0,0,1,NULL),(312,NULL,1140312,5,1,1140300,'IIBB a Favor La Rioja','Activo',NULL,NULL,1,2,0,0,0,1,NULL),(313,NULL,1140313,5,1,1140300,'IIBB a Favor Mendoza','Activo',NULL,NULL,1,2,0,0,0,1,NULL),(314,NULL,1140314,5,1,1140300,'IIBB a Favor Misiones','Activo',NULL,NULL,1,2,0,0,0,1,NULL),(315,NULL,1140315,5,1,1140300,'IIBB a Favor Neuquén','Activo',NULL,NULL,1,2,0,0,0,1,NULL),(316,NULL,1140316,5,1,1140300,'IIBB a Favor Pascua Lama','Activo',NULL,NULL,1,2,0,0,0,1,NULL),(317,NULL,1140317,5,1,1140300,'IIBB a Favor Río Negro','Activo',NULL,NULL,1,2,0,0,0,1,NULL),(318,NULL,1140318,5,1,1140300,'IIBB a Favor Salta','Activo',NULL,NULL,1,2,0,0,0,1,NULL),(319,NULL,1140319,5,1,1140300,'IIBB a Favor San Juan','Activo',NULL,NULL,1,2,0,0,0,1,NULL),(320,NULL,1140320,5,1,1140300,'IIBB a Favor San Luis','Activo',NULL,NULL,1,2,0,0,0,1,NULL),(321,NULL,1140321,5,1,1140300,'IIBB a Favor Santa Cruz','Activo',NULL,NULL,1,2,0,0,0,1,NULL),(322,NULL,1140322,5,1,1140300,'IIBB a Favor Santa Fe','Activo',NULL,NULL,1,2,0,0,0,1,NULL),(323,NULL,1140323,5,1,1140300,'IIBB a Favor Santiago del Estero','Activo',NULL,NULL,1,2,0,0,0,1,NULL),(324,NULL,1140324,5,1,1140300,'IIBB a Favor Tierra del Fuego','Activo',NULL,NULL,1,2,0,0,0,1,NULL),(325,NULL,1140325,5,1,1140300,'IIBB a Favor Tucuman','Activo',NULL,NULL,1,2,0,0,0,1,NULL),(326,NULL,2110317,5,2,2110300,'IIBB a Pagar Buenos Aires','Pasivo',NULL,NULL,1,2,0,0,0,1,NULL);
INSERT INTO `conta_plan_cuenta` VALUES (327,NULL,2110318,5,2,2110300,'IIBB a Pagar Capital Federal','Pasivo',NULL,NULL,1,2,0,0,0,1,NULL),(328,NULL,2110319,5,2,2110300,'IIBB a Pagar Catamarca','Pasivo',NULL,NULL,1,2,0,0,0,1,NULL),(329,NULL,2110320,5,2,2110300,'IIBB a Pagar Chaco','Pasivo',NULL,NULL,1,2,0,0,0,1,NULL),(330,NULL,2110321,5,2,2110300,'IIBB a Pagar Chubut','Pasivo',NULL,NULL,1,2,0,0,0,1,NULL),(331,NULL,2110322,5,2,2110300,'IIBB a Pagar Córdoba','Pasivo',NULL,NULL,1,2,0,0,0,1,NULL),(332,NULL,2110323,5,2,2110300,'IIBB a Pagar Corrientes','Pasivo',NULL,NULL,1,2,0,0,0,1,NULL),(333,NULL,2110324,5,2,2110300,'IIBB a Pagar Entre Ríos','Pasivo',NULL,NULL,1,2,0,0,0,1,NULL),(334,NULL,2110325,5,2,2110300,'IIBB a Pagar Formosa','Pasivo',NULL,NULL,1,2,0,0,0,1,NULL),(335,NULL,2110326,5,2,2110300,'IIBB a Pagar Jujuy','Pasivo',NULL,NULL,1,2,0,0,0,1,NULL),(336,NULL,2110327,5,2,2110300,'IIBB a Pagar La Pampa','Pasivo',NULL,NULL,1,2,0,0,0,1,NULL),(337,NULL,2110328,5,2,2110300,'IIBB a Pagar La Rioja','Pasivo',NULL,NULL,1,2,0,0,0,1,NULL),(338,NULL,2110329,5,2,2110300,'IIBB a Pagar Mendoza','Pasivo',NULL,NULL,1,2,0,0,0,1,NULL),(339,NULL,2110330,5,2,2110300,'IIBB a Pagar Misiones','Pasivo',NULL,NULL,1,2,0,0,0,1,NULL),(340,NULL,2110331,5,2,2110300,'IIBB a Pagar Neuquén','Pasivo',NULL,NULL,1,2,0,0,0,1,NULL),(341,NULL,2110332,5,2,2110300,'IIBB a Pagar Pascua Lama','Pasivo',NULL,NULL,1,2,0,0,0,1,NULL),(342,NULL,2110333,5,2,2110300,'IIBB a Pagar Río Negro','Pasivo',NULL,NULL,1,2,0,0,0,1,NULL),(343,NULL,2110334,5,2,2110300,'IIBB a Pagar Salta','Pasivo',NULL,NULL,1,2,0,0,0,1,NULL),(344,NULL,2110335,5,2,2110300,'IIBB a Pagar San Juan','Pasivo',NULL,NULL,1,2,0,0,0,1,NULL),(345,NULL,2110336,5,2,2110300,'IIBB a Pagar San Luis','Pasivo',NULL,NULL,1,2,0,0,0,1,NULL),(346,NULL,2110337,5,2,2110300,'IIBB a Pagar Santa Cruz','Pasivo',NULL,NULL,1,2,0,0,0,1,NULL),(347,NULL,2110338,5,2,2110300,'IIBB a Pagar Santa Fe','Pasivo',NULL,NULL,1,2,0,0,0,1,NULL),(348,NULL,2110339,5,2,2110300,'IIBB a Pagar Santiago del Estero','Pasivo',NULL,NULL,1,2,0,0,0,1,NULL),(349,NULL,2110340,5,2,2110300,'IIBB a Pagar Tierra del Fuego','Pasivo',NULL,NULL,1,2,0,0,0,1,NULL),(350,NULL,2110341,5,2,2110300,'IIBB a Pagar Tucuman','Pasivo',NULL,NULL,1,2,0,0,0,1,NULL),(351,NULL,6110101,5,1,6110100,'BANCO SIRCREB','Movimiento',NULL,NULL,1,2,0,0,1,1,NULL),(352,NULL,6110102,5,1,6110100,'Compensacion','Movimiento',NULL,NULL,1,2,0,0,0,1,NULL),(353,NULL,1140327,5,1,1140300,'IVA Saldo Tecnico','Activo',NULL,NULL,1,2,0,0,0,1,NULL),(354,NULL,1140328,5,1,1140300,'IVA Saldo Libre Disponibilidad','Activo',NULL,NULL,1,2,0,0,0,1,NULL),(355,NULL,6000000,1,1,0,'Movimiento','Movimiento',NULL,NULL,1,1,0,0,0,0,NULL),(356,NULL,6100000,2,1,6000000,'Movimiento','Movimiento',NULL,NULL,1,1,0,0,0,0,NULL),(357,NULL,6110000,3,1,6100000,'Movimiento','Movimiento',NULL,NULL,1,1,0,0,0,0,NULL),(358,NULL,4110000,3,2,4100000,'Ingresos Operativos','Result. Positivo',NULL,NULL,1,1,0,0,0,0,NULL),(359,NULL,1110120,5,1,1110100,'Caja en Pesos','Activo',NULL,NULL,1,2,1,1,1,0,NULL),(360,NULL,1140211,5,1,1140200,'Retenciones Bancarias de Ganancias a Favor','Activo',3,NULL,1,2,0,0,1,1,NULL),(361,NULL,1220104,5,1,1220100,'Equipos de Computación','Activo',5,NULL,1,1,0,0,0,1,NULL),(362,NULL,1220105,5,1,1220100,'Computadoras','Activo',5,NULL,1,1,0,0,0,1,NULL),(363,NULL,1220304,5,1,1220300,'Muebles y Utiles','Activo',5,NULL,1,1,0,0,0,1,NULL),(364,NULL,2110105,5,2,2110100,'Anticipo de Clientes','Pasivo',NULL,NULL,1,2,0,0,1,1,NULL),(365,NULL,2110401,5,2,2110400,'Provision Honorarios','Pasivo',NULL,NULL,1,1,0,0,0,1,NULL),(366,NULL,2110106,5,2,2110100,'Cta. Cte Directores','Pasivo',NULL,NULL,1,1,0,0,0,1,NULL),(367,NULL,2110107,5,2,2110100,'Provisión Honorarios Directores','Pasivo',NULL,NULL,1,1,0,0,0,1,NULL),(368,NULL,2110110,5,2,2110100,'Cuenta Particular Socio 1','Pasivo',NULL,NULL,1,1,0,0,0,1,NULL),(369,NULL,3110104,5,2,3110100,'Capital','Patrimonio Neto',NULL,NULL,1,1,0,0,0,1,NULL),(370,NULL,1120000,3,1,1100000,'INVERSIONES','Activo',NULL,NULL,1,1,0,0,0,0,NULL);
INSERT INTO `conta_plan_cuenta` VALUES (371,NULL,1160000,3,1,1100000,'OTROS ACTIVOS','Activo',5,NULL,1,1,0,0,0,0,NULL),(372,NULL,1160100,4,1,1160000,'OTROS','Activo',5,NULL,1,1,0,0,0,0,NULL),(373,NULL,2110400,4,2,2110000,'Provision de Honorarios','Pasivo',NULL,NULL,1,1,0,0,0,0,NULL),(374,NULL,3410100,4,1,3410000,'RESULTADOS ACUMULADOS','Patrimonio Neto',NULL,NULL,1,1,0,0,0,0,NULL),(375,NULL,3420000,3,1,3400000,'GANACIAS RESERVADAS','Patrimonio Neto',NULL,NULL,1,1,0,0,0,0,NULL),(376,NULL,3420100,4,1,3420000,'Rerva Legal','Patrimonio Neto',NULL,NULL,1,1,0,0,0,0,NULL),(377,NULL,1220400,4,1,1220000,'INMUEBLES','Activo',5,NULL,1,1,0,0,0,0,NULL),(378,NULL,1220500,4,1,1220000,'RODADOS','Activo',5,NULL,1,1,0,0,0,0,NULL),(379,NULL,1220600,4,1,1220000,'MAQUINARIAS','Activo',5,NULL,1,1,0,0,0,0,NULL),(380,NULL,1220204,5,1,1220200,'Instalaciones','Activo',5,NULL,1,1,0,0,0,1,NULL),(381,NULL,3420101,5,2,3420100,'Reserva Legal','Patrimonio Neto',NULL,NULL,1,1,0,0,0,1,NULL),(382,NULL,3420102,5,2,3420100,'Reserva Legal','Patrimonio Neto',NULL,NULL,1,1,0,0,0,1,'2020-12-31 13:34:22'),(383,NULL,3410105,5,2,3410100,'Resultado no asignado','Patrimonio Neto',NULL,NULL,1,1,0,0,0,1,NULL),(384,NULL,1110121,5,1,1110100,'Caja en Dolares','Activo',NULL,NULL,1,2,1,1,1,0,NULL),(385,NULL,1120100,4,1,1120000,'TEMPORARIAS','Activo',NULL,NULL,1,1,0,0,0,0,NULL),(386,NULL,1120101,5,1,1120100,'PLAZO FIJO','Activo',NULL,NULL,1,1,0,0,0,1,NULL),(387,NULL,1120200,4,1,1120000,'PERMANENTES','Activo',NULL,NULL,1,1,0,0,0,0,NULL),(388,NULL,1120201,5,1,1120200,'ACCIONES','Activo',NULL,NULL,1,1,0,0,0,1,NULL),(389,NULL,1220401,5,1,1220400,'Inmuebles','Activo',5,NULL,1,1,0,0,0,1,NULL),(390,NULL,1220501,5,1,1220500,'Vehiculos','Activo',5,NULL,1,1,0,0,0,1,NULL),(391,NULL,1220601,5,1,1220600,'Maquinarias','Activo',5,NULL,1,1,0,0,0,1,NULL),(392,NULL,1150401,5,1,1150400,'MERCADERIAS','Activo',5,NULL,1,1,0,0,0,1,NULL),(393,NULL,1160101,5,1,1160100,'OTROS','Activo',5,NULL,1,1,0,0,0,1,NULL),(394,NULL,1230100,4,1,1230000,'INTANGIBLES','Activo',5,NULL,1,1,0,0,0,0,NULL),(395,NULL,2110119,5,2,2110100,'Cuenta Particular Socio 2','Pasivo',NULL,NULL,1,1,0,0,0,1,NULL),(396,NULL,5120160,5,1,5120100,'Comisiones Y gastos Bancarios','Result. Negativo',NULL,NULL,1,1,0,0,0,1,NULL),(397,NULL,4110100,4,2,4110000,'Ingresos Operativos','Result. Positivo',NULL,NULL,1,1,0,0,0,0,NULL),(398,NULL,4120100,4,2,4120000,'OTROS INGRESOS','Result. Positivo',NULL,NULL,1,1,0,0,0,0,NULL),(399,NULL,5110000,3,1,5100000,'GASTOS ORDINARIOS','Result. Negativo',NULL,NULL,1,1,0,0,0,0,NULL),(400,NULL,5120000,3,1,5100000,'GASTOS DE OPERACION','Result. Negativo',NULL,NULL,1,1,0,0,0,0,NULL),(401,NULL,5130000,3,1,5100000,'GASTOS DE OPERACION','Result. Negativo',NULL,NULL,1,1,0,0,0,0,NULL),(402,NULL,5140000,3,1,5100000,'GASTOS DE OPERACION','Result. Negativo',NULL,NULL,1,1,0,0,0,0,NULL),(403,NULL,5210000,3,1,5200000,'GASTOS EXTRAORDINARIOS','Result. Negativo',NULL,NULL,1,1,0,0,0,0,NULL),(404,NULL,5210100,4,1,5210000,'GASTOS EXTRAORDINARIOS','Result. Negativo',NULL,NULL,1,1,0,0,0,0,NULL),(405,NULL,6110100,4,1,6110000,'Movimiento','Movimiento',NULL,NULL,1,1,0,0,0,0,NULL),(406,NULL,1130100,4,1,1130000,'Operaciones Ordinarias','Activo',NULL,NULL,1,1,0,0,0,0,NULL),(407,NULL,3110000,3,2,3100000,'CAPITAL SOCIAL','Patrimonio Neto',NULL,NULL,1,1,0,0,0,0,NULL),(408,NULL,3410000,3,2,3400000,'RESULTADOS ANTERIORES','Patrimonio Neto',NULL,NULL,1,1,0,0,0,0,NULL),(409,NULL,5110101,5,2,5110000,'IVA Crédito Fiscal No computable','Result. Negativo',NULL,NULL,1,2,0,0,1,1,NULL),(410,NULL,1110203,5,1,1110200,'Banco ICBC Cta. Cte.','Activo',NULL,NULL,1,2,1,1,1,0,NULL),(411,NULL,2110342,5,2,2110300,'Provisión Impuesto a las Ganancias','Pasivo',NULL,NULL,1,1,0,0,0,1,NULL),(412,NULL,5120107,5,2,5120000,'Amortización Muebles y Útiles','Result. Negativo',NULL,NULL,1,1,0,0,0,1,NULL),(413,NULL,5120102,5,2,5120000,'Amortización Equipos','Result. Negativo',NULL,NULL,1,1,0,0,0,1,NULL),(414,NULL,1220109,5,1,1220100,'Amortizacion Acumulada Equipos','Activo',5,NULL,1,1,0,0,0,1,NULL);
INSERT INTO `conta_plan_cuenta` VALUES (415,NULL,1220602,5,1,1220600,'Amortización Acumulada Maquinarias','Activo',5,NULL,1,1,0,0,0,1,NULL),(416,NULL,1160102,5,1,1160100,'Materias Primas','Activo',5,NULL,1,1,0,0,0,1,NULL),(417,NULL,1110204,5,1,1110200,'Banco Itaú Cta. Cte.','Activo',NULL,NULL,1,2,1,1,1,0,NULL),(418,NULL,2110113,5,2,2110100,'Deudas Bancarias','Pasivo',NULL,NULL,1,2,0,1,1,1,NULL),(419,NULL,1220502,5,1,1220500,'Rodados','Activo',5,NULL,1,1,0,0,0,1,NULL),(420,NULL,1220503,5,1,1220500,'Amortización Acumulada Rodados','Activo',5,NULL,1,1,0,0,0,1,NULL),(421,NULL,5120105,5,2,5120000,'Amortización Rodados','Result. Negativo',NULL,NULL,1,1,0,0,0,1,'2020-12-31 13:34:22'),(422,NULL,5120109,5,2,5120000,'Amortización Maquinarias','Result. Negativo',NULL,NULL,1,1,0,0,0,1,'2020-12-31 13:34:22'),(423,NULL,1220504,5,1,1220500,'Accesorios','Activo',5,NULL,1,1,0,0,0,1,NULL),(424,NULL,1220505,5,1,1220500,'Amortización Acumulada Accesorios','Activo',5,NULL,1,1,0,0,0,1,NULL),(425,NULL,1110205,5,1,1110200,'Banco Galicia Cta. Cte.','Activo',NULL,NULL,1,2,1,1,1,0,NULL),(426,NULL,3420101,5,2,3420000,'Reserva Facultativa','Patrimonio Neto',NULL,NULL,1,1,0,0,0,1,NULL),(427,NULL,1140212,5,1,1140200,'Créditos por Impuestos Diferidos','Activo',NULL,NULL,1,1,0,0,0,1,NULL),(428,NULL,1160103,5,1,1160100,'Fondo de Comercio','Activo',5,NULL,1,1,0,0,0,1,NULL),(429,NULL,1160104,5,1,1160100,'Amortizacion Acumulada Fondo de Comercio','Activo',5,NULL,1,1,0,0,0,1,NULL),(430,NULL,1140213,5,1,1140200,'Intereses a devengar AGIP','Activo',NULL,NULL,1,1,0,0,0,1,NULL),(431,NULL,2110343,5,2,2110300,'PFP IIBB','Pasivo',NULL,NULL,1,1,0,0,0,1,'2020-12-31 13:34:22'),(432,NULL,1140330,5,1,1140300,'Pago a Cuenta ITC','Activo',NULL,NULL,1,2,0,0,0,1,NULL),(433,NULL,2110114,5,2,2110100,'Préstamo','Pasivo',NULL,NULL,1,2,0,1,1,1,NULL),(434,NULL,1160106,5,1,1160100,'Productos','Activo',5,NULL,1,1,0,0,0,1,NULL),(435,NULL,2110345,5,2,2110300,'Intereses a devengar PFP','Pasivo',NULL,NULL,1,1,0,0,0,1,NULL),(436,NULL,1110206,5,1,1110200,'Banco Provincia Cta. Cte.','Activo',NULL,NULL,1,2,1,1,1,0,NULL),(437,NULL,1140215,5,1,1140200,'Imp. Ley 25413 Cred 0.6%','Activo',NULL,NULL,1,1,0,0,0,1,NULL),(438,NULL,2110402,5,2,2110400,'Honorarios Directorio a Pagar','Pasivo',NULL,NULL,1,1,0,0,0,1,NULL),(439,NULL,3110101,5,2,3110100,'Reserva para Futuras Inversiones','Patrimonio Neto',NULL,NULL,1,1,0,0,0,1,NULL),(440,NULL,1130106,5,1,1130100,'TEAC - Trabajos Ejecutados a Certificar','Activo',NULL,NULL,1,1,0,0,0,1,NULL),(441,NULL,2110115,5,2,2110100,'Leasing','Pasivo',NULL,NULL,1,2,0,1,1,1,NULL),(442,NULL,1110207,5,1,1110200,'Banco Comafi Cta. Cte','Activo',NULL,NULL,1,2,1,1,1,0,NULL),(443,NULL,2110500,4,2,2110000,'Deudas Financieras','Pasivo',NULL,NULL,1,1,0,0,0,0,NULL),(444,NULL,2110501,5,2,2110500,'Banco Santander Rio Cta Cte','Pasivo',NULL,NULL,1,1,0,0,0,1,NULL),(446,NULL,2210000,3,2,2200000,'Deudas','Pasivo',NULL,NULL,1,1,0,0,0,0,NULL),(447,NULL,2210100,4,2,2210000,'Otras Deudas','Pasivo',NULL,NULL,1,1,0,0,0,0,NULL),(448,NULL,2210101,5,2,2210100,'Planes de Pagos AFIP','Pasivo',NULL,NULL,1,2,0,1,1,1,NULL),(449,NULL,2110502,5,2,2110500,'Leasing','Pasivo',NULL,NULL,1,1,0,0,0,1,NULL),(450,NULL,6110101,5,1,6110000,'Cheques Rechazados','Movimiento',NULL,NULL,1,2,0,0,1,1,NULL),(451,NULL,1110208,5,1,1110200,'Banco Patagonia Taxes Software','Activo',NULL,NULL,1,2,1,1,1,0,NULL),(452,NULL,1110209,5,1,1110200,'Banco Macro Cta. Cte.','Activo',NULL,NULL,1,2,1,1,1,0,NULL),(453,NULL,1120202,5,1,1120200,'Inversión Central Caribe','Activo',NULL,NULL,1,1,0,0,0,1,'2020-12-31 13:34:22'),(454,NULL,1120102,5,1,1120100,'Otras Inversiones','Activo',NULL,NULL,1,1,0,0,0,1,NULL),(455,NULL,1140216,5,1,1140200,'Otros Créditos','Activo',NULL,NULL,1,1,0,0,0,1,NULL),(456,NULL,2110403,5,2,2110400,'Provisión Honorarios Socio Gerente','Pasivo',NULL,NULL,1,1,0,0,0,1,NULL),(457,NULL,1110210,5,1,1110200,'Cheque Diferido Banco Santander Rio','Activo',NULL,NULL,1,2,1,1,1,0,'2020-12-31 13:34:22');
INSERT INTO `conta_plan_cuenta` VALUES (458,NULL,1110211,5,1,1110200,'Cheque Diferido Banco Macro','Activo',NULL,NULL,1,2,1,1,1,0,'2020-12-31 13:34:22'),(459,NULL,2110204,5,2,2110200,'Moratoria SUSS a pagar','Pasivo',NULL,NULL,1,1,0,0,0,1,NULL),(460,NULL,2110344,5,2,2110300,'Impuestos Municipales a Pagar','Pasivo',NULL,NULL,1,1,0,0,0,1,NULL),(461,NULL,5110103,5,2,5110000,'Amortización Instalaciones','Result. Negativo',NULL,NULL,1,1,0,0,0,1,NULL),(462,NULL,5120110,5,2,5120000,'Amortización Equipos de comput.','Result. Negativo',NULL,NULL,1,1,0,0,0,1,'2020-12-31 13:34:22'),(463,NULL,2110118,5,2,2110100,'Cuenta Particular Socio 3','Pasivo',NULL,NULL,1,1,0,0,0,1,NULL),(464,NULL,2110120,5,2,2110100,'Cuenta Particular Socio 4','Pasivo',NULL,NULL,1,1,0,0,0,1,NULL),(465,NULL,3110102,5,2,3110100,'Otras Reservas','Patrimonio Neto',NULL,NULL,1,1,0,0,0,1,NULL),(466,NULL,1140331,5,1,1140300,'IGMP (Saldo a Favor)','Activo',NULL,NULL,1,1,0,0,0,1,NULL),(467,NULL,5110104,5,2,5110000,'Interés','Result. Negativo',NULL,NULL,1,2,0,0,1,1,NULL),(468,NULL,1150402,5,1,1150400,'Productos en Proceso','Activo',5,NULL,1,1,0,0,0,1,NULL),(469,NULL,2110205,5,2,2110200,'Depósitos en Garantía Socio Gerente','Pasivo',NULL,NULL,1,1,0,0,0,1,NULL),(470,NULL,2110346,5,2,2110300,'Fondos Embargados','Pasivo',NULL,NULL,1,1,0,0,0,1,NULL),(471,NULL,2110347,5,2,2110300,'Cuota Solid.','Pasivo',NULL,NULL,1,1,0,0,0,1,'2020-12-31 13:34:22'),(472,NULL,1140332,5,1,1140300,'Anticipo Honorarios Directores','Activo',NULL,NULL,1,1,0,0,0,1,NULL),(473,NULL,2110348,5,2,2110300,'SICORE a Pagar','Pasivo',NULL,NULL,1,1,0,0,0,1,NULL),(474,NULL,1110212,5,1,1110200,'Banco Credicoop Cta. Cte.','Activo',NULL,NULL,1,2,1,1,1,0,NULL),(475,NULL,1110213,5,1,1110200,'Banco Superville Cta. Cte.','Activo',NULL,NULL,1,2,1,1,1,0,NULL),(476,NULL,5110105,5,2,5110000,'RECPAM','Result. Negativo',NULL,NULL,1,2,0,0,0,1,NULL),(477,NULL,1110125,5,1,1110100,'Caja Reales','Activo',NULL,NULL,1,2,1,1,1,0,NULL),(478,NULL,5140169,5,1,5140100,'CO2 - Imp. Al Carbono Sufrida','Result. Negativo',NULL,NULL,1,2,0,0,0,1,NULL),(479,NULL,1140300,4,1,1140000,'Anticipo de Impuestos','Activo',NULL,NULL,1,1,0,0,0,0,NULL),(480,NULL,2110600,4,2,2110000,'Retenciones Efectuadas','Pasivo',NULL,NULL,1,1,0,0,0,0,NULL),(481,NULL,4200000,2,2,4000000,'INGRESOS EXTRAORDINARIOS','Result. Positivo',NULL,NULL,1,1,0,0,0,0,NULL),(1001,NULL,5140170,5,1,5140100,'SIRTAC Córdoba','Result. Negativo',NULL,NULL,1,2,0,0,0,1,NULL),(1002,NULL,5140171,5,1,5140100,'SIRTAC Corrientes','Result. Negativo',NULL,NULL,1,2,0,0,0,1,NULL),(1003,NULL,5140172,5,1,5140100,'SIRTAC Chaco','Result. Negativo',NULL,NULL,1,2,0,0,0,1,NULL),(1004,NULL,5140173,5,1,5140100,'SIRTAC Chubut','Result. Negativo',NULL,NULL,1,2,0,0,0,1,NULL),(1005,NULL,5140174,5,1,5140100,'SIRTAC Entre Ríos','Result. Negativo',NULL,NULL,1,2,0,0,0,1,NULL),(1006,NULL,5140175,5,1,5140100,'SIRTAC Formosa','Result. Negativo',NULL,NULL,1,2,0,0,0,1,NULL),(1007,NULL,5140176,5,1,5140100,'SIRTAC Jujuy','Result. Negativo',NULL,NULL,1,2,0,0,0,1,NULL),(1008,NULL,5140177,5,1,5140100,'SIRTAC La Pampa','Result. Negativo',NULL,NULL,1,2,0,0,0,1,NULL),(1009,NULL,5140178,5,1,5140100,'SIRTAC La Rioja','Result. Negativo',NULL,NULL,1,2,0,0,0,1,NULL),(1010,NULL,5140179,5,1,5140100,'SIRTAC Mendoza','Result. Negativo',NULL,NULL,1,2,0,0,0,1,NULL),(1011,NULL,5140180,5,1,5140100,'SIRTAC Misiones','Result. Negativo',NULL,NULL,1,2,0,0,0,1,NULL),(1012,NULL,5140181,5,1,5140100,'SIRTAC Neuquén','Result. Negativo',NULL,NULL,1,2,0,0,0,1,NULL),(1013,NULL,5140182,5,1,5140100,'SIRTAC Río Negro','Result. Negativo',NULL,NULL,1,2,0,0,0,1,NULL),(1014,NULL,5140183,5,1,5140100,'SIRTAC Salta','Result. Negativo',NULL,NULL,1,2,0,0,0,1,NULL),(1015,NULL,5140184,5,1,5140100,'SIRTAC San Juan','Result. Negativo',NULL,NULL,1,2,0,0,0,1,NULL),(1016,NULL,5140185,5,1,5140100,'SIRTAC San Luis','Result. Negativo',NULL,NULL,1,2,0,0,0,1,NULL),(1017,NULL,5140186,5,1,5140100,'SIRTAC Santa Cruz','Result. Negativo',NULL,NULL,1,2,0,0,0,1,NULL);
INSERT INTO `conta_plan_cuenta` VALUES (1018,NULL,5140187,5,1,5140100,'SIRTAC Santa Fe','Result. Negativo',NULL,NULL,1,2,0,0,0,1,NULL),(1019,NULL,5140188,5,1,5140100,'SIRTAC Santiago del Estero','Result. Negativo',NULL,NULL,1,2,0,0,0,1,NULL),(1020,NULL,5140189,5,1,5140100,'SIRTAC Tierra del Fuego','Result. Negativo',NULL,NULL,1,2,0,0,0,1,NULL),(1021,NULL,5140190,5,1,5140100,'SIRTAC Tucuman','Result. Negativo',NULL,NULL,1,2,0,0,0,1,NULL),(1022,NULL,5140191,5,1,5140100,'SIRTAC Capital Federal','Result. Negativo',NULL,NULL,1,2,0,0,0,1,NULL),(1023,NULL,5140192,5,1,5140100,'SIRTAC Buenos Aires','Result. Negativo',NULL,NULL,1,2,0,0,0,1,NULL),(1024,NULL,5140193,5,1,5140100,'SIRTAC Catamarca','Result. Negativo',NULL,NULL,1,2,0,0,0,1,NULL),(1025,NULL,5140194,5,1,5140100,'SIRTAC Pascua Lama','Result. Negativo',NULL,NULL,1,2,0,0,0,1,NULL),(1026,NULL,6110104,5,1,6110100,'BANCO SIRTAC','Movimiento',NULL,NULL,1,2,0,0,1,1,NULL),(1400,NULL,5140267,5,1,5140100,'Perc IVA -RG3337 Efectuada','Result. Negativo',NULL,NULL,1,2,0,0,0,1,NULL),(1401,NULL,5140209,5,1,5140100,'Imps. Internos Efectuada','Result. Negativo',NULL,NULL,1,2,0,0,0,1,NULL),(1402,NULL,5140210,5,1,5140100,'Imp. Gasoil Efectuada','Result. Negativo',NULL,NULL,1,2,0,0,0,1,NULL),(1403,NULL,5140211,5,1,5140100,'Imp. Hídricos Efectuada','Result. Negativo',NULL,NULL,1,2,0,0,0,1,NULL),(1404,NULL,5140212,5,1,5140100,'ITC Efectuada','Result. Negativo',NULL,NULL,1,2,0,0,0,1,NULL),(1405,NULL,5140213,5,1,5140100,'Perc IIBB  Buenos Aires Efectuada','Result. Negativo',NULL,NULL,1,2,0,0,0,1,NULL),(1406,NULL,5140214,5,1,5140100,'Perc IIBB  Capital Federal Efectuada','Result. Negativo',NULL,NULL,1,2,0,0,0,1,NULL),(1407,NULL,5140215,5,1,5140100,'Perc IIBB  Catamarca Efectuada','Result. Negativo',NULL,NULL,1,2,0,0,0,1,NULL),(1408,NULL,5140216,5,1,5140100,'Perc IIBB  Chaco Efectuada','Result. Negativo',NULL,NULL,1,2,0,0,0,1,NULL),(1409,NULL,5140217,5,1,5140100,'Perc IIBB  Chubut Efectuada','Result. Negativo',NULL,NULL,1,2,0,0,0,1,NULL),(1410,NULL,5140218,5,1,5140100,'Perc IIBB  Córdoba Efectuada','Result. Negativo',NULL,NULL,1,2,0,0,0,1,NULL),(1411,NULL,5140219,5,1,5140100,'Perc IIBB  Corrientes Efectuada','Result. Negativo',NULL,NULL,1,2,0,0,0,1,NULL),(1412,NULL,5140220,5,1,5140100,'Perc IIBB  Entre Ríos Efectuada','Result. Negativo',NULL,NULL,1,2,0,0,0,1,NULL),(1413,NULL,5140221,5,1,5140100,'Perc IIBB  Formosa Efectuada','Result. Negativo',NULL,NULL,1,2,0,0,0,1,NULL),(1414,NULL,5140222,5,1,5140100,'Perc IIBB  Jujuy Efectuada','Result. Negativo',NULL,NULL,1,2,0,0,0,1,NULL),(1415,NULL,5140223,5,1,5140100,'Perc IIBB  La Pampa Efectuada','Result. Negativo',NULL,NULL,1,2,0,0,0,1,NULL),(1416,NULL,5140224,5,1,5140100,'Perc IIBB  La Rioja Efectuada','Result. Negativo',NULL,NULL,1,2,0,0,0,1,NULL),(1417,NULL,5140225,5,1,5140100,'Perc IIBB  Mendoza Efectuada','Result. Negativo',NULL,NULL,1,2,0,0,0,1,NULL),(1418,NULL,5140226,5,1,5140100,'Perc IIBB  Misiones Efectuada','Result. Negativo',NULL,NULL,1,2,0,0,0,1,NULL),(1419,NULL,5140227,5,1,5140100,'Perc IIBB  Neuquén Efectuada','Result. Negativo',NULL,NULL,1,2,0,0,0,1,NULL),(1420,NULL,5140228,5,1,5140100,'Perc IIBB  Pascua Lama Efectuada','Result. Negativo',NULL,NULL,1,2,0,0,0,1,NULL),(1421,NULL,5140229,5,1,5140100,'Perc IIBB  Río Negro Efectuada','Result. Negativo',NULL,NULL,1,2,0,0,0,1,NULL),(1422,NULL,5140230,5,1,5140100,'Perc IIBB  Salta Efectuada','Result. Negativo',NULL,NULL,1,2,0,0,0,1,NULL),(1423,NULL,5140231,5,1,5140100,'Perc IIBB  San Juan Efectuada','Result. Negativo',NULL,NULL,1,2,0,0,0,1,NULL),(1424,NULL,5140232,5,1,5140100,'Perc IIBB  San Luis Efectuada','Result. Negativo',NULL,NULL,1,2,0,0,0,1,NULL),(1425,NULL,5140233,5,1,5140100,'Perc IIBB  Santa Cruz Efectuada','Result. Negativo',NULL,NULL,1,2,0,0,0,1,NULL),(1426,NULL,5140234,5,1,5140100,'Perc IIBB  Santa Fe Efectuada','Result. Negativo',NULL,NULL,1,2,0,0,0,1,NULL),(1427,NULL,5140235,5,1,5140100,'Perc IIBB  Santiago del Estero Efectuada','Result. Negativo',NULL,NULL,1,2,0,0,0,1,NULL);
INSERT INTO `conta_plan_cuenta` VALUES (1428,NULL,5140236,5,1,5140100,'Perc IIBB  Tierra del Fuego Efectuada','Result. Negativo',NULL,NULL,1,2,0,0,0,1,NULL),(1429,NULL,5140237,5,1,5140100,'Perc IIBB  Tucuman Efectuada','Result. Negativo',NULL,NULL,1,2,0,0,0,1,NULL),(1430,NULL,5140269,5,1,5140100,'CO2 - Imp. Al Carbono Efectuada','Result. Negativo',NULL,NULL,1,2,0,0,0,1,NULL),(1431,NULL,5120256,5,1,5120100,'Imp. Municipales Efectuada','Result. Negativo',NULL,NULL,1,2,0,0,0,1,NULL),(1432,NULL,5120257,5,1,5120100,'Perc/Ret. Imp. Ganancias Efectuada','Result. Negativo',NULL,NULL,1,2,0,0,0,1,NULL);

--
-- Table structure for table `conta_tipo_asientos`
--

CREATE TABLE `conta_tipo_asientos` (
  `id` int(10) unsigned NOT NULL AUTO_INCREMENT,
  `nombre` varchar(255) COLLATE utf8mb4_unicode_ci DEFAULT NULL,
  `created_at` timestamp NULL DEFAULT NULL,
  `updated_at` timestamp NULL DEFAULT NULL,
  `deleted_at` timestamp NULL DEFAULT NULL,
  `orden` int(11) DEFAULT NULL,
  PRIMARY KEY (`id`)
) ENGINE=InnoDB AUTO_INCREMENT=27 DEFAULT CHARSET=utf8mb4 COLLATE=utf8mb4_unicode_ci;

--
-- Dumping data for table `conta_tipo_asientos`
--

INSERT INTO `conta_tipo_asientos` VALUES (1,'Sueldos',NULL,NULL,NULL,11),(2,'Ingresos',NULL,NULL,NULL,9),(3,'Egresos',NULL,NULL,NULL,10),(4,'Amortizaciones',NULL,NULL,NULL,4),(5,'Banco',NULL,NULL,NULL,15),(6,'Ganancias',NULL,NULL,NULL,12),(7,'Retenciones',NULL,NULL,NULL,13),(8,'SIRCREB',NULL,NULL,NULL,14),(9,'Compensaciones',NULL,NULL,NULL,16),(10,'Pagos AFIP',NULL,NULL,NULL,17),(11,'Ajustes',NULL,NULL,NULL,3),(12,'Saldos Iniciales',NULL,NULL,NULL,1),(13,'Cancelacion de Iniciales',NULL,NULL,NULL,2),(14,'Patrimonio Neto',NULL,NULL,NULL,8),(15,'Liquidaciones IVA',NULL,NULL,NULL,18),(16,'Liquidacion IIBB',NULL,NULL,NULL,19),(17,'Asientos de Cierre',NULL,NULL,NULL,5),(18,'Reclasificacion',NULL,NULL,NULL,6),(19,'Otros',NULL,NULL,NULL,7),(20,'Cobranzas','2019-10-02 03:20:37','2019-10-02 03:20:37',NULL,NULL),(21,'Pagos','2019-10-02 03:20:37','2019-10-02 03:20:37',NULL,NULL),(22,'Tesoreria','2019-10-19 02:10:24','2019-10-19 02:10:24',NULL,NULL),(23,'Ajuste por Inflacion','2020-03-01 06:39:20','2020-03-01 06:39:20',NULL,NULL),(24,'SIRTAC','2023-10-16 21:15:32','2023-10-16 21:15:32',NULL,20),(25,'Compensaciones Compras',NULL,NULL,NULL,NULL),(26,'Compensaciones Ventas',NULL,NULL,NULL,NULL);

--
-- Table structure for table `conta_tipo_cuentas`
--

CREATE TABLE `conta_tipo_cuentas` (
  `id` int(10) unsigned NOT NULL AUTO_INCREMENT,
  `tipo_cuenta` varchar(255) COLLATE utf8mb4_unicode_ci DEFAULT NULL,
  `created_at` timestamp NULL DEFAULT NULL,
  `updated_at` timestamp NULL DEFAULT NULL,
  `deleted_at` timestamp NULL DEFAULT NULL,
  PRIMARY KEY (`id`)
) ENGINE=InnoDB AUTO_INCREMENT=6 DEFAULT CHARSET=utf8mb4 COLLATE=utf8mb4_unicode_ci;

--
-- Dumping data for table `conta_tipo_cuentas`
--

INSERT INTO `conta_tipo_cuentas` VALUES (1,'Rubro',NULL,NULL,NULL),(2,'SubRubro',NULL,NULL,NULL),(3,'Grupo',NULL,NULL,NULL),(4,'SubGrupo',NULL,NULL,NULL),(5,'Cuenta',NULL,NULL,NULL);

--
-- Table structure for table `conta_tipo_saldos`
--

CREATE TABLE `conta_tipo_saldos` (
  `id` int(10) unsigned NOT NULL AUTO_INCREMENT,
  `saldo` varchar(255) COLLATE utf8mb4_unicode_ci DEFAULT NULL,
  `created_at` timestamp NULL DEFAULT NULL,
  `updated_at` timestamp NULL DEFAULT NULL,
  `deleted_at` timestamp NULL DEFAULT NULL,
  PRIMARY KEY (`id`)
) ENGINE=InnoDB AUTO_INCREMENT=3 DEFAULT CHARSET=utf8mb4 COLLATE=utf8mb4_unicode_ci;

--
-- Dumping data for table `conta_tipo_saldos`
--

INSERT INTO `conta_tipo_saldos` VALUES (1,'Deudor',NULL,NULL,NULL),(2,'Acreedor',NULL,NULL,NULL);

--
-- Table structure for table `control_cuits_afip`
--

CREATE TABLE `control_cuits_afip` (
  `id` int(10) unsigned NOT NULL AUTO_INCREMENT,
  `user_id` int(10) unsigned DEFAULT NULL,
  `person_id` int(10) unsigned NOT NULL,
  `field_name1` varchar(191) COLLATE utf8mb4_unicode_ci DEFAULT NULL,
  `cuit` varchar(191) COLLATE utf8mb4_unicode_ci DEFAULT NULL,
  `error` varchar(191) COLLATE utf8mb4_unicode_ci DEFAULT NULL,
  `created_at` timestamp NULL DEFAULT NULL,
  `updated_at` timestamp NULL DEFAULT NULL,
  `deleted_at` timestamp NULL DEFAULT NULL,
  PRIMARY KEY (`id`),
  KEY `control_cuits_afip_person_id_foreign` (`person_id`),
  CONSTRAINT `control_cuits_afip_person_id_foreign` FOREIGN KEY (`person_id`) REFERENCES `persons` (`id`)
) ENGINE=InnoDB DEFAULT CHARSET=utf8mb4 COLLATE=utf8mb4_unicode_ci;

--
-- Dumping data for table `control_cuits_afip`
--


--
-- Table structure for table `control_general`
--

CREATE TABLE `control_general` (
  `id` int(10) unsigned NOT NULL AUTO_INCREMENT,
  `description` varchar(180) COLLATE utf8mb4_unicode_ci NOT NULL,
  `class` int(10) unsigned NOT NULL,
  `class_description` varchar(180) COLLATE utf8mb4_unicode_ci NOT NULL,
  `path` varchar(255) COLLATE utf8mb4_unicode_ci DEFAULT NULL,
  `created_at` timestamp NULL DEFAULT NULL,
  `updated_at` timestamp NULL DEFAULT NULL,
  PRIMARY KEY (`id`),
  UNIQUE KEY `control_general_description_unique` (`description`)
) ENGINE=InnoDB AUTO_INCREMENT=6 DEFAULT CHARSET=utf8mb4 COLLATE=utf8mb4_unicode_ci;

--
-- Dumping data for table `control_general`
--

INSERT INTO `control_general` VALUES (1,'Ingresos - Egresos - Resultado',1,'Proyeccion Ganancias','control_general/proyecGanancias',NULL,NULL),(2,'IVA',2,'IVA','control_general/iva',NULL,NULL),(3,'IIBB',3,'IIBB','control_general/iibb',NULL,NULL),(4,'Por Mes',4,'Vto. Impuestos','control_general/vto',NULL,NULL),(5,'Por Impuesto',4,'Vto. Impuestos','control_general/vtoPorImpuestos',NULL,NULL);

--
-- Table structure for table `cpc_nivel_1`
--

CREATE TABLE `cpc_nivel_1` (
  `id` bigint(20) unsigned NOT NULL AUTO_INCREMENT,
  `user_id` int(10) unsigned DEFAULT NULL,
  `person_id` int(10) unsigned NOT NULL,
  `descripcion` varchar(191) COLLATE utf8mb4_unicode_ci NOT NULL,
  `habilitado` tinyint(1) NOT NULL DEFAULT '1',
  `created_at` timestamp NULL DEFAULT NULL,
  `updated_at` timestamp NULL DEFAULT NULL,
  `deleted_at` timestamp NULL DEFAULT NULL,
  PRIMARY KEY (`id`),
  KEY `cpc_nivel_1_person_id_foreign` (`person_id`),
  CONSTRAINT `cpc_nivel_1_person_id_foreign` FOREIGN KEY (`person_id`) REFERENCES `persons` (`id`) ON DELETE CASCADE
) ENGINE=InnoDB DEFAULT CHARSET=utf8mb4 COLLATE=utf8mb4_unicode_ci;

--
-- Dumping data for table `cpc_nivel_1`
--


--
-- Table structure for table `cpc_nivel_2`
--

CREATE TABLE `cpc_nivel_2` (
  `id` bigint(20) unsigned NOT NULL AUTO_INCREMENT,
  `user_id` int(10) unsigned DEFAULT NULL,
  `person_id` int(10) unsigned NOT NULL,
  `cpc_nivel_1_id` bigint(20) unsigned NOT NULL,
  `descripcion` varchar(191) COLLATE utf8mb4_unicode_ci NOT NULL,
  `habilitado` tinyint(1) NOT NULL DEFAULT '1',
  `created_at` timestamp NULL DEFAULT NULL,
  `updated_at` timestamp NULL DEFAULT NULL,
  `deleted_at` timestamp NULL DEFAULT NULL,
  PRIMARY KEY (`id`),
  KEY `cpc_nivel_2_person_id_foreign` (`person_id`),
  KEY `cpc_nivel_2_cpc_nivel_1_id_foreign` (`cpc_nivel_1_id`),
  CONSTRAINT `cpc_nivel_2_cpc_nivel_1_id_foreign` FOREIGN KEY (`cpc_nivel_1_id`) REFERENCES `cpc_nivel_1` (`id`),
  CONSTRAINT `cpc_nivel_2_person_id_foreign` FOREIGN KEY (`person_id`) REFERENCES `persons` (`id`)
) ENGINE=InnoDB DEFAULT CHARSET=utf8mb4 COLLATE=utf8mb4_unicode_ci;

--
-- Dumping data for table `cpc_nivel_2`
--


--
-- Table structure for table `cpc_nivel_2_details`
--

CREATE TABLE `cpc_nivel_2_details` (
  `id` bigint(20) unsigned NOT NULL AUTO_INCREMENT,
  `user_id` int(10) unsigned DEFAULT NULL,
  `person_id` int(10) unsigned NOT NULL,
  `cpc_nivel_2_id` bigint(20) unsigned NOT NULL,
  `cuenta_contable_id` int(10) unsigned NOT NULL,
  `created_at` timestamp NULL DEFAULT NULL,
  `updated_at` timestamp NULL DEFAULT NULL,
  `deleted_at` timestamp NULL DEFAULT NULL,
  PRIMARY KEY (`id`),
  KEY `cpc_nivel_2_details_person_id_foreign` (`person_id`),
  KEY `cpc_nivel_2_details_cpc_nivel_2_id_foreign` (`cpc_nivel_2_id`),
  KEY `cpc_nivel_2_details_cuenta_contable_id_foreign` (`cuenta_contable_id`),
  CONSTRAINT `cpc_nivel_2_details_cpc_nivel_2_id_foreign` FOREIGN KEY (`cpc_nivel_2_id`) REFERENCES `cpc_nivel_2` (`id`),
  CONSTRAINT `cpc_nivel_2_details_cuenta_contable_id_foreign` FOREIGN KEY (`cuenta_contable_id`) REFERENCES `conta_plan_cuenta` (`id`),
  CONSTRAINT `cpc_nivel_2_details_person_id_foreign` FOREIGN KEY (`person_id`) REFERENCES `persons` (`id`)
) ENGINE=InnoDB DEFAULT CHARSET=utf8mb4 COLLATE=utf8mb4_unicode_ci;

--
-- Dumping data for table `cpc_nivel_2_details`
--


--
-- Table structure for table `cpcuenta_types_tc`
--

CREATE TABLE `cpcuenta_types_tc` (
  `id` bigint(20) unsigned NOT NULL AUTO_INCREMENT,
  `user_id` int(10) unsigned DEFAULT NULL,
  `descripcion` text COLLATE utf8mb4_unicode_ci NOT NULL,
  `habilitado` tinyint(1) NOT NULL DEFAULT '1',
  `created_at` timestamp NULL DEFAULT NULL,
  `updated_at` timestamp NULL DEFAULT NULL,
  `deleted_at` timestamp NULL DEFAULT NULL,
  PRIMARY KEY (`id`)
) ENGINE=InnoDB AUTO_INCREMENT=8 DEFAULT CHARSET=utf8mb4 COLLATE=utf8mb4_unicode_ci;

--
-- Dumping data for table `cpcuenta_types_tc`
--

INSERT INTO `cpcuenta_types_tc` VALUES (1,NULL,'Ingresos No Gravados',1,NULL,NULL,NULL),(2,NULL,'Sueldos',1,NULL,NULL,NULL),(3,NULL,'Retenciones de Ganancias',1,NULL,NULL,NULL),(4,NULL,'Anticipos de Ganancias',1,NULL,NULL,NULL),(5,NULL,'Bienes Activados',1,NULL,NULL,NULL),(6,NULL,'Percepciones de IVA',1,NULL,NULL,NULL),(7,NULL,'Percepciones de IIBB',1,NULL,NULL,NULL);

--
-- Table structure for table `cta_cte_cliente`
--

CREATE TABLE `cta_cte_cliente` (
  `id` int(10) unsigned NOT NULL AUTO_INCREMENT,
  `user_id` int(10) unsigned DEFAULT NULL,
  `is_no_fiscal` tinyint(1) DEFAULT '0',
  `user_id_que_firma` int(10) unsigned DEFAULT NULL,
  `numero` bigint(20) DEFAULT NULL,
  `tipo_asiento_id` int(10) unsigned NOT NULL,
  `person_id` int(10) unsigned NOT NULL,
  `person_id_relationed` int(10) unsigned NOT NULL,
  `cta_cte_tesoreria_cuenta_id` int(10) unsigned DEFAULT NULL,
  `period_id` int(10) unsigned NOT NULL,
  `saldo_id` int(10) unsigned NOT NULL,
  `compensado` tinyint(1) NOT NULL DEFAULT '0',
  `fecha` date DEFAULT NULL,
  `fecha_vencimiento` date DEFAULT NULL,
  `total` decimal(16,2) NOT NULL,
  `moneda_id` int(10) unsigned NOT NULL DEFAULT '1',
  `cotizacion` decimal(9,2) NOT NULL DEFAULT '1.00',
  `comentario` varchar(191) COLLATE utf8mb4_unicode_ci DEFAULT NULL,
  `file` varchar(191) COLLATE utf8mb4_unicode_ci DEFAULT NULL,
  `user_cta_cte_id` int(10) unsigned DEFAULT NULL,
  `created_at` timestamp NULL DEFAULT NULL,
  `updated_at` timestamp NULL DEFAULT NULL,
  `deleted_at` timestamp NULL DEFAULT NULL,
  PRIMARY KEY (`id`),
  KEY `cta_cte_cliente_person_id_foreign` (`person_id`),
  KEY `cta_cte_cliente_person_id_relationed_foreign` (`person_id_relationed`),
  KEY `cta_cte_cliente_period_id_foreign` (`period_id`),
  KEY `cta_cte_cliente_saldo_id_foreign` (`saldo_id`),
  KEY `cta_cte_cliente_tipo_asiento_id_foreign` (`tipo_asiento_id`),
  KEY `cta_cte_cliente_cta_cte_tesoreria_cuenta_id_foreign` (`cta_cte_tesoreria_cuenta_id`),
  KEY `cta_cte_cliente_moneda_id_foreign` (`moneda_id`),
  CONSTRAINT `cta_cte_cliente_cta_cte_tesoreria_cuenta_id_foreign` FOREIGN KEY (`cta_cte_tesoreria_cuenta_id`) REFERENCES `cta_cte_tesoreria_cuentas` (`id`),
  CONSTRAINT `cta_cte_cliente_moneda_id_foreign` FOREIGN KEY (`moneda_id`) REFERENCES `monedas` (`id`),
  CONSTRAINT `cta_cte_cliente_period_id_foreign` FOREIGN KEY (`period_id`) REFERENCES `periods` (`id`),
  CONSTRAINT `cta_cte_cliente_person_id_foreign` FOREIGN KEY (`person_id`) REFERENCES `persons` (`id`),
  CONSTRAINT `cta_cte_cliente_person_id_relationed_foreign` FOREIGN KEY (`person_id_relationed`) REFERENCES `persons` (`id`),
  CONSTRAINT `cta_cte_cliente_saldo_id_foreign` FOREIGN KEY (`saldo_id`) REFERENCES `conta_tipo_saldos` (`id`),
  CONSTRAINT `cta_cte_cliente_tipo_asiento_id_foreign` FOREIGN KEY (`tipo_asiento_id`) REFERENCES `conta_tipo_asientos` (`id`)
) ENGINE=InnoDB AUTO_INCREMENT=25242 DEFAULT CHARSET=utf8mb4 COLLATE=utf8mb4_unicode_ci;

--
-- Dumping data for table `cta_cte_cliente`
--

INSERT INTO `cta_cte_cliente` VALUES (1,7922,0,NULL,1,2,40723,40726,13,6062,1,0,'2023-02-03','2023-02-03',6211.05,1,1.00,'Tique Factura A N°: 0004-00000420',NULL,NULL,'2023-03-18 18:16:04','2023-03-18 18:16:04',NULL),(2,7922,0,NULL,2,2,40723,40727,13,6062,1,0,'2023-02-04','2023-02-04',11969.99,1,1.00,'Tique Factura A N°: 0004-00000421',NULL,NULL,'2023-03-18 18:16:04','2023-03-18 18:16:04',NULL),(3,7922,0,NULL,3,2,40723,40728,13,6062,1,0,'2023-02-06','2023-02-06',7151.03,1,1.00,'Tique Factura A N°: 0004-00000422',NULL,NULL,'2023-03-18 18:16:04','2023-03-18 18:16:04',NULL),(4,7922,0,NULL,4,2,40723,40729,13,6062,1,0,'2023-02-06','2023-02-06',13574.98,1,1.00,'Tique Factura A N°: 0004-00000423',NULL,NULL,'2023-03-18 18:16:04','2023-03-18 18:16:04',NULL),(5,7922,0,NULL,5,2,40723,40730,13,6062,1,0,'2023-02-08','2023-02-08',25000.05,1,1.00,'Tique Factura A N°: 0004-00000424',NULL,NULL,'2023-03-18 18:16:04','2023-03-18 18:16:04',NULL),(6,7922,0,NULL,6,2,40723,40729,13,6062,1,0,'2023-02-09','2023-02-09',63688.73,1,1.00,'Tique Factura A N°: 0004-00000425',NULL,NULL,'2023-03-18 18:16:04','2023-03-18 18:16:04',NULL),(7,7922,0,NULL,7,2,40723,40731,13,6062,1,0,'2023-02-11','2023-02-11',6269.98,1,1.00,'Tique Factura A N°: 0004-00000426',NULL,NULL,'2023-03-18 18:16:04','2023-03-18 18:16:04',NULL),(8,7922,0,NULL,8,2,40723,40729,13,6062,1,0,'2023-02-12','2023-02-12',56054.97,1,1.00,'Tique Factura A N°: 0004-00000427',NULL,NULL,'2023-03-18 18:16:04','2023-03-18 18:16:04',NULL),(9,7922,0,NULL,9,2,40723,40732,13,6062,1,0,'2023-02-12','2023-02-12',14830.05,1,1.00,'Tique Factura A N°: 0004-00000428',NULL,NULL,'2023-03-18 18:16:04','2023-03-18 18:16:04',NULL),(10,7922,0,NULL,10,2,40723,40726,13,6062,1,0,'2023-02-12','2023-02-12',8720.03,1,1.00,'Tique Factura A N°: 0004-00000429',NULL,NULL,'2023-03-18 18:16:04','2023-03-18 18:16:04',NULL),(11,7922,0,NULL,11,2,40723,40727,13,6062,1,0,'2023-02-12','2023-02-12',12240.03,1,1.00,'Tique Factura A N°: 0004-00000430',NULL,NULL,'2023-03-18 18:16:04','2023-03-18 18:16:04',NULL),(12,7922,0,NULL,12,2,40723,40728,13,6062,1,0,'2023-02-13','2023-02-13',4471.04,1,1.00,'Tique Factura A N°: 0004-00000431',NULL,NULL,'2023-03-18 18:16:04','2023-03-18 18:16:04',NULL),(13,7922,0,NULL,13,2,40723,40732,13,6062,1,0,'2023-02-15','2023-02-15',70857.02,1,1.00,'Tique Factura A N°: 0004-00000432',NULL,NULL,'2023-03-18 18:16:04','2023-03-18 18:16:04',NULL),(14,7922,0,NULL,14,2,40723,40731,13,6062,1,0,'2023-02-15','2023-02-15',4023.99,1,1.00,'Tique Factura A N°: 0004-00000433',NULL,NULL,'2023-03-18 18:16:04','2023-03-18 18:16:04',NULL),(15,7922,0,NULL,15,2,40723,40733,13,6062,1,0,'2023-02-16','2023-02-16',20700.02,1,1.00,'Tique Factura A N°: 0004-00000434',NULL,NULL,'2023-03-18 18:16:04','2023-03-18 18:16:04',NULL),(16,7922,0,NULL,16,2,40723,40729,13,6062,1,0,'2023-02-16','2023-02-16',79229.03,1,1.00,'Tique Factura A N°: 0004-00000435',NULL,NULL,'2023-03-18 18:16:04','2023-03-18 18:16:04',NULL),(17,7922,0,NULL,17,2,40723,40726,13,6062,1,0,'2023-02-16','2023-02-16',5769.99,1,1.00,'Tique Factura A N°: 0004-00000436',NULL,NULL,'2023-03-18 18:16:04','2023-03-18 18:16:04',NULL),(18,7922,0,NULL,18,2,40723,40729,13,6062,1,0,'2023-02-26','2023-02-26',15079.99,1,1.00,'Tique Factura A N°: 0004-00000437',NULL,NULL,'2023-03-18 18:16:04','2023-03-18 18:16:04',NULL),(19,7922,0,NULL,19,2,40723,40726,13,6062,1,0,'2023-02-26','2023-02-26',19999.97,1,1.00,'Tique Factura A N°: 0004-00000438',NULL,NULL,'2023-03-18 18:16:04','2023-03-18 18:16:04',NULL),(20,7922,0,NULL,20,2,40723,40727,13,6062,1,0,'2023-02-26','2023-02-26',29349.96,1,1.00,'Tique Factura A N°: 0004-00000439',NULL,NULL,'2023-03-18 18:16:04','2023-03-18 18:16:04',NULL),(21,7922,0,NULL,21,2,40723,40728,13,6062,1,0,'2023-02-27','2023-02-27',15677.00,1,1.00,'Tique Factura A N°: 0004-00000440',NULL,NULL,'2023-03-18 18:16:04','2023-03-18 18:16:04',NULL),(22,7922,0,NULL,22,2,40723,40728,13,6062,1,0,'2023-02-27','2023-02-27',12015.98,1,1.00,'Tique Factura A N°: 0004-00000441',NULL,NULL,'2023-03-18 18:16:04','2023-03-18 18:16:04',NULL);
INSERT INTO `cta_cte_cliente` VALUES (23,7922,0,NULL,23,2,40723,40734,13,6062,1,0,'2023-02-17','2023-02-17',0.00,1,1.00,'Tique Factura A N°: 0003-00000256',NULL,NULL,'2023-03-18 18:16:12','2023-03-18 18:16:12',NULL),(24,7922,0,NULL,24,2,40723,40735,13,6062,1,0,'2023-02-21','2023-02-21',10500.03,1,1.00,'Tique Factura A N°: 0003-00000257',NULL,NULL,'2023-03-18 18:16:12','2023-03-18 18:16:12',NULL),(25,7922,0,NULL,25,2,40723,40735,13,6062,1,0,'2023-02-22','2023-02-22',1700.02,1,1.00,'Tique Factura A N°: 0003-00000258',NULL,NULL,'2023-03-18 18:16:12','2023-03-18 18:16:12',NULL),(26,7922,0,NULL,26,2,40723,40736,13,6062,1,0,'2023-02-25','2023-02-25',10550.01,1,1.00,'Tique Factura A N°: 0003-00000259',NULL,NULL,'2023-03-18 18:16:12','2023-03-18 18:16:12',NULL),(27,7922,0,NULL,27,2,40723,40730,13,6062,1,0,'2023-02-25','2023-02-25',4783.01,1,1.00,'Tique Factura A N°: 0003-00000260',NULL,NULL,'2023-03-18 18:16:12','2023-03-18 18:16:12',NULL),(28,7922,0,NULL,28,2,40723,40737,13,6062,1,0,'2023-02-26','2023-02-26',10602.95,1,1.00,'Tique Factura A N°: 0003-00000261',NULL,NULL,'2023-03-18 18:16:12','2023-03-18 18:16:12',NULL),(29,7922,0,NULL,29,2,40723,40738,13,6062,1,0,'2023-02-26','2023-02-26',10856.00,1,1.00,'Tique Factura A N°: 0003-00000262',NULL,NULL,'2023-03-18 18:16:12','2023-03-18 18:16:12',NULL),(30,7922,0,NULL,30,2,40723,40735,13,6062,1,0,'2023-02-26','2023-02-26',3041.02,1,1.00,'Tique Factura A N°: 0003-00000263',NULL,NULL,'2023-03-18 18:16:12','2023-03-18 18:16:12',NULL),(31,7922,0,NULL,31,2,40723,40735,13,6062,1,0,'2023-02-27','2023-02-27',1839.98,1,1.00,'Tique Factura A N°: 0003-00000264',NULL,NULL,'2023-03-18 18:16:12','2023-03-18 18:16:12',NULL),(32,7922,0,NULL,32,2,40723,40718,13,6062,1,0,'2023-02-01','2023-02-01',330143.69,1,1.00,'Tique (Informe Diario Z) N°: 0004-00019230',NULL,NULL,'2023-03-18 18:21:54','2023-03-23 12:31:07','2023-03-23 12:31:07'),(33,7922,0,NULL,33,2,40723,40718,13,6062,1,0,'2023-02-02','2023-02-02',194179.97,1,1.00,'Tique (Informe Diario Z) N°: 0004-00019248',NULL,NULL,'2023-03-18 18:21:54','2023-03-18 18:21:54',NULL),(34,7922,0,NULL,34,2,40723,40718,13,6062,1,0,'2023-02-03','2023-02-03',6211.05,1,1.00,'Tique (Informe Diario Z) N°: 0004-00019260',NULL,NULL,'2023-03-18 18:21:54','2023-03-18 18:21:54',NULL),(35,7922,0,NULL,35,2,40723,40718,13,6062,1,0,'2023-02-04','2023-02-04',11969.99,1,1.00,'Tique (Informe Diario Z) N°: 0004-00019268',NULL,NULL,'2023-03-18 18:21:54','2023-03-18 18:21:54',NULL),(36,7922,0,NULL,36,2,40723,40718,13,6062,1,0,'2023-02-05','2023-02-05',204517.82,1,1.00,'Tique (Informe Diario Z) N°: 0004-00019365',NULL,NULL,'2023-03-18 18:21:54','2023-03-18 18:21:54',NULL),(37,7922,0,NULL,37,2,40723,40718,13,6062,1,0,'2023-02-07','2023-02-07',20726.01,1,1.00,'Tique (Informe Diario Z) N°: 0004-00019383',NULL,NULL,'2023-03-18 18:21:54','2023-03-18 18:21:54',NULL),(38,7922,0,NULL,38,2,40723,40718,13,6062,1,0,'2023-02-08','2023-02-08',25000.05,1,1.00,'Tique (Informe Diario Z) N°: 0004-00019440',NULL,NULL,'2023-03-18 18:21:54','2023-03-18 18:21:54',NULL),(39,7922,0,NULL,39,2,40723,40718,13,6062,1,0,'2023-02-09','2023-02-09',63688.73,1,1.00,'Tique (Informe Diario Z) N°: 0004-00019507',NULL,NULL,'2023-03-18 18:21:54','2023-03-18 18:21:54',NULL),(40,7922,0,NULL,40,2,40723,40718,13,6062,1,0,'2023-02-10','2023-02-10',177260.11,1,1.00,'Tique (Informe Diario Z) N°: 0004-00019530',NULL,NULL,'2023-03-18 18:21:55','2023-03-18 18:21:55',NULL),(41,7922,0,NULL,41,2,40723,40718,13,6062,1,0,'2023-02-11','2023-02-11',6269.98,1,1.00,'Tique (Informe Diario Z) N°: 0004-00019540',NULL,NULL,'2023-03-18 18:21:55','2023-03-18 18:21:55',NULL),(42,7922,0,NULL,42,2,40723,40718,13,6062,1,0,'2023-02-12','2023-02-12',91845.07,1,1.00,'Tique (Informe Diario Z) N°: 0004-00019600',NULL,NULL,'2023-03-18 18:21:55','2023-03-18 18:21:55',NULL),(43,7922,0,NULL,43,2,40723,40718,13,6062,1,0,'2023-02-14','2023-02-14',1330067.66,1,1.00,'Tique (Informe Diario Z) N°: 0004-00019616',NULL,NULL,'2023-03-18 18:21:55','2023-03-18 18:21:55',NULL);
INSERT INTO `cta_cte_cliente` VALUES (44,7922,0,NULL,44,2,40723,40718,13,6062,1,0,'2023-02-15','2023-02-15',74881.01,1,1.00,'Tique (Informe Diario Z) N°: 0004-00019715',NULL,NULL,'2023-03-18 18:21:55','2023-03-18 18:21:55',NULL),(45,7922,0,NULL,45,2,40723,40718,13,6062,1,0,'2023-02-16','2023-02-16',105699.04,1,1.00,'Tique (Informe Diario Z) N°: 0004-00019785',NULL,NULL,'2023-03-18 18:21:55','2023-03-18 18:21:55',NULL),(46,7922,0,NULL,46,2,40723,40718,13,6062,1,0,'2023-02-25','2023-02-25',227906.88,1,1.00,'Tique (Informe Diario Z) N°: 0004-00019875',NULL,NULL,'2023-03-18 18:21:55','2023-03-18 18:21:55',NULL),(47,7922,0,NULL,47,2,40723,40718,13,6062,1,0,'2023-02-27','2023-02-27',64429.92,1,1.00,'Tique (Informe Diario Z) N°: 0004-00019893',NULL,NULL,'2023-03-18 18:21:55','2023-03-18 18:21:55',NULL),(48,7922,0,NULL,48,2,40723,40718,13,6062,1,0,'2023-02-27','2023-02-27',27692.98,1,1.00,'Tique (Informe Diario Z) N°: 0004-00019948',NULL,NULL,'2023-03-18 18:21:55','2023-03-18 18:21:55',NULL),(49,7922,0,NULL,49,2,40723,40718,13,6062,1,0,'2023-03-01','2023-03-01',366582.70,1,1.00,'Tique (Informe Diario Z) N°: 0004-00020000',NULL,NULL,'2023-03-18 18:21:55','2023-03-18 18:21:55',NULL),(50,7922,0,NULL,50,2,40723,40743,13,6062,1,0,'2023-02-14','2023-02-14',0.02,1,1.00,'Tique (Informe Diario Z) N°: 0003-00033554',NULL,NULL,'2023-03-18 18:48:40','2023-03-18 18:48:40',NULL),(51,7922,0,NULL,51,2,40723,40743,13,6062,1,0,'2023-02-17','2023-02-17',982907.11,1,1.00,'Tique (Informe Diario Z) N°: 0003-00033555',NULL,NULL,'2023-03-18 18:48:40','2023-03-18 18:48:40',NULL),(52,7922,0,NULL,52,2,40723,40743,13,6062,1,0,'2023-02-17','2023-02-17',0.01,1,1.00,'Tique (Informe Diario Z) N°: 0003-00000256',NULL,NULL,'2023-03-18 18:48:40','2023-03-18 18:48:40',NULL),(53,7922,0,NULL,53,2,40723,40743,13,6062,1,0,'2023-02-18','2023-02-18',893707.51,1,1.00,'Tique (Informe Diario Z) N°: 0003-00033608',NULL,NULL,'2023-03-18 18:48:40','2023-03-18 18:48:40',NULL),(54,7922,0,NULL,54,2,40723,40743,13,6062,1,0,'2023-02-19','2023-02-19',278420.02,1,1.00,'Tique (Informe Diario Z) N°: 0003-00033657',NULL,NULL,'2023-03-18 18:48:40','2023-03-18 18:48:40',NULL),(55,7922,0,NULL,55,2,40723,40743,13,6062,1,0,'2023-02-20','2023-02-20',606467.45,1,1.00,'Tique (Informe Diario Z) N°: 0003-00033672',NULL,NULL,'2023-03-18 18:48:40','2023-03-18 18:48:40',NULL),(56,7922,0,NULL,56,2,40723,40743,13,6062,1,0,'2023-02-21','2023-02-21',153597.00,1,1.00,'Tique (Informe Diario Z) N°: 0003-00033710',NULL,NULL,'2023-03-18 18:48:40','2023-03-18 18:48:40',NULL),(57,7922,0,NULL,57,2,40723,40743,13,6062,1,0,'2023-02-21','2023-02-21',10500.00,1,1.00,'Tique (Informe Diario Z) N°: 0003-00000257',NULL,NULL,'2023-03-18 18:48:41','2023-03-18 18:48:41',NULL),(58,7922,0,NULL,58,2,40723,40743,13,6062,1,0,'2023-02-22','2023-02-22',679428.15,1,1.00,'Tique (Informe Diario Z) N°: 0003-00033718',NULL,NULL,'2023-03-18 18:48:41','2023-03-18 18:48:41',NULL),(59,7922,0,NULL,59,2,40723,40743,13,6062,1,0,'2023-02-22','2023-02-22',1700.00,1,1.00,'Tique (Informe Diario Z) N°: 0003-00000258',NULL,NULL,'2023-03-18 18:48:41','2023-03-18 18:48:41',NULL),(60,7922,0,NULL,60,2,40723,40743,13,6062,1,0,'2023-02-23','2023-02-23',485633.57,1,1.00,'Tique (Informe Diario Z) N°: 0003-00033758',NULL,NULL,'2023-03-18 18:48:41','2023-03-18 18:48:41',NULL),(61,7922,0,NULL,61,2,40723,40743,13,6062,1,0,'2023-02-24','2023-02-24',1641027.17,1,1.00,'Tique (Informe Diario Z) N°: 0003-00033787',NULL,NULL,'2023-03-18 18:48:41','2023-03-18 18:48:41',NULL),(62,7922,0,NULL,62,2,40723,40743,13,6062,1,0,'2023-02-25','2023-02-25',598907.09,1,1.00,'Tique (Informe Diario Z) N°: 0003-00033875',NULL,NULL,'2023-03-18 18:48:41','2023-03-18 18:48:41',NULL),(63,7922,0,NULL,63,2,40723,40743,13,6062,1,0,'2023-02-25','2023-02-25',14917.94,1,1.00,'Tique (Informe Diario Z) N°: 0003-00000259',NULL,NULL,'2023-03-18 18:48:41','2023-03-18 18:48:41',NULL);
INSERT INTO `cta_cte_cliente` VALUES (64,7922,0,NULL,64,2,40723,40743,13,6062,1,0,'2023-02-26','2023-02-26',56580.00,1,1.00,'Tique (Informe Diario Z) N°: 0003-00033907',NULL,NULL,'2023-03-18 18:48:41','2023-03-18 18:48:41',NULL),(65,7922,0,NULL,65,2,40723,40743,13,6062,1,0,'2023-02-26','2023-02-26',23294.06,1,1.00,'Tique (Informe Diario Z) N°: 0003-00000261',NULL,NULL,'2023-03-18 18:48:41','2023-03-18 18:48:41',NULL),(66,7922,0,NULL,66,2,40723,40743,13,6062,1,0,'2023-02-27','2023-02-27',589216.88,1,1.00,'Tique (Informe Diario Z) N°: 0003-00033910',NULL,NULL,'2023-03-18 18:48:41','2023-03-18 18:48:41',NULL),(67,7922,0,NULL,67,2,40723,40743,13,6062,1,0,'2023-02-27','2023-02-27',1840.00,1,1.00,'Tique (Informe Diario Z) N°: 0003-00000264',NULL,NULL,'2023-03-18 18:48:41','2023-03-18 18:48:41',NULL),(68,7922,0,NULL,68,2,40723,40743,13,6062,1,0,'2023-02-28','2023-02-28',410873.03,1,1.00,'Tique (Informe Diario Z) N°: 0003-00033945',NULL,NULL,'2023-03-18 18:48:41','2023-03-18 18:48:41',NULL),(471,7922,0,NULL,471,2,40721,40753,13,3053,1,0,'2023-02-01','2023-02-01',3500.00,1,1.00,'Factura B N°: 0004-00008236',NULL,NULL,'2023-03-22 10:35:43','2023-03-22 10:35:43',NULL),(472,7922,0,NULL,472,2,40721,40753,13,3053,1,0,'2023-02-01','2023-02-01',2900.00,1,1.00,'Factura B N°: 0004-00008237',NULL,NULL,'2023-03-22 10:35:43','2023-03-22 10:35:43',NULL),(473,7922,0,NULL,473,2,40721,40753,13,3053,1,0,'2023-02-01','2023-02-01',1400.00,1,1.00,'Factura B N°: 0004-00008238',NULL,NULL,'2023-03-22 10:35:43','2023-03-22 10:35:43',NULL),(474,7922,0,NULL,474,2,40721,40753,13,3053,1,0,'2023-02-01','2023-02-01',350.00,1,1.00,'Factura B N°: 0004-00008239',NULL,NULL,'2023-03-22 10:35:43','2023-03-22 10:35:43',NULL),(475,7922,0,NULL,475,2,40721,40753,13,3053,1,0,'2023-02-01','2023-02-01',17000.00,1,1.00,'Factura B N°: 0004-00008240',NULL,NULL,'2023-03-22 10:35:43','2023-03-22 10:35:43',NULL),(476,7922,0,NULL,476,2,40721,40753,13,3053,1,0,'2023-02-01','2023-02-01',1750.00,1,1.00,'Factura B N°: 0004-00008241',NULL,NULL,'2023-03-22 10:35:43','2023-03-22 10:35:43',NULL),(477,7922,0,NULL,477,2,40721,40753,13,3053,1,0,'2023-02-01','2023-02-01',2900.00,1,1.00,'Factura B N°: 0004-00008242',NULL,NULL,'2023-03-22 10:35:43','2023-03-22 10:35:43',NULL),(478,7922,0,NULL,478,2,40721,40753,13,3053,1,0,'2023-02-01','2023-02-01',2520.00,1,1.00,'Factura B N°: 0004-00008243',NULL,NULL,'2023-03-22 10:35:43','2023-03-22 10:35:43',NULL),(479,7922,0,NULL,479,2,40721,40753,13,3053,1,0,'2023-02-01','2023-02-01',50000.00,1,1.00,'Factura B N°: 0004-00008244',NULL,NULL,'2023-03-22 10:35:44','2023-03-22 10:35:44',NULL),(480,7922,0,NULL,480,2,40721,40753,13,3053,1,0,'2023-02-01','2023-02-01',3600.00,1,1.00,'Factura B N°: 0004-00008245',NULL,NULL,'2023-03-22 10:35:44','2023-03-22 10:35:44',NULL),(481,7922,0,NULL,481,2,40721,40753,13,3053,1,0,'2023-02-01','2023-02-01',3500.00,1,1.00,'Factura B N°: 0004-00008246',NULL,NULL,'2023-03-22 10:35:44','2023-03-22 10:35:44',NULL),(482,7922,0,NULL,482,2,40721,40753,13,3053,1,0,'2023-02-01','2023-02-01',3700.00,1,1.00,'Factura B N°: 0004-00008233',NULL,NULL,'2023-03-22 10:35:44','2023-03-22 10:35:44',NULL),(483,7922,0,NULL,483,2,40721,40753,13,3053,1,0,'2023-02-01','2023-02-01',1600.00,1,1.00,'Factura B N°: 0004-00008234',NULL,NULL,'2023-03-22 10:35:44','2023-03-22 10:35:44',NULL),(484,7922,0,NULL,484,2,40721,40753,13,3053,1,0,'2023-02-01','2023-02-01',3900.00,1,1.00,'Factura B N°: 0004-00008235',NULL,NULL,'2023-03-22 10:35:44','2023-03-22 10:35:44',NULL),(485,7922,0,NULL,485,2,40721,40753,13,3053,1,0,'2023-02-02','2023-02-02',450.00,1,1.00,'Factura B N°: 0004-00008247',NULL,NULL,'2023-03-22 10:35:44','2023-03-22 10:35:44',NULL),(486,7922,0,NULL,486,2,40721,40753,13,3053,1,0,'2023-02-02','2023-02-02',500.00,1,1.00,'Factura B N°: 0004-00008248',NULL,NULL,'2023-03-22 10:35:44','2023-03-22 10:35:44',NULL),(487,7922,0,NULL,487,2,40721,40753,13,3053,1,0,'2023-02-02','2023-02-02',800.00,1,1.00,'Factura B N°: 0004-00008249',NULL,NULL,'2023-03-22 10:35:44','2023-03-22 10:35:44',NULL);
INSERT INTO `cta_cte_cliente` VALUES (488,7922,0,NULL,488,2,40721,40753,13,3053,1,0,'2023-02-02','2023-02-02',300.00,1,1.00,'Factura B N°: 0004-00008250',NULL,NULL,'2023-03-22 10:35:44','2023-03-22 10:35:44',NULL),(489,7922,0,NULL,489,2,40721,40753,13,3053,1,0,'2023-02-02','2023-02-02',1000.00,1,1.00,'Factura B N°: 0004-00008251',NULL,NULL,'2023-03-22 10:35:44','2023-03-22 10:35:44',NULL),(490,7922,0,NULL,490,2,40721,40753,13,3053,1,0,'2023-02-02','2023-02-02',1750.00,1,1.00,'Factura B N°: 0004-00008252',NULL,NULL,'2023-03-22 10:35:44','2023-03-22 10:35:44',NULL),(491,7922,0,NULL,491,2,40721,40753,13,3053,1,0,'2023-02-02','2023-02-02',11500.00,1,1.00,'Factura B N°: 0004-00008253',NULL,NULL,'2023-03-22 10:35:44','2023-03-22 10:35:44',NULL),(492,7922,0,NULL,492,2,40721,40753,13,3053,1,0,'2023-02-02','2023-02-02',1000.00,1,1.00,'Factura B N°: 0004-00008254',NULL,NULL,'2023-03-22 10:35:44','2023-03-22 10:35:44',NULL),(493,7922,0,NULL,493,2,40721,40753,13,3053,1,0,'2023-02-02','2023-02-02',1500.00,1,1.00,'Factura B N°: 0004-00008255',NULL,NULL,'2023-03-22 10:35:44','2023-03-22 10:35:44',NULL),(494,7922,0,NULL,494,2,40721,40753,13,3053,1,0,'2023-02-02','2023-02-02',4500.00,1,1.00,'Factura B N°: 0004-00008256',NULL,NULL,'2023-03-22 10:35:44','2023-03-22 10:35:44',NULL),(495,7922,0,NULL,495,2,40721,40753,13,3053,1,0,'2023-02-02','2023-02-02',800.00,1,1.00,'Factura B N°: 0004-00008257',NULL,NULL,'2023-03-22 10:35:44','2023-03-22 10:35:44',NULL),(496,7922,0,NULL,496,2,40721,40753,13,3053,1,0,'2023-02-02','2023-02-02',600.00,1,1.00,'Factura B N°: 0004-00008258',NULL,NULL,'2023-03-22 10:35:44','2023-03-22 10:35:44',NULL),(497,7922,0,NULL,497,2,40721,40753,13,3053,1,0,'2023-02-02','2023-02-02',200.00,1,1.00,'Factura B N°: 0004-00008259',NULL,NULL,'2023-03-22 10:35:44','2023-03-22 10:35:44',NULL),(498,7922,0,NULL,498,2,40721,40753,13,3053,1,0,'2023-02-02','2023-02-02',4900.00,1,1.00,'Factura B N°: 0004-00008260',NULL,NULL,'2023-03-22 10:35:44','2023-03-22 10:35:44',NULL),(499,7922,0,NULL,499,2,40721,40753,13,3053,1,0,'2023-02-06','2023-02-06',45000.00,1,1.00,'Factura B N°: 0004-00008261',NULL,NULL,'2023-03-22 10:35:44','2023-03-22 10:35:44',NULL),(500,7922,0,NULL,500,2,40721,40753,13,3053,1,0,'2023-02-06','2023-02-06',1200.00,1,1.00,'Factura B N°: 0004-00008262',NULL,NULL,'2023-03-22 10:35:44','2023-03-22 10:35:44',NULL),(501,7922,0,NULL,501,2,40721,40753,13,3053,1,0,'2023-02-06','2023-02-06',1200.00,1,1.00,'Factura B N°: 0004-00008263',NULL,NULL,'2023-03-22 10:35:44','2023-03-22 10:35:44',NULL),(502,7922,0,NULL,502,2,40721,40753,13,3053,1,0,'2023-02-06','2023-02-06',9000.00,1,1.00,'Factura B N°: 0004-00008264',NULL,NULL,'2023-03-22 10:35:44','2023-03-22 10:35:44',NULL),(503,7922,0,NULL,503,2,40721,40753,13,3053,1,0,'2023-02-06','2023-02-06',3500.00,1,1.00,'Factura B N°: 0004-00008265',NULL,NULL,'2023-03-22 10:35:44','2023-03-22 10:35:44',NULL),(504,7922,0,NULL,504,2,40721,40753,13,3053,1,0,'2023-02-06','2023-02-06',0.00,1,1.00,'Factura B N°: 0004-00008266',NULL,NULL,'2023-03-22 10:35:44','2023-03-22 10:35:44',NULL),(505,7922,0,NULL,505,2,40721,40753,13,3053,1,0,'2023-02-06','2023-02-06',0.00,1,1.00,'Factura B N°: 0004-00008267',NULL,NULL,'2023-03-22 10:35:44','2023-03-22 10:35:44',NULL),(506,7922,0,NULL,506,2,40721,40753,13,3053,1,0,'2023-02-06','2023-02-06',45500.00,1,1.00,'Factura B N°: 0004-00008268',NULL,NULL,'2023-03-22 10:35:44','2023-03-22 10:35:44',NULL),(507,7922,0,NULL,507,2,40721,40753,13,3053,1,0,'2023-02-06','2023-02-06',17450.00,1,1.00,'Factura B N°: 0004-00008269',NULL,NULL,'2023-03-22 10:35:44','2023-03-22 10:35:44',NULL),(508,7922,0,NULL,508,2,40721,40753,13,3053,1,0,'2023-02-06','2023-02-06',0.00,1,1.00,'Factura B N°: 0004-00008270',NULL,NULL,'2023-03-22 10:35:44','2023-03-22 10:35:44',NULL),(509,7922,0,NULL,509,2,40721,40753,13,3053,1,0,'2023-02-06','2023-02-06',1000.00,1,1.00,'Factura B N°: 0004-00008271',NULL,NULL,'2023-03-22 10:35:45','2023-03-22 10:35:45',NULL);
INSERT INTO `cta_cte_cliente` VALUES (510,7922,0,NULL,510,2,40721,40753,13,3053,1,0,'2023-02-06','2023-02-06',2000.00,1,1.00,'Factura B N°: 0004-00008272',NULL,NULL,'2023-03-22 10:35:45','2023-03-22 10:35:45',NULL),(511,7922,0,NULL,511,2,40721,40753,13,3053,1,0,'2023-02-06','2023-02-06',1100.00,1,1.00,'Factura B N°: 0004-00008273',NULL,NULL,'2023-03-22 10:35:45','2023-03-22 10:35:45',NULL),(512,7922,0,NULL,512,2,40721,40753,13,3053,1,0,'2023-02-06','2023-02-06',3200.00,1,1.00,'Factura B N°: 0004-00008274',NULL,NULL,'2023-03-22 10:35:45','2023-03-22 10:35:45',NULL),(513,7922,0,NULL,513,2,40721,40753,13,3053,1,0,'2023-02-06','2023-02-06',1000.00,1,1.00,'Factura B N°: 0004-00008275',NULL,NULL,'2023-03-22 10:35:45','2023-03-22 10:35:45',NULL),(514,7922,0,NULL,514,2,40721,40753,13,3053,1,0,'2023-02-06','2023-02-06',3600.00,1,1.00,'Factura B N°: 0004-00008276',NULL,NULL,'2023-03-22 10:35:45','2023-03-22 10:35:45',NULL),(515,7922,0,NULL,515,2,40721,40753,13,3053,1,0,'2023-02-06','2023-02-06',1500.00,1,1.00,'Factura B N°: 0004-00008277',NULL,NULL,'2023-03-22 10:35:45','2023-03-22 10:35:45',NULL),(516,7922,0,NULL,516,2,40721,40753,13,3053,1,0,'2023-02-06','2023-02-06',3300.00,1,1.00,'Factura B N°: 0004-00008278',NULL,NULL,'2023-03-22 10:35:45','2023-03-22 10:35:45',NULL),(517,7922,0,NULL,517,2,40721,40753,13,3053,1,0,'2023-02-06','2023-02-06',24000.00,1,1.00,'Factura B N°: 0004-00008279',NULL,NULL,'2023-03-22 10:35:45','2023-03-22 10:35:45',NULL),(518,7922,0,NULL,518,2,40721,40753,13,3053,1,0,'2023-02-06','2023-02-06',3900.00,1,1.00,'Factura B N°: 0004-00008280',NULL,NULL,'2023-03-22 10:35:45','2023-03-22 10:35:45',NULL),(519,7922,0,NULL,519,2,40721,40753,13,3053,1,0,'2023-02-06','2023-02-06',1000.00,1,1.00,'Factura B N°: 0004-00008281',NULL,NULL,'2023-03-22 10:35:45','2023-03-22 10:35:45',NULL),(520,7922,0,NULL,520,2,40721,40753,13,3053,1,0,'2023-02-06','2023-02-06',1100.00,1,1.00,'Factura B N°: 0004-00008282',NULL,NULL,'2023-03-22 10:35:45','2023-03-22 10:35:45',NULL),(521,7922,0,NULL,521,2,40721,40753,13,3053,1,0,'2023-02-06','2023-02-06',2400.00,1,1.00,'Factura B N°: 0004-00008283',NULL,NULL,'2023-03-22 10:35:45','2023-03-22 10:35:45',NULL),(522,7922,0,NULL,522,2,40721,40753,13,3053,1,0,'2023-02-06','2023-02-06',200.00,1,1.00,'Factura B N°: 0004-00008284',NULL,NULL,'2023-03-22 10:35:45','2023-03-22 10:35:45',NULL),(523,7922,0,NULL,523,2,40721,40753,13,3053,1,0,'2023-02-06','2023-02-06',3920.00,1,1.00,'Factura B N°: 0004-00008285',NULL,NULL,'2023-03-22 10:35:45','2023-03-22 10:35:45',NULL),(524,7922,0,NULL,524,2,40721,40753,13,3053,1,0,'2023-02-06','2023-02-06',1550.00,1,1.00,'Factura B N°: 0004-00008286',NULL,NULL,'2023-03-22 10:35:45','2023-03-22 10:35:45',NULL),(525,7922,0,NULL,525,2,40721,40753,13,3053,1,0,'2023-02-06','2023-02-06',3000.00,1,1.00,'Factura B N°: 0004-00008287',NULL,NULL,'2023-03-22 10:35:45','2023-03-22 10:35:45',NULL),(526,7922,0,NULL,526,2,40721,40753,13,3053,1,0,'2023-02-06','2023-02-06',3800.00,1,1.00,'Factura B N°: 0004-00008288',NULL,NULL,'2023-03-22 10:35:45','2023-03-22 10:35:45',NULL),(527,7922,0,NULL,527,2,40721,40753,13,3053,1,0,'2023-02-06','2023-02-06',600.00,1,1.00,'Factura B N°: 0004-00008289',NULL,NULL,'2023-03-22 10:35:45','2023-03-22 10:35:45',NULL),(528,7922,0,NULL,528,2,40721,40753,13,3053,1,0,'2023-02-06','2023-02-06',2860.00,1,1.00,'Factura B N°: 0004-00008290',NULL,NULL,'2023-03-22 10:35:45','2023-03-22 10:35:45',NULL),(529,7922,0,NULL,529,2,40721,40753,13,3053,1,0,'2023-02-06','2023-02-06',2300.00,1,1.00,'Factura B N°: 0004-00008291',NULL,NULL,'2023-03-22 10:35:45','2023-03-22 10:35:45',NULL),(530,7922,0,NULL,530,2,40721,40753,13,3053,1,0,'2023-02-06','2023-02-06',590.00,1,1.00,'Factura B N°: 0004-00008292',NULL,NULL,'2023-03-22 10:35:45','2023-03-22 10:35:45',NULL),(531,7922,0,NULL,531,2,40721,40753,13,3053,1,0,'2023-02-06','2023-02-06',15000.00,1,1.00,'Factura B N°: 0004-00008293',NULL,NULL,'2023-03-22 10:35:45','2023-03-22 10:35:45',NULL);
INSERT INTO `cta_cte_cliente` VALUES (532,7922,0,NULL,532,2,40721,40753,13,3053,1,0,'2023-02-06','2023-02-06',270.00,1,1.00,'Factura B N°: 0004-00008294',NULL,NULL,'2023-03-22 10:35:45','2023-03-22 10:35:45',NULL),(533,7922,0,NULL,533,2,40721,40753,13,3053,1,0,'2023-02-06','2023-02-06',7300.00,1,1.00,'Factura B N°: 0004-00008295',NULL,NULL,'2023-03-22 10:35:45','2023-03-22 10:35:45',NULL),(534,7922,0,NULL,534,2,40721,40753,13,3053,1,0,'2023-02-06','2023-02-06',200.00,1,1.00,'Factura B N°: 0004-00008296',NULL,NULL,'2023-03-22 10:35:45','2023-03-22 10:35:45',NULL),(535,7922,0,NULL,535,2,40721,40753,13,3053,1,0,'2023-02-06','2023-02-06',16000.00,1,1.00,'Factura B N°: 0004-00008297',NULL,NULL,'2023-03-22 10:35:45','2023-03-22 10:35:45',NULL),(536,7922,0,NULL,536,2,40721,40753,13,3053,1,0,'2023-02-06','2023-02-06',1000.00,1,1.00,'Factura B N°: 0004-00008298',NULL,NULL,'2023-03-22 10:35:45','2023-03-22 10:35:45',NULL),(537,7922,0,NULL,537,2,40721,40753,13,3053,1,0,'2023-02-06','2023-02-06',1000.00,1,1.00,'Factura B N°: 0004-00008299',NULL,NULL,'2023-03-22 10:35:45','2023-03-22 10:35:45',NULL),(538,7922,0,NULL,538,2,40721,40753,13,3053,1,0,'2023-02-06','2023-02-06',17500.00,1,1.00,'Factura B N°: 0004-00008300',NULL,NULL,'2023-03-22 10:35:45','2023-03-22 10:35:45',NULL),(539,7922,0,NULL,539,2,40721,40753,13,3053,1,0,'2023-02-06','2023-02-06',4200.00,1,1.00,'Factura B N°: 0004-00008301',NULL,NULL,'2023-03-22 10:35:46','2023-03-22 10:35:46',NULL),(540,7922,0,NULL,540,2,40721,40753,13,3053,1,0,'2023-02-06','2023-02-06',1000.00,1,1.00,'Factura B N°: 0004-00008302',NULL,NULL,'2023-03-22 10:35:46','2023-03-22 10:35:46',NULL),(541,7922,0,NULL,541,2,40721,40753,13,3053,1,0,'2023-02-06','2023-02-06',2200.00,1,1.00,'Factura B N°: 0004-00008303',NULL,NULL,'2023-03-22 10:35:46','2023-03-22 10:35:46',NULL),(542,7922,0,NULL,542,2,40721,40753,13,3053,1,0,'2023-02-06','2023-02-06',300.00,1,1.00,'Factura B N°: 0004-00008304',NULL,NULL,'2023-03-22 10:35:46','2023-03-22 10:35:46',NULL),(543,7922,0,NULL,543,2,40721,40753,13,3053,1,0,'2023-02-06','2023-02-06',1200.00,1,1.00,'Factura B N°: 0004-00008305',NULL,NULL,'2023-03-22 10:35:46','2023-03-22 10:35:46',NULL),(544,7922,0,NULL,544,2,40721,40753,13,3053,1,0,'2023-02-06','2023-02-06',1360.00,1,1.00,'Factura B N°: 0004-00008306',NULL,NULL,'2023-03-22 10:35:46','2023-03-22 10:35:46',NULL),(545,7922,0,NULL,545,2,40721,40753,13,3053,1,0,'2023-02-06','2023-02-06',790.00,1,1.00,'Factura B N°: 0004-00008307',NULL,NULL,'2023-03-22 10:35:46','2023-03-22 10:35:46',NULL),(546,7922,0,NULL,546,2,40721,40753,13,3053,1,0,'2023-02-06','2023-02-06',2500.00,1,1.00,'Factura B N°: 0004-00008308',NULL,NULL,'2023-03-22 10:35:46','2023-03-22 10:35:46',NULL),(547,7922,0,NULL,547,2,40721,40753,13,3053,1,0,'2023-02-06','2023-02-06',14500.00,1,1.00,'Factura B N°: 0004-00008309',NULL,NULL,'2023-03-22 10:35:46','2023-03-22 10:35:46',NULL),(548,7922,0,NULL,548,2,40721,40753,13,3053,1,0,'2023-02-06','2023-02-06',2000.00,1,1.00,'Factura B N°: 0004-00008310',NULL,NULL,'2023-03-22 10:35:46','2023-03-22 10:35:46',NULL),(549,7922,0,NULL,549,2,40721,40753,13,3053,1,0,'2023-02-06','2023-02-06',690.00,1,1.00,'Factura B N°: 0004-00008311',NULL,NULL,'2023-03-22 10:35:46','2023-03-22 10:35:46',NULL),(550,7922,0,NULL,550,2,40721,40753,13,3053,1,0,'2023-02-06','2023-02-06',5500.00,1,1.00,'Factura B N°: 0004-00008312',NULL,NULL,'2023-03-22 10:35:46','2023-03-22 10:35:46',NULL),(551,7922,0,NULL,551,2,40721,40753,13,3053,1,0,'2023-02-06','2023-02-06',650.00,1,1.00,'Factura B N°: 0004-00008313',NULL,NULL,'2023-03-22 10:35:46','2023-03-22 10:35:46',NULL),(552,7922,0,NULL,552,2,40721,40753,13,3053,1,0,'2023-02-06','2023-02-06',3700.00,1,1.00,'Factura B N°: 0004-00008314',NULL,NULL,'2023-03-22 10:35:46','2023-03-22 10:35:46',NULL),(553,7922,0,NULL,553,2,40721,40753,13,3053,1,0,'2023-02-06','2023-02-06',16900.00,1,1.00,'Factura B N°: 0004-00008315',NULL,NULL,'2023-03-22 10:35:46','2023-03-22 10:35:46',NULL);
INSERT INTO `cta_cte_cliente` VALUES (554,7922,0,NULL,554,2,40721,40753,13,3053,1,0,'2023-02-07','2023-02-07',1500.00,1,1.00,'Factura B N°: 0004-00008316',NULL,NULL,'2023-03-22 10:35:46','2023-03-22 10:35:46',NULL),(555,7922,0,NULL,555,2,40721,40753,13,3053,1,0,'2023-02-07','2023-02-07',3600.00,1,1.00,'Factura B N°: 0004-00008317',NULL,NULL,'2023-03-22 10:35:46','2023-03-22 10:35:46',NULL),(556,7922,0,NULL,556,2,40721,40753,13,3053,1,0,'2023-02-07','2023-02-07',10900.00,1,1.00,'Factura B N°: 0004-00008318',NULL,NULL,'2023-03-22 10:35:46','2023-03-22 10:35:46',NULL),(557,7922,0,NULL,557,2,40721,40753,13,3053,1,0,'2023-02-07','2023-02-07',300.00,1,1.00,'Factura B N°: 0004-00008319',NULL,NULL,'2023-03-22 10:35:46','2023-03-22 10:35:46',NULL),(558,7922,0,NULL,558,2,40721,40753,13,3053,1,0,'2023-02-07','2023-02-07',900.00,1,1.00,'Factura B N°: 0004-00008320',NULL,NULL,'2023-03-22 10:35:46','2023-03-22 10:35:46',NULL),(559,7922,0,NULL,559,2,40721,40753,13,3053,1,0,'2023-02-07','2023-02-07',550.00,1,1.00,'Factura B N°: 0004-00008321',NULL,NULL,'2023-03-22 10:35:46','2023-03-22 10:35:46',NULL),(560,7922,0,NULL,560,2,40721,40753,13,3053,1,0,'2023-02-07','2023-02-07',4900.00,1,1.00,'Factura B N°: 0004-00008322',NULL,NULL,'2023-03-22 10:35:46','2023-03-22 10:35:46',NULL),(561,7922,0,NULL,561,2,40721,40753,13,3053,1,0,'2023-02-07','2023-02-07',900.00,1,1.00,'Factura B N°: 0004-00008323',NULL,NULL,'2023-03-22 10:35:46','2023-03-22 10:35:46',NULL),(562,7922,0,NULL,562,2,40721,40753,13,3053,1,0,'2023-02-07','2023-02-07',1000.00,1,1.00,'Factura B N°: 0004-00008324',NULL,NULL,'2023-03-22 10:35:46','2023-03-22 10:35:46',NULL),(563,7922,0,NULL,563,2,40721,40753,13,3053,1,0,'2023-02-07','2023-02-07',1500.00,1,1.00,'Factura B N°: 0004-00008325',NULL,NULL,'2023-03-22 10:35:46','2023-03-22 10:35:46',NULL),(564,7922,0,NULL,564,2,40721,40753,13,3053,1,0,'2023-02-07','2023-02-07',2500.00,1,1.00,'Factura B N°: 0004-00008326',NULL,NULL,'2023-03-22 10:35:46','2023-03-22 10:35:46',NULL),(565,7922,0,NULL,565,2,40721,40753,13,3053,1,0,'2023-02-07','2023-02-07',4500.00,1,1.00,'Factura B N°: 0004-00008327',NULL,NULL,'2023-03-22 10:35:46','2023-03-22 10:35:46',NULL),(566,7922,0,NULL,566,2,40721,40753,13,3053,1,0,'2023-02-07','2023-02-07',4350.00,1,1.00,'Factura B N°: 0004-00008328',NULL,NULL,'2023-03-22 10:35:46','2023-03-22 10:35:46',NULL),(567,7922,0,NULL,567,2,40721,40753,13,3053,1,0,'2023-02-07','2023-02-07',1650.00,1,1.00,'Factura B N°: 0004-00008329',NULL,NULL,'2023-03-22 10:35:47','2023-03-22 10:35:47',NULL),(568,7922,0,NULL,568,2,40721,40753,13,3053,1,0,'2023-02-08','2023-02-08',1500.00,1,1.00,'Factura B N°: 0004-00008330',NULL,NULL,'2023-03-22 10:35:47','2023-03-22 10:35:47',NULL),(569,7922,0,NULL,569,2,40721,40753,13,3053,1,0,'2023-02-08','2023-02-08',3500.00,1,1.00,'Factura B N°: 0004-00008331',NULL,NULL,'2023-03-22 10:35:47','2023-03-22 10:35:47',NULL),(570,7922,0,NULL,570,2,40721,40753,13,3053,1,0,'2023-02-08','2023-02-08',3400.00,1,1.00,'Factura B N°: 0004-00008332',NULL,NULL,'2023-03-22 10:35:47','2023-03-22 10:35:47',NULL),(571,7922,0,NULL,571,2,40721,40753,13,3053,1,0,'2023-02-08','2023-02-08',1400.00,1,1.00,'Factura B N°: 0004-00008333',NULL,NULL,'2023-03-22 10:35:47','2023-03-22 10:35:47',NULL),(572,7922,0,NULL,572,2,40721,40753,13,3053,1,0,'2023-02-08','2023-02-08',250.00,1,1.00,'Factura B N°: 0004-00008334',NULL,NULL,'2023-03-22 10:35:47','2023-03-22 10:35:47',NULL),(573,7922,0,NULL,573,2,40721,40753,13,3053,1,0,'2023-02-08','2023-02-08',2400.00,1,1.00,'Factura B N°: 0004-00008335',NULL,NULL,'2023-03-22 10:35:47','2023-03-22 10:35:47',NULL),(574,7922,0,NULL,574,2,40721,40753,13,3053,1,0,'2023-02-08','2023-02-08',950.00,1,1.00,'Factura B N°: 0004-00008336',NULL,NULL,'2023-03-22 10:35:47','2023-03-22 10:35:47',NULL),(575,7922,0,NULL,575,2,40721,40753,13,3053,1,0,'2023-02-08','2023-02-08',900.00,1,1.00,'Factura B N°: 0004-00008337',NULL,NULL,'2023-03-22 10:35:47','2023-03-22 10:35:47',NULL);
INSERT INTO `cta_cte_cliente` VALUES (576,7922,0,NULL,576,2,40721,40753,13,3053,1,0,'2023-02-08','2023-02-08',330.00,1,1.00,'Factura B N°: 0004-00008338',NULL,NULL,'2023-03-22 10:35:47','2023-03-22 10:35:47',NULL),(577,7922,0,NULL,577,2,40721,40753,13,3053,1,0,'2023-02-08','2023-02-08',300.00,1,1.00,'Factura B N°: 0004-00008339',NULL,NULL,'2023-03-22 10:35:47','2023-03-22 10:35:47',NULL),(578,7922,0,NULL,578,2,40721,40753,13,3053,1,0,'2023-02-08','2023-02-08',1000.00,1,1.00,'Factura B N°: 0004-00008340',NULL,NULL,'2023-03-22 10:35:47','2023-03-22 10:35:47',NULL),(579,7922,0,NULL,579,2,40721,40753,13,3053,1,0,'2023-02-08','2023-02-08',2120.00,1,1.00,'Factura B N°: 0004-00008341',NULL,NULL,'2023-03-22 10:35:47','2023-03-22 10:35:47',NULL),(580,7922,0,NULL,580,2,40721,40753,13,3053,1,0,'2023-02-08','2023-02-08',500.00,1,1.00,'Factura B N°: 0004-00008342',NULL,NULL,'2023-03-22 10:35:47','2023-03-22 10:35:47',NULL),(581,7922,0,NULL,581,2,40721,40753,13,3053,1,0,'2023-02-08','2023-02-08',3000.00,1,1.00,'Factura B N°: 0004-00008343',NULL,NULL,'2023-03-22 10:35:47','2023-03-22 10:35:47',NULL),(582,7922,0,NULL,582,2,40721,40753,13,3053,1,0,'2023-02-08','2023-02-08',12800.00,1,1.00,'Factura B N°: 0004-00008344',NULL,NULL,'2023-03-22 10:35:47','2023-03-22 10:35:47',NULL),(583,7922,0,NULL,583,2,40721,40753,13,3053,1,0,'2023-02-08','2023-02-08',1200.00,1,1.00,'Factura B N°: 0004-00008345',NULL,NULL,'2023-03-22 10:35:47','2023-03-22 10:35:47',NULL),(584,7922,0,NULL,584,2,40721,40753,13,3053,1,0,'2023-02-08','2023-02-08',2800.00,1,1.00,'Factura B N°: 0004-00008346',NULL,NULL,'2023-03-22 10:35:47','2023-03-22 10:35:47',NULL),(585,7922,0,NULL,585,2,40721,40753,13,3053,1,0,'2023-02-08','2023-02-08',1650.00,1,1.00,'Factura B N°: 0004-00008347',NULL,NULL,'2023-03-22 10:35:47','2023-03-22 10:35:47',NULL),(586,7922,0,NULL,586,2,40721,40753,13,3053,1,0,'2023-02-08','2023-02-08',1060.00,1,1.00,'Factura B N°: 0004-00008348',NULL,NULL,'2023-03-22 10:35:47','2023-03-22 10:35:47',NULL),(587,7922,0,NULL,587,2,40721,40753,13,3053,1,0,'2023-02-08','2023-02-08',300.00,1,1.00,'Factura B N°: 0004-00008349',NULL,NULL,'2023-03-22 10:35:47','2023-03-22 10:35:47',NULL),(588,7922,0,NULL,588,2,40721,40754,13,3053,1,0,'2023-02-08','2023-02-08',11000.01,1,1.00,'Factura A N°: 0005-00000094',NULL,NULL,'2023-03-22 10:35:48','2023-03-22 10:35:48',NULL),(589,7922,0,NULL,589,2,40721,40753,13,3053,1,0,'2023-02-09','2023-02-09',0.00,1,1.00,'Factura B N°: 0004-00008350',NULL,NULL,'2023-03-22 10:35:48','2023-03-22 10:35:48',NULL),(590,7922,0,NULL,590,2,40721,40753,13,3053,1,0,'2023-02-09','2023-02-09',1800.00,1,1.00,'Factura B N°: 0004-00008351',NULL,NULL,'2023-03-22 10:35:48','2023-03-22 10:35:48',NULL),(591,7922,0,NULL,591,2,40721,40753,13,3053,1,0,'2023-02-09','2023-02-09',3500.00,1,1.00,'Factura B N°: 0004-00008352',NULL,NULL,'2023-03-22 10:35:48','2023-03-22 10:35:48',NULL),(592,7922,0,NULL,592,2,40721,40753,13,3053,1,0,'2023-02-09','2023-02-09',29700.00,1,1.00,'Factura B N°: 0004-00008353',NULL,NULL,'2023-03-22 10:35:48','2023-03-22 10:35:48',NULL),(593,7922,0,NULL,593,2,40721,40753,13,3053,1,0,'2023-02-09','2023-02-09',970.00,1,1.00,'Factura B N°: 0004-00008354',NULL,NULL,'2023-03-22 10:35:48','2023-03-22 10:35:48',NULL),(594,7922,0,NULL,594,2,40721,40753,13,3053,1,0,'2023-02-09','2023-02-09',66325.50,1,1.00,'Factura B N°: 0004-00008355',NULL,NULL,'2023-03-22 10:35:48','2023-03-22 10:35:48',NULL),(595,7922,0,NULL,595,2,40721,40753,13,3053,1,0,'2023-02-09','2023-02-09',1000.00,1,1.00,'Factura B N°: 0004-00008356',NULL,NULL,'2023-03-22 10:35:48','2023-03-22 10:35:48',NULL),(596,7922,0,NULL,596,2,40721,40753,13,3053,1,0,'2023-02-09','2023-02-09',1000.00,1,1.00,'Factura B N°: 0004-00008357',NULL,NULL,'2023-03-22 10:35:48','2023-03-22 10:35:48',NULL),(597,7922,0,NULL,597,2,40721,40753,13,3053,1,0,'2023-02-09','2023-02-09',21500.00,1,1.00,'Factura B N°: 0004-00008358',NULL,NULL,'2023-03-22 10:35:48','2023-03-22 10:35:48',NULL);
INSERT INTO `cta_cte_cliente` VALUES (598,7922,0,NULL,598,2,40721,40753,13,3053,1,0,'2023-02-09','2023-02-09',1900.00,1,1.00,'Factura B N°: 0004-00008359',NULL,NULL,'2023-03-22 10:35:48','2023-03-22 10:35:48',NULL),(599,7922,0,NULL,599,2,40721,40753,13,3053,1,0,'2023-02-09','2023-02-09',920.00,1,1.00,'Factura B N°: 0004-00008360',NULL,NULL,'2023-03-22 10:35:48','2023-03-22 10:35:48',NULL),(600,7922,0,NULL,600,2,40721,40753,13,3053,1,0,'2023-02-09','2023-02-09',190.00,1,1.00,'Factura B N°: 0004-00008361',NULL,NULL,'2023-03-22 10:35:48','2023-03-22 10:35:48',NULL),(601,7922,0,NULL,601,2,40721,40755,13,3053,1,0,'2023-02-09','2023-02-09',22000.00,1,1.00,'Factura A N°: 0005-00000095',NULL,NULL,'2023-03-22 10:35:48','2023-03-22 10:35:48',NULL),(602,7922,0,NULL,602,2,40721,40753,13,3053,1,0,'2023-02-10','2023-02-10',1200.00,1,1.00,'Factura B N°: 0004-00008362',NULL,NULL,'2023-03-22 10:35:48','2023-03-22 10:35:48',NULL),(603,7922,0,NULL,603,2,40721,40753,13,3053,1,0,'2023-02-10','2023-02-10',1600.00,1,1.00,'Factura B N°: 0004-00008363',NULL,NULL,'2023-03-22 10:35:48','2023-03-22 10:35:48',NULL),(604,7922,0,NULL,604,2,40721,40753,13,3053,1,0,'2023-02-10','2023-02-10',1440.00,1,1.00,'Factura B N°: 0004-00008364',NULL,NULL,'2023-03-22 10:35:48','2023-03-22 10:35:48',NULL),(605,7922,0,NULL,605,2,40721,40753,13,3053,1,0,'2023-02-10','2023-02-10',22543.50,1,1.00,'Factura B N°: 0004-00008365',NULL,NULL,'2023-03-22 10:35:48','2023-03-22 10:35:48',NULL),(606,7922,0,NULL,606,2,40721,40753,13,3053,1,0,'2023-02-10','2023-02-10',3075.00,1,1.00,'Factura B N°: 0004-00008366',NULL,NULL,'2023-03-22 10:35:48','2023-03-22 10:35:48',NULL),(607,7922,0,NULL,607,2,40721,40753,13,3053,1,0,'2023-02-10','2023-02-10',2400.00,1,1.00,'Factura B N°: 0004-00008367',NULL,NULL,'2023-03-22 10:35:48','2023-03-22 10:35:48',NULL),(608,7922,0,NULL,608,2,40721,40753,13,3053,1,0,'2023-02-10','2023-02-10',2420.00,1,1.00,'Factura B N°: 0004-00008368',NULL,NULL,'2023-03-22 10:35:48','2023-03-22 10:35:48',NULL),(609,7922,0,NULL,609,2,40721,40753,13,3053,1,0,'2023-02-10','2023-02-10',21700.00,1,1.00,'Factura B N°: 0004-00008369',NULL,NULL,'2023-03-22 10:35:48','2023-03-22 10:35:48',NULL),(610,7922,0,NULL,610,2,40721,40753,13,3053,1,0,'2023-02-10','2023-02-10',1500.00,1,1.00,'Factura B N°: 0004-00008370',NULL,NULL,'2023-03-22 10:35:48','2023-03-22 10:35:48',NULL),(611,7922,0,NULL,611,2,40721,40753,13,3053,1,0,'2023-02-10','2023-02-10',50000.00,1,1.00,'Factura B N°: 0004-00008371',NULL,NULL,'2023-03-22 10:35:49','2023-03-22 10:35:49',NULL),(612,7922,0,NULL,612,2,40721,40753,13,3053,1,0,'2023-02-10','2023-02-10',3700.00,1,1.00,'Factura B N°: 0004-00008372',NULL,NULL,'2023-03-22 10:35:49','2023-03-22 10:35:49',NULL),(613,7922,0,NULL,613,2,40721,40753,13,3053,1,0,'2023-02-10','2023-02-10',3290.00,1,1.00,'Factura B N°: 0004-00008373',NULL,NULL,'2023-03-22 10:35:49','2023-03-22 10:35:49',NULL),(614,7922,0,NULL,614,2,40721,40753,13,3053,1,0,'2023-02-11','2023-02-11',5600.00,1,1.00,'Factura B N°: 0004-00008374',NULL,NULL,'2023-03-22 10:35:49','2023-03-22 10:35:49',NULL),(615,7922,0,NULL,615,2,40721,40753,13,3053,1,0,'2023-02-11','2023-02-11',2500.00,1,1.00,'Factura B N°: 0004-00008375',NULL,NULL,'2023-03-22 10:35:49','2023-03-22 10:35:49',NULL),(616,7922,0,NULL,616,2,40721,40753,13,3053,1,0,'2023-02-11','2023-02-11',2990.00,1,1.00,'Factura B N°: 0004-00008376',NULL,NULL,'2023-03-22 10:35:49','2023-03-22 10:35:49',NULL),(617,7922,0,NULL,617,2,40721,40753,13,3053,1,0,'2023-02-11','2023-02-11',500.00,1,1.00,'Factura B N°: 0004-00008377',NULL,NULL,'2023-03-22 10:35:49','2023-03-22 10:35:49',NULL),(618,7922,0,NULL,618,2,40721,40753,13,3053,1,0,'2023-02-11','2023-02-11',17763.60,1,1.00,'Factura B N°: 0004-00008378',NULL,NULL,'2023-03-22 10:35:49','2023-03-22 10:35:49',NULL),(619,7922,0,NULL,619,2,40721,40753,13,3053,1,0,'2023-02-11','2023-02-11',15000.00,1,1.00,'Factura B N°: 0004-00008379',NULL,NULL,'2023-03-22 10:35:49','2023-03-22 10:35:49',NULL);
INSERT INTO `cta_cte_cliente` VALUES (620,7922,0,NULL,620,2,40721,40753,13,3053,1,0,'2023-02-11','2023-02-11',520.00,1,1.00,'Factura B N°: 0004-00008380',NULL,NULL,'2023-03-22 10:35:49','2023-03-22 10:35:49',NULL),(621,7922,0,NULL,621,2,40721,40753,13,3053,1,0,'2023-02-11','2023-02-11',1420.00,1,1.00,'Factura B N°: 0004-00008381',NULL,NULL,'2023-03-22 10:35:49','2023-03-22 10:35:49',NULL),(622,7922,0,NULL,622,2,40721,40753,13,3053,1,0,'2023-02-11','2023-02-11',520.00,1,1.00,'Factura B N°: 0004-00008382',NULL,NULL,'2023-03-22 10:35:49','2023-03-22 10:35:49',NULL),(623,7922,0,NULL,623,2,40721,40753,13,3053,1,0,'2023-02-11','2023-02-11',400.00,1,1.00,'Factura B N°: 0004-00008383',NULL,NULL,'2023-03-22 10:35:49','2023-03-22 10:35:49',NULL),(624,7922,0,NULL,624,2,40721,40753,13,3053,1,0,'2023-02-11','2023-02-11',2920.00,1,1.00,'Factura B N°: 0004-00008384',NULL,NULL,'2023-03-22 10:35:49','2023-03-22 10:35:49',NULL),(625,7922,0,NULL,625,2,40721,40753,13,3053,1,0,'2023-02-11','2023-02-11',2100.00,1,1.00,'Factura B N°: 0004-00008385',NULL,NULL,'2023-03-22 10:35:49','2023-03-22 10:35:49',NULL),(626,7922,0,NULL,626,2,40721,40753,13,3053,1,0,'2023-02-11','2023-02-11',200.00,1,1.00,'Factura B N°: 0004-00008386',NULL,NULL,'2023-03-22 10:35:50','2023-03-22 10:35:50',NULL),(627,7922,0,NULL,627,2,40721,40753,13,3053,1,0,'2023-02-11','2023-02-11',1640.00,1,1.00,'Factura B N°: 0004-00008387',NULL,NULL,'2023-03-22 10:35:50','2023-03-22 10:35:50',NULL),(628,7922,0,NULL,628,2,40721,40753,13,3053,1,0,'2023-02-11','2023-02-11',50000.00,1,1.00,'Factura B N°: 0004-00008388',NULL,NULL,'2023-03-22 10:35:50','2023-03-22 10:35:50',NULL),(629,7922,0,NULL,629,2,40721,40753,13,3053,1,0,'2023-02-11','2023-02-11',65000.00,1,1.00,'Factura B N°: 0004-00008389',NULL,NULL,'2023-03-22 10:35:50','2023-03-22 10:35:50',NULL),(630,7922,0,NULL,630,2,40721,40753,13,3053,1,0,'2023-02-11','2023-02-11',1800.00,1,1.00,'Factura B N°: 0004-00008390',NULL,NULL,'2023-03-22 10:35:50','2023-03-22 10:35:50',NULL),(631,7922,0,NULL,631,2,40721,40753,13,3053,1,0,'2023-02-11','2023-02-11',70000.00,1,1.00,'Factura B N°: 0004-00008391',NULL,NULL,'2023-03-22 10:35:50','2023-03-22 10:35:50',NULL),(632,7922,0,NULL,632,2,40721,40753,13,3053,1,0,'2023-02-11','2023-02-11',85000.00,1,1.00,'Factura B N°: 0004-00008392',NULL,NULL,'2023-03-22 10:35:50','2023-03-22 10:35:50',NULL),(633,7922,0,NULL,633,2,40721,40753,13,3053,1,0,'2023-02-11','2023-02-11',30000.00,1,1.00,'Factura B N°: 0004-00008393',NULL,NULL,'2023-03-22 10:35:50','2023-03-22 10:35:50',NULL),(634,7922,0,NULL,634,2,40721,40753,13,3053,1,0,'2023-02-11','2023-02-11',37400.00,1,1.00,'Factura B N°: 0004-00008394',NULL,NULL,'2023-03-22 10:35:50','2023-03-22 10:35:50',NULL),(635,7922,0,NULL,635,2,40721,40753,13,3053,1,0,'2023-02-11','2023-02-11',8250.00,1,1.00,'Factura B N°: 0004-00008395',NULL,NULL,'2023-03-22 10:35:50','2023-03-22 10:35:50',NULL),(636,7922,0,NULL,636,2,40721,40753,13,3053,1,0,'2023-02-11','2023-02-11',850.00,1,1.00,'Factura B N°: 0004-00008396',NULL,NULL,'2023-03-22 10:35:50','2023-03-22 10:35:50',NULL),(637,7922,0,NULL,637,2,40721,40753,13,3053,1,0,'2023-02-11','2023-02-11',5500.00,1,1.00,'Factura B N°: 0004-00008397',NULL,NULL,'2023-03-22 10:35:50','2023-03-22 10:35:50',NULL),(638,7922,0,NULL,638,2,40721,40753,13,3053,1,0,'2023-02-11','2023-02-11',4900.00,1,1.00,'Factura B N°: 0004-00008398',NULL,NULL,'2023-03-22 10:35:50','2023-03-22 10:35:50',NULL),(639,7922,0,NULL,639,2,40721,40753,13,3053,1,0,'2023-02-13','2023-02-13',300.00,1,1.00,'Factura B N°: 0004-00008399',NULL,NULL,'2023-03-22 10:35:50','2023-03-22 10:35:50',NULL),(640,7922,0,NULL,640,2,40721,40753,13,3053,1,0,'2023-02-13','2023-02-13',250.00,1,1.00,'Factura B N°: 0004-00008400',NULL,NULL,'2023-03-22 10:35:50','2023-03-22 10:35:50',NULL),(641,7922,0,NULL,641,2,40721,40753,13,3053,1,0,'2023-02-13','2023-02-13',2400.00,1,1.00,'Factura B N°: 0004-00008401',NULL,NULL,'2023-03-22 10:35:50','2023-03-22 10:35:50',NULL);
INSERT INTO `cta_cte_cliente` VALUES (642,7922,0,NULL,642,2,40721,40753,13,3053,1,0,'2023-02-13','2023-02-13',8500.00,1,1.00,'Factura B N°: 0004-00008402',NULL,NULL,'2023-03-22 10:35:50','2023-03-22 10:35:50',NULL),(643,7922,0,NULL,643,2,40721,40753,13,3053,1,0,'2023-02-13','2023-02-13',23650.00,1,1.00,'Factura B N°: 0004-00008403',NULL,NULL,'2023-03-22 10:35:50','2023-03-22 10:35:50',NULL),(644,7922,0,NULL,644,2,40721,40753,13,3053,1,0,'2023-02-13','2023-02-13',18250.00,1,1.00,'Factura B N°: 0004-00008404',NULL,NULL,'2023-03-22 10:35:50','2023-03-22 10:35:50',NULL),(645,7922,0,NULL,645,2,40721,40753,13,3053,1,0,'2023-02-13','2023-02-13',17950.00,1,1.00,'Factura B N°: 0004-00008405',NULL,NULL,'2023-03-22 10:35:50','2023-03-22 10:35:50',NULL),(646,7922,0,NULL,646,2,40721,40753,13,3053,1,0,'2023-02-13','2023-02-13',1900.00,1,1.00,'Factura B N°: 0004-00008406',NULL,NULL,'2023-03-22 10:35:51','2023-03-22 10:35:51',NULL),(647,7922,0,NULL,647,2,40721,40753,13,3053,1,0,'2023-02-13','2023-02-13',1500.00,1,1.00,'Factura B N°: 0004-00008407',NULL,NULL,'2023-03-22 10:35:51','2023-03-22 10:35:51',NULL),(648,7922,0,NULL,648,2,40721,40753,13,3053,1,0,'2023-02-13','2023-02-13',100.00,1,1.00,'Factura B N°: 0004-00008408',NULL,NULL,'2023-03-22 10:35:51','2023-03-22 10:35:51',NULL),(649,7922,0,NULL,649,2,40721,40753,13,3053,1,0,'2023-02-13','2023-02-13',600.00,1,1.00,'Factura B N°: 0004-00008409',NULL,NULL,'2023-03-22 10:35:51','2023-03-22 10:35:51',NULL),(650,7922,0,NULL,650,2,40721,40753,13,3053,1,0,'2023-02-13','2023-02-13',600.00,1,1.00,'Factura B N°: 0004-00008410',NULL,NULL,'2023-03-22 10:35:51','2023-03-22 10:35:51',NULL),(651,7922,0,NULL,651,2,40721,40753,13,3053,1,0,'2023-02-13','2023-02-13',18150.00,1,1.00,'Factura B N°: 0004-00008411',NULL,NULL,'2023-03-22 10:35:51','2023-03-22 10:35:51',NULL),(652,7922,0,NULL,652,2,40721,40753,13,3053,1,0,'2023-02-13','2023-02-13',19000.00,1,1.00,'Factura B N°: 0004-00008412',NULL,NULL,'2023-03-22 10:35:51','2023-03-22 10:35:51',NULL),(653,7922,0,NULL,653,2,40721,40753,13,3053,1,0,'2023-02-13','2023-02-13',2450.00,1,1.00,'Factura B N°: 0004-00008413',NULL,NULL,'2023-03-22 10:35:51','2023-03-22 10:35:51',NULL),(654,7922,0,NULL,654,2,40721,40753,13,3053,1,0,'2023-02-13','2023-02-13',3000.00,1,1.00,'Factura B N°: 0004-00008414',NULL,NULL,'2023-03-22 10:35:51','2023-03-22 10:35:51',NULL),(655,7922,0,NULL,655,2,40721,40753,13,3053,1,0,'2023-02-13','2023-02-13',1650.00,1,1.00,'Factura B N°: 0004-00008415',NULL,NULL,'2023-03-22 10:35:51','2023-03-22 10:35:51',NULL),(656,7922,0,NULL,656,2,40721,40753,13,3053,1,0,'2023-02-13','2023-02-13',2050.00,1,1.00,'Factura B N°: 0004-00008416',NULL,NULL,'2023-03-22 10:35:51','2023-03-22 10:35:51',NULL),(657,7922,0,NULL,657,2,40721,40753,13,3053,1,0,'2023-02-13','2023-02-13',1760.00,1,1.00,'Factura B N°: 0004-00008417',NULL,NULL,'2023-03-22 10:35:51','2023-03-22 10:35:51',NULL),(658,7922,0,NULL,658,2,40721,40753,13,3053,1,0,'2023-02-14','2023-02-14',14825.60,1,1.00,'Factura B N°: 0004-00008418',NULL,NULL,'2023-03-22 10:35:51','2023-03-22 10:35:51',NULL),(659,7922,0,NULL,659,2,40721,40753,13,3053,1,0,'2023-02-14','2023-02-14',500.00,1,1.00,'Factura B N°: 0004-00008419',NULL,NULL,'2023-03-22 10:35:51','2023-03-22 10:35:51',NULL),(660,7922,0,NULL,660,2,40721,40753,13,3053,1,0,'2023-02-14','2023-02-14',500.00,1,1.00,'Factura B N°: 0004-00008420',NULL,NULL,'2023-03-22 10:35:51','2023-03-22 10:35:51',NULL),(661,7922,0,NULL,661,2,40721,40753,13,3053,1,0,'2023-02-14','2023-02-14',1000.00,1,1.00,'Factura B N°: 0004-00008421',NULL,NULL,'2023-03-22 10:35:51','2023-03-22 10:35:51',NULL),(662,7922,0,NULL,662,2,40721,40753,13,3053,1,0,'2023-02-14','2023-02-14',6550.00,1,1.00,'Factura B N°: 0004-00008422',NULL,NULL,'2023-03-22 10:35:51','2023-03-22 10:35:51',NULL),(663,7922,0,NULL,663,2,40721,40753,13,3053,1,0,'2023-02-14','2023-02-14',750.00,1,1.00,'Factura B N°: 0004-00008423',NULL,NULL,'2023-03-22 10:35:51','2023-03-22 10:35:51',NULL);
INSERT INTO `cta_cte_cliente` VALUES (664,7922,0,NULL,664,2,40721,40753,13,3053,1,0,'2023-02-14','2023-02-14',2800.00,1,1.00,'Factura B N°: 0004-00008424',NULL,NULL,'2023-03-22 10:35:51','2023-03-22 10:35:51',NULL),(665,7922,0,NULL,665,2,40721,40753,13,3053,1,0,'2023-02-14','2023-02-14',4800.00,1,1.00,'Factura B N°: 0004-00008425',NULL,NULL,'2023-03-22 10:35:51','2023-03-22 10:35:51',NULL),(666,7922,0,NULL,666,2,40721,40753,13,3053,1,0,'2023-02-14','2023-02-14',5300.00,1,1.00,'Factura B N°: 0004-00008426',NULL,NULL,'2023-03-22 10:35:51','2023-03-22 10:35:51',NULL),(667,7922,0,NULL,667,2,40721,40753,13,3053,1,0,'2023-02-14','2023-02-14',5000.00,1,1.00,'Factura B N°: 0004-00008427',NULL,NULL,'2023-03-22 10:35:51','2023-03-22 10:35:51',NULL),(668,7922,0,NULL,668,2,40721,40753,13,3053,1,0,'2023-02-14','2023-02-14',4500.00,1,1.00,'Factura B N°: 0004-00008428',NULL,NULL,'2023-03-22 10:35:52','2023-03-22 10:35:52',NULL),(669,7922,0,NULL,669,2,40721,40753,13,3053,1,0,'2023-02-14','2023-02-14',75000.00,1,1.00,'Factura B N°: 0004-00008429',NULL,NULL,'2023-03-22 10:35:52','2023-03-22 10:35:52',NULL),(670,7922,0,NULL,670,2,40721,40753,13,3053,1,0,'2023-02-14','2023-02-14',75000.00,1,1.00,'Factura B N°: 0004-00008430',NULL,NULL,'2023-03-22 10:35:52','2023-03-22 10:35:52',NULL),(671,7922,0,NULL,671,2,40721,40753,13,3053,1,0,'2023-02-14','2023-02-14',80000.00,1,1.00,'Factura B N°: 0004-00008431',NULL,NULL,'2023-03-22 10:35:52','2023-03-22 10:35:52',NULL),(672,7922,0,NULL,672,2,40721,40753,13,3053,1,0,'2023-02-14','2023-02-14',70000.00,1,1.00,'Factura B N°: 0004-00008432',NULL,NULL,'2023-03-22 10:35:52','2023-03-22 10:35:52',NULL),(673,7922,0,NULL,673,2,40721,40753,13,3053,1,0,'2023-02-14','2023-02-14',75000.00,1,1.00,'Factura B N°: 0004-00008433',NULL,NULL,'2023-03-22 10:35:52','2023-03-22 10:35:52',NULL),(674,7922,0,NULL,674,2,40721,40753,13,3053,1,0,'2023-02-15','2023-02-15',7000.00,1,1.00,'Factura B N°: 0004-00008434',NULL,NULL,'2023-03-22 10:35:52','2023-03-22 10:35:52',NULL),(675,7922,0,NULL,675,2,40721,40753,13,3053,1,0,'2023-02-15','2023-02-15',520.00,1,1.00,'Factura B N°: 0004-00008435',NULL,NULL,'2023-03-22 10:35:52','2023-03-22 10:35:52',NULL),(676,7922,0,NULL,676,2,40721,40753,13,3053,1,0,'2023-02-15','2023-02-15',1000.00,1,1.00,'Factura B N°: 0004-00008436',NULL,NULL,'2023-03-22 10:35:52','2023-03-22 10:35:52',NULL),(677,7922,0,NULL,677,2,40721,40753,13,3053,1,0,'2023-02-15','2023-02-15',300.00,1,1.00,'Factura B N°: 0004-00008437',NULL,NULL,'2023-03-22 10:35:52','2023-03-22 10:35:52',NULL),(678,7922,0,NULL,678,2,40721,40753,13,3053,1,0,'2023-02-15','2023-02-15',1200.00,1,1.00,'Factura B N°: 0004-00008438',NULL,NULL,'2023-03-22 10:35:52','2023-03-22 10:35:52',NULL),(679,7922,0,NULL,679,2,40721,40753,13,3053,1,0,'2023-02-15','2023-02-15',520.00,1,1.00,'Factura B N°: 0004-00008439',NULL,NULL,'2023-03-22 10:35:52','2023-03-22 10:35:52',NULL),(680,7922,0,NULL,680,2,40721,40753,13,3053,1,0,'2023-02-15','2023-02-15',7250.00,1,1.00,'Factura B N°: 0004-00008440',NULL,NULL,'2023-03-22 10:35:52','2023-03-22 10:35:52',NULL),(681,7922,0,NULL,681,2,40721,40753,13,3053,1,0,'2023-02-15','2023-02-15',300.00,1,1.00,'Factura B N°: 0004-00008441',NULL,NULL,'2023-03-22 10:35:52','2023-03-22 10:35:52',NULL),(682,7922,0,NULL,682,2,40721,40753,13,3053,1,0,'2023-02-15','2023-02-15',6200.00,1,1.00,'Factura B N°: 0004-00008442',NULL,NULL,'2023-03-22 10:35:52','2023-03-22 10:35:52',NULL),(683,7922,0,NULL,683,2,40721,40753,13,3053,1,0,'2023-02-15','2023-02-15',1850.00,1,1.00,'Factura B N°: 0004-00008443',NULL,NULL,'2023-03-22 10:35:52','2023-03-22 10:35:52',NULL),(684,7922,0,NULL,684,2,40721,40753,13,3053,1,0,'2023-02-15','2023-02-15',1580.00,1,1.00,'Factura B N°: 0004-00008444',NULL,NULL,'2023-03-22 10:35:52','2023-03-22 10:35:52',NULL),(685,7922,0,NULL,685,2,40721,40753,13,3053,1,0,'2023-02-15','2023-02-15',860.00,1,1.00,'Factura B N°: 0004-00008445',NULL,NULL,'2023-03-22 10:35:52','2023-03-22 10:35:52',NULL);
INSERT INTO `cta_cte_cliente` VALUES (686,7922,0,NULL,686,2,40721,40753,13,3053,1,0,'2023-02-15','2023-02-15',5120.00,1,1.00,'Factura B N°: 0004-00008446',NULL,NULL,'2023-03-22 10:35:52','2023-03-22 10:35:52',NULL),(687,7922,0,NULL,687,2,40721,40753,13,3053,1,0,'2023-02-15','2023-02-15',1580.00,1,1.00,'Factura B N°: 0004-00008447',NULL,NULL,'2023-03-22 10:35:52','2023-03-22 10:35:52',NULL),(688,7922,0,NULL,688,2,40721,40753,13,3053,1,0,'2023-02-15','2023-02-15',5520.00,1,1.00,'Factura B N°: 0004-00008448',NULL,NULL,'2023-03-22 10:35:52','2023-03-22 10:35:52',NULL),(689,7922,0,NULL,689,2,40721,40753,13,3053,1,0,'2023-02-15','2023-02-15',2280.00,1,1.00,'Factura B N°: 0004-00008449',NULL,NULL,'2023-03-22 10:35:52','2023-03-22 10:35:52',NULL),(690,7922,0,NULL,690,2,40721,40753,13,3053,1,0,'2023-02-15','2023-02-15',3000.00,1,1.00,'Factura B N°: 0004-00008450',NULL,NULL,'2023-03-22 10:35:53','2023-03-22 10:35:53',NULL),(691,7922,0,NULL,691,2,40721,40753,13,3053,1,0,'2023-02-15','2023-02-15',5995.00,1,1.00,'Factura B N°: 0004-00008451',NULL,NULL,'2023-03-22 10:35:53','2023-03-22 10:35:53',NULL),(692,7922,0,NULL,692,2,40721,40753,13,3053,1,0,'2023-02-16','2023-02-16',7400.00,1,1.00,'Factura B N°: 0004-00008452',NULL,NULL,'2023-03-22 10:35:53','2023-03-22 10:35:53',NULL),(693,7922,0,NULL,693,2,40721,40753,13,3053,1,0,'2023-02-16','2023-02-16',600.00,1,1.00,'Factura B N°: 0004-00008453',NULL,NULL,'2023-03-22 10:35:53','2023-03-22 10:35:53',NULL),(694,7922,0,NULL,694,2,40721,40753,13,3053,1,0,'2023-02-16','2023-02-16',1100.00,1,1.00,'Factura B N°: 0004-00008454',NULL,NULL,'2023-03-22 10:35:53','2023-03-22 10:35:53',NULL),(695,7922,0,NULL,695,2,40721,40753,13,3053,1,0,'2023-02-16','2023-02-16',2100.00,1,1.00,'Factura B N°: 0004-00008455',NULL,NULL,'2023-03-22 10:35:53','2023-03-22 10:35:53',NULL),(696,7922,0,NULL,696,2,40721,40753,13,3053,1,0,'2023-02-16','2023-02-16',1900.00,1,1.00,'Factura B N°: 0004-00008456',NULL,NULL,'2023-03-22 10:35:53','2023-03-22 10:35:53',NULL),(697,7922,0,NULL,697,2,40721,40753,13,3053,1,0,'2023-02-16','2023-02-16',200.00,1,1.00,'Factura B N°: 0004-00008457',NULL,NULL,'2023-03-22 10:35:53','2023-03-22 10:35:53',NULL),(698,7922,0,NULL,698,2,40721,40753,13,3053,1,0,'2023-02-16','2023-02-16',160.00,1,1.00,'Factura B N°: 0004-00008458',NULL,NULL,'2023-03-22 10:35:53','2023-03-22 10:35:53',NULL),(699,7922,0,NULL,699,2,40721,40753,13,3053,1,0,'2023-02-16','2023-02-16',100.00,1,1.00,'Factura B N°: 0004-00008459',NULL,NULL,'2023-03-22 10:35:53','2023-03-22 10:35:53',NULL),(700,7922,0,NULL,700,2,40721,40753,13,3053,1,0,'2023-02-16','2023-02-16',2000.00,1,1.00,'Factura B N°: 0004-00008460',NULL,NULL,'2023-03-22 10:35:53','2023-03-22 10:35:53',NULL),(701,7922,0,NULL,701,2,40721,40753,13,3053,1,0,'2023-02-16','2023-02-16',9187.50,1,1.00,'Factura B N°: 0004-00008461',NULL,NULL,'2023-03-22 10:35:53','2023-03-22 10:35:53',NULL),(702,7922,0,NULL,702,2,40721,40753,13,3053,1,0,'2023-02-16','2023-02-16',11000.00,1,1.00,'Factura B N°: 0004-00008462',NULL,NULL,'2023-03-22 10:35:53','2023-03-22 10:35:53',NULL),(703,7922,0,NULL,703,2,40721,40753,13,3053,1,0,'2023-02-16','2023-02-16',21500.00,1,1.00,'Factura B N°: 0004-00008463',NULL,NULL,'2023-03-22 10:35:53','2023-03-22 10:35:53',NULL),(704,7922,0,NULL,704,2,40721,40753,13,3053,1,0,'2023-02-16','2023-02-16',1500.00,1,1.00,'Factura B N°: 0004-00008464',NULL,NULL,'2023-03-22 10:35:53','2023-03-22 10:35:53',NULL),(705,7922,0,NULL,705,2,40721,40753,13,3053,1,0,'2023-02-16','2023-02-16',500.00,1,1.00,'Factura B N°: 0004-00008465',NULL,NULL,'2023-03-22 10:35:53','2023-03-22 10:35:53',NULL),(706,7922,0,NULL,706,2,40721,40753,13,3053,1,0,'2023-02-16','2023-02-16',600.00,1,1.00,'Factura B N°: 0004-00008466',NULL,NULL,'2023-03-22 10:35:53','2023-03-22 10:35:53',NULL),(707,7922,0,NULL,707,2,40721,40753,13,3053,1,0,'2023-02-16','2023-02-16',1610.00,1,1.00,'Factura B N°: 0004-00008467',NULL,NULL,'2023-03-22 10:35:53','2023-03-22 10:35:53',NULL);
INSERT INTO `cta_cte_cliente` VALUES (708,7922,0,NULL,708,2,40721,40753,13,3053,1,0,'2023-02-16','2023-02-16',1800.00,1,1.00,'Factura B N°: 0004-00008468',NULL,NULL,'2023-03-22 10:35:53','2023-03-22 10:35:53',NULL),(709,7922,0,NULL,709,2,40721,40753,13,3053,1,0,'2023-02-16','2023-02-16',1000.00,1,1.00,'Factura B N°: 0004-00008469',NULL,NULL,'2023-03-22 10:35:53','2023-03-22 10:35:53',NULL),(710,7922,0,NULL,710,2,40721,40753,13,3053,1,0,'2023-02-16','2023-02-16',100.00,1,1.00,'Factura B N°: 0004-00008470',NULL,NULL,'2023-03-22 10:35:54','2023-03-22 10:35:54',NULL),(711,7922,0,NULL,711,2,40721,40753,13,3053,1,0,'2023-02-16','2023-02-16',1000.00,1,1.00,'Factura B N°: 0004-00008471',NULL,NULL,'2023-03-22 10:35:54','2023-03-22 10:35:54',NULL),(712,7922,0,NULL,712,2,40721,40753,13,3053,1,0,'2023-02-16','2023-02-16',2900.00,1,1.00,'Factura B N°: 0004-00008472',NULL,NULL,'2023-03-22 10:35:54','2023-03-22 10:35:54',NULL),(713,7922,0,NULL,713,2,40721,40753,13,3053,1,0,'2023-02-16','2023-02-16',139000.00,1,1.00,'Factura B N°: 0004-00008473',NULL,NULL,'2023-03-22 10:35:54','2023-03-22 10:35:54',NULL),(714,7922,0,NULL,714,2,40721,40753,13,3053,1,0,'2023-02-16','2023-02-16',116000.00,1,1.00,'Factura B N°: 0004-00008474',NULL,NULL,'2023-03-22 10:35:54','2023-03-22 10:35:54',NULL),(715,7922,0,NULL,715,2,40721,40753,13,3053,1,0,'2023-02-16','2023-02-16',95000.00,1,1.00,'Factura B N°: 0004-00008475',NULL,NULL,'2023-03-22 10:35:54','2023-03-22 10:35:54',NULL),(716,7922,0,NULL,716,2,40721,40753,13,3053,1,0,'2023-02-16','2023-02-16',70000.00,1,1.00,'Factura B N°: 0004-00008476',NULL,NULL,'2023-03-22 10:35:54','2023-03-22 10:35:54',NULL),(717,7922,0,NULL,717,2,40721,40753,13,3053,1,0,'2023-02-16','2023-02-16',69000.00,1,1.00,'Factura B N°: 0004-00008477',NULL,NULL,'2023-03-22 10:35:54','2023-03-22 10:35:54',NULL),(718,7922,0,NULL,718,2,40721,40753,13,3053,1,0,'2023-02-16','2023-02-16',5150.00,1,1.00,'Factura B N°: 0004-00008478',NULL,NULL,'2023-03-22 10:35:54','2023-03-22 10:35:54',NULL),(719,7922,0,NULL,719,2,40721,40753,13,3053,1,0,'2023-02-16','2023-02-16',1500.00,1,1.00,'Factura B N°: 0004-00008479',NULL,NULL,'2023-03-22 10:35:54','2023-03-22 10:35:54',NULL),(720,7922,0,NULL,720,2,40721,40753,13,3053,1,0,'2023-02-16','2023-02-16',18150.00,1,1.00,'Factura B N°: 0004-00008480',NULL,NULL,'2023-03-22 10:35:54','2023-03-22 10:35:54',NULL),(721,7922,0,NULL,721,2,40721,40753,13,3053,1,0,'2023-02-16','2023-02-16',300.00,1,1.00,'Factura B N°: 0004-00008481',NULL,NULL,'2023-03-22 10:35:54','2023-03-22 10:35:54',NULL),(722,7922,0,NULL,722,2,40721,40756,13,3053,1,0,'2023-02-16','2023-02-16',66877.30,1,1.00,'Factura A N°: 0005-00000096',NULL,NULL,'2023-03-22 10:35:54','2023-03-22 10:35:54',NULL),(723,7922,0,NULL,723,2,40721,40753,13,3053,1,0,'2023-02-17','2023-02-17',2800.00,1,1.00,'Factura B N°: 0004-00008482',NULL,NULL,'2023-03-22 10:35:54','2023-03-22 10:35:54',NULL),(724,7922,0,NULL,724,2,40721,40753,13,3053,1,0,'2023-02-17','2023-02-17',1200.00,1,1.00,'Factura B N°: 0004-00008483',NULL,NULL,'2023-03-22 10:35:54','2023-03-22 10:35:54',NULL),(725,7922,0,NULL,725,2,40721,40753,13,3053,1,0,'2023-02-17','2023-02-17',5000.00,1,1.00,'Factura B N°: 0004-00008484',NULL,NULL,'2023-03-22 10:35:54','2023-03-22 10:35:54',NULL),(726,7922,0,NULL,726,2,40721,40753,13,3053,1,0,'2023-02-17','2023-02-17',2400.00,1,1.00,'Factura B N°: 0004-00008485',NULL,NULL,'2023-03-22 10:35:54','2023-03-22 10:35:54',NULL),(727,7922,0,NULL,727,2,40721,40753,13,3053,1,0,'2023-02-17','2023-02-17',120.00,1,1.00,'Factura B N°: 0004-00008486',NULL,NULL,'2023-03-22 10:35:54','2023-03-22 10:35:54',NULL),(728,7922,0,NULL,728,2,40721,40753,13,3053,1,0,'2023-02-17','2023-02-17',38950.00,1,1.00,'Factura B N°: 0004-00008487',NULL,NULL,'2023-03-22 10:35:54','2023-03-22 10:35:54',NULL),(729,7922,0,NULL,729,2,40721,40753,13,3053,1,0,'2023-02-17','2023-02-17',1500.00,1,1.00,'Factura B N°: 0004-00008488',NULL,NULL,'2023-03-22 10:35:55','2023-03-22 10:35:55',NULL);
INSERT INTO `cta_cte_cliente` VALUES (730,7922,0,NULL,730,2,40721,40753,13,3053,1,0,'2023-02-17','2023-02-17',3790.00,1,1.00,'Factura B N°: 0004-00008489',NULL,NULL,'2023-03-22 10:35:55','2023-03-22 10:35:55',NULL),(731,7922,0,NULL,731,2,40721,40753,13,3053,1,0,'2023-02-17','2023-02-17',3500.00,1,1.00,'Factura B N°: 0004-00008490',NULL,NULL,'2023-03-22 10:35:55','2023-03-22 10:35:55',NULL),(732,7922,0,NULL,732,2,40721,40753,13,3053,1,0,'2023-02-17','2023-02-17',550.00,1,1.00,'Factura B N°: 0004-00008491',NULL,NULL,'2023-03-22 10:35:55','2023-03-22 10:35:55',NULL),(733,7922,0,NULL,733,2,40721,40753,13,3053,1,0,'2023-02-17','2023-02-17',1500.00,1,1.00,'Factura B N°: 0004-00008492',NULL,NULL,'2023-03-22 10:35:55','2023-03-22 10:35:55',NULL),(734,7922,0,NULL,734,2,40721,40753,13,3053,1,0,'2023-02-17','2023-02-17',7000.00,1,1.00,'Factura B N°: 0004-00008493',NULL,NULL,'2023-03-22 10:35:55','2023-03-22 10:35:55',NULL),(735,7922,0,NULL,735,2,40721,40753,13,3053,1,0,'2023-02-17','2023-02-17',2000.00,1,1.00,'Factura B N°: 0004-00008494',NULL,NULL,'2023-03-22 10:35:55','2023-03-22 10:35:55',NULL),(736,7922,0,NULL,736,2,40721,40753,13,3053,1,0,'2023-02-17','2023-02-17',910.00,1,1.00,'Factura B N°: 0004-00008495',NULL,NULL,'2023-03-22 10:35:55','2023-03-22 10:35:55',NULL),(737,7922,0,NULL,737,2,40721,40753,13,3053,1,0,'2023-02-18','2023-02-18',250.00,1,1.00,'Factura B N°: 0004-00008496',NULL,NULL,'2023-03-22 10:35:55','2023-03-22 10:35:55',NULL),(738,7922,0,NULL,738,2,40721,40753,13,3053,1,0,'2023-02-18','2023-02-18',7400.00,1,1.00,'Factura B N°: 0004-00008497',NULL,NULL,'2023-03-22 10:35:55','2023-03-22 10:35:55',NULL),(739,7922,0,NULL,739,2,40721,40753,13,3053,1,0,'2023-02-18','2023-02-18',2820.00,1,1.00,'Factura B N°: 0004-00008498',NULL,NULL,'2023-03-22 10:35:55','2023-03-22 10:35:55',NULL),(740,7922,0,NULL,740,2,40721,40753,13,3053,1,0,'2023-02-18','2023-02-18',600.00,1,1.00,'Factura B N°: 0004-00008499',NULL,NULL,'2023-03-22 10:35:55','2023-03-22 10:35:55',NULL),(741,7922,0,NULL,741,2,40721,40753,13,3053,1,0,'2023-02-18','2023-02-18',3800.00,1,1.00,'Factura B N°: 0004-00008500',NULL,NULL,'2023-03-22 10:35:55','2023-03-22 10:35:55',NULL),(742,7922,0,NULL,742,2,40721,40753,13,3053,1,0,'2023-02-18','2023-02-18',1450.00,1,1.00,'Factura B N°: 0004-00008501',NULL,NULL,'2023-03-22 10:35:55','2023-03-22 10:35:55',NULL),(743,7922,0,NULL,743,2,40721,40753,13,3053,1,0,'2023-02-18','2023-02-18',10170.00,1,1.00,'Factura B N°: 0004-00008502',NULL,NULL,'2023-03-22 10:35:55','2023-03-22 10:35:55',NULL),(744,7922,0,NULL,744,2,40721,40753,13,3053,1,0,'2023-02-18','2023-02-18',2200.00,1,1.00,'Factura B N°: 0004-00008503',NULL,NULL,'2023-03-22 10:35:55','2023-03-22 10:35:55',NULL),(745,7922,0,NULL,745,2,40721,40753,13,3053,1,0,'2023-02-18','2023-02-18',2700.00,1,1.00,'Factura B N°: 0004-00008504',NULL,NULL,'2023-03-22 10:35:55','2023-03-22 10:35:55',NULL),(746,7922,0,NULL,746,2,40721,40753,13,3053,1,0,'2023-02-18','2023-02-18',14700.00,1,1.00,'Factura B N°: 0004-00008505',NULL,NULL,'2023-03-22 10:35:55','2023-03-22 10:35:55',NULL),(747,7922,0,NULL,747,2,40721,40753,13,3053,1,0,'2023-02-18','2023-02-18',6000.00,1,1.00,'Factura B N°: 0004-00008506',NULL,NULL,'2023-03-22 10:35:55','2023-03-22 10:35:55',NULL),(748,7922,0,NULL,748,2,40721,40753,13,3053,1,0,'2023-02-18','2023-02-18',10150.00,1,1.00,'Factura B N°: 0004-00008507',NULL,NULL,'2023-03-22 10:35:55','2023-03-22 10:35:55',NULL),(749,7922,0,NULL,749,2,40721,40753,13,3053,1,0,'2023-02-18','2023-02-18',1160.00,1,1.00,'Factura B N°: 0004-00008508',NULL,NULL,'2023-03-22 10:35:55','2023-03-22 10:35:55',NULL),(750,7922,0,NULL,750,2,40721,40753,13,3053,1,0,'2023-02-18','2023-02-18',23650.00,1,1.00,'Factura B N°: 0004-00008509',NULL,NULL,'2023-03-22 10:35:55','2023-03-22 10:35:55',NULL),(751,7922,0,NULL,751,2,40721,40757,13,3053,1,0,'2023-02-18','2023-02-18',0.00,1,1.00,'Factura B N°: 0004-00008510',NULL,NULL,'2023-03-22 10:35:55','2023-03-22 10:35:55',NULL);
INSERT INTO `cta_cte_cliente` VALUES (752,7922,0,NULL,752,2,40721,40753,13,3053,1,0,'2023-02-18','2023-02-18',5000.00,1,1.00,'Factura B N°: 0004-00008511',NULL,NULL,'2023-03-22 10:35:56','2023-03-22 10:35:56',NULL),(753,7922,0,NULL,753,2,40721,40753,13,3053,1,0,'2023-02-18','2023-02-18',1500.00,1,1.00,'Factura B N°: 0004-00008512',NULL,NULL,'2023-03-22 10:35:56','2023-03-22 10:35:56',NULL),(754,7922,0,NULL,754,2,40721,40753,13,3053,1,0,'2023-02-18','2023-02-18',1000.00,1,1.00,'Factura B N°: 0004-00008513',NULL,NULL,'2023-03-22 10:35:56','2023-03-22 10:35:56',NULL),(755,7922,0,NULL,755,2,40721,40753,13,3053,1,0,'2023-02-18','2023-02-18',1450.00,1,1.00,'Factura B N°: 0004-00008514',NULL,NULL,'2023-03-22 10:35:56','2023-03-22 10:35:56',NULL),(756,7922,0,NULL,756,2,40721,40753,13,3053,1,0,'2023-02-18','2023-02-18',850.00,1,1.00,'Factura B N°: 0004-00008515',NULL,NULL,'2023-03-22 10:35:56','2023-03-22 10:35:56',NULL),(757,7922,0,NULL,757,2,40721,40753,13,3053,1,0,'2023-02-18','2023-02-18',10000.00,1,1.00,'Factura B N°: 0004-00008516',NULL,NULL,'2023-03-22 10:35:56','2023-03-22 10:35:56',NULL),(758,7922,0,NULL,758,2,40721,40753,13,3053,1,0,'2023-02-18','2023-02-18',1750.00,1,1.00,'Factura B N°: 0004-00008517',NULL,NULL,'2023-03-22 10:35:56','2023-03-22 10:35:56',NULL),(759,7922,0,NULL,759,2,40721,40753,13,3053,1,0,'2023-02-18','2023-02-18',2700.00,1,1.00,'Factura B N°: 0004-00008518',NULL,NULL,'2023-03-22 10:35:56','2023-03-22 10:35:56',NULL),(760,7922,0,NULL,760,2,40721,40753,13,3053,1,0,'2023-02-18','2023-02-18',200.00,1,1.00,'Factura B N°: 0004-00008519',NULL,NULL,'2023-03-22 10:35:56','2023-03-22 10:35:56',NULL),(761,7922,0,NULL,761,2,40721,40753,13,3053,1,0,'2023-02-18','2023-02-18',8420.00,1,1.00,'Factura B N°: 0004-00008520',NULL,NULL,'2023-03-22 10:35:56','2023-03-22 10:35:56',NULL),(762,7922,0,NULL,762,2,40721,40753,13,3053,1,0,'2023-02-18','2023-02-18',1500.00,1,1.00,'Factura B N°: 0004-00008521',NULL,NULL,'2023-03-22 10:35:56','2023-03-22 10:35:56',NULL),(763,7922,0,NULL,763,2,40721,40753,13,3053,1,0,'2023-02-18','2023-02-18',850.00,1,1.00,'Factura B N°: 0004-00008522',NULL,NULL,'2023-03-22 10:35:56','2023-03-22 10:35:56',NULL),(764,7922,0,NULL,764,2,40721,40753,13,3053,1,0,'2023-02-18','2023-02-18',64000.00,1,1.00,'Factura B N°: 0004-00008523',NULL,NULL,'2023-03-22 10:35:56','2023-03-22 10:35:56',NULL),(765,7922,0,NULL,765,2,40721,40753,13,3053,1,0,'2023-02-18','2023-02-18',70000.00,1,1.00,'Factura B N°: 0004-00008524',NULL,NULL,'2023-03-22 10:35:56','2023-03-22 10:35:56',NULL),(766,7922,0,NULL,766,2,40721,40753,13,3053,1,0,'2023-02-18','2023-02-18',65000.00,1,1.00,'Factura B N°: 0004-00008525',NULL,NULL,'2023-03-22 10:35:56','2023-03-22 10:35:56',NULL),(767,7922,0,NULL,767,2,40721,40753,13,3053,1,0,'2023-02-18','2023-02-18',85000.00,1,1.00,'Factura B N°: 0004-00008526',NULL,NULL,'2023-03-22 10:35:56','2023-03-22 10:35:56',NULL),(768,7922,0,NULL,768,2,40721,40753,13,3053,1,0,'2023-02-18','2023-02-18',90000.00,1,1.00,'Factura B N°: 0004-00008527',NULL,NULL,'2023-03-22 10:35:56','2023-03-22 10:35:56',NULL),(769,7922,0,NULL,769,2,40721,40753,13,3053,1,0,'2023-02-18','2023-02-18',26000.00,1,1.00,'Factura B N°: 0004-00008528',NULL,NULL,'2023-03-22 10:35:56','2023-03-22 10:35:56',NULL),(770,7922,0,NULL,770,2,40721,40758,13,3053,1,0,'2023-02-18','2023-02-18',1500.40,1,1.00,'Factura A N°: 0005-00000097',NULL,NULL,'2023-03-22 10:35:56','2023-03-22 10:35:56',NULL),(771,7922,0,NULL,771,2,40721,40753,13,3053,1,0,'2023-02-21','2023-02-21',200.00,1,1.00,'Factura B N°: 0004-00008529',NULL,NULL,'2023-03-22 10:35:56','2023-03-22 10:35:56',NULL),(772,7922,0,NULL,772,2,40721,40753,13,3053,1,0,'2023-02-21','2023-02-21',1640.00,1,1.00,'Factura B N°: 0004-00008530',NULL,NULL,'2023-03-22 10:35:56','2023-03-22 10:35:56',NULL),(773,7922,0,NULL,773,2,40721,40753,13,3053,1,0,'2023-02-21','2023-02-21',550.00,1,1.00,'Factura B N°: 0004-00008531',NULL,NULL,'2023-03-22 10:35:57','2023-03-22 10:35:57',NULL);
INSERT INTO `cta_cte_cliente` VALUES (774,7922,0,NULL,774,2,40721,40753,13,3053,1,0,'2023-02-21','2023-02-21',6067.00,1,1.00,'Factura B N°: 0004-00008532',NULL,NULL,'2023-03-22 10:35:57','2023-03-22 10:35:57',NULL),(775,7922,0,NULL,775,2,40721,40753,13,3053,1,0,'2023-02-21','2023-02-21',2500.00,1,1.00,'Factura B N°: 0004-00008533',NULL,NULL,'2023-03-22 10:35:57','2023-03-22 10:35:57',NULL),(776,7922,0,NULL,776,2,40721,40753,13,3053,1,0,'2023-02-21','2023-02-21',4500.00,1,1.00,'Factura B N°: 0004-00008534',NULL,NULL,'2023-03-22 10:35:57','2023-03-22 10:35:57',NULL),(777,7922,0,NULL,777,2,40721,40753,13,3053,1,0,'2023-02-21','2023-02-21',23562.50,1,1.00,'Factura B N°: 0004-00008535',NULL,NULL,'2023-03-22 10:35:57','2023-03-22 10:35:57',NULL),(778,7922,0,NULL,778,2,40721,40753,13,3053,1,0,'2023-02-21','2023-02-21',2000.00,1,1.00,'Factura B N°: 0004-00008536',NULL,NULL,'2023-03-22 10:35:57','2023-03-22 10:35:57',NULL),(779,7922,0,NULL,779,2,40721,40753,13,3053,1,0,'2023-02-21','2023-02-21',1000.00,1,1.00,'Factura B N°: 0004-00008537',NULL,NULL,'2023-03-22 10:35:57','2023-03-22 10:35:57',NULL),(780,7922,0,NULL,780,2,40721,40753,13,3053,1,0,'2023-02-22','2023-02-22',6030.00,1,1.00,'Factura B N°: 0004-00008538',NULL,NULL,'2023-03-22 10:35:57','2023-03-22 10:35:57',NULL),(781,7922,0,NULL,781,2,40721,40753,13,3053,1,0,'2023-02-22','2023-02-22',4000.00,1,1.00,'Factura B N°: 0004-00008539',NULL,NULL,'2023-03-22 10:35:57','2023-03-22 10:35:57',NULL),(782,7922,0,NULL,782,2,40721,40753,13,3053,1,0,'2023-02-22','2023-02-22',10637.00,1,1.00,'Factura B N°: 0004-00008540',NULL,NULL,'2023-03-22 10:35:57','2023-03-22 10:35:57',NULL),(783,7922,0,NULL,783,2,40721,40753,13,3053,1,0,'2023-02-22','2023-02-22',5600.00,1,1.00,'Factura B N°: 0004-00008541',NULL,NULL,'2023-03-22 10:35:57','2023-03-22 10:35:57',NULL),(784,7922,0,NULL,784,2,40721,40753,13,3053,1,0,'2023-02-22','2023-02-22',50000.00,1,1.00,'Factura B N°: 0004-00008542',NULL,NULL,'2023-03-22 10:35:57','2023-03-22 10:35:57',NULL),(785,7922,0,NULL,785,2,40721,40753,13,3053,1,0,'2023-02-22','2023-02-22',69000.00,1,1.00,'Factura B N°: 0004-00008543',NULL,NULL,'2023-03-22 10:35:57','2023-03-22 10:35:57',NULL),(786,7922,0,NULL,786,2,40721,40753,13,3053,1,0,'2023-02-22','2023-02-22',75000.00,1,1.00,'Factura B N°: 0004-00008544',NULL,NULL,'2023-03-22 10:35:57','2023-03-22 10:35:57',NULL),(787,7922,0,NULL,787,2,40721,40753,13,3053,1,0,'2023-02-22','2023-02-22',79000.00,1,1.00,'Factura B N°: 0004-00008545',NULL,NULL,'2023-03-22 10:35:57','2023-03-22 10:35:57',NULL),(788,7922,0,NULL,788,2,40721,40753,13,3053,1,0,'2023-02-22','2023-02-22',80500.00,1,1.00,'Factura B N°: 0004-00008546',NULL,NULL,'2023-03-22 10:35:57','2023-03-22 10:35:57',NULL),(789,7922,0,NULL,789,2,40721,40753,13,3053,1,0,'2023-02-22','2023-02-22',99000.00,1,1.00,'Factura B N°: 0004-00008547',NULL,NULL,'2023-03-22 10:35:57','2023-03-22 10:35:57',NULL),(790,7922,0,NULL,790,2,40721,40753,13,3053,1,0,'2023-02-22','2023-02-22',99000.00,1,1.00,'Factura B N°: 0004-00008548',NULL,NULL,'2023-03-22 10:35:57','2023-03-22 10:35:57',NULL),(791,7922,0,NULL,791,2,40721,40757,13,3053,1,0,'2023-02-22','2023-02-22',0.00,1,1.00,'Factura B N°: 0004-00008549',NULL,NULL,'2023-03-22 10:35:57','2023-03-22 10:35:57',NULL),(792,7922,0,NULL,792,2,40721,40757,13,3053,1,0,'2023-02-22','2023-02-22',0.00,1,1.00,'Factura B N°: 0004-00008550',NULL,NULL,'2023-03-22 10:35:58','2023-03-22 10:35:58',NULL),(793,7922,0,NULL,793,2,40721,40753,13,3053,1,0,'2023-02-22','2023-02-22',5600.00,1,1.00,'Factura B N°: 0004-00008551',NULL,NULL,'2023-03-22 10:35:58','2023-03-22 10:35:58',NULL),(794,7922,0,NULL,794,2,40721,40753,13,3053,1,0,'2023-02-22','2023-02-22',1600.00,1,1.00,'Factura B N°: 0004-00008552',NULL,NULL,'2023-03-22 10:35:58','2023-03-22 10:35:58',NULL),(795,7922,0,NULL,795,2,40721,40753,13,3053,1,0,'2023-02-22','2023-02-22',1800.00,1,1.00,'Factura B N°: 0004-00008553',NULL,NULL,'2023-03-22 10:35:58','2023-03-22 10:35:58',NULL);
INSERT INTO `cta_cte_cliente` VALUES (796,7922,0,NULL,796,2,40721,40753,13,3053,1,0,'2023-02-22','2023-02-22',1000.00,1,1.00,'Factura B N°: 0004-00008554',NULL,NULL,'2023-03-22 10:35:58','2023-03-22 10:35:58',NULL),(797,7922,0,NULL,797,2,40721,40753,13,3053,1,0,'2023-02-22','2023-02-22',1950.00,1,1.00,'Factura B N°: 0004-00008555',NULL,NULL,'2023-03-22 10:35:58','2023-03-22 10:35:58',NULL),(798,7922,0,NULL,798,2,40721,40753,13,3053,1,0,'2023-02-23','2023-02-23',7700.00,1,1.00,'Factura B N°: 0004-00008556',NULL,NULL,'2023-03-22 10:35:58','2023-03-22 10:35:58',NULL),(799,7922,0,NULL,799,2,40721,40753,13,3053,1,0,'2023-02-23','2023-02-23',2500.00,1,1.00,'Factura B N°: 0004-00008557',NULL,NULL,'2023-03-22 10:35:58','2023-03-22 10:35:58',NULL),(800,7922,0,NULL,800,2,40721,40753,13,3053,1,0,'2023-02-23','2023-02-23',2500.00,1,1.00,'Factura B N°: 0004-00008558',NULL,NULL,'2023-03-22 10:35:58','2023-03-22 10:35:58',NULL),(801,7922,0,NULL,801,2,40721,40753,13,3053,1,0,'2023-02-23','2023-02-23',4700.00,1,1.00,'Factura B N°: 0004-00008559',NULL,NULL,'2023-03-22 10:35:58','2023-03-22 10:35:58',NULL),(802,7922,0,NULL,802,2,40721,40753,13,3053,1,0,'2023-02-23','2023-02-23',1100.00,1,1.00,'Factura B N°: 0004-00008560',NULL,NULL,'2023-03-22 10:35:58','2023-03-22 10:35:58',NULL),(803,7922,0,NULL,803,2,40721,40753,13,3053,1,0,'2023-02-23','2023-02-23',2400.00,1,1.00,'Factura B N°: 0004-00008561',NULL,NULL,'2023-03-22 10:35:58','2023-03-22 10:35:58',NULL),(804,7922,0,NULL,804,2,40721,40753,13,3053,1,0,'2023-02-23','2023-02-23',1000.00,1,1.00,'Factura B N°: 0004-00008562',NULL,NULL,'2023-03-22 10:35:58','2023-03-22 10:35:58',NULL),(805,7922,0,NULL,805,2,40721,40753,13,3053,1,0,'2023-02-23','2023-02-23',670.00,1,1.00,'Factura B N°: 0004-00008563',NULL,NULL,'2023-03-22 10:35:58','2023-03-22 10:35:58',NULL),(806,7922,0,NULL,806,2,40721,40753,13,3053,1,0,'2023-02-23','2023-02-23',1000.00,1,1.00,'Factura B N°: 0004-00008564',NULL,NULL,'2023-03-22 10:35:58','2023-03-22 10:35:58',NULL),(807,7922,0,NULL,807,2,40721,40753,13,3053,1,0,'2023-02-23','2023-02-23',100.00,1,1.00,'Factura B N°: 0004-00008565',NULL,NULL,'2023-03-22 10:35:58','2023-03-22 10:35:58',NULL),(808,7922,0,NULL,808,2,40721,40753,13,3053,1,0,'2023-02-23','2023-02-23',600.00,1,1.00,'Factura B N°: 0004-00008566',NULL,NULL,'2023-03-22 10:35:58','2023-03-22 10:35:58',NULL),(809,7922,0,NULL,809,2,40721,40753,13,3053,1,0,'2023-02-23','2023-02-23',27830.00,1,1.00,'Factura B N°: 0004-00008567',NULL,NULL,'2023-03-22 10:35:58','2023-03-22 10:35:58',NULL),(810,7922,0,NULL,810,2,40721,40753,13,3053,1,0,'2023-02-24','2023-02-24',28250.00,1,1.00,'Factura B N°: 0004-00008568',NULL,NULL,'2023-03-22 10:35:58','2023-03-22 10:35:58',NULL),(811,7922,0,NULL,811,2,40721,40753,13,3053,1,0,'2023-02-24','2023-02-24',1500.00,1,1.00,'Factura B N°: 0004-00008569',NULL,NULL,'2023-03-22 10:35:58','2023-03-22 10:35:58',NULL),(812,7922,0,NULL,812,2,40721,40753,13,3053,1,0,'2023-02-24','2023-02-24',1000.00,1,1.00,'Factura B N°: 0004-00008570',NULL,NULL,'2023-03-22 10:35:58','2023-03-22 10:35:58',NULL),(813,7922,0,NULL,813,2,40721,40753,13,3053,1,0,'2023-02-24','2023-02-24',200.00,1,1.00,'Factura B N°: 0004-00008571',NULL,NULL,'2023-03-22 10:35:58','2023-03-22 10:35:58',NULL),(814,7922,0,NULL,814,2,40721,40753,13,3053,1,0,'2023-02-24','2023-02-24',1400.00,1,1.00,'Factura B N°: 0004-00008572',NULL,NULL,'2023-03-22 10:35:58','2023-03-22 10:35:58',NULL),(815,7922,0,NULL,815,2,40721,40753,13,3053,1,0,'2023-02-24','2023-02-24',600.00,1,1.00,'Factura B N°: 0004-00008573',NULL,NULL,'2023-03-22 10:35:59','2023-03-22 10:35:59',NULL),(816,7922,0,NULL,816,2,40721,40753,13,3053,1,0,'2023-02-24','2023-02-24',1500.00,1,1.00,'Factura B N°: 0004-00008574',NULL,NULL,'2023-03-22 10:35:59','2023-03-22 10:35:59',NULL),(817,7922,0,NULL,817,2,40721,40753,13,3053,1,0,'2023-02-24','2023-02-24',2600.00,1,1.00,'Factura B N°: 0004-00008575',NULL,NULL,'2023-03-22 10:35:59','2023-03-22 10:35:59',NULL);
INSERT INTO `cta_cte_cliente` VALUES (818,7922,0,NULL,818,2,40721,40753,13,3053,1,0,'2023-02-24','2023-02-24',2500.00,1,1.00,'Factura B N°: 0004-00008576',NULL,NULL,'2023-03-22 10:35:59','2023-03-22 10:35:59',NULL),(819,7922,0,NULL,819,2,40721,40753,13,3053,1,0,'2023-02-24','2023-02-24',1500.00,1,1.00,'Factura B N°: 0004-00008577',NULL,NULL,'2023-03-22 10:35:59','2023-03-22 10:35:59',NULL),(820,7922,0,NULL,820,2,40721,40753,13,3053,1,0,'2023-02-24','2023-02-24',350.00,1,1.00,'Factura B N°: 0004-00008578',NULL,NULL,'2023-03-22 10:35:59','2023-03-22 10:35:59',NULL),(821,7922,0,NULL,821,2,40721,40753,13,3053,1,0,'2023-02-24','2023-02-24',1250.00,1,1.00,'Factura B N°: 0004-00008579',NULL,NULL,'2023-03-22 10:35:59','2023-03-22 10:35:59',NULL),(822,7922,0,NULL,822,2,40721,40753,13,3053,1,0,'2023-02-24','2023-02-24',0.20,1,1.00,'Factura B N°: 0004-00008580',NULL,NULL,'2023-03-22 10:35:59','2023-03-22 10:35:59',NULL),(823,7922,0,NULL,823,2,40721,40753,13,3053,1,0,'2023-02-24','2023-02-24',0.00,1,1.00,'Factura B N°: 0004-00008581',NULL,NULL,'2023-03-22 10:35:59','2023-03-22 10:35:59',NULL),(824,7922,0,NULL,824,2,40721,40753,13,3053,1,0,'2023-02-25','2023-02-25',2500.00,1,1.00,'Factura B N°: 0004-00008582',NULL,NULL,'2023-03-22 10:35:59','2023-03-22 10:35:59',NULL),(825,7922,0,NULL,825,2,40721,40753,13,3053,1,0,'2023-02-25','2023-02-25',5000.00,1,1.00,'Factura B N°: 0004-00008583',NULL,NULL,'2023-03-22 10:35:59','2023-03-22 10:35:59',NULL),(826,7922,0,NULL,826,2,40721,40753,13,3053,1,0,'2023-02-25','2023-02-25',1850.00,1,1.00,'Factura B N°: 0004-00008584',NULL,NULL,'2023-03-22 10:35:59','2023-03-22 10:35:59',NULL),(827,7922,0,NULL,827,2,40721,40753,13,3053,1,0,'2023-02-25','2023-02-25',3000.00,1,1.00,'Factura B N°: 0004-00008585',NULL,NULL,'2023-03-22 10:35:59','2023-03-22 10:35:59',NULL),(828,7922,0,NULL,828,2,40721,40753,13,3053,1,0,'2023-02-25','2023-02-25',5000.00,1,1.00,'Factura B N°: 0004-00008586',NULL,NULL,'2023-03-22 10:35:59','2023-03-22 10:35:59',NULL),(829,7922,0,NULL,829,2,40721,40753,13,3053,1,0,'2023-02-25','2023-02-25',1000.00,1,1.00,'Factura B N°: 0004-00008587',NULL,NULL,'2023-03-22 10:35:59','2023-03-22 10:35:59',NULL),(830,7922,0,NULL,830,2,40721,40753,13,3053,1,0,'2023-02-25','2023-02-25',5600.00,1,1.00,'Factura B N°: 0004-00008588',NULL,NULL,'2023-03-22 10:35:59','2023-03-22 10:35:59',NULL),(831,7922,0,NULL,831,2,40721,40753,13,3053,1,0,'2023-02-25','2023-02-25',5500.00,1,1.00,'Factura B N°: 0004-00008589',NULL,NULL,'2023-03-22 10:35:59','2023-03-22 10:35:59',NULL),(832,7922,0,NULL,832,2,40721,40753,13,3053,1,0,'2023-02-27','2023-02-27',0.20,1,1.00,'Factura B N°: 0004-00008590',NULL,NULL,'2023-03-22 10:35:59','2023-03-22 10:35:59',NULL),(833,7922,0,NULL,833,2,40721,40753,13,3053,1,0,'2023-02-27','2023-02-27',1420.00,1,1.00,'Factura B N°: 0004-00008591',NULL,NULL,'2023-03-22 10:35:59','2023-03-22 10:35:59',NULL),(834,7922,0,NULL,834,2,40721,40753,13,3053,1,0,'2023-02-27','2023-02-27',2500.00,1,1.00,'Factura B N°: 0004-00008592',NULL,NULL,'2023-03-22 10:35:59','2023-03-22 10:35:59',NULL),(835,7922,0,NULL,835,2,40721,40753,13,3053,1,0,'2023-02-27','2023-02-27',11100.00,1,1.00,'Factura B N°: 0004-00008593',NULL,NULL,'2023-03-22 10:35:59','2023-03-22 10:35:59',NULL),(836,7922,0,NULL,836,2,40721,40753,13,3053,1,0,'2023-02-27','2023-02-27',300.00,1,1.00,'Factura B N°: 0004-00008594',NULL,NULL,'2023-03-22 10:35:59','2023-03-22 10:35:59',NULL),(837,7922,0,NULL,837,2,40721,40753,13,3053,1,0,'2023-02-27','2023-02-27',3700.00,1,1.00,'Factura B N°: 0004-00008595',NULL,NULL,'2023-03-22 10:35:59','2023-03-22 10:35:59',NULL),(838,7922,0,NULL,838,2,40721,40753,13,3053,1,0,'2023-02-27','2023-02-27',15950.00,1,1.00,'Factura B N°: 0004-00008596',NULL,NULL,'2023-03-22 10:35:59','2023-03-22 10:35:59',NULL),(839,7922,0,NULL,839,2,40721,40753,13,3053,1,0,'2023-02-27','2023-02-27',0.20,1,1.00,'Factura B N°: 0004-00008597',NULL,NULL,'2023-03-22 10:35:59','2023-03-22 10:35:59',NULL);
INSERT INTO `cta_cte_cliente` VALUES (840,7922,0,NULL,840,2,40721,40753,13,3053,1,0,'2023-02-27','2023-02-27',6700.00,1,1.00,'Factura B N°: 0004-00008598',NULL,NULL,'2023-03-22 10:35:59','2023-03-22 10:35:59',NULL),(841,7922,0,NULL,841,2,40721,40753,13,3053,1,0,'2023-02-27','2023-02-27',200.00,1,1.00,'Factura B N°: 0004-00008599',NULL,NULL,'2023-03-22 10:35:59','2023-03-22 10:35:59',NULL),(842,7922,0,NULL,842,2,40721,40753,13,3053,1,0,'2023-02-27','2023-02-27',0.20,1,1.00,'Factura B N°: 0004-00008600',NULL,NULL,'2023-03-22 10:36:00','2023-03-22 10:36:00',NULL),(843,7922,0,NULL,843,2,40721,40753,13,3053,1,0,'2023-02-27','2023-02-27',1250.00,1,1.00,'Factura B N°: 0004-00008601',NULL,NULL,'2023-03-22 10:36:00','2023-03-22 10:36:00',NULL),(844,7922,0,NULL,844,2,40721,40753,13,3053,1,0,'2023-02-27','2023-02-27',800.00,1,1.00,'Factura B N°: 0004-00008602',NULL,NULL,'2023-03-22 10:36:00','2023-03-22 10:36:00',NULL),(845,7922,0,NULL,845,2,40721,40753,13,3053,1,0,'2023-02-27','2023-02-27',350.00,1,1.00,'Factura B N°: 0004-00008603',NULL,NULL,'2023-03-22 10:36:00','2023-03-22 10:36:00',NULL),(846,7922,0,NULL,846,2,40721,40753,13,3053,1,0,'2023-02-27','2023-02-27',1200.00,1,1.00,'Factura B N°: 0004-00008604',NULL,NULL,'2023-03-22 10:36:00','2023-03-22 10:36:00',NULL),(847,7922,0,NULL,847,2,40721,40753,13,3053,1,0,'2023-02-27','2023-02-27',2500.00,1,1.00,'Factura B N°: 0004-00008605',NULL,NULL,'2023-03-22 10:36:00','2023-03-22 10:36:00',NULL),(848,7922,0,NULL,848,2,40721,40753,13,3053,1,0,'2023-02-27','2023-02-27',7600.00,1,1.00,'Factura B N°: 0004-00008606',NULL,NULL,'2023-03-22 10:36:00','2023-03-22 10:36:00',NULL),(849,7922,0,NULL,849,2,40721,40753,13,3053,1,0,'2023-02-27','2023-02-27',2200.00,1,1.00,'Factura B N°: 0004-00008607',NULL,NULL,'2023-03-22 10:36:00','2023-03-22 10:36:00',NULL),(850,7922,0,NULL,850,2,40721,40753,13,3053,1,0,'2023-02-27','2023-02-27',550.00,1,1.00,'Factura B N°: 0004-00008608',NULL,NULL,'2023-03-22 10:36:00','2023-03-22 10:36:00',NULL),(851,7922,0,NULL,851,2,40721,40753,13,3053,1,0,'2023-02-27','2023-02-27',2200.00,1,1.00,'Factura B N°: 0004-00008609',NULL,NULL,'2023-03-22 10:36:00','2023-03-22 10:36:00',NULL),(852,7922,0,NULL,852,2,40721,40753,13,3053,1,0,'2023-02-27','2023-02-27',590.00,1,1.00,'Factura B N°: 0004-00008610',NULL,NULL,'2023-03-22 10:36:00','2023-03-22 10:36:00',NULL),(853,7922,0,NULL,853,2,40721,40753,13,3053,1,0,'2023-02-27','2023-02-27',850.00,1,1.00,'Factura B N°: 0004-00008611',NULL,NULL,'2023-03-22 10:36:00','2023-03-22 10:36:00',NULL),(854,7922,0,NULL,854,2,40721,40753,13,3053,1,0,'2023-02-27','2023-02-27',2950.00,1,1.00,'Factura B N°: 0004-00008612',NULL,NULL,'2023-03-22 10:36:00','2023-03-22 10:36:00',NULL),(855,7922,0,NULL,855,2,40721,40753,13,3053,1,0,'2023-02-27','2023-02-27',4300.00,1,1.00,'Factura B N°: 0004-00008613',NULL,NULL,'2023-03-22 10:36:00','2023-03-22 10:36:00',NULL),(856,7922,0,NULL,856,2,40721,40753,13,3053,1,0,'2023-02-27','2023-02-27',3080.00,1,1.00,'Factura B N°: 0004-00008614',NULL,NULL,'2023-03-22 10:36:00','2023-03-22 10:36:00',NULL),(857,7922,0,NULL,857,2,40721,40753,13,3053,1,0,'2023-02-27','2023-02-27',1100.00,1,1.00,'Factura B N°: 0004-00008615',NULL,NULL,'2023-03-22 10:36:00','2023-03-22 10:36:00',NULL),(858,7922,0,NULL,858,2,40721,40753,13,3053,1,0,'2023-02-27','2023-02-27',2500.00,1,1.00,'Factura B N°: 0004-00008616',NULL,NULL,'2023-03-22 10:36:00','2023-03-22 10:36:00',NULL),(859,7922,0,NULL,859,2,40721,40753,13,3053,1,0,'2023-02-27','2023-02-27',1740.00,1,1.00,'Factura B N°: 0004-00008617',NULL,NULL,'2023-03-22 10:36:00','2023-03-22 10:36:00',NULL),(860,7922,0,NULL,860,2,40721,40753,13,3053,1,0,'2023-02-27','2023-02-27',1800.00,1,1.00,'Factura B N°: 0004-00008618',NULL,NULL,'2023-03-22 10:36:00','2023-03-22 10:36:00',NULL),(861,7922,0,NULL,861,2,40721,40753,13,3053,1,0,'2023-02-27','2023-02-27',250.00,1,1.00,'Factura B N°: 0004-00008619',NULL,NULL,'2023-03-22 10:36:00','2023-03-22 10:36:00',NULL);
INSERT INTO `cta_cte_cliente` VALUES (862,7922,0,NULL,862,2,40721,40759,13,3053,1,0,'2023-02-27','2023-02-27',103455.00,1,1.00,'Factura A N°: 0005-00000098',NULL,NULL,'2023-03-22 10:36:00','2023-03-22 10:36:00',NULL),(863,7922,0,NULL,863,2,40721,40753,13,3053,1,0,'2023-02-28','2023-02-28',1750.00,1,1.00,'Factura B N°: 0004-00008620',NULL,NULL,'2023-03-22 10:36:00','2023-03-22 10:36:00',NULL),(864,7922,0,NULL,864,2,40721,40753,13,3053,1,0,'2023-02-28','2023-02-28',10810.49,1,1.00,'Factura B N°: 0004-00008621',NULL,NULL,'2023-03-22 10:36:01','2023-03-22 10:36:01',NULL),(865,7922,0,NULL,865,2,40721,40753,13,3053,1,0,'2023-02-28','2023-02-28',2530.00,1,1.00,'Factura B N°: 0004-00008622',NULL,NULL,'2023-03-22 10:36:01','2023-03-22 10:36:01',NULL),(866,7922,0,NULL,866,2,40721,40753,13,3053,1,0,'2023-02-28','2023-02-28',1550.00,1,1.00,'Factura B N°: 0004-00008623',NULL,NULL,'2023-03-22 10:36:01','2023-03-22 10:36:01',NULL),(867,7922,0,NULL,867,2,40721,40753,13,3053,1,0,'2023-02-28','2023-02-28',19500.50,1,1.00,'Factura B N°: 0004-00008624',NULL,NULL,'2023-03-22 10:36:01','2023-03-22 10:36:01',NULL),(868,7922,0,NULL,868,2,40721,40753,13,3053,1,0,'2023-02-28','2023-02-28',300.00,1,1.00,'Factura B N°: 0004-00008625',NULL,NULL,'2023-03-22 10:36:01','2023-03-22 10:36:01',NULL),(869,7922,0,NULL,869,2,40721,40753,13,3053,1,0,'2023-02-28','2023-02-28',0.20,1,1.00,'Factura B N°: 0004-00008626',NULL,NULL,'2023-03-22 10:36:01','2023-03-22 10:36:01',NULL),(870,7922,0,NULL,870,2,40721,40753,13,3053,1,0,'2023-02-28','2023-02-28',3930.00,1,1.00,'Factura B N°: 0004-00008627',NULL,NULL,'2023-03-22 10:36:01','2023-03-22 10:36:01',NULL),(871,7922,0,NULL,871,2,40721,40753,13,3053,1,0,'2023-02-28','2023-02-28',180.00,1,1.00,'Factura B N°: 0004-00008628',NULL,NULL,'2023-03-22 10:36:01','2023-03-22 10:36:01',NULL),(872,7922,0,NULL,872,2,40721,40753,13,3053,1,0,'2023-02-28','2023-02-28',7500.00,1,1.00,'Factura B N°: 0004-00008629',NULL,NULL,'2023-03-22 10:36:01','2023-03-22 10:36:01',NULL),(873,7922,0,NULL,873,2,40721,40753,13,3053,1,0,'2023-02-28','2023-02-28',1450.00,1,1.00,'Factura B N°: 0004-00008630',NULL,NULL,'2023-03-22 10:36:01','2023-03-22 10:36:01',NULL),(874,7922,0,NULL,874,2,40721,40753,13,3053,1,0,'2023-02-28','2023-02-28',4540.00,1,1.00,'Factura B N°: 0004-00008631',NULL,NULL,'2023-03-22 10:36:01','2023-03-22 10:36:01',NULL),(875,7922,0,NULL,875,2,40721,40753,13,3053,1,0,'2023-02-28','2023-02-28',5800.00,1,1.00,'Factura B N°: 0004-00008632',NULL,NULL,'2023-03-22 10:36:01','2023-03-22 10:36:01',NULL),(876,7922,0,NULL,876,2,40721,40757,13,3053,1,0,'2023-02-28','2023-02-28',30000.00,1,1.00,'Factura B N°: 0007-00000098',NULL,NULL,'2023-03-22 10:36:01','2023-03-22 10:36:01',NULL),(877,7922,0,NULL,877,2,40721,40757,13,3053,1,0,'2023-02-28','2023-02-28',30000.00,1,1.00,'Factura B N°: 0007-00000099',NULL,NULL,'2023-03-22 10:36:01','2023-03-22 10:36:01',NULL),(878,7922,0,NULL,878,2,40721,40757,13,3053,1,0,'2023-02-28','2023-02-28',30000.00,1,1.00,'Factura B N°: 0007-00000100',NULL,NULL,'2023-03-22 10:36:01','2023-03-22 10:36:01',NULL),(879,7922,0,NULL,879,2,40721,40757,13,3053,1,0,'2023-02-28','2023-02-28',30000.00,1,1.00,'Factura B N°: 0007-00000101',NULL,NULL,'2023-03-22 10:36:01','2023-03-22 10:36:01',NULL),(880,7922,0,NULL,880,2,40721,40757,13,3053,1,0,'2023-02-28','2023-02-28',30000.00,1,1.00,'Factura B N°: 0007-00000102',NULL,NULL,'2023-03-22 10:36:01','2023-03-22 10:36:01',NULL),(881,7922,0,NULL,881,2,40721,40757,13,3053,1,0,'2023-02-28','2023-02-28',30000.00,1,1.00,'Factura B N°: 0007-00000103',NULL,NULL,'2023-03-22 10:36:01','2023-03-22 10:36:01',NULL),(882,7922,0,NULL,882,2,40721,40757,13,3053,1,0,'2023-02-28','2023-02-28',30000.00,1,1.00,'Factura B N°: 0007-00000104',NULL,NULL,'2023-03-22 10:36:01','2023-03-22 10:36:01',NULL),(883,7922,0,NULL,883,2,40721,40757,13,3053,1,0,'2023-02-28','2023-02-28',30000.00,1,1.00,'Factura B N°: 0007-00000105',NULL,NULL,'2023-03-22 10:36:01','2023-03-22 10:36:01',NULL);
INSERT INTO `cta_cte_cliente` VALUES (884,7922,0,NULL,884,2,40721,40757,13,3053,1,0,'2023-02-28','2023-02-28',30000.00,1,1.00,'Factura B N°: 0007-00000106',NULL,NULL,'2023-03-22 10:36:01','2023-03-22 10:36:01',NULL),(885,7922,0,NULL,885,2,40721,40757,13,3053,1,0,'2023-02-28','2023-02-28',30000.00,1,1.00,'Factura B N°: 0007-00000107',NULL,NULL,'2023-03-22 10:36:01','2023-03-22 10:36:01',NULL),(886,7922,0,NULL,886,2,40721,40757,13,3053,1,0,'2023-02-28','2023-02-28',30000.00,1,1.00,'Factura B N°: 0007-00000108',NULL,NULL,'2023-03-22 10:36:02','2023-03-22 10:36:02',NULL),(887,7922,0,NULL,887,2,40721,40757,13,3053,1,0,'2023-02-28','2023-02-28',30000.00,1,1.00,'Factura B N°: 0007-00000109',NULL,NULL,'2023-03-22 10:36:02','2023-03-22 10:36:02',NULL),(888,7922,0,NULL,888,2,40721,40757,13,3053,1,0,'2023-02-28','2023-02-28',30000.00,1,1.00,'Factura B N°: 0007-00000110',NULL,NULL,'2023-03-22 10:36:02','2023-03-22 10:36:02',NULL),(889,7922,0,NULL,889,2,40721,40757,13,3053,1,0,'2023-02-28','2023-02-28',30000.00,1,1.00,'Factura B N°: 0007-00000111',NULL,NULL,'2023-03-22 10:36:02','2023-03-22 10:36:02',NULL),(890,7922,0,NULL,890,2,40721,40757,13,3053,1,0,'2023-02-28','2023-02-28',30000.00,1,1.00,'Factura B N°: 0007-00000112',NULL,NULL,'2023-03-22 10:36:02','2023-03-22 10:36:02',NULL),(891,7922,0,NULL,891,2,40721,40760,13,3053,1,0,'2023-02-28','2023-02-28',70800.97,1,1.00,'Factura A N°: 0005-00000099',NULL,NULL,'2023-03-22 10:36:02','2023-03-22 10:36:02',NULL),(892,7922,0,NULL,892,2,40721,40761,13,3053,1,0,'2023-02-28','2023-02-28',576200.06,1,1.00,'Factura A N°: 0007-00000007',NULL,NULL,'2023-03-22 10:36:02','2023-03-22 10:36:02',NULL),(893,7922,0,NULL,893,3,40721,40762,57,3053,2,0,'2023-02-01','2023-02-01',10499.00,1,1.00,'Factura B N°: 1007-29150309',NULL,NULL,'2023-03-22 10:36:57','2023-03-22 10:36:57',NULL),(894,7922,0,NULL,894,3,40721,40762,57,3053,2,0,'2023-02-01','2023-02-01',11999.00,1,1.00,'Factura B N°: 1007-29152989',NULL,NULL,'2023-03-22 10:36:57','2023-03-22 10:36:57',NULL),(895,7922,0,NULL,895,3,40721,40763,57,3053,2,0,'2023-02-01','2023-02-01',8400.00,1,1.00,'Factura A N°: 0002-00001261',NULL,NULL,'2023-03-22 10:36:57','2023-03-22 10:36:57',NULL),(896,7922,0,NULL,896,3,40721,40764,57,3053,2,0,'2023-02-01','2023-02-01',3407.47,1,1.00,'Factura A N°: 0001-00123665',NULL,NULL,'2023-03-22 10:36:57','2023-03-22 10:36:57',NULL),(897,7922,0,NULL,897,3,40721,40765,57,3053,2,0,'2023-02-01','2023-02-01',1816.19,1,1.00,'Factura A N°: 7356-00006945',NULL,NULL,'2023-03-22 10:36:57','2023-03-22 10:36:57',NULL),(898,7922,0,NULL,898,3,40721,40766,57,3053,2,0,'2023-02-02','2023-02-02',3975.00,1,1.00,'Factura A N°: 0135-00000399',NULL,NULL,'2023-03-22 10:36:57','2023-03-22 10:36:57',NULL),(899,7922,0,NULL,899,3,40721,40767,57,3053,2,0,'2023-02-02','2023-02-02',13886.49,1,1.00,'Factura A N°: 0011-00009384',NULL,NULL,'2023-03-22 10:36:57','2023-03-22 10:36:57',NULL),(900,7922,0,NULL,900,3,40721,40768,57,3053,2,0,'2023-02-02','2023-02-02',6106.36,1,1.00,'Factura A N°: 0003-00161765',NULL,NULL,'2023-03-22 10:36:57','2023-03-22 10:36:57',NULL),(901,7922,0,NULL,901,3,40721,40766,57,3053,2,0,'2023-02-03','2023-02-03',1750.00,1,1.00,'Factura A N°: 0135-00000401',NULL,NULL,'2023-03-22 10:36:57','2023-03-22 10:36:57',NULL),(902,7922,0,NULL,902,3,40721,40766,57,3053,2,0,'2023-02-03','2023-02-03',1750.00,1,1.00,'Factura A N°: 0135-00000402',NULL,NULL,'2023-03-22 10:36:58','2023-03-22 10:36:58',NULL),(903,7922,0,NULL,903,3,40721,40769,57,3053,2,0,'2023-02-05','2023-02-05',39599.67,1,1.00,'Factura A N°: 0002-00006323',NULL,NULL,'2023-03-22 10:36:58','2023-03-22 10:36:58',NULL),(904,7922,0,NULL,904,3,40721,40725,57,3053,2,0,'2023-02-06','2023-02-06',69120.00,1,1.00,'Factura C N°: 0004-00000025',NULL,NULL,'2023-03-22 10:36:58','2023-03-22 10:36:58',NULL),(905,7922,0,NULL,905,3,40721,40770,57,3053,2,0,'2023-02-06','2023-02-06',3244.00,1,1.00,'Factura A N°: 0150-00005164',NULL,NULL,'2023-03-22 10:36:58','2023-03-22 10:36:58',NULL);
INSERT INTO `cta_cte_cliente` VALUES (906,7922,0,NULL,906,3,40721,40771,57,3053,2,0,'2023-02-07','2023-02-07',16150.00,1,1.00,'Factura A N°: 0002-00007439',NULL,NULL,'2023-03-22 10:36:58','2023-03-22 10:36:58',NULL),(907,7922,0,NULL,907,3,40721,40772,57,3053,2,0,'2023-02-08','2023-02-08',1762142.72,1,1.00,'Factura A N°: 0001-00000010',NULL,NULL,'2023-03-22 10:36:58','2023-03-22 10:36:58',NULL),(908,7922,0,NULL,908,3,40721,40773,57,3053,2,0,'2023-02-09','2023-02-09',39760.60,1,1.00,'Factura A N°: 0003-00743681',NULL,NULL,'2023-03-22 10:36:58','2023-03-22 10:36:58',NULL),(909,7922,0,NULL,909,3,40721,40774,57,3053,2,0,'2023-02-10','2023-02-10',14900.00,1,1.00,'Factura A N°: 0009-00001026',NULL,NULL,'2023-03-22 10:36:58','2023-03-22 10:36:58',NULL),(910,7922,0,NULL,910,3,40721,40775,57,3053,2,0,'2023-02-10','2023-02-10',4209.80,1,1.00,'Factura A N°: 0006-13591508',NULL,NULL,'2023-03-22 10:36:58','2023-03-22 10:36:58',NULL),(911,7922,0,NULL,911,3,40721,40776,57,3053,2,0,'2023-02-13','2023-02-13',104569.92,1,1.00,'Factura A N°: 0011-00309788',NULL,NULL,'2023-03-22 10:36:58','2023-03-22 10:36:58',NULL),(912,7922,0,NULL,912,3,40721,40774,57,3053,2,0,'2023-02-14','2023-02-14',71050.00,1,1.00,'Factura A N°: 0009-00001033',NULL,NULL,'2023-03-22 10:36:58','2023-03-22 10:36:58',NULL),(913,7922,0,NULL,913,3,40721,40777,57,3053,2,0,'2023-02-14','2023-02-14',40609.62,1,1.00,'Factura A N°: 0100-00057936',NULL,NULL,'2023-03-22 10:36:58','2023-03-22 10:36:58',NULL),(914,7922,0,NULL,914,3,40721,40719,57,3053,2,0,'2023-02-14','2023-02-14',195000.00,1,1.00,'Factura C N°: 0003-00000148',NULL,NULL,'2023-03-22 10:36:58','2023-03-22 10:36:58',NULL),(915,7922,0,NULL,915,3,40721,40778,57,3053,2,0,'2023-02-15','2023-02-15',6450.00,1,1.00,'Factura A N°: 0032-00008568',NULL,NULL,'2023-03-22 10:36:58','2023-03-22 10:36:58',NULL),(916,7922,0,NULL,916,3,40721,40779,57,3053,2,0,'2023-02-15','2023-02-15',44613.03,1,1.00,'Factura A N°: 0013-00381276',NULL,NULL,'2023-03-22 10:36:58','2023-03-22 10:36:58',NULL),(917,7922,0,NULL,917,3,40721,40779,57,3053,2,0,'2023-02-15','2023-02-15',61438.84,1,1.00,'Factura A N°: 0013-00381274',NULL,NULL,'2023-03-22 10:36:58','2023-03-22 10:36:58',NULL),(918,7922,0,NULL,918,3,40721,40779,57,3053,2,0,'2023-02-15','2023-02-15',46964.08,1,1.00,'Factura A N°: 0013-00381280',NULL,NULL,'2023-03-22 10:36:58','2023-03-22 10:36:58',NULL),(919,7922,0,NULL,919,3,40721,40778,57,3053,2,0,'2023-02-15','2023-02-15',8600.00,1,1.00,'Factura A N°: 0032-00008567',NULL,NULL,'2023-03-22 10:36:58','2023-03-22 10:36:58',NULL),(920,7922,0,NULL,920,3,40721,40779,57,3053,2,0,'2023-02-15','2023-02-15',86805.59,1,1.00,'Factura A N°: 0013-00381278',NULL,NULL,'2023-03-22 10:36:58','2023-03-22 10:36:58',NULL),(921,7922,0,NULL,921,3,40721,40779,57,3053,2,0,'2023-02-15','2023-02-15',59625.99,1,1.00,'Factura A N°: 0013-00381282',NULL,NULL,'2023-03-22 10:36:58','2023-03-22 10:36:58',NULL),(922,7922,0,NULL,922,3,40721,40778,57,3053,2,0,'2023-02-15','2023-02-15',8600.00,1,1.00,'Factura A N°: 0032-00008566',NULL,NULL,'2023-03-22 10:36:58','2023-03-22 10:36:58',NULL),(923,7922,0,NULL,923,3,40721,40779,57,3053,2,0,'2023-02-15','2023-02-15',55683.62,1,1.00,'Factura A N°: 0013-00381211',NULL,NULL,'2023-03-22 10:36:58','2023-03-22 10:36:58',NULL),(924,7922,0,NULL,924,3,40721,40780,57,3053,2,0,'2023-02-15','2023-02-15',126138.97,1,1.00,'Factura A N°: 0057-00000620',NULL,NULL,'2023-03-22 10:36:58','2023-03-22 10:36:58',NULL),(925,7922,0,NULL,925,3,40721,40781,57,3053,2,0,'2023-02-16','2023-02-16',56773.21,1,1.00,'Factura A N°: 0030-00001560',NULL,NULL,'2023-03-22 10:36:58','2023-03-22 10:36:58',NULL),(926,7922,0,NULL,926,3,40721,40782,57,3053,2,0,'2023-02-17','2023-02-17',37534.20,1,1.00,'Factura A N°: 0005-00001014',NULL,NULL,'2023-03-22 10:36:58','2023-03-22 10:36:58',NULL),(927,7922,0,NULL,927,3,40721,40782,57,3053,2,0,'2023-02-17','2023-02-17',15432.34,1,1.00,'Factura A N°: 0005-00001013',NULL,NULL,'2023-03-22 10:36:58','2023-03-22 10:36:58',NULL);
INSERT INTO `cta_cte_cliente` VALUES (928,7922,0,NULL,928,3,40721,40783,57,3053,2,0,'2023-02-17','2023-02-17',10522.38,1,1.00,'Factura A N°: 0009-00217230',NULL,NULL,'2023-03-22 10:36:58','2023-03-22 10:36:58',NULL),(929,7922,0,NULL,929,3,40721,40784,57,3053,2,0,'2023-02-22','2023-02-22',18225.00,1,1.00,'Factura A N°: 0002-00016241',NULL,NULL,'2023-03-22 10:36:58','2023-03-22 10:36:58',NULL),(930,7922,0,NULL,930,3,40721,40785,57,3053,1,0,'2023-02-22','2023-02-22',1027.00,1,1.00,'Nota de crédito A N°: 0011-01111472',NULL,NULL,'2023-03-22 10:36:58','2023-03-22 10:36:58',NULL),(931,7922,0,NULL,931,3,40721,40786,57,3053,1,0,'2023-02-22','2023-02-22',953.99,1,1.00,'Nota de crédito A N°: 0001-00633770',NULL,NULL,'2023-03-22 10:36:59','2023-03-22 10:36:59',NULL),(932,7922,0,NULL,932,3,40721,40785,57,3053,2,0,'2023-02-22','2023-02-22',1050.00,1,1.00,'Factura A N°: 0029-01007722',NULL,NULL,'2023-03-22 10:36:59','2023-03-22 10:36:59',NULL),(933,7922,0,NULL,933,3,40721,40787,57,3053,1,0,'2023-02-24','2023-02-24',5200.00,1,1.00,'Nota de crédito B N°: 0003-00000290',NULL,NULL,'2023-03-22 10:36:59','2023-03-22 10:36:59',NULL),(934,7922,0,NULL,934,3,40721,40770,57,3053,2,0,'2023-02-27','2023-02-27',2775.00,1,1.00,'Factura A N°: 0150-00005228',NULL,NULL,'2023-03-22 10:36:59','2023-03-22 10:36:59',NULL),(935,7922,0,NULL,935,3,40721,40788,57,3053,2,0,'2023-02-27','2023-02-27',60000.00,1,1.00,'Factura C N°: 0001-00000008',NULL,NULL,'2023-03-22 10:36:59','2023-03-22 10:36:59',NULL),(936,7922,0,NULL,936,3,40721,40789,57,3053,2,0,'2023-02-28','2023-02-28',200.00,1,1.00,'Factura B N°: 0070-00022897',NULL,NULL,'2023-03-22 10:36:59','2023-03-22 10:36:59',NULL),(937,7922,0,NULL,937,3,40721,40790,57,3053,2,0,'2023-02-28','2023-02-28',1140.00,1,1.00,'Factura B N°: 0005-04753821',NULL,NULL,'2023-03-22 10:36:59','2023-03-22 10:36:59',NULL),(938,7922,0,NULL,938,3,40721,40791,57,3053,2,0,'2023-02-28','2023-02-28',248965.19,1,1.00,'Factura A N°: 0101-00397182',NULL,NULL,'2023-03-22 10:36:59','2023-03-22 10:36:59',NULL),(939,7922,0,NULL,939,3,40721,40791,57,3053,2,0,'2023-02-28','2023-02-28',758757.71,1,1.00,'Factura A N°: 0101-00397183',NULL,NULL,'2023-03-22 10:36:59','2023-03-22 10:36:59',NULL),(940,7922,0,NULL,940,3,40721,40789,57,3053,2,0,'2023-02-28','2023-02-28',16200.00,1,1.00,'Factura A N°: 0070-00009957',NULL,NULL,'2023-03-22 10:36:59','2023-03-22 10:36:59',NULL),(941,7922,0,NULL,941,3,40721,40789,57,3053,2,0,'2023-02-28','2023-02-28',5200.00,1,1.00,'Factura A N°: 0094-00000079',NULL,NULL,'2023-03-22 10:36:59','2023-03-22 10:36:59',NULL),(942,7922,0,NULL,942,3,40721,40775,57,3053,2,0,'2023-02-28','2023-02-28',0.00,1,1.00,'Factura A N°: 0006-13680597',NULL,NULL,'2023-03-22 10:36:59','2023-03-23 09:47:11','2023-03-23 09:47:11'),(943,7922,0,NULL,943,3,40721,40792,57,3053,2,0,'2023-02-15','2023-02-15',11200.27,1,1.00,'Factura A N°: 0028-00030055',NULL,NULL,'2023-03-22 10:43:26','2023-03-23 09:50:57','2023-03-23 09:50:57'),(944,7922,0,NULL,944,3,40721,40792,57,3053,2,0,'2023-02-07','2023-02-07',10500.52,1,1.00,'Factura A N°: 0028-00029574',NULL,NULL,'2023-03-22 10:44:26','2023-03-23 09:50:37','2023-03-23 09:50:37'),(945,7922,0,NULL,945,3,40721,40792,57,3053,2,0,'2023-02-17','2023-02-17',11502.04,1,1.00,'Factura A N°: 0028-00030158',NULL,NULL,'2023-03-22 10:45:21','2023-03-23 09:50:20','2023-03-23 09:50:20'),(946,7922,0,NULL,946,3,40721,40793,57,3053,2,0,'2023-02-20','2023-02-20',22200.03,1,1.00,'Factura A N°: 0011-00008916',NULL,NULL,'2023-03-22 10:47:58','2023-03-22 10:47:58',NULL),(947,7922,0,NULL,947,3,40721,40793,57,3053,2,0,'2023-02-14','2023-02-14',18000.00,1,1.00,'Factura A N°: 0011-00008860',NULL,NULL,'2023-03-22 10:48:24','2023-03-22 10:48:24',NULL),(948,7922,0,NULL,948,3,40721,40794,57,3053,2,0,'2023-02-02','2023-02-02',8601.13,1,1.00,'Factura A N°: 0011-00087400',NULL,NULL,'2023-03-22 10:54:50','2023-03-23 09:51:20','2023-03-23 09:51:20');
INSERT INTO `cta_cte_cliente` VALUES (949,7922,0,NULL,949,3,40721,40795,57,3053,2,0,'2023-02-16','2023-02-16',10496.60,1,1.00,'Factura A N°: 0030-00014269',NULL,NULL,'2023-03-22 10:59:17','2023-03-23 09:51:42','2023-03-23 09:51:42'),(950,7922,0,NULL,950,3,40721,40796,57,3053,2,0,'2023-02-15','2023-02-15',8200.01,1,1.00,'Factura A N°: 0005-00044410',NULL,NULL,'2023-03-22 11:01:46','2023-03-23 09:52:01','2023-03-23 09:52:01'),(951,7922,0,NULL,951,3,40721,40797,57,3053,2,0,'2023-02-19','2023-02-19',2850.00,1,1.00,'Factura A N°: 0015-00005224',NULL,NULL,'2023-03-22 11:02:56','2023-03-22 11:02:56',NULL),(952,7922,0,NULL,952,3,40721,40798,57,3053,2,0,'2023-02-20','2023-02-20',9000.81,1,1.00,'Factura A N°: 0026-00001742',NULL,NULL,'2023-03-22 11:04:50','2023-03-23 09:52:28','2023-03-23 09:52:28'),(953,7922,0,NULL,953,3,40721,40799,57,3053,2,0,'2023-02-24','2023-02-24',11999.99,1,1.00,'Factura A N°: 0014-00000878',NULL,NULL,'2023-03-22 11:05:50','2023-03-23 09:48:22','2023-03-23 09:48:22'),(954,7922,0,NULL,954,3,40721,40800,57,3053,2,0,'2023-02-10','2023-02-10',10499.99,1,1.00,'Factura A N°: 0014-00017921',NULL,NULL,'2023-03-22 11:07:48','2023-03-23 09:52:45','2023-03-23 09:52:45'),(955,7922,0,NULL,955,3,40721,40801,57,3053,2,0,'2023-02-08','2023-02-08',8499.13,1,1.00,'Factura A N°: 0003-00022070',NULL,NULL,'2023-03-22 11:11:45','2023-03-23 09:48:03','2023-03-23 09:48:03'),(956,7922,0,NULL,956,3,40721,40802,57,3053,2,0,'2023-02-08','2023-02-08',10802.98,1,1.00,'Factura A N°: 0023-00001609',NULL,NULL,'2023-03-22 11:13:47','2023-03-23 09:53:08','2023-03-23 09:53:08'),(957,7922,0,NULL,957,3,40721,40803,57,3053,2,0,'2023-02-11','2023-02-11',10499.71,1,1.00,'Factura A N°: 0013-00018296',NULL,NULL,'2023-03-22 11:15:12','2023-03-23 09:56:08','2023-03-23 09:56:08'),(958,7922,0,NULL,958,3,40721,40804,57,3053,2,0,'2023-02-05','2023-02-05',11101.19,1,1.00,'Factura A N°: 0019-00000327',NULL,NULL,'2023-03-22 11:16:37','2023-03-23 09:47:37','2023-03-23 09:47:37'),(959,7922,0,NULL,959,3,40721,40805,57,3054,2,0,'2023-03-10','2023-03-10',78818.70,1,1.00,'Factura A N°: 0008-00004842',NULL,NULL,'2023-03-22 11:18:53','2023-03-22 11:18:53',NULL),(960,7922,0,NULL,960,3,40723,40806,57,6062,2,0,'2023-02-02','2023-02-02',304178.89,1,1.00,'Factura A N°: 0002-00087367',NULL,NULL,'2023-03-22 16:28:18','2023-03-22 16:28:18',NULL),(961,7922,0,NULL,961,3,40723,40806,57,6062,2,0,'2023-02-02','2023-02-02',293907.91,1,1.00,'Factura A N°: 0002-00087368',NULL,NULL,'2023-03-22 16:28:18','2023-03-22 16:28:18',NULL),(962,7922,0,NULL,962,3,40723,40806,57,6062,2,0,'2023-02-02','2023-02-02',292327.75,1,1.00,'Factura A N°: 0002-00087370',NULL,NULL,'2023-03-22 16:28:18','2023-03-22 16:28:18',NULL),(963,7922,0,NULL,963,3,40723,40806,57,6062,2,0,'2023-02-02','2023-02-02',319190.31,1,1.00,'Factura A N°: 0002-00087369',NULL,NULL,'2023-03-22 16:28:18','2023-03-22 16:28:18',NULL),(964,7922,0,NULL,964,3,40723,40807,57,6062,2,0,'2023-02-03','2023-02-03',131812.46,1,1.00,'Factura A N°: 0002-00057644',NULL,NULL,'2023-03-22 16:28:18','2023-03-22 16:28:18',NULL),(965,7922,0,NULL,965,3,40723,40807,57,6062,2,0,'2023-02-03','2023-02-03',108482.05,1,1.00,'Factura A N°: 0002-00057643',NULL,NULL,'2023-03-22 16:28:18','2023-03-22 16:28:18',NULL),(966,7922,0,NULL,966,3,40723,40806,57,6062,2,0,'2023-02-03','2023-02-03',417159.60,1,1.00,'Factura A N°: 0002-00087385',NULL,NULL,'2023-03-22 16:28:18','2023-03-22 16:28:18',NULL),(967,7922,0,NULL,967,3,40723,40806,57,6062,2,0,'2023-02-03','2023-02-03',406888.63,1,1.00,'Factura A N°: 0002-00087384',NULL,NULL,'2023-03-22 16:28:18','2023-03-22 16:28:18',NULL),(968,7922,0,NULL,968,3,40723,40806,57,6062,2,0,'2023-02-06','2023-02-06',1557237.83,1,1.00,'Factura A N°: 0002-00087405',NULL,NULL,'2023-03-22 16:28:18','2023-03-22 16:28:18',NULL),(969,7922,0,NULL,969,3,40723,40806,57,6062,2,0,'2023-02-06','2023-02-06',1862996.85,1,1.00,'Factura A N°: 0002-00087404',NULL,NULL,'2023-03-22 16:28:18','2023-03-22 16:28:18',NULL);
INSERT INTO `cta_cte_cliente` VALUES (970,7922,0,NULL,970,3,40723,40807,57,6062,2,0,'2023-02-07','2023-02-07',157954.55,1,1.00,'Factura A N°: 0002-00057694',NULL,NULL,'2023-03-22 16:28:18','2023-03-22 16:28:18',NULL),(971,7922,0,NULL,971,3,40723,40807,57,6062,2,0,'2023-02-07','2023-02-07',145444.19,1,1.00,'Factura A N°: 0002-00057695',NULL,NULL,'2023-03-22 16:28:18','2023-03-22 16:28:18',NULL),(972,7922,0,NULL,972,3,40723,40806,57,6062,2,0,'2023-02-08','2023-02-08',598937.64,1,1.00,'Factura A N°: 0002-00087492',NULL,NULL,'2023-03-22 16:28:18','2023-03-22 16:28:18',NULL),(973,7922,0,NULL,973,3,40723,40806,57,6062,2,0,'2023-02-08','2023-02-08',602486.90,1,1.00,'Factura A N°: 0002-00087493',NULL,NULL,'2023-03-22 16:28:18','2023-03-22 16:28:18',NULL),(974,7922,0,NULL,974,3,40723,40806,57,6062,2,0,'2023-02-08','2023-02-08',586515.22,1,1.00,'Factura A N°: 0002-00087495',NULL,NULL,'2023-03-22 16:28:18','2023-03-22 16:28:18',NULL),(975,7922,0,NULL,975,3,40723,40806,57,6062,2,0,'2023-02-08','2023-02-08',597163.00,1,1.00,'Factura A N°: 0002-00087494',NULL,NULL,'2023-03-22 16:28:18','2023-03-22 16:28:18',NULL),(976,7922,0,NULL,976,3,40723,40808,57,6062,2,0,'2023-02-09','2023-02-09',440439.35,1,1.00,'Factura A N°: 0010-00034625',NULL,NULL,'2023-03-22 16:28:18','2023-03-22 16:28:18',NULL),(977,7922,0,NULL,977,3,40723,40808,57,6062,2,0,'2023-02-09','2023-02-09',508199.25,1,1.00,'Factura A N°: 0010-00034624',NULL,NULL,'2023-03-22 16:28:18','2023-03-22 16:28:18',NULL),(978,7922,0,NULL,978,3,40723,40807,57,6062,2,0,'2023-02-10','2023-02-10',172225.77,1,1.00,'Factura A N°: 0002-00057844',NULL,NULL,'2023-03-22 16:28:19','2023-03-22 16:28:19',NULL),(979,7922,0,NULL,979,3,40723,40775,57,6062,2,0,'2023-02-10','2023-02-10',0.00,1,1.00,'Factura A N°: 0006-13655574',NULL,NULL,'2023-03-22 16:28:19','2023-03-22 16:28:19',NULL),(980,7922,0,NULL,980,3,40723,40775,57,6062,2,0,'2023-02-10','2023-02-10',4209.80,1,1.00,'Factura A N°: 0006-13655772',NULL,NULL,'2023-03-22 16:28:19','2023-03-22 16:28:19',NULL),(981,7922,0,NULL,981,3,40723,40775,57,6062,2,0,'2023-02-10','2023-02-10',4209.80,1,1.00,'Factura A N°: 0006-13655816',NULL,NULL,'2023-03-22 16:28:19','2023-03-22 16:28:19',NULL),(982,7922,0,NULL,982,3,40723,40807,57,6062,2,0,'2023-02-10','2023-02-10',171225.48,1,1.00,'Factura A N°: 0002-00057845',NULL,NULL,'2023-03-22 16:28:19','2023-03-22 16:28:19',NULL),(983,7922,0,NULL,983,3,40723,40806,57,6062,2,0,'2023-02-13','2023-02-13',1950318.37,1,1.00,'Factura A N°: 0002-00087565',NULL,NULL,'2023-03-22 16:28:19','2023-03-22 16:28:19',NULL),(984,7922,0,NULL,984,3,40723,40806,57,6062,2,0,'2023-02-13','2023-02-13',2134879.89,1,1.00,'Factura A N°: 0002-00087564',NULL,NULL,'2023-03-22 16:28:19','2023-03-22 16:28:19',NULL),(985,7922,0,NULL,985,3,40723,40809,57,6062,2,0,'2023-02-14','2023-02-14',89998.94,1,1.00,'Factura A N°: 0036-00006472',NULL,NULL,'2023-03-22 16:28:19','2023-03-22 16:28:19',NULL),(986,7922,0,NULL,986,3,40723,40807,57,6062,2,0,'2023-02-14','2023-02-14',488798.29,1,1.00,'Factura A N°: 0002-00057911',NULL,NULL,'2023-03-22 16:28:19','2023-03-22 16:28:19',NULL),(987,7922,0,NULL,987,3,40723,40809,57,6062,2,0,'2023-02-14','2023-02-14',67169.82,1,1.00,'Factura A N°: 0021-00010727',NULL,NULL,'2023-03-22 16:28:19','2023-03-22 16:28:19',NULL),(988,7922,0,NULL,988,3,40723,40807,57,6062,2,0,'2023-02-14','2023-02-14',238247.09,1,1.00,'Factura A N°: 0002-00057912',NULL,NULL,'2023-03-22 16:28:19','2023-03-22 16:28:19',NULL),(989,7922,0,NULL,989,3,40723,40809,57,6062,2,0,'2023-02-14','2023-02-14',89998.94,1,1.00,'Factura A N°: 0036-00006474',NULL,NULL,'2023-03-22 16:28:19','2023-03-22 16:28:19',NULL),(990,7922,0,NULL,990,3,40723,40809,57,6062,2,0,'2023-02-14','2023-02-14',122999.76,1,1.00,'Factura A N°: 0036-00006473',NULL,NULL,'2023-03-22 16:28:19','2023-03-22 16:28:19',NULL),(991,7922,0,NULL,991,3,40723,40806,57,6062,2,0,'2023-02-16','2023-02-16',477520.72,1,1.00,'Factura A N°: 0002-00087673',NULL,NULL,'2023-03-22 16:28:19','2023-03-22 16:28:19',NULL);
INSERT INTO `cta_cte_cliente` VALUES (992,7922,0,NULL,992,3,40723,40806,57,6062,2,0,'2023-02-16','2023-02-16',514180.77,1,1.00,'Factura A N°: 0002-00087674',NULL,NULL,'2023-03-22 16:28:19','2023-03-22 16:28:19',NULL),(993,7922,0,NULL,993,3,40723,40806,57,6062,2,0,'2023-02-16','2023-02-16',459660.68,1,1.00,'Factura A N°: 0002-00087675',NULL,NULL,'2023-03-22 16:28:19','2023-03-22 16:28:19',NULL),(994,7922,0,NULL,994,3,40723,40806,57,6062,2,0,'2023-02-16','2023-02-16',487860.74,1,1.00,'Factura A N°: 0002-00087676',NULL,NULL,'2023-03-22 16:28:19','2023-03-22 16:28:19',NULL),(995,7922,0,NULL,995,3,40723,40810,57,6062,2,0,'2023-02-16','2023-02-16',14799.51,1,1.00,'Factura A N°: 0001-00004854',NULL,NULL,'2023-03-22 16:28:19','2023-03-22 16:28:19',NULL),(996,7922,0,NULL,996,3,40723,40807,57,6062,2,0,'2023-02-17','2023-02-17',427832.14,1,1.00,'Factura A N°: 0002-00058060',NULL,NULL,'2023-03-22 16:28:19','2023-03-22 16:28:19',NULL),(997,7922,0,NULL,997,3,40723,40811,57,6062,2,0,'2023-02-17','2023-02-17',50000.00,1,1.00,'Factura A N°: 0006-00011457',NULL,NULL,'2023-03-22 16:28:19','2023-03-22 16:28:19',NULL),(998,7922,0,NULL,998,3,40723,40807,57,6062,2,0,'2023-02-17','2023-02-17',541249.02,1,1.00,'Factura A N°: 0002-00058059',NULL,NULL,'2023-03-22 16:28:19','2023-03-22 16:28:19',NULL),(999,7922,0,NULL,999,3,40723,40809,57,6062,2,0,'2023-02-17','2023-02-17',101999.24,1,1.00,'Factura A N°: 0036-00006533',NULL,NULL,'2023-03-22 16:28:19','2023-03-22 16:28:19',NULL),(1000,7922,0,NULL,1000,3,40723,40809,57,6062,2,0,'2023-02-17','2023-02-17',129999.38,1,1.00,'Factura A N°: 0036-00006534',NULL,NULL,'2023-03-22 16:28:19','2023-03-22 16:28:19',NULL),(1001,7922,0,NULL,1001,3,40723,40806,57,6062,2,0,'2023-02-18','2023-02-18',1953637.71,1,1.00,'Factura A N°: 0002-00087691',NULL,NULL,'2023-03-22 16:28:19','2023-03-22 16:28:19',NULL),(1002,7922,0,NULL,1002,3,40723,40806,57,6062,2,0,'2023-02-18','2023-02-18',1950734.82,1,1.00,'Factura A N°: 0002-00087690',NULL,NULL,'2023-03-22 16:28:19','2023-03-22 16:28:19',NULL),(1003,7922,0,NULL,1003,3,40723,40806,57,6062,2,0,'2023-02-23','2023-02-23',758003.92,1,1.00,'Factura A N°: 0002-00087803',NULL,NULL,'2023-03-22 16:28:20','2023-03-22 16:28:20',NULL),(1004,7922,0,NULL,1004,3,40723,40806,57,6062,2,0,'2023-02-23','2023-02-23',670942.31,1,1.00,'Factura A N°: 0002-00087804',NULL,NULL,'2023-03-22 16:28:20','2023-03-22 16:28:20',NULL),(1005,7922,0,NULL,1005,3,40723,40806,57,6062,2,0,'2023-02-23','2023-02-23',633089.43,1,1.00,'Factura A N°: 0002-00087802',NULL,NULL,'2023-03-22 16:28:20','2023-03-22 16:28:20',NULL),(1006,7922,0,NULL,1006,3,40723,40806,57,6062,2,0,'2023-02-23','2023-02-23',756111.29,1,1.00,'Factura A N°: 0002-00087805',NULL,NULL,'2023-03-22 16:28:20','2023-03-22 16:28:20',NULL),(1007,7922,0,NULL,1007,3,40723,40812,57,6062,2,0,'2023-02-24','2023-02-24',917122.97,1,1.00,'Factura A N°: 0001-00000732',NULL,NULL,'2023-03-22 16:28:20','2023-03-22 16:28:20',NULL),(1008,7922,0,NULL,1008,3,40723,40806,57,6062,2,0,'2023-02-24','2023-02-24',4000000.00,1,1.00,'Factura A N°: 0002-00087808',NULL,NULL,'2023-03-22 16:28:20','2023-03-22 16:28:20',NULL),(1009,7922,0,NULL,1009,3,40723,40807,57,6062,2,0,'2023-02-24','2023-02-24',301530.75,1,1.00,'Factura A N°: 0002-00058217',NULL,NULL,'2023-03-22 16:28:20','2023-03-22 16:28:20',NULL),(1010,7922,0,NULL,1010,3,40723,40809,57,6062,2,0,'2023-02-24','2023-02-24',68786.25,1,1.00,'Factura A N°: 0036-00006601',NULL,NULL,'2023-03-22 16:28:20','2023-03-22 16:28:20',NULL),(1011,7922,0,NULL,1011,3,40723,40809,57,6062,2,0,'2023-02-24','2023-02-24',110001.65,1,1.00,'Factura A N°: 0036-00006600',NULL,NULL,'2023-03-22 16:28:20','2023-03-22 16:28:20',NULL),(1012,7922,0,NULL,1012,3,40723,40812,57,6062,2,0,'2023-02-24','2023-02-24',947723.69,1,1.00,'Factura A N°: 0001-00000733',NULL,NULL,'2023-03-22 16:28:20','2023-03-22 16:28:20',NULL),(1013,7922,0,NULL,1013,3,40723,40809,57,6062,2,0,'2023-02-24','2023-02-24',206358.75,1,1.00,'Factura A N°: 0036-00006599',NULL,NULL,'2023-03-22 16:28:20','2023-03-22 16:28:20',NULL);
INSERT INTO `cta_cte_cliente` VALUES (1014,7922,0,NULL,1014,3,40723,40807,57,6062,2,0,'2023-02-24','2023-02-24',361789.52,1,1.00,'Factura A N°: 0002-00058216',NULL,NULL,'2023-03-22 16:28:20','2023-03-22 16:28:20',NULL),(1015,7922,0,NULL,1015,3,40723,40809,57,6062,2,0,'2023-02-24','2023-02-24',137502.06,1,1.00,'Factura A N°: 0036-00006598',NULL,NULL,'2023-03-22 16:28:20','2023-03-22 16:28:20',NULL),(1016,7922,0,NULL,1016,3,40723,40806,57,6062,2,0,'2023-02-27','2023-02-27',2491665.84,1,1.00,'Factura A N°: 0002-00087838',NULL,NULL,'2023-03-22 16:28:20','2023-03-22 16:28:20',NULL),(1017,7922,0,NULL,1017,3,40723,40806,57,6062,2,0,'2023-02-27','2023-02-27',2291045.56,1,1.00,'Factura A N°: 0002-00087839',NULL,NULL,'2023-03-22 16:28:20','2023-03-22 16:28:20',NULL),(1018,7922,0,NULL,1018,3,40723,40807,57,6062,2,0,'2023-02-28','2023-02-28',307006.31,1,1.00,'Factura A N°: 0002-00058273',NULL,NULL,'2023-03-22 16:28:20','2023-03-22 16:28:20',NULL),(1019,7922,0,NULL,1019,3,40723,40807,57,6062,2,0,'2023-02-28','2023-02-28',260361.54,1,1.00,'Factura A N°: 0002-00058272',NULL,NULL,'2023-03-22 16:28:20','2023-03-22 16:28:20',NULL),(1020,7922,0,NULL,1020,3,40723,40775,57,6062,2,0,'2023-02-28','2023-02-28',0.00,1,1.00,'Factura A N°: 0006-13671589',NULL,NULL,'2023-03-22 16:28:20','2023-03-22 16:28:20',NULL),(1021,7922,0,NULL,1021,3,40723,40775,57,6062,2,0,'2023-02-28','2023-02-28',0.00,1,1.00,'Factura A N°: 0006-13671600',NULL,NULL,'2023-03-22 16:28:20','2023-03-22 16:28:20',NULL),(1148,7922,0,NULL,1148,2,40723,40729,13,6061,1,0,'2023-01-03','2023-01-03',28460.00,1,1.00,'Tique Factura A N°: 0004-00000396',NULL,NULL,'2023-03-22 16:51:05','2023-03-22 16:51:05',NULL),(1149,7922,0,NULL,1149,2,40723,40729,13,6061,1,0,'2023-01-06','2023-01-06',57562.00,1,1.00,'Tique Factura A N°: 0004-00000397',NULL,NULL,'2023-03-22 16:51:05','2023-03-22 16:51:05',NULL),(1150,7922,0,NULL,1150,2,40723,40729,13,6061,1,0,'2023-01-07','2023-01-07',50125.00,1,1.00,'Tique Factura A N°: 0004-00000398',NULL,NULL,'2023-03-22 16:51:05','2023-03-22 16:51:05',NULL),(1151,7922,0,NULL,1151,2,40723,40729,13,6061,1,0,'2023-01-11','2023-01-11',45509.02,1,1.00,'Tique Factura A N°: 0004-00000399',NULL,NULL,'2023-03-22 16:51:05','2023-03-22 16:51:05',NULL),(1152,7922,0,NULL,1152,2,40723,40731,13,6061,1,0,'2023-01-14','2023-01-14',3500.00,1,1.00,'Tique Factura A N°: 0004-00000400',NULL,NULL,'2023-03-22 16:51:05','2023-03-22 16:51:05',NULL),(1153,7922,0,NULL,1153,2,40723,40726,13,6061,1,0,'2023-01-15','2023-01-15',9493.00,1,1.00,'Tique Factura A N°: 0004-00000401',NULL,NULL,'2023-03-22 16:51:05','2023-03-22 16:51:05',NULL),(1154,7922,0,NULL,1154,2,40723,40733,13,6061,1,0,'2023-01-25','2023-01-25',6463.00,1,1.00,'Tique Factura A N°: 0004-00000402',NULL,NULL,'2023-03-22 16:51:06','2023-03-22 16:51:06',NULL),(1155,7922,0,NULL,1155,2,40723,40733,13,6061,1,0,'2023-01-27','2023-01-27',27800.00,1,1.00,'Tique Factura A N°: 0004-00000403',NULL,NULL,'2023-03-22 16:51:06','2023-03-22 16:51:06',NULL),(1156,7922,0,NULL,1156,2,40723,40733,13,6061,1,0,'2023-01-27','2023-01-27',22590.00,1,1.00,'Tique Factura A N°: 0004-00000404',NULL,NULL,'2023-03-22 16:51:06','2023-03-22 16:51:06',NULL),(1157,7922,0,NULL,1157,2,40723,40733,13,6061,1,0,'2023-01-27','2023-01-27',23400.00,1,1.00,'Tique Factura A N°: 0004-00000405',NULL,NULL,'2023-03-22 16:51:06','2023-03-22 16:51:06',NULL),(1158,7922,0,NULL,1158,2,40723,40733,13,6061,1,0,'2023-01-27','2023-01-27',19430.00,1,1.00,'Tique Factura A N°: 0004-00000406',NULL,NULL,'2023-03-22 16:51:06','2023-03-22 16:51:06',NULL),(1159,7922,0,NULL,1159,2,40723,40733,13,6061,1,0,'2023-01-27','2023-01-27',18500.00,1,1.00,'Tique Factura A N°: 0004-00000407',NULL,NULL,'2023-03-22 16:51:06','2023-03-22 16:51:06',NULL),(1160,7922,0,NULL,1160,2,40723,40733,13,6061,1,0,'2023-01-27','2023-01-27',33400.00,1,1.00,'Tique Factura A N°: 0004-00000408',NULL,NULL,'2023-03-22 16:51:06','2023-03-22 16:51:06',NULL);
INSERT INTO `cta_cte_cliente` VALUES (1161,7922,0,NULL,1161,2,40723,40733,13,6061,1,0,'2023-01-27','2023-01-27',21860.02,1,1.00,'Tique Factura A N°: 0004-00000409',NULL,NULL,'2023-03-22 16:51:06','2023-03-22 16:51:06',NULL),(1162,7922,0,NULL,1162,2,40723,40733,13,6061,1,0,'2023-01-27','2023-01-27',27350.00,1,1.00,'Tique Factura A N°: 0004-00000410',NULL,NULL,'2023-03-22 16:51:06','2023-03-22 16:51:06',NULL),(1163,7922,0,NULL,1163,2,40723,40733,13,6061,1,0,'2023-01-27','2023-01-27',19200.00,1,1.00,'Tique Factura A N°: 0004-00000411',NULL,NULL,'2023-03-22 16:51:06','2023-03-22 16:51:06',NULL),(1164,7922,0,NULL,1164,2,40723,40733,13,6061,1,0,'2023-01-27','2023-01-27',32750.00,1,1.00,'Tique Factura A N°: 0004-00000412',NULL,NULL,'2023-03-22 16:51:06','2023-03-22 16:51:06',NULL),(1165,7922,0,NULL,1165,2,40723,40733,13,6061,1,0,'2023-01-27','2023-01-27',34000.00,1,1.00,'Tique Factura A N°: 0004-00000413',NULL,NULL,'2023-03-22 16:51:06','2023-03-22 16:51:06',NULL),(1166,7922,0,NULL,1166,2,40723,40733,13,6061,1,0,'2023-01-27','2023-01-27',32600.00,1,1.00,'Tique Factura A N°: 0004-00000414',NULL,NULL,'2023-03-22 16:51:06','2023-03-22 16:51:06',NULL),(1167,7922,0,NULL,1167,2,40723,40733,13,6061,1,0,'2023-01-27','2023-01-27',28900.00,1,1.00,'Tique Factura A N°: 0004-00000415',NULL,NULL,'2023-03-22 16:51:06','2023-03-22 16:51:06',NULL),(1168,7922,0,NULL,1168,2,40723,40733,13,6061,1,0,'2023-01-27','2023-01-27',24300.00,1,1.00,'Tique Factura A N°: 0004-00000416',NULL,NULL,'2023-03-22 16:51:06','2023-03-22 16:51:06',NULL),(1169,7922,0,NULL,1169,2,40723,40733,13,6061,1,0,'2023-01-27','2023-01-27',17450.02,1,1.00,'Tique Factura A N°: 0004-00000417',NULL,NULL,'2023-03-22 16:51:06','2023-03-22 16:51:06',NULL),(1170,7922,0,NULL,1170,2,40723,40733,13,6061,1,0,'2023-01-27','2023-01-27',24300.00,1,1.00,'Tique Factura A N°: 0004-00000418',NULL,NULL,'2023-03-22 16:51:06','2023-03-22 16:51:06',NULL),(1171,7922,0,NULL,1171,2,40723,40727,13,6061,1,0,'2023-01-29','2023-01-29',8980.00,1,1.00,'Tique Factura A N°: 0004-00000419',NULL,NULL,'2023-03-22 16:51:06','2023-03-22 16:51:06',NULL),(1172,7922,0,NULL,1172,2,40723,40734,13,6061,1,0,'2023-01-16','2023-01-16',30415.00,1,1.00,'Tique Factura A N°: 0003-00000253',NULL,NULL,'2023-03-22 16:51:06','2023-03-22 16:51:06',NULL),(1173,7922,0,NULL,1173,2,40723,40820,13,6061,1,0,'2023-01-21','2023-01-21',6705.00,1,1.00,'Tique Factura A N°: 0003-00000254',NULL,NULL,'2023-03-22 16:51:06','2023-03-22 16:51:06',NULL),(1174,7922,0,NULL,1174,2,40723,40718,13,6061,1,0,'2023-01-31','2023-01-31',25589003.86,1,1.00,'Tique (Informe Diario Z) N°: 0004-00018292',NULL,NULL,'2023-03-22 16:51:06','2023-03-22 16:51:06',NULL),(1175,7922,0,NULL,1175,2,40723,40718,13,6061,1,0,'2023-01-31','2023-01-31',4824589.06,1,1.00,'Tique (Informe Diario Z) N°: 0003-00033330',NULL,NULL,'2023-03-22 16:51:06','2023-03-22 16:51:06',NULL),(1176,7922,0,NULL,1176,3,40723,40806,57,6061,2,0,'2023-01-02','2023-01-02',290003.50,1,1.00,'Factura A N°: 0002-00086627',NULL,NULL,'2023-03-22 16:51:25','2023-09-30 09:39:18','2023-09-30 09:39:18'),(1177,7922,0,NULL,1177,3,40723,40806,57,6061,2,0,'2023-01-02','2023-01-02',283904.00,1,1.00,'Factura A N°: 0002-00086628',NULL,NULL,'2023-03-22 16:51:25','2023-09-30 09:39:18','2023-09-30 09:39:18'),(1178,7922,0,NULL,1178,3,40723,40807,57,6061,2,0,'2023-01-03','2023-01-03',127974.80,1,1.00,'Factura A N°: 0002-00056682',NULL,NULL,'2023-03-22 16:51:25','2023-09-30 09:39:18','2023-09-30 09:39:18'),(1179,7922,0,NULL,1179,3,40723,40807,57,6061,2,0,'2023-01-03','2023-01-03',173822.23,1,1.00,'Factura A N°: 0002-00056683',NULL,NULL,'2023-03-22 16:51:26','2023-09-30 09:39:18','2023-09-30 09:39:18'),(1180,7922,0,NULL,1180,3,40723,40806,57,6061,2,0,'2023-01-04','2023-01-04',286554.52,1,1.00,'Factura A N°: 0002-00086679',NULL,NULL,'2023-03-22 16:51:26','2023-09-30 09:39:18','2023-09-30 09:39:18');
INSERT INTO `cta_cte_cliente` VALUES (1181,7922,0,NULL,1181,3,40723,40806,57,6061,2,0,'2023-01-04','2023-01-04',249774.53,1,1.00,'Factura A N°: 0002-00086680',NULL,NULL,'2023-03-22 16:51:26','2023-09-30 09:39:18','2023-09-30 09:39:18'),(1182,7922,0,NULL,1182,3,40723,40806,57,6061,2,0,'2023-01-04','2023-01-04',240991.26,1,1.00,'Factura A N°: 0002-00086681',NULL,NULL,'2023-03-22 16:51:26','2023-09-30 09:39:18','2023-09-30 09:39:18'),(1183,7922,0,NULL,1183,3,40723,40806,57,6061,2,0,'2023-01-04','2023-01-04',236599.62,1,1.00,'Factura A N°: 0002-00086682',NULL,NULL,'2023-03-22 16:51:26','2023-09-30 09:39:18','2023-09-30 09:39:18'),(1184,7922,0,NULL,1184,3,40723,40807,57,6061,2,0,'2023-01-06','2023-01-06',75614.54,1,1.00,'Factura A N°: 0002-00056812',NULL,NULL,'2023-03-22 16:51:26','2023-09-30 09:39:18','2023-09-30 09:39:18'),(1185,7922,0,NULL,1185,3,40723,40806,57,6061,2,0,'2023-01-06','2023-01-06',343790.00,1,1.00,'Factura A N°: 0002-00086748',NULL,NULL,'2023-03-22 16:51:26','2023-09-30 09:39:18','2023-09-30 09:39:18'),(1186,7922,0,NULL,1186,3,40723,40807,57,6061,2,0,'2023-01-06','2023-01-06',219184.93,1,1.00,'Factura A N°: 0002-00056813',NULL,NULL,'2023-03-22 16:51:26','2023-09-30 09:39:18','2023-09-30 09:39:18'),(1187,7922,0,NULL,1187,3,40723,40806,57,6061,2,0,'2023-01-06','2023-01-06',368742.50,1,1.00,'Factura A N°: 0002-00086751',NULL,NULL,'2023-03-22 16:51:26','2023-09-30 09:39:18','2023-09-30 09:39:18'),(1188,7922,0,NULL,1188,3,40723,40806,57,6061,2,0,'2023-01-06','2023-01-06',357652.50,1,1.00,'Factura A N°: 0002-00086750',NULL,NULL,'2023-03-22 16:51:26','2023-09-30 09:39:18','2023-09-30 09:39:18'),(1189,7922,0,NULL,1189,3,40723,40806,57,6061,2,0,'2023-01-06','2023-01-06',364861.00,1,1.00,'Factura A N°: 0002-00086749',NULL,NULL,'2023-03-22 16:51:26','2023-09-30 09:39:18','2023-09-30 09:39:18'),(1190,7922,0,NULL,1190,3,40723,40809,57,6061,2,0,'2023-01-09','2023-01-09',20034.68,1,1.00,'Factura A N°: 0021-00010583',NULL,NULL,'2023-03-22 16:51:26','2023-09-30 09:39:18','2023-09-30 09:39:18'),(1191,7922,0,NULL,1191,3,40723,40809,57,6061,2,0,'2023-01-09','2023-01-09',20034.68,1,1.00,'Factura A N°: 0021-00010582',NULL,NULL,'2023-03-22 16:51:26','2023-09-30 09:39:18','2023-09-30 09:39:18'),(1192,7922,0,NULL,1192,3,40723,40822,57,6061,2,0,'2023-01-09','2023-01-09',362709.54,1,1.00,'Factura A N°: 0010-00000823',NULL,NULL,'2023-03-22 16:51:26','2023-09-30 09:39:18','2023-09-30 09:39:18'),(1193,7922,0,NULL,1193,3,40723,40822,57,6061,2,0,'2023-01-09','2023-01-09',360081.21,1,1.00,'Factura A N°: 0010-00000822',NULL,NULL,'2023-03-22 16:51:26','2023-09-30 09:39:18','2023-09-30 09:39:18'),(1194,7922,0,NULL,1194,3,40723,40806,57,6061,2,0,'2023-01-09','2023-01-09',888309.00,1,1.00,'Factura A N°: 0002-00086773',NULL,NULL,'2023-03-22 16:51:26','2023-09-30 09:39:18','2023-09-30 09:39:18'),(1195,7922,0,NULL,1195,3,40723,40809,57,6061,2,0,'2023-01-09','2023-01-09',49303.03,1,1.00,'Factura A N°: 0036-00006126',NULL,NULL,'2023-03-22 16:51:26','2023-09-30 09:39:18','2023-09-30 09:39:18'),(1196,7922,0,NULL,1196,3,40723,40809,57,6061,2,0,'2023-01-09','2023-01-09',55465.41,1,1.00,'Factura A N°: 0036-00006127',NULL,NULL,'2023-03-22 16:51:26','2023-09-30 09:39:18','2023-09-30 09:39:18'),(1197,7922,0,NULL,1197,3,40723,40809,57,6061,2,0,'2023-01-09','2023-01-09',36976.93,1,1.00,'Factura A N°: 0036-00006125',NULL,NULL,'2023-03-22 16:51:26','2023-09-30 09:39:18','2023-09-30 09:39:18'),(1198,7922,0,NULL,1198,3,40723,40806,57,6061,2,0,'2023-01-09','2023-01-09',1063531.00,1,1.00,'Factura A N°: 0002-00086774',NULL,NULL,'2023-03-22 16:51:27','2023-09-30 09:39:18','2023-09-30 09:39:18'),(1199,7922,0,NULL,1199,3,40723,40806,57,6061,2,0,'2023-01-09','2023-01-09',1053550.00,1,1.00,'Factura A N°: 0002-00086775',NULL,NULL,'2023-03-22 16:51:27','2023-09-30 09:39:18','2023-09-30 09:39:18'),(1200,7922,0,NULL,1200,3,40723,40806,57,6061,2,0,'2023-01-09','2023-01-09',997545.50,1,1.00,'Factura A N°: 0002-00086772',NULL,NULL,'2023-03-22 16:51:27','2023-09-30 09:39:18','2023-09-30 09:39:18');
INSERT INTO `cta_cte_cliente` VALUES (1201,7922,0,NULL,1201,3,40723,40807,57,6061,2,0,'2023-01-10','2023-01-10',132787.25,1,1.00,'Factura A N°: 0002-00056893',NULL,NULL,'2023-03-22 16:51:27','2023-09-30 09:39:18','2023-09-30 09:39:18'),(1202,7922,0,NULL,1202,3,40723,40775,57,6061,2,0,'2023-01-10','2023-01-10',0.00,1,1.00,'Factura A N°: 0006-13422887',NULL,NULL,'2023-03-22 16:51:27','2023-09-30 09:39:18','2023-09-30 09:39:18'),(1203,7922,0,NULL,1203,3,40723,40775,57,6061,2,0,'2023-01-10','2023-01-10',4209.80,1,1.00,'Factura A N°: 0006-13440103',NULL,NULL,'2023-03-22 16:51:27','2023-09-30 09:39:18','2023-09-30 09:39:18'),(1204,7922,0,NULL,1204,3,40723,40775,57,6061,2,0,'2023-01-10','2023-01-10',4209.80,1,1.00,'Factura A N°: 0006-13440223',NULL,NULL,'2023-03-22 16:51:27','2023-09-30 09:39:18','2023-09-30 09:39:18'),(1205,7922,0,NULL,1205,3,40723,40807,57,6061,2,0,'2023-01-10','2023-01-10',142800.18,1,1.00,'Factura A N°: 0002-00056894',NULL,NULL,'2023-03-22 16:51:27','2023-09-30 09:39:18','2023-09-30 09:39:18'),(1206,7922,0,NULL,1206,3,40723,40807,57,6061,2,0,'2023-01-13','2023-01-13',129392.73,1,1.00,'Factura A N°: 0002-00057017',NULL,NULL,'2023-03-22 16:51:27','2023-09-30 09:39:18','2023-09-30 09:39:18'),(1207,7922,0,NULL,1207,3,40723,40807,57,6061,2,0,'2023-01-13','2023-01-13',127848.37,1,1.00,'Factura A N°: 0002-00057018',NULL,NULL,'2023-03-22 16:51:28','2023-09-30 09:39:19','2023-09-30 09:39:19'),(1208,7922,0,NULL,1208,3,40723,40808,57,6061,2,0,'2023-01-13','2023-01-13',202281.60,1,1.00,'Factura A N°: 0010-00033884',NULL,NULL,'2023-03-22 16:51:28','2023-09-30 09:39:19','2023-09-30 09:39:19'),(1209,7922,0,NULL,1209,3,40723,40808,57,6061,2,0,'2023-01-13','2023-01-13',215146.00,1,1.00,'Factura A N°: 0010-00033883',NULL,NULL,'2023-03-22 16:51:28','2023-09-30 09:39:19','2023-09-30 09:39:19'),(1210,7922,0,NULL,1210,3,40723,40806,57,6061,2,0,'2023-01-16','2023-01-16',404352.49,1,1.00,'Factura A N°: 0002-00086939',NULL,NULL,'2023-03-22 16:51:28','2023-09-30 09:39:19','2023-09-30 09:39:19'),(1211,7922,0,NULL,1211,3,40723,40806,57,6061,2,0,'2023-01-16','2023-01-16',437955.19,1,1.00,'Factura A N°: 0002-00086940',NULL,NULL,'2023-03-22 16:51:28','2023-09-30 09:39:19','2023-09-30 09:39:19'),(1212,7922,0,NULL,1212,3,40723,40806,57,6061,2,0,'2023-01-16','2023-01-16',390911.41,1,1.00,'Factura A N°: 0002-00086941',NULL,NULL,'2023-03-22 16:51:28','2023-09-30 09:39:19','2023-09-30 09:39:19'),(1213,7922,0,NULL,1213,3,40723,40806,57,6061,2,0,'2023-01-16','2023-01-16',435715.01,1,1.00,'Factura A N°: 0002-00086942',NULL,NULL,'2023-03-22 16:51:28','2023-09-30 09:39:19','2023-09-30 09:39:19'),(1214,7922,0,NULL,1214,3,40723,40807,57,6061,2,0,'2023-01-17','2023-01-17',148477.35,1,1.00,'Factura A N°: 0002-00057094',NULL,NULL,'2023-03-22 16:51:28','2023-09-30 09:39:19','2023-09-30 09:39:19'),(1215,7922,0,NULL,1215,3,40723,40806,57,6061,2,0,'2023-01-17','2023-01-17',300893.88,1,1.00,'Factura A N°: 0002-00086994',NULL,NULL,'2023-03-22 16:51:28','2023-09-30 09:39:19','2023-09-30 09:39:19'),(1216,7922,0,NULL,1216,3,40723,40806,57,6061,2,0,'2023-01-17','2023-01-17',337091.64,1,1.00,'Factura A N°: 0002-00086995',NULL,NULL,'2023-03-22 16:51:28','2023-09-30 09:39:19','2023-09-30 09:39:19'),(1217,7922,0,NULL,1217,3,40723,40809,57,6061,2,0,'2023-01-17','2023-01-17',123257.60,1,1.00,'Factura A N°: 0036-00006189',NULL,NULL,'2023-03-22 16:51:28','2023-09-30 09:39:19','2023-09-30 09:39:19'),(1218,7922,0,NULL,1218,3,40723,40809,57,6061,2,0,'2023-01-17','2023-01-17',92442.35,1,1.00,'Factura A N°: 0036-00006188',NULL,NULL,'2023-03-22 16:51:28','2023-09-30 09:39:19','2023-09-30 09:39:19'),(1219,7922,0,NULL,1219,3,40723,40809,57,6061,2,0,'2023-01-17','2023-01-17',123257.60,1,1.00,'Factura A N°: 0036-00006187',NULL,NULL,'2023-03-22 16:51:28','2023-09-30 09:39:19','2023-09-30 09:39:19'),(1220,7922,0,NULL,1220,3,40723,40807,57,6061,2,0,'2023-01-17','2023-01-17',159506.85,1,1.00,'Factura A N°: 0002-00057093',NULL,NULL,'2023-03-22 16:51:29','2023-09-30 09:39:19','2023-09-30 09:39:19');
INSERT INTO `cta_cte_cliente` VALUES (1221,7922,0,NULL,1221,3,40723,40809,57,6061,2,0,'2023-01-17','2023-01-17',69331.76,1,1.00,'Factura A N°: 0036-00006186',NULL,NULL,'2023-03-22 16:51:29','2023-09-30 09:39:19','2023-09-30 09:39:19'),(1222,7922,0,NULL,1222,3,40723,40806,57,6061,2,0,'2023-01-18','2023-01-18',316730.40,1,1.00,'Factura A N°: 0002-00087018',NULL,NULL,'2023-03-22 16:51:29','2023-09-30 09:39:19','2023-09-30 09:39:19'),(1223,7922,0,NULL,1223,3,40723,40806,57,6061,2,0,'2023-01-18','2023-01-18',311640.09,1,1.00,'Factura A N°: 0002-00087020',NULL,NULL,'2023-03-22 16:51:29','2023-09-30 09:39:19','2023-09-30 09:39:19'),(1224,7922,0,NULL,1224,3,40723,40806,57,6061,2,0,'2023-01-18','2023-01-18',317295.99,1,1.00,'Factura A N°: 0002-00087017',NULL,NULL,'2023-03-22 16:51:29','2023-09-30 09:39:19','2023-09-30 09:39:19'),(1225,7922,0,NULL,1225,3,40723,40806,57,6061,2,0,'2023-01-18','2023-01-18',367633.50,1,1.00,'Factura A N°: 0002-00087019',NULL,NULL,'2023-03-22 16:51:29','2023-09-30 09:39:19','2023-09-30 09:39:19'),(1226,7922,0,NULL,1226,3,40723,40806,57,6061,1,0,'2023-01-19','2023-01-19',4508.40,1,1.00,'Nota de crédito A N°: 0002-00023507',NULL,NULL,'2023-03-22 16:51:29','2023-09-30 09:39:19','2023-09-30 09:39:19'),(1227,7922,0,NULL,1227,3,40723,40807,57,6061,2,0,'2023-01-20','2023-01-20',189855.31,1,1.00,'Factura A N°: 0002-00057211',NULL,NULL,'2023-03-22 16:51:29','2023-09-30 09:39:19','2023-09-30 09:39:19'),(1228,7922,0,NULL,1228,3,40723,40807,57,6061,2,0,'2023-01-20','2023-01-20',162718.38,1,1.00,'Factura A N°: 0002-00057212',NULL,NULL,'2023-03-22 16:51:29','2023-09-30 09:39:19','2023-09-30 09:39:19'),(1229,7922,0,NULL,1229,3,40723,40809,57,6061,2,0,'2023-01-23','2023-01-23',123257.60,1,1.00,'Factura A N°: 0036-00006258',NULL,NULL,'2023-03-22 16:51:29','2023-09-30 09:39:19','2023-09-30 09:39:19'),(1230,7922,0,NULL,1230,3,40723,40809,57,6061,2,0,'2023-01-23','2023-01-23',69331.76,1,1.00,'Factura A N°: 0036-00006257',NULL,NULL,'2023-03-22 16:51:29','2023-09-30 09:39:19','2023-09-30 09:39:19'),(1231,7922,0,NULL,1231,3,40723,40806,57,6061,2,0,'2023-01-23','2023-01-23',597978.35,1,1.00,'Factura A N°: 0002-00087118',NULL,NULL,'2023-03-22 16:51:29','2023-09-30 09:39:19','2023-09-30 09:39:19'),(1232,7922,0,NULL,1232,3,40723,40806,57,6061,2,0,'2023-01-23','2023-01-23',514592.65,1,1.00,'Factura A N°: 0002-00087117',NULL,NULL,'2023-03-22 16:51:29','2023-09-30 09:39:19','2023-09-30 09:39:19'),(1233,7922,0,NULL,1233,3,40723,40806,57,6061,2,0,'2023-01-23','2023-01-23',615683.53,1,1.00,'Factura A N°: 0002-00087116',NULL,NULL,'2023-03-22 16:51:29','2023-09-30 09:39:19','2023-09-30 09:39:19'),(1234,7922,0,NULL,1234,3,40723,40806,57,6061,2,0,'2023-01-23','2023-01-23',429493.52,1,1.00,'Factura A N°: 0002-00087115',NULL,NULL,'2023-03-22 16:51:29','2023-09-30 09:39:19','2023-09-30 09:39:19'),(1235,7922,0,NULL,1235,3,40723,40807,57,6061,2,0,'2023-01-24','2023-01-24',143363.93,1,1.00,'Factura A N°: 0002-00057296',NULL,NULL,'2023-03-22 16:51:29','2023-09-30 09:39:19','2023-09-30 09:39:19'),(1236,7922,0,NULL,1236,3,40723,40807,57,6061,2,0,'2023-01-24','2023-01-24',129564.34,1,1.00,'Factura A N°: 0002-00057297',NULL,NULL,'2023-03-22 16:51:30','2023-09-30 09:39:19','2023-09-30 09:39:19'),(1237,7922,0,NULL,1237,3,40723,40808,57,6061,2,0,'2023-01-24','2023-01-24',279822.89,1,1.00,'Factura A N°: 0010-00034244',NULL,NULL,'2023-03-22 16:51:30','2023-09-30 09:39:19','2023-09-30 09:39:19'),(1238,7922,0,NULL,1238,3,40723,40808,57,6061,2,0,'2023-01-24','2023-01-24',286266.17,1,1.00,'Factura A N°: 0010-00034245',NULL,NULL,'2023-03-22 16:51:30','2023-09-30 09:39:19','2023-09-30 09:39:19'),(1239,7922,0,NULL,1239,3,40723,40806,57,6061,2,0,'2023-01-24','2023-01-24',360064.59,1,1.00,'Factura A N°: 0002-00087170',NULL,NULL,'2023-03-22 16:51:30','2023-09-30 09:39:19','2023-09-30 09:39:19'),(1240,7922,0,NULL,1240,3,40723,40806,57,6061,2,0,'2023-01-24','2023-01-24',329289.84,1,1.00,'Factura A N°: 0002-00087171',NULL,NULL,'2023-03-22 16:51:30','2023-09-30 09:39:19','2023-09-30 09:39:19');
INSERT INTO `cta_cte_cliente` VALUES (1241,7922,0,NULL,1241,3,40723,40806,57,6061,2,0,'2023-01-25','2023-01-25',311440.48,1,1.00,'Factura A N°: 0002-00087201',NULL,NULL,'2023-03-22 16:51:30','2023-09-30 09:39:19','2023-09-30 09:39:19'),(1242,7922,0,NULL,1242,3,40723,40806,57,6061,2,0,'2023-01-25','2023-01-25',346523.69,1,1.00,'Factura A N°: 0002-00087200',NULL,NULL,'2023-03-22 16:51:30','2023-09-30 09:39:19','2023-09-30 09:39:19'),(1243,7922,0,NULL,1243,3,40723,40806,57,6061,2,0,'2023-01-25','2023-01-25',327443.35,1,1.00,'Factura A N°: 0002-00087199',NULL,NULL,'2023-03-22 16:51:30','2023-09-30 09:39:20','2023-09-30 09:39:20'),(1244,7922,0,NULL,1244,3,40723,40806,57,6061,2,0,'2023-01-25','2023-01-25',336675.77,1,1.00,'Factura A N°: 0002-00087198',NULL,NULL,'2023-03-22 16:51:30','2023-09-30 09:39:20','2023-09-30 09:39:20'),(1245,7922,0,NULL,1245,3,40723,40807,57,6061,2,0,'2023-01-27','2023-01-27',150884.03,1,1.00,'Factura A N°: 0002-00057424',NULL,NULL,'2023-03-22 16:51:30','2023-09-30 09:39:20','2023-09-30 09:39:20'),(1246,7922,0,NULL,1246,3,40723,40809,57,6061,2,0,'2023-01-27','2023-01-27',61628.80,1,1.00,'Factura A N°: 0036-00006316',NULL,NULL,'2023-03-22 16:51:30','2023-09-30 09:39:20','2023-09-30 09:39:20'),(1247,7922,0,NULL,1247,3,40723,40809,57,6061,2,0,'2023-01-27','2023-01-27',46221.18,1,1.00,'Factura A N°: 0036-00006318',NULL,NULL,'2023-03-22 16:51:30','2023-09-30 09:39:20','2023-09-30 09:39:20'),(1248,7922,0,NULL,1248,3,40723,40809,57,6061,2,0,'2023-01-27','2023-01-27',69331.76,1,1.00,'Factura A N°: 0036-00006317',NULL,NULL,'2023-03-22 16:51:30','2023-09-30 09:39:20','2023-09-30 09:39:20'),(1249,7922,0,NULL,1249,3,40723,40807,57,6061,2,0,'2023-01-27','2023-01-27',92361.33,1,1.00,'Factura A N°: 0002-00057426',NULL,NULL,'2023-03-22 16:51:30','2023-09-30 09:39:20','2023-09-30 09:39:20'),(1250,7922,0,NULL,1250,3,40723,40806,57,6061,2,0,'2023-01-30','2023-01-30',424225.78,1,1.00,'Factura A N°: 0002-00087290',NULL,NULL,'2023-03-22 16:51:30','2023-09-30 09:39:20','2023-09-30 09:39:20'),(1251,7922,0,NULL,1251,3,40723,40806,57,6061,2,0,'2023-01-30','2023-01-30',385349.79,1,1.00,'Factura A N°: 0002-00087291',NULL,NULL,'2023-03-22 16:51:30','2023-09-30 09:39:20','2023-09-30 09:39:20'),(1252,7922,0,NULL,1252,3,40723,40806,57,6061,2,0,'2023-01-30','2023-01-30',746168.47,1,1.00,'Factura A N°: 0002-00087251',NULL,NULL,'2023-03-22 16:51:31','2023-09-30 09:39:20','2023-09-30 09:39:20'),(1253,7922,0,NULL,1253,3,40723,40806,57,6061,2,0,'2023-01-30','2023-01-30',725873.77,1,1.00,'Factura A N°: 0002-00087250',NULL,NULL,'2023-03-22 16:51:31','2023-09-30 09:39:20','2023-09-30 09:39:20'),(1254,7922,0,NULL,1254,3,40723,40807,57,6061,2,0,'2023-01-31','2023-01-31',123208.26,1,1.00,'Factura A N°: 0002-00057508',NULL,NULL,'2023-03-22 16:51:31','2023-09-30 09:39:20','2023-09-30 09:39:20'),(1255,7922,0,NULL,1255,3,40723,40775,57,6061,2,0,'2023-01-31','2023-01-31',0.00,1,1.00,'Factura A N°: 0006-13502877',NULL,NULL,'2023-03-22 16:51:31','2023-09-30 09:39:20','2023-09-30 09:39:20'),(1256,7922,0,NULL,1256,3,40723,40775,57,6061,2,0,'2023-01-31','2023-01-31',0.00,1,1.00,'Factura A N°: 0006-13502833',NULL,NULL,'2023-03-22 16:51:31','2023-09-30 09:39:20','2023-09-30 09:39:20'),(1257,7922,0,NULL,1257,3,40723,40807,57,6061,2,0,'2023-01-31','2023-01-31',127552.96,1,1.00,'Factura A N°: 0002-00057509',NULL,NULL,'2023-03-22 16:51:31','2023-09-30 09:39:20','2023-09-30 09:39:20'),(1258,7922,0,NULL,1258,3,40721,40804,57,3053,2,0,'2023-02-05','2023-02-05',10310.75,1,1.00,'Factura A N°: 0019-00000327',NULL,NULL,'2023-03-23 09:47:37','2023-03-23 09:47:37',NULL),(1259,7922,0,NULL,1259,3,40721,40801,57,3053,2,0,'2023-02-08','2023-02-08',7596.44,1,1.00,'Factura A N°: 0003-00022070',NULL,NULL,'2023-03-23 09:48:03','2023-03-23 09:48:03',NULL),(1260,7922,0,NULL,1260,3,40721,40799,57,3053,2,0,'2023-02-24','2023-02-24',10923.72,1,1.00,'Factura A N°: 0014-00000878',NULL,NULL,'2023-03-23 09:48:22','2023-03-23 09:48:22',NULL);
INSERT INTO `cta_cte_cliente` VALUES (1261,7922,0,NULL,1261,3,40721,40792,57,3053,2,0,'2023-02-17','2023-02-17',10391.01,1,1.00,'Factura A N°: 0028-00030158',NULL,NULL,'2023-03-23 09:50:20','2023-03-23 09:50:20',NULL),(1262,7922,0,NULL,1262,3,40721,40792,57,3053,2,0,'2023-02-07','2023-02-07',9412.86,1,1.00,'Factura A N°: 0028-00029574',NULL,NULL,'2023-03-23 09:50:37','2023-03-23 09:50:37',NULL),(1263,7922,0,NULL,1263,3,40721,40792,57,3053,2,0,'2023-02-15','2023-02-15',10105.35,1,1.00,'Factura A N°: 0028-00030055',NULL,NULL,'2023-03-23 09:50:57','2023-03-23 09:50:57',NULL),(1264,7922,0,NULL,1264,3,40721,40794,57,3053,2,0,'2023-02-02','2023-02-02',7742.72,1,1.00,'Factura A N°: 0011-00087400',NULL,NULL,'2023-03-23 09:51:20','2023-03-23 09:51:20',NULL),(1265,7922,0,NULL,1265,3,40721,40795,57,3053,2,0,'2023-02-16','2023-02-16',9447.30,1,1.00,'Factura A N°: 0030-00014269',NULL,NULL,'2023-03-23 09:51:42','2023-03-23 09:51:42',NULL),(1266,7922,0,NULL,1266,3,40721,40796,57,3053,2,0,'2023-02-15','2023-02-15',7339.28,1,1.00,'Factura A N°: 0005-00044410',NULL,NULL,'2023-03-23 09:52:01','2023-03-23 09:52:01',NULL),(1267,7922,0,NULL,1267,3,40721,40798,57,3053,2,0,'2023-02-20','2023-02-20',8106.18,1,1.00,'Factura A N°: 0026-00001742',NULL,NULL,'2023-03-23 09:52:28','2023-03-23 09:52:28',NULL),(1268,7922,0,NULL,1268,3,40721,40800,57,3053,2,0,'2023-02-10','2023-02-10',9295.51,1,1.00,'Factura A N°: 0014-00017921',NULL,NULL,'2023-03-23 09:52:45','2023-03-23 09:52:45',NULL),(1269,7922,0,NULL,1269,3,40721,40802,57,3053,2,0,'2023-02-08','2023-02-08',9688.26,1,1.00,'Factura A N°: 0023-00001609',NULL,NULL,'2023-03-23 09:53:08','2023-03-23 09:53:08',NULL),(1270,7922,0,NULL,1270,3,40721,40803,57,3053,2,0,'2023-02-11','2023-02-11',9424.52,1,1.00,'Factura A N°: 0013-00018296',NULL,NULL,'2023-03-23 09:56:08','2023-03-23 09:56:08',NULL),(1271,7922,0,NULL,1271,2,40723,40718,13,6062,1,0,'2023-02-01','2023-02-01',330143.69,1,1.00,'Tique (Informe Diario Z) N°: 0004-00019230',NULL,NULL,'2023-03-23 12:31:07','2023-03-23 15:15:31','2023-03-23 15:15:31'),(1272,7922,0,NULL,1272,2,40723,40718,13,6062,1,0,'2023-02-01','2023-02-01',330143.69,1,1.00,'Tique (Informe Diario Z) N°: 0004-00019230',NULL,NULL,'2023-03-23 15:15:31','2023-03-23 15:15:31',NULL),(1273,7922,0,NULL,1273,2,40759,40720,13,10720,1,0,'2023-01-14','2023-01-14',40795.00,1,1.00,'Factura B N°: 0001-00000092',NULL,NULL,'2023-03-24 09:37:12','2023-03-24 09:37:12',NULL),(1274,7922,0,NULL,1274,2,40759,40720,13,10720,1,0,'2023-01-31','2023-01-31',5000.00,1,1.00,'Factura B N°: 0001-00000093',NULL,NULL,'2023-03-24 09:37:12','2023-03-24 09:37:12',NULL),(1275,7922,0,NULL,1275,2,40759,40823,13,10720,1,0,'2023-01-31','2023-01-31',15000.00,1,1.00,'Factura B N°: 0001-00000094',NULL,NULL,'2023-03-24 09:37:12','2023-03-24 09:37:12',NULL),(1276,7922,0,NULL,1276,2,40759,40823,13,10720,1,0,'2023-01-31','2023-01-31',15000.00,1,1.00,'Factura B N°: 0001-00000095',NULL,NULL,'2023-03-24 09:37:12','2023-03-24 09:37:12',NULL),(1277,7922,0,NULL,1277,2,40759,40823,13,10720,1,0,'2023-01-31','2023-01-31',279110.00,1,1.00,'Factura B N°: 0001-00000096',NULL,NULL,'2023-03-24 09:37:12','2023-03-24 09:37:12',NULL),(1278,7922,0,NULL,1278,2,40759,40823,13,10720,2,0,'2023-01-31','2023-01-31',15000.00,1,1.00,'Nota de crédito B N°: 0001-00000008',NULL,NULL,'2023-03-24 09:37:12','2023-03-24 09:37:12',NULL),(1279,7922,0,NULL,1279,2,40759,40720,13,10721,1,0,'2023-02-10','2023-02-10',124084.00,1,1.00,'Factura B N°: 0001-00000097',NULL,NULL,'2023-03-24 09:37:21','2023-03-24 09:37:21',NULL),(1280,7922,0,NULL,1280,2,40759,40823,13,10721,1,0,'2023-02-27','2023-02-27',279110.00,1,1.00,'Factura B N°: 0001-00000098',NULL,NULL,'2023-03-24 09:37:21','2023-03-24 09:37:21',NULL),(1281,7922,0,NULL,1281,3,40759,40824,57,10721,2,0,'2023-02-01','2023-02-01',867.36,1,1.00,'Factura A N°: 0006-00000015',NULL,NULL,'2023-03-24 09:37:44','2023-03-24 09:37:44',NULL);
INSERT INTO `cta_cte_cliente` VALUES (1282,7922,0,NULL,1282,3,40759,40824,57,10721,2,0,'2023-02-03','2023-02-03',4109.45,1,1.00,'Factura A N°: 0005-00000066',NULL,NULL,'2023-03-24 09:37:44','2023-03-24 09:37:44',NULL),(1283,7922,0,NULL,1283,3,40759,40824,57,10721,2,0,'2023-02-03','2023-02-03',1265.00,1,1.00,'Factura A N°: 0006-00000016',NULL,NULL,'2023-03-24 09:37:44','2023-03-24 09:37:44',NULL),(1284,7922,0,NULL,1284,3,40759,40825,57,10721,2,0,'2023-02-03','2023-02-03',9300.01,1,1.00,'Factura A N°: 0003-00000205',NULL,NULL,'2023-03-24 09:37:44','2023-03-24 09:37:44',NULL),(1285,7922,0,NULL,1285,3,40759,40824,57,10721,2,0,'2023-02-06','2023-02-06',857.00,1,1.00,'Factura A N°: 0005-00000068',NULL,NULL,'2023-03-24 09:37:44','2023-03-24 09:37:44',NULL),(1286,7922,0,NULL,1286,3,40759,40824,57,10721,2,0,'2023-02-06','2023-02-06',440.00,1,1.00,'Factura A N°: 0005-00000069',NULL,NULL,'2023-03-24 09:37:44','2023-03-24 09:37:44',NULL),(1287,7922,0,NULL,1287,3,40759,40824,57,10721,2,0,'2023-02-06','2023-02-06',2178.65,1,1.00,'Factura A N°: 0005-00000070',NULL,NULL,'2023-03-24 09:37:45','2023-03-24 09:37:45',NULL),(1288,7922,0,NULL,1288,3,40759,40824,57,10721,2,0,'2023-02-10','2023-02-10',1878.80,1,1.00,'Factura A N°: 0006-00000026',NULL,NULL,'2023-03-24 09:37:45','2023-03-24 09:37:45',NULL),(1289,7922,0,NULL,1289,3,40759,40824,57,10721,2,0,'2023-02-16','2023-02-16',1748.45,1,1.00,'Factura A N°: 0005-00000079',NULL,NULL,'2023-03-24 09:37:45','2023-03-24 09:37:45',NULL),(1290,7922,0,NULL,1290,3,40759,40825,57,10721,2,0,'2023-02-16','2023-02-16',14000.00,1,1.00,'Factura A N°: 0003-00000242',NULL,NULL,'2023-03-24 09:37:45','2023-03-24 09:37:45',NULL),(1291,7922,0,NULL,1291,3,40759,40824,57,10721,2,0,'2023-02-19','2023-02-19',4951.94,1,1.00,'Factura A N°: 0005-00000082',NULL,NULL,'2023-03-24 09:37:45','2023-03-24 09:37:45',NULL),(1292,7922,0,NULL,1292,3,40759,40824,57,10721,2,0,'2023-02-20','2023-02-20',268.00,1,1.00,'Factura A N°: 0005-00000083',NULL,NULL,'2023-03-24 09:37:45','2023-03-24 09:37:45',NULL),(1293,7922,0,NULL,1293,3,40759,40824,57,10721,2,0,'2023-02-24','2023-02-24',550.00,1,1.00,'Factura A N°: 0005-00000087',NULL,NULL,'2023-03-24 09:37:45','2023-03-24 09:37:45',NULL),(1294,7922,0,NULL,1294,3,40759,40824,57,10721,2,0,'2023-02-24','2023-02-24',6948.25,1,1.00,'Factura A N°: 0005-00000086',NULL,NULL,'2023-03-24 09:37:45','2023-03-24 09:37:45',NULL),(1295,7922,0,NULL,1295,3,40759,40824,57,10721,2,0,'2023-02-25','2023-02-25',1983.25,1,1.00,'Factura A N°: 0005-00000088',NULL,NULL,'2023-03-24 09:37:45','2023-03-24 09:37:45',NULL),(1296,7922,0,NULL,1296,3,40759,40721,57,10721,2,0,'2023-02-27','2023-02-27',103455.00,1,1.00,'Factura A N°: 0005-00000098',NULL,NULL,'2023-03-24 09:37:45','2023-03-24 09:37:45',NULL),(1317,7922,0,NULL,1317,3,40759,40824,57,10720,2,0,'2023-01-02','2023-01-02',872.95,1,1.00,'Factura A N°: 0005-00000032',NULL,NULL,'2023-03-24 09:42:21','2023-03-24 09:42:21',NULL),(1318,7922,0,NULL,1318,3,40759,40824,57,10720,2,0,'2023-01-03','2023-01-03',2323.86,1,1.00,'Factura A N°: 0005-00000033',NULL,NULL,'2023-03-24 09:42:21','2023-03-24 09:42:21',NULL),(1319,7922,0,NULL,1319,3,40759,40830,57,10720,2,0,'2023-01-03','2023-01-03',8500.00,1,1.00,'Factura A N°: 0004-00000171',NULL,NULL,'2023-03-24 09:42:21','2023-03-24 09:42:21',NULL),(1320,7922,0,NULL,1320,3,40759,40831,57,10720,2,0,'2023-01-05','2023-01-05',13100.08,1,1.00,'Tique Factura A N°: 0010-00000478',NULL,NULL,'2023-03-24 09:42:21','2023-03-24 09:42:21',NULL),(1321,7922,0,NULL,1321,3,40759,40824,57,10720,2,0,'2023-01-08','2023-01-08',263.00,1,1.00,'Factura A N°: 0005-00000036',NULL,NULL,'2023-03-24 09:42:21','2023-03-24 09:42:21',NULL),(1322,7922,0,NULL,1322,3,40759,40824,57,10720,2,0,'2023-01-11','2023-01-11',894.94,1,1.00,'Factura A N°: 0005-00000039',NULL,NULL,'2023-03-24 09:42:22','2023-03-24 09:42:22',NULL),(1323,7922,0,NULL,1323,3,40759,40824,57,10720,2,0,'2023-01-16','2023-01-16',210.00,1,1.00,'Factura A N°: 0005-00000048',NULL,NULL,'2023-03-24 09:42:22','2023-03-24 09:42:22',NULL);
INSERT INTO `cta_cte_cliente` VALUES (1324,7922,0,NULL,1324,3,40759,40824,57,10720,2,0,'2023-01-16','2023-01-16',1388.50,1,1.00,'Factura A N°: 0005-00000047',NULL,NULL,'2023-03-24 09:42:22','2023-03-24 09:42:22',NULL),(1325,7922,0,NULL,1325,3,40759,40831,57,10720,2,0,'2023-01-17','2023-01-17',5400.00,1,1.00,'Tique Factura A N°: 0010-00000498',NULL,NULL,'2023-03-24 09:42:22','2023-03-24 09:42:22',NULL),(1326,7922,0,NULL,1326,3,40759,40824,57,10720,2,0,'2023-01-20','2023-01-20',1527.16,1,1.00,'Factura A N°: 0005-00000054',NULL,NULL,'2023-03-24 09:42:22','2023-03-24 09:42:22',NULL),(1327,7922,0,NULL,1327,3,40759,40824,57,10720,2,0,'2023-01-20','2023-01-20',1852.04,1,1.00,'Factura A N°: 0006-00000004',NULL,NULL,'2023-03-24 09:42:22','2023-03-24 09:42:22',NULL),(1328,7922,0,NULL,1328,3,40759,40824,57,10720,2,0,'2023-01-23','2023-01-23',2164.80,1,1.00,'Factura A N°: 0005-00000057',NULL,NULL,'2023-03-24 09:42:22','2023-03-24 09:42:22',NULL),(1329,7922,0,NULL,1329,3,40759,40824,57,10720,2,0,'2023-01-23','2023-01-23',1365.00,1,1.00,'Factura A N°: 0006-00000006',NULL,NULL,'2023-03-24 09:42:22','2023-03-24 09:42:22',NULL),(1330,7922,0,NULL,1330,3,40759,40824,57,10720,2,0,'2023-01-24','2023-01-24',1209.00,1,1.00,'Factura A N°: 0005-00000058',NULL,NULL,'2023-03-24 09:42:22','2023-03-24 09:42:22',NULL),(1331,7922,0,NULL,1331,3,40759,40824,57,10720,2,0,'2023-01-24','2023-01-24',1600.00,1,1.00,'Factura A N°: 0005-00000059',NULL,NULL,'2023-03-24 09:42:22','2023-03-24 09:42:22',NULL),(1332,7922,0,NULL,1332,3,40759,40831,57,10720,2,0,'2023-01-24','2023-01-24',8400.00,1,1.00,'Tique Factura A N°: 0010-00000511',NULL,NULL,'2023-03-24 09:42:22','2023-03-24 09:42:22',NULL),(1333,7922,0,NULL,1333,3,40759,40824,57,10720,2,0,'2023-01-27','2023-01-27',1371.75,1,1.00,'Factura A N°: 0005-00000062',NULL,NULL,'2023-03-24 09:42:22','2023-03-24 09:42:22',NULL),(1334,7922,0,NULL,1334,3,40759,40831,57,10720,2,0,'2023-01-27','2023-01-27',6100.04,1,1.00,'Tique Factura A N°: 0010-00000516',NULL,NULL,'2023-03-24 09:42:22','2023-03-24 09:42:22',NULL),(1335,7922,0,NULL,1335,3,40759,40824,57,10720,2,0,'2023-01-29','2023-01-29',3052.50,1,1.00,'Factura A N°: 0006-00000013',NULL,NULL,'2023-03-24 09:42:22','2023-03-24 09:42:22',NULL),(1336,7922,0,NULL,1336,3,40759,40721,57,10720,2,0,'2023-01-31','2023-01-31',145200.00,1,1.00,'Factura A N°: 0007-00000004',NULL,NULL,'2023-03-24 09:42:22','2023-03-24 09:42:22',NULL),(1337,7922,0,NULL,1337,3,40759,40832,57,10720,2,0,'2023-01-07','2023-01-07',1773.99,1,1.00,'Factura A N°: 0049-00024394',NULL,NULL,'2023-03-24 09:42:22','2023-03-24 09:42:22',NULL),(1338,7922,0,NULL,1338,3,40759,40824,57,10720,2,0,'2023-01-02','2023-01-02',1669.99,1,1.00,'Factura A N°: 0002-00002520',NULL,NULL,'2023-03-24 09:42:22','2023-03-24 09:42:22',NULL),(1339,7922,0,NULL,1339,3,40759,40824,57,10720,2,0,'2023-01-14','2023-01-14',904.00,1,1.00,'Factura A N°: 0002-00002534',NULL,NULL,'2023-03-24 09:42:22','2023-03-24 09:42:22',NULL),(1340,7922,0,NULL,1340,3,40759,40824,57,10720,2,0,'2023-01-15','2023-01-15',2481.76,1,1.00,'Factura A N°: 0002-00002535',NULL,NULL,'2023-03-24 09:42:22','2023-03-24 09:42:22',NULL),(1341,7922,0,NULL,1341,3,40759,40824,57,10720,2,0,'2023-01-07','2023-01-07',2090.64,1,1.00,'Factura A N°: 0002-00002527',NULL,NULL,'2023-03-24 09:42:22','2023-03-24 09:42:22',NULL),(1342,7922,0,NULL,1342,3,40759,40824,57,10720,2,0,'2023-01-07','2023-01-07',990.00,1,1.00,'Factura A N°: 0002-00002526',NULL,NULL,'2023-03-24 09:42:22','2023-03-24 09:42:22',NULL),(1343,7922,0,NULL,1343,3,40759,40824,57,10720,2,0,'2023-01-06','2023-01-06',740.60,1,1.00,'Factura A N°: 0002-00002524',NULL,NULL,'2023-03-24 09:42:22','2023-03-24 09:42:22',NULL),(1344,7922,0,NULL,1344,3,40759,40831,57,10721,2,0,'2023-02-15','2023-02-15',9799.98,1,1.00,'Tique Factura A N°: 0010-00000554',NULL,NULL,'2023-03-24 10:00:45','2023-03-24 10:00:45',NULL);
INSERT INTO `cta_cte_cliente` VALUES (1345,7922,0,NULL,1345,3,40759,40831,57,10721,2,0,'2023-02-17','2023-02-17',6299.97,1,1.00,'Tique Factura A N°: 0010-00000557',NULL,NULL,'2023-03-24 10:01:32','2023-03-24 10:01:32',NULL),(1346,7922,0,NULL,1346,3,40759,40831,57,10721,2,0,'2023-02-18','2023-02-18',11500.00,1,1.00,'Tique Factura A N°: 0010-00000560',NULL,NULL,'2023-03-24 10:01:57','2023-03-24 10:01:57',NULL),(1347,7922,0,NULL,1347,3,40759,40831,57,10721,2,0,'2023-02-25','2023-02-25',14900.03,1,1.00,'Tique Factura A N°: 0010-00000566',NULL,NULL,'2023-03-24 10:02:22','2023-03-24 10:02:22',NULL),(1348,7922,0,NULL,1348,2,40721,40753,13,3054,1,0,'2023-03-01','2023-03-01',1970.00,1,1.00,'Factura B N°: 0004-00008633',NULL,NULL,'2023-03-27 12:28:12','2023-03-27 12:28:12',NULL),(1349,7922,0,NULL,1349,2,40721,40753,13,3054,1,0,'2023-03-01','2023-03-01',20900.00,1,1.00,'Factura B N°: 0004-00008634',NULL,NULL,'2023-03-27 12:28:12','2023-03-27 12:28:12',NULL),(1350,7922,0,NULL,1350,2,40721,40753,13,3054,1,0,'2023-03-01','2023-03-01',11812.50,1,1.00,'Factura B N°: 0004-00008635',NULL,NULL,'2023-03-27 12:28:12','2023-03-27 12:28:12',NULL),(1351,7922,0,NULL,1351,2,40721,40753,13,3054,1,0,'2023-03-01','2023-03-01',0.20,1,1.00,'Factura B N°: 0004-00008636',NULL,NULL,'2023-03-27 12:28:12','2023-03-27 12:28:12',NULL),(1352,7922,0,NULL,1352,2,40721,40753,13,3054,1,0,'2023-03-02','2023-03-02',1600.00,1,1.00,'Factura B N°: 0004-00008637',NULL,NULL,'2023-03-27 12:28:12','2023-03-27 12:28:12',NULL),(1353,7922,0,NULL,1353,2,40721,40753,13,3054,1,0,'2023-03-02','2023-03-02',300.00,1,1.00,'Factura B N°: 0004-00008638',NULL,NULL,'2023-03-27 12:28:12','2023-03-27 12:28:12',NULL),(1354,7922,0,NULL,1354,2,40721,40753,13,3054,1,0,'2023-03-02','2023-03-02',1200.00,1,1.00,'Factura B N°: 0004-00008639',NULL,NULL,'2023-03-27 12:28:12','2023-03-27 12:28:12',NULL),(1355,7922,0,NULL,1355,2,40721,40753,13,3054,1,0,'2023-03-02','2023-03-02',240.00,1,1.00,'Factura B N°: 0004-00008640',NULL,NULL,'2023-03-27 12:28:13','2023-03-27 12:28:13',NULL),(1356,7922,0,NULL,1356,2,40721,40753,13,3054,1,0,'2023-03-02','2023-03-02',1100.00,1,1.00,'Factura B N°: 0004-00008641',NULL,NULL,'2023-03-27 12:28:13','2023-03-27 12:28:13',NULL),(1357,7922,0,NULL,1357,2,40721,40753,13,3054,1,0,'2023-03-02','2023-03-02',2500.00,1,1.00,'Factura B N°: 0004-00008642',NULL,NULL,'2023-03-27 12:28:13','2023-03-27 12:28:13',NULL),(1358,7922,0,NULL,1358,2,40721,40753,13,3054,1,0,'2023-03-02','2023-03-02',400.00,1,1.00,'Factura B N°: 0004-00008643',NULL,NULL,'2023-03-27 12:28:13','2023-03-27 12:28:13',NULL),(1359,7922,0,NULL,1359,2,40721,40757,13,3054,1,0,'2023-03-02','2023-03-02',1.00,1,1.00,'Factura B N°: 0004-00008644',NULL,NULL,'2023-03-27 12:28:13','2023-03-27 12:28:13',NULL),(1360,7922,0,NULL,1360,2,40721,40753,13,3054,1,0,'2023-03-02','2023-03-02',2500.00,1,1.00,'Factura B N°: 0004-00008645',NULL,NULL,'2023-03-27 12:28:13','2023-03-27 12:28:13',NULL),(1361,7922,0,NULL,1361,2,40721,40753,13,3054,1,0,'2023-03-02','2023-03-02',360.00,1,1.00,'Factura B N°: 0004-00008646',NULL,NULL,'2023-03-27 12:28:13','2023-03-27 12:28:13',NULL),(1362,7922,0,NULL,1362,2,40721,40753,13,3054,1,0,'2023-03-02','2023-03-02',17100.00,1,1.00,'Factura B N°: 0004-00008647',NULL,NULL,'2023-03-27 12:28:13','2023-03-27 12:28:13',NULL),(1363,7922,0,NULL,1363,2,40721,40753,13,3054,1,0,'2023-03-02','2023-03-02',1100.00,1,1.00,'Factura B N°: 0004-00008648',NULL,NULL,'2023-03-27 12:28:13','2023-03-27 12:28:13',NULL),(1364,7922,0,NULL,1364,2,40721,40753,13,3054,1,0,'2023-03-02','2023-03-02',1000.00,1,1.00,'Factura B N°: 0004-00008649',NULL,NULL,'2023-03-27 12:28:13','2023-03-27 12:28:13',NULL),(1365,7922,0,NULL,1365,2,40721,40753,13,3054,1,0,'2023-03-03','2023-03-03',3000.00,1,1.00,'Factura B N°: 0004-00008650',NULL,NULL,'2023-03-27 12:28:13','2023-03-27 12:28:13',NULL),(1366,7922,0,NULL,1366,2,40721,40753,13,3054,1,0,'2023-03-03','2023-03-03',1.00,1,1.00,'Factura B N°: 0004-00008651',NULL,NULL,'2023-03-27 12:28:13','2023-03-27 12:28:13',NULL);
INSERT INTO `cta_cte_cliente` VALUES (1367,7922,0,NULL,1367,2,40721,40753,13,3054,1,0,'2023-03-03','2023-03-03',4580.00,1,1.00,'Factura B N°: 0004-00008652',NULL,NULL,'2023-03-27 12:28:13','2023-03-27 12:28:13',NULL),(1368,7922,0,NULL,1368,2,40721,40753,13,3054,1,0,'2023-03-03','2023-03-03',3100.00,1,1.00,'Factura B N°: 0004-00008653',NULL,NULL,'2023-03-27 12:28:13','2023-03-27 12:28:13',NULL),(1369,7922,0,NULL,1369,2,40721,40753,13,3054,1,0,'2023-03-03','2023-03-03',2900.00,1,1.00,'Factura B N°: 0004-00008654',NULL,NULL,'2023-03-27 12:28:13','2023-03-27 12:28:13',NULL),(1370,7922,0,NULL,1370,2,40721,40753,13,3054,1,0,'2023-03-03','2023-03-03',1000.00,1,1.00,'Factura B N°: 0004-00008655',NULL,NULL,'2023-03-27 12:28:13','2023-03-27 12:28:13',NULL),(1371,7922,0,NULL,1371,2,40721,40753,13,3054,1,0,'2023-03-03','2023-03-03',100.00,1,1.00,'Factura B N°: 0004-00008656',NULL,NULL,'2023-03-27 12:28:13','2023-03-27 12:28:13',NULL),(1372,7922,0,NULL,1372,2,40721,40753,13,3054,1,0,'2023-03-03','2023-03-03',300.00,1,1.00,'Factura B N°: 0004-00008657',NULL,NULL,'2023-03-27 12:28:13','2023-03-27 12:28:13',NULL),(1373,7922,0,NULL,1373,2,40721,40753,13,3054,1,0,'2023-03-03','2023-03-03',17100.00,1,1.00,'Factura B N°: 0004-00008658',NULL,NULL,'2023-03-27 12:28:13','2023-03-27 12:28:13',NULL),(1374,7922,0,NULL,1374,2,40721,40753,13,3054,1,0,'2023-03-03','2023-03-03',500.00,1,1.00,'Factura B N°: 0004-00008659',NULL,NULL,'2023-03-27 12:28:13','2023-03-27 12:28:13',NULL),(1375,7922,0,NULL,1375,2,40721,40753,13,3054,1,0,'2023-03-04','2023-03-04',1100.00,1,1.00,'Factura B N°: 0004-00008660',NULL,NULL,'2023-03-27 12:28:13','2023-03-27 12:28:13',NULL),(1376,7922,0,NULL,1376,2,40721,40753,13,3054,1,0,'2023-03-04','2023-03-04',6000.00,1,1.00,'Factura B N°: 0004-00008661',NULL,NULL,'2023-03-27 12:28:13','2023-03-27 12:28:13',NULL),(1377,7922,0,NULL,1377,2,40721,40753,13,3054,1,0,'2023-03-04','2023-03-04',1.00,1,1.00,'Factura B N°: 0004-00008662',NULL,NULL,'2023-03-27 12:28:13','2023-03-27 12:28:13',NULL),(1378,7922,0,NULL,1378,2,40721,40753,13,3054,1,0,'2023-03-04','2023-03-04',3700.00,1,1.00,'Factura B N°: 0004-00008663',NULL,NULL,'2023-03-27 12:28:13','2023-03-27 12:28:13',NULL),(1379,7922,0,NULL,1379,2,40721,40753,13,3054,1,0,'2023-03-04','2023-03-04',900.00,1,1.00,'Factura B N°: 0004-00008664',NULL,NULL,'2023-03-27 12:28:13','2023-03-27 12:28:13',NULL),(1380,7922,0,NULL,1380,2,40721,40753,13,3054,1,0,'2023-03-04','2023-03-04',320.00,1,1.00,'Factura B N°: 0004-00008665',NULL,NULL,'2023-03-27 12:28:14','2023-03-27 12:28:14',NULL),(1381,7922,0,NULL,1381,2,40721,40753,13,3054,1,0,'2023-03-04','2023-03-04',1300.00,1,1.00,'Factura B N°: 0004-00008666',NULL,NULL,'2023-03-27 12:28:14','2023-03-27 12:28:14',NULL),(1382,7922,0,NULL,1382,2,40721,40753,13,3054,1,0,'2023-03-04','2023-03-04',3000.00,1,1.00,'Factura B N°: 0004-00008667',NULL,NULL,'2023-03-27 12:28:14','2023-03-27 12:28:14',NULL),(1383,7922,0,NULL,1383,2,40721,40753,13,3054,1,0,'2023-03-04','2023-03-04',5000.00,1,1.00,'Factura B N°: 0004-00008668',NULL,NULL,'2023-03-27 12:28:14','2023-03-27 12:28:14',NULL),(1384,7922,0,NULL,1384,2,40721,40753,13,3054,1,0,'2023-03-04','2023-03-04',1200.00,1,1.00,'Factura B N°: 0004-00008669',NULL,NULL,'2023-03-27 12:28:14','2023-03-27 12:28:14',NULL),(1385,7922,0,NULL,1385,2,40721,40753,13,3054,1,0,'2023-03-04','2023-03-04',1000.00,1,1.00,'Factura B N°: 0004-00008670',NULL,NULL,'2023-03-27 12:28:14','2023-03-27 12:28:14',NULL),(1386,7922,0,NULL,1386,2,40721,40753,13,3054,1,0,'2023-03-04','2023-03-04',1.00,1,1.00,'Factura B N°: 0004-00008671',NULL,NULL,'2023-03-27 12:28:14','2023-03-27 12:28:14',NULL),(1387,7922,0,NULL,1387,2,40721,40753,13,3054,1,0,'2023-03-04','2023-03-04',4615.00,1,1.00,'Factura B N°: 0004-00008672',NULL,NULL,'2023-03-27 12:28:14','2023-03-27 12:28:14',NULL),(1388,7922,0,NULL,1388,2,40721,40753,13,3054,1,0,'2023-03-04','2023-03-04',3650.00,1,1.00,'Factura B N°: 0004-00008673',NULL,NULL,'2023-03-27 12:28:14','2023-03-27 12:28:14',NULL);
INSERT INTO `cta_cte_cliente` VALUES (1389,7922,0,NULL,1389,2,40721,40753,13,3054,1,0,'2023-03-04','2023-03-04',1180.00,1,1.00,'Factura B N°: 0004-00008674',NULL,NULL,'2023-03-27 12:28:14','2023-03-27 12:28:14',NULL),(1390,7922,0,NULL,1390,2,40721,40753,13,3054,1,0,'2023-03-04','2023-03-04',1900.00,1,1.00,'Factura B N°: 0004-00008675',NULL,NULL,'2023-03-27 12:28:14','2023-03-27 12:28:14',NULL),(1391,7922,0,NULL,1391,2,40721,40753,13,3054,1,0,'2023-03-04','2023-03-04',1500.00,1,1.00,'Factura B N°: 0004-00008676',NULL,NULL,'2023-03-27 12:28:14','2023-03-27 12:28:14',NULL),(1392,7922,0,NULL,1392,2,40721,40753,13,3054,1,0,'2023-03-04','2023-03-04',3100.00,1,1.00,'Factura B N°: 0004-00008677',NULL,NULL,'2023-03-27 12:28:14','2023-03-27 12:28:14',NULL),(1393,7922,0,NULL,1393,2,40721,40753,13,3054,1,0,'2023-03-04','2023-03-04',1170.00,1,1.00,'Factura B N°: 0004-00008678',NULL,NULL,'2023-03-27 12:28:14','2023-03-27 12:28:14',NULL),(1394,7922,0,NULL,1394,2,40721,40753,13,3054,1,0,'2023-03-04','2023-03-04',2500.00,1,1.00,'Factura B N°: 0004-00008679',NULL,NULL,'2023-03-27 12:28:14','2023-03-27 12:28:14',NULL),(1395,7922,0,NULL,1395,2,40721,40753,13,3054,1,0,'2023-03-04','2023-03-04',1600.00,1,1.00,'Factura B N°: 0004-00008680',NULL,NULL,'2023-03-27 12:28:14','2023-03-27 12:28:14',NULL),(1396,7922,0,NULL,1396,2,40721,40753,13,3054,1,0,'2023-03-04','2023-03-04',850.00,1,1.00,'Factura B N°: 0004-00008681',NULL,NULL,'2023-03-27 12:28:14','2023-03-27 12:28:14',NULL),(1397,7922,0,NULL,1397,2,40721,40753,13,3054,1,0,'2023-03-04','2023-03-04',1000.00,1,1.00,'Factura B N°: 0004-00008682',NULL,NULL,'2023-03-27 12:28:14','2023-03-27 12:28:14',NULL),(1398,7922,0,NULL,1398,2,40721,40753,13,3054,1,0,'2023-03-04','2023-03-04',2400.00,1,1.00,'Factura B N°: 0004-00008683',NULL,NULL,'2023-03-27 12:28:14','2023-03-27 12:28:14',NULL),(1399,7922,0,NULL,1399,2,40721,40753,13,3054,1,0,'2023-03-04','2023-03-04',1800.00,1,1.00,'Factura B N°: 0004-00008684',NULL,NULL,'2023-03-27 12:28:14','2023-03-27 12:28:14',NULL),(1400,7922,0,NULL,1400,2,40721,40753,13,3054,1,0,'2023-03-06','2023-03-06',2000.00,1,1.00,'Factura B N°: 0004-00008685',NULL,NULL,'2023-03-27 12:28:14','2023-03-27 12:28:14',NULL),(1401,7922,0,NULL,1401,2,40721,40753,13,3054,1,0,'2023-03-06','2023-03-06',1100.00,1,1.00,'Factura B N°: 0004-00008686',NULL,NULL,'2023-03-27 12:28:14','2023-03-27 12:28:14',NULL),(1402,7922,0,NULL,1402,2,40721,40753,13,3054,1,0,'2023-03-06','2023-03-06',500.00,1,1.00,'Factura B N°: 0004-00008687',NULL,NULL,'2023-03-27 12:28:14','2023-03-27 12:28:14',NULL),(1403,7922,0,NULL,1403,2,40721,40753,13,3054,1,0,'2023-03-06','2023-03-06',6250.00,1,1.00,'Factura B N°: 0004-00008688',NULL,NULL,'2023-03-27 12:28:14','2023-03-27 12:28:14',NULL),(1404,7922,0,NULL,1404,2,40721,40753,13,3054,1,0,'2023-03-06','2023-03-06',100.00,1,1.00,'Factura B N°: 0004-00008689',NULL,NULL,'2023-03-27 12:28:14','2023-03-27 12:28:14',NULL),(1405,7922,0,NULL,1405,2,40721,40753,13,3054,1,0,'2023-03-06','2023-03-06',1100.00,1,1.00,'Factura B N°: 0004-00008690',NULL,NULL,'2023-03-27 12:28:15','2023-03-27 12:28:15',NULL),(1406,7922,0,NULL,1406,2,40721,40753,13,3054,1,0,'2023-03-06','2023-03-06',1100.00,1,1.00,'Factura B N°: 0004-00008691',NULL,NULL,'2023-03-27 12:28:15','2023-03-27 12:28:15',NULL),(1407,7922,0,NULL,1407,2,40721,40753,13,3054,1,0,'2023-03-06','2023-03-06',2000.00,1,1.00,'Factura B N°: 0004-00008692',NULL,NULL,'2023-03-27 12:28:15','2023-03-27 12:28:15',NULL),(1408,7922,0,NULL,1408,2,40721,40753,13,3054,1,0,'2023-03-06','2023-03-06',3000.00,1,1.00,'Factura B N°: 0004-00008693',NULL,NULL,'2023-03-27 12:28:15','2023-03-27 12:28:15',NULL),(1409,7922,0,NULL,1409,2,40721,40753,13,3054,1,0,'2023-03-06','2023-03-06',1250.00,1,1.00,'Factura B N°: 0004-00008694',NULL,NULL,'2023-03-27 12:28:15','2023-03-27 12:28:15',NULL),(1410,7922,0,NULL,1410,2,40721,40753,13,3054,1,0,'2023-03-06','2023-03-06',550.00,1,1.00,'Factura B N°: 0004-00008695',NULL,NULL,'2023-03-27 12:28:15','2023-03-27 12:28:15',NULL);
INSERT INTO `cta_cte_cliente` VALUES (1411,7922,0,NULL,1411,2,40721,40753,13,3054,1,0,'2023-03-06','2023-03-06',17250.00,1,1.00,'Factura B N°: 0004-00008696',NULL,NULL,'2023-03-27 12:28:15','2023-03-27 12:28:15',NULL),(1412,7922,0,NULL,1412,2,40721,40753,13,3054,1,0,'2023-03-07','2023-03-07',12082.00,1,1.00,'Factura B N°: 0004-00008697',NULL,NULL,'2023-03-27 12:28:15','2023-03-27 12:28:15',NULL),(1413,7922,0,NULL,1413,2,40721,40753,13,3054,1,0,'2023-03-07','2023-03-07',1000.00,1,1.00,'Factura B N°: 0004-00008698',NULL,NULL,'2023-03-27 12:28:15','2023-03-27 12:28:15',NULL),(1414,7922,0,NULL,1414,2,40721,40753,13,3054,1,0,'2023-03-07','2023-03-07',4400.00,1,1.00,'Factura B N°: 0004-00008699',NULL,NULL,'2023-03-27 12:28:15','2023-03-27 12:28:15',NULL),(1415,7922,0,NULL,1415,2,40721,40753,13,3054,1,0,'2023-03-07','2023-03-07',750.00,1,1.00,'Factura B N°: 0004-00008700',NULL,NULL,'2023-03-27 12:28:15','2023-03-27 12:28:15',NULL),(1416,7922,0,NULL,1416,2,40721,40753,13,3054,1,0,'2023-03-07','2023-03-07',800.00,1,1.00,'Factura B N°: 0004-00008701',NULL,NULL,'2023-03-27 12:28:15','2023-03-27 12:28:15',NULL),(1417,7922,0,NULL,1417,2,40721,40753,13,3054,1,0,'2023-03-07','2023-03-07',1250.00,1,1.00,'Factura B N°: 0004-00008702',NULL,NULL,'2023-03-27 12:28:15','2023-03-27 12:28:15',NULL),(1418,7922,0,NULL,1418,2,40721,40753,13,3054,1,0,'2023-03-07','2023-03-07',2500.00,1,1.00,'Factura B N°: 0004-00008703',NULL,NULL,'2023-03-27 12:28:15','2023-03-27 12:28:15',NULL),(1419,7922,0,NULL,1419,2,40721,40753,13,3054,1,0,'2023-03-07','2023-03-07',2000.00,1,1.00,'Factura B N°: 0004-00008704',NULL,NULL,'2023-03-27 12:28:15','2023-03-27 12:28:15',NULL),(1420,7922,0,NULL,1420,2,40721,40753,13,3054,1,0,'2023-03-07','2023-03-07',3300.00,1,1.00,'Factura B N°: 0004-00008705',NULL,NULL,'2023-03-27 12:28:15','2023-03-27 12:28:15',NULL),(1421,7922,0,NULL,1421,2,40721,40753,13,3054,1,0,'2023-03-07','2023-03-07',3100.00,1,1.00,'Factura B N°: 0004-00008706',NULL,NULL,'2023-03-27 12:28:15','2023-03-27 12:28:15',NULL),(1422,7922,0,NULL,1422,2,40721,40753,13,3054,1,0,'2023-03-07','2023-03-07',4650.00,1,1.00,'Factura B N°: 0004-00008707',NULL,NULL,'2023-03-27 12:28:15','2023-03-27 12:28:15',NULL),(1423,7922,0,NULL,1423,2,40721,40753,13,3054,1,0,'2023-03-07','2023-03-07',11500.00,1,1.00,'Factura B N°: 0004-00008708',NULL,NULL,'2023-03-27 12:28:15','2023-03-27 12:28:15',NULL),(1424,7922,0,NULL,1424,2,40721,40753,13,3054,1,0,'2023-03-07','2023-03-07',12700.00,1,1.00,'Factura B N°: 0004-00008709',NULL,NULL,'2023-03-27 12:28:15','2023-03-27 12:28:15',NULL),(1425,7922,0,NULL,1425,2,40721,40753,13,3054,1,0,'2023-03-07','2023-03-07',1200.00,1,1.00,'Factura B N°: 0004-00008710',NULL,NULL,'2023-03-27 12:28:15','2023-03-27 12:28:15',NULL),(1426,7922,0,NULL,1426,2,40721,40753,13,3054,1,0,'2023-03-07','2023-03-07',3200.00,1,1.00,'Factura B N°: 0004-00008711',NULL,NULL,'2023-03-27 12:28:15','2023-03-27 12:28:15',NULL),(1427,7922,0,NULL,1427,2,40721,40753,13,3054,1,0,'2023-03-07','2023-03-07',1480.00,1,1.00,'Factura B N°: 0004-00008712',NULL,NULL,'2023-03-27 12:28:15','2023-03-27 12:28:15',NULL),(1428,7922,0,NULL,1428,2,40721,40753,13,3054,1,0,'2023-03-07','2023-03-07',7500.00,1,1.00,'Factura B N°: 0004-00008713',NULL,NULL,'2023-03-27 12:28:15','2023-03-27 12:28:15',NULL),(1429,7922,0,NULL,1429,2,40721,40753,13,3054,1,0,'2023-03-07','2023-03-07',2500.00,1,1.00,'Factura B N°: 0004-00008714',NULL,NULL,'2023-03-27 12:28:15','2023-03-27 12:28:15',NULL),(1430,7922,0,NULL,1430,2,40721,40753,13,3054,1,0,'2023-03-07','2023-03-07',4200.00,1,1.00,'Factura B N°: 0004-00008715',NULL,NULL,'2023-03-27 12:28:16','2023-03-27 12:28:16',NULL),(1431,7922,0,NULL,1431,2,40721,40753,13,3054,1,0,'2023-03-07','2023-03-07',2500.00,1,1.00,'Factura B N°: 0004-00008716',NULL,NULL,'2023-03-27 12:28:16','2023-03-27 12:28:16',NULL),(1432,7922,0,NULL,1432,2,40721,40753,13,3054,1,0,'2023-03-07','2023-03-07',18975.00,1,1.00,'Factura B N°: 0004-00008717',NULL,NULL,'2023-03-27 12:28:16','2023-03-27 12:28:16',NULL);
INSERT INTO `cta_cte_cliente` VALUES (1433,7922,0,NULL,1433,2,40721,40753,13,3054,1,0,'2023-03-07','2023-03-07',3500.00,1,1.00,'Factura B N°: 0004-00008718',NULL,NULL,'2023-03-27 12:28:16','2023-03-27 12:28:16',NULL),(1434,7922,0,NULL,1434,2,40721,40753,13,3054,1,0,'2023-03-07','2023-03-07',380.00,1,1.00,'Factura B N°: 0004-00008719',NULL,NULL,'2023-03-27 12:28:16','2023-03-27 12:28:16',NULL),(1435,7922,0,NULL,1435,2,40721,40753,13,3054,1,0,'2023-03-07','2023-03-07',950.00,1,1.00,'Factura B N°: 0004-00008720',NULL,NULL,'2023-03-27 12:28:16','2023-03-27 12:28:16',NULL),(1436,7922,0,NULL,1436,2,40721,40753,13,3054,1,0,'2023-03-07','2023-03-07',1300.00,1,1.00,'Factura B N°: 0004-00008721',NULL,NULL,'2023-03-27 12:28:16','2023-03-27 12:28:16',NULL),(1437,7922,0,NULL,1437,2,40721,40753,13,3054,1,0,'2023-03-07','2023-03-07',300.00,1,1.00,'Factura B N°: 0004-00008722',NULL,NULL,'2023-03-27 12:28:16','2023-03-27 12:28:16',NULL),(1438,7922,0,NULL,1438,2,40721,40833,13,3054,1,0,'2023-03-08','2023-03-08',50000.10,1,1.00,'Factura A N°: 0005-00000100',NULL,NULL,'2023-03-27 12:28:16','2023-03-27 12:28:16',NULL),(1439,7922,0,NULL,1439,2,40721,40834,13,3054,1,0,'2023-03-08','2023-03-08',104400.01,1,1.00,'Factura A N°: 0005-00000101',NULL,NULL,'2023-03-27 12:28:16','2023-03-27 12:28:16',NULL),(1440,7922,0,NULL,1440,2,40721,40753,13,3054,1,0,'2023-03-08','2023-03-08',2200.00,1,1.00,'Factura B N°: 0004-00008723',NULL,NULL,'2023-03-27 12:28:16','2023-03-27 12:28:16',NULL),(1441,7922,0,NULL,1441,2,40721,40753,13,3054,1,0,'2023-03-08','2023-03-08',6100.00,1,1.00,'Factura B N°: 0004-00008724',NULL,NULL,'2023-03-27 12:28:16','2023-03-27 12:28:16',NULL),(1442,7922,0,NULL,1442,2,40721,40753,13,3054,1,0,'2023-03-08','2023-03-08',950.00,1,1.00,'Factura B N°: 0004-00008725',NULL,NULL,'2023-03-27 12:28:16','2023-03-27 12:28:16',NULL),(1443,7922,0,NULL,1443,2,40721,40753,13,3054,1,0,'2023-03-08','2023-03-08',650.00,1,1.00,'Factura B N°: 0004-00008726',NULL,NULL,'2023-03-27 12:28:16','2023-03-27 12:28:16',NULL),(1444,7922,0,NULL,1444,2,40721,40753,13,3054,1,0,'2023-03-08','2023-03-08',1300.00,1,1.00,'Factura B N°: 0004-00008727',NULL,NULL,'2023-03-27 12:28:16','2023-03-27 12:28:16',NULL),(1445,7922,0,NULL,1445,2,40721,40753,13,3054,1,0,'2023-03-08','2023-03-08',1100.00,1,1.00,'Factura B N°: 0004-00008728',NULL,NULL,'2023-03-27 12:28:16','2023-03-27 12:28:16',NULL),(1446,7922,0,NULL,1446,2,40721,40753,13,3054,1,0,'2023-03-08','2023-03-08',1000.00,1,1.00,'Factura B N°: 0004-00008729',NULL,NULL,'2023-03-27 12:28:16','2023-03-27 12:28:16',NULL),(1447,7922,0,NULL,1447,2,40721,40753,13,3054,1,0,'2023-03-08','2023-03-08',1500.00,1,1.00,'Factura B N°: 0004-00008730',NULL,NULL,'2023-03-27 12:28:16','2023-03-27 12:28:16',NULL),(1448,7922,0,NULL,1448,2,40721,40753,13,3054,1,0,'2023-03-08','2023-03-08',1300.00,1,1.00,'Factura B N°: 0004-00008731',NULL,NULL,'2023-03-27 12:28:16','2023-03-27 12:28:16',NULL),(1449,7922,0,NULL,1449,2,40721,40753,13,3054,1,0,'2023-03-08','2023-03-08',840.00,1,1.00,'Factura B N°: 0004-00008732',NULL,NULL,'2023-03-27 12:28:16','2023-03-27 12:28:16',NULL),(1450,7922,0,NULL,1450,2,40721,40753,13,3054,1,0,'2023-03-08','2023-03-08',2500.00,1,1.00,'Factura B N°: 0004-00008733',NULL,NULL,'2023-03-27 12:28:16','2023-03-27 12:28:16',NULL),(1451,7922,0,NULL,1451,2,40721,40756,13,3054,1,0,'2023-03-09','2023-03-09',71390.00,1,1.00,'Factura A N°: 0005-00000102',NULL,NULL,'2023-03-27 12:28:16','2023-03-27 12:28:16',NULL),(1452,7922,0,NULL,1452,2,40721,40753,13,3054,1,0,'2023-03-09','2023-03-09',15000.00,1,1.00,'Factura B N°: 0004-00008734',NULL,NULL,'2023-03-27 12:28:16','2023-03-27 12:28:16',NULL),(1453,7922,0,NULL,1453,2,40721,40753,13,3054,1,0,'2023-03-09','2023-03-09',1000.00,1,1.00,'Factura B N°: 0004-00008735',NULL,NULL,'2023-03-27 12:28:16','2023-03-27 12:28:16',NULL),(1454,7922,0,NULL,1454,2,40721,40753,13,3054,1,0,'2023-03-09','2023-03-09',600.00,1,1.00,'Factura B N°: 0004-00008736',NULL,NULL,'2023-03-27 12:28:16','2023-03-27 12:28:16',NULL);
INSERT INTO `cta_cte_cliente` VALUES (1455,7922,0,NULL,1455,2,40721,40753,13,3054,1,0,'2023-03-09','2023-03-09',18500.00,1,1.00,'Factura B N°: 0004-00008737',NULL,NULL,'2023-03-27 12:28:17','2023-03-27 12:28:17',NULL),(1456,7922,0,NULL,1456,2,40721,40753,13,3054,1,0,'2023-03-09','2023-03-09',2600.00,1,1.00,'Factura B N°: 0004-00008738',NULL,NULL,'2023-03-27 12:28:17','2023-03-27 12:28:17',NULL),(1457,7922,0,NULL,1457,2,40721,40753,13,3054,1,0,'2023-03-09','2023-03-09',3500.00,1,1.00,'Factura B N°: 0004-00008739',NULL,NULL,'2023-03-27 12:28:17','2023-03-27 12:28:17',NULL),(1458,7922,0,NULL,1458,2,40721,40753,13,3054,1,0,'2023-03-09','2023-03-09',3500.00,1,1.00,'Factura B N°: 0004-00008740',NULL,NULL,'2023-03-27 12:28:17','2023-03-27 12:28:17',NULL),(1459,7922,0,NULL,1459,2,40721,40753,13,3054,1,0,'2023-03-09','2023-03-09',3300.00,1,1.00,'Factura B N°: 0004-00008741',NULL,NULL,'2023-03-27 12:28:17','2023-03-27 12:28:17',NULL),(1460,7922,0,NULL,1460,2,40721,40753,13,3054,1,0,'2023-03-09','2023-03-09',21000.00,1,1.00,'Factura B N°: 0004-00008742',NULL,NULL,'2023-03-27 12:28:17','2023-03-27 12:28:17',NULL),(1461,7922,0,NULL,1461,2,40721,40753,13,3054,1,0,'2023-03-09','2023-03-09',2000.00,1,1.00,'Factura B N°: 0004-00008743',NULL,NULL,'2023-03-27 12:28:17','2023-03-27 12:28:17',NULL),(1462,7922,0,NULL,1462,2,40721,40753,13,3054,1,0,'2023-03-09','2023-03-09',2000.00,1,1.00,'Factura B N°: 0004-00008744',NULL,NULL,'2023-03-27 12:28:17','2023-03-27 12:28:17',NULL),(1463,7922,0,NULL,1463,2,40721,40753,13,3054,1,0,'2023-03-09','2023-03-09',1370.00,1,1.00,'Factura B N°: 0004-00008745',NULL,NULL,'2023-03-27 12:28:17','2023-03-27 12:28:17',NULL),(1464,7922,0,NULL,1464,2,40721,40753,13,3054,1,0,'2023-03-10','2023-03-10',15200.00,1,1.00,'Factura B N°: 0004-00008746',NULL,NULL,'2023-03-27 12:28:17','2023-03-27 12:28:17',NULL),(1465,7922,0,NULL,1465,2,40721,40753,13,3054,1,0,'2023-03-10','2023-03-10',4500.00,1,1.00,'Factura B N°: 0004-00008747',NULL,NULL,'2023-03-27 12:28:17','2023-03-27 12:28:17',NULL),(1466,7922,0,NULL,1466,2,40721,40753,13,3054,1,0,'2023-03-10','2023-03-10',12000.00,1,1.00,'Factura B N°: 0004-00008748',NULL,NULL,'2023-03-27 12:28:17','2023-03-27 12:28:17',NULL),(1467,7922,0,NULL,1467,2,40721,40753,13,3054,1,0,'2023-03-10','2023-03-10',24000.00,1,1.00,'Factura B N°: 0004-00008749',NULL,NULL,'2023-03-27 12:28:17','2023-03-27 12:28:17',NULL),(1468,7922,0,NULL,1468,2,40721,40753,13,3054,1,0,'2023-03-10','2023-03-10',2800.00,1,1.00,'Factura B N°: 0004-00008750',NULL,NULL,'2023-03-27 12:28:17','2023-03-27 12:28:17',NULL),(1469,7922,0,NULL,1469,2,40721,40753,13,3054,1,0,'2023-03-10','2023-03-10',8650.00,1,1.00,'Factura B N°: 0004-00008751',NULL,NULL,'2023-03-27 12:28:17','2023-03-27 12:28:17',NULL),(1470,7922,0,NULL,1470,2,40721,40753,13,3054,1,0,'2023-03-10','2023-03-10',1300.00,1,1.00,'Factura B N°: 0004-00008752',NULL,NULL,'2023-03-27 12:28:17','2023-03-27 12:28:17',NULL),(1471,7922,0,NULL,1471,2,40721,40753,13,3054,1,0,'2023-03-10','2023-03-10',7700.00,1,1.00,'Factura B N°: 0004-00008753',NULL,NULL,'2023-03-27 12:28:17','2023-03-27 12:28:17',NULL),(1472,7922,0,NULL,1472,2,40721,40753,13,3054,1,0,'2023-03-10','2023-03-10',3300.00,1,1.00,'Factura B N°: 0004-00008754',NULL,NULL,'2023-03-27 12:28:17','2023-03-27 12:28:17',NULL),(1473,7922,0,NULL,1473,2,40721,40753,13,3054,1,0,'2023-03-10','2023-03-10',800.00,1,1.00,'Factura B N°: 0004-00008755',NULL,NULL,'2023-03-27 12:28:17','2023-03-27 12:28:17',NULL),(1474,7922,0,NULL,1474,2,40721,40753,13,3054,1,0,'2023-03-10','2023-03-10',2750.00,1,1.00,'Factura B N°: 0004-00008756',NULL,NULL,'2023-03-27 12:28:17','2023-03-27 12:28:17',NULL),(1475,7922,0,NULL,1475,2,40721,40753,13,3054,1,0,'2023-03-10','2023-03-10',1250.00,1,1.00,'Factura B N°: 0004-00008757',NULL,NULL,'2023-03-27 12:28:17','2023-03-27 12:28:17',NULL),(1476,7922,0,NULL,1476,2,40721,40753,13,3054,1,0,'2023-03-10','2023-03-10',4100.00,1,1.00,'Factura B N°: 0004-00008758',NULL,NULL,'2023-03-27 12:28:17','2023-03-27 12:28:17',NULL);
INSERT INTO `cta_cte_cliente` VALUES (1477,7922,0,NULL,1477,2,40721,40753,13,3054,1,0,'2023-03-10','2023-03-10',3000.00,1,1.00,'Factura B N°: 0004-00008759',NULL,NULL,'2023-03-27 12:28:17','2023-03-27 12:28:17',NULL),(1478,7922,0,NULL,1478,2,40721,40753,13,3054,1,0,'2023-03-11','2023-03-11',900.00,1,1.00,'Factura B N°: 0004-00008760',NULL,NULL,'2023-03-27 12:28:17','2023-03-27 12:28:17',NULL),(1479,7922,0,NULL,1479,2,40721,40753,13,3054,1,0,'2023-03-11','2023-03-11',1500.00,1,1.00,'Factura B N°: 0004-00008761',NULL,NULL,'2023-03-27 12:28:18','2023-03-27 12:28:18',NULL),(1480,7922,0,NULL,1480,2,40721,40753,13,3054,1,0,'2023-03-11','2023-03-11',1200.00,1,1.00,'Factura B N°: 0004-00008762',NULL,NULL,'2023-03-27 12:28:18','2023-03-27 12:28:18',NULL),(1481,7922,0,NULL,1481,2,40721,40753,13,3054,1,0,'2023-03-11','2023-03-11',2500.00,1,1.00,'Factura B N°: 0004-00008763',NULL,NULL,'2023-03-27 12:28:18','2023-03-27 12:28:18',NULL),(1482,7922,0,NULL,1482,2,40721,40753,13,3054,1,0,'2023-03-11','2023-03-11',9650.00,1,1.00,'Factura B N°: 0004-00008764',NULL,NULL,'2023-03-27 12:28:18','2023-03-27 12:28:18',NULL),(1483,7922,0,NULL,1483,2,40721,40753,13,3054,1,0,'2023-03-11','2023-03-11',12000.00,1,1.00,'Factura B N°: 0004-00008765',NULL,NULL,'2023-03-27 12:28:18','2023-03-27 12:28:18',NULL),(1484,7922,0,NULL,1484,2,40721,40753,13,3054,1,0,'2023-03-11','2023-03-11',3800.00,1,1.00,'Factura B N°: 0004-00008766',NULL,NULL,'2023-03-27 12:28:18','2023-03-27 12:28:18',NULL),(1485,7922,0,NULL,1485,2,40721,40753,13,3054,1,0,'2023-03-11','2023-03-11',300.00,1,1.00,'Factura B N°: 0004-00008767',NULL,NULL,'2023-03-27 12:28:18','2023-03-27 12:28:18',NULL),(1486,7922,0,NULL,1486,2,40721,40753,13,3054,1,0,'2023-03-11','2023-03-11',2500.00,1,1.00,'Factura B N°: 0004-00008768',NULL,NULL,'2023-03-27 12:28:18','2023-03-27 12:28:18',NULL),(1487,7922,0,NULL,1487,2,40721,40753,13,3054,1,0,'2023-03-11','2023-03-11',3170.00,1,1.00,'Factura B N°: 0004-00008769',NULL,NULL,'2023-03-27 12:28:18','2023-03-27 12:28:18',NULL),(1488,7922,0,NULL,1488,2,40721,40753,13,3054,1,0,'2023-03-11','2023-03-11',9000.00,1,1.00,'Factura B N°: 0004-00008770',NULL,NULL,'2023-03-27 12:28:18','2023-03-27 12:28:18',NULL),(1489,7922,0,NULL,1489,2,40721,40753,13,3054,1,0,'2023-03-11','2023-03-11',350.00,1,1.00,'Factura B N°: 0004-00008771',NULL,NULL,'2023-03-27 12:28:18','2023-03-27 12:28:18',NULL),(1490,7922,0,NULL,1490,2,40721,40753,13,3054,1,0,'2023-03-11','2023-03-11',1800.00,1,1.00,'Factura B N°: 0004-00008772',NULL,NULL,'2023-03-27 12:28:18','2023-03-27 12:28:18',NULL),(1491,7922,0,NULL,1491,2,40721,40753,13,3054,1,0,'2023-03-11','2023-03-11',3300.00,1,1.00,'Factura B N°: 0004-00008773',NULL,NULL,'2023-03-27 12:28:18','2023-03-27 12:28:18',NULL),(1492,7922,0,NULL,1492,2,40721,40753,13,3054,1,0,'2023-03-11','2023-03-11',5000.00,1,1.00,'Factura B N°: 0004-00008774',NULL,NULL,'2023-03-27 12:28:18','2023-03-27 12:28:18',NULL),(1493,7922,0,NULL,1493,2,40721,40753,13,3054,1,0,'2023-03-11','2023-03-11',250.00,1,1.00,'Factura B N°: 0004-00008775',NULL,NULL,'2023-03-27 12:28:18','2023-03-27 12:28:18',NULL),(1494,7922,0,NULL,1494,2,40721,40753,13,3054,1,0,'2023-03-11','2023-03-11',1000.00,1,1.00,'Factura B N°: 0004-00008776',NULL,NULL,'2023-03-27 12:28:18','2023-03-27 12:28:18',NULL),(1495,7922,0,NULL,1495,2,40721,40753,13,3054,1,0,'2023-03-11','2023-03-11',1200.00,1,1.00,'Factura B N°: 0004-00008777',NULL,NULL,'2023-03-27 12:28:18','2023-03-27 12:28:18',NULL),(1496,7922,0,NULL,1496,2,40721,40835,13,3054,1,0,'2023-03-13','2023-03-13',126880.18,1,1.00,'Factura A N°: 0005-00000103',NULL,NULL,'2023-03-27 12:28:18','2023-03-27 12:28:18',NULL),(1497,7922,0,NULL,1497,2,40721,40836,13,3054,1,0,'2023-03-13','2023-03-13',9650.96,1,1.00,'Factura A N°: 0005-00000104',NULL,NULL,'2023-03-27 12:28:18','2023-03-27 12:28:18',NULL),(1498,7922,0,NULL,1498,2,40721,40757,13,3054,1,0,'2023-03-13','2023-03-13',0.10,1,1.00,'Factura B N°: 0004-00008778',NULL,NULL,'2023-03-27 12:28:18','2023-03-27 12:28:18',NULL);
INSERT INTO `cta_cte_cliente` VALUES (1499,7922,0,NULL,1499,2,40721,40757,13,3054,1,0,'2023-03-13','2023-03-13',0.10,1,1.00,'Factura B N°: 0004-00008779',NULL,NULL,'2023-03-27 12:28:18','2023-03-27 12:28:18',NULL),(1500,7922,0,NULL,1500,2,40721,40753,13,3054,1,0,'2023-03-13','2023-03-13',3500.00,1,1.00,'Factura B N°: 0004-00008780',NULL,NULL,'2023-03-27 12:28:18','2023-03-27 12:28:18',NULL),(1501,7922,0,NULL,1501,2,40721,40753,13,3054,1,0,'2023-03-13','2023-03-13',4631.00,1,1.00,'Factura B N°: 0004-00008781',NULL,NULL,'2023-03-27 12:28:18','2023-03-27 12:28:18',NULL),(1502,7922,0,NULL,1502,2,40721,40753,13,3054,1,0,'2023-03-13','2023-03-13',250.00,1,1.00,'Factura B N°: 0004-00008782',NULL,NULL,'2023-03-27 12:28:18','2023-03-27 12:28:18',NULL),(1503,7922,0,NULL,1503,2,40721,40753,13,3054,1,0,'2023-03-13','2023-03-13',300.00,1,1.00,'Factura B N°: 0004-00008783',NULL,NULL,'2023-03-27 12:28:18','2023-03-27 12:28:18',NULL),(1504,7922,0,NULL,1504,2,40721,40753,13,3054,1,0,'2023-03-13','2023-03-13',7040.00,1,1.00,'Factura B N°: 0004-00008784',NULL,NULL,'2023-03-27 12:28:18','2023-03-27 12:28:18',NULL),(1505,7922,0,NULL,1505,2,40721,40753,13,3054,1,0,'2023-03-13','2023-03-13',200260.00,1,1.00,'Factura B N°: 0004-00008785',NULL,NULL,'2023-03-27 12:28:18','2023-03-27 12:28:18',NULL),(1506,7922,0,NULL,1506,2,40721,40753,13,3054,1,0,'2023-03-13','2023-03-13',540.00,1,1.00,'Factura B N°: 0004-00008786',NULL,NULL,'2023-03-27 12:28:19','2023-03-27 12:28:19',NULL),(1507,7922,0,NULL,1507,2,40721,40753,13,3054,1,0,'2023-03-13','2023-03-13',1500.00,1,1.00,'Factura B N°: 0004-00008787',NULL,NULL,'2023-03-27 12:28:19','2023-03-27 12:28:19',NULL),(1508,7922,0,NULL,1508,2,40721,40753,13,3054,1,0,'2023-03-13','2023-03-13',3800.00,1,1.00,'Factura B N°: 0004-00008788',NULL,NULL,'2023-03-27 12:28:19','2023-03-27 12:28:19',NULL),(1509,7922,0,NULL,1509,2,40721,40753,13,3054,1,0,'2023-03-13','2023-03-13',15400.00,1,1.00,'Factura B N°: 0004-00008789',NULL,NULL,'2023-03-27 12:28:19','2023-03-27 12:28:19',NULL),(1510,7922,0,NULL,1510,2,40721,40753,13,3054,1,0,'2023-03-13','2023-03-13',1400.00,1,1.00,'Factura B N°: 0004-00008790',NULL,NULL,'2023-03-27 12:28:19','2023-03-27 12:28:19',NULL),(1511,7922,0,NULL,1511,2,40721,40753,13,3054,1,0,'2023-03-13','2023-03-13',1250.00,1,1.00,'Factura B N°: 0004-00008791',NULL,NULL,'2023-03-27 12:28:19','2023-03-27 12:28:19',NULL),(1512,7922,0,NULL,1512,2,40721,40753,13,3054,1,0,'2023-03-13','2023-03-13',620.00,1,1.00,'Factura B N°: 0004-00008792',NULL,NULL,'2023-03-27 12:28:19','2023-03-27 12:28:19',NULL),(1513,7922,0,NULL,1513,2,40721,40753,13,3054,1,0,'2023-03-13','2023-03-13',170.00,1,1.00,'Factura B N°: 0004-00008793',NULL,NULL,'2023-03-27 12:28:19','2023-03-27 12:28:19',NULL),(1514,7922,0,NULL,1514,2,40721,40753,13,3054,1,0,'2023-03-13','2023-03-13',26875.00,1,1.00,'Factura B N°: 0004-00008794',NULL,NULL,'2023-03-27 12:28:19','2023-03-27 12:28:19',NULL),(1515,7922,0,NULL,1515,2,40721,40753,13,3054,1,0,'2023-03-13','2023-03-13',2500.00,1,1.00,'Factura B N°: 0004-00008795',NULL,NULL,'2023-03-27 12:28:19','2023-03-27 12:28:19',NULL),(1516,7922,0,NULL,1516,2,40721,40753,13,3054,1,0,'2023-03-14','2023-03-14',3320.00,1,1.00,'Factura B N°: 0004-00008796',NULL,NULL,'2023-03-27 12:28:19','2023-03-27 12:28:19',NULL),(1517,7922,0,NULL,1517,2,40721,40753,13,3054,1,0,'2023-03-14','2023-03-14',100.00,1,1.00,'Factura B N°: 0004-00008797',NULL,NULL,'2023-03-27 12:28:19','2023-03-27 12:28:19',NULL),(1518,7922,0,NULL,1518,2,40721,40753,13,3054,1,0,'2023-03-14','2023-03-14',400.00,1,1.00,'Factura B N°: 0004-00008798',NULL,NULL,'2023-03-27 12:28:19','2023-03-27 12:28:19',NULL),(1519,7922,0,NULL,1519,2,40721,40753,13,3054,1,0,'2023-03-14','2023-03-14',34650.00,1,1.00,'Factura B N°: 0004-00008799',NULL,NULL,'2023-03-27 12:28:19','2023-03-27 12:28:19',NULL),(1520,7922,0,NULL,1520,2,40721,40753,13,3054,1,0,'2023-03-14','2023-03-14',1000.00,1,1.00,'Factura B N°: 0004-00008800',NULL,NULL,'2023-03-27 12:28:19','2023-03-27 12:28:19',NULL);
INSERT INTO `cta_cte_cliente` VALUES (1521,7922,0,NULL,1521,2,40721,40753,13,3054,1,0,'2023-03-14','2023-03-14',2500.00,1,1.00,'Factura B N°: 0004-00008801',NULL,NULL,'2023-03-27 12:28:19','2023-03-27 12:28:19',NULL),(1522,7922,0,NULL,1522,2,40721,40753,13,3054,1,0,'2023-03-14','2023-03-14',11500.00,1,1.00,'Factura B N°: 0004-00008802',NULL,NULL,'2023-03-27 12:28:19','2023-03-27 12:28:19',NULL),(1523,7922,0,NULL,1523,2,40721,40753,13,3054,1,0,'2023-03-14','2023-03-14',1600.00,1,1.00,'Factura B N°: 0004-00008803',NULL,NULL,'2023-03-27 12:28:19','2023-03-27 12:28:19',NULL),(1524,7922,0,NULL,1524,2,40721,40753,13,3054,1,0,'2023-03-14','2023-03-14',1700.00,1,1.00,'Factura B N°: 0004-00008804',NULL,NULL,'2023-03-27 12:28:19','2023-03-27 12:28:19',NULL),(1525,7922,0,NULL,1525,2,40721,40753,13,3054,1,0,'2023-03-14','2023-03-14',700.00,1,1.00,'Factura B N°: 0004-00008805',NULL,NULL,'2023-03-27 12:28:19','2023-03-27 12:28:19',NULL),(1526,7922,0,NULL,1526,2,40721,40753,13,3054,1,0,'2023-03-14','2023-03-14',700.00,1,1.00,'Factura B N°: 0004-00008806',NULL,NULL,'2023-03-27 12:28:19','2023-03-27 12:28:19',NULL),(1527,7922,0,NULL,1527,2,40721,40753,13,3054,1,0,'2023-03-14','2023-03-14',600.00,1,1.00,'Factura B N°: 0004-00008807',NULL,NULL,'2023-03-27 12:28:19','2023-03-27 12:28:19',NULL),(1528,7922,0,NULL,1528,2,40721,40753,13,3054,1,0,'2023-03-14','2023-03-14',1250.00,1,1.00,'Factura B N°: 0004-00008808',NULL,NULL,'2023-03-27 12:28:19','2023-03-27 12:28:19',NULL),(1529,7922,0,NULL,1529,2,40721,40753,13,3054,1,0,'2023-03-14','2023-03-14',2900.00,1,1.00,'Factura B N°: 0004-00008809',NULL,NULL,'2023-03-27 12:28:19','2023-03-27 12:28:19',NULL),(1530,7922,0,NULL,1530,2,40721,40753,13,3054,1,0,'2023-03-15','2023-03-15',3150.00,1,1.00,'Factura B N°: 0004-00008810',NULL,NULL,'2023-03-27 12:28:19','2023-03-27 12:28:19',NULL),(1531,7922,0,NULL,1531,2,40721,40753,13,3054,1,0,'2023-03-15','2023-03-15',750.00,1,1.00,'Factura B N°: 0004-00008811',NULL,NULL,'2023-03-27 12:28:19','2023-03-27 12:28:19',NULL),(1532,7922,0,NULL,1532,2,40721,40753,13,3054,1,0,'2023-03-15','2023-03-15',1550.00,1,1.00,'Factura B N°: 0004-00008812',NULL,NULL,'2023-03-27 12:28:20','2023-03-27 12:28:20',NULL),(1533,7922,0,NULL,1533,2,40721,40753,13,3054,1,0,'2023-03-15','2023-03-15',1900.00,1,1.00,'Factura B N°: 0004-00008813',NULL,NULL,'2023-03-27 12:28:20','2023-03-27 12:28:20',NULL),(1534,7922,0,NULL,1534,2,40721,40753,13,3054,1,0,'2023-03-15','2023-03-15',14520.00,1,1.00,'Factura B N°: 0004-00008814',NULL,NULL,'2023-03-27 12:28:20','2023-03-27 12:28:20',NULL),(1535,7922,0,NULL,1535,2,40721,40753,13,3054,1,0,'2023-03-15','2023-03-15',3335.00,1,1.00,'Factura B N°: 0004-00008815',NULL,NULL,'2023-03-27 12:28:20','2023-03-27 12:28:20',NULL),(1536,7922,0,NULL,1536,2,40721,40753,13,3054,1,0,'2023-03-15','2023-03-15',2800.00,1,1.00,'Factura B N°: 0004-00008816',NULL,NULL,'2023-03-27 12:28:20','2023-03-27 12:28:20',NULL),(1537,7922,0,NULL,1537,2,40721,40753,13,3054,1,0,'2023-03-15','2023-03-15',1000.00,1,1.00,'Factura B N°: 0004-00008817',NULL,NULL,'2023-03-27 12:28:20','2023-03-27 12:28:20',NULL),(1538,7922,0,NULL,1538,2,40721,40753,13,3054,1,0,'2023-03-16','2023-03-16',8797.50,1,1.00,'Factura B N°: 0004-00008818',NULL,NULL,'2023-03-27 12:28:20','2023-03-27 12:28:20',NULL),(1539,7922,0,NULL,1539,2,40721,40753,13,3054,1,0,'2023-03-16','2023-03-16',1900.00,1,1.00,'Factura B N°: 0004-00008819',NULL,NULL,'2023-03-27 12:28:20','2023-03-27 12:28:20',NULL),(1540,7922,0,NULL,1540,2,40721,40753,13,3054,1,0,'2023-03-16','2023-03-16',150.00,1,1.00,'Factura B N°: 0004-00008820',NULL,NULL,'2023-03-27 12:28:20','2023-03-27 12:28:20',NULL),(1541,7922,0,NULL,1541,2,40721,40753,13,3054,1,0,'2023-03-16','2023-03-16',1100.00,1,1.00,'Factura B N°: 0004-00008821',NULL,NULL,'2023-03-27 12:28:20','2023-03-27 12:28:20',NULL),(1542,7922,0,NULL,1542,2,40721,40753,13,3054,1,0,'2023-03-16','2023-03-16',2500.00,1,1.00,'Factura B N°: 0004-00008822',NULL,NULL,'2023-03-27 12:28:20','2023-03-27 12:28:20',NULL);
INSERT INTO `cta_cte_cliente` VALUES (1543,7922,0,NULL,1543,2,40721,40753,13,3054,1,0,'2023-03-16','2023-03-16',1200.00,1,1.00,'Factura B N°: 0004-00008823',NULL,NULL,'2023-03-27 12:28:20','2023-03-27 12:28:20',NULL),(1544,7922,0,NULL,1544,2,40721,40753,13,3054,1,0,'2023-03-16','2023-03-16',6000.00,1,1.00,'Factura B N°: 0004-00008824',NULL,NULL,'2023-03-27 12:28:20','2023-03-27 12:28:20',NULL),(1545,7922,0,NULL,1545,2,40721,40753,13,3054,1,0,'2023-03-16','2023-03-16',5000.00,1,1.00,'Factura B N°: 0004-00008825',NULL,NULL,'2023-03-27 12:28:20','2023-03-27 12:28:20',NULL),(1546,7922,0,NULL,1546,2,40721,40753,13,3054,1,0,'2023-03-16','2023-03-16',1500.00,1,1.00,'Factura B N°: 0004-00008826',NULL,NULL,'2023-03-27 12:28:20','2023-03-27 12:28:20',NULL),(1547,7922,0,NULL,1547,2,40721,40753,13,3054,1,0,'2023-03-16','2023-03-16',2500.00,1,1.00,'Factura B N°: 0004-00008827',NULL,NULL,'2023-03-27 12:28:20','2023-03-27 12:28:20',NULL),(1548,7922,0,NULL,1548,2,40721,40753,13,3054,1,0,'2023-03-16','2023-03-16',9845.00,1,1.00,'Factura B N°: 0004-00008828',NULL,NULL,'2023-03-27 12:28:20','2023-03-27 12:28:20',NULL),(1549,7922,0,NULL,1549,2,40721,40753,13,3054,1,0,'2023-03-16','2023-03-16',300.00,1,1.00,'Factura B N°: 0004-00008829',NULL,NULL,'2023-03-27 12:28:20','2023-03-27 12:28:20',NULL),(1550,7922,0,NULL,1550,2,40721,40753,13,3054,1,0,'2023-03-16','2023-03-16',25357.20,1,1.00,'Factura B N°: 0004-00008830',NULL,NULL,'2023-03-27 12:28:20','2023-03-27 12:28:20',NULL),(1551,7922,0,NULL,1551,2,40721,40753,13,3054,1,0,'2023-03-16','2023-03-16',700.00,1,1.00,'Factura B N°: 0004-00008831',NULL,NULL,'2023-03-27 12:28:20','2023-03-27 12:28:20',NULL),(1552,7922,0,NULL,1552,2,40721,40753,13,3054,1,0,'2023-03-16','2023-03-16',2800.00,1,1.00,'Factura B N°: 0004-00008832',NULL,NULL,'2023-03-27 12:28:20','2023-03-27 12:28:20',NULL),(1553,7922,0,NULL,1553,2,40721,40753,13,3054,1,0,'2023-03-16','2023-03-16',1500.00,1,1.00,'Factura B N°: 0004-00008833',NULL,NULL,'2023-03-27 12:28:20','2023-03-27 12:28:20',NULL),(1554,7922,0,NULL,1554,2,40721,40753,13,3054,1,0,'2023-03-16','2023-03-16',100000.00,1,1.00,'Factura B N°: 0004-00008834',NULL,NULL,'2023-03-27 12:28:20','2023-03-27 12:28:20',NULL),(1555,7922,0,NULL,1555,2,40721,40753,13,3054,1,0,'2023-03-16','2023-03-16',95000.00,1,1.00,'Factura B N°: 0004-00008835',NULL,NULL,'2023-03-27 12:28:20','2023-03-27 12:28:20',NULL),(1556,7922,0,NULL,1556,2,40721,40753,13,3054,1,0,'2023-03-16','2023-03-16',80000.00,1,1.00,'Factura B N°: 0004-00008836',NULL,NULL,'2023-03-27 12:28:20','2023-03-27 12:28:20',NULL),(1557,7922,0,NULL,1557,2,40721,40753,13,3054,1,0,'2023-03-16','2023-03-16',75000.00,1,1.00,'Factura B N°: 0004-00008837',NULL,NULL,'2023-03-27 12:28:20','2023-03-27 12:28:20',NULL),(1558,7922,0,NULL,1558,2,40721,40753,13,3054,1,0,'2023-03-16','2023-03-16',50000.00,1,1.00,'Factura B N°: 0004-00008838',NULL,NULL,'2023-03-27 12:28:21','2023-03-27 12:28:21',NULL),(1559,7922,0,NULL,1559,2,40721,40753,13,3054,1,0,'2023-03-16','2023-03-16',500.00,1,1.00,'Factura B N°: 0004-00008839',NULL,NULL,'2023-03-27 12:28:21','2023-03-27 12:28:21',NULL),(1560,7922,0,NULL,1560,2,40721,40753,13,3054,1,0,'2023-03-16','2023-03-16',2500.00,1,1.00,'Factura B N°: 0004-00008840',NULL,NULL,'2023-03-27 12:28:21','2023-03-27 12:28:21',NULL),(1561,7922,0,NULL,1561,2,40721,40753,13,3054,1,0,'2023-03-16','2023-03-16',2500.00,1,1.00,'Factura B N°: 0004-00008841',NULL,NULL,'2023-03-27 12:28:21','2023-03-27 12:28:21',NULL),(1562,7922,0,NULL,1562,2,40721,40753,13,3054,1,0,'2023-03-16','2023-03-16',300.00,1,1.00,'Factura B N°: 0004-00008842',NULL,NULL,'2023-03-27 12:28:21','2023-03-27 12:28:21',NULL),(1563,7922,0,NULL,1563,2,40721,40753,13,3054,1,0,'2023-03-16','2023-03-16',4550.00,1,1.00,'Factura B N°: 0004-00008843',NULL,NULL,'2023-03-27 12:28:21','2023-03-27 12:28:21',NULL),(1564,7922,0,NULL,1564,2,40721,40753,13,3054,1,0,'2023-03-16','2023-03-16',15850.00,1,1.00,'Factura B N°: 0004-00008844',NULL,NULL,'2023-03-27 12:28:21','2023-03-27 12:28:21',NULL);
INSERT INTO `cta_cte_cliente` VALUES (1565,7922,0,NULL,1565,2,40721,40753,13,3054,1,0,'2023-03-16','2023-03-16',300.00,1,1.00,'Factura B N°: 0004-00008845',NULL,NULL,'2023-03-27 12:28:21','2023-03-27 12:28:21',NULL),(1566,7922,0,NULL,1566,2,40721,40753,13,3054,1,0,'2023-03-16','2023-03-16',300.00,1,1.00,'Factura B N°: 0004-00008846',NULL,NULL,'2023-03-27 12:28:21','2023-03-27 12:28:21',NULL),(1567,7922,0,NULL,1567,2,40721,40753,13,3054,1,0,'2023-03-16','2023-03-16',1300.00,1,1.00,'Factura B N°: 0004-00008847',NULL,NULL,'2023-03-27 12:28:21','2023-03-27 12:28:21',NULL),(1568,7922,0,NULL,1568,2,40721,40753,13,3054,1,0,'2023-03-16','2023-03-16',720.00,1,1.00,'Factura B N°: 0004-00008848',NULL,NULL,'2023-03-27 12:28:21','2023-03-27 12:28:21',NULL),(1569,7922,0,NULL,1569,2,40721,40753,13,3054,1,0,'2023-03-16','2023-03-16',900.00,1,1.00,'Factura B N°: 0004-00008849',NULL,NULL,'2023-03-27 12:28:21','2023-03-27 12:28:21',NULL),(1570,7922,0,NULL,1570,2,40721,40753,13,3054,1,0,'2023-03-16','2023-03-16',2000.00,1,1.00,'Factura B N°: 0004-00008850',NULL,NULL,'2023-03-27 12:28:21','2023-03-27 12:28:21',NULL),(1571,7922,0,NULL,1571,2,40721,40835,13,3054,2,0,'2023-03-17','2023-03-17',126880.18,1,1.00,'Nota de crédito A N°: 0005-00000004',NULL,NULL,'2023-03-27 12:28:21','2023-03-27 12:28:21',NULL),(1572,7922,0,NULL,1572,2,40721,40753,13,3054,1,0,'2023-03-17','2023-03-17',14812.50,1,1.00,'Factura B N°: 0004-00008851',NULL,NULL,'2023-03-27 12:28:21','2023-03-27 12:28:21',NULL),(1573,7922,0,NULL,1573,2,40721,40753,13,3054,1,0,'2023-03-17','2023-03-17',650.00,1,1.00,'Factura B N°: 0004-00008852',NULL,NULL,'2023-03-27 12:28:21','2023-03-27 12:28:21',NULL),(1574,7922,0,NULL,1574,2,40721,40753,13,3054,1,0,'2023-03-17','2023-03-17',1000.00,1,1.00,'Factura B N°: 0004-00008853',NULL,NULL,'2023-03-27 12:28:21','2023-03-27 12:28:21',NULL),(1575,7922,0,NULL,1575,2,40721,40753,13,3054,1,0,'2023-03-17','2023-03-17',2300.00,1,1.00,'Factura B N°: 0004-00008854',NULL,NULL,'2023-03-27 12:28:21','2023-03-27 12:28:21',NULL),(1576,7922,0,NULL,1576,2,40721,40753,13,3054,1,0,'2023-03-17','2023-03-17',3630.00,1,1.00,'Factura B N°: 0004-00008855',NULL,NULL,'2023-03-27 12:28:22','2023-03-27 12:28:22',NULL),(1577,7922,0,NULL,1577,2,40721,40753,13,3054,1,0,'2023-03-17','2023-03-17',1300.00,1,1.00,'Factura B N°: 0004-00008856',NULL,NULL,'2023-03-27 12:28:22','2023-03-27 12:28:22',NULL),(1578,7922,0,NULL,1578,2,40721,40753,13,3054,1,0,'2023-03-17','2023-03-17',3700.00,1,1.00,'Factura B N°: 0004-00008857',NULL,NULL,'2023-03-27 12:28:22','2023-03-27 12:28:22',NULL),(1579,7922,0,NULL,1579,2,40721,40753,13,3054,1,0,'2023-03-17','2023-03-17',1300.00,1,1.00,'Factura B N°: 0004-00008858',NULL,NULL,'2023-03-27 12:28:22','2023-03-27 12:28:22',NULL),(1580,7922,0,NULL,1580,2,40721,40753,13,3054,1,0,'2023-03-17','2023-03-17',270.00,1,1.00,'Factura B N°: 0004-00008859',NULL,NULL,'2023-03-27 12:28:22','2023-03-27 12:28:22',NULL),(1581,7922,0,NULL,1581,2,40721,40753,13,3054,1,0,'2023-03-17','2023-03-17',1200.00,1,1.00,'Factura B N°: 0004-00008860',NULL,NULL,'2023-03-27 12:28:22','2023-03-27 12:28:22',NULL),(1582,7922,0,NULL,1582,2,40721,40753,13,3054,1,0,'2023-03-17','2023-03-17',450.00,1,1.00,'Factura B N°: 0004-00008861',NULL,NULL,'2023-03-27 12:28:22','2023-03-27 12:28:22',NULL),(1583,7922,0,NULL,1583,2,40721,40753,13,3054,1,0,'2023-03-17','2023-03-17',1100.00,1,1.00,'Factura B N°: 0004-00008862',NULL,NULL,'2023-03-27 12:28:22','2023-03-27 12:28:22',NULL),(1584,7922,0,NULL,1584,2,40721,40753,13,3054,1,0,'2023-03-17','2023-03-17',1350.00,1,1.00,'Factura B N°: 0004-00008863',NULL,NULL,'2023-03-27 12:28:22','2023-03-27 12:28:22',NULL),(1585,7922,0,NULL,1585,2,40721,40753,13,3054,1,0,'2023-03-17','2023-03-17',130.00,1,1.00,'Factura B N°: 0004-00008864',NULL,NULL,'2023-03-27 12:28:22','2023-03-27 12:28:22',NULL),(1586,7922,0,NULL,1586,2,40721,40753,13,3054,1,0,'2023-03-17','2023-03-17',350.00,1,1.00,'Factura B N°: 0004-00008865',NULL,NULL,'2023-03-27 12:28:22','2023-03-27 12:28:22',NULL);
INSERT INTO `cta_cte_cliente` VALUES (1587,7922,0,NULL,1587,2,40721,40835,13,3054,1,0,'2023-03-17','2023-03-17',126880.00,1,1.00,'Factura E N°: 0006-00000001',NULL,NULL,'2023-03-27 12:28:22','2023-03-27 12:28:22',NULL),(1588,7922,0,NULL,1588,2,40721,40753,13,3054,1,0,'2023-03-20','2023-03-20',9660.00,1,1.00,'Factura B N°: 0004-00008866',NULL,NULL,'2023-03-27 12:28:22','2023-03-27 12:28:22',NULL),(1589,7922,0,NULL,1589,2,40721,40753,13,3054,1,0,'2023-03-20','2023-03-20',1100.00,1,1.00,'Factura B N°: 0004-00008867',NULL,NULL,'2023-03-27 12:28:22','2023-03-27 12:28:22',NULL),(1590,7922,0,NULL,1590,2,40721,40753,13,3054,1,0,'2023-03-20','2023-03-20',8650.00,1,1.00,'Factura B N°: 0004-00008868',NULL,NULL,'2023-03-27 12:28:22','2023-03-27 12:28:22',NULL),(1591,7922,0,NULL,1591,2,40721,40753,13,3054,1,0,'2023-03-20','2023-03-20',2900.00,1,1.00,'Factura B N°: 0004-00008869',NULL,NULL,'2023-03-27 12:28:22','2023-03-27 12:28:22',NULL),(1592,7922,0,NULL,1592,2,40721,40753,13,3054,1,0,'2023-03-20','2023-03-20',2500.00,1,1.00,'Factura B N°: 0004-00008870',NULL,NULL,'2023-03-27 12:28:22','2023-03-27 12:28:22',NULL),(1593,7922,0,NULL,1593,2,40721,40753,13,3054,1,0,'2023-03-20','2023-03-20',1000.00,1,1.00,'Factura B N°: 0004-00008871',NULL,NULL,'2023-03-27 12:28:22','2023-03-27 12:28:22',NULL),(1594,7922,0,NULL,1594,2,40721,40753,13,3054,1,0,'2023-03-20','2023-03-20',3250.00,1,1.00,'Factura B N°: 0004-00008872',NULL,NULL,'2023-03-27 12:28:22','2023-03-27 12:28:22',NULL),(1595,7922,0,NULL,1595,2,40721,40753,13,3054,1,0,'2023-03-20','2023-03-20',2000.00,1,1.00,'Factura B N°: 0004-00008873',NULL,NULL,'2023-03-27 12:28:22','2023-03-27 12:28:22',NULL),(1596,7922,0,NULL,1596,2,40721,40753,13,3054,1,0,'2023-03-20','2023-03-20',3500.00,1,1.00,'Factura B N°: 0004-00008874',NULL,NULL,'2023-03-27 12:28:22','2023-03-27 12:28:22',NULL),(1597,7922,0,NULL,1597,2,40721,40753,13,3054,1,0,'2023-03-20','2023-03-20',2700.00,1,1.00,'Factura B N°: 0004-00008875',NULL,NULL,'2023-03-27 12:28:23','2023-03-27 12:28:23',NULL),(1598,7922,0,NULL,1598,2,40721,40753,13,3054,1,0,'2023-03-20','2023-03-20',1000.00,1,1.00,'Factura B N°: 0004-00008876',NULL,NULL,'2023-03-27 12:28:23','2023-03-27 12:28:23',NULL),(1599,7922,0,NULL,1599,2,40721,40753,13,3054,1,0,'2023-03-20','2023-03-20',900.00,1,1.00,'Factura B N°: 0004-00008877',NULL,NULL,'2023-03-27 12:28:23','2023-03-27 12:28:23',NULL),(1600,7922,0,NULL,1600,2,40721,40753,13,3054,1,0,'2023-03-20','2023-03-20',600.00,1,1.00,'Factura B N°: 0004-00008878',NULL,NULL,'2023-03-27 12:28:23','2023-03-27 12:28:23',NULL),(1601,7922,0,NULL,1601,2,40721,40753,13,3054,1,0,'2023-03-20','2023-03-20',300.00,1,1.00,'Factura B N°: 0004-00008879',NULL,NULL,'2023-03-27 12:28:23','2023-03-27 12:28:23',NULL),(1602,7922,0,NULL,1602,2,40721,40753,13,3054,1,0,'2023-03-20','2023-03-20',2600.00,1,1.00,'Factura B N°: 0004-00008880',NULL,NULL,'2023-03-27 12:28:23','2023-03-27 12:28:23',NULL),(1603,7922,0,NULL,1603,2,40721,40753,13,3054,1,0,'2023-03-20','2023-03-20',700.00,1,1.00,'Factura B N°: 0004-00008881',NULL,NULL,'2023-03-27 12:28:23','2023-03-27 12:28:23',NULL),(1604,7922,0,NULL,1604,2,40721,40753,13,3054,1,0,'2023-03-20','2023-03-20',500.00,1,1.00,'Factura B N°: 0004-00008882',NULL,NULL,'2023-03-27 12:28:23','2023-03-27 12:28:23',NULL),(1605,7922,0,NULL,1605,2,40721,40753,13,3054,1,0,'2023-03-20','2023-03-20',9130.00,1,1.00,'Factura B N°: 0004-00008883',NULL,NULL,'2023-03-27 12:28:23','2023-03-27 12:28:23',NULL),(1606,7922,0,NULL,1606,2,40721,40753,13,3054,1,0,'2023-03-20','2023-03-20',29150.00,1,1.00,'Factura B N°: 0004-00008884',NULL,NULL,'2023-03-27 12:28:23','2023-03-27 12:28:23',NULL),(1607,7922,0,NULL,1607,2,40721,40753,13,3054,1,0,'2023-03-20','2023-03-20',600.00,1,1.00,'Factura B N°: 0004-00008885',NULL,NULL,'2023-03-27 12:28:23','2023-03-27 12:28:23',NULL),(1608,7922,0,NULL,1608,2,40721,40753,13,3054,1,0,'2023-03-20','2023-03-20',4500.00,1,1.00,'Factura B N°: 0004-00008886',NULL,NULL,'2023-03-27 12:28:23','2023-03-27 12:28:23',NULL);
INSERT INTO `cta_cte_cliente` VALUES (1609,7922,0,NULL,1609,2,40721,40753,13,3054,1,0,'2023-03-20','2023-03-20',200.00,1,1.00,'Factura B N°: 0004-00008887',NULL,NULL,'2023-03-27 12:28:23','2023-03-27 12:28:23',NULL),(1610,7922,0,NULL,1610,2,40721,40753,13,3054,1,0,'2023-03-20','2023-03-20',1300.00,1,1.00,'Factura B N°: 0004-00008888',NULL,NULL,'2023-03-27 12:28:23','2023-03-27 12:28:23',NULL),(1611,7922,0,NULL,1611,2,40721,40753,13,3054,1,0,'2023-03-20','2023-03-20',7400.00,1,1.00,'Factura B N°: 0004-00008889',NULL,NULL,'2023-03-27 12:28:23','2023-03-27 12:28:23',NULL),(1612,7922,0,NULL,1612,2,40721,40753,13,3054,1,0,'2023-03-20','2023-03-20',13600.00,1,1.00,'Factura B N°: 0004-00008890',NULL,NULL,'2023-03-27 12:28:24','2023-03-27 12:28:24',NULL),(1613,7922,0,NULL,1613,2,40721,40753,13,3054,1,0,'2023-03-20','2023-03-20',400.00,1,1.00,'Factura B N°: 0004-00008891',NULL,NULL,'2023-03-27 12:28:24','2023-03-27 12:28:24',NULL),(1614,7922,0,NULL,1614,2,40721,40753,13,3054,1,0,'2023-03-20','2023-03-20',1110.00,1,1.00,'Factura B N°: 0004-00008892',NULL,NULL,'2023-03-27 12:28:24','2023-03-27 12:28:24',NULL),(1615,7922,0,NULL,1615,2,40721,40753,13,3054,1,0,'2023-03-20','2023-03-20',1300.00,1,1.00,'Factura B N°: 0004-00008893',NULL,NULL,'2023-03-27 12:28:24','2023-03-27 12:28:24',NULL),(1616,7922,0,NULL,1616,2,40721,40753,13,3054,1,0,'2023-03-20','2023-03-20',2500.00,1,1.00,'Factura B N°: 0004-00008894',NULL,NULL,'2023-03-27 12:28:24','2023-03-27 12:28:24',NULL),(1617,7922,0,NULL,1617,2,40721,40753,13,3054,1,0,'2023-03-20','2023-03-20',25000.00,1,1.00,'Factura B N°: 0004-00008895',NULL,NULL,'2023-03-27 12:28:24','2023-03-27 12:28:24',NULL),(1618,7922,0,NULL,1618,2,40721,40753,13,3054,1,0,'2023-03-20','2023-03-20',2020.00,1,1.00,'Factura B N°: 0004-00008896',NULL,NULL,'2023-03-27 12:28:24','2023-03-27 12:28:24',NULL),(1619,7922,0,NULL,1619,2,40721,40753,13,3054,1,0,'2023-03-21','2023-03-21',11800.00,1,1.00,'Factura B N°: 0004-00008897',NULL,NULL,'2023-03-27 12:28:24','2023-03-27 12:28:24',NULL),(1620,7922,0,NULL,1620,2,40721,40753,13,3054,1,0,'2023-03-21','2023-03-21',400.00,1,1.00,'Factura B N°: 0004-00008898',NULL,NULL,'2023-03-27 12:28:24','2023-03-27 12:28:24',NULL),(1621,7922,0,NULL,1621,2,40721,40753,13,3054,1,0,'2023-03-21','2023-03-21',1500.00,1,1.00,'Factura B N°: 0004-00008899',NULL,NULL,'2023-03-27 12:28:24','2023-03-27 12:28:24',NULL),(1622,7922,0,NULL,1622,2,40721,40753,13,3054,1,0,'2023-03-21','2023-03-21',850.00,1,1.00,'Factura B N°: 0004-00008900',NULL,NULL,'2023-03-27 12:28:24','2023-03-27 12:28:24',NULL),(1623,7922,0,NULL,1623,2,40721,40753,13,3054,1,0,'2023-03-21','2023-03-21',600.00,1,1.00,'Factura B N°: 0004-00008901',NULL,NULL,'2023-03-27 12:28:24','2023-03-27 12:28:24',NULL),(1624,7922,0,NULL,1624,2,40721,40753,13,3054,1,0,'2023-03-21','2023-03-21',320.00,1,1.00,'Factura B N°: 0004-00008902',NULL,NULL,'2023-03-27 12:28:24','2023-03-27 12:28:24',NULL),(1625,7922,0,NULL,1625,2,40721,40753,13,3054,1,0,'2023-03-21','2023-03-21',4300.00,1,1.00,'Factura B N°: 0004-00008903',NULL,NULL,'2023-03-27 12:28:24','2023-03-27 12:28:24',NULL),(1626,7922,0,NULL,1626,2,40721,40753,13,3054,1,0,'2023-03-21','2023-03-21',150.00,1,1.00,'Factura B N°: 0004-00008904',NULL,NULL,'2023-03-27 12:28:24','2023-03-27 12:28:24',NULL),(1627,7922,0,NULL,1627,2,40721,40753,13,3054,1,0,'2023-03-21','2023-03-21',4100.00,1,1.00,'Factura B N°: 0004-00008905',NULL,NULL,'2023-03-27 12:28:24','2023-03-27 12:28:24',NULL),(1628,7922,0,NULL,1628,2,40721,40753,13,3054,1,0,'2023-03-21','2023-03-21',140.00,1,1.00,'Factura B N°: 0004-00008906',NULL,NULL,'2023-03-27 12:28:24','2023-03-27 12:28:24',NULL),(1629,7922,0,NULL,1629,2,40721,40753,13,3054,1,0,'2023-03-21','2023-03-21',5900.00,1,1.00,'Factura B N°: 0004-00008907',NULL,NULL,'2023-03-27 12:28:24','2023-03-27 12:28:24',NULL),(1630,7922,0,NULL,1630,2,40721,40837,13,3054,1,0,'2023-03-22','2023-03-22',178414.50,1,1.00,'Factura A N°: 0005-00000105',NULL,NULL,'2023-03-27 12:28:24','2023-03-27 12:28:24',NULL);
INSERT INTO `cta_cte_cliente` VALUES (1631,7922,0,NULL,1631,2,40721,40753,13,3054,1,0,'2023-03-22','2023-03-22',5450.00,1,1.00,'Factura B N°: 0004-00008908',NULL,NULL,'2023-03-27 12:28:25','2023-03-27 12:28:25',NULL),(1632,7922,0,NULL,1632,2,40721,40753,13,3054,1,0,'2023-03-22','2023-03-22',2550.00,1,1.00,'Factura B N°: 0004-00008909',NULL,NULL,'2023-03-27 12:28:25','2023-03-27 12:28:25',NULL),(1633,7922,0,NULL,1633,2,40721,40753,13,3054,1,0,'2023-03-22','2023-03-22',6000.00,1,1.00,'Factura B N°: 0004-00008910',NULL,NULL,'2023-03-27 12:28:25','2023-03-27 12:28:25',NULL),(1634,7922,0,NULL,1634,2,40721,40753,13,3054,1,0,'2023-03-22','2023-03-22',3500.00,1,1.00,'Factura B N°: 0004-00008911',NULL,NULL,'2023-03-27 12:28:25','2023-03-27 12:28:25',NULL),(1635,7922,0,NULL,1635,2,40721,40753,13,3054,1,0,'2023-03-22','2023-03-22',200.00,1,1.00,'Factura B N°: 0004-00008912',NULL,NULL,'2023-03-27 12:28:25','2023-03-27 12:28:25',NULL),(1636,7922,0,NULL,1636,2,40721,40753,13,3054,1,0,'2023-03-22','2023-03-22',1700.00,1,1.00,'Factura B N°: 0004-00008913',NULL,NULL,'2023-03-27 12:28:25','2023-03-27 12:28:25',NULL),(1637,7922,0,NULL,1637,2,40721,40753,13,3054,1,0,'2023-03-22','2023-03-22',800.00,1,1.00,'Factura B N°: 0004-00008914',NULL,NULL,'2023-03-27 12:28:25','2023-03-27 12:28:25',NULL),(1638,7922,0,NULL,1638,2,40721,40753,13,3054,1,0,'2023-03-22','2023-03-22',1900.00,1,1.00,'Factura B N°: 0004-00008915',NULL,NULL,'2023-03-27 12:28:25','2023-03-27 12:28:25',NULL),(1639,7922,0,NULL,1639,2,40721,40753,13,3054,1,0,'2023-03-22','2023-03-22',11250.00,1,1.00,'Factura B N°: 0004-00008916',NULL,NULL,'2023-03-27 12:28:25','2023-03-27 12:28:25',NULL),(1640,7922,0,NULL,1640,2,40721,40753,13,3054,1,0,'2023-03-22','2023-03-22',1420.00,1,1.00,'Factura B N°: 0004-00008917',NULL,NULL,'2023-03-27 12:28:25','2023-03-27 12:28:25',NULL),(1641,7922,0,NULL,1641,2,40721,40753,13,3054,1,0,'2023-03-22','2023-03-22',2550.00,1,1.00,'Factura B N°: 0004-00008918',NULL,NULL,'2023-03-27 12:28:25','2023-03-27 12:28:25',NULL),(1642,7922,0,NULL,1642,2,40721,40753,13,3054,1,0,'2023-03-22','2023-03-22',7500.00,1,1.00,'Factura B N°: 0004-00008919',NULL,NULL,'2023-03-27 12:28:25','2023-03-27 12:28:25',NULL),(1643,7922,0,NULL,1643,2,40721,40753,13,3054,1,0,'2023-03-22','2023-03-22',2900.00,1,1.00,'Factura B N°: 0004-00008920',NULL,NULL,'2023-03-27 12:28:25','2023-03-27 12:28:25',NULL),(1644,7922,0,NULL,1644,2,40721,40753,13,3054,1,0,'2023-03-22','2023-03-22',5900.00,1,1.00,'Factura B N°: 0004-00008921',NULL,NULL,'2023-03-27 12:28:25','2023-03-27 12:28:25',NULL),(1645,7922,0,NULL,1645,2,40721,40756,13,3054,1,0,'2023-03-23','2023-03-23',19747.20,1,1.00,'Factura A N°: 0005-00000106',NULL,NULL,'2023-03-27 12:28:25','2023-03-27 12:28:25',NULL),(1646,7922,0,NULL,1646,2,40721,40838,13,3054,1,0,'2023-03-23','2023-03-23',15872.78,1,1.00,'Factura A N°: 0005-00000107',NULL,NULL,'2023-03-27 12:28:25','2023-03-27 12:28:25',NULL),(1647,7922,0,NULL,1647,2,40721,40753,13,3054,1,0,'2023-03-23','2023-03-23',12580.00,1,1.00,'Factura B N°: 0004-00008922',NULL,NULL,'2023-03-27 12:28:25','2023-03-27 12:28:25',NULL),(1648,7922,0,NULL,1648,2,40721,40753,13,3054,1,0,'2023-03-23','2023-03-23',3800.00,1,1.00,'Factura B N°: 0004-00008923',NULL,NULL,'2023-03-27 12:28:25','2023-03-27 12:28:25',NULL),(1649,7922,0,NULL,1649,2,40721,40753,13,3054,1,0,'2023-03-23','2023-03-23',3950.00,1,1.00,'Factura B N°: 0004-00008924',NULL,NULL,'2023-03-27 12:28:25','2023-03-27 12:28:25',NULL),(1650,7922,0,NULL,1650,2,40721,40753,13,3054,1,0,'2023-03-23','2023-03-23',3100.00,1,1.00,'Factura B N°: 0004-00008925',NULL,NULL,'2023-03-27 12:28:25','2023-03-27 12:28:25',NULL),(1651,7922,0,NULL,1651,2,40721,40753,13,3054,1,0,'2023-03-23','2023-03-23',2950.00,1,1.00,'Factura B N°: 0004-00008926',NULL,NULL,'2023-03-27 12:28:25','2023-03-27 12:28:25',NULL),(1652,7922,0,NULL,1652,2,40721,40753,13,3054,1,0,'2023-03-23','2023-03-23',2000.00,1,1.00,'Factura B N°: 0004-00008927',NULL,NULL,'2023-03-27 12:28:25','2023-03-27 12:28:25',NULL);
INSERT INTO `cta_cte_cliente` VALUES (1653,7922,0,NULL,1653,2,40721,40753,13,3054,1,0,'2023-03-23','2023-03-23',3900.00,1,1.00,'Factura B N°: 0004-00008928',NULL,NULL,'2023-03-27 12:28:25','2023-03-27 12:28:25',NULL),(1654,7922,0,NULL,1654,2,40721,40753,13,3054,1,0,'2023-03-23','2023-03-23',350.00,1,1.00,'Factura B N°: 0004-00008929',NULL,NULL,'2023-03-27 12:28:25','2023-03-27 12:28:25',NULL),(1655,7922,0,NULL,1655,2,40721,40753,13,3054,1,0,'2023-03-23','2023-03-23',300.00,1,1.00,'Factura B N°: 0004-00008930',NULL,NULL,'2023-03-27 12:28:25','2023-03-27 12:28:25',NULL),(1656,7922,0,NULL,1656,2,40721,40753,13,3054,1,0,'2023-03-23','2023-03-23',2550.00,1,1.00,'Factura B N°: 0004-00008931',NULL,NULL,'2023-03-27 12:28:25','2023-03-27 12:28:25',NULL),(1657,7922,0,NULL,1657,2,40721,40753,13,3054,1,0,'2023-03-23','2023-03-23',6440.00,1,1.00,'Factura B N°: 0004-00008932',NULL,NULL,'2023-03-27 12:28:25','2023-03-27 12:28:25',NULL),(1658,7922,0,NULL,1658,2,40721,40753,13,3054,1,0,'2023-03-23','2023-03-23',1630.00,1,1.00,'Factura B N°: 0004-00008933',NULL,NULL,'2023-03-27 12:28:25','2023-03-27 12:28:25',NULL),(1659,7922,0,NULL,1659,2,40721,40753,13,3054,1,0,'2023-03-24','2023-03-24',1200.00,1,1.00,'Factura B N°: 0004-00008934',NULL,NULL,'2023-03-27 12:28:26','2023-03-27 12:28:26',NULL),(1660,7922,0,NULL,1660,2,40721,40753,13,3054,1,0,'2023-03-24','2023-03-24',9000.00,1,1.00,'Factura B N°: 0004-00008935',NULL,NULL,'2023-03-27 12:28:26','2023-03-27 12:28:26',NULL),(1661,7922,0,NULL,1661,2,40721,40753,13,3054,1,0,'2023-03-24','2023-03-24',2500.00,1,1.00,'Factura B N°: 0004-00008936',NULL,NULL,'2023-03-27 12:28:26','2023-03-27 12:28:26',NULL),(1662,7922,0,NULL,1662,2,40721,40753,13,3054,1,0,'2023-03-24','2023-03-24',3650.00,1,1.00,'Factura B N°: 0004-00008937',NULL,NULL,'2023-03-27 12:28:26','2023-03-27 12:28:26',NULL),(1663,7922,0,NULL,1663,2,40721,40753,13,3054,1,0,'2023-03-24','2023-03-24',6080.00,1,1.00,'Factura B N°: 0004-00008938',NULL,NULL,'2023-03-27 12:28:26','2023-03-27 12:28:26',NULL),(1664,7922,0,NULL,1664,3,40721,40762,57,3054,2,0,'2023-03-01','2023-03-01',10499.00,1,1.00,'Factura B N°: 1007-29336903',NULL,NULL,'2023-03-27 12:28:59','2023-03-27 12:28:59',NULL),(1665,7922,0,NULL,1665,3,40721,40762,57,3054,2,0,'2023-03-01','2023-03-01',12049.00,1,1.00,'Factura B N°: 1007-29339542',NULL,NULL,'2023-03-27 12:28:59','2023-03-27 12:28:59',NULL),(1666,7922,0,NULL,1666,3,40721,40763,57,3054,2,0,'2023-03-01','2023-03-01',8400.00,1,1.00,'Factura A N°: 0002-00001329',NULL,NULL,'2023-03-27 12:28:59','2023-03-27 12:28:59',NULL),(1667,7922,0,NULL,1667,3,40721,40789,57,3054,2,0,'2023-03-01','2023-03-01',16200.00,1,1.00,'Factura A N°: 0087-00004465',NULL,NULL,'2023-03-27 12:28:59','2023-03-27 12:28:59',NULL),(1668,7922,0,NULL,1668,3,40721,40789,57,3054,2,0,'2023-03-02','2023-03-02',400.00,1,1.00,'Factura B N°: 0087-00013393',NULL,NULL,'2023-03-27 12:28:59','2023-03-27 12:28:59',NULL),(1669,7922,0,NULL,1669,3,40721,40789,57,3054,2,0,'2023-03-02','2023-03-02',0.01,1,1.00,'Factura B N°: 0087-00013394',NULL,NULL,'2023-03-27 12:28:59','2023-03-27 12:28:59',NULL),(1670,7922,0,NULL,1670,3,40721,40839,57,3054,2,0,'2023-03-02','2023-03-02',100000.00,1,1.00,'Factura C N°: 0002-00000045',NULL,NULL,'2023-03-27 12:28:59','2023-03-27 12:28:59',NULL),(1671,7922,0,NULL,1671,3,40721,40778,57,3054,2,0,'2023-03-02','2023-03-02',4000.00,1,1.00,'Factura A N°: 0032-00008581',NULL,NULL,'2023-03-27 12:28:59','2023-03-27 12:28:59',NULL),(1672,7922,0,NULL,1672,3,40721,40840,57,3054,2,0,'2023-03-02','2023-03-02',12800.00,1,1.00,'Factura A N°: 0010-00000904',NULL,NULL,'2023-03-27 12:28:59','2023-03-27 12:28:59',NULL),(1673,7922,0,NULL,1673,3,40721,40719,57,3054,2,0,'2023-03-02','2023-03-02',195000.00,1,1.00,'Factura C N°: 0003-00000153',NULL,NULL,'2023-03-27 12:28:59','2023-03-27 12:28:59',NULL),(1674,7922,0,NULL,1674,3,40721,40841,57,3054,2,0,'2023-03-04','2023-03-04',146168.00,1,1.00,'Factura A N°: 0002-00003649',NULL,NULL,'2023-03-27 12:28:59','2023-03-27 12:28:59',NULL);
INSERT INTO `cta_cte_cliente` VALUES (1675,7922,0,NULL,1675,3,40721,40842,57,3054,2,0,'2023-03-06','2023-03-06',42580.78,1,1.00,'Factura A N°: 0003-00019341',NULL,NULL,'2023-03-27 12:29:00','2023-03-27 12:29:00',NULL),(1676,7922,0,NULL,1676,3,40721,40725,57,3054,2,0,'2023-03-06','2023-03-06',69120.00,1,1.00,'Factura C N°: 0004-00000026',NULL,NULL,'2023-03-27 12:29:00','2023-03-27 12:29:00',NULL),(1677,7922,0,NULL,1677,3,40721,40770,57,3054,2,0,'2023-03-07','2023-03-07',4860.00,1,1.00,'Factura A N°: 0150-00005265',NULL,NULL,'2023-03-27 12:29:00','2023-03-27 12:29:00',NULL),(1678,7922,0,NULL,1678,3,40721,40843,57,3054,2,0,'2023-03-08','2023-03-08',8215.90,1,1.00,'Factura A N°: 0021-00087285',NULL,NULL,'2023-03-27 12:29:00','2023-03-27 12:29:00',NULL),(1679,7922,0,NULL,1679,3,40721,40844,57,3054,2,0,'2023-03-08','2023-03-08',5820.00,1,1.00,'Factura C N°: 0001-00000035',NULL,NULL,'2023-03-27 12:29:00','2023-03-27 12:29:00',NULL),(1680,7922,0,NULL,1680,3,40721,40845,57,3054,2,0,'2023-03-08','2023-03-08',9400.01,1,1.00,'Factura A N°: 0002-00006731',NULL,NULL,'2023-03-27 12:29:00','2023-03-27 12:29:00',NULL),(1681,7922,0,NULL,1681,3,40721,40784,57,3054,2,0,'2023-03-09','2023-03-09',3950.00,1,1.00,'Factura A N°: 0002-00016416',NULL,NULL,'2023-03-27 12:29:00','2023-03-27 12:29:00',NULL),(1682,7922,0,NULL,1682,3,40721,40780,57,3054,2,0,'2023-03-09','2023-03-09',14403.11,1,1.00,'Factura A N°: 0057-00000690',NULL,NULL,'2023-03-27 12:29:00','2023-03-27 12:29:00',NULL),(1683,7922,0,NULL,1683,3,40721,40846,57,3054,2,0,'2023-03-09','2023-03-09',8000.00,1,1.00,'Factura C N°: 0003-00000091',NULL,NULL,'2023-03-27 12:29:00','2023-03-27 12:29:00',NULL),(1684,7922,0,NULL,1684,3,40721,40839,57,3054,2,0,'2023-03-10','2023-03-10',100000.00,1,1.00,'Factura C N°: 0002-00000046',NULL,NULL,'2023-03-27 12:29:00','2023-03-27 12:29:00',NULL),(1685,7922,0,NULL,1685,3,40721,40773,57,3054,2,0,'2023-03-10','2023-03-10',42150.35,1,1.00,'Factura A N°: 0003-00749447',NULL,NULL,'2023-03-27 12:29:00','2023-03-27 12:29:00',NULL),(1686,7922,0,NULL,1686,3,40721,40775,57,3054,2,0,'2023-03-10','2023-03-10',4641.32,1,1.00,'Factura A N°: 0006-13749022',NULL,NULL,'2023-03-27 12:29:00','2023-03-27 12:29:00',NULL),(1687,7922,0,NULL,1687,3,40721,40781,57,3054,2,0,'2023-03-10','2023-03-10',40186.56,1,1.00,'Factura A N°: 0033-00002415',NULL,NULL,'2023-03-27 12:29:00','2023-03-27 12:29:00',NULL),(1688,7922,0,NULL,1688,3,40721,40847,57,3054,2,0,'2023-03-13','2023-03-13',294606.86,1,1.00,'Factura A N°: 0005-00005236',NULL,NULL,'2023-03-27 12:29:00','2023-03-27 12:29:00',NULL),(1689,7922,0,NULL,1689,3,40721,40848,57,3054,2,0,'2023-03-14','2023-03-14',11315.00,1,1.00,'Factura A N°: 0002-00005024',NULL,NULL,'2023-03-27 12:29:00','2023-03-27 12:29:00',NULL),(1690,7922,0,NULL,1690,3,40721,40843,57,3054,2,0,'2023-03-14','2023-03-14',348831.09,1,1.00,'Factura A N°: 0021-00087558',NULL,NULL,'2023-03-27 12:29:00','2023-03-27 12:29:00',NULL),(1691,7922,0,NULL,1691,3,40721,40765,57,3054,2,0,'2023-03-16','2023-03-16',1049.00,1,1.00,'Factura A N°: 7108-00011345',NULL,NULL,'2023-03-27 12:29:00','2023-03-27 12:29:00',NULL),(1692,7922,0,NULL,1692,3,40721,40849,57,3054,2,0,'2023-03-16','2023-03-16',739434.80,1,1.00,'Factura A N°: 0011-00007421',NULL,NULL,'2023-03-27 12:29:00','2023-03-27 12:29:00',NULL),(1693,7922,0,NULL,1693,3,40721,40849,57,3054,2,0,'2023-03-16','2023-03-16',115200.00,1,1.00,'Nota de débito A N°: 0011-00000766',NULL,NULL,'2023-03-27 12:29:00','2023-03-27 12:29:00',NULL),(1694,7922,0,NULL,1694,3,40721,40850,57,3054,2,0,'2023-03-22','2023-03-22',43650.00,1,1.00,'Factura A N°: 0002-00022646',NULL,NULL,'2023-03-27 12:29:00','2023-03-27 12:29:00',NULL),(1695,7922,0,NULL,1695,3,40721,40767,57,3054,2,0,'2023-03-22','2023-03-22',22836.58,1,1.00,'Factura A N°: 0011-00011884',NULL,NULL,'2023-03-27 12:29:00','2023-03-27 12:29:00',NULL),(1696,7922,0,NULL,1696,3,40721,40851,57,3054,2,0,'2023-03-22','2023-03-22',7500.00,1,1.00,'Factura A N°: 0004-00005730',NULL,NULL,'2023-03-27 12:29:00','2023-03-27 12:29:00',NULL);
INSERT INTO `cta_cte_cliente` VALUES (1697,7922,0,NULL,1697,3,40721,40852,57,3054,2,0,'2023-03-22','2023-03-22',12200.98,1,1.00,'Factura A N°: 0050-00015262',NULL,NULL,'2023-03-27 12:29:00','2023-03-27 12:29:00',NULL),(1698,7922,0,NULL,1698,3,40721,40770,57,3054,2,0,'2023-03-27','2023-03-27',2029.00,1,1.00,'Factura B N°: 0150-00005996',NULL,NULL,'2023-03-27 12:29:00','2023-03-27 12:29:00',NULL),(1699,7922,0,NULL,1699,3,40721,40853,57,3054,2,0,'2023-03-27','2023-03-27',61599.72,1,1.00,'Factura A N°: 0021-00021747',NULL,NULL,'2023-03-27 12:29:00','2023-03-27 12:29:00',NULL),(1700,7922,0,NULL,1700,2,40725,40721,13,9148,1,0,'2023-01-03','2023-01-03',69120.00,1,1.00,'Factura C N°: 0004-00000024',NULL,NULL,'2023-04-06 08:36:17','2023-04-06 08:36:17',NULL),(1701,7922,0,NULL,1701,2,40725,40721,13,9149,1,0,'2023-02-06','2023-02-06',69120.00,1,1.00,'Factura C N°: 0004-00000025',NULL,NULL,'2023-04-06 08:37:17','2023-04-06 08:37:17',NULL),(1702,7922,0,NULL,1702,2,40725,40721,13,9150,1,0,'2023-03-06','2023-03-06',69120.00,1,1.00,'Factura C N°: 0004-00000026',NULL,NULL,'2023-04-06 08:37:47','2023-04-06 08:37:47',NULL),(1703,7922,0,NULL,1703,2,40725,40721,13,9151,1,0,'2023-04-03','2023-04-03',82950.00,1,1.00,'Factura C N°: 0004-00000027',NULL,NULL,'2023-04-06 08:38:15','2023-04-06 08:38:15',NULL),(1704,7922,0,NULL,1704,3,40725,40763,57,9148,2,0,'2023-01-01','2023-01-01',2800.00,1,1.00,'Factura B N°: 0002-00013549',NULL,NULL,'2023-04-06 08:51:38','2023-04-06 08:51:38',NULL),(1705,7922,0,NULL,1705,3,40725,40854,57,9148,2,0,'2023-01-02','2023-01-02',82182.00,1,1.00,'Factura C N°: 0002-00000086',NULL,NULL,'2023-04-06 08:51:38','2023-04-06 08:51:38',NULL),(1706,7922,0,NULL,1706,3,40725,40855,57,9148,2,0,'2023-01-03','2023-01-03',9800.00,1,1.00,'Factura C N°: 0002-00036766',NULL,NULL,'2023-04-06 08:51:38','2023-04-06 08:51:38',NULL),(1707,7922,0,NULL,1707,3,40725,40719,57,9148,2,0,'2023-01-03','2023-01-03',6000.00,1,1.00,'Factura C N°: 0003-00000143',NULL,NULL,'2023-04-06 08:51:38','2023-04-06 08:51:38',NULL),(1708,7922,0,NULL,1708,3,40725,40856,57,9148,2,0,'2023-01-04','2023-01-04',15540.00,1,1.00,'Factura A N°: 0005-00002691',NULL,NULL,'2023-04-06 08:51:38','2023-04-06 08:51:38',NULL),(1709,7922,0,NULL,1709,3,40725,40856,57,9148,2,0,'2023-01-05','2023-01-05',8039.99,1,1.00,'Factura B N°: 0009-00010775',NULL,NULL,'2023-04-06 08:51:38','2023-04-06 08:51:38',NULL),(1710,7922,0,NULL,1710,3,40725,40856,57,9148,1,0,'2023-01-05','2023-01-05',8039.99,1,1.00,'Nota de crédito B N°: 0009-00000392',NULL,NULL,'2023-04-06 08:51:38','2023-04-06 08:51:38',NULL),(1711,7922,0,NULL,1711,3,40725,40856,57,9148,2,0,'2023-01-05','2023-01-05',8039.99,1,1.00,'Factura B N°: 0009-00010780',NULL,NULL,'2023-04-06 08:51:38','2023-04-06 08:51:38',NULL),(1712,7922,0,NULL,1712,3,40725,40775,57,9148,2,0,'2023-01-10','2023-01-10',4107.95,1,1.00,'Factura B N°: 0006-10314519',NULL,NULL,'2023-04-06 08:51:38','2023-04-06 08:51:38',NULL),(1713,7922,0,NULL,1713,3,40725,40857,57,9148,2,0,'2023-01-12','2023-01-12',27390.00,1,1.00,'Factura B N°: 0005-00006640',NULL,NULL,'2023-04-06 08:51:38','2023-04-06 08:51:38',NULL),(1714,7922,0,NULL,1714,3,40725,40858,57,9148,2,0,'2023-01-17','2023-01-17',8682.45,1,1.00,'Factura A N°: 0023-00028139',NULL,NULL,'2023-04-06 08:51:38','2023-04-06 08:51:38',NULL),(1715,7922,0,NULL,1715,3,40725,40856,57,9148,2,0,'2023-01-17','2023-01-17',22942.50,1,1.00,'Factura A N°: 0005-00002720',NULL,NULL,'2023-04-06 08:51:38','2023-04-06 08:51:38',NULL),(1716,7922,0,NULL,1716,3,40725,40858,57,9148,2,0,'2023-01-24','2023-01-24',11524.48,1,1.00,'Factura A N°: 0022-00120743',NULL,NULL,'2023-04-06 08:51:38','2023-04-06 08:51:38',NULL),(1717,7922,0,NULL,1717,3,40725,40859,57,9148,2,0,'2023-01-25','2023-01-25',5552563.43,1,1.00,'Factura B N°: 0158-00186964',NULL,NULL,'2023-04-06 08:51:38','2023-04-06 08:51:38',NULL),(1718,7922,0,NULL,1718,3,40725,40860,57,9148,2,0,'2023-01-26','2023-01-26',5980.40,1,1.00,'Factura B N°: 0102-06958140',NULL,NULL,'2023-04-06 08:51:38','2023-04-06 08:51:38',NULL);
INSERT INTO `cta_cte_cliente` VALUES (1719,7922,0,NULL,1719,3,40725,40861,57,9148,2,0,'2023-01-31','2023-01-31',2100.00,1,1.00,'Factura B N°: 0034-00580653',NULL,NULL,'2023-04-06 08:51:38','2023-04-06 08:51:38',NULL),(1720,7922,0,NULL,1720,3,40725,40721,57,9148,2,0,'2023-01-31','2023-01-31',363000.00,1,1.00,'Factura A N°: 0007-00000006',NULL,NULL,'2023-04-06 08:51:38','2023-04-06 08:51:38',NULL),(1721,7922,0,NULL,1721,3,40725,40763,57,9149,2,0,'2023-02-01','2023-02-01',3400.00,1,1.00,'Factura B N°: 0002-00014374',NULL,NULL,'2023-04-06 08:52:15','2023-04-06 08:52:15',NULL),(1722,7922,0,NULL,1722,3,40725,40856,57,9149,2,0,'2023-02-01','2023-02-01',100590.00,1,1.00,'Factura A N°: 0005-00002757',NULL,NULL,'2023-04-06 08:52:15','2023-04-06 08:52:15',NULL),(1723,7922,0,NULL,1723,3,40725,40855,57,9149,2,0,'2023-02-02','2023-02-02',9800.00,1,1.00,'Factura C N°: 0002-00037661',NULL,NULL,'2023-04-06 08:52:15','2023-04-06 08:52:15',NULL),(1724,7922,0,NULL,1724,3,40725,40856,57,9149,2,0,'2023-02-02','2023-02-02',8040.00,1,1.00,'Factura B N°: 0009-00011299',NULL,NULL,'2023-04-06 08:52:15','2023-04-06 08:52:15',NULL),(1725,7922,0,NULL,1725,3,40725,40862,57,9149,2,0,'2023-02-03','2023-02-03',75050.00,1,1.00,'Factura B N°: 0060-00005229',NULL,NULL,'2023-04-06 08:52:15','2023-04-06 08:52:15',NULL),(1726,7922,0,NULL,1726,3,40725,40854,57,9149,2,0,'2023-02-06','2023-02-06',82182.00,1,1.00,'Factura C N°: 0002-00000087',NULL,NULL,'2023-04-06 08:52:15','2023-04-06 08:52:15',NULL),(1727,7922,0,NULL,1727,3,40725,40719,57,9149,2,0,'2023-02-06','2023-02-06',7500.00,1,1.00,'Factura C N°: 0003-00000146',NULL,NULL,'2023-04-06 08:52:15','2023-04-06 08:52:15',NULL),(1728,7922,0,NULL,1728,3,40725,40862,57,9149,2,0,'2023-02-09','2023-02-09',350000.00,1,1.00,'Factura B N°: 0056-00011987',NULL,NULL,'2023-04-06 08:52:15','2023-04-06 08:52:15',NULL),(1729,7922,0,NULL,1729,3,40725,40775,57,9149,2,0,'2023-02-10','2023-02-10',4107.95,1,1.00,'Factura B N°: 0006-10448247',NULL,NULL,'2023-04-06 08:52:15','2023-04-06 08:52:15',NULL),(1730,7922,0,NULL,1730,3,40725,40856,57,9149,2,0,'2023-02-10','2023-02-10',36540.00,1,1.00,'Factura A N°: 0005-00002778',NULL,NULL,'2023-04-06 08:52:15','2023-04-06 08:52:15',NULL),(1731,7922,0,NULL,1731,3,40725,40863,57,9149,2,0,'2023-02-13','2023-02-13',9070.16,1,1.00,'Factura B N°: 0004-00002451',NULL,NULL,'2023-04-06 08:52:15','2023-04-06 08:52:15',NULL),(1732,7922,0,NULL,1732,3,40725,40858,57,9149,2,0,'2023-02-16','2023-02-16',16062.99,1,1.00,'Factura A N°: 0023-00028908',NULL,NULL,'2023-04-06 08:52:15','2023-04-06 08:52:15',NULL),(1733,7922,0,NULL,1733,3,40725,40860,57,9149,2,0,'2023-02-24','2023-02-24',6697.40,1,1.00,'Factura B N°: 0102-07083322',NULL,NULL,'2023-04-06 08:52:15','2023-04-06 08:52:15',NULL),(1734,7922,0,NULL,1734,3,40725,40864,57,9149,2,0,'2023-02-27','2023-02-27',485737.00,1,1.00,'Factura C N°: 1002-00000046',NULL,NULL,'2023-04-06 08:52:15','2023-04-06 08:52:15',NULL),(1735,7922,0,NULL,1735,3,40725,40865,57,9149,2,0,'2023-02-28','2023-02-28',513.00,1,1.00,'Factura B N°: 0500-00368770',NULL,NULL,'2023-04-06 08:52:15','2023-04-06 08:52:15',NULL),(1736,7922,0,NULL,1736,3,40725,40861,57,9149,2,0,'2023-02-28','2023-02-28',2100.00,1,1.00,'Factura B N°: 0034-00591748',NULL,NULL,'2023-04-06 08:52:15','2023-04-06 08:52:15',NULL),(1737,7922,0,NULL,1737,3,40725,40866,57,9149,2,0,'2023-02-28','2023-02-28',49500.00,1,1.00,'Factura C N°: 0002-00000085',NULL,NULL,'2023-04-06 08:52:15','2023-04-06 08:52:15',NULL),(1738,7922,0,NULL,1738,3,40725,40763,57,9150,2,0,'2023-03-01','2023-03-01',3400.00,1,1.00,'Factura B N°: 0002-00015152',NULL,NULL,'2023-04-06 08:52:53','2023-04-06 08:52:53',NULL),(1739,7922,0,NULL,1739,3,40725,40867,57,9150,2,0,'2023-03-02','2023-03-02',100000.00,1,1.00,'Factura C N°: 0001-00000026',NULL,NULL,'2023-04-06 08:52:53','2023-04-06 08:52:53',NULL),(1740,7922,0,NULL,1740,3,40725,40719,57,9150,2,0,'2023-03-02','2023-03-02',7500.00,1,1.00,'Factura C N°: 0003-00000152',NULL,NULL,'2023-04-06 08:52:53','2023-04-06 08:52:53',NULL);
INSERT INTO `cta_cte_cliente` VALUES (1741,7922,0,NULL,1741,3,40725,40856,57,9150,2,0,'2023-03-02','2023-03-02',8040.00,1,1.00,'Factura B N°: 0009-00011799',NULL,NULL,'2023-04-06 08:52:53','2023-04-06 08:52:53',NULL),(1742,7922,0,NULL,1742,3,40725,40856,57,9150,2,0,'2023-03-02','2023-03-02',48667.50,1,1.00,'Factura A N°: 0005-00002826',NULL,NULL,'2023-04-06 08:52:53','2023-04-06 08:52:53',NULL),(1743,7922,0,NULL,1743,3,40725,40867,57,9150,2,0,'2023-03-06','2023-03-06',100000.00,1,1.00,'Factura C N°: 0001-00000027',NULL,NULL,'2023-04-06 08:52:53','2023-04-06 08:52:53',NULL),(1744,7922,0,NULL,1744,3,40725,40854,57,9150,2,0,'2023-03-07','2023-03-07',82182.00,1,1.00,'Factura C N°: 0002-00000088',NULL,NULL,'2023-04-06 08:52:53','2023-04-06 08:52:53',NULL),(1745,7922,0,NULL,1745,3,40725,40868,57,9150,2,0,'2023-03-08','2023-03-08',6560.00,1,1.00,'Factura B N°: 0123-00002096',NULL,NULL,'2023-04-06 08:52:53','2023-04-06 08:52:53',NULL),(1746,7922,0,NULL,1746,3,40725,40856,57,9150,2,0,'2023-03-08','2023-03-08',85050.00,1,1.00,'Factura A N°: 0005-00002845',NULL,NULL,'2023-04-06 08:52:53','2023-04-06 08:52:53',NULL),(1747,7922,0,NULL,1747,3,40725,40775,57,9150,2,0,'2023-03-10','2023-03-10',4529.03,1,1.00,'Factura B N°: 0006-10574432',NULL,NULL,'2023-04-06 08:52:54','2023-04-06 08:52:54',NULL),(1748,7922,0,NULL,1748,3,40725,40869,57,9150,2,0,'2023-03-13','2023-03-13',2050.00,1,1.00,'Factura C N°: 0001-00000229',NULL,NULL,'2023-04-06 08:52:54','2023-04-06 08:52:54',NULL),(1749,7922,0,NULL,1749,3,40725,40870,57,9150,2,0,'2023-03-19','2023-03-19',3990.00,1,1.00,'Factura A N°: 4264-01656272',NULL,NULL,'2023-04-06 08:52:54','2023-04-06 08:52:54',NULL),(1750,7922,0,NULL,1750,3,40725,40871,57,9150,2,0,'2023-03-21','2023-03-21',74500.00,1,1.00,'Factura B N°: 0305-00023225',NULL,NULL,'2023-04-06 08:52:54','2023-04-06 08:52:54',NULL),(1751,7922,0,NULL,1751,3,40725,40872,57,9150,2,0,'2023-03-23','2023-03-23',3000.00,1,1.00,'Factura B N°: 0069-00040111',NULL,NULL,'2023-04-06 08:52:54','2023-04-06 08:52:54',NULL),(1752,7922,0,NULL,1752,3,40725,40873,57,9150,2,0,'2023-03-28','2023-03-28',25500.00,1,1.00,'Factura B N°: 0002-00000118',NULL,NULL,'2023-04-06 08:52:54','2023-04-06 08:52:54',NULL),(1753,7922,0,NULL,1753,3,40725,40856,57,9150,2,0,'2023-03-30','2023-03-30',102900.00,1,1.00,'Factura A N°: 0005-00002910',NULL,NULL,'2023-04-06 08:52:54','2023-04-06 08:52:54',NULL),(1754,7922,0,NULL,1754,3,40725,40861,57,9150,2,0,'2023-03-31','2023-03-31',2100.00,1,1.00,'Factura B N°: 0034-00602856',NULL,NULL,'2023-04-06 08:52:54','2023-04-06 08:52:54',NULL),(1755,7922,0,NULL,1755,3,40725,40862,57,9150,2,0,'2023-03-31','2023-03-31',32916.33,1,1.00,'Factura B N°: 0075-00003957',NULL,NULL,'2023-04-06 08:52:54','2023-04-06 08:52:54',NULL),(1756,7922,0,NULL,1756,2,40725,40721,13,9136,1,0,'2022-04-09','2022-04-09',57600.00,1,1.00,'Factura C N°: 0004-00000015',NULL,NULL,'2023-04-06 09:03:23','2023-04-06 09:03:23',NULL),(1757,7922,0,NULL,1757,2,40725,40721,13,9137,1,0,'2022-05-05','2022-05-05',57600.00,1,1.00,'Factura C N°: 0004-00000016',NULL,NULL,'2023-04-06 09:04:12','2023-04-06 09:04:12',NULL),(1758,7922,0,NULL,1758,2,40725,40721,13,9138,1,0,'2022-06-01','2022-06-01',57600.00,1,1.00,'Factura C N°: 0004-00000017',NULL,NULL,'2023-04-06 09:04:41','2023-04-06 09:04:41',NULL),(1759,7922,0,NULL,1759,2,40725,40721,13,9139,1,0,'2022-07-06','2022-07-06',57600.00,1,1.00,'Factura C N°: 0004-00000018',NULL,NULL,'2023-04-06 09:05:11','2023-04-06 09:05:11',NULL),(1760,7922,0,NULL,1760,2,40725,40721,13,9140,1,0,'2022-08-04','2022-08-04',57600.00,1,1.00,'Factura C N°: 0004-00000019',NULL,NULL,'2023-04-06 09:05:35','2023-04-06 09:05:35',NULL),(1761,7922,0,NULL,1761,2,40725,40721,13,9141,1,0,'2022-09-06','2022-09-06',57600.00,1,1.00,'Factura C N°: 0004-00000020',NULL,NULL,'2023-04-06 09:06:01','2023-04-06 09:06:01',NULL),(1762,7922,0,NULL,1762,2,40725,40721,13,9142,1,0,'2022-10-04','2022-10-04',69120.00,1,1.00,'Factura C N°: 0004-00000021',NULL,NULL,'2023-04-06 09:06:28','2023-04-06 09:06:28',NULL);
INSERT INTO `cta_cte_cliente` VALUES (1763,7922,0,NULL,1763,2,40725,40721,13,9143,1,0,'2022-11-04','2022-11-04',69120.00,1,1.00,'Factura C N°: 0004-00000022',NULL,NULL,'2023-04-06 09:06:59','2023-04-06 09:06:59',NULL),(1764,7922,0,NULL,1764,2,40725,40721,13,9144,1,0,'2022-12-02','2022-12-02',69120.00,1,1.00,'Factura C N°: 0004-00000023',NULL,NULL,'2023-04-06 09:07:23','2023-04-06 09:07:23',NULL),(1765,7922,0,NULL,1765,2,40722,40874,13,12295,1,0,'2022-04-08','2022-04-08',4800.00,1,1.00,'Factura C N°: 0002-00000585',NULL,NULL,'2023-04-06 09:56:39','2023-04-06 09:56:39',NULL),(1766,7922,0,NULL,1766,2,40722,40871,13,12295,1,0,'2022-04-08','2022-04-08',16250.00,1,1.00,'Factura C N°: 0002-00000586',NULL,NULL,'2023-04-06 09:56:39','2023-04-06 09:56:39',NULL),(1767,7922,0,NULL,1767,2,40722,40871,13,12295,1,0,'2022-04-08','2022-04-08',6350.00,1,1.00,'Factura C N°: 0002-00000587',NULL,NULL,'2023-04-06 09:56:39','2023-04-06 09:56:39',NULL),(1768,7922,0,NULL,1768,2,40722,40871,13,12295,1,0,'2022-04-08','2022-04-08',4800.00,1,1.00,'Factura C N°: 0002-00000588',NULL,NULL,'2023-04-06 09:56:39','2023-04-06 09:56:39',NULL),(1769,7922,0,NULL,1769,2,40722,40875,13,12295,1,0,'2022-04-08','2022-04-08',7000.00,1,1.00,'Factura C N°: 0002-00000589',NULL,NULL,'2023-04-06 09:56:39','2023-04-06 09:56:39',NULL),(1770,7922,0,NULL,1770,2,40722,40876,13,12295,1,0,'2022-04-08','2022-04-08',2640.00,1,1.00,'Factura C N°: 0002-00000590',NULL,NULL,'2023-04-06 09:56:39','2023-04-06 09:56:39',NULL),(1771,7922,0,NULL,1771,2,40722,40757,13,12295,1,0,'2022-04-08','2022-04-08',7890.00,1,1.00,'Factura C N°: 0002-00000591',NULL,NULL,'2023-04-06 09:56:39','2023-04-06 09:56:39',NULL),(1772,7922,0,NULL,1772,2,40722,40757,13,12295,1,0,'2022-04-08','2022-04-08',9870.00,1,1.00,'Factura C N°: 0002-00000592',NULL,NULL,'2023-04-06 09:56:39','2023-04-06 09:56:39',NULL),(1773,7922,0,NULL,1773,2,40722,40871,13,12295,2,0,'2022-04-08','2022-04-08',11150.00,1,1.00,'Nota de crédito C N°: 0002-00000006',NULL,NULL,'2023-04-06 09:56:39','2023-04-06 09:56:39',NULL),(1774,7922,0,NULL,1774,2,40722,40877,13,12295,1,0,'2022-04-14','2022-04-14',1200.00,1,1.00,'Factura C N°: 0002-00000593',NULL,NULL,'2023-04-06 09:56:39','2023-04-06 09:56:39',NULL),(1775,7922,0,NULL,1775,2,40722,40878,13,12295,1,0,'2022-04-14','2022-04-14',600.00,1,1.00,'Factura C N°: 0002-00000594',NULL,NULL,'2023-04-06 09:56:39','2023-04-06 09:56:39',NULL),(1776,7922,0,NULL,1776,2,40722,40874,13,12295,1,0,'2022-04-14','2022-04-14',2100.00,1,1.00,'Factura C N°: 0002-00000595',NULL,NULL,'2023-04-06 09:56:39','2023-04-06 09:56:39',NULL),(1777,7922,0,NULL,1777,2,40722,40877,13,12295,1,0,'2022-04-20','2022-04-20',3340.00,1,1.00,'Factura C N°: 0002-00000596',NULL,NULL,'2023-04-06 09:56:39','2023-04-06 09:56:39',NULL),(1778,7922,0,NULL,1778,2,40722,40874,13,12295,1,0,'2022-04-22','2022-04-22',600.00,1,1.00,'Factura C N°: 0002-00000597',NULL,NULL,'2023-04-06 09:56:39','2023-04-06 09:56:39',NULL),(1779,7922,0,NULL,1779,2,40722,40757,13,12295,1,0,'2022-04-22','2022-04-22',9000.00,1,1.00,'Factura C N°: 0002-00000598',NULL,NULL,'2023-04-06 09:56:39','2023-04-06 09:56:39',NULL),(1780,7922,0,NULL,1780,2,40722,40757,13,12295,1,0,'2022-04-22','2022-04-22',7500.00,1,1.00,'Factura C N°: 0002-00000599',NULL,NULL,'2023-04-06 09:56:39','2023-04-06 09:56:39',NULL),(1781,7922,0,NULL,1781,2,40722,40757,13,12295,1,0,'2022-04-22','2022-04-22',14500.00,1,1.00,'Factura C N°: 0002-00000600',NULL,NULL,'2023-04-06 09:56:39','2023-04-06 09:56:39',NULL),(1782,7922,0,NULL,1782,2,40722,40874,13,12295,1,0,'2022-04-26','2022-04-26',1800.00,1,1.00,'Factura C N°: 0002-00000601',NULL,NULL,'2023-04-06 09:56:39','2023-04-06 09:56:39',NULL),(1783,7922,0,NULL,1783,2,40722,40879,13,12295,1,0,'2022-04-27','2022-04-27',3730.00,1,1.00,'Factura C N°: 0002-00000602',NULL,NULL,'2023-04-06 09:56:39','2023-04-06 09:56:39',NULL),(1784,7922,0,NULL,1784,2,40722,40880,13,12295,1,0,'2022-04-27','2022-04-27',1200.00,1,1.00,'Factura C N°: 0002-00000603',NULL,NULL,'2023-04-06 09:56:39','2023-04-06 09:56:39',NULL);
INSERT INTO `cta_cte_cliente` VALUES (1785,7922,0,NULL,1785,2,40722,40877,13,12295,1,0,'2022-04-28','2022-04-28',800.00,1,1.00,'Factura C N°: 0002-00000604',NULL,NULL,'2023-04-06 09:56:39','2023-04-06 09:56:39',NULL),(1786,7922,0,NULL,1786,2,40722,40874,13,12295,1,0,'2022-04-28','2022-04-28',660.00,1,1.00,'Factura C N°: 0002-00000605',NULL,NULL,'2023-04-06 09:56:39','2023-04-06 09:56:39',NULL),(1787,7922,0,NULL,1787,2,40722,40881,13,12295,1,0,'2022-04-28','2022-04-28',660.00,1,1.00,'Factura C N°: 0002-00000606',NULL,NULL,'2023-04-06 09:56:39','2023-04-06 09:56:39',NULL),(1788,7922,0,NULL,1788,2,40722,40874,13,12295,1,0,'2022-04-28','2022-04-28',1100.00,1,1.00,'Factura C N°: 0002-00000607',NULL,NULL,'2023-04-06 09:56:39','2023-04-06 09:56:39',NULL),(1789,7922,0,NULL,1789,2,40722,40882,13,12295,1,0,'2022-04-28','2022-04-28',6000.00,1,1.00,'Factura C N°: 0002-00000608',NULL,NULL,'2023-04-06 09:56:39','2023-04-06 09:56:39',NULL),(1790,7922,0,NULL,1790,2,40722,40757,13,12295,1,0,'2022-04-29','2022-04-29',2400.00,1,1.00,'Factura C N°: 0002-00000609',NULL,NULL,'2023-04-06 09:56:39','2023-04-06 09:56:39',NULL),(1791,7922,0,NULL,1791,2,40722,40877,13,12296,1,0,'2022-03-03','2022-03-03',1200.00,1,1.00,'Factura C N°: 0002-00000556',NULL,NULL,'2023-04-07 08:20:57','2023-04-07 08:20:57',NULL),(1792,7922,0,NULL,1792,2,40722,40876,13,12296,1,0,'2022-03-03','2022-03-03',600.00,1,1.00,'Factura C N°: 0002-00000557',NULL,NULL,'2023-04-07 08:20:58','2023-04-07 08:20:58',NULL),(1793,7922,0,NULL,1793,2,40722,40875,13,12296,1,0,'2022-03-05','2022-03-05',4200.00,1,1.00,'Factura C N°: 0002-00000558',NULL,NULL,'2023-04-07 08:20:58','2023-04-07 08:20:58',NULL),(1794,7922,0,NULL,1794,2,40722,40874,13,12296,1,0,'2022-03-05','2022-03-05',4950.00,1,1.00,'Factura C N°: 0002-00000559',NULL,NULL,'2023-04-07 08:20:58','2023-04-07 08:20:58',NULL),(1795,7922,0,NULL,1795,2,40722,40871,13,12296,1,0,'2022-03-05','2022-03-05',11150.00,1,1.00,'Factura C N°: 0002-00000560',NULL,NULL,'2023-04-07 08:20:58','2023-04-07 08:20:58',NULL),(1796,7922,0,NULL,1796,2,40722,40877,13,12296,1,0,'2022-03-05','2022-03-05',1200.00,1,1.00,'Factura C N°: 0002-00000561',NULL,NULL,'2023-04-07 08:20:58','2023-04-07 08:20:58',NULL),(1797,7922,0,NULL,1797,2,40722,40757,13,12296,1,0,'2022-03-05','2022-03-05',23000.00,1,1.00,'Factura C N°: 0002-00000562',NULL,NULL,'2023-04-07 08:20:58','2023-04-07 08:20:58',NULL),(1798,7922,0,NULL,1798,2,40722,40757,13,12296,1,0,'2022-03-05','2022-03-05',12500.00,1,1.00,'Factura C N°: 0002-00000563',NULL,NULL,'2023-04-07 08:20:58','2023-04-07 08:20:58',NULL),(1799,7922,0,NULL,1799,2,40722,40878,13,12296,1,0,'2022-03-11','2022-03-11',600.00,1,1.00,'Factura C N°: 0002-00000564',NULL,NULL,'2023-04-07 08:20:58','2023-04-07 08:20:58',NULL),(1800,7922,0,NULL,1800,2,40722,40878,13,12296,1,0,'2022-03-11','2022-03-11',2150.00,1,1.00,'Factura C N°: 0002-00000565',NULL,NULL,'2023-04-07 08:20:58','2023-04-07 08:20:58',NULL),(1801,7922,0,NULL,1801,2,40722,40881,13,12296,1,0,'2022-03-11','2022-03-11',550.00,1,1.00,'Factura C N°: 0002-00000566',NULL,NULL,'2023-04-07 08:20:58','2023-04-07 08:20:58',NULL),(1802,7922,0,NULL,1802,2,40722,40874,13,12296,1,0,'2022-03-11','2022-03-11',3850.00,1,1.00,'Factura C N°: 0002-00000567',NULL,NULL,'2023-04-07 08:20:58','2023-04-07 08:20:58',NULL),(1803,7922,0,NULL,1803,2,40722,40883,13,12296,1,0,'2022-03-15','2022-03-15',2000.00,1,1.00,'Factura C N°: 0002-00000568',NULL,NULL,'2023-04-07 08:20:58','2023-04-07 08:20:58',NULL),(1804,7922,0,NULL,1804,2,40722,40757,13,12296,1,0,'2022-03-16','2022-03-16',22100.00,1,1.00,'Factura C N°: 0002-00000569',NULL,NULL,'2023-04-07 08:20:58','2023-04-07 08:20:58',NULL),(1805,7922,0,NULL,1805,2,40722,40877,13,12296,1,0,'2022-03-16','2022-03-16',600.00,1,1.00,'Factura C N°: 0002-00000570',NULL,NULL,'2023-04-07 08:20:58','2023-04-07 08:20:58',NULL),(1806,7922,0,NULL,1806,2,40722,40874,13,12296,1,0,'2022-03-16','2022-03-16',1200.00,1,1.00,'Factura C N°: 0002-00000571',NULL,NULL,'2023-04-07 08:20:58','2023-04-07 08:20:58',NULL);
INSERT INTO `cta_cte_cliente` VALUES (1807,7922,0,NULL,1807,2,40722,40884,13,12296,1,0,'2022-03-21','2022-03-21',800.00,1,1.00,'Factura C N°: 0002-00000572',NULL,NULL,'2023-04-07 08:20:58','2023-04-07 08:20:58',NULL),(1808,7922,0,NULL,1808,2,40722,40884,13,12296,1,0,'2022-03-21','2022-03-21',2100.00,1,1.00,'Factura C N°: 0002-00000573',NULL,NULL,'2023-04-07 08:20:58','2023-04-07 08:20:58',NULL),(1809,7922,0,NULL,1809,2,40722,40885,13,12296,1,0,'2022-03-22','2022-03-22',2460.00,1,1.00,'Factura C N°: 0002-00000574',NULL,NULL,'2023-04-07 08:20:58','2023-04-07 08:20:58',NULL),(1810,7922,0,NULL,1810,2,40722,40874,13,12296,1,0,'2022-03-29','2022-03-29',980.00,1,1.00,'Factura C N°: 0002-00000575',NULL,NULL,'2023-04-07 08:20:58','2023-04-07 08:20:58',NULL),(1811,7922,0,NULL,1811,2,40722,40877,13,12296,1,0,'2022-03-30','2022-03-30',600.00,1,1.00,'Factura C N°: 0002-00000576',NULL,NULL,'2023-04-07 08:20:58','2023-04-07 08:20:58',NULL),(1812,7922,0,NULL,1812,2,40722,40757,13,12296,1,0,'2022-03-30','2022-03-30',10500.00,1,1.00,'Factura C N°: 0002-00000577',NULL,NULL,'2023-04-07 08:20:58','2023-04-07 08:20:58',NULL),(1813,7922,0,NULL,1813,2,40722,40757,13,12296,1,0,'2022-03-30','2022-03-30',990.00,1,1.00,'Factura C N°: 0002-00000578',NULL,NULL,'2023-04-07 08:20:58','2023-04-07 08:20:58',NULL),(1814,7922,0,NULL,1814,2,40722,40757,13,12296,1,0,'2022-03-30','2022-03-30',890.00,1,1.00,'Factura C N°: 0002-00000579',NULL,NULL,'2023-04-07 08:20:58','2023-04-07 08:20:58',NULL),(1815,7922,0,NULL,1815,2,40722,40757,13,12296,1,0,'2022-03-30','2022-03-30',980.00,1,1.00,'Factura C N°: 0002-00000580',NULL,NULL,'2023-04-07 08:20:58','2023-04-07 08:20:58',NULL),(1816,7922,0,NULL,1816,2,40722,40757,13,12296,1,0,'2022-03-30','2022-03-30',10800.00,1,1.00,'Factura C N°: 0002-00000581',NULL,NULL,'2023-04-07 08:20:58','2023-04-07 08:20:58',NULL),(1817,7922,0,NULL,1817,2,40722,40757,13,12296,1,0,'2022-03-30','2022-03-30',7800.00,1,1.00,'Factura C N°: 0002-00000582',NULL,NULL,'2023-04-07 08:20:58','2023-04-07 08:20:58',NULL),(1818,7922,0,NULL,1818,2,40722,40757,13,12296,1,0,'2022-03-30','2022-03-30',8900.00,1,1.00,'Factura C N°: 0002-00000583',NULL,NULL,'2023-04-07 08:20:58','2023-04-07 08:20:58',NULL),(1819,7922,0,NULL,1819,2,40722,40757,13,12296,1,0,'2022-03-30','2022-03-30',8960.00,1,1.00,'Factura C N°: 0002-00000584',NULL,NULL,'2023-04-07 08:20:58','2023-04-07 08:20:58',NULL),(1820,7922,0,NULL,1820,2,40722,40757,13,12296,1,0,'2022-05-03','2022-05-03',1600.00,1,1.00,'Factura C N°: 0002-00000610',NULL,NULL,'2023-04-07 08:21:48','2023-04-07 08:21:48',NULL),(1821,7922,0,NULL,1821,2,40722,40883,13,12296,1,0,'2022-05-06','2022-05-06',2200.00,1,1.00,'Factura C N°: 0002-00000611',NULL,NULL,'2023-04-07 08:21:48','2023-04-07 08:21:48',NULL),(1822,7922,0,NULL,1822,2,40722,40871,13,12296,1,0,'2022-05-13','2022-05-13',3210.00,1,1.00,'Factura C N°: 0002-00000612',NULL,NULL,'2023-04-07 08:21:48','2023-04-07 08:21:48',NULL),(1823,7922,0,NULL,1823,2,40722,40871,13,12296,1,0,'2022-05-13','2022-05-13',3300.00,1,1.00,'Factura C N°: 0002-00000613',NULL,NULL,'2023-04-07 08:21:48','2023-04-07 08:21:48',NULL),(1824,7922,0,NULL,1824,2,40722,40886,13,12296,1,0,'2022-05-13','2022-05-13',2600.00,1,1.00,'Factura C N°: 0002-00000614',NULL,NULL,'2023-04-07 08:21:48','2023-04-07 08:21:48',NULL),(1825,7922,0,NULL,1825,2,40722,40757,13,12296,1,0,'2022-05-18','2022-05-18',10000.00,1,1.00,'Factura C N°: 0002-00000615',NULL,NULL,'2023-04-07 08:21:48','2023-04-07 08:21:48',NULL),(1826,7922,0,NULL,1826,2,40722,40757,13,12296,1,0,'2022-05-19','2022-05-19',17500.00,1,1.00,'Factura C N°: 0002-00000616',NULL,NULL,'2023-04-07 08:21:48','2023-04-07 08:21:48',NULL),(1827,7922,0,NULL,1827,2,40722,40757,13,12296,1,0,'2022-05-20','2022-05-20',18200.00,1,1.00,'Factura C N°: 0002-00000617',NULL,NULL,'2023-04-07 08:21:49','2023-04-07 08:21:49',NULL),(1828,7922,0,NULL,1828,2,40722,40887,13,12296,1,0,'2022-05-27','2022-05-27',700.00,1,1.00,'Factura C N°: 0002-00000618',NULL,NULL,'2023-04-07 08:21:49','2023-04-07 08:21:49',NULL);
INSERT INTO `cta_cte_cliente` VALUES (1829,7922,0,NULL,1829,2,40722,40888,13,12297,1,0,'2022-06-01','2022-06-01',5600.00,1,1.00,'Factura C N°: 0002-00000619',NULL,NULL,'2023-04-07 08:22:14','2023-04-07 08:22:14',NULL),(1830,7922,0,NULL,1830,2,40722,40889,13,12297,1,0,'2022-06-01','2022-06-01',1400.00,1,1.00,'Factura C N°: 0002-00000620',NULL,NULL,'2023-04-07 08:22:14','2023-04-07 08:22:14',NULL),(1831,7922,0,NULL,1831,2,40722,40874,13,12297,1,0,'2022-06-02','2022-06-02',1200.00,1,1.00,'Factura C N°: 0002-00000621',NULL,NULL,'2023-04-07 08:22:14','2023-04-07 08:22:14',NULL),(1832,7922,0,NULL,1832,2,40722,40757,13,12297,1,0,'2022-06-07','2022-06-07',5800.00,1,1.00,'Factura C N°: 0002-00000622',NULL,NULL,'2023-04-07 08:22:14','2023-04-07 08:22:14',NULL),(1833,7922,0,NULL,1833,2,40722,40757,13,12297,1,0,'2022-06-07','2022-06-07',9800.00,1,1.00,'Factura C N°: 0002-00000623',NULL,NULL,'2023-04-07 08:22:14','2023-04-07 08:22:14',NULL),(1834,7922,0,NULL,1834,2,40722,40757,13,12297,1,0,'2022-06-07','2022-06-07',3520.00,1,1.00,'Factura C N°: 0002-00000624',NULL,NULL,'2023-04-07 08:22:14','2023-04-07 08:22:14',NULL),(1835,7922,0,NULL,1835,2,40722,40757,13,12297,1,0,'2022-06-07','2022-06-07',10650.00,1,1.00,'Factura C N°: 0002-00000625',NULL,NULL,'2023-04-07 08:22:14','2023-04-07 08:22:14',NULL),(1836,7922,0,NULL,1836,2,40722,40890,13,12297,1,0,'2022-06-07','2022-06-07',4500.00,1,1.00,'Factura C N°: 0002-00000626',NULL,NULL,'2023-04-07 08:22:14','2023-04-07 08:22:14',NULL),(1837,7922,0,NULL,1837,2,40722,40874,13,12297,1,0,'2022-06-07','2022-06-07',3320.00,1,1.00,'Factura C N°: 0002-00000627',NULL,NULL,'2023-04-07 08:22:14','2023-04-07 08:22:14',NULL),(1838,7922,0,NULL,1838,2,40722,40757,13,12297,1,0,'2022-06-09','2022-06-09',8500.00,1,1.00,'Factura C N°: 0002-00000628',NULL,NULL,'2023-04-07 08:22:14','2023-04-07 08:22:14',NULL),(1839,7922,0,NULL,1839,2,40722,40757,13,12297,1,0,'2022-06-09','2022-06-09',15200.00,1,1.00,'Factura C N°: 0002-00000629',NULL,NULL,'2023-04-07 08:22:14','2023-04-07 08:22:14',NULL),(1840,7922,0,NULL,1840,2,40722,40891,13,12297,1,0,'2022-06-09','2022-06-09',1320.00,1,1.00,'Factura C N°: 0002-00000630',NULL,NULL,'2023-04-07 08:22:14','2023-04-07 08:22:14',NULL),(1841,7922,0,NULL,1841,2,40722,40757,13,12297,1,0,'2022-06-13','2022-06-13',15200.00,1,1.00,'Factura C N°: 0002-00000631',NULL,NULL,'2023-04-07 08:22:14','2023-04-07 08:22:14',NULL),(1842,7922,0,NULL,1842,2,40722,40892,13,12297,1,0,'2022-06-13','2022-06-13',2850.00,1,1.00,'Factura C N°: 0002-00000632',NULL,NULL,'2023-04-07 08:22:14','2023-04-07 08:22:14',NULL),(1843,7922,0,NULL,1843,2,40722,40876,13,12297,1,0,'2022-06-13','2022-06-13',3200.00,1,1.00,'Factura C N°: 0002-00000633',NULL,NULL,'2023-04-07 08:22:14','2023-04-07 08:22:14',NULL),(1844,7922,0,NULL,1844,2,40722,40875,13,12297,1,0,'2022-06-14','2022-06-14',8470.00,1,1.00,'Factura C N°: 0002-00000634',NULL,NULL,'2023-04-07 08:22:14','2023-04-07 08:22:14',NULL),(1845,7922,0,NULL,1845,2,40722,40875,13,12297,1,0,'2022-06-14','2022-06-14',1600.00,1,1.00,'Factura C N°: 0002-00000635',NULL,NULL,'2023-04-07 08:22:14','2023-04-07 08:22:14',NULL),(1846,7922,0,NULL,1846,2,40722,40893,13,12297,1,0,'2022-06-18','2022-06-18',5580.00,1,1.00,'Factura C N°: 0002-00000636',NULL,NULL,'2023-04-07 08:22:14','2023-04-07 08:22:14',NULL),(1847,7922,0,NULL,1847,2,40722,40874,13,12297,1,0,'2022-06-18','2022-06-18',900.00,1,1.00,'Factura C N°: 0002-00000637',NULL,NULL,'2023-04-07 08:22:14','2023-04-07 08:22:14',NULL),(1848,7922,0,NULL,1848,2,40722,40878,13,12297,1,0,'2022-06-18','2022-06-18',1260.00,1,1.00,'Factura C N°: 0002-00000638',NULL,NULL,'2023-04-07 08:22:14','2023-04-07 08:22:14',NULL),(1849,7922,0,NULL,1849,2,40722,40894,13,12297,1,0,'2022-06-18','2022-06-18',660.00,1,1.00,'Factura C N°: 0002-00000639',NULL,NULL,'2023-04-07 08:22:14','2023-04-07 08:22:14',NULL),(1850,7922,0,NULL,1850,2,40722,40871,13,12297,1,0,'2022-06-18','2022-06-18',5280.00,1,1.00,'Factura C N°: 0002-00000640',NULL,NULL,'2023-04-07 08:22:14','2023-04-07 08:22:14',NULL);
INSERT INTO `cta_cte_cliente` VALUES (1851,7922,0,NULL,1851,2,40722,40884,13,12297,1,0,'2022-06-23','2022-06-23',900.00,1,1.00,'Factura C N°: 0002-00000641',NULL,NULL,'2023-04-07 08:22:14','2023-04-07 08:22:14',NULL),(1852,7922,0,NULL,1852,2,40722,40757,13,12297,1,0,'2022-06-24','2022-06-24',1800.00,1,1.00,'Factura C N°: 0002-00000642',NULL,NULL,'2023-04-07 08:22:14','2023-04-07 08:22:14',NULL),(1853,7922,0,NULL,1853,2,40722,40895,13,12297,1,0,'2022-06-24','2022-06-24',700.00,1,1.00,'Factura C N°: 0002-00000643',NULL,NULL,'2023-04-07 08:22:14','2023-04-07 08:22:14',NULL),(1854,7922,0,NULL,1854,2,40722,40757,13,12297,1,0,'2022-06-26','2022-06-26',2800.00,1,1.00,'Factura C N°: 0002-00000644',NULL,NULL,'2023-04-07 08:22:14','2023-04-07 08:22:14',NULL),(1855,7922,0,NULL,1855,2,40722,40883,13,12299,1,0,'2022-08-02','2022-08-02',1200.00,1,1.00,'Factura C N°: 0002-00000666',NULL,NULL,'2023-04-07 08:22:54','2023-04-07 08:22:54',NULL),(1856,7922,0,NULL,1856,2,40722,40884,13,12299,1,0,'2022-08-02','2022-08-02',3600.00,1,1.00,'Factura C N°: 0002-00000667',NULL,NULL,'2023-04-07 08:22:54','2023-04-07 08:22:54',NULL),(1857,7922,0,NULL,1857,2,40722,40884,13,12299,1,0,'2022-08-02','2022-08-02',2700.00,1,1.00,'Factura C N°: 0002-00000668',NULL,NULL,'2023-04-07 08:22:54','2023-04-07 08:22:54',NULL),(1858,7922,0,NULL,1858,2,40722,40880,13,12299,1,0,'2022-08-03','2022-08-03',1500.00,1,1.00,'Factura C N°: 0002-00000669',NULL,NULL,'2023-04-07 08:22:54','2023-04-07 08:22:54',NULL),(1859,7922,0,NULL,1859,2,40722,40893,13,12299,1,0,'2022-08-03','2022-08-03',4570.00,1,1.00,'Factura C N°: 0002-00000670',NULL,NULL,'2023-04-07 08:22:54','2023-04-07 08:22:54',NULL),(1860,7922,0,NULL,1860,2,40722,40876,13,12299,1,0,'2022-08-03','2022-08-03',700.00,1,1.00,'Factura C N°: 0002-00000671',NULL,NULL,'2023-04-07 08:22:54','2023-04-07 08:22:54',NULL),(1861,7922,0,NULL,1861,2,40722,40896,13,12299,1,0,'2022-08-05','2022-08-05',800.00,1,1.00,'Factura C N°: 0002-00000672',NULL,NULL,'2023-04-07 08:22:54','2023-04-07 08:22:54',NULL),(1862,7922,0,NULL,1862,2,40722,40874,13,12299,1,0,'2022-08-05','2022-08-05',800.00,1,1.00,'Factura C N°: 0002-00000673',NULL,NULL,'2023-04-07 08:22:54','2023-04-07 08:22:54',NULL),(1863,7922,0,NULL,1863,2,40722,40874,13,12299,1,0,'2022-08-06','2022-08-06',1400.00,1,1.00,'Factura C N°: 0002-00000674',NULL,NULL,'2023-04-07 08:22:54','2023-04-07 08:22:54',NULL),(1864,7922,0,NULL,1864,2,40722,40879,13,12299,1,0,'2022-08-09','2022-08-09',3730.00,1,1.00,'Factura C N°: 0002-00000675',NULL,NULL,'2023-04-07 08:22:54','2023-04-07 08:22:54',NULL),(1865,7922,0,NULL,1865,2,40722,40893,13,12299,1,0,'2022-08-09','2022-08-09',3400.00,1,1.00,'Factura C N°: 0002-00000676',NULL,NULL,'2023-04-07 08:22:54','2023-04-07 08:22:54',NULL),(1866,7922,0,NULL,1866,2,40722,40881,13,12299,1,0,'2022-08-09','2022-08-09',700.00,1,1.00,'Factura C N°: 0002-00000677',NULL,NULL,'2023-04-07 08:22:54','2023-04-07 08:22:54',NULL),(1867,7922,0,NULL,1867,2,40722,40893,13,12299,1,0,'2022-08-11','2022-08-11',700.00,1,1.00,'Factura C N°: 0002-00000678',NULL,NULL,'2023-04-07 08:22:54','2023-04-07 08:22:54',NULL),(1868,7922,0,NULL,1868,2,40722,40876,13,12299,1,0,'2022-08-11','2022-08-11',700.00,1,1.00,'Factura C N°: 0002-00000679',NULL,NULL,'2023-04-07 08:22:54','2023-04-07 08:22:54',NULL),(1869,7922,0,NULL,1869,2,40722,40893,13,12299,1,0,'2022-08-17','2022-08-17',2900.00,1,1.00,'Factura C N°: 0002-00000680',NULL,NULL,'2023-04-07 08:22:54','2023-04-07 08:22:54',NULL),(1870,7922,0,NULL,1870,2,40722,40871,13,12299,1,0,'2022-08-17','2022-08-17',3670.00,1,1.00,'Factura C N°: 0002-00000681',NULL,NULL,'2023-04-07 08:22:54','2023-04-07 08:22:54',NULL),(1871,7922,0,NULL,1871,2,40722,40893,13,12299,1,0,'2022-08-24','2022-08-24',4480.00,1,1.00,'Factura C N°: 0002-00000682',NULL,NULL,'2023-04-07 08:22:55','2023-04-07 08:22:55',NULL),(1872,7922,0,NULL,1872,2,40722,40887,13,12299,1,0,'2022-08-24','2022-08-24',1400.00,1,1.00,'Factura C N°: 0002-00000683',NULL,NULL,'2023-04-07 08:22:55','2023-04-07 08:22:55',NULL);
INSERT INTO `cta_cte_cliente` VALUES (1873,7922,0,NULL,1873,2,40722,40875,13,12299,1,0,'2022-08-24','2022-08-24',42000.00,1,1.00,'Factura C N°: 0002-00000684',NULL,NULL,'2023-04-07 08:22:55','2023-04-07 08:22:55',NULL),(1874,7922,0,NULL,1874,2,40722,40893,13,12299,1,0,'2022-08-26','2022-08-26',5400.00,1,1.00,'Factura C N°: 0002-00000685',NULL,NULL,'2023-04-07 08:22:55','2023-04-07 08:22:55',NULL),(1875,7922,0,NULL,1875,2,40722,40897,13,12299,1,0,'2022-08-26','2022-08-26',38300.00,1,1.00,'Factura C N°: 0002-00000686',NULL,NULL,'2023-04-07 08:22:55','2023-04-07 08:22:55',NULL),(1876,7922,0,NULL,1876,2,40722,40893,13,12299,1,0,'2022-08-30','2022-08-30',14400.00,1,1.00,'Factura C N°: 0002-00000687',NULL,NULL,'2023-04-07 08:22:55','2023-04-07 08:22:55',NULL),(1877,7922,0,NULL,1877,2,40722,40874,13,12299,1,0,'2022-08-31','2022-08-31',1150.00,1,1.00,'Factura C N°: 0002-00000688',NULL,NULL,'2023-04-07 08:22:55','2023-04-07 08:22:55',NULL),(1878,7922,0,NULL,1878,2,40722,40881,13,12299,1,0,'2022-08-31','2022-08-31',700.00,1,1.00,'Factura C N°: 0002-00000689',NULL,NULL,'2023-04-07 08:22:55','2023-04-07 08:22:55',NULL),(1879,7922,0,NULL,1879,2,40722,40757,13,12300,1,0,'2022-09-06','2022-09-06',900.00,1,1.00,'Factura C N°: 0002-00000690',NULL,NULL,'2023-04-07 08:23:16','2023-04-07 08:23:16',NULL),(1880,7922,0,NULL,1880,2,40722,40898,13,12300,1,0,'2022-09-07','2022-09-07',4200.00,1,1.00,'Factura C N°: 0002-00000691',NULL,NULL,'2023-04-07 08:23:16','2023-04-07 08:23:16',NULL),(1881,7922,0,NULL,1881,2,40722,40874,13,12300,1,0,'2022-09-07','2022-09-07',700.00,1,1.00,'Factura C N°: 0002-00000692',NULL,NULL,'2023-04-07 08:23:16','2023-04-07 08:23:16',NULL),(1882,7922,0,NULL,1882,2,40722,40898,13,12300,1,0,'2022-09-10','2022-09-10',3600.00,1,1.00,'Factura C N°: 0002-00000693',NULL,NULL,'2023-04-07 08:23:16','2023-04-07 08:23:16',NULL),(1883,7922,0,NULL,1883,2,40722,40893,13,12300,1,0,'2022-09-14','2022-09-14',10600.00,1,1.00,'Factura C N°: 0002-00000694',NULL,NULL,'2023-04-07 08:23:16','2023-04-07 08:23:16',NULL),(1884,7922,0,NULL,1884,2,40722,40878,13,12300,1,0,'2022-09-14','2022-09-14',2100.00,1,1.00,'Factura C N°: 0002-00000695',NULL,NULL,'2023-04-07 08:23:16','2023-04-07 08:23:16',NULL),(1885,7922,0,NULL,1885,2,40722,40881,13,12300,1,0,'2022-09-14','2022-09-14',700.00,1,1.00,'Factura C N°: 0002-00000696',NULL,NULL,'2023-04-07 08:23:16','2023-04-07 08:23:16',NULL),(1886,7922,0,NULL,1886,2,40722,40881,13,12300,1,0,'2022-09-14','2022-09-14',700.00,1,1.00,'Factura C N°: 0002-00000697',NULL,NULL,'2023-04-07 08:23:16','2023-04-07 08:23:16',NULL),(1887,7922,0,NULL,1887,2,40722,40871,13,12300,1,0,'2022-09-14','2022-09-14',6180.00,1,1.00,'Factura C N°: 0002-00000698',NULL,NULL,'2023-04-07 08:23:16','2023-04-07 08:23:16',NULL),(1888,7922,0,NULL,1888,2,40722,40874,13,12300,1,0,'2022-09-17','2022-09-17',5300.00,1,1.00,'Factura C N°: 0002-00000699',NULL,NULL,'2023-04-07 08:23:16','2023-04-07 08:23:16',NULL),(1889,7922,0,NULL,1889,2,40722,40893,13,12300,1,0,'2022-09-22','2022-09-22',6100.00,1,1.00,'Factura C N°: 0002-00000700',NULL,NULL,'2023-04-07 08:23:16','2023-04-07 08:23:16',NULL),(1890,7922,0,NULL,1890,2,40722,40876,13,12300,1,0,'2022-09-22','2022-09-22',2250.00,1,1.00,'Factura C N°: 0002-00000701',NULL,NULL,'2023-04-07 08:23:16','2023-04-07 08:23:16',NULL),(1891,7922,0,NULL,1891,2,40722,40874,13,12300,1,0,'2022-09-22','2022-09-22',700.00,1,1.00,'Factura C N°: 0002-00000702',NULL,NULL,'2023-04-07 08:23:16','2023-04-07 08:23:16',NULL),(1892,7922,0,NULL,1892,2,40722,40893,13,12300,1,0,'2022-09-27','2022-09-27',800.00,1,1.00,'Factura C N°: 0002-00000703',NULL,NULL,'2023-04-07 08:23:16','2023-04-07 08:23:16',NULL),(1893,7922,0,NULL,1893,2,40722,40876,13,12300,1,0,'2022-09-27','2022-09-27',800.00,1,1.00,'Factura C N°: 0002-00000704',NULL,NULL,'2023-04-07 08:23:16','2023-04-07 08:23:16',NULL),(1894,7922,0,NULL,1894,2,40722,40899,13,12300,1,0,'2022-09-27','2022-09-27',4000.00,1,1.00,'Factura C N°: 0002-00000705',NULL,NULL,'2023-04-07 08:23:16','2023-04-07 08:23:16',NULL);
INSERT INTO `cta_cte_cliente` VALUES (1895,7922,0,NULL,1895,2,40722,40874,13,12300,1,0,'2022-09-29','2022-09-29',600.00,1,1.00,'Factura C N°: 0002-00000706',NULL,NULL,'2023-04-07 08:23:16','2023-04-07 08:23:16',NULL),(1896,7922,0,NULL,1896,2,40722,40888,13,12301,1,0,'2022-10-01','2022-10-01',23000.00,1,1.00,'Factura C N°: 0002-00000707',NULL,NULL,'2023-04-07 08:23:57','2023-04-07 08:23:57',NULL),(1897,7922,0,NULL,1897,2,40722,40878,13,12301,1,0,'2022-10-01','2022-10-01',2100.00,1,1.00,'Factura C N°: 0002-00000708',NULL,NULL,'2023-04-07 08:23:57','2023-04-07 08:23:57',NULL),(1898,7922,0,NULL,1898,2,40722,40900,13,12301,1,0,'2022-10-05','2022-10-05',600.00,1,1.00,'Factura C N°: 0002-00000709',NULL,NULL,'2023-04-07 08:23:57','2023-04-07 08:23:57',NULL),(1899,7922,0,NULL,1899,2,40722,40876,13,12301,1,0,'2022-10-05','2022-10-05',4200.00,1,1.00,'Factura C N°: 0002-00000710',NULL,NULL,'2023-04-07 08:23:57','2023-04-07 08:23:57',NULL),(1900,7922,0,NULL,1900,2,40722,40893,13,12301,1,0,'2022-10-06','2022-10-06',12810.00,1,1.00,'Factura C N°: 0002-00000711',NULL,NULL,'2023-04-07 08:23:57','2023-04-07 08:23:57',NULL),(1901,7922,0,NULL,1901,2,40722,40901,13,12301,1,0,'2022-10-06','2022-10-06',9000.00,1,1.00,'Factura C N°: 0002-00000712',NULL,NULL,'2023-04-07 08:23:57','2023-04-07 08:23:57',NULL),(1902,7922,0,NULL,1902,2,40722,40878,13,12301,1,0,'2022-10-06','2022-10-06',800.00,1,1.00,'Factura C N°: 0002-00000713',NULL,NULL,'2023-04-07 08:23:57','2023-04-07 08:23:57',NULL),(1903,7922,0,NULL,1903,2,40722,40892,13,12301,1,0,'2022-10-06','2022-10-06',800.00,1,1.00,'Factura C N°: 0002-00000714',NULL,NULL,'2023-04-07 08:23:57','2023-04-07 08:23:57',NULL),(1904,7922,0,NULL,1904,2,40722,40878,13,12301,1,0,'2022-10-06','2022-10-06',1400.00,1,1.00,'Factura C N°: 0002-00000715',NULL,NULL,'2023-04-07 08:23:57','2023-04-07 08:23:57',NULL),(1905,7922,0,NULL,1905,2,40722,40887,13,12301,1,0,'2022-10-11','2022-10-11',800.00,1,1.00,'Factura C N°: 0002-00000716',NULL,NULL,'2023-04-07 08:23:57','2023-04-07 08:23:57',NULL),(1906,7922,0,NULL,1906,2,40722,40757,13,12301,1,0,'2022-10-12','2022-10-12',13500.00,1,1.00,'Factura C N°: 0002-00000717',NULL,NULL,'2023-04-07 08:23:57','2023-04-07 08:23:57',NULL),(1907,7922,0,NULL,1907,2,40722,40757,13,12301,1,0,'2022-10-12','2022-10-12',12500.00,1,1.00,'Factura C N°: 0002-00000718',NULL,NULL,'2023-04-07 08:23:58','2023-04-07 08:23:58',NULL),(1908,7922,0,NULL,1908,2,40722,40871,13,12301,1,0,'2022-10-12','2022-10-12',2400.00,1,1.00,'Factura C N°: 0002-00000719',NULL,NULL,'2023-04-07 08:23:58','2023-04-07 08:23:58',NULL),(1909,7922,0,NULL,1909,2,40722,40881,13,12301,1,0,'2022-10-12','2022-10-12',800.00,1,1.00,'Factura C N°: 0002-00000720',NULL,NULL,'2023-04-07 08:23:58','2023-04-07 08:23:58',NULL),(1910,7922,0,NULL,1910,2,40722,40893,13,12301,1,0,'2022-10-12','2022-10-12',2300.00,1,1.00,'Factura C N°: 0002-00000721',NULL,NULL,'2023-04-07 08:23:58','2023-04-07 08:23:58',NULL),(1911,7922,0,NULL,1911,2,40722,40876,13,12301,1,0,'2022-10-12','2022-10-12',1400.00,1,1.00,'Factura C N°: 0002-00000722',NULL,NULL,'2023-04-07 08:23:58','2023-04-07 08:23:58',NULL),(1912,7922,0,NULL,1912,2,40722,40880,13,12301,1,0,'2022-10-12','2022-10-12',1500.00,1,1.00,'Factura C N°: 0002-00000723',NULL,NULL,'2023-04-07 08:23:58','2023-04-07 08:23:58',NULL),(1913,7922,0,NULL,1913,2,40722,40892,13,12301,1,0,'2022-10-12','2022-10-12',800.00,1,1.00,'Factura C N°: 0002-00000724',NULL,NULL,'2023-04-07 08:23:58','2023-04-07 08:23:58',NULL),(1914,7922,0,NULL,1914,2,40722,40883,13,12301,1,0,'2022-10-17','2022-10-17',5100.00,1,1.00,'Factura C N°: 0002-00000725',NULL,NULL,'2023-04-07 08:23:58','2023-04-07 08:23:58',NULL),(1915,7922,0,NULL,1915,2,40722,40876,13,12301,1,0,'2022-10-17','2022-10-17',800.00,1,1.00,'Factura C N°: 0002-00000726',NULL,NULL,'2023-04-07 08:23:58','2023-04-07 08:23:58',NULL),(1916,7922,0,NULL,1916,2,40722,40893,13,12301,1,0,'2022-10-17','2022-10-17',4580.00,1,1.00,'Factura C N°: 0002-00000727',NULL,NULL,'2023-04-07 08:23:58','2023-04-07 08:23:58',NULL);
INSERT INTO `cta_cte_cliente` VALUES (1917,7922,0,NULL,1917,2,40722,40871,13,12301,1,0,'2022-10-17','2022-10-17',15350.00,1,1.00,'Factura C N°: 0002-00000728',NULL,NULL,'2023-04-07 08:23:58','2023-04-07 08:23:58',NULL),(1918,7922,0,NULL,1918,2,40722,40878,13,12301,1,0,'2022-10-17','2022-10-17',980.00,1,1.00,'Factura C N°: 0002-00000729',NULL,NULL,'2023-04-07 08:23:58','2023-04-07 08:23:58',NULL),(1919,7922,0,NULL,1919,2,40722,40895,13,12301,1,0,'2022-10-18','2022-10-18',400.00,1,1.00,'Factura C N°: 0002-00000730',NULL,NULL,'2023-04-07 08:23:58','2023-04-07 08:23:58',NULL),(1920,7922,0,NULL,1920,2,40722,40757,13,12301,1,0,'2022-10-18','2022-10-18',15500.00,1,1.00,'Factura C N°: 0002-00000731',NULL,NULL,'2023-04-07 08:23:58','2023-04-07 08:23:58',NULL),(1921,7922,0,NULL,1921,2,40722,40757,13,12301,1,0,'2022-10-18','2022-10-18',25500.00,1,1.00,'Factura C N°: 0002-00000732',NULL,NULL,'2023-04-07 08:23:58','2023-04-07 08:23:58',NULL),(1922,7922,0,NULL,1922,2,40722,40874,13,12301,1,0,'2022-10-19','2022-10-19',1500.00,1,1.00,'Factura C N°: 0002-00000733',NULL,NULL,'2023-04-07 08:23:58','2023-04-07 08:23:58',NULL),(1923,7922,0,NULL,1923,2,40722,40876,13,12301,1,0,'2022-10-19','2022-10-19',1500.00,1,1.00,'Factura C N°: 0002-00000734',NULL,NULL,'2023-04-07 08:23:58','2023-04-07 08:23:58',NULL),(1924,7922,0,NULL,1924,2,40722,40902,13,12301,1,0,'2022-10-20','2022-10-20',17500.00,1,1.00,'Factura C N°: 0002-00000735',NULL,NULL,'2023-04-07 08:23:58','2023-04-07 08:23:58',NULL),(1925,7922,0,NULL,1925,2,40722,40874,13,12301,1,0,'2022-10-22','2022-10-22',6300.00,1,1.00,'Factura C N°: 0002-00000736',NULL,NULL,'2023-04-07 08:23:58','2023-04-07 08:23:58',NULL),(1926,7922,0,NULL,1926,2,40722,40893,13,12301,1,0,'2022-10-22','2022-10-22',5650.00,1,1.00,'Factura C N°: 0002-00000737',NULL,NULL,'2023-04-07 08:23:58','2023-04-07 08:23:58',NULL),(1927,7922,0,NULL,1927,2,40722,40893,13,12301,1,0,'2022-10-25','2022-10-25',8200.00,1,1.00,'Factura C N°: 0002-00000738',NULL,NULL,'2023-04-07 08:23:58','2023-04-07 08:23:58',NULL),(1928,7922,0,NULL,1928,2,40722,40757,13,12301,1,0,'2022-10-26','2022-10-26',25000.00,1,1.00,'Factura C N°: 0002-00000739',NULL,NULL,'2023-04-07 08:23:58','2023-04-07 08:23:58',NULL),(1929,7922,0,NULL,1929,2,40722,40888,13,12301,1,0,'2022-10-26','2022-10-26',2400.00,1,1.00,'Factura C N°: 0002-00000740',NULL,NULL,'2023-04-07 08:23:58','2023-04-07 08:23:58',NULL),(1930,7922,0,NULL,1930,2,40722,40893,13,12301,1,0,'2022-10-27','2022-10-27',6800.00,1,1.00,'Factura C N°: 0002-00000741',NULL,NULL,'2023-04-07 08:23:58','2023-04-07 08:23:58',NULL),(1931,7922,0,NULL,1931,2,40722,40876,13,12301,1,0,'2022-10-27','2022-10-27',1500.00,1,1.00,'Factura C N°: 0002-00000742',NULL,NULL,'2023-04-07 08:23:58','2023-04-07 08:23:58',NULL),(1932,7922,0,NULL,1932,2,40722,40871,13,12301,1,0,'2022-10-27','2022-10-27',2900.00,1,1.00,'Factura C N°: 0002-00000743',NULL,NULL,'2023-04-07 08:23:58','2023-04-07 08:23:58',NULL),(1933,7922,0,NULL,1933,2,40722,40878,13,12301,1,0,'2022-10-27','2022-10-27',1500.00,1,1.00,'Factura C N°: 0002-00000744',NULL,NULL,'2023-04-07 08:23:58','2023-04-07 08:23:58',NULL),(1934,7922,0,NULL,1934,2,40722,40893,13,12302,1,0,'2022-11-01','2022-11-01',5100.00,1,1.00,'Factura C N°: 0002-00000745',NULL,NULL,'2023-04-07 08:24:26','2023-04-07 08:24:26',NULL),(1935,7922,0,NULL,1935,2,40722,40883,13,12302,1,0,'2022-11-01','2022-11-01',1200.00,1,1.00,'Factura C N°: 0002-00000746',NULL,NULL,'2023-04-07 08:24:26','2023-04-07 08:24:26',NULL),(1936,7922,0,NULL,1936,2,40722,40901,13,12302,1,0,'2022-11-02','2022-11-02',4000.00,1,1.00,'Factura C N°: 0002-00000747',NULL,NULL,'2023-04-07 08:24:26','2023-04-07 08:24:26',NULL),(1937,7922,0,NULL,1937,2,40722,40890,13,12302,1,0,'2022-11-02','2022-11-02',21800.00,1,1.00,'Factura C N°: 0002-00000748',NULL,NULL,'2023-04-07 08:24:26','2023-04-07 08:24:26',NULL),(1938,7922,0,NULL,1938,2,40722,40874,13,12302,1,0,'2022-11-05','2022-11-05',2800.00,1,1.00,'Factura C N°: 0002-00000749',NULL,NULL,'2023-04-07 08:24:26','2023-04-07 08:24:26',NULL);
INSERT INTO `cta_cte_cliente` VALUES (1939,7922,0,NULL,1939,2,40722,40895,13,12302,1,0,'2022-11-09','2022-11-09',700.00,1,1.00,'Factura C N°: 0002-00000750',NULL,NULL,'2023-04-07 08:24:26','2023-04-07 08:24:26',NULL),(1940,7922,0,NULL,1940,2,40722,40893,13,12302,1,0,'2022-11-10','2022-11-10',900.00,1,1.00,'Factura C N°: 0002-00000751',NULL,NULL,'2023-04-07 08:24:26','2023-04-07 08:24:26',NULL),(1941,7922,0,NULL,1941,2,40722,40903,13,12302,1,0,'2022-11-16','2022-11-16',14400.00,1,1.00,'Factura C N°: 0002-00000752',NULL,NULL,'2023-04-07 08:24:26','2023-04-07 08:24:26',NULL),(1942,7922,0,NULL,1942,2,40722,40881,13,12302,1,0,'2022-11-16','2022-11-16',1600.00,1,1.00,'Factura C N°: 0002-00000753',NULL,NULL,'2023-04-07 08:24:26','2023-04-07 08:24:26',NULL),(1943,7922,0,NULL,1943,2,40722,40904,13,12302,1,0,'2022-11-16','2022-11-16',700.00,1,1.00,'Factura C N°: 0002-00000754',NULL,NULL,'2023-04-07 08:24:26','2023-04-07 08:24:26',NULL),(1944,7922,0,NULL,1944,2,40722,40893,13,12302,1,0,'2022-11-16','2022-11-16',6700.00,1,1.00,'Factura C N°: 0002-00000755',NULL,NULL,'2023-04-07 08:24:26','2023-04-07 08:24:26',NULL),(1945,7922,0,NULL,1945,2,40722,40874,13,12302,1,0,'2022-11-16','2022-11-16',800.00,1,1.00,'Factura C N°: 0002-00000756',NULL,NULL,'2023-04-07 08:24:26','2023-04-07 08:24:26',NULL),(1946,7922,0,NULL,1946,2,40722,40878,13,12302,1,0,'2022-11-16','2022-11-16',2100.00,1,1.00,'Factura C N°: 0002-00000757',NULL,NULL,'2023-04-07 08:24:26','2023-04-07 08:24:26',NULL),(1947,7922,0,NULL,1947,2,40722,40876,13,12302,1,0,'2022-11-16','2022-11-16',3930.00,1,1.00,'Factura C N°: 0002-00000758',NULL,NULL,'2023-04-07 08:24:26','2023-04-07 08:24:26',NULL),(1948,7922,0,NULL,1948,2,40722,40893,13,12302,1,0,'2022-11-19','2022-11-19',700.00,1,1.00,'Factura C N°: 0002-00000759',NULL,NULL,'2023-04-07 08:24:26','2023-04-07 08:24:26',NULL),(1949,7922,0,NULL,1949,2,40722,40874,13,12302,1,0,'2022-11-19','2022-11-19',900.00,1,1.00,'Factura C N°: 0002-00000760',NULL,NULL,'2023-04-07 08:24:26','2023-04-07 08:24:26',NULL),(1950,7922,0,NULL,1950,2,40722,40878,13,12302,1,0,'2022-11-23','2022-11-23',1500.00,1,1.00,'Factura C N°: 0002-00000761',NULL,NULL,'2023-04-07 08:24:26','2023-04-07 08:24:26',NULL),(1951,7922,0,NULL,1951,2,40722,40878,13,12302,1,0,'2022-11-23','2022-11-23',700.00,1,1.00,'Factura C N°: 0002-00000762',NULL,NULL,'2023-04-07 08:24:26','2023-04-07 08:24:26',NULL),(1952,7922,0,NULL,1952,2,40722,40881,13,12302,1,0,'2022-11-23','2022-11-23',700.00,1,1.00,'Factura C N°: 0002-00000763',NULL,NULL,'2023-04-07 08:24:26','2023-04-07 08:24:26',NULL),(1953,7922,0,NULL,1953,2,40722,40757,13,12302,1,0,'2022-11-23','2022-11-23',21000.00,1,1.00,'Factura C N°: 0002-00000764',NULL,NULL,'2023-04-07 08:24:26','2023-04-07 08:24:26',NULL),(1954,7922,0,NULL,1954,2,40722,40757,13,12302,1,0,'2022-11-23','2022-11-23',21500.00,1,1.00,'Factura C N°: 0002-00000765',NULL,NULL,'2023-04-07 08:24:27','2023-04-07 08:24:27',NULL),(1955,7922,0,NULL,1955,2,40722,40757,13,12302,1,0,'2022-11-23','2022-11-23',21500.00,1,1.00,'Factura C N°: 0002-00000766',NULL,NULL,'2023-04-07 08:24:27','2023-04-07 08:24:27',NULL),(1956,7922,0,NULL,1956,2,40722,40905,13,12302,1,0,'2022-11-23','2022-11-23',25500.00,1,1.00,'Factura C N°: 0002-00000767',NULL,NULL,'2023-04-07 08:24:27','2023-04-07 08:24:27',NULL),(1957,7922,0,NULL,1957,2,40722,40757,13,12302,1,0,'2022-11-23','2022-11-23',21500.00,1,1.00,'Factura C N°: 0002-00000768',NULL,NULL,'2023-04-07 08:24:27','2023-04-07 08:24:27',NULL),(1958,7922,0,NULL,1958,2,40722,40757,13,12302,1,0,'2022-11-23','2022-11-23',21500.00,1,1.00,'Factura C N°: 0002-00000769',NULL,NULL,'2023-04-07 08:24:27','2023-04-07 08:24:27',NULL),(1959,7922,0,NULL,1959,2,40722,40757,13,12302,1,0,'2022-11-23','2022-11-23',21500.00,1,1.00,'Factura C N°: 0002-00000770',NULL,NULL,'2023-04-07 08:24:27','2023-04-07 08:24:27',NULL),(1960,7922,0,NULL,1960,2,40722,40757,13,12302,1,0,'2022-11-23','2022-11-23',21500.00,1,1.00,'Factura C N°: 0002-00000771',NULL,NULL,'2023-04-07 08:24:27','2023-04-07 08:24:27',NULL);
INSERT INTO `cta_cte_cliente` VALUES (1961,7922,0,NULL,1961,2,40722,40887,13,12302,1,0,'2022-11-23','2022-11-23',10200.00,1,1.00,'Factura C N°: 0002-00000772',NULL,NULL,'2023-04-07 08:24:27','2023-04-07 08:24:27',NULL),(1962,7922,0,NULL,1962,2,40722,40874,13,12302,1,0,'2022-11-25','2022-11-25',5900.00,1,1.00,'Factura C N°: 0002-00000773',NULL,NULL,'2023-04-07 08:24:27','2023-04-07 08:24:27',NULL),(1963,7922,0,NULL,1963,2,40722,40884,13,12302,1,0,'2022-11-26','2022-11-26',1200.00,1,1.00,'Factura C N°: 0002-00000774',NULL,NULL,'2023-04-07 08:24:27','2023-04-07 08:24:27',NULL),(1964,7922,0,NULL,1964,2,40722,40883,13,12302,1,0,'2022-11-28','2022-11-28',1500.00,1,1.00,'Factura C N°: 0002-00000775',NULL,NULL,'2023-04-07 08:24:27','2023-04-07 08:24:27',NULL),(1965,7922,0,NULL,1965,2,40722,40725,13,12302,1,0,'2022-11-28','2022-11-28',35500.00,1,1.00,'Factura C N°: 0002-00000776',NULL,NULL,'2023-04-07 08:24:27','2023-04-07 08:24:27',NULL),(1966,7922,0,NULL,1966,2,40722,40725,13,12302,1,0,'2022-11-28','2022-11-28',25500.00,1,1.00,'Factura C N°: 0002-00000777',NULL,NULL,'2023-04-07 08:24:27','2023-04-07 08:24:27',NULL),(1967,7922,0,NULL,1967,2,40722,40893,13,12302,1,0,'2022-11-29','2022-11-29',17350.00,1,1.00,'Factura C N°: 0002-00000778',NULL,NULL,'2023-04-07 08:24:27','2023-04-07 08:24:27',NULL),(1968,7922,0,NULL,1968,2,40722,40871,13,12302,1,0,'2022-11-30','2022-11-30',15400.00,1,1.00,'Factura C N°: 0002-00000779',NULL,NULL,'2023-04-07 08:24:27','2023-04-07 08:24:27',NULL),(1969,7922,0,NULL,1969,2,40722,40757,13,12302,1,0,'2022-11-30','2022-11-30',21500.00,1,1.00,'Factura C N°: 0002-00000780',NULL,NULL,'2023-04-07 08:24:27','2023-04-07 08:24:27',NULL),(1970,7922,0,NULL,1970,2,40722,40757,13,12302,1,0,'2022-11-30','2022-11-30',19500.00,1,1.00,'Factura C N°: 0002-00000781',NULL,NULL,'2023-04-07 08:24:27','2023-04-07 08:24:27',NULL),(1971,7922,0,NULL,1971,2,40722,40757,13,12302,1,0,'2022-11-30','2022-11-30',20500.00,1,1.00,'Factura C N°: 0002-00000782',NULL,NULL,'2023-04-07 08:24:27','2023-04-07 08:24:27',NULL),(1972,7922,0,NULL,1972,2,40722,40893,13,12303,1,0,'2022-12-01','2022-12-01',3500.00,1,1.00,'Factura C N°: 0002-00000783',NULL,NULL,'2023-04-07 08:24:47','2023-04-07 08:24:47',NULL),(1973,7922,0,NULL,1973,2,40722,40878,13,12303,1,0,'2022-12-01','2022-12-01',800.00,1,1.00,'Factura C N°: 0002-00000784',NULL,NULL,'2023-04-07 08:24:47','2023-04-07 08:24:47',NULL),(1974,7922,0,NULL,1974,2,40722,40874,13,12303,1,0,'2022-12-02','2022-12-02',2800.00,1,1.00,'Factura C N°: 0002-00000785',NULL,NULL,'2023-04-07 08:24:47','2023-04-07 08:24:47',NULL),(1975,7922,0,NULL,1975,2,40722,40874,13,12303,1,0,'2022-12-06','2022-12-06',2500.00,1,1.00,'Factura C N°: 0002-00000786',NULL,NULL,'2023-04-07 08:24:47','2023-04-07 08:24:47',NULL),(1976,7922,0,NULL,1976,2,40722,40887,13,12303,1,0,'2022-12-06','2022-12-06',6000.00,1,1.00,'Factura C N°: 0002-00000787',NULL,NULL,'2023-04-07 08:24:47','2023-04-07 08:24:47',NULL),(1977,7922,0,NULL,1977,2,40722,40893,13,12303,1,0,'2022-12-08','2022-12-08',2900.00,1,1.00,'Factura C N°: 0002-00000788',NULL,NULL,'2023-04-07 08:24:48','2023-04-07 08:24:48',NULL),(1978,7922,0,NULL,1978,2,40722,40878,13,12303,1,0,'2022-12-08','2022-12-08',1500.00,1,1.00,'Factura C N°: 0002-00000789',NULL,NULL,'2023-04-07 08:24:48','2023-04-07 08:24:48',NULL),(1979,7922,0,NULL,1979,2,40722,40876,13,12303,1,0,'2022-12-08','2022-12-08',1700.00,1,1.00,'Factura C N°: 0002-00000790',NULL,NULL,'2023-04-07 08:24:48','2023-04-07 08:24:48',NULL),(1980,7922,0,NULL,1980,2,40722,40881,13,12303,1,0,'2022-12-08','2022-12-08',1400.00,1,1.00,'Factura C N°: 0002-00000791',NULL,NULL,'2023-04-07 08:24:48','2023-04-07 08:24:48',NULL),(1981,7922,0,NULL,1981,2,40722,40874,13,12303,1,0,'2022-12-08','2022-12-08',700.00,1,1.00,'Factura C N°: 0002-00000792',NULL,NULL,'2023-04-07 08:24:48','2023-04-07 08:24:48',NULL),(1982,7922,0,NULL,1982,2,40722,40906,13,12303,1,0,'2022-12-13','2022-12-13',4800.00,1,1.00,'Factura C N°: 0002-00000793',NULL,NULL,'2023-04-07 08:24:48','2023-04-07 08:24:48',NULL);
INSERT INTO `cta_cte_cliente` VALUES (1983,7922,0,NULL,1983,2,40722,40901,13,12303,1,0,'2022-12-14','2022-12-14',6000.00,1,1.00,'Factura C N°: 0002-00000794',NULL,NULL,'2023-04-07 08:24:48','2023-04-07 08:24:48',NULL),(1984,7922,0,NULL,1984,2,40722,40881,13,12303,1,0,'2022-12-14','2022-12-14',700.00,1,1.00,'Factura C N°: 0002-00000795',NULL,NULL,'2023-04-07 08:24:48','2023-04-07 08:24:48',NULL),(1985,7922,0,NULL,1985,2,40722,40893,13,12303,1,0,'2022-12-14','2022-12-14',4000.00,1,1.00,'Factura C N°: 0002-00000796',NULL,NULL,'2023-04-07 08:24:48','2023-04-07 08:24:48',NULL),(1986,7922,0,NULL,1986,2,40722,40904,13,12303,1,0,'2022-12-14','2022-12-14',1500.00,1,1.00,'Factura C N°: 0002-00000797',NULL,NULL,'2023-04-07 08:24:48','2023-04-07 08:24:48',NULL),(1987,7922,0,NULL,1987,2,40722,40907,13,12303,1,0,'2022-12-14','2022-12-14',700.00,1,1.00,'Factura C N°: 0002-00000798',NULL,NULL,'2023-04-07 08:24:48','2023-04-07 08:24:48',NULL),(1988,7922,0,NULL,1988,2,40722,40908,13,12303,1,0,'2022-12-14','2022-12-14',1800.00,1,1.00,'Factura C N°: 0002-00000799',NULL,NULL,'2023-04-07 08:24:48','2023-04-07 08:24:48',NULL),(1989,7922,0,NULL,1989,2,40722,40874,13,12303,1,0,'2022-12-17','2022-12-17',4600.00,1,1.00,'Factura C N°: 0002-00000800',NULL,NULL,'2023-04-07 08:24:48','2023-04-07 08:24:48',NULL),(1990,7922,0,NULL,1990,2,40722,40876,13,12303,1,0,'2022-12-21','2022-12-21',2000.00,1,1.00,'Factura C N°: 0002-00000801',NULL,NULL,'2023-04-07 08:24:48','2023-04-07 08:24:48',NULL),(1991,7922,0,NULL,1991,2,40722,40908,13,12303,1,0,'2022-12-21','2022-12-21',700.00,1,1.00,'Factura C N°: 0002-00000802',NULL,NULL,'2023-04-07 08:24:48','2023-04-07 08:24:48',NULL),(1992,7922,0,NULL,1992,2,40722,40871,13,12303,1,0,'2022-12-21','2022-12-21',14500.00,1,1.00,'Factura C N°: 0002-00000803',NULL,NULL,'2023-04-07 08:24:48','2023-04-07 08:24:48',NULL),(1993,7922,0,NULL,1993,2,40722,40757,13,12303,1,0,'2022-12-21','2022-12-21',7400.00,1,1.00,'Factura C N°: 0002-00000804',NULL,NULL,'2023-04-07 08:24:48','2023-04-07 08:24:48',NULL),(1994,7922,0,NULL,1994,2,40722,40909,13,12303,1,0,'2022-12-21','2022-12-21',19000.00,1,1.00,'Factura C N°: 0002-00000805',NULL,NULL,'2023-04-07 08:24:48','2023-04-07 08:24:48',NULL),(1995,7922,0,NULL,1995,2,40722,40910,13,12303,1,0,'2022-12-21','2022-12-21',4400.00,1,1.00,'Factura C N°: 0002-00000806',NULL,NULL,'2023-04-07 08:24:48','2023-04-07 08:24:48',NULL),(1996,7922,0,NULL,1996,2,40722,40911,13,12303,1,0,'2022-12-21','2022-12-21',3400.00,1,1.00,'Factura C N°: 0002-00000807',NULL,NULL,'2023-04-07 08:24:48','2023-04-07 08:24:48',NULL),(1997,7922,0,NULL,1997,2,40722,40757,13,12303,1,0,'2022-12-21','2022-12-21',15300.00,1,1.00,'Factura C N°: 0002-00000808',NULL,NULL,'2023-04-07 08:24:48','2023-04-07 08:24:48',NULL),(1998,7922,0,NULL,1998,2,40722,40757,13,12303,1,0,'2022-12-21','2022-12-21',13600.00,1,1.00,'Factura C N°: 0002-00000809',NULL,NULL,'2023-04-07 08:24:48','2023-04-07 08:24:48',NULL),(1999,7922,0,NULL,1999,2,40722,40757,13,12303,1,0,'2022-12-21','2022-12-21',5600.00,1,1.00,'Factura C N°: 0002-00000810',NULL,NULL,'2023-04-07 08:24:48','2023-04-07 08:24:48',NULL),(2000,7922,0,NULL,2000,2,40722,40757,13,12303,1,0,'2022-12-21','2022-12-21',18200.00,1,1.00,'Factura C N°: 0002-00000811',NULL,NULL,'2023-04-07 08:24:48','2023-04-07 08:24:48',NULL),(2001,7922,0,NULL,2001,2,40722,40757,13,12303,1,0,'2022-12-21','2022-12-21',20500.00,1,1.00,'Factura C N°: 0002-00000812',NULL,NULL,'2023-04-07 08:24:48','2023-04-07 08:24:48',NULL),(2002,7922,0,NULL,2002,2,40722,40757,13,12303,1,0,'2022-12-21','2022-12-21',20800.00,1,1.00,'Factura C N°: 0002-00000813',NULL,NULL,'2023-04-07 08:24:48','2023-04-07 08:24:48',NULL),(2003,7922,0,NULL,2003,2,40722,40757,13,12303,1,0,'2022-12-21','2022-12-21',18800.00,1,1.00,'Factura C N°: 0002-00000814',NULL,NULL,'2023-04-07 08:24:48','2023-04-07 08:24:48',NULL),(2004,7922,0,NULL,2004,2,40722,40757,13,12303,1,0,'2022-12-21','2022-12-21',20180.00,1,1.00,'Factura C N°: 0002-00000815',NULL,NULL,'2023-04-07 08:24:48','2023-04-07 08:24:48',NULL);
